57.141.20.20 - - [30/Apr/2026:00:27:52 +0200] "GET /items/Q981742230/ HTTP/1.1" 404 1251 "-" "meta-externalagent/1.1 (+https://developers.facebook.com/docs/sharing/webmasters/crawler)"
57.141.20.5 - - [30/Apr/2026:00:28:58 +0200] "GET /items/Q986467218/ HTTP/1.1" 404 1251 "-" "meta-externalagent/1.1 (+https://developers.facebook.com/docs/sharing/webmasters/crawler)"
57.141.20.57 - - [30/Apr/2026:00:31:12 +0200] "GET /items/Q987018921/ HTTP/1.1" 404 1251 "-" "meta-externalagent/1.1 (+https://developers.facebook.com/docs/sharing/webmasters/crawler)"
217.181.94.179 - - [30/Apr/2026:00:32:15 +0200] "GET /Mailer_0a3170fad6056c.php?pass=BDKR28&watchx=true HTTP/1.1" 404 1251 "https://banque-du-temps.fr/Mailer_0a3170fad6056c.php?pass=BDKR28&watchx=true" "Mozilla/5.0 (Windows NT 10.0; Win64; x64) AppleWebKit/537.36 (KHTML, like Gecko) Chrome/59.0.3071.115 Safari/537.36"
57.141.20.62 - - [30/Apr/2026:00:32:18 +0200] "GET /items/Q981628654/ HTTP/1.1" 404 1251 "-" "meta-externalagent/1.1 (+https://developers.facebook.com/docs/sharing/webmasters/crawler)"
57.141.20.57 - - [30/Apr/2026:00:35:38 +0200] "GET /items/Q983488144/ HTTP/1.1" 404 1251 "-" "meta-externalagent/1.1 (+https://developers.facebook.com/docs/sharing/webmasters/crawler)"
57.141.20.13 - - [30/Apr/2026:00:40:05 +0200] "GET /items/Q981736781/ HTTP/1.1" 404 1251 "-" "meta-externalagent/1.1 (+https://developers.facebook.com/docs/sharing/webmasters/crawler)"
217.181.79.167 - - [30/Apr/2026:00:07:14 +0200] "GET /Mailer_5c2c99561f3b74.php?pass=BDKR28&watchx=true HTTP/1.1" 404 1251 "https://banque-du-temps.fr/Mailer_5c2c99561f3b74.php?pass=BDKR28&watchx=true" "Mozilla/5.0 (Windows NT 10.0; Win64; x64) AppleWebKit/537.36 (KHTML, like Gecko) Chrome/59.0.3071.115 Safari/537.36"
57.141.20.26 - - [30/Apr/2026:00:13:26 +0200] "GET /items/Q984041806/ HTTP/1.1" 404 1251 "-" "meta-externalagent/1.1 (+https://developers.facebook.com/docs/sharing/webmasters/crawler)"
57.141.20.64 - - [30/Apr/2026:00:20:05 +0200] "GET /items/Q982502261/ HTTP/1.1" 404 1251 "-" "meta-externalagent/1.1 (+https://developers.facebook.com/docs/sharing/webmasters/crawler)"
57.141.20.53 - - [30/Apr/2026:00:21:12 +0200] "GET /items/Q986551946/ HTTP/1.1" 404 1251 "-" "meta-externalagent/1.1 (+https://developers.facebook.com/docs/sharing/webmasters/crawler)"
217.181.69.123 - - [30/Apr/2026:00:21:56 +0200] "GET /Mailer_06bdc12ede3ae0.php?pass=BDKR28&watchx=true HTTP/1.1" 404 1251 "https://banque-du-temps.fr/Mailer_06bdc12ede3ae0.php?pass=BDKR28&watchx=true" "Mozilla/5.0 (Windows NT 10.0; Win64; x64) AppleWebKit/537.36 (KHTML, like Gecko) Chrome/59.0.3071.115 Safari/537.36"
57.141.20.42 - - [30/Apr/2026:00:34:32 +0200] "GET /items/Q984630706/ HTTP/1.1" 404 1251 "-" "meta-externalagent/1.1 (+https://developers.facebook.com/docs/sharing/webmasters/crawler)"
57.141.20.38 - - [30/Apr/2026:00:37:52 +0200] "GET /items/Q985920163/ HTTP/1.1" 404 1251 "-" "meta-externalagent/1.1 (+https://developers.facebook.com/docs/sharing/webmasters/crawler)"
38.95.111.140 - - [30/Apr/2026:00:44:38 +0200] "GET /_autoindex/assets/js/tablesort.js HTTP/1.1" 200 7706 "http://banque-du-temps.fr/" "Mozilla/5.0 (Windows NT 10.0; Win64; x64) AppleWebKit/537.36 (KHTML, like Gecko) Chrome/126.0.0.0 Safari/537.36 OPR/112.0.0.0"
38.95.111.140 - - [30/Apr/2026:00:44:38 +0200] "GET /_autoindex/assets/js/tablesort.number.js HTTP/1.1" 200 682 "http://banque-du-temps.fr/" "Mozilla/5.0 (Windows NT 10.0; Win64; x64) AppleWebKit/537.36 (KHTML, like Gecko) Chrome/126.0.0.0 Safari/537.36 OPR/112.0.0.0"
57.141.20.56 - - [30/Apr/2026:00:45:39 +0200] "GET /items/Q984306365/ HTTP/1.1" 404 1251 "-" "meta-externalagent/1.1 (+https://developers.facebook.com/docs/sharing/webmasters/crawler)"
57.141.20.32 - - [30/Apr/2026:00:47:53 +0200] "GET /items/Q985923607/ HTTP/1.1" 404 1251 "-" "meta-externalagent/1.1 (+https://developers.facebook.com/docs/sharing/webmasters/crawler)"
57.141.20.0 - - [30/Apr/2026:00:51:11 +0200] "GET /items/Q985042789/ HTTP/1.1" 404 1251 "-" "meta-externalagent/1.1 (+https://developers.facebook.com/docs/sharing/webmasters/crawler)"
57.141.20.43 - - [30/Apr/2026:00:43:25 +0200] "GET /items/Q987562373/ HTTP/1.1" 404 1251 "-" "meta-externalagent/1.1 (+https://developers.facebook.com/docs/sharing/webmasters/crawler)"
84.233.195.44 - - [30/Apr/2026:00:43:56 +0200] "GET /favicon.ico HTTP/1.1" 404 1251 "https://banque-du-temps.fr/" "Mozilla/5.0 (Windows NT 10.0; Win64; x64) AppleWebKit/537.36 (KHTML, like Gecko) Chrome/147.0.0.0 Safari/537.36 Edg/147.0.0.0"
38.95.111.140 - - [30/Apr/2026:00:44:37 +0200] "GET / HTTP/1.1" 200 1145 "-" "Mozilla/5.0 (Windows NT 10.0; Win64; x64) AppleWebKit/537.36 (KHTML, like Gecko) Chrome/126.0.0.0 Safari/537.36 OPR/112.0.0.0"
57.141.20.35 - - [30/Apr/2026:00:46:46 +0200] "GET /items/Q986340844/ HTTP/1.1" 404 1251 "-" "meta-externalagent/1.1 (+https://developers.facebook.com/docs/sharing/webmasters/crawler)"
57.141.20.32 - - [30/Apr/2026:00:48:58 +0200] "GET /items/Q982601265/ HTTP/1.1" 404 1251 "-" "meta-externalagent/1.1 (+https://developers.facebook.com/docs/sharing/webmasters/crawler)"
57.141.20.33 - - [30/Apr/2026:00:50:05 +0200] "GET /items/Q982948621/ HTTP/1.1" 404 1251 "-" "meta-externalagent/1.1 (+https://developers.facebook.com/docs/sharing/webmasters/crawler)"
60.93.253.234 - - [30/Apr/2026:00:50:53 +0200] "POST /Mailer_737b88c3ad9b21.php?pass=BDKR28 HTTP/1.1" 404 1251 "-" "-"
84.233.195.44 - - [30/Apr/2026:00:43:55 +0200] "GET / HTTP/1.1" 200 1146 "-" "Mozilla/5.0 (Windows NT 10.0; Win64; x64) AppleWebKit/537.36 (KHTML, like Gecko) Chrome/147.0.0.0 Safari/537.36 Edg/147.0.0.0"
84.233.195.44 - - [30/Apr/2026:00:43:56 +0200] "GET /_autoindex/assets/css/autoindex.css HTTP/1.1" 200 3562 "https://banque-du-temps.fr/" "Mozilla/5.0 (Windows NT 10.0; Win64; x64) AppleWebKit/537.36 (KHTML, like Gecko) Chrome/147.0.0.0 Safari/537.36 Edg/147.0.0.0"
84.233.195.44 - - [30/Apr/2026:00:43:56 +0200] "GET /_autoindex/assets/js/tablesort.js HTTP/1.1" 200 7706 "https://banque-du-temps.fr/" "Mozilla/5.0 (Windows NT 10.0; Win64; x64) AppleWebKit/537.36 (KHTML, like Gecko) Chrome/147.0.0.0 Safari/537.36 Edg/147.0.0.0"
84.233.195.44 - - [30/Apr/2026:00:43:56 +0200] "GET /_autoindex/assets/js/tablesort.number.js HTTP/1.1" 200 682 "https://banque-du-temps.fr/" "Mozilla/5.0 (Windows NT 10.0; Win64; x64) AppleWebKit/537.36 (KHTML, like Gecko) Chrome/147.0.0.0 Safari/537.36 Edg/147.0.0.0"
38.95.111.140 - - [30/Apr/2026:00:44:13 +0200] "GET /Wp-data.php HTTP/1.1" 404 1251 "-" "Mozilla/5.0 (Windows NT 10.0; Win64; x64) AppleWebKit/537.36 (KHTML, like Gecko) Chrome/126.0.0.0 Safari/537.36 OPR/112.0.0.0"
57.141.20.14 - - [30/Apr/2026:00:44:32 +0200] "GET /items/Q983423769/ HTTP/1.1" 404 1251 "-" "meta-externalagent/1.1 (+https://developers.facebook.com/docs/sharing/webmasters/crawler)"
38.95.111.140 - - [30/Apr/2026:00:44:34 +0200] "GET /Wp-data.php HTTP/1.1" 404 1251 "-" "Mozilla/5.0 (Windows NT 10.0; Win64; x64) AppleWebKit/537.36 (KHTML, like Gecko) Chrome/126.0.0.0 Safari/537.36 OPR/112.0.0.0"
38.95.111.140 - - [30/Apr/2026:00:44:38 +0200] "GET /_autoindex/assets/css/autoindex.css HTTP/1.1" 200 3562 "http://banque-du-temps.fr/" "Mozilla/5.0 (Windows NT 10.0; Win64; x64) AppleWebKit/537.36 (KHTML, like Gecko) Chrome/126.0.0.0 Safari/537.36 OPR/112.0.0.0"
57.141.20.51 - - [30/Apr/2026:00:52:18 +0200] "GET /items/Q986595952/ HTTP/1.1" 404 1251 "-" "meta-externalagent/1.1 (+https://developers.facebook.com/docs/sharing/webmasters/crawler)"
189.203.34.94 - - [30/Apr/2026:00:56:59 +0200] "POST /Mailer_d03ff56cd9fc33.php?pass=BDKR28 HTTP/1.1" 404 1251 "-" "-"
57.141.20.28 - - [30/Apr/2026:00:57:52 +0200] "GET /items/Q985076982/ HTTP/1.1" 404 1251 "-" "meta-externalagent/1.1 (+https://developers.facebook.com/docs/sharing/webmasters/crawler)"
57.141.20.41 - - [30/Apr/2026:01:02:18 +0200] "GET /items/Q983591211/ HTTP/1.1" 404 1251 "-" "meta-externalagent/1.1 (+https://developers.facebook.com/docs/sharing/webmasters/crawler)"
57.141.20.69 - - [30/Apr/2026:01:03:24 +0200] "GET /items/Q985107043/ HTTP/1.1" 404 1251 "-" "meta-externalagent/1.1 (+https://developers.facebook.com/docs/sharing/webmasters/crawler)"
57.141.20.7 - - [30/Apr/2026:01:06:44 +0200] "GET /items/Q987126443/ HTTP/1.1" 404 1251 "-" "meta-externalagent/1.1 (+https://developers.facebook.com/docs/sharing/webmasters/crawler)"
51.21.253.144 - - [30/Apr/2026:01:06:50 +0200] "GET /shell4.php HTTP/1.1" 404 1251 "https://www.google.com" "Mozilla/5.0 (Windows NT 10.0; WOW64; rv:52.0) Gecko/20100101 Firefox/52.0"
51.21.253.144 - - [30/Apr/2026:01:06:50 +0200] "GET /ups.php HTTP/1.1" 404 1251 "https://www.google.com" "Mozilla/5.0 (Windows NT 10.0; WOW64; rv:52.0) Gecko/20100101 Firefox/52.0"
51.21.253.144 - - [30/Apr/2026:01:06:50 +0200] "GET /ru.php HTTP/1.1" 404 1251 "https://www.google.com" "Mozilla/5.0 (Windows NT 10.0; WOW64; rv:52.0) Gecko/20100101 Firefox/52.0"
51.21.253.144 - - [30/Apr/2026:01:06:50 +0200] "GET /if.php HTTP/1.1" 404 1251 "https://www.google.com" "Mozilla/5.0 (Windows NT 10.0; WOW64; rv:52.0) Gecko/20100101 Firefox/52.0"
51.21.253.144 - - [30/Apr/2026:01:06:50 +0200] "GET /skipper.php HTTP/1.1" 404 1251 "https://www.google.com" "Mozilla/5.0 (Windows NT 10.0; WOW64; rv:52.0) Gecko/20100101 Firefox/52.0"
51.21.253.144 - - [30/Apr/2026:01:06:51 +0200] "GET /tttt.php HTTP/1.1" 404 1251 "https://www.google.com" "Mozilla/5.0 (Windows NT 10.0; WOW64; rv:52.0) Gecko/20100101 Firefox/52.0"
51.21.253.144 - - [30/Apr/2026:01:06:51 +0200] "GET /inje3ctor.php HTTP/1.1" 404 1251 "https://www.google.com" "Mozilla/5.0 (Windows NT 10.0; WOW64; rv:52.0) Gecko/20100101 Firefox/52.0"
51.21.253.144 - - [30/Apr/2026:01:06:52 +0200] "GET /wso.php HTTP/1.1" 404 1251 "https://www.google.com" "Mozilla/5.0 (Windows NT 10.0; WOW64; rv:52.0) Gecko/20100101 Firefox/52.0"
51.21.253.144 - - [30/Apr/2026:01:06:52 +0200] "GET /my_alfa.php HTTP/1.1" 404 1251 "https://www.google.com" "Mozilla/5.0 (Windows NT 10.0; WOW64; rv:52.0) Gecko/20100101 Firefox/52.0"
51.21.253.144 - - [30/Apr/2026:01:06:52 +0200] "GET /uploader.php HTTP/1.1" 404 1251 "https://www.google.com" "Mozilla/5.0 (Windows NT 10.0; WOW64; rv:52.0) Gecko/20100101 Firefox/52.0"
51.21.253.144 - - [30/Apr/2026:01:06:52 +0200] "GET /up.php HTTP/1.1" 404 1251 "https://www.google.com" "Mozilla/5.0 (Windows NT 10.0; WOW64; rv:52.0) Gecko/20100101 Firefox/52.0"
51.21.253.144 - - [30/Apr/2026:01:06:53 +0200] "GET /Navir.php HTTP/1.1" 404 1251 "https://www.google.com" "Mozilla/5.0 (Windows NT 10.0; WOW64; rv:52.0) Gecko/20100101 Firefox/52.0"
51.21.253.144 - - [30/Apr/2026:01:06:54 +0200] "GET /doc.php HTTP/1.1" 404 1251 "https://www.google.com" "Mozilla/5.0 (Windows NT 10.0; WOW64; rv:52.0) Gecko/20100101 Firefox/52.0"
51.21.253.144 - - [30/Apr/2026:01:06:54 +0200] "GET /ws.php HTTP/1.1" 404 1251 "https://www.google.com" "Mozilla/5.0 (Windows NT 10.0; WOW64; rv:52.0) Gecko/20100101 Firefox/52.0"
51.21.253.144 - - [30/Apr/2026:01:06:54 +0200] "GET /edit-form.php HTTP/1.1" 404 1251 "https://www.google.com" "Mozilla/5.0 (Windows NT 10.0; WOW64; rv:52.0) Gecko/20100101 Firefox/52.0"
51.21.253.144 - - [30/Apr/2026:01:06:54 +0200] "GET /leafmailer.php HTTP/1.1" 404 1251 "https://www.google.com" "Mozilla/5.0 (Windows NT 10.0; WOW64; rv:52.0) Gecko/20100101 Firefox/52.0"
51.21.253.144 - - [30/Apr/2026:01:06:55 +0200] "GET /mailer.php HTTP/1.1" 404 1251 "https://www.google.com" "Mozilla/5.0 (Windows NT 10.0; WOW64; rv:52.0) Gecko/20100101 Firefox/52.0"
102.66.181.193 - - [30/Apr/2026:00:54:08 +0200] "POST /Mailer_5c2c99561f3b74.php?pass=BDKR28 HTTP/1.1" 404 1251 "-" "-"
57.141.20.49 - - [30/Apr/2026:00:54:31 +0200] "GET /items/Q981491875/ HTTP/1.1" 404 1251 "-" "meta-externalagent/1.1 (+https://developers.facebook.com/docs/sharing/webmasters/crawler)"
57.141.20.20 - - [30/Apr/2026:00:58:59 +0200] "GET /items/Q986993823/ HTTP/1.1" 404 1251 "-" "meta-externalagent/1.1 (+https://developers.facebook.com/docs/sharing/webmasters/crawler)"
57.141.20.16 - - [30/Apr/2026:01:01:11 +0200] "GET /items/Q983280027/ HTTP/1.1" 404 1251 "-" "meta-externalagent/1.1 (+https://developers.facebook.com/docs/sharing/webmasters/crawler)"
38.25.25.202 - - [30/Apr/2026:01:05:03 +0200] "POST /Mailer_c17d291cfd5338.php?pass=BDKR28 HTTP/1.1" 404 1251 "-" "-"
57.141.20.53 - - [30/Apr/2026:01:05:38 +0200] "GET /items/Q982205907/ HTTP/1.1" 404 1251 "-" "meta-externalagent/1.1 (+https://developers.facebook.com/docs/sharing/webmasters/crawler)"
43.161.217.205 - - [30/Apr/2026:01:06:38 +0200] "GET / HTTP/1.1" 200 1145 "-" "Mozilla/5.0 (iPhone; CPU iPhone OS 13_2_3 like Mac OS X) AppleWebKit/605.1.15 (KHTML, like Gecko) Version/13.0.3 Mobile/15E148 Safari/604.1"
51.21.253.144 - - [30/Apr/2026:01:06:51 +0200] "GET /skippershell.php HTTP/1.1" 404 1251 "https://www.google.com" "Mozilla/5.0 (Windows NT 10.0; WOW64; rv:52.0) Gecko/20100101 Firefox/52.0"
51.21.253.144 - - [30/Apr/2026:01:06:51 +0200] "GET /alfa.php HTTP/1.1" 404 1251 "https://www.google.com" "Mozilla/5.0 (Windows NT 10.0; WOW64; rv:52.0) Gecko/20100101 Firefox/52.0"
51.21.253.144 - - [30/Apr/2026:01:06:51 +0200] "GET /saudi.php HTTP/1.1" 404 1251 "https://www.google.com" "Mozilla/5.0 (Windows NT 10.0; WOW64; rv:52.0) Gecko/20100101 Firefox/52.0"
51.21.253.144 - - [30/Apr/2026:01:06:52 +0200] "GET /hacked.php HTTP/1.1" 404 1251 "https://www.google.com" "Mozilla/5.0 (Windows NT 10.0; WOW64; rv:52.0) Gecko/20100101 Firefox/52.0"
51.21.253.144 - - [30/Apr/2026:01:06:52 +0200] "GET /priv8.php HTTP/1.1" 404 1251 "https://www.google.com" "Mozilla/5.0 (Windows NT 10.0; WOW64; rv:52.0) Gecko/20100101 Firefox/52.0"
51.21.253.144 - - [30/Apr/2026:01:06:53 +0200] "GET /cmd13.php HTTP/1.1" 404 1251 "https://www.google.com" "Mozilla/5.0 (Windows NT 10.0; WOW64; rv:52.0) Gecko/20100101 Firefox/52.0"
51.21.253.144 - - [30/Apr/2026:01:06:53 +0200] "GET /1index.php HTTP/1.1" 404 1251 "https://www.google.com" "Mozilla/5.0 (Windows NT 10.0; WOW64; rv:52.0) Gecko/20100101 Firefox/52.0"
51.21.253.144 - - [30/Apr/2026:01:06:53 +0200] "GET /swm.php HTTP/1.1" 404 1251 "https://www.google.com" "Mozilla/5.0 (Windows NT 10.0; WOW64; rv:52.0) Gecko/20100101 Firefox/52.0"
51.21.253.144 - - [30/Apr/2026:01:06:55 +0200] "GET /Leaf.php HTTP/1.1" 404 1251 "https://www.google.com" "Mozilla/5.0 (Windows NT 10.0; WOW64; rv:52.0) Gecko/20100101 Firefox/52.0"
51.21.253.144 - - [30/Apr/2026:01:06:55 +0200] "GET /leaf.php HTTP/1.1" 404 1251 "https://www.google.com" "Mozilla/5.0 (Windows NT 10.0; WOW64; rv:52.0) Gecko/20100101 Firefox/52.0"
51.21.253.144 - - [30/Apr/2026:01:06:55 +0200] "GET /srx.php HTTP/1.1" 404 1251 "https://www.google.com" "Mozilla/5.0 (Windows NT 10.0; WOW64; rv:52.0) Gecko/20100101 Firefox/52.0"
51.21.253.144 - - [30/Apr/2026:01:06:56 +0200] "GET /alex.php HTTP/1.1" 404 1251 "https://www.google.com" "Mozilla/5.0 (Windows NT 10.0; WOW64; rv:52.0) Gecko/20100101 Firefox/52.0"
51.21.253.144 - - [30/Apr/2026:01:06:56 +0200] "GET /marijuana.php HTTP/1.1" 404 1251 "https://www.google.com" "Mozilla/5.0 (Windows NT 10.0; WOW64; rv:52.0) Gecko/20100101 Firefox/52.0"
51.21.253.144 - - [30/Apr/2026:01:06:56 +0200] "GET /gaza.php HTTP/1.1" 404 1251 "https://www.google.com" "Mozilla/5.0 (Windows NT 10.0; WOW64; rv:52.0) Gecko/20100101 Firefox/52.0"
51.21.253.144 - - [30/Apr/2026:01:06:57 +0200] "GET /3index.php HTTP/1.1" 404 1251 "https://www.google.com" "Mozilla/5.0 (Windows NT 10.0; WOW64; rv:52.0) Gecko/20100101 Firefox/52.0"
57.141.20.39 - - [30/Apr/2026:00:55:38 +0200] "GET /items/Q982296672/ HTTP/1.1" 404 1251 "-" "meta-externalagent/1.1 (+https://developers.facebook.com/docs/sharing/webmasters/crawler)"
57.141.20.51 - - [30/Apr/2026:00:56:45 +0200] "GET /items/Q982480816/ HTTP/1.1" 404 1251 "-" "meta-externalagent/1.1 (+https://developers.facebook.com/docs/sharing/webmasters/crawler)"
57.141.20.9 - - [30/Apr/2026:01:00:05 +0200] "GET /items/Q985200891/ HTTP/1.1" 404 1251 "-" "meta-externalagent/1.1 (+https://developers.facebook.com/docs/sharing/webmasters/crawler)"
85.49.1.82 - - [30/Apr/2026:01:01:47 +0200] "POST /Mailer_8a70b4bc6b5038.php?pass=BDKR28 HTTP/1.1" 404 1251 "-" "-"
57.141.20.67 - - [30/Apr/2026:01:04:31 +0200] "GET /items/Q982919893/ HTTP/1.1" 404 1251 "-" "meta-externalagent/1.1 (+https://developers.facebook.com/docs/sharing/webmasters/crawler)"
51.21.253.144 - - [30/Apr/2026:01:06:50 +0200] "GET /vuln.php HTTP/1.1" 404 1251 "https://www.google.com" "Mozilla/5.0 (Windows NT 10.0; WOW64; rv:52.0) Gecko/20100101 Firefox/52.0"
51.21.253.144 - - [30/Apr/2026:01:06:51 +0200] "GET /tshop.php HTTP/1.1" 404 1251 "https://www.google.com" "Mozilla/5.0 (Windows NT 10.0; WOW64; rv:52.0) Gecko/20100101 Firefox/52.0"
51.21.253.144 - - [30/Apr/2026:01:06:52 +0200] "GET /alfashell.php HTTP/1.1" 404 1251 "https://www.google.com" "Mozilla/5.0 (Windows NT 10.0; WOW64; rv:52.0) Gecko/20100101 Firefox/52.0"
51.21.253.144 - - [30/Apr/2026:01:06:52 +0200] "GET /c99.php HTTP/1.1" 404 1251 "https://www.google.com" "Mozilla/5.0 (Windows NT 10.0; WOW64; rv:52.0) Gecko/20100101 Firefox/52.0"
51.21.253.144 - - [30/Apr/2026:01:06:53 +0200] "GET /inc20k1.php HTTP/1.1" 404 1251 "https://www.google.com" "Mozilla/5.0 (Windows NT 10.0; WOW64; rv:52.0) Gecko/20100101 Firefox/52.0"
51.21.253.144 - - [30/Apr/2026:01:06:53 +0200] "GET /404.php HTTP/1.1" 404 1251 "https://www.google.com" "Mozilla/5.0 (Windows NT 10.0; WOW64; rv:52.0) Gecko/20100101 Firefox/52.0"
51.21.253.144 - - [30/Apr/2026:01:06:54 +0200] "GET /shx.php HTTP/1.1" 404 1251 "https://www.google.com" "Mozilla/5.0 (Windows NT 10.0; WOW64; rv:52.0) Gecko/20100101 Firefox/52.0"
51.21.253.144 - - [30/Apr/2026:01:06:54 +0200] "GET /m.php HTTP/1.1" 404 1251 "https://www.google.com" "Mozilla/5.0 (Windows NT 10.0; WOW64; rv:52.0) Gecko/20100101 Firefox/52.0"
51.21.253.144 - - [30/Apr/2026:01:06:54 +0200] "GET /LEAF.php HTTP/1.1" 404 1251 "https://www.google.com" "Mozilla/5.0 (Windows NT 10.0; WOW64; rv:52.0) Gecko/20100101 Firefox/52.0"
51.21.253.144 - - [30/Apr/2026:01:06:55 +0200] "GET /x.php HTTP/1.1" 404 1251 "https://www.google.com" "Mozilla/5.0 (Windows NT 10.0; WOW64; rv:52.0) Gecko/20100101 Firefox/52.0"
51.21.253.144 - - [30/Apr/2026:01:06:55 +0200] "GET /1337.php HTTP/1.1" 404 1251 "https://www.google.com" "Mozilla/5.0 (Windows NT 10.0; WOW64; rv:52.0) Gecko/20100101 Firefox/52.0"
51.21.253.144 - - [30/Apr/2026:01:06:56 +0200] "GET /xx.php HTTP/1.1" 404 1251 "https://www.google.com" "Mozilla/5.0 (Windows NT 10.0; WOW64; rv:52.0) Gecko/20100101 Firefox/52.0"
51.21.253.144 - - [30/Apr/2026:01:06:56 +0200] "GET /XxX.php HTTP/1.1" 404 1251 "https://www.google.com" "Mozilla/5.0 (Windows NT 10.0; WOW64; rv:52.0) Gecko/20100101 Firefox/52.0"
51.21.253.144 - - [30/Apr/2026:01:06:56 +0200] "GET /lf.php HTTP/1.1" 404 1251 "https://www.google.com" "Mozilla/5.0 (Windows NT 10.0; WOW64; rv:52.0) Gecko/20100101 Firefox/52.0"
51.21.253.144 - - [30/Apr/2026:01:06:57 +0200] "GET /wikindex.php HTTP/1.1" 404 1251 "https://www.google.com" "Mozilla/5.0 (Windows NT 10.0; WOW64; rv:52.0) Gecko/20100101 Firefox/52.0"
51.21.253.144 - - [30/Apr/2026:01:06:57 +0200] "GET /bb.php HTTP/1.1" 404 1251 "https://www.google.com" "Mozilla/5.0 (Windows NT 10.0; WOW64; rv:52.0) Gecko/20100101 Firefox/52.0"
40.77.167.53 - - [30/Apr/2026:01:08:33 +0200] "GET / HTTP/1.1" 200 1146 "-" "Mozilla/5.0 AppleWebKit/537.36 (KHTML, like Gecko; compatible; bingbot/2.0; +http://www.bing.com/bingbot.htm) Chrome/116.0.1938.76 Safari/537.36"
51.21.253.144 - - [30/Apr/2026:01:06:55 +0200] "GET /leafmailer2.8.php HTTP/1.1" 404 1251 "https://www.google.com" "Mozilla/5.0 (Windows NT 10.0; WOW64; rv:52.0) Gecko/20100101 Firefox/52.0"
51.21.253.144 - - [30/Apr/2026:01:06:56 +0200] "GET /new.php HTTP/1.1" 404 1251 "https://www.google.com" "Mozilla/5.0 (Windows NT 10.0; WOW64; rv:52.0) Gecko/20100101 Firefox/52.0"
51.21.253.144 - - [30/Apr/2026:01:06:57 +0200] "GET /wso1.php HTTP/1.1" 404 1251 "https://www.google.com" "Mozilla/5.0 (Windows NT 10.0; WOW64; rv:52.0) Gecko/20100101 Firefox/52.0"
57.141.20.39 - - [30/Apr/2026:01:07:52 +0200] "GET /items/Q983060848/ HTTP/1.1" 404 1251 "-" "meta-externalagent/1.1 (+https://developers.facebook.com/docs/sharing/webmasters/crawler)"
95.15.207.202 - - [30/Apr/2026:01:08:26 +0200] "POST /Mailer_06bdc12ede3ae0.php?pass=BDKR28 HTTP/1.1" 404 1251 "-" "-"
40.77.177.91 - - [30/Apr/2026:01:08:34 +0200] "GET /_autoindex/assets/css/autoindex.css HTTP/1.1" 200 3562 "https://banque-du-temps.fr/" "Mozilla/5.0 AppleWebKit/537.36 (KHTML, like Gecko; compatible; bingbot/2.0; +http://www.bing.com/bingbot.htm) Chrome/136.0.0.0 Safari/537.36"
40.77.177.91 - - [30/Apr/2026:01:08:34 +0200] "GET /_autoindex/assets/js/tablesort.number.js HTTP/1.1" 200 682 "https://banque-du-temps.fr/" "Mozilla/5.0 AppleWebKit/537.36 (KHTML, like Gecko; compatible; bingbot/2.0; +http://www.bing.com/bingbot.htm) Chrome/136.0.0.0 Safari/537.36"
40.77.177.91 - - [30/Apr/2026:01:08:34 +0200] "GET /_autoindex/assets/js/tablesort.js HTTP/1.1" 200 7706 "https://banque-du-temps.fr/" "Mozilla/5.0 AppleWebKit/537.36 (KHTML, like Gecko; compatible; bingbot/2.0; +http://www.bing.com/bingbot.htm) Chrome/136.0.0.0 Safari/537.36"
57.141.20.69 - - [30/Apr/2026:01:08:58 +0200] "GET /items/Q983750971/ HTTP/1.1" 404 1251 "-" "meta-externalagent/1.1 (+https://developers.facebook.com/docs/sharing/webmasters/crawler)"
51.21.253.144 - - [30/Apr/2026:01:06:57 +0200] "GET /Lux.php HTTP/1.1" 404 1251 "https://www.google.com" "Mozilla/5.0 (Windows NT 10.0; WOW64; rv:52.0) Gecko/20100101 Firefox/52.0"
51.21.253.144 - - [30/Apr/2026:01:06:57 +0200] "GET /haxor.php HTTP/1.1" 404 1251 "https://www.google.com" "Mozilla/5.0 (Windows NT 10.0; WOW64; rv:52.0) Gecko/20100101 Firefox/52.0"
57.141.20.41 - - [30/Apr/2026:01:10:05 +0200] "GET /items/Q983824286/ HTTP/1.1" 404 1251 "-" "meta-externalagent/1.1 (+https://developers.facebook.com/docs/sharing/webmasters/crawler)"
57.141.20.31 - - [30/Apr/2026:01:12:18 +0200] "GET /items/Q982929387/ HTTP/1.1" 404 1251 "-" "meta-externalagent/1.1 (+https://developers.facebook.com/docs/sharing/webmasters/crawler)"
104.28.165.220 - - [30/Apr/2026:01:13:03 +0200] "GET /8a70b4bc6b5038.php HTTP/1.1" 404 1251 "-" "Mozilla/5.0 (Windows NT 10.0; Win64; x64) AppleWebKit/537.36 (KHTML, like Gecko) Chrome/90.0.4430.85 Safari/537.36"
203.83.39.10 - - [30/Apr/2026:01:13:23 +0200] "GET /737b88c3ad9b21.php HTTP/1.1" 404 1251 "-" "Mozilla/5.0 (Windows NT 10.0; Win64; x64) AppleWebKit/537.36 (KHTML, like Gecko) Chrome/147.0.0.0 Safari/537.36"
57.141.20.68 - - [30/Apr/2026:01:14:33 +0200] "GET /items/Q983801062/ HTTP/1.1" 404 1251 "-" "meta-externalagent/1.1 (+https://developers.facebook.com/docs/sharing/webmasters/crawler)"
104.28.165.220 - - [30/Apr/2026:01:15:36 +0200] "GET /737b88c3ad9b21.php HTTP/1.1" 404 1251 "-" "Mozilla/5.0 (Windows NT 10.0; Win64; x64) AppleWebKit/537.36 (KHTML, like Gecko) Chrome/90.0.4430.85 Safari/537.36"
57.141.20.70 - - [30/Apr/2026:01:15:38 +0200] "GET /items/Q985741842/ HTTP/1.1" 404 1251 "-" "meta-externalagent/1.1 (+https://developers.facebook.com/docs/sharing/webmasters/crawler)"
57.141.20.16 - - [30/Apr/2026:01:18:58 +0200] "GET /items/Q981279023/ HTTP/1.1" 404 1251 "-" "meta-externalagent/1.1 (+https://developers.facebook.com/docs/sharing/webmasters/crawler)"
120.33.115.195 - - [30/Apr/2026:01:19:13 +0200] "POST /Mailer_0a3170fad6056c.php?pass=BDKR28 HTTP/1.1" 404 1251 "-" "-"
104.28.165.220 - - [30/Apr/2026:01:20:38 +0200] "GET /737b88c3ad9b21.php HTTP/1.1" 404 1251 "-" "Mozilla/5.0 (Windows NT 10.0; Win64; x64) AppleWebKit/537.36 (KHTML, like Gecko) Chrome/90.0.4430.85 Safari/537.36"
37.27.51.140 - - [30/Apr/2026:01:21:09 +0200] "GET /robots.txt HTTP/1.1" 404 1251 "-" "Mozilla/5.0 (compatible; SERankingBacklinksBot/1.0; +https://seranking.com/backlinks-crawler)"
104.28.165.220 - - [30/Apr/2026:01:21:33 +0200] "GET /d03ff56cd9fc33.php HTTP/1.1" 404 1251 "-" "Mozilla/5.0 (Windows NT 10.0; Win64; x64) AppleWebKit/537.36 (KHTML, like Gecko) Chrome/90.0.4430.85 Safari/537.36"
104.28.165.220 - - [30/Apr/2026:01:21:56 +0200] "GET /3bc323aca11a35.php HTTP/1.1" 404 1251 "-" "Mozilla/5.0 (Windows NT 10.0; Win64; x64) AppleWebKit/537.36 (KHTML, like Gecko) Chrome/112.0.0.0 Safari/537.36"
57.141.20.10 - - [30/Apr/2026:01:23:25 +0200] "GET /items/Q984815360/ HTTP/1.1" 404 1251 "-" "meta-externalagent/1.1 (+https://developers.facebook.com/docs/sharing/webmasters/crawler)"
104.28.165.220 - - [30/Apr/2026:01:23:39 +0200] "GET /8a70b4bc6b5038.php HTTP/1.1" 404 1251 "-" "Mozilla/5.0 (Windows NT 10.0; Win64; x64) AppleWebKit/537.36 (KHTML, like Gecko) Chrome/112.0.0.0 Safari/537.36"
104.28.165.220 - - [30/Apr/2026:01:24:04 +0200] "GET /3bc323aca11a35.php HTTP/1.1" 404 1251 "-" "Mozilla/5.0 (Windows NT 10.0; Win64; x64) AppleWebKit/537.36 (KHTML, like Gecko) Chrome/90.0.4430.85 Safari/537.36"
104.28.165.220 - - [30/Apr/2026:01:25:58 +0200] "GET /d03ff56cd9fc33.php HTTP/1.1" 404 1251 "-" "Mozilla/5.0 (Windows NT 10.0; Win64; x64) AppleWebKit/537.36 (KHTML, like Gecko) Chrome/90.0.4430.85 Safari/537.36"
104.28.165.220 - - [30/Apr/2026:01:09:32 +0200] "GET /8a70b4bc6b5038.php HTTP/1.1" 404 1251 "-" "Mozilla/5.0 (Windows NT 10.0; Win64; x64) AppleWebKit/537.36 (KHTML, like Gecko) Chrome/90.0.4430.85 Safari/537.36"
57.141.20.29 - - [30/Apr/2026:01:11:12 +0200] "GET /items/Q985324220/ HTTP/1.1" 404 1251 "-" "meta-externalagent/1.1 (+https://developers.facebook.com/docs/sharing/webmasters/crawler)"
104.28.165.220 - - [30/Apr/2026:01:11:26 +0200] "GET /8a70b4bc6b5038.php HTTP/1.1" 404 1251 "-" "Mozilla/5.0 (Windows NT 10.0; Win64; x64) AppleWebKit/537.36 (KHTML, like Gecko) Chrome/90.0.4430.85 Safari/537.36"
94.12.25.182 - - [30/Apr/2026:01:12:22 +0200] "POST /Mailer_c6c6c941f9dab1.php?pass=BDKR28 HTTP/1.1" 404 1251 "-" "-"
203.83.39.10 - - [30/Apr/2026:01:13:27 +0200] "GET /favicon.ico HTTP/1.1" 404 1251 "https://banque-du-temps.fr/737b88c3ad9b21.php" "Mozilla/5.0 (Windows NT 10.0; Win64; x64) AppleWebKit/537.36 (KHTML, like Gecko) Chrome/147.0.0.0 Safari/537.36"
162.84.141.54 - - [30/Apr/2026:01:15:24 +0200] "POST /Mailer_c2b653fd11c458.php?pass=BDKR28 HTTP/1.1" 404 1251 "-" "-"
104.28.165.220 - - [30/Apr/2026:01:18:13 +0200] "GET /737b88c3ad9b21.php HTTP/1.1" 404 1251 "-" "Mozilla/5.0 (Windows NT 10.0; Win64; x64) AppleWebKit/537.36 (KHTML, like Gecko) Chrome/112.0.0.0 Safari/537.36"
104.28.165.220 - - [30/Apr/2026:01:18:14 +0200] "GET /737b88c3ad9b21.php HTTP/1.1" 404 1251 "-" "Mozilla/5.0 (Windows NT 10.0; Win64; x64) AppleWebKit/537.36 (KHTML, like Gecko) Chrome/90.0.4430.85 Safari/537.36"
104.28.165.220 - - [30/Apr/2026:01:21:09 +0200] "GET /737b88c3ad9b21.php HTTP/1.1" 404 1251 "-" "Mozilla/5.0 (Windows NT 10.0; Win64; x64) AppleWebKit/537.36 (KHTML, like Gecko) Chrome/90.0.4430.85 Safari/537.36"
104.28.165.220 - - [30/Apr/2026:01:21:33 +0200] "GET /d03ff56cd9fc33.php HTTP/1.1" 404 1251 "-" "Mozilla/5.0 (Windows NT 10.0; Win64; x64) AppleWebKit/537.36 (KHTML, like Gecko) Chrome/112.0.0.0 Safari/537.36"
104.28.165.220 - - [30/Apr/2026:01:21:56 +0200] "GET /3bc323aca11a35.php HTTP/1.1" 404 1251 "-" "Mozilla/5.0 (Windows NT 10.0; Win64; x64) AppleWebKit/537.36 (KHTML, like Gecko) Chrome/90.0.4430.85 Safari/537.36"
92.97.59.16 - - [30/Apr/2026:01:23:10 +0200] "POST /Mailer_fac0bfb17cb424.php?pass=BDKR28 HTTP/1.1" 404 1251 "-" "-"
104.28.165.220 - - [30/Apr/2026:01:23:42 +0200] "GET /d03ff56cd9fc33.php HTTP/1.1" 404 1251 "-" "Mozilla/5.0 (Windows NT 10.0; Win64; x64) AppleWebKit/537.36 (KHTML, like Gecko) Chrome/112.0.0.0 Safari/537.36"
104.28.165.220 - - [30/Apr/2026:01:23:43 +0200] "GET /d03ff56cd9fc33.php HTTP/1.1" 404 1251 "-" "Mozilla/5.0 (Windows NT 10.0; Win64; x64) AppleWebKit/537.36 (KHTML, like Gecko) Chrome/90.0.4430.85 Safari/537.36"
57.141.20.56 - - [30/Apr/2026:01:24:32 +0200] "GET /items/Q984797512/ HTTP/1.1" 404 1251 "-" "meta-externalagent/1.1 (+https://developers.facebook.com/docs/sharing/webmasters/crawler)"
104.28.165.220 - - [30/Apr/2026:01:09:32 +0200] "GET /8a70b4bc6b5038.php HTTP/1.1" 404 1251 "-" "Mozilla/5.0 (Windows NT 10.0; Win64; x64) AppleWebKit/537.36 (KHTML, like Gecko) Chrome/112.0.0.0 Safari/537.36"
104.28.165.220 - - [30/Apr/2026:01:11:24 +0200] "GET /8a70b4bc6b5038.php HTTP/1.1" 404 1251 "-" "Mozilla/5.0 (Windows NT 10.0; Win64; x64) AppleWebKit/537.36 (KHTML, like Gecko) Chrome/112.0.0.0 Safari/537.36"
104.28.165.220 - - [30/Apr/2026:01:13:03 +0200] "GET /8a70b4bc6b5038.php HTTP/1.1" 404 1251 "-" "Mozilla/5.0 (Windows NT 10.0; Win64; x64) AppleWebKit/537.36 (KHTML, like Gecko) Chrome/112.0.0.0 Safari/537.36"
57.141.20.7 - - [30/Apr/2026:01:13:25 +0200] "GET /items/Q983753334/ HTTP/1.1" 404 1251 "-" "meta-externalagent/1.1 (+https://developers.facebook.com/docs/sharing/webmasters/crawler)"
104.28.165.220 - - [30/Apr/2026:01:13:53 +0200] "GET /8a70b4bc6b5038.php HTTP/1.1" 404 1251 "-" "Mozilla/5.0 (Windows NT 10.0; Win64; x64) AppleWebKit/537.36 (KHTML, like Gecko) Chrome/112.0.0.0 Safari/537.36"
104.28.165.220 - - [30/Apr/2026:01:13:53 +0200] "GET /8a70b4bc6b5038.php HTTP/1.1" 404 1251 "-" "Mozilla/5.0 (Windows NT 10.0; Win64; x64) AppleWebKit/537.36 (KHTML, like Gecko) Chrome/90.0.4430.85 Safari/537.36"
203.83.39.10 - - [30/Apr/2026:01:14:28 +0200] "GET /5c2c99561f3b74.php HTTP/1.1" 404 1251 "-" "Mozilla/5.0 (Windows NT 10.0; Win64; x64) AppleWebKit/537.36 (KHTML, like Gecko) Chrome/147.0.0.0 Safari/537.36"
203.83.39.10 - - [30/Apr/2026:01:14:32 +0200] "GET /favicon.ico HTTP/1.1" 404 1251 "https://banque-du-temps.fr/5c2c99561f3b74.php" "Mozilla/5.0 (Windows NT 10.0; Win64; x64) AppleWebKit/537.36 (KHTML, like Gecko) Chrome/147.0.0.0 Safari/537.36"
203.83.39.10 - - [30/Apr/2026:01:15:10 +0200] "GET /d03ff56cd9fc33.php HTTP/1.1" 404 1251 "-" "Mozilla/5.0 (Windows NT 10.0; Win64; x64) AppleWebKit/537.36 (KHTML, like Gecko) Chrome/147.0.0.0 Safari/537.36"
104.28.165.220 - - [30/Apr/2026:01:15:35 +0200] "GET /737b88c3ad9b21.php HTTP/1.1" 404 1251 "-" "Mozilla/5.0 (Windows NT 10.0; Win64; x64) AppleWebKit/537.36 (KHTML, like Gecko) Chrome/112.0.0.0 Safari/537.36"
57.141.20.61 - - [30/Apr/2026:01:16:45 +0200] "GET /items/Q984937748/ HTTP/1.1" 404 1251 "-" "meta-externalagent/1.1 (+https://developers.facebook.com/docs/sharing/webmasters/crawler)"
57.141.20.64 - - [30/Apr/2026:01:17:51 +0200] "GET /items/Q986703697/ HTTP/1.1" 404 1251 "-" "meta-externalagent/1.1 (+https://developers.facebook.com/docs/sharing/webmasters/crawler)"
104.28.165.220 - - [30/Apr/2026:01:20:37 +0200] "GET /737b88c3ad9b21.php HTTP/1.1" 404 1251 "-" "Mozilla/5.0 (Windows NT 10.0; Win64; x64) AppleWebKit/537.36 (KHTML, like Gecko) Chrome/112.0.0.0 Safari/537.36"
104.28.165.220 - - [30/Apr/2026:01:21:08 +0200] "GET /737b88c3ad9b21.php HTTP/1.1" 404 1251 "-" "Mozilla/5.0 (Windows NT 10.0; Win64; x64) AppleWebKit/537.36 (KHTML, like Gecko) Chrome/112.0.0.0 Safari/537.36"
37.27.51.140 - - [30/Apr/2026:01:21:09 +0200] "GET /savep.php/?products/797782426 HTTP/1.1" 404 1251 "-" "Mozilla/5.0 (compatible; SERankingBacklinksBot/1.0; +https://seranking.com/backlinks-crawler)"
104.28.165.220 - - [30/Apr/2026:01:23:40 +0200] "GET /8a70b4bc6b5038.php HTTP/1.1" 404 1251 "-" "Mozilla/5.0 (Windows NT 10.0; Win64; x64) AppleWebKit/537.36 (KHTML, like Gecko) Chrome/90.0.4430.85 Safari/537.36"
104.28.165.220 - - [30/Apr/2026:01:24:03 +0200] "GET /3bc323aca11a35.php HTTP/1.1" 404 1251 "-" "Mozilla/5.0 (Windows NT 10.0; Win64; x64) AppleWebKit/537.36 (KHTML, like Gecko) Chrome/112.0.0.0 Safari/537.36"
57.141.20.39 - - [30/Apr/2026:01:25:38 +0200] "GET /items/Q983536191/ HTTP/1.1" 404 1251 "-" "meta-externalagent/1.1 (+https://developers.facebook.com/docs/sharing/webmasters/crawler)"
104.28.165.220 - - [30/Apr/2026:01:25:57 +0200] "GET /d03ff56cd9fc33.php HTTP/1.1" 404 1251 "-" "Mozilla/5.0 (Windows NT 10.0; Win64; x64) AppleWebKit/537.36 (KHTML, like Gecko) Chrome/112.0.0.0 Safari/537.36"
71.71.128.14 - - [30/Apr/2026:01:26:25 +0200] "POST /Mailer_d6c00bda6a5049.php?pass=BDKR28 HTTP/1.1" 404 1251 "-" "-"
104.28.165.220 - - [30/Apr/2026:01:27:37 +0200] "GET /3bc323aca11a35.php HTTP/1.1" 404 1251 "-" "Mozilla/5.0 (Windows NT 10.0; Win64; x64) AppleWebKit/537.36 (KHTML, like Gecko) Chrome/90.0.4430.85 Safari/537.36"
104.28.165.220 - - [30/Apr/2026:01:27:50 +0200] "GET /c2b653fd11c458.php HTTP/1.1" 404 1251 "-" "Mozilla/5.0 (Windows NT 10.0; Win64; x64) AppleWebKit/537.36 (KHTML, like Gecko) Chrome/112.0.0.0 Safari/537.36"
104.28.165.220 - - [30/Apr/2026:01:27:50 +0200] "GET /c2b653fd11c458.php HTTP/1.1" 404 1251 "-" "Mozilla/5.0 (Windows NT 10.0; Win64; x64) AppleWebKit/537.36 (KHTML, like Gecko) Chrome/90.0.4430.85 Safari/537.36"
57.141.20.55 - - [30/Apr/2026:01:27:52 +0200] "GET /items/Q981203215/ HTTP/1.1" 404 1251 "-" "meta-externalagent/1.1 (+https://developers.facebook.com/docs/sharing/webmasters/crawler)"
104.28.165.220 - - [30/Apr/2026:01:28:26 +0200] "GET /8a70b4bc6b5038.php HTTP/1.1" 404 1251 "-" "Mozilla/5.0 (Windows NT 10.0; Win64; x64) AppleWebKit/537.36 (KHTML, like Gecko) Chrome/112.0.0.0 Safari/537.36"
57.141.20.25 - - [30/Apr/2026:01:28:58 +0200] "GET /items/Q982678179/ HTTP/1.1" 404 1251 "-" "meta-externalagent/1.1 (+https://developers.facebook.com/docs/sharing/webmasters/crawler)"
104.28.165.220 - - [30/Apr/2026:01:29:58 +0200] "GET /8a70b4bc6b5038.php HTTP/1.1" 404 1251 "-" "Mozilla/5.0 (Windows NT 10.0; Win64; x64) AppleWebKit/537.36 (KHTML, like Gecko) Chrome/112.0.0.0 Safari/537.36"
104.28.165.220 - - [30/Apr/2026:01:29:59 +0200] "GET /8a70b4bc6b5038.php HTTP/1.1" 404 1251 "-" "Mozilla/5.0 (Windows NT 10.0; Win64; x64) AppleWebKit/537.36 (KHTML, like Gecko) Chrome/90.0.4430.85 Safari/537.36"
57.141.20.16 - - [30/Apr/2026:01:30:05 +0200] "GET /items/Q985854539/ HTTP/1.1" 404 1251 "-" "meta-externalagent/1.1 (+https://developers.facebook.com/docs/sharing/webmasters/crawler)"
38.95.111.147 - - [30/Apr/2026:01:30:57 +0200] "GET / HTTP/1.1" 200 1145 "-" "Mozilla/5.0 (Windows NT 10.0; Win64; x64) AppleWebKit/537.36 (KHTML, like Gecko) Chrome/126.0.0.0 Safari/537.36 OPR/112.0.0.0"
104.28.165.220 - - [30/Apr/2026:01:31:05 +0200] "GET /c2b653fd11c458.php HTTP/1.1" 404 1251 "-" "Mozilla/5.0 (Windows NT 10.0; Win64; x64) AppleWebKit/537.36 (KHTML, like Gecko) Chrome/112.0.0.0 Safari/537.36"
104.28.165.220 - - [30/Apr/2026:01:31:12 +0200] "GET /0a3170fad6056c.php HTTP/1.1" 404 1251 "-" "Mozilla/5.0 (Windows NT 10.0; Win64; x64) AppleWebKit/537.36 (KHTML, like Gecko) Chrome/90.0.4430.85 Safari/537.36"
104.28.165.220 - - [30/Apr/2026:01:31:21 +0200] "GET /fac0bfb17cb424.php HTTP/1.1" 404 1251 "-" "Mozilla/5.0 (Windows NT 10.0; Win64; x64) AppleWebKit/537.36 (KHTML, like Gecko) Chrome/112.0.0.0 Safari/537.36"
104.28.165.220 - - [30/Apr/2026:01:31:22 +0200] "GET /fac0bfb17cb424.php HTTP/1.1" 404 1251 "-" "Mozilla/5.0 (Windows NT 10.0; Win64; x64) AppleWebKit/537.36 (KHTML, like Gecko) Chrome/90.0.4430.85 Safari/537.36"
57.141.20.39 - - [30/Apr/2026:01:32:18 +0200] "GET /items/Q982139258/ HTTP/1.1" 404 1251 "-" "meta-externalagent/1.1 (+https://developers.facebook.com/docs/sharing/webmasters/crawler)"
104.28.165.220 - - [30/Apr/2026:01:32:37 +0200] "GET /d6c00bda6a5049.php HTTP/1.1" 404 1251 "-" "Mozilla/5.0 (Windows NT 10.0; Win64; x64) AppleWebKit/537.36 (KHTML, like Gecko) Chrome/112.0.0.0 Safari/537.36"
104.28.165.220 - - [30/Apr/2026:01:32:38 +0200] "GET /d6c00bda6a5049.php HTTP/1.1" 404 1251 "-" "Mozilla/5.0 (Windows NT 10.0; Win64; x64) AppleWebKit/537.36 (KHTML, like Gecko) Chrome/90.0.4430.85 Safari/537.36"
104.28.165.220 - - [30/Apr/2026:01:32:49 +0200] "GET /fac0bfb17cb424.php HTTP/1.1" 404 1251 "-" "Mozilla/5.0 (Windows NT 10.0; Win64; x64) AppleWebKit/537.36 (KHTML, like Gecko) Chrome/112.0.0.0 Safari/537.36"
104.28.165.220 - - [30/Apr/2026:01:33:17 +0200] "GET /c2b653fd11c458.php HTTP/1.1" 404 1251 "-" "Mozilla/5.0 (Windows NT 10.0; Win64; x64) AppleWebKit/537.36 (KHTML, like Gecko) Chrome/90.0.4430.85 Safari/537.36"
104.28.165.220 - - [30/Apr/2026:01:26:18 +0200] "GET /3bc323aca11a35.php HTTP/1.1" 404 1251 "-" "Mozilla/5.0 (Windows NT 10.0; Win64; x64) AppleWebKit/537.36 (KHTML, like Gecko) Chrome/112.0.0.0 Safari/537.36"
104.28.165.220 - - [30/Apr/2026:01:26:18 +0200] "GET /3bc323aca11a35.php HTTP/1.1" 404 1251 "-" "Mozilla/5.0 (Windows NT 10.0; Win64; x64) AppleWebKit/537.36 (KHTML, like Gecko) Chrome/90.0.4430.85 Safari/537.36"
104.28.165.220 - - [30/Apr/2026:01:27:11 +0200] "GET /d03ff56cd9fc33.php HTTP/1.1" 404 1251 "-" "Mozilla/5.0 (Windows NT 10.0; Win64; x64) AppleWebKit/537.36 (KHTML, like Gecko) Chrome/112.0.0.0 Safari/537.36"
104.28.165.220 - - [30/Apr/2026:01:27:12 +0200] "GET /d03ff56cd9fc33.php HTTP/1.1" 404 1251 "-" "Mozilla/5.0 (Windows NT 10.0; Win64; x64) AppleWebKit/537.36 (KHTML, like Gecko) Chrome/90.0.4430.85 Safari/537.36"
104.28.165.220 - - [30/Apr/2026:01:28:26 +0200] "GET /8a70b4bc6b5038.php HTTP/1.1" 404 1251 "-" "Mozilla/5.0 (Windows NT 10.0; Win64; x64) AppleWebKit/537.36 (KHTML, like Gecko) Chrome/90.0.4430.85 Safari/537.36"
95.129.101.136 - - [30/Apr/2026:01:29:03 +0200] "GET /items/Q981161349/ HTTP/1.1" 404 1251 "-" "Mozilla/5.0 (compatible; SpiderLing; +https://nlp.fi.muni.cz/projects/biwec/)"
104.28.165.220 - - [30/Apr/2026:01:29:36 +0200] "GET /c2b653fd11c458.php HTTP/1.1" 404 1251 "-" "Mozilla/5.0 (Windows NT 10.0; Win64; x64) AppleWebKit/537.36 (KHTML, like Gecko) Chrome/112.0.0.0 Safari/537.36"
104.28.165.220 - - [30/Apr/2026:01:29:37 +0200] "GET /c2b653fd11c458.php HTTP/1.1" 404 1251 "-" "Mozilla/5.0 (Windows NT 10.0; Win64; x64) AppleWebKit/537.36 (KHTML, like Gecko) Chrome/90.0.4430.85 Safari/537.36"
104.28.165.220 - - [30/Apr/2026:01:31:03 +0200] "GET /737b88c3ad9b21.php HTTP/1.1" 404 1251 "-" "Mozilla/5.0 (Windows NT 10.0; Win64; x64) AppleWebKit/537.36 (KHTML, like Gecko) Chrome/90.0.4430.85 Safari/537.36"
104.28.165.220 - - [30/Apr/2026:01:31:05 +0200] "GET /c2b653fd11c458.php HTTP/1.1" 404 1251 "-" "Mozilla/5.0 (Windows NT 10.0; Win64; x64) AppleWebKit/537.36 (KHTML, like Gecko) Chrome/90.0.4430.85 Safari/537.36"
57.141.20.6 - - [30/Apr/2026:01:31:11 +0200] "GET /items/Q987554804/ HTTP/1.1" 404 1251 "-" "meta-externalagent/1.1 (+https://developers.facebook.com/docs/sharing/webmasters/crawler)"
104.28.165.220 - - [30/Apr/2026:01:31:11 +0200] "GET /0a3170fad6056c.php HTTP/1.1" 404 1251 "-" "Mozilla/5.0 (Windows NT 10.0; Win64; x64) AppleWebKit/537.36 (KHTML, like Gecko) Chrome/112.0.0.0 Safari/537.36"
104.28.165.220 - - [30/Apr/2026:01:32:26 +0200] "GET /c6c6c941f9dab1.php HTTP/1.1" 404 1251 "-" "Mozilla/5.0 (Windows NT 10.0; Win64; x64) AppleWebKit/537.36 (KHTML, like Gecko) Chrome/90.0.4430.85 Safari/537.36"
104.28.165.220 - - [30/Apr/2026:01:32:40 +0200] "GET /0a3170fad6056c.php HTTP/1.1" 404 1251 "-" "Mozilla/5.0 (Windows NT 10.0; Win64; x64) AppleWebKit/537.36 (KHTML, like Gecko) Chrome/112.0.0.0 Safari/537.36"
104.28.165.220 - - [30/Apr/2026:01:33:23 +0200] "GET /06bdc12ede3ae0.php HTTP/1.1" 404 1251 "-" "Mozilla/5.0 (Windows NT 10.0; Win64; x64) AppleWebKit/537.36 (KHTML, like Gecko) Chrome/90.0.4430.85 Safari/537.36"
104.28.165.220 - - [30/Apr/2026:01:33:52 +0200] "GET /0a3170fad6056c.php HTTP/1.1" 404 1251 "-" "Mozilla/5.0 (Windows NT 10.0; Win64; x64) AppleWebKit/537.36 (KHTML, like Gecko) Chrome/112.0.0.0 Safari/537.36"
104.28.165.220 - - [30/Apr/2026:01:34:34 +0200] "GET /06bdc12ede3ae0.php HTTP/1.1" 404 1251 "-" "Mozilla/5.0 (Windows NT 10.0; Win64; x64) AppleWebKit/537.36 (KHTML, like Gecko) Chrome/90.0.4430.85 Safari/537.36"
104.28.165.220 - - [30/Apr/2026:01:36:39 +0200] "GET /0a3170fad6056c.php HTTP/1.1" 404 1251 "-" "Mozilla/5.0 (Windows NT 10.0; Win64; x64) AppleWebKit/537.36 (KHTML, like Gecko) Chrome/112.0.0.0 Safari/537.36"
104.28.165.220 - - [30/Apr/2026:01:36:40 +0200] "GET /0a3170fad6056c.php HTTP/1.1" 404 1251 "-" "Mozilla/5.0 (Windows NT 10.0; Win64; x64) AppleWebKit/537.36 (KHTML, like Gecko) Chrome/90.0.4430.85 Safari/537.36"
57.141.20.37 - - [30/Apr/2026:01:26:45 +0200] "GET /items/Q985976388/ HTTP/1.1" 404 1251 "-" "meta-externalagent/1.1 (+https://developers.facebook.com/docs/sharing/webmasters/crawler)"
104.28.165.220 - - [30/Apr/2026:01:27:37 +0200] "GET /3bc323aca11a35.php HTTP/1.1" 404 1251 "-" "Mozilla/5.0 (Windows NT 10.0; Win64; x64) AppleWebKit/537.36 (KHTML, like Gecko) Chrome/112.0.0.0 Safari/537.36"
38.95.111.147 - - [30/Apr/2026:01:30:55 +0200] "GET /Wp-data.php HTTP/1.1" 404 1251 "-" "Mozilla/5.0 (Windows NT 10.0; Win64; x64) AppleWebKit/537.36 (KHTML, like Gecko) Chrome/126.0.0.0 Safari/537.36 OPR/112.0.0.0"
104.28.165.220 - - [30/Apr/2026:01:31:02 +0200] "GET /737b88c3ad9b21.php HTTP/1.1" 404 1251 "-" "Mozilla/5.0 (Windows NT 10.0; Win64; x64) AppleWebKit/537.36 (KHTML, like Gecko) Chrome/112.0.0.0 Safari/537.36"
71.85.222.126 - - [30/Apr/2026:01:31:45 +0200] "POST /Mailer_3bc323aca11a35.php?pass=BDKR28 HTTP/1.1" 404 1251 "-" "-"
104.28.165.220 - - [30/Apr/2026:01:32:25 +0200] "GET /c6c6c941f9dab1.php HTTP/1.1" 404 1251 "-" "Mozilla/5.0 (Windows NT 10.0; Win64; x64) AppleWebKit/537.36 (KHTML, like Gecko) Chrome/112.0.0.0 Safari/537.36"
104.28.165.220 - - [30/Apr/2026:01:32:40 +0200] "GET /0a3170fad6056c.php HTTP/1.1" 404 1251 "-" "Mozilla/5.0 (Windows NT 10.0; Win64; x64) AppleWebKit/537.36 (KHTML, like Gecko) Chrome/90.0.4430.85 Safari/537.36"
104.28.165.220 - - [30/Apr/2026:01:32:50 +0200] "GET /fac0bfb17cb424.php HTTP/1.1" 404 1251 "-" "Mozilla/5.0 (Windows NT 10.0; Win64; x64) AppleWebKit/537.36 (KHTML, like Gecko) Chrome/90.0.4430.85 Safari/537.36"
104.28.165.220 - - [30/Apr/2026:01:33:16 +0200] "GET /c2b653fd11c458.php HTTP/1.1" 404 1251 "-" "Mozilla/5.0 (Windows NT 10.0; Win64; x64) AppleWebKit/537.36 (KHTML, like Gecko) Chrome/112.0.0.0 Safari/537.36"
104.28.165.220 - - [30/Apr/2026:01:33:22 +0200] "GET /06bdc12ede3ae0.php HTTP/1.1" 404 1251 "-" "Mozilla/5.0 (Windows NT 10.0; Win64; x64) AppleWebKit/537.36 (KHTML, like Gecko) Chrome/112.0.0.0 Safari/537.36"
57.141.20.26 - - [30/Apr/2026:01:33:25 +0200] "GET /items/Q982967360/ HTTP/1.1" 404 1251 "-" "meta-externalagent/1.1 (+https://developers.facebook.com/docs/sharing/webmasters/crawler)"
104.28.165.220 - - [30/Apr/2026:01:33:43 +0200] "GET /c6c6c941f9dab1.php HTTP/1.1" 404 1251 "-" "Mozilla/5.0 (Windows NT 10.0; Win64; x64) AppleWebKit/537.36 (KHTML, like Gecko) Chrome/112.0.0.0 Safari/537.36"
104.28.165.220 - - [30/Apr/2026:01:33:43 +0200] "GET /c6c6c941f9dab1.php HTTP/1.1" 404 1251 "-" "Mozilla/5.0 (Windows NT 10.0; Win64; x64) AppleWebKit/537.36 (KHTML, like Gecko) Chrome/90.0.4430.85 Safari/537.36"
104.28.165.220 - - [30/Apr/2026:01:33:53 +0200] "GET /d6c00bda6a5049.php HTTP/1.1" 404 1251 "-" "Mozilla/5.0 (Windows NT 10.0; Win64; x64) AppleWebKit/537.36 (KHTML, like Gecko) Chrome/112.0.0.0 Safari/537.36"
104.28.165.220 - - [30/Apr/2026:01:33:54 +0200] "GET /d6c00bda6a5049.php HTTP/1.1" 404 1251 "-" "Mozilla/5.0 (Windows NT 10.0; Win64; x64) AppleWebKit/537.36 (KHTML, like Gecko) Chrome/90.0.4430.85 Safari/537.36"
104.28.165.220 - - [30/Apr/2026:01:34:45 +0200] "GET /d6c00bda6a5049.php HTTP/1.1" 404 1251 "-" "Mozilla/5.0 (Windows NT 10.0; Win64; x64) AppleWebKit/537.36 (KHTML, like Gecko) Chrome/90.0.4430.85 Safari/537.36"
57.141.20.55 - - [30/Apr/2026:01:35:38 +0200] "GET /items/Q984772619/ HTTP/1.1" 404 1251 "-" "meta-externalagent/1.1 (+https://developers.facebook.com/docs/sharing/webmasters/crawler)"
104.28.165.220 - - [30/Apr/2026:01:36:33 +0200] "GET /737b88c3ad9b21.php HTTP/1.1" 404 1251 "-" "Mozilla/5.0 (Windows NT 10.0; Win64; x64) AppleWebKit/537.36 (KHTML, like Gecko) Chrome/90.0.4430.85 Safari/537.36"
104.28.165.220 - - [30/Apr/2026:01:36:50 +0200] "GET /fac0bfb17cb424.php HTTP/1.1" 404 1251 "-" "Mozilla/5.0 (Windows NT 10.0; Win64; x64) AppleWebKit/537.36 (KHTML, like Gecko) Chrome/112.0.0.0 Safari/537.36"
104.28.165.220 - - [30/Apr/2026:01:37:29 +0200] "GET /8a70b4bc6b5038.php HTTP/1.1" 404 1251 "-" "Mozilla/5.0 (Windows NT 10.0; Win64; x64) AppleWebKit/537.36 (KHTML, like Gecko) Chrome/90.0.4430.85 Safari/537.36"
27.49.19.55 - - [30/Apr/2026:01:37:48 +0200] "POST /Mailer_862a9c587b7396.php?pass=BDKR28 HTTP/1.1" 404 1251 "-" "-"
104.28.165.220 - - [30/Apr/2026:01:37:57 +0200] "GET /c6c6c941f9dab1.php HTTP/1.1" 404 1251 "-" "Mozilla/5.0 (Windows NT 10.0; Win64; x64) AppleWebKit/537.36 (KHTML, like Gecko) Chrome/112.0.0.0 Safari/537.36"
104.28.165.220 - - [30/Apr/2026:01:38:10 +0200] "GET /d6c00bda6a5049.php HTTP/1.1" 404 1251 "-" "Mozilla/5.0 (Windows NT 10.0; Win64; x64) AppleWebKit/537.36 (KHTML, like Gecko) Chrome/90.0.4430.85 Safari/537.36"
104.28.165.220 - - [30/Apr/2026:01:38:10 +0200] "GET /d03ff56cd9fc33.php HTTP/1.1" 404 1251 "-" "Mozilla/5.0 (Windows NT 10.0; Win64; x64) AppleWebKit/537.36 (KHTML, like Gecko) Chrome/112.0.0.0 Safari/537.36"
104.28.165.220 - - [30/Apr/2026:01:38:11 +0200] "GET /d03ff56cd9fc33.php HTTP/1.1" 404 1251 "-" "Mozilla/5.0 (Windows NT 10.0; Win64; x64) AppleWebKit/537.36 (KHTML, like Gecko) Chrome/90.0.4430.85 Safari/537.36"
104.28.165.220 - - [30/Apr/2026:01:38:41 +0200] "GET /3bc323aca11a35.php HTTP/1.1" 404 1251 "-" "Mozilla/5.0 (Windows NT 10.0; Win64; x64) AppleWebKit/537.36 (KHTML, like Gecko) Chrome/90.0.4430.85 Safari/537.36"
104.28.165.220 - - [30/Apr/2026:01:38:58 +0200] "GET /c17d291cfd5338.php HTTP/1.1" 404 1251 "-" "Mozilla/5.0 (Windows NT 10.0; Win64; x64) AppleWebKit/537.36 (KHTML, like Gecko) Chrome/112.0.0.0 Safari/537.36"
104.28.165.220 - - [30/Apr/2026:01:38:59 +0200] "GET /c17d291cfd5338.php HTTP/1.1" 404 1251 "-" "Mozilla/5.0 (Windows NT 10.0; Win64; x64) AppleWebKit/537.36 (KHTML, like Gecko) Chrome/90.0.4430.85 Safari/537.36"
57.141.20.38 - - [30/Apr/2026:01:40:05 +0200] "GET /items/Q984935425/ HTTP/1.1" 404 1251 "-" "meta-externalagent/1.1 (+https://developers.facebook.com/docs/sharing/webmasters/crawler)"
104.28.165.220 - - [30/Apr/2026:01:42:39 +0200] "GET /d03ff56cd9fc33.php HTTP/1.1" 404 1251 "-" "Mozilla/5.0 (Windows NT 10.0; Win64; x64) AppleWebKit/537.36 (KHTML, like Gecko) Chrome/90.0.4430.85 Safari/537.36"
57.141.20.13 - - [30/Apr/2026:01:36:45 +0200] "GET /items/Q984360478/ HTTP/1.1" 404 1251 "-" "meta-externalagent/1.1 (+https://developers.facebook.com/docs/sharing/webmasters/crawler)"
104.28.165.220 - - [30/Apr/2026:01:36:50 +0200] "GET /fac0bfb17cb424.php HTTP/1.1" 404 1251 "-" "Mozilla/5.0 (Windows NT 10.0; Win64; x64) AppleWebKit/537.36 (KHTML, like Gecko) Chrome/90.0.4430.85 Safari/537.36"
104.28.165.220 - - [30/Apr/2026:01:37:28 +0200] "GET /8a70b4bc6b5038.php HTTP/1.1" 404 1251 "-" "Mozilla/5.0 (Windows NT 10.0; Win64; x64) AppleWebKit/537.36 (KHTML, like Gecko) Chrome/112.0.0.0 Safari/537.36"
104.28.165.220 - - [30/Apr/2026:01:37:40 +0200] "GET /c17d291cfd5338.php HTTP/1.1" 404 1251 "-" "Mozilla/5.0 (Windows NT 10.0; Win64; x64) AppleWebKit/537.36 (KHTML, like Gecko) Chrome/90.0.4430.85 Safari/537.36"
57.141.20.21 - - [30/Apr/2026:01:37:52 +0200] "GET /items/Q984711604/ HTTP/1.1" 404 1251 "-" "meta-externalagent/1.1 (+https://developers.facebook.com/docs/sharing/webmasters/crawler)"
104.28.165.220 - - [30/Apr/2026:01:38:09 +0200] "GET /d6c00bda6a5049.php HTTP/1.1" 404 1251 "-" "Mozilla/5.0 (Windows NT 10.0; Win64; x64) AppleWebKit/537.36 (KHTML, like Gecko) Chrome/112.0.0.0 Safari/537.36"
104.28.165.220 - - [30/Apr/2026:01:38:09 +0200] "GET /737b88c3ad9b21.php HTTP/1.1" 404 1251 "-" "Mozilla/5.0 (Windows NT 10.0; Win64; x64) AppleWebKit/537.36 (KHTML, like Gecko) Chrome/112.0.0.0 Safari/537.36"
104.28.165.220 - - [30/Apr/2026:01:38:10 +0200] "GET /737b88c3ad9b21.php HTTP/1.1" 404 1251 "-" "Mozilla/5.0 (Windows NT 10.0; Win64; x64) AppleWebKit/537.36 (KHTML, like Gecko) Chrome/90.0.4430.85 Safari/537.36"
104.28.165.220 - - [30/Apr/2026:01:38:16 +0200] "GET /c17d291cfd5338.php HTTP/1.1" 404 1251 "-" "Mozilla/5.0 (Windows NT 10.0; Win64; x64) AppleWebKit/537.36 (KHTML, like Gecko) Chrome/112.0.0.0 Safari/537.36"
104.28.165.220 - - [30/Apr/2026:01:38:40 +0200] "GET /3bc323aca11a35.php HTTP/1.1" 404 1251 "-" "Mozilla/5.0 (Windows NT 10.0; Win64; x64) AppleWebKit/537.36 (KHTML, like Gecko) Chrome/112.0.0.0 Safari/537.36"
104.28.165.220 - - [30/Apr/2026:01:38:55 +0200] "GET /06bdc12ede3ae0.php HTTP/1.1" 404 1251 "-" "Mozilla/5.0 (Windows NT 10.0; Win64; x64) AppleWebKit/537.36 (KHTML, like Gecko) Chrome/112.0.0.0 Safari/537.36"
104.28.165.220 - - [30/Apr/2026:01:38:56 +0200] "GET /06bdc12ede3ae0.php HTTP/1.1" 404 1251 "-" "Mozilla/5.0 (Windows NT 10.0; Win64; x64) AppleWebKit/537.36 (KHTML, like Gecko) Chrome/90.0.4430.85 Safari/537.36"
57.141.20.7 - - [30/Apr/2026:01:38:58 +0200] "GET /items/Q981336555/ HTTP/1.1" 404 1251 "-" "meta-externalagent/1.1 (+https://developers.facebook.com/docs/sharing/webmasters/crawler)"
57.141.20.55 - - [30/Apr/2026:01:42:18 +0200] "GET /items/Q985005247/ HTTP/1.1" 404 1251 "-" "meta-externalagent/1.1 (+https://developers.facebook.com/docs/sharing/webmasters/crawler)"
104.28.165.220 - - [30/Apr/2026:01:33:52 +0200] "GET /0a3170fad6056c.php HTTP/1.1" 404 1251 "-" "Mozilla/5.0 (Windows NT 10.0; Win64; x64) AppleWebKit/537.36 (KHTML, like Gecko) Chrome/90.0.4430.85 Safari/537.36"
104.28.165.220 - - [30/Apr/2026:01:34:02 +0200] "GET /fac0bfb17cb424.php HTTP/1.1" 404 1251 "-" "Mozilla/5.0 (Windows NT 10.0; Win64; x64) AppleWebKit/537.36 (KHTML, like Gecko) Chrome/112.0.0.0 Safari/537.36"
104.28.165.220 - - [30/Apr/2026:01:34:03 +0200] "GET /fac0bfb17cb424.php HTTP/1.1" 404 1251 "-" "Mozilla/5.0 (Windows NT 10.0; Win64; x64) AppleWebKit/537.36 (KHTML, like Gecko) Chrome/90.0.4430.85 Safari/537.36"
57.141.20.0 - - [30/Apr/2026:01:34:32 +0200] "GET /items/Q984826623/ HTTP/1.1" 404 1251 "-" "meta-externalagent/1.1 (+https://developers.facebook.com/docs/sharing/webmasters/crawler)"
104.28.165.220 - - [30/Apr/2026:01:34:33 +0200] "GET /06bdc12ede3ae0.php HTTP/1.1" 404 1251 "-" "Mozilla/5.0 (Windows NT 10.0; Win64; x64) AppleWebKit/537.36 (KHTML, like Gecko) Chrome/112.0.0.0 Safari/537.36"
104.28.165.220 - - [30/Apr/2026:01:34:34 +0200] "GET /c6c6c941f9dab1.php HTTP/1.1" 404 1251 "-" "Mozilla/5.0 (Windows NT 10.0; Win64; x64) AppleWebKit/537.36 (KHTML, like Gecko) Chrome/112.0.0.0 Safari/537.36"
