57.141.20.59 - - [29/Apr/2026:17:47:38 +0200] "GET /items/Q986687671/ HTTP/1.1" 200 0 "-" "meta-externalagent/1.1 (+https://developers.facebook.com/docs/sharing/webmasters/crawler)"
57.141.20.18 - - [29/Apr/2026:17:47:41 +0200] "GET /items/Q985549738/ HTTP/1.1" 200 0 "-" "meta-externalagent/1.1 (+https://developers.facebook.com/docs/sharing/webmasters/crawler)"
57.141.20.3 - - [29/Apr/2026:17:47:57 +0200] "GET /items/Q986425756/ HTTP/1.1" 200 0 "-" "meta-externalagent/1.1 (+https://developers.facebook.com/docs/sharing/webmasters/crawler)"
57.141.20.57 - - [29/Apr/2026:17:49:02 +0200] "GET /items/Q985923762/ HTTP/1.1" 200 0 "-" "meta-externalagent/1.1 (+https://developers.facebook.com/docs/sharing/webmasters/crawler)"
57.141.20.10 - - [29/Apr/2026:17:49:06 +0200] "GET /items/Q985314315/ HTTP/1.1" 200 0 "-" "meta-externalagent/1.1 (+https://developers.facebook.com/docs/sharing/webmasters/crawler)"
57.141.20.18 - - [29/Apr/2026:17:49:22 +0200] "GET /items/Q984643221/ HTTP/1.1" 200 0 "-" "meta-externalagent/1.1 (+https://developers.facebook.com/docs/sharing/webmasters/crawler)"
57.141.20.60 - - [29/Apr/2026:17:49:31 +0200] "GET /items/Q981657188/ HTTP/1.1" 200 0 "-" "meta-externalagent/1.1 (+https://developers.facebook.com/docs/sharing/webmasters/crawler)"
57.141.20.53 - - [29/Apr/2026:17:50:04 +0200] "GET /items/Q984735403/ HTTP/1.1" 200 0 "-" "meta-externalagent/1.1 (+https://developers.facebook.com/docs/sharing/webmasters/crawler)"
57.141.20.56 - - [29/Apr/2026:17:50:08 +0200] "GET /items/Q984049830/ HTTP/1.1" 200 0 "-" "meta-externalagent/1.1 (+https://developers.facebook.com/docs/sharing/webmasters/crawler)"
57.141.20.67 - - [29/Apr/2026:17:50:25 +0200] "GET /items/Q985165246/ HTTP/1.1" 200 0 "-" "meta-externalagent/1.1 (+https://developers.facebook.com/docs/sharing/webmasters/crawler)"
57.141.20.32 - - [29/Apr/2026:17:50:40 +0200] "GET /items/Q985831694/ HTTP/1.1" 200 0 "-" "meta-externalagent/1.1 (+https://developers.facebook.com/docs/sharing/webmasters/crawler)"
57.141.20.1 - - [29/Apr/2026:17:50:48 +0200] "GET /items/Q983024402/ HTTP/1.1" 200 0 "-" "meta-externalagent/1.1 (+https://developers.facebook.com/docs/sharing/webmasters/crawler)"
57.141.20.21 - - [29/Apr/2026:17:47:05 +0200] "GET /items/Q981395234/ HTTP/1.1" 200 0 "-" "meta-externalagent/1.1 (+https://developers.facebook.com/docs/sharing/webmasters/crawler)"
57.141.20.8 - - [29/Apr/2026:17:47:08 +0200] "GET /items/Q982187000/ HTTP/1.1" 200 0 "-" "meta-externalagent/1.1 (+https://developers.facebook.com/docs/sharing/webmasters/crawler)"
57.141.20.59 - - [29/Apr/2026:17:47:12 +0200] "GET /items/Q985416709/ HTTP/1.1" 200 0 "-" "meta-externalagent/1.1 (+https://developers.facebook.com/docs/sharing/webmasters/crawler)"
57.141.20.13 - - [29/Apr/2026:17:47:21 +0200] "GET /items/Q984790062/ HTTP/1.1" 200 0 "-" "meta-externalagent/1.1 (+https://developers.facebook.com/docs/sharing/webmasters/crawler)"
57.141.20.65 - - [29/Apr/2026:17:47:34 +0200] "GET /items/Q987237786/ HTTP/1.1" 200 0 "-" "meta-externalagent/1.1 (+https://developers.facebook.com/docs/sharing/webmasters/crawler)"
57.141.20.58 - - [29/Apr/2026:17:47:50 +0200] "GET /items/Q982650349/ HTTP/1.1" 200 0 "-" "meta-externalagent/1.1 (+https://developers.facebook.com/docs/sharing/webmasters/crawler)"
57.141.20.2 - - [29/Apr/2026:17:47:51 +0200] "GET /items/Q981328467/ HTTP/1.1" 200 0 "-" "meta-externalagent/1.1 (+https://developers.facebook.com/docs/sharing/webmasters/crawler)"
57.141.20.70 - - [29/Apr/2026:17:47:57 +0200] "GET /items/Q983823710/ HTTP/1.1" 200 0 "-" "meta-externalagent/1.1 (+https://developers.facebook.com/docs/sharing/webmasters/crawler)"
57.141.20.56 - - [29/Apr/2026:17:48:18 +0200] "GET /items/Q981822377/ HTTP/1.1" 200 0 "-" "meta-externalagent/1.1 (+https://developers.facebook.com/docs/sharing/webmasters/crawler)"
57.141.20.45 - - [29/Apr/2026:17:48:42 +0200] "GET /items/Q984574334/ HTTP/1.1" 200 0 "-" "meta-externalagent/1.1 (+https://developers.facebook.com/docs/sharing/webmasters/crawler)"
57.141.20.29 - - [29/Apr/2026:17:48:52 +0200] "GET /items/Q983327604/ HTTP/1.1" 200 0 "-" "meta-externalagent/1.1 (+https://developers.facebook.com/docs/sharing/webmasters/crawler)"
57.141.20.14 - - [29/Apr/2026:17:49:11 +0200] "GET /items/Q982582243/ HTTP/1.1" 200 0 "-" "meta-externalagent/1.1 (+https://developers.facebook.com/docs/sharing/webmasters/crawler)"
57.141.20.7 - - [29/Apr/2026:17:49:38 +0200] "GET /items/Q986219801/ HTTP/1.1" 200 0 "-" "meta-externalagent/1.1 (+https://developers.facebook.com/docs/sharing/webmasters/crawler)"
57.141.20.58 - - [29/Apr/2026:17:49:43 +0200] "GET /items/Q981769319/ HTTP/1.1" 200 0 "-" "meta-externalagent/1.1 (+https://developers.facebook.com/docs/sharing/webmasters/crawler)"
57.141.20.30 - - [29/Apr/2026:17:49:47 +0200] "GET /items/Q986122752/ HTTP/1.1" 200 0 "-" "meta-externalagent/1.1 (+https://developers.facebook.com/docs/sharing/webmasters/crawler)"
57.141.20.6 - - [29/Apr/2026:17:49:56 +0200] "GET /items/Q985598651/ HTTP/1.1" 200 0 "-" "meta-externalagent/1.1 (+https://developers.facebook.com/docs/sharing/webmasters/crawler)"
57.141.20.6 - - [29/Apr/2026:17:50:37 +0200] "GET /items/Q985907676/ HTTP/1.1" 200 0 "-" "meta-externalagent/1.1 (+https://developers.facebook.com/docs/sharing/webmasters/crawler)"
57.141.20.37 - - [29/Apr/2026:17:50:44 +0200] "GET /items/Q983922373/ HTTP/1.1" 200 0 "-" "meta-externalagent/1.1 (+https://developers.facebook.com/docs/sharing/webmasters/crawler)"
57.141.20.33 - - [29/Apr/2026:17:50:52 +0200] "GET /items/Q981347707/ HTTP/1.1" 200 0 "-" "meta-externalagent/1.1 (+https://developers.facebook.com/docs/sharing/webmasters/crawler)"
109.234.166.131 - - [29/Apr/2026:17:50:56 +0200] "GET /zybsfok/knguvxy/c1laivt/index.php?pass=WOPr7FfNmJI HTTP/1.1" 200 0 "-" "Mozilla/5.0 (Windows NT 10.0; Win64; x64) AppleWebKit/537.36 (KHTML, like Gecko) Chrome/118.0.5993.88 Safari/537.36"
109.234.166.131 - - [29/Apr/2026:17:51:06 +0200] "GET /tjlfoax/yubpcfi/iuzxbfh/index.php?pass=23BOIHmykXn HTTP/1.1" 200 0 "-" "Mozilla/5.0 (Windows NT 10.0; Win64; x64) Gecko/20100101 Firefox/118.0.2"
57.141.20.43 - - [29/Apr/2026:17:48:47 +0200] "GET /items/Q985416976/ HTTP/1.1" 200 0 "-" "meta-externalagent/1.1 (+https://developers.facebook.com/docs/sharing/webmasters/crawler)"
57.141.20.62 - - [29/Apr/2026:17:48:57 +0200] "GET /items/Q987459541/ HTTP/1.1" 200 0 "-" "meta-externalagent/1.1 (+https://developers.facebook.com/docs/sharing/webmasters/crawler)"
57.141.20.58 - - [29/Apr/2026:17:49:14 +0200] "GET /items/Q984068759/ HTTP/1.1" 200 0 "-" "meta-externalagent/1.1 (+https://developers.facebook.com/docs/sharing/webmasters/crawler)"
57.141.20.10 - - [29/Apr/2026:17:49:23 +0200] "GET /items/Q985042869/ HTTP/1.1" 200 0 "-" "meta-externalagent/1.1 (+https://developers.facebook.com/docs/sharing/webmasters/crawler)"
57.141.20.1 - - [29/Apr/2026:17:49:27 +0200] "GET /items/Q984576128/ HTTP/1.1" 200 0 "-" "meta-externalagent/1.1 (+https://developers.facebook.com/docs/sharing/webmasters/crawler)"
57.141.20.65 - - [29/Apr/2026:17:49:47 +0200] "GET /items/Q981566318/ HTTP/1.1" 200 0 "-" "meta-externalagent/1.1 (+https://developers.facebook.com/docs/sharing/webmasters/crawler)"
57.141.20.0 - - [29/Apr/2026:17:49:52 +0200] "GET /items/Q985729896/ HTTP/1.1" 200 0 "-" "meta-externalagent/1.1 (+https://developers.facebook.com/docs/sharing/webmasters/crawler)"
57.141.20.68 - - [29/Apr/2026:17:50:12 +0200] "GET /items/Q983041760/ HTTP/1.1" 200 0 "-" "meta-externalagent/1.1 (+https://developers.facebook.com/docs/sharing/webmasters/crawler)"
57.141.20.37 - - [29/Apr/2026:17:50:21 +0200] "GET /items/Q984362957/ HTTP/1.1" 200 0 "-" "meta-externalagent/1.1 (+https://developers.facebook.com/docs/sharing/webmasters/crawler)"
57.141.20.10 - - [29/Apr/2026:17:50:28 +0200] "GET /items/Q983389751/ HTTP/1.1" 200 0 "-" "meta-externalagent/1.1 (+https://developers.facebook.com/docs/sharing/webmasters/crawler)"
57.141.20.39 - - [29/Apr/2026:17:50:36 +0200] "GET /items/Q985437541/ HTTP/1.1" 200 0 "-" "meta-externalagent/1.1 (+https://developers.facebook.com/docs/sharing/webmasters/crawler)"
109.234.166.131 - - [29/Apr/2026:17:51:06 +0200] "GET /tjlfoax/yubpcfi/iuzxbfh/index.php?pass=23BOIHmykXn HTTP/1.1" 200 0 "-" "Mozilla/5.0 (Windows NT 10.0; Win64; x64) Gecko/20100101 Firefox/118.0.2"
109.234.166.131 - - [29/Apr/2026:17:51:06 +0200] "GET /ym1nulc/tejarux/mneqdto/index.php?pass=KNpCxUqckFz HTTP/1.1" 200 0 "-" "Mozilla/5.0 (Windows NT 10.0; Win64; x64) AppleWebKit/537.36 (KHTML, like Gecko) Chrome/122.0.6261.57 Safari/537.36"
57.141.20.14 - - [29/Apr/2026:17:51:11 +0200] "GET /items/Q984732185/ HTTP/1.1" 200 0 "-" "meta-externalagent/1.1 (+https://developers.facebook.com/docs/sharing/webmasters/crawler)"
57.141.20.6 - - [29/Apr/2026:17:51:16 +0200] "GET /items/Q981888498/ HTTP/1.1" 200 0 "-" "meta-externalagent/1.1 (+https://developers.facebook.com/docs/sharing/webmasters/crawler)"
109.234.166.131 - - [29/Apr/2026:17:51:21 +0200] "GET /erujwad/adxrwhq/ugyxdlo/index.php?pass=yMifckG9h7o HTTP/1.1" 200 0 "-" "Mozilla/5.0 (Macintosh; Intel Mac OS X 13_6_1) AppleWebKit/605.1.15 (KHTML, like Gecko) Version/17.0 Safari/605.1.15"
109.234.166.131 - - [29/Apr/2026:17:51:22 +0200] "GET /jksulcz/wervcou/xcpudhi/index.php?pass=6et4XVumjxB HTTP/1.1" 200 0 "-" "Mozilla/5.0 (Windows NT 11.0; Win64; x64) AppleWebKit/537.36 (KHTML, like Gecko) Chrome/120.0.6099.130 Safari/537.36"
57.141.20.44 - - [29/Apr/2026:17:51:22 +0200] "GET /items/Q985350420/ HTTP/1.1" 200 0 "-" "meta-externalagent/1.1 (+https://developers.facebook.com/docs/sharing/webmasters/crawler)"
57.141.20.41 - - [29/Apr/2026:17:51:33 +0200] "GET /items/Q986346355/ HTTP/1.1" 200 0 "-" "meta-externalagent/1.1 (+https://developers.facebook.com/docs/sharing/webmasters/crawler)"
57.141.20.8 - - [29/Apr/2026:17:51:33 +0200] "GET /items/Q984383672/ HTTP/1.1" 200 0 "-" "meta-externalagent/1.1 (+https://developers.facebook.com/docs/sharing/webmasters/crawler)"
57.141.20.34 - - [29/Apr/2026:17:51:39 +0200] "GET /items/Q982574439/ HTTP/1.1" 200 0 "-" "meta-externalagent/1.1 (+https://developers.facebook.com/docs/sharing/webmasters/crawler)"
57.141.20.56 - - [29/Apr/2026:17:50:55 +0200] "GET /items/Q985503900/ HTTP/1.1" 200 0 "-" "meta-externalagent/1.1 (+https://developers.facebook.com/docs/sharing/webmasters/crawler)"
109.234.166.131 - - [29/Apr/2026:17:50:56 +0200] "GET /zybsfok/knguvxy/c1laivt/index.php?pass=WOPr7FfNmJI HTTP/1.1" 200 0 "-" "Mozilla/5.0 (Windows NT 10.0; Win64; x64) AppleWebKit/537.36 (KHTML, like Gecko) Chrome/118.0.5993.88 Safari/537.36"
57.141.20.2 - - [29/Apr/2026:17:50:58 +0200] "GET /items/Q983483015/ HTTP/1.1" 200 0 "-" "meta-externalagent/1.1 (+https://developers.facebook.com/docs/sharing/webmasters/crawler)"
57.141.20.60 - - [29/Apr/2026:17:51:02 +0200] "GET /items/Q981416445/ HTTP/1.1" 200 0 "-" "meta-externalagent/1.1 (+https://developers.facebook.com/docs/sharing/webmasters/crawler)"
57.141.20.49 - - [29/Apr/2026:17:51:05 +0200] "GET /items/Q986144549/ HTTP/1.1" 200 0 "-" "meta-externalagent/1.1 (+https://developers.facebook.com/docs/sharing/webmasters/crawler)"
109.234.166.131 - - [29/Apr/2026:17:51:22 +0200] "GET /jksulcz/wervcou/xcpudhi/index.php?pass=6et4XVumjxB HTTP/1.1" 200 0 "-" "Mozilla/5.0 (Windows NT 11.0; Win64; x64) AppleWebKit/537.36 (KHTML, like Gecko) Chrome/120.0.6099.130 Safari/537.36"
57.141.20.18 - - [29/Apr/2026:17:51:22 +0200] "GET /items/Q982233182/ HTTP/1.1" 200 0 "-" "meta-externalagent/1.1 (+https://developers.facebook.com/docs/sharing/webmasters/crawler)"
57.141.20.3 - - [29/Apr/2026:17:51:25 +0200] "GET /items/Q982219022/ HTTP/1.1" 200 0 "-" "meta-externalagent/1.1 (+https://developers.facebook.com/docs/sharing/webmasters/crawler)"
57.141.20.17 - - [29/Apr/2026:17:51:28 +0200] "GET /items/Q981286854/ HTTP/1.1" 200 0 "-" "meta-externalagent/1.1 (+https://developers.facebook.com/docs/sharing/webmasters/crawler)"
57.141.20.12 - - [29/Apr/2026:17:51:39 +0200] "GET /items/Q982516077/ HTTP/1.1" 200 0 "-" "meta-externalagent/1.1 (+https://developers.facebook.com/docs/sharing/webmasters/crawler)"
57.141.20.57 - - [29/Apr/2026:17:51:42 +0200] "GET /categorie-sitemap.xml HTTP/1.1" 200 0 "-" "meta-externalagent/1.1 (+https://developers.facebook.com/docs/sharing/webmasters/crawler)"
57.141.20.3 - - [29/Apr/2026:17:51:45 +0200] "GET /items/Q984540378/ HTTP/1.1" 200 0 "-" "meta-externalagent/1.1 (+https://developers.facebook.com/docs/sharing/webmasters/crawler)"
57.141.20.0 - - [29/Apr/2026:17:51:48 +0200] "GET /items/Q982397708/ HTTP/1.1" 200 0 "-" "meta-externalagent/1.1 (+https://developers.facebook.com/docs/sharing/webmasters/crawler)"
57.141.20.7 - - [29/Apr/2026:17:51:50 +0200] "GET /items/Q984338010/ HTTP/1.1" 200 0 "-" "meta-externalagent/1.1 (+https://developers.facebook.com/docs/sharing/webmasters/crawler)"
57.141.20.29 - - [29/Apr/2026:17:51:55 +0200] "GET /items/Q984063887/ HTTP/1.1" 200 0 "-" "meta-externalagent/1.1 (+https://developers.facebook.com/docs/sharing/webmasters/crawler)"
57.141.20.21 - - [29/Apr/2026:17:51:56 +0200] "GET /items/Q982945514/ HTTP/1.1" 200 0 "-" "meta-externalagent/1.1 (+https://developers.facebook.com/docs/sharing/webmasters/crawler)"
57.141.20.51 - - [29/Apr/2026:17:52:13 +0200] "GET /items/Q982529008/ HTTP/1.1" 200 0 "-" "meta-externalagent/1.1 (+https://developers.facebook.com/docs/sharing/webmasters/crawler)"
57.141.20.65 - - [29/Apr/2026:17:52:30 +0200] "GET /items/Q983647874/ HTTP/1.1" 200 0 "-" "meta-externalagent/1.1 (+https://developers.facebook.com/docs/sharing/webmasters/crawler)"
57.141.20.57 - - [29/Apr/2026:17:53:17 +0200] "GET /items/Q983636476/ HTTP/1.1" 200 0 "-" "meta-externalagent/1.1 (+https://developers.facebook.com/docs/sharing/webmasters/crawler)"
57.141.20.41 - - [29/Apr/2026:17:53:51 +0200] "GET /items/Q981871028/ HTTP/1.1" 200 0 "-" "meta-externalagent/1.1 (+https://developers.facebook.com/docs/sharing/webmasters/crawler)"
57.141.20.10 - - [29/Apr/2026:17:54:05 +0200] "GET /items/Q985715538/ HTTP/1.1" 200 0 "-" "meta-externalagent/1.1 (+https://developers.facebook.com/docs/sharing/webmasters/crawler)"
109.234.166.131 - - [29/Apr/2026:17:51:06 +0200] "GET /ym1nulc/tejarux/mneqdto/index.php?pass=KNpCxUqckFz HTTP/1.1" 200 0 "-" "Mozilla/5.0 (Windows NT 10.0; Win64; x64) AppleWebKit/537.36 (KHTML, like Gecko) Chrome/122.0.6261.57 Safari/537.36"
57.141.20.49 - - [29/Apr/2026:17:51:08 +0200] "GET /items/Q982509043/ HTTP/1.1" 200 0 "-" "meta-externalagent/1.1 (+https://developers.facebook.com/docs/sharing/webmasters/crawler)"
57.141.20.13 - - [29/Apr/2026:17:51:13 +0200] "GET /items/Q981243752/ HTTP/1.1" 200 0 "-" "meta-externalagent/1.1 (+https://developers.facebook.com/docs/sharing/webmasters/crawler)"
109.234.166.131 - - [29/Apr/2026:17:51:21 +0200] "GET /erujwad/adxrwhq/ugyxdlo/index.php?pass=yMifckG9h7o HTTP/1.1" 200 0 "-" "Mozilla/5.0 (Macintosh; Intel Mac OS X 13_6_1) AppleWebKit/605.1.15 (KHTML, like Gecko) Version/17.0 Safari/605.1.15"
57.141.20.13 - - [29/Apr/2026:17:51:58 +0200] "GET /items/Q982023450/ HTTP/1.1" 200 0 "-" "meta-externalagent/1.1 (+https://developers.facebook.com/docs/sharing/webmasters/crawler)"
57.141.20.1 - - [29/Apr/2026:17:52:10 +0200] "GET /items/Q985169538/ HTTP/1.1" 200 0 "-" "meta-externalagent/1.1 (+https://developers.facebook.com/docs/sharing/webmasters/crawler)"
57.141.20.13 - - [29/Apr/2026:17:52:19 +0200] "GET /items/Q986666794/ HTTP/1.1" 200 0 "-" "meta-externalagent/1.1 (+https://developers.facebook.com/docs/sharing/webmasters/crawler)"
57.141.20.59 - - [29/Apr/2026:17:52:42 +0200] "GET /items/Q985139361/ HTTP/1.1" 200 0 "-" "meta-externalagent/1.1 (+https://developers.facebook.com/docs/sharing/webmasters/crawler)"
57.141.20.44 - - [29/Apr/2026:17:52:43 +0200] "GET /items/Q981806496/ HTTP/1.1" 200 0 "-" "meta-externalagent/1.1 (+https://developers.facebook.com/docs/sharing/webmasters/crawler)"
57.141.20.18 - - [29/Apr/2026:17:52:55 +0200] "GET /items/Q983679438/ HTTP/1.1" 200 0 "-" "meta-externalagent/1.1 (+https://developers.facebook.com/docs/sharing/webmasters/crawler)"
57.141.20.6 - - [29/Apr/2026:17:53:01 +0200] "GET /items/Q983370057/ HTTP/1.1" 200 0 "-" "meta-externalagent/1.1 (+https://developers.facebook.com/docs/sharing/webmasters/crawler)"
57.141.20.6 - - [29/Apr/2026:17:53:11 +0200] "GET /items/Q984542737/ HTTP/1.1" 200 0 "-" "meta-externalagent/1.1 (+https://developers.facebook.com/docs/sharing/webmasters/crawler)"
57.141.20.51 - - [29/Apr/2026:17:53:12 +0200] "GET /items/Q985369427/ HTTP/1.1" 200 0 "-" "meta-externalagent/1.1 (+https://developers.facebook.com/docs/sharing/webmasters/crawler)"
57.141.20.67 - - [29/Apr/2026:17:53:40 +0200] "GET /items/Q983540068/ HTTP/1.1" 200 0 "-" "meta-externalagent/1.1 (+https://developers.facebook.com/docs/sharing/webmasters/crawler)"
57.141.20.31 - - [29/Apr/2026:17:54:29 +0200] "GET /items/Q987884056/ HTTP/1.1" 200 0 "-" "meta-externalagent/1.1 (+https://developers.facebook.com/docs/sharing/webmasters/crawler)"
57.141.20.51 - - [29/Apr/2026:17:54:30 +0200] "GET /items/Q982405831/ HTTP/1.1" 200 0 "-" "meta-externalagent/1.1 (+https://developers.facebook.com/docs/sharing/webmasters/crawler)"
57.141.20.10 - - [29/Apr/2026:17:54:40 +0200] "GET /items/Q986494640/ HTTP/1.1" 200 0 "-" "meta-externalagent/1.1 (+https://developers.facebook.com/docs/sharing/webmasters/crawler)"
57.141.20.55 - - [29/Apr/2026:17:54:49 +0200] "GET /items/Q984215856/ HTTP/1.1" 200 0 "-" "meta-externalagent/1.1 (+https://developers.facebook.com/docs/sharing/webmasters/crawler)"
147.92.179.115 - - [29/Apr/2026:17:55:01 +0200] "GET / HTTP/1.1" 200 0 "-" "facebookexternalhit/1.1;line-poker/1.0"
57.141.20.62 - - [29/Apr/2026:17:55:16 +0200] "GET /items/Q983057551/ HTTP/1.1" 200 0 "-" "meta-externalagent/1.1 (+https://developers.facebook.com/docs/sharing/webmasters/crawler)"
57.141.20.58 - - [29/Apr/2026:17:55:21 +0200] "GET /items/Q986784226/ HTTP/1.1" 200 0 "-" "meta-externalagent/1.1 (+https://developers.facebook.com/docs/sharing/webmasters/crawler)"
57.141.20.25 - - [29/Apr/2026:17:55:26 +0200] "GET /items/Q983725312/ HTTP/1.1" 200 0 "-" "meta-externalagent/1.1 (+https://developers.facebook.com/docs/sharing/webmasters/crawler)"
57.141.20.52 - - [29/Apr/2026:17:52:04 +0200] "GET /items/Q981200862/ HTTP/1.1" 200 0 "-" "meta-externalagent/1.1 (+https://developers.facebook.com/docs/sharing/webmasters/crawler)"
57.141.20.27 - - [29/Apr/2026:17:52:04 +0200] "GET /items/Q986675211/ HTTP/1.1" 200 0 "-" "meta-externalagent/1.1 (+https://developers.facebook.com/docs/sharing/webmasters/crawler)"
57.141.20.28 - - [29/Apr/2026:17:52:11 +0200] "GET /items/Q981226309/ HTTP/1.1" 200 0 "-" "meta-externalagent/1.1 (+https://developers.facebook.com/docs/sharing/webmasters/crawler)"
57.141.20.7 - - [29/Apr/2026:17:52:23 +0200] "GET /items/Q983361474/ HTTP/1.1" 200 0 "-" "meta-externalagent/1.1 (+https://developers.facebook.com/docs/sharing/webmasters/crawler)"
57.141.20.31 - - [29/Apr/2026:17:52:26 +0200] "GET /items/Q984927169/ HTTP/1.1" 200 0 "-" "meta-externalagent/1.1 (+https://developers.facebook.com/docs/sharing/webmasters/crawler)"
57.141.20.65 - - [29/Apr/2026:17:52:30 +0200] "GET /items/Q986360724/ HTTP/1.1" 200 0 "-" "meta-externalagent/1.1 (+https://developers.facebook.com/docs/sharing/webmasters/crawler)"
57.141.20.3 - - [29/Apr/2026:17:52:38 +0200] "GET /items/Q983471715/ HTTP/1.1" 200 0 "-" "meta-externalagent/1.1 (+https://developers.facebook.com/docs/sharing/webmasters/crawler)"
57.141.20.17 - - [29/Apr/2026:17:53:06 +0200] "GET /items/Q984758749/ HTTP/1.1" 200 0 "-" "meta-externalagent/1.1 (+https://developers.facebook.com/docs/sharing/webmasters/crawler)"
57.141.20.26 - - [29/Apr/2026:17:53:22 +0200] "GET /items/Q983534837/ HTTP/1.1" 200 0 "-" "meta-externalagent/1.1 (+https://developers.facebook.com/docs/sharing/webmasters/crawler)"
57.141.20.42 - - [29/Apr/2026:17:53:27 +0200] "GET /items/Q985679125/ HTTP/1.1" 200 0 "-" "meta-externalagent/1.1 (+https://developers.facebook.com/docs/sharing/webmasters/crawler)"
57.141.20.44 - - [29/Apr/2026:17:53:32 +0200] "GET /items/Q985572213/ HTTP/1.1" 200 0 "-" "meta-externalagent/1.1 (+https://developers.facebook.com/docs/sharing/webmasters/crawler)"
57.141.20.1 - - [29/Apr/2026:17:53:37 +0200] "GET /items/Q982435158/ HTTP/1.1" 200 0 "-" "meta-externalagent/1.1 (+https://developers.facebook.com/docs/sharing/webmasters/crawler)"
57.141.20.45 - - [29/Apr/2026:17:53:45 +0200] "GET /items/Q985541518/ HTTP/1.1" 200 0 "-" "meta-externalagent/1.1 (+https://developers.facebook.com/docs/sharing/webmasters/crawler)"
57.141.20.53 - - [29/Apr/2026:17:54:06 +0200] "GET /items/Q982628517/ HTTP/1.1" 200 0 "-" "meta-externalagent/1.1 (+https://developers.facebook.com/docs/sharing/webmasters/crawler)"
57.141.20.4 - - [29/Apr/2026:17:54:43 +0200] "GET /items/Q983145369/ HTTP/1.1" 200 0 "-" "meta-externalagent/1.1 (+https://developers.facebook.com/docs/sharing/webmasters/crawler)"
57.141.20.43 - - [29/Apr/2026:17:54:54 +0200] "GET /items/Q983664837/ HTTP/1.1" 200 0 "-" "meta-externalagent/1.1 (+https://developers.facebook.com/docs/sharing/webmasters/crawler)"
57.141.20.34 - - [29/Apr/2026:17:55:11 +0200] "GET /items/Q984217286/ HTTP/1.1" 200 0 "-" "meta-externalagent/1.1 (+https://developers.facebook.com/docs/sharing/webmasters/crawler)"
57.141.20.32 - - [29/Apr/2026:17:55:41 +0200] "GET /items/Q986997839/ HTTP/1.1" 200 0 "-" "meta-externalagent/1.1 (+https://developers.facebook.com/docs/sharing/webmasters/crawler)"
57.141.20.7 - - [29/Apr/2026:17:55:45 +0200] "GET /items/Q985450924/ HTTP/1.1" 200 0 "-" "meta-externalagent/1.1 (+https://developers.facebook.com/docs/sharing/webmasters/crawler)"
57.141.20.70 - - [29/Apr/2026:17:55:49 +0200] "GET /items/Q984322214/ HTTP/1.1" 200 0 "-" "meta-externalagent/1.1 (+https://developers.facebook.com/docs/sharing/webmasters/crawler)"
57.141.20.32 - - [29/Apr/2026:17:55:53 +0200] "GET /items/Q982795776/ HTTP/1.1" 200 0 "-" "meta-externalagent/1.1 (+https://developers.facebook.com/docs/sharing/webmasters/crawler)"
109.234.166.131 - - [29/Apr/2026:17:56:13 +0200] "GET /cgslqrx/d1fctea/izdscwv/index.php?pass=LKyY6kuOcb9 HTTP/1.1" 200 0 "-" "Mozilla/5.0 (Macintosh; Intel Mac OS X 11_7_2) AppleWebKit/605.1.15 (KHTML, like Gecko) Version/16.6.1 Safari/605.1.15"
57.141.20.5 - - [29/Apr/2026:17:54:16 +0200] "GET /items/Q981760813/ HTTP/1.1" 200 0 "-" "meta-externalagent/1.1 (+https://developers.facebook.com/docs/sharing/webmasters/crawler)"
57.141.20.60 - - [29/Apr/2026:17:55:01 +0200] "GET /items/Q983266659/ HTTP/1.1" 200 0 "-" "meta-externalagent/1.1 (+https://developers.facebook.com/docs/sharing/webmasters/crawler)"
57.141.20.53 - - [29/Apr/2026:17:55:32 +0200] "GET /items/Q987902315/ HTTP/1.1" 200 0 "-" "meta-externalagent/1.1 (+https://developers.facebook.com/docs/sharing/webmasters/crawler)"
57.141.20.64 - - [29/Apr/2026:17:56:01 +0200] "GET /items/Q987454190/ HTTP/1.1" 200 0 "-" "meta-externalagent/1.1 (+https://developers.facebook.com/docs/sharing/webmasters/crawler)"
57.141.20.18 - - [29/Apr/2026:17:56:05 +0200] "GET /items/Q984058259/ HTTP/1.1" 200 0 "-" "meta-externalagent/1.1 (+https://developers.facebook.com/docs/sharing/webmasters/crawler)"
109.234.166.131 - - [29/Apr/2026:17:56:13 +0200] "GET /cgslqrx/d1fctea/izdscwv/index.php?pass=LKyY6kuOcb9 HTTP/1.1" 200 0 "-" "Mozilla/5.0 (Macintosh; Intel Mac OS X 11_7_2) AppleWebKit/605.1.15 (KHTML, like Gecko) Version/16.6.1 Safari/605.1.15"
109.234.166.131 - - [29/Apr/2026:17:56:13 +0200] "GET /qobcasd/rhplqyc/tuhzyxk/index.php?pass=qt96B2jSowJ HTTP/1.1" 200 0 "-" "Mozilla/5.0 (X11; Linux x86_64) Gecko/20100101 Firefox/120.0.1"
109.234.166.131 - - [29/Apr/2026:17:56:15 +0200] "GET /umrcila/zlbeofc/bzsjglv/index.php?pass=IvyVEFqLDnt HTTP/1.1" 200 0 "-" "Mozilla/5.0 (Macintosh; Intel Mac OS X 10_15_7) AppleWebKit/605.1.15 (KHTML, like Gecko) Version/17.0 Safari/605.1.15"
57.141.20.10 - - [29/Apr/2026:17:56:16 +0200] "GET /items/Q982631291/ HTTP/1.1" 200 0 "-" "meta-externalagent/1.1 (+https://developers.facebook.com/docs/sharing/webmasters/crawler)"
109.234.166.131 - - [29/Apr/2026:17:56:17 +0200] "GET /mxlzv1u/jedoyhk/p1qolsg/index.php?pass=FoU5P6CpXki HTTP/1.1" 200 0 "-" "Mozilla/5.0 (X11; Linux x86_64) AppleWebKit/537.36 (KHTML, like Gecko) Chrome/120.0.6099.130 Safari/537.36"
109.234.166.131 - - [29/Apr/2026:17:56:20 +0200] "GET /rpkizqj/pjqtulb/stpwgfc/index.php?pass=jovgWbiLteY HTTP/1.1" 200 0 "-" "Mozilla/5.0 (X11; Ubuntu; Linux x86_64) AppleWebKit/537.36 (KHTML, like Gecko) Chrome/120.0.6099.130 Safari/537.36"
57.141.20.56 - - [29/Apr/2026:17:56:24 +0200] "GET /items/Q985363203/ HTTP/1.1" 200 0 "-" "meta-externalagent/1.1 (+https://developers.facebook.com/docs/sharing/webmasters/crawler)"
109.234.166.131 - - [29/Apr/2026:17:56:25 +0200] "GET /ikjz1ho/snayfzk/zsykbap/index.php?pass=Ir8wnWS4dJ1 HTTP/1.1" 200 0 "-" "Mozilla/5.0 (X11; Linux x86_64) AppleWebKit/537.36 (KHTML, like Gecko) Chrome/122.0.6261.57 Safari/537.36"
109.234.166.131 - - [29/Apr/2026:17:56:29 +0200] "GET /hbqszkt/owkgple/mvrhnku/index.php?pass=HdexYf5GPac HTTP/1.1" 200 0 "-" "Mozilla/5.0 (Windows NT 10.0; Win64; x64) AppleWebKit/537.36 (KHTML, like Gecko) Chrome/119.0.6045.159 Safari/537.36"
109.234.166.131 - - [29/Apr/2026:17:56:29 +0200] "GET /lsbukaq/bqkedlp/taysxvd/index.php?pass=Fet45fjC1My HTTP/1.1" 200 0 "-" "Mozilla/5.0 (X11; Linux x86_64) Gecko/20100101 Firefox/120.0.1"
109.234.166.131 - - [29/Apr/2026:17:56:29 +0200] "GET /kvbxpce/izpcdos/owhtclr/index.php?pass=5JAQ9MlsLtd HTTP/1.1" 200 0 "-" "Mozilla/5.0 (Windows NT 10.0; Win64; x64) AppleWebKit/537.36 (KHTML, like Gecko) Chrome/122.0.6261.57 Safari/537.36"
109.234.166.131 - - [29/Apr/2026:17:56:31 +0200] "GET /pzfrbci/jfvazrg/pfra1ne/index.php?pass=w8UQehZHK49 HTTP/1.1" 200 0 "-" "Mozilla/5.0 (Windows NT 10.0; Win64; x64) AppleWebKit/537.36 (KHTML, like Gecko) Chrome/120.0.6099.130 Safari/537.36"
109.234.166.131 - - [29/Apr/2026:17:56:39 +0200] "GET /aicbgfe/jckrdhe/yosxhum/index.php?pass=5EDdagYH462 HTTP/1.1" 200 0 "-" "Mozilla/5.0 (X11; Ubuntu; Linux x86_64) AppleWebKit/537.36 (KHTML, like Gecko) Chrome/118.0.5993.88 Safari/537.36"
109.234.166.131 - - [29/Apr/2026:17:56:43 +0200] "GET /tpbu1za/wsrfnla/uhpfeit/index.php?pass=n6aXdel1PxV HTTP/1.1" 200 0 "-" "Mozilla/5.0 (Windows NT 10.0; Win64; x64) Gecko/20100101 Firefox/120.0.1"
57.141.20.9 - - [29/Apr/2026:17:55:37 +0200] "GET /items/Q985984497/ HTTP/1.1" 200 0 "-" "meta-externalagent/1.1 (+https://developers.facebook.com/docs/sharing/webmasters/crawler)"
57.141.20.39 - - [29/Apr/2026:17:56:01 +0200] "GET /items/Q985107227/ HTTP/1.1" 200 0 "-" "meta-externalagent/1.1 (+https://developers.facebook.com/docs/sharing/webmasters/crawler)"
57.141.20.54 - - [29/Apr/2026:17:56:09 +0200] "GET /items/Q986749337/ HTTP/1.1" 200 0 "-" "meta-externalagent/1.1 (+https://developers.facebook.com/docs/sharing/webmasters/crawler)"
109.234.166.131 - - [29/Apr/2026:17:56:13 +0200] "GET /qobcasd/rhplqyc/tuhzyxk/index.php?pass=qt96B2jSowJ HTTP/1.1" 200 0 "-" "Mozilla/5.0 (X11; Linux x86_64) Gecko/20100101 Firefox/120.0.1"
109.234.166.131 - - [29/Apr/2026:17:56:14 +0200] "GET /avu1fyt/ekaswcy/ehjp1vd/index.php?pass=tTdEWg2xshc HTTP/1.1" 200 0 "-" "Mozilla/5.0 (X11; Linux x86_64) AppleWebKit/537.36 (KHTML, like Gecko) Chrome/118.0.5993.88 Safari/537.36"
109.234.166.131 - - [29/Apr/2026:17:56:15 +0200] "GET /umrcila/zlbeofc/bzsjglv/index.php?pass=IvyVEFqLDnt HTTP/1.1" 200 0 "-" "Mozilla/5.0 (Macintosh; Intel Mac OS X 10_15_7) AppleWebKit/605.1.15 (KHTML, like Gecko) Version/17.0 Safari/605.1.15"
109.234.166.131 - - [29/Apr/2026:17:56:17 +0200] "GET /dsowvkh/qgdxzub/ksvgrfl/index.php?pass=vDFUc1gYiRB HTTP/1.1" 200 0 "-" "Mozilla/5.0 (Macintosh; Intel Mac OS X 13_6_2) AppleWebKit/537.36 (KHTML, like Gecko) Chrome/118.0.5993.88 Safari/537.36"
109.234.166.131 - - [29/Apr/2026:17:56:20 +0200] "GET /rpkizqj/pjqtulb/stpwgfc/index.php?pass=jovgWbiLteY HTTP/1.1" 200 0 "-" "Mozilla/5.0 (X11; Ubuntu; Linux x86_64) AppleWebKit/537.36 (KHTML, like Gecko) Chrome/120.0.6099.130 Safari/537.36"
109.234.166.131 - - [29/Apr/2026:17:56:29 +0200] "GET /hbqszkt/owkgple/mvrhnku/index.php?pass=HdexYf5GPac HTTP/1.1" 200 0 "-" "Mozilla/5.0 (Windows NT 10.0; Win64; x64) AppleWebKit/537.36 (KHTML, like Gecko) Chrome/119.0.6045.159 Safari/537.36"
109.234.166.131 - - [29/Apr/2026:17:56:30 +0200] "GET /vwxlekt/yfwjcbx/yezxnpo/index.php?pass=2Rc4T36ArFU HTTP/1.1" 200 0 "-" "Mozilla/5.0 (Windows NT 10.0; Win64; x64) AppleWebKit/537.36 (KHTML, like Gecko) Chrome/120.0.0.0 Safari/537.36 Edg/120.0.2210.133"
109.234.166.131 - - [29/Apr/2026:17:56:31 +0200] "GET /ixycrhq/eyzqisr/pshkoyf/index.php?pass=6xMBIzjNC5F HTTP/1.1" 200 0 "-" "Mozilla/5.0 (Macintosh; Intel Mac OS X 10.15) Gecko/20100101 Firefox/122.0"
109.234.166.131 - - [29/Apr/2026:17:56:31 +0200] "GET /ixycrhq/eyzqisr/pshkoyf/index.php?pass=6xMBIzjNC5F HTTP/1.1" 200 0 "-" "Mozilla/5.0 (Macintosh; Intel Mac OS X 10.15) Gecko/20100101 Firefox/122.0"
109.234.166.131 - - [29/Apr/2026:17:56:31 +0200] "GET /pzfrbci/jfvazrg/pfra1ne/index.php?pass=w8UQehZHK49 HTTP/1.1" 200 0 "-" "Mozilla/5.0 (Windows NT 10.0; Win64; x64) AppleWebKit/537.36 (KHTML, like Gecko) Chrome/120.0.6099.130 Safari/537.36"
57.141.20.31 - - [29/Apr/2026:17:56:31 +0200] "GET /items/Q987554502/ HTTP/1.1" 200 0 "-" "meta-externalagent/1.1 (+https://developers.facebook.com/docs/sharing/webmasters/crawler)"
109.234.166.131 - - [29/Apr/2026:17:56:33 +0200] "GET /vo1fbnc/kzxyltc/wtacpfq/index.php?pass=UEBkjJDa4Y9 HTTP/1.1" 200 0 "-" "Mozilla/5.0 (X11; Ubuntu; Linux x86_64) AppleWebKit/537.36 (KHTML, like Gecko) Chrome/121.0.6167.85 Safari/537.36"
109.234.166.131 - - [29/Apr/2026:17:56:33 +0200] "GET /e1zxtyu/tzrhvdl/cftornh/index.php?pass=TVgclraZAbm HTTP/1.1" 200 0 "-" "Mozilla/5.0 (X11; Ubuntu; Linux x86_64) AppleWebKit/537.36 (KHTML, like Gecko) Chrome/119.0.6045.159 Safari/537.36"
57.141.20.2 - - [29/Apr/2026:17:56:36 +0200] "GET /items/Q983947579/ HTTP/1.1" 200 0 "-" "meta-externalagent/1.1 (+https://developers.facebook.com/docs/sharing/webmasters/crawler)"
109.234.166.131 - - [29/Apr/2026:17:56:43 +0200] "GET /tpbu1za/wsrfnla/uhpfeit/index.php?pass=n6aXdel1PxV HTTP/1.1" 200 0 "-" "Mozilla/5.0 (Windows NT 10.0; Win64; x64) Gecko/20100101 Firefox/120.0.1"
109.234.166.131 - - [29/Apr/2026:17:56:14 +0200] "GET /avu1fyt/ekaswcy/ehjp1vd/index.php?pass=tTdEWg2xshc HTTP/1.1" 200 0 "-" "Mozilla/5.0 (X11; Linux x86_64) AppleWebKit/537.36 (KHTML, like Gecko) Chrome/118.0.5993.88 Safari/537.36"
57.141.20.41 - - [29/Apr/2026:17:56:16 +0200] "GET /items/Q986889790/ HTTP/1.1" 200 0 "-" "meta-externalagent/1.1 (+https://developers.facebook.com/docs/sharing/webmasters/crawler)"
109.234.166.131 - - [29/Apr/2026:17:56:17 +0200] "GET /dsowvkh/qgdxzub/ksvgrfl/index.php?pass=vDFUc1gYiRB HTTP/1.1" 200 0 "-" "Mozilla/5.0 (Macintosh; Intel Mac OS X 13_6_2) AppleWebKit/537.36 (KHTML, like Gecko) Chrome/118.0.5993.88 Safari/537.36"
109.234.166.131 - - [29/Apr/2026:17:56:17 +0200] "GET /mxlzv1u/jedoyhk/p1qolsg/index.php?pass=FoU5P6CpXki HTTP/1.1" 200 0 "-" "Mozilla/5.0 (X11; Linux x86_64) AppleWebKit/537.36 (KHTML, like Gecko) Chrome/120.0.6099.130 Safari/537.36"
109.234.166.131 - - [29/Apr/2026:17:56:19 +0200] "GET /awobrds/tlnyaxh/saudfhi/index.php?pass=wxfYjl3VOqd HTTP/1.1" 200 0 "-" "Mozilla/5.0 (X11; Linux x86_64) Gecko/20100101 Firefox/121.0"
109.234.166.131 - - [29/Apr/2026:17:56:19 +0200] "GET /awobrds/tlnyaxh/saudfhi/index.php?pass=wxfYjl3VOqd HTTP/1.1" 200 0 "-" "Mozilla/5.0 (X11; Linux x86_64) Gecko/20100101 Firefox/121.0"
57.141.20.10 - - [29/Apr/2026:17:56:20 +0200] "GET /items/Q982166432/ HTTP/1.1" 200 0 "-" "meta-externalagent/1.1 (+https://developers.facebook.com/docs/sharing/webmasters/crawler)"
109.234.166.131 - - [29/Apr/2026:17:56:25 +0200] "GET /ikjz1ho/snayfzk/zsykbap/index.php?pass=Ir8wnWS4dJ1 HTTP/1.1" 200 0 "-" "Mozilla/5.0 (X11; Linux x86_64) AppleWebKit/537.36 (KHTML, like Gecko) Chrome/122.0.6261.57 Safari/537.36"
109.234.166.131 - - [29/Apr/2026:17:56:29 +0200] "GET /lsbukaq/bqkedlp/taysxvd/index.php?pass=Fet45fjC1My HTTP/1.1" 200 0 "-" "Mozilla/5.0 (X11; Linux x86_64) Gecko/20100101 Firefox/120.0.1"
109.234.166.131 - - [29/Apr/2026:17:56:29 +0200] "GET /kvbxpce/izpcdos/owhtclr/index.php?pass=5JAQ9MlsLtd HTTP/1.1" 200 0 "-" "Mozilla/5.0 (Windows NT 10.0; Win64; x64) AppleWebKit/537.36 (KHTML, like Gecko) Chrome/122.0.6261.57 Safari/537.36"
109.234.166.131 - - [29/Apr/2026:17:56:30 +0200] "GET /vwxlekt/yfwjcbx/yezxnpo/index.php?pass=2Rc4T36ArFU HTTP/1.1" 200 0 "-" "Mozilla/5.0 (Windows NT 10.0; Win64; x64) AppleWebKit/537.36 (KHTML, like Gecko) Chrome/120.0.0.0 Safari/537.36 Edg/120.0.2210.133"
109.234.166.131 - - [29/Apr/2026:17:56:33 +0200] "GET /vo1fbnc/kzxyltc/wtacpfq/index.php?pass=UEBkjJDa4Y9 HTTP/1.1" 200 0 "-" "Mozilla/5.0 (X11; Ubuntu; Linux x86_64) AppleWebKit/537.36 (KHTML, like Gecko) Chrome/121.0.6167.85 Safari/537.36"
109.234.166.131 - - [29/Apr/2026:17:56:33 +0200] "GET /e1zxtyu/tzrhvdl/cftornh/index.php?pass=TVgclraZAbm HTTP/1.1" 200 0 "-" "Mozilla/5.0 (X11; Ubuntu; Linux x86_64) AppleWebKit/537.36 (KHTML, like Gecko) Chrome/119.0.6045.159 Safari/537.36"
57.141.20.20 - - [29/Apr/2026:17:56:36 +0200] "GET /items/Q984644680/ HTTP/1.1" 200 0 "-" "meta-externalagent/1.1 (+https://developers.facebook.com/docs/sharing/webmasters/crawler)"
109.234.166.131 - - [29/Apr/2026:17:56:39 +0200] "GET /aicbgfe/jckrdhe/yosxhum/index.php?pass=5EDdagYH462 HTTP/1.1" 200 0 "-" "Mozilla/5.0 (X11; Ubuntu; Linux x86_64) AppleWebKit/537.36 (KHTML, like Gecko) Chrome/118.0.5993.88 Safari/537.36"
57.141.20.62 - - [29/Apr/2026:17:56:40 +0200] "GET /items/Q983398085/ HTTP/1.1" 200 0 "-" "meta-externalagent/1.1 (+https://developers.facebook.com/docs/sharing/webmasters/crawler)"
109.234.166.131 - - [29/Apr/2026:17:56:45 +0200] "GET /qh1gtpj/japhflk/kpaifwg/index.php?pass=6sAcir5MnCv HTTP/1.1" 200 0 "-" "Mozilla/5.0 (X11; Ubuntu; Linux x86_64) AppleWebKit/537.36 (KHTML, like Gecko) Chrome/118.0.5993.88 Safari/537.36"
57.141.20.64 - - [29/Apr/2026:17:56:47 +0200] "GET /items/Q986608825/ HTTP/1.1" 200 0 "-" "meta-externalagent/1.1 (+https://developers.facebook.com/docs/sharing/webmasters/crawler)"
109.234.166.131 - - [29/Apr/2026:17:56:44 +0200] "GET /uqiaxwz/utwdj1o/bs1uinr/index.php?pass=wKrVg5yQGjN HTTP/1.1" 200 0 "-" "Mozilla/5.0 (X11; Ubuntu; Linux x86_64; rv:121.0) Gecko/20100101 Firefox/121.0"
109.234.166.131 - - [29/Apr/2026:17:56:44 +0200] "GET /uqiaxwz/utwdj1o/bs1uinr/index.php?pass=wKrVg5yQGjN HTTP/1.1" 200 0 "-" "Mozilla/5.0 (X11; Ubuntu; Linux x86_64; rv:121.0) Gecko/20100101 Firefox/121.0"
109.234.166.131 - - [29/Apr/2026:17:56:45 +0200] "GET /mzoqhvi/ryejotk/jgbraip/index.php?pass=cXwJZSsnfUu HTTP/1.1" 200 0 "-" "Mozilla/5.0 (Windows NT 10.0; Win64; x64) AppleWebKit/537.36 (KHTML, like Gecko) Chrome/122.0.6261.57 Safari/537.36"
109.234.166.131 - - [29/Apr/2026:17:56:45 +0200] "GET /mzoqhvi/ryejotk/jgbraip/index.php?pass=cXwJZSsnfUu HTTP/1.1" 200 0 "-" "Mozilla/5.0 (Windows NT 10.0; Win64; x64) AppleWebKit/537.36 (KHTML, like Gecko) Chrome/122.0.6261.57 Safari/537.36"
109.234.166.131 - - [29/Apr/2026:17:56:45 +0200] "GET /qh1gtpj/japhflk/kpaifwg/index.php?pass=6sAcir5MnCv HTTP/1.1" 200 0 "-" "Mozilla/5.0 (X11; Ubuntu; Linux x86_64) AppleWebKit/537.36 (KHTML, like Gecko) Chrome/118.0.5993.88 Safari/537.36"
109.234.166.131 - - [29/Apr/2026:17:56:46 +0200] "GET /ikyg1xu/evjfxmq/kr1smqz/index.php?pass=gkZmDI43toP HTTP/1.1" 200 0 "-" "Mozilla/5.0 (Windows NT 10.0; Win64; x64) AppleWebKit/537.36 (KHTML, like Gecko) Chrome/120.0.0.0 Safari/537.36 Edg/120.0.2210.133"
109.234.166.131 - - [29/Apr/2026:17:56:47 +0200] "GET /czrmoga/rjzxysl/nbhjd1x/index.php?pass=H2IceFkpxio HTTP/1.1" 200 0 "-" "Mozilla/5.0 (Macintosh; Intel Mac OS X 10_15_7) AppleWebKit/537.36 (KHTML, like Gecko) Chrome/121.0.6167.85 Safari/537.36"
109.234.166.131 - - [29/Apr/2026:17:56:49 +0200] "GET /nyduvh1/wkdiyhp/lxvitma/index.php?pass=HfCqjESwdxF HTTP/1.1" 200 0 "-" "Mozilla/5.0 (Macintosh; Intel Mac OS X 10_15_7) AppleWebKit/537.36 (KHTML, like Gecko) Chrome/121.0.6167.85 Safari/537.36"
109.234.166.131 - - [29/Apr/2026:17:56:50 +0200] "GET /gehboti/zgrafbt/jofialq/index.php?pass=VyPruYOzoK3 HTTP/1.1" 200 0 "-" "Mozilla/5.0 (X11; Ubuntu; Linux x86_64; rv:120.0.1) Gecko/20100101 Firefox/120.0.1"
109.234.166.131 - - [29/Apr/2026:17:56:50 +0200] "GET /gehboti/zgrafbt/jofialq/index.php?pass=VyPruYOzoK3 HTTP/1.1" 200 0 "-" "Mozilla/5.0 (X11; Ubuntu; Linux x86_64; rv:120.0.1) Gecko/20100101 Firefox/120.0.1"
109.234.166.131 - - [29/Apr/2026:17:56:53 +0200] "GET /s1afezd/mweaphf/jxqmcl1/index.php?pass=eybC4Ho9dLu HTTP/1.1" 200 0 "-" "Mozilla/5.0 (X11; Ubuntu; Linux x86_64) AppleWebKit/537.36 (KHTML, like Gecko) Chrome/118.0.5993.88 Safari/537.36"
57.141.20.68 - - [29/Apr/2026:17:56:55 +0200] "GET /items/Q986523312/ HTTP/1.1" 200 0 "-" "meta-externalagent/1.1 (+https://developers.facebook.com/docs/sharing/webmasters/crawler)"
109.234.166.131 - - [29/Apr/2026:17:56:58 +0200] "GET /mhbwsvk/impqwad/1obejrd/index.php?pass=JxkcAyENY76 HTTP/1.1" 200 0 "-" "Mozilla/5.0 (Windows NT 10.0; Win64; x64) AppleWebKit/537.36 (KHTML, like Gecko) Chrome/118.0.5993.88 Safari/537.36"
109.234.166.131 - - [29/Apr/2026:17:56:58 +0200] "GET /mhbwsvk/impqwad/1obejrd/index.php?pass=JxkcAyENY76 HTTP/1.1" 200 0 "-" "Mozilla/5.0 (Windows NT 10.0; Win64; x64) AppleWebKit/537.36 (KHTML, like Gecko) Chrome/118.0.5993.88 Safari/537.36"
109.234.166.131 - - [29/Apr/2026:17:57:00 +0200] "GET /ezfcgsy/ijvrdas/rljmecx/index.php?pass=4jZCMWbuyzS HTTP/1.1" 200 0 "-" "Mozilla/5.0 (Windows NT 10.0; Win64; x64) Gecko/20100101 Firefox/120.0.1"
109.234.166.131 - - [29/Apr/2026:17:57:00 +0200] "GET /ezfcgsy/ijvrdas/rljmecx/index.php?pass=4jZCMWbuyzS HTTP/1.1" 200 0 "-" "Mozilla/5.0 (Windows NT 10.0; Win64; x64) Gecko/20100101 Firefox/120.0.1"
109.234.166.131 - - [29/Apr/2026:17:57:02 +0200] "GET /gzptueh/ndxfsqj/fb1olci/index.php?pass=lDAsGvriZHX HTTP/1.1" 200 0 "-" "Mozilla/5.0 (Windows NT 10.0; Win64; x64) AppleWebKit/537.36 (KHTML, like Gecko) Chrome/119.0.6045.159 Safari/537.36"
109.234.166.131 - - [29/Apr/2026:17:56:45 +0200] "GET /vsmnrih/ubcimwn/tmvjrlo/index.php?pass=U2uxBdrsiv7 HTTP/1.1" 200 0 "-" "Mozilla/5.0 (Macintosh; Intel Mac OS X 13_6_1) AppleWebKit/605.1.15 (KHTML, like Gecko) Version/17.0 Safari/605.1.15"
109.234.166.131 - - [29/Apr/2026:17:56:45 +0200] "GET /vsmnrih/ubcimwn/tmvjrlo/index.php?pass=U2uxBdrsiv7 HTTP/1.1" 200 0 "-" "Mozilla/5.0 (Macintosh; Intel Mac OS X 13_6_1) AppleWebKit/605.1.15 (KHTML, like Gecko) Version/17.0 Safari/605.1.15"
109.234.166.131 - - [29/Apr/2026:17:56:46 +0200] "GET /ikyg1xu/evjfxmq/kr1smqz/index.php?pass=gkZmDI43toP HTTP/1.1" 200 0 "-" "Mozilla/5.0 (Windows NT 10.0; Win64; x64) AppleWebKit/537.36 (KHTML, like Gecko) Chrome/120.0.0.0 Safari/537.36 Edg/120.0.2210.133"
109.234.166.131 - - [29/Apr/2026:17:56:47 +0200] "GET /czrmoga/rjzxysl/nbhjd1x/index.php?pass=H2IceFkpxio HTTP/1.1" 200 0 "-" "Mozilla/5.0 (Macintosh; Intel Mac OS X 10_15_7) AppleWebKit/537.36 (KHTML, like Gecko) Chrome/121.0.6167.85 Safari/537.36"
57.141.20.38 - - [29/Apr/2026:17:56:47 +0200] "GET /items/Q985003409/ HTTP/1.1" 200 0 "-" "meta-externalagent/1.1 (+https://developers.facebook.com/docs/sharing/webmasters/crawler)"
109.234.166.131 - - [29/Apr/2026:17:56:58 +0200] "GET /ykipnbq/wqlzfea/omelsuc/index.php?pass=FDy3kZhB5pY HTTP/1.1" 200 0 "-" "Mozilla/5.0 (Macintosh; Intel Mac OS X 10.15) Gecko/20100101 Firefox/120.0.1"
57.141.20.9 - - [29/Apr/2026:17:57:00 +0200] "GET /items/Q983161797/ HTTP/1.1" 200 0 "-" "meta-externalagent/1.1 (+https://developers.facebook.com/docs/sharing/webmasters/crawler)"
109.234.166.131 - - [29/Apr/2026:17:57:00 +0200] "GET /qktrmzx/sgtacel/sinxkrp/index.php?pass=O2w6IKeUpLt HTTP/1.1" 200 0 "-" "Mozilla/5.0 (X11; Ubuntu; Linux x86_64; rv:119.0.1) Gecko/20100101 Firefox/119.0.1"
109.234.166.131 - - [29/Apr/2026:17:57:02 +0200] "GET /gzptueh/ndxfsqj/fb1olci/index.php?pass=lDAsGvriZHX HTTP/1.1" 200 0 "-" "Mozilla/5.0 (Windows NT 10.0; Win64; x64) AppleWebKit/537.36 (KHTML, like Gecko) Chrome/119.0.6045.159 Safari/537.36"
109.234.166.131 - - [29/Apr/2026:17:57:03 +0200] "GET /1xsidpa/mbigz1q/1znojtc/index.php?pass=Cht8mrfNbqv HTTP/1.1" 200 0 "-" "Mozilla/5.0 (Macintosh; Intel Mac OS X 11_7_2) AppleWebKit/605.1.15 (KHTML, like Gecko) Version/16.6.1 Safari/605.1.15"
57.141.20.59 - - [29/Apr/2026:17:57:03 +0200] "GET /items/Q985520061/ HTTP/1.1" 200 0 "-" "meta-externalagent/1.1 (+https://developers.facebook.com/docs/sharing/webmasters/crawler)"
109.234.166.131 - - [29/Apr/2026:17:57:05 +0200] "GET /dytwfxl/irzjwuf/jctqyex/index.php?pass=AyfodRaMLED HTTP/1.1" 200 0 "-" "Mozilla/5.0 (X11; Linux x86_64) Gecko/20100101 Firefox/121.0"
109.234.166.131 - - [29/Apr/2026:17:57:05 +0200] "GET /dytwfxl/irzjwuf/jctqyex/index.php?pass=AyfodRaMLED HTTP/1.1" 200 0 "-" "Mozilla/5.0 (X11; Linux x86_64) Gecko/20100101 Firefox/121.0"
109.234.166.131 - - [29/Apr/2026:17:57:05 +0200] "GET /wzyjemp/aevfzsj/vqschx1/index.php?pass=Oz9IfMXNhJo HTTP/1.1" 200 0 "-" "Mozilla/5.0 (X11; Linux x86_64) AppleWebKit/537.36 (KHTML, like Gecko) Chrome/119.0.6045.159 Safari/537.36"
109.234.166.131 - - [29/Apr/2026:17:57:10 +0200] "GET /ujbzasm/yzuvklq/ipljfyz/index.php?pass=4te7gRUPbVu HTTP/1.1" 200 0 "-" "Mozilla/5.0 (Windows NT 10.0; Win64; x64) Gecko/20100101 Firefox/120.0.1"
57.141.20.69 - - [29/Apr/2026:17:57:14 +0200] "GET /items/Q983007109/ HTTP/1.1" 200 0 "-" "meta-externalagent/1.1 (+https://developers.facebook.com/docs/sharing/webmasters/crawler)"
109.234.166.131 - - [29/Apr/2026:17:57:14 +0200] "GET /qoicgta/krfmjgw/ptrnjfk/index.php?pass=NVrY6T74agQ HTTP/1.1" 200 0 "-" "Mozilla/5.0 (Windows NT 11.0; Win64; x64) AppleWebKit/537.36 (KHTML, like Gecko) Chrome/118.0.5993.88 Safari/537.36"
109.234.166.131 - - [29/Apr/2026:17:57:14 +0200] "GET /ajtlmfp/twynzc1/zbhecrp/index.php?pass=Gp3jkHydDFA HTTP/1.1" 200 0 "-" "Mozilla/5.0 (Macintosh; Intel Mac OS X 12_6_2) AppleWebKit/605.1.15 (KHTML, like Gecko) Version/17.0 Safari/605.1.15"
109.234.166.131 - - [29/Apr/2026:17:57:02 +0200] "GET /fsgeoku/om1kvjc/pmkjuys/index.php?pass=gDEXtQ4LUT6 HTTP/1.1" 200 0 "-" "Mozilla/5.0 (Windows NT 11.0; Win64; x64) AppleWebKit/537.36 (KHTML, like Gecko) Chrome/118.0.5993.88 Safari/537.36"
109.234.166.131 - - [29/Apr/2026:17:57:02 +0200] "GET /fsgeoku/om1kvjc/pmkjuys/index.php?pass=gDEXtQ4LUT6 HTTP/1.1" 200 0 "-" "Mozilla/5.0 (Windows NT 11.0; Win64; x64) AppleWebKit/537.36 (KHTML, like Gecko) Chrome/118.0.5993.88 Safari/537.36"
109.234.166.131 - - [29/Apr/2026:17:57:03 +0200] "GET /1xsidpa/mbigz1q/1znojtc/index.php?pass=Cht8mrfNbqv HTTP/1.1" 200 0 "-" "Mozilla/5.0 (Macintosh; Intel Mac OS X 11_7_2) AppleWebKit/605.1.15 (KHTML, like Gecko) Version/16.6.1 Safari/605.1.15"
57.141.20.69 - - [29/Apr/2026:17:57:08 +0200] "GET /items/Q987599731/ HTTP/1.1" 200 0 "-" "meta-externalagent/1.1 (+https://developers.facebook.com/docs/sharing/webmasters/crawler)"
57.141.20.38 - - [29/Apr/2026:17:57:10 +0200] "GET /items/Q986455891/ HTTP/1.1" 200 0 "-" "meta-externalagent/1.1 (+https://developers.facebook.com/docs/sharing/webmasters/crawler)"
109.234.166.131 - - [29/Apr/2026:17:57:15 +0200] "GET /cjpvedb/d1qxpvw/axjvbmw/index.php?pass=gQfISuZU2VP HTTP/1.1" 200 0 "-" "Mozilla/5.0 (Windows NT 10.0; Win64; x64) AppleWebKit/537.36 (KHTML, like Gecko) Chrome/121.0.0.0 Safari/537.36 Edg/121.0.2277.83"
109.234.166.131 - - [29/Apr/2026:17:57:15 +0200] "GET /cjpvedb/d1qxpvw/axjvbmw/index.php?pass=gQfISuZU2VP HTTP/1.1" 200 0 "-" "Mozilla/5.0 (Windows NT 10.0; Win64; x64) AppleWebKit/537.36 (KHTML, like Gecko) Chrome/121.0.0.0 Safari/537.36 Edg/121.0.2277.83"
109.234.166.131 - - [29/Apr/2026:17:57:15 +0200] "GET /lnt1wuy/tefamgp/jiatesf/index.php?pass=Mo1iIHdhJbQ HTTP/1.1" 200 0 "-" "Mozilla/5.0 (Macintosh; Intel Mac OS X 12_6_2) AppleWebKit/605.1.15 (KHTML, like Gecko) Version/17.0 Safari/605.1.15"
109.234.166.131 - - [29/Apr/2026:17:57:17 +0200] "GET /zha1fdp/zmjsapx/ofwzh1g/index.php?pass=aeJsu89QOr2 HTTP/1.1" 200 0 "-" "Mozilla/5.0 (X11; Linux x86_64) Gecko/20100101 Firefox/119.0.1"
109.234.166.131 - - [29/Apr/2026:17:57:17 +0200] "GET /zha1fdp/zmjsapx/ofwzh1g/index.php?pass=aeJsu89QOr2 HTTP/1.1" 200 0 "-" "Mozilla/5.0 (X11; Linux x86_64) Gecko/20100101 Firefox/119.0.1"
57.141.20.26 - - [29/Apr/2026:17:57:17 +0200] "GET /items/Q982061333/ HTTP/1.1" 200 0 "-" "meta-externalagent/1.1 (+https://developers.facebook.com/docs/sharing/webmasters/crawler)"
109.234.166.131 - - [29/Apr/2026:17:57:18 +0200] "GET /sc1uxnb/zyixasg/chfrbpq/index.php?pass=HlxihRysWXv HTTP/1.1" 200 0 "-" "Mozilla/5.0 (Macintosh; Intel Mac OS X 10_15_7) AppleWebKit/537.36 (KHTML, like Gecko) Chrome/119.0.6045.159 Safari/537.36"
109.234.166.131 - - [29/Apr/2026:17:57:22 +0200] "GET /zmwpnlh/bntwges/bwenlmr/index.php?pass=LvniDYMAmqW HTTP/1.1" 200 0 "-" "Mozilla/5.0 (Macintosh; Intel Mac OS X 10.15) Gecko/20100101 Firefox/122.0"
109.234.166.131 - - [29/Apr/2026:17:57:22 +0200] "GET /aomvnhr/pmkban1/mhcdpo1/index.php?pass=tUAPi34YL1g HTTP/1.1" 200 0 "-" "Mozilla/5.0 (Macintosh; Intel Mac OS X 12_6_2) AppleWebKit/605.1.15 (KHTML, like Gecko) Version/17.0 Safari/605.1.15"
109.234.166.131 - - [29/Apr/2026:17:57:31 +0200] "GET /wxgjmve/kdvhjtr/uiezkdp/index.php?pass=hxaveXGOygb HTTP/1.1" 200 0 "-" "Mozilla/5.0 (Windows NT 11.0; Win64; x64) AppleWebKit/537.36 (KHTML, like Gecko) Chrome/119.0.6045.159 Safari/537.36"
109.234.166.131 - - [29/Apr/2026:17:57:33 +0200] "GET /bhaowiq/koezsmg/qfmwhpu/index.php?pass=fEFjto8U9AQ HTTP/1.1" 200 0 "-" "Mozilla/5.0 (Macintosh; Intel Mac OS X 10_15_7) AppleWebKit/605.1.15 (KHTML, like Gecko) Version/17.1 Safari/605.1.15"
109.234.166.131 - - [29/Apr/2026:17:57:33 +0200] "GET /bhaowiq/koezsmg/qfmwhpu/index.php?pass=fEFjto8U9AQ HTTP/1.1" 200 0 "-" "Mozilla/5.0 (Macintosh; Intel Mac OS X 10_15_7) AppleWebKit/605.1.15 (KHTML, like Gecko) Version/17.1 Safari/605.1.15"
109.234.166.131 - - [29/Apr/2026:17:56:49 +0200] "GET /nyduvh1/wkdiyhp/lxvitma/index.php?pass=HfCqjESwdxF HTTP/1.1" 200 0 "-" "Mozilla/5.0 (Macintosh; Intel Mac OS X 10_15_7) AppleWebKit/537.36 (KHTML, like Gecko) Chrome/121.0.6167.85 Safari/537.36"
109.234.166.131 - - [29/Apr/2026:17:56:53 +0200] "GET /s1afezd/mweaphf/jxqmcl1/index.php?pass=eybC4Ho9dLu HTTP/1.1" 200 0 "-" "Mozilla/5.0 (X11; Ubuntu; Linux x86_64) AppleWebKit/537.36 (KHTML, like Gecko) Chrome/118.0.5993.88 Safari/537.36"
57.141.20.21 - - [29/Apr/2026:17:56:55 +0200] "GET /items/Q982991237/ HTTP/1.1" 200 0 "-" "meta-externalagent/1.1 (+https://developers.facebook.com/docs/sharing/webmasters/crawler)"
109.234.166.131 - - [29/Apr/2026:17:56:59 +0200] "GET /ykipnbq/wqlzfea/omelsuc/index.php?pass=FDy3kZhB5pY HTTP/1.1" 200 0 "-" "Mozilla/5.0 (Macintosh; Intel Mac OS X 10.15) Gecko/20100101 Firefox/120.0.1"
109.234.166.131 - - [29/Apr/2026:17:57:00 +0200] "GET /qktrmzx/sgtacel/sinxkrp/index.php?pass=O2w6IKeUpLt HTTP/1.1" 200 0 "-" "Mozilla/5.0 (X11; Ubuntu; Linux x86_64; rv:119.0.1) Gecko/20100101 Firefox/119.0.1"
109.234.166.131 - - [29/Apr/2026:17:57:05 +0200] "GET /wzyjemp/aevfzsj/vqschx1/index.php?pass=Oz9IfMXNhJo HTTP/1.1" 200 0 "-" "Mozilla/5.0 (X11; Linux x86_64) AppleWebKit/537.36 (KHTML, like Gecko) Chrome/119.0.6045.159 Safari/537.36"
109.234.166.131 - - [29/Apr/2026:17:57:10 +0200] "GET /ujbzasm/yzuvklq/ipljfyz/index.php?pass=4te7gRUPbVu HTTP/1.1" 200 0 "-" "Mozilla/5.0 (Windows NT 10.0; Win64; x64) Gecko/20100101 Firefox/120.0.1"
109.234.166.131 - - [29/Apr/2026:17:57:14 +0200] "GET /qoicgta/krfmjgw/ptrnjfk/index.php?pass=NVrY6T74agQ HTTP/1.1" 200 0 "-" "Mozilla/5.0 (Windows NT 11.0; Win64; x64) AppleWebKit/537.36 (KHTML, like Gecko) Chrome/118.0.5993.88 Safari/537.36"
109.234.166.131 - - [29/Apr/2026:17:57:15 +0200] "GET /lnt1wuy/tefamgp/jiatesf/index.php?pass=Mo1iIHdhJbQ HTTP/1.1" 200 0 "-" "Mozilla/5.0 (Macintosh; Intel Mac OS X 12_6_2) AppleWebKit/605.1.15 (KHTML, like Gecko) Version/17.0 Safari/605.1.15"
109.234.166.131 - - [29/Apr/2026:17:57:18 +0200] "GET /xsucedp/epzguya/idft1or/index.php?pass=IWHolriSXpb HTTP/1.1" 200 0 "-" "Mozilla/5.0 (Windows NT 10.0; Win64; x64) AppleWebKit/537.36 (KHTML, like Gecko) Chrome/120.0.0.0 Safari/537.36 Edg/120.0.2210.133"
57.141.20.20 - - [29/Apr/2026:17:57:24 +0200] "GET /items/Q982630459/ HTTP/1.1" 200 0 "-" "meta-externalagent/1.1 (+https://developers.facebook.com/docs/sharing/webmasters/crawler)"
109.234.166.131 - - [29/Apr/2026:17:57:24 +0200] "GET /txfmzqh/lmxtadb/1xazcws/index.php?pass=KUxaG9rZvcC HTTP/1.1" 200 0 "-" "Mozilla/5.0 (Windows NT 10.0; Win64; x64) AppleWebKit/537.36 (KHTML, like Gecko) Chrome/120.0.0.0 Safari/537.36 Edg/120.0.2210.133"
57.141.20.51 - - [29/Apr/2026:17:57:28 +0200] "GET /items/Q984135529/ HTTP/1.1" 200 0 "-" "meta-externalagent/1.1 (+https://developers.facebook.com/docs/sharing/webmasters/crawler)"
109.234.166.131 - - [29/Apr/2026:17:57:30 +0200] "GET /aglvdqe/qxcmli1/pgvctla/index.php?pass=CGLTpKANodU HTTP/1.1" 200 0 "-" "Mozilla/5.0 (Windows NT 10.0; Win64; x64) AppleWebKit/537.36 (KHTML, like Gecko) Chrome/120.0.0.0 Safari/537.36 Edg/120.0.2210.133"
57.141.20.54 - - [29/Apr/2026:17:57:30 +0200] "GET /items/Q987824096/ HTTP/1.1" 200 0 "-" "meta-externalagent/1.1 (+https://developers.facebook.com/docs/sharing/webmasters/crawler)"
109.234.166.131 - - [29/Apr/2026:17:57:31 +0200] "GET /wxgjmve/kdvhjtr/uiezkdp/index.php?pass=hxaveXGOygb HTTP/1.1" 200 0 "-" "Mozilla/5.0 (Windows NT 11.0; Win64; x64) AppleWebKit/537.36 (KHTML, like Gecko) Chrome/119.0.6045.159 Safari/537.36"
109.234.166.131 - - [29/Apr/2026:17:57:32 +0200] "GET /fhlgksi/afkhoqi/frykomi/index.php?pass=UoEyig1aNKZ HTTP/1.1" 200 0 "-" "Mozilla/5.0 (Windows NT 11.0; Win64; x64) AppleWebKit/537.36 (KHTML, like Gecko) Chrome/118.0.5993.88 Safari/537.36"
109.234.166.131 - - [29/Apr/2026:17:57:34 +0200] "GET /1kibqna/h1ekrxi/pxoywzh/index.php?pass=fQmTX8B9ReM HTTP/1.1" 200 0 "-" "Mozilla/5.0 (X11; Ubuntu; Linux x86_64) AppleWebKit/537.36 (KHTML, like Gecko) Chrome/118.0.5993.88 Safari/537.36"
