Server IP : 109.234.166.131  /  Your IP : 216.73.216.44
Web Server : LiteSpeed
System : Linux garfish.o2switch.net 4.18.0-553.62.1.lve.el8.x86_64 #1 SMP Mon Jul 21 17:50:35 UTC 2025 x86_64
User : bean7936 ( 1010)
PHP Version : 8.3.31
Disable Function : NONE
MySQL : OFF  |  cURL : ON  |  WGET : ON  |  Perl : ON  |  Python : ON
Directory (0750) :  /home/bean7936/access-logs/

[  Home  ][  C0mmand  ][  Upload File  ]

Current File : /home/bean7936/access-logs/caisse-palette.bean7936.odns.fr
103.199.85.118 - - [29/Apr/2026:11:48:29 +0200] "GET /ztukvivl.php HTTP/1.1" 404 1251 "http://caisse-palette.bean7936.odns.fr/" "Mozilla/5.0 (Windows NT 10.0; Win64; x64) AppleWebKit/537.36 (KHTML, like Gecko) Chrome/91.0.4472.124 Safari/537.36"
103.199.85.118 - - [29/Apr/2026:12:08:13 +0200] "GET /ztukvivl.php HTTP/1.1" 404 1251 "-" "Mozilla/5.0 (Windows NT 10.0; Win64; x64) AppleWebKit/537.36 (KHTML, like Gecko) Chrome/91.0.4472.124 Safari/537.36"
51.195.201.11 - - [29/Apr/2026:13:09:46 +0200] "GET /737b88c3ad9b21.html HTTP/1.1" 200 4163 "-" "Mozilla/5.0 (Windows NT 10.0; Win64; x64) AppleWebKit/537.36 (KHTML, like Gecko) Chrome/133.0.0.0 Safari/537.36 Edg/131.0.2903.86"
45.157.112.239 - - [29/Apr/2026:13:57:08 +0200] "GET /favicon.ico HTTP/1.1" 404 1251 "-" "Mozilla/5.0 (Macintosh; Intel Mac OS X 10_15_7) AppleWebKit/605.1.15 (KHTML, like Gecko) Version/26.4 Safari/605.1.15"
45.157.112.204 - - [29/Apr/2026:13:57:41 +0200] "GET / HTTP/1.1" 200 12492 "-" "Mozilla/5.0 (Windows NT 10.0; Win64; x64; rv:149.0) Gecko/20100101 Firefox/149.0"
45.157.112.76 - - [29/Apr/2026:13:57:49 +0200] "GET /favicon.ico HTTP/1.1" 404 1251 "-" "Mozilla/5.0 (Windows NT 10.0; Win64; x64; rv:149.0) Gecko/20100101 Firefox/149.0"
51.75.141.254 - - [29/Apr/2026:13:58:03 +0200] "GET /862a9c587b7396.html HTTP/1.1" 200 4163 "-" "Mozilla/5.0 (iPhone; CPU iPhone OS 18_0_1 like Mac OS X) AppleWebKit/605.1.15 (KHTML, like Gecko) Brave/1 Mobile/15E148 Safari/604.1"
91.134.43.152 - - [29/Apr/2026:13:58:09 +0200] "GET /5c2c99561f3b74.php HTTP/1.1" 200 38674 "-" "Mozilla/5.0 (Macintosh; Intel Mac OS X 10_15_7) AppleWebKit/605.1.15 (KHTML, like Gecko) Version/26.4 Safari/605.1.15"
51.91.159.157 - - [29/Apr/2026:13:58:12 +0200] "GET /c2b653fd11c458.html HTTP/1.1" 200 4163 "-" "Mozilla/5.0 (Macintosh; Intel Mac OS X 10_15_7) AppleWebKit/537.36 (KHTML, like Gecko) Chrome/145.0.0.0 Safari/537.36"
91.134.142.216 - - [29/Apr/2026:13:58:12 +0200] "GET /8a70b4bc6b5038.html HTTP/1.1" 200 4163 "-" "Mozilla/5.0 (iPad; CPU OS 18_7 like Mac OS X) AppleWebKit/605.1.15 (KHTML, like Gecko) Version/26.0 Whale/3.9.13.4293 Mobile/15E148 Safari/604.1"
91.134.142.216 - - [29/Apr/2026:13:58:12 +0200] "GET /3bc323aca11a35.php HTTP/1.1" 200 38675 "-" "Mozilla/5.0 (Linux; Android 10; K) AppleWebKit/537.36 (KHTML, like Gecko) Chrome/144.0.0.0 Mobile Safari/537.36"
91.134.142.208 - - [29/Apr/2026:13:58:14 +0200] "GET /c17d291cfd5338.html HTTP/1.1" 200 4163 "-" "Mozilla/5.0 (Macintosh; Intel Mac OS X 10_15_7) AppleWebKit/605.1.15 (KHTML, like Gecko) Version/26.4 Safari/605.1.15"
45.157.112.239 - - [29/Apr/2026:13:58:15 +0200] "GET /06bdc12ede3ae0.php HTTP/1.1" 200 38671 "-" "Mozilla/5.0 (Linux; Android 10; K) AppleWebKit/537.36 (KHTML, like Gecko) Chrome/145.0.0.0 Mobile Safari/537.36"
45.157.112.178 - - [29/Apr/2026:13:58:16 +0200] "GET /8a70b4bc6b5038.html HTTP/1.1" 200 4163 "-" "Mozilla/5.0 (iPhone; CPU iPhone OS 18_0_1 like Mac OS X) AppleWebKit/605.1.15 (KHTML, like Gecko) Brave/1 Mobile/15E148 Safari/604.1"
91.134.43.152 - - [29/Apr/2026:13:58:17 +0200] "GET /8a70b4bc6b5038.php HTTP/1.1" 200 38670 "-" "Mozilla/5.0 (iPhone; CPU iPhone OS 18_0_1 like Mac OS X) AppleWebKit/605.1.15 (KHTML, like Gecko) Brave/1 Mobile/15E148 Safari/604.1"
45.157.112.247 - - [29/Apr/2026:13:58:17 +0200] "GET /3bc323aca11a35.html HTTP/1.1" 200 4163 "-" "Mozilla/5.0 (Linux; arm_64; Android 13; X700_EEA) AppleWebKit/537.36 (KHTML, like Gecko) Chrome/144.0.7559.119 YaBrowser/26.3.5.119.01 Safari/537.36"
213.139.9.170 - - [29/Apr/2026:13:58:18 +0200] "GET /737b88c3ad9b21.php HTTP/1.1" 200 38670 "-" "Mozilla/5.0 (Linux; Android 10; K) AppleWebKit/537.36 (KHTML, like Gecko) Chrome/145.0.0.0 Mobile Safari/537.36"
91.134.142.216 - - [29/Apr/2026:13:58:19 +0200] "GET /c6c6c941f9dab1.html HTTP/1.1" 200 4163 "-" "Mozilla/5.0 (iPhone; CPU iPhone OS 15_0 like Mac OS X) AppleWebKit/605.1.15 (KHTML, like Gecko) Version/15.0 Mobile/15E148 Safari/604.1"
51.91.156.252 - - [29/Apr/2026:13:58:19 +0200] "GET /c6c6c941f9dab1.html HTTP/1.1" 200 4163 "-" "Mozilla/5.0 (Linux; Android 10; K) AppleWebKit/537.36 (KHTML, like Gecko) Chrome/144.0.0.0 Mobile Safari/537.36"
51.91.159.157 - - [29/Apr/2026:13:58:20 +0200] "GET /c6c6c941f9dab1.php HTTP/1.1" 200 38674 "-" "Mozilla/5.0 (iPhone; CPU iPhone OS 16_0 like Mac OS X) AppleWebKit/605.1.15 (KHTML, like Gecko) Version/16.0 Mobile/15E148 Safari/604.1"
103.160.68.141 - - [29/Apr/2026:13:30:10 +0200] "GET /readme.txt HTTP/1.1" 200 46 "-" "Mozilla/5.0 (Windows NT 10.0; Win64; x64) AppleWebKit/537.36 (KHTML, like Gecko) Chrome/147.0.0.0 Safari/537.36"
185.62.188.4 - - [29/Apr/2026:13:39:47 +0200] "GET /readme.txt HTTP/1.1" 200 46 "-" "Mozilla/5.0 (X11; Linux x86_64) AppleWebKit/537.36 (KHTML, like Gecko) QtWebEngine/5.13.1 Chrome/73.0.3683.105 Safari/537.36"
45.157.112.182 - - [29/Apr/2026:13:57:01 +0200] "GET /737b88c3ad9b21.html HTTP/1.1" 200 4163 "-" "Mozilla/5.0 (Macintosh; Intel Mac OS X 10_15_7) AppleWebKit/605.1.15 (KHTML, like Gecko) Version/26.4 Safari/605.1.15"
195.132.35.238 - - [29/Apr/2026:13:58:02 +0200] "GET / HTTP/1.1" 200 12488 "-" "Mozilla/5.0 (Macintosh; Intel Mac OS X 10_15_7) AppleWebKit/605.1.15 (KHTML, like Gecko) Version/18.4 Safari/605.1.15"
51.75.141.254 - - [29/Apr/2026:13:58:03 +0200] "GET / HTTP/1.1" 200 12488 "-" "Mozilla/5.0 (iPhone; CPU iPhone OS 17_0_1 like Mac OS X) AppleWebKit/605.1.15 (KHTML, like Gecko) Version/17.0 Mobile/15E148 Safari/604.1"
45.157.112.26 - - [29/Apr/2026:13:58:07 +0200] "GET /0a3170fad6056c.html HTTP/1.1" 200 4163 "-" "Mozilla/5.0 (Macintosh; Intel Mac OS X 10_15_7) AppleWebKit/537.36 (KHTML, like Gecko) Chrome/145.0.0.0 Safari/537.36"
91.134.142.208 - - [29/Apr/2026:13:58:08 +0200] "GET /5c2c99561f3b74.php HTTP/1.1" 200 38675 "-" "Mozilla/5.0 (Linux; Android 10; K) AppleWebKit/537.36 (KHTML, like Gecko) Chrome/143.0.0.0 Mobile Safari/537.36"
45.157.112.26 - - [29/Apr/2026:13:58:10 +0200] "GET /c2b653fd11c458.php HTTP/1.1" 200 38674 "-" "Mozilla/5.0 (iPhone; CPU iPhone OS 26_0 like Mac OS X) AppleWebKit/605.1.15 (KHTML, like Gecko) Brave/1 Mobile/15E148 Safari/604.1"
91.134.142.216 - - [29/Apr/2026:13:58:11 +0200] "GET /3bc323aca11a35.php HTTP/1.1" 200 38675 "-" "Mozilla/5.0 (Linux; Android 10; K) AppleWebKit/537.36 (KHTML, like Gecko) Chrome/142.0.0.0 Mobile Safari/537.36"
195.132.35.238 - - [29/Apr/2026:13:58:11 +0200] "GET /8a70b4bc6b5038.php HTTP/1.1" 200 38675 "-" "Mozilla/5.0 (Linux; Android 10; K) AppleWebKit/537.36 (KHTML, like Gecko) Chrome/139.0.0.0 Mobile Safari/537.36"
51.75.141.254 - - [29/Apr/2026:13:58:12 +0200] "GET /862a9c587b7396.php HTTP/1.1" 200 38674 "-" "Mozilla/5.0 (iPhone; CPU iPhone OS 18_0 like Mac OS X) AppleWebKit/605.1.15 (KHTML, like Gecko) Version/18.0 Mobile/15E148 Safari/604.1"
81.53.36.105 - - [29/Apr/2026:13:58:16 +0200] "GET /c6c6c941f9dab1.html HTTP/1.1" 200 4163 "-" "Mozilla/5.0 (Macintosh; Intel Mac OS X 10_16_0) AppleWebKit/537.36 (KHTML, like Gecko) Chrome/69.0.3497.81 Safari/537.36"
91.134.142.208 - - [29/Apr/2026:13:58:16 +0200] "GET /3bc323aca11a35.html HTTP/1.1" 200 4163 "-" "Mozilla/5.0 (Windows NT 10.0; Win64; x64) AppleWebKit/537.36 (KHTML, like Gecko) Chrome/147.0.0.0 Safari/537.36"
91.134.43.152 - - [29/Apr/2026:13:58:19 +0200] "GET /d6c00bda6a5049.html HTTP/1.1" 200 4163 "-" "Mozilla/5.0 (iPad; CPU OS 18_7 like Mac OS X) AppleWebKit/605.1.15 (KHTML, like Gecko) Version/26.0 Whale/3.9.13.4293 Mobile/15E148 Safari/604.1"
91.134.43.151 - - [29/Apr/2026:13:58:20 +0200] "GET /0a3170fad6056c.html HTTP/1.1" 200 4163 "-" "Mozilla/5.0 (Windows NT 10.0; Win64; x64) AppleWebKit/537.36 (KHTML, like Gecko) Chrome/131.0.0.0 Safari/537.36"
51.75.141.254 - - [29/Apr/2026:13:58:22 +0200] "GET /c2b653fd11c458.php HTTP/1.1" 200 38670 "-" "Mozilla/5.0 (Linux; Android 10; K) AppleWebKit/537.36 (KHTML, like Gecko) Chrome/143.0.0.0 Mobile Safari/537.36"
195.132.35.238 - - [29/Apr/2026:13:58:22 +0200] "GET /d6c00bda6a5049.html HTTP/1.1" 200 4163 "-" "Mozilla/5.0 (Linux; Android 10; K) AppleWebKit/537.36 (KHTML, like Gecko) Chrome/146.0.0.0 Mobile Safari/537.36"
195.132.35.238 - - [29/Apr/2026:13:58:23 +0200] "GET /06bdc12ede3ae0.html HTTP/1.1" 200 4163 "-" "Mozilla/5.0 (Linux; Android 10; K) AppleWebKit/537.36 (KHTML, like Gecko) Chrome/146.0.0.0 Mobile Safari/537.36"
81.53.36.105 - - [29/Apr/2026:13:58:24 +0200] "GET /862a9c587b7396.php HTTP/1.1" 200 38669 "-" "Mozilla/5.0 (Macintosh; Intel Mac OS X 10_15_7) AppleWebKit/537.36 (KHTML, like Gecko) Chrome/137.0.0.0 Safari/537.36"
103.160.68.141 - - [29/Apr/2026:13:30:11 +0200] "GET /favicon.ico HTTP/1.1" 404 1251 "http://caisse-palette.bean7936.odns.fr/readme.txt" "Mozilla/5.0 (Windows NT 10.0; Win64; x64) AppleWebKit/537.36 (KHTML, like Gecko) Chrome/147.0.0.0 Safari/537.36"
91.134.43.152 - - [29/Apr/2026:13:57:41 +0200] "GET / HTTP/1.1" 200 12492 "-" "Mozilla/5.0 (Linux; arm_64; Android 16; SM-S938B) AppleWebKit/537.36 (KHTML, like Gecko) Chrome/144.0.7559.72 YaBrowser/26.3.6.72.00 Mobile Safari/537.36"
15.188.246.173 - - [29/Apr/2026:13:58:06 +0200] "GET /c17d291cfd5338.php HTTP/1.1" 200 38675 "-" "Mozilla/5.0 (Windows NT 10.0; Win64; x64) AppleWebKit/537.36 (KHTML, like Gecko) Chrome/146.0.0.0 Safari/537.36 Edg/146.0.0.0"
51.91.159.157 - - [29/Apr/2026:13:58:08 +0200] "GET /c17d291cfd5338.html HTTP/1.1" 200 4163 "-" "Mozilla/5.0 (Macintosh; Intel Mac OS X 10_16_0) AppleWebKit/537.36 (KHTML, like Gecko) Chrome/69.0.3497.81 Safari/537.36"
51.91.159.157 - - [29/Apr/2026:13:58:08 +0200] "GET /0a3170fad6056c.html HTTP/1.1" 200 4163 "-" "Mozilla/5.0 (iPad; CPU OS 18_7 like Mac OS X) AppleWebKit/605.1.15 (KHTML, like Gecko) Version/26.0 Whale/3.9.13.4293 Mobile/15E148 Safari/604.1"
195.132.35.238 - - [29/Apr/2026:13:58:08 +0200] "GET /0a3170fad6056c.php HTTP/1.1" 200 38675 "-" "Mozilla/5.0 (iPhone; CPU iPhone OS 26_0 like Mac OS X) AppleWebKit/605.1.15 (KHTML, like Gecko) Brave/1 Mobile/15E148 Safari/604.1"
51.91.159.157 - - [29/Apr/2026:13:58:09 +0200] "GET /8a70b4bc6b5038.php HTTP/1.1" 200 38674 "-" "Mozilla/5.0 (Windows NT 10.0; Win64; x64) AppleWebKit/537.36 (KHTML, like Gecko) Chrome/131.0.0.0 Safari/537.36"
195.132.35.238 - - [29/Apr/2026:13:58:11 +0200] "GET /d6c00bda6a5049.php HTTP/1.1" 200 38675 "-" "Mozilla/5.0 (Windows NT 10.0; Win64; x64) AppleWebKit/537.36 (KHTML, like Gecko) Chrome/147.0.0.0 Safari/537.36 Edg/147.0.0.0"
51.91.156.252 - - [29/Apr/2026:13:58:14 +0200] "GET /5c2c99561f3b74.html HTTP/1.1" 200 4163 "-" "Mozilla/5.0 (iPhone; CPU iPhone OS 17_0_1 like Mac OS X) AppleWebKit/605.1.15 (KHTML, like Gecko) Version/17.0 Mobile/15E148 Safari/604.1"
213.139.9.170 - - [29/Apr/2026:13:58:15 +0200] "GET /3bc323aca11a35.html HTTP/1.1" 200 4163 "-" "Mozilla/5.0 (Linux; Android 10; K) AppleWebKit/537.36 (KHTML, like Gecko) Chrome/131.0.0.0 Mobile Safari/537.36"
15.188.246.173 - - [29/Apr/2026:13:58:15 +0200] "GET /d6c00bda6a5049.html HTTP/1.1" 200 4163 "-" "Mozilla/5.0 (Linux; Android 10; K) AppleWebKit/537.36 (KHTML, like Gecko) Chrome/131.0.0.0 Mobile Safari/537.36"
51.75.141.254 - - [29/Apr/2026:13:58:16 +0200] "GET /06bdc12ede3ae0.php HTTP/1.1" 200 38670 "-" "Mozilla/5.0 (Windows NT 10.0; Win64; x64) AppleWebKit/537.36 (KHTML, like Gecko) Chrome/147.0.0.0 Safari/537.36 Edg/147.0.0.0"
213.139.9.170 - - [29/Apr/2026:13:58:17 +0200] "GET /5c2c99561f3b74.html HTTP/1.1" 200 4163 "-" "Mozilla/5.0 (Windows NT 10.0; Win64; x64; rv:148.0) Gecko/20100101 Firefox/148.0"
213.139.9.170 - - [29/Apr/2026:13:58:17 +0200] "GET /c17d291cfd5338.html HTTP/1.1" 200 4163 "-" "Mozilla/5.0 (Linux; Android 10; K) AppleWebKit/537.36 (KHTML, like Gecko) Chrome/140.0.0.0 Mobile Safari/537.36"
51.75.141.254 - - [29/Apr/2026:13:58:17 +0200] "GET /c6c6c941f9dab1.php HTTP/1.1" 200 38674 "-" "Mozilla/5.0 (iPhone; CPU iPhone OS 18_0 like Mac OS X) AppleWebKit/605.1.15 (KHTML, like Gecko) Version/18.0 Mobile/15E148 Safari/604.1"
91.134.142.216 - - [29/Apr/2026:13:58:18 +0200] "GET /d03ff56cd9fc33.html HTTP/1.1" 200 4163 "-" "Mozilla/5.0 (Linux; Android 10; K) AppleWebKit/537.36 (KHTML, like Gecko) Chrome/137.0.0.0 Mobile Safari/537.36"
91.134.43.152 - - [29/Apr/2026:13:58:20 +0200] "GET /06bdc12ede3ae0.html HTTP/1.1" 200 4163 "-" "Mozilla/5.0 (Linux; arm_64; Android 16; SM-S938B) AppleWebKit/537.36 (KHTML, like Gecko) Chrome/144.0.7559.72 YaBrowser/26.3.6.72.00 Mobile Safari/537.36"
15.188.246.173 - - [29/Apr/2026:13:58:22 +0200] "GET /c2b653fd11c458.html HTTP/1.1" 200 4163 "-" "Mozilla/5.0 (Macintosh; Intel Mac OS X 10_15_7) AppleWebKit/537.36 (KHTML, like Gecko) Chrome/142.0.0.0 Safari/537.36"
91.134.142.208 - - [29/Apr/2026:13:58:21 +0200] "GET /d03ff56cd9fc33.php HTTP/1.1" 200 38671 "-" "Mozilla/5.0 (iPhone; CPU iPhone OS 17_0_1 like Mac OS X) AppleWebKit/605.1.15 (KHTML, like Gecko) Version/17.0 Mobile/15E148 Safari/604.1"
45.157.112.214 - - [29/Apr/2026:13:58:21 +0200] "GET /06bdc12ede3ae0.html HTTP/1.1" 200 4163 "-" "Mozilla/5.0 (Linux; Android 10; K) AppleWebKit/537.36 (KHTML, like Gecko) Chrome/146.0.0.0 Mobile Safari/537.36"
91.134.43.152 - - [29/Apr/2026:13:58:21 +0200] "GET /5c2c99561f3b74.html HTTP/1.1" 200 4163 "-" "Mozilla/5.0 (Linux; Android 10; K) AppleWebKit/537.36 (KHTML, like Gecko) Chrome/140.0.0.0 Mobile Safari/537.36"
91.134.43.152 - - [29/Apr/2026:13:58:23 +0200] "GET /d03ff56cd9fc33.html HTTP/1.1" 200 4163 "-" "Mozilla/5.0 (Macintosh; Intel Mac OS X 10_15_7) AppleWebKit/605.1.15 (KHTML, like Gecko) Version/26.4 Safari/605.1.15"
51.75.141.254 - - [29/Apr/2026:13:58:23 +0200] "GET /d6c00bda6a5049.php HTTP/1.1" 200 38670 "-" "Mozilla/5.0 (Linux; arm_64; Android 16; SM-S938B) AppleWebKit/537.36 (KHTML, like Gecko) Chrome/144.0.7559.72 YaBrowser/26.3.6.72.00 Mobile Safari/537.36"
91.134.43.152 - - [29/Apr/2026:13:58:24 +0200] "GET /862a9c587b7396.php HTTP/1.1" 200 38670 "-" "Mozilla/5.0 (Linux; Android 10; K) AppleWebKit/537.36 (KHTML, like Gecko) Chrome/145.0.0.0 Mobile Safari/537.36"
51.75.141.254 - - [29/Apr/2026:13:58:28 +0200] "GET /c2b653fd11c458.html HTTP/1.1" 200 4163 "-" "Mozilla/5.0 (Linux; Android 10; K) AppleWebKit/537.36 (KHTML, like Gecko) Chrome/146.0.0.0 Mobile Safari/537.36"
91.134.43.152 - - [29/Apr/2026:13:58:58 +0200] "GET /5c2c99561f3b74.php HTTP/1.1" 200 38670 "-" "Mozilla/5.0 (Linux; Android 10; K) AppleWebKit/537.36 (KHTML, like Gecko) Chrome/146.0.0.0 Mobile Safari/537.36"
195.132.35.238 - - [29/Apr/2026:13:58:59 +0200] "GET /5c2c99561f3b74.php HTTP/1.1" 200 38671 "-" "Mozilla/5.0 (Linux; Android 10; K) AppleWebKit/537.36 (KHTML, like Gecko) Chrome/131.0.0.0 Mobile Safari/537.36"
149.102.239.212 - - [29/Apr/2026:13:59:02 +0200] "GET /checkout HTTP/1.1" 404 1251 "-" "Mozilla/5.0 (iPhone; CPU iPhone OS 16_0 like Mac OS X) AppleWebKit/605.1.15 (KHTML, like Gecko) Version/16.0 Mobile/15E148 Safari/604.1"
45.157.112.25 - - [29/Apr/2026:13:59:08 +0200] "GET /c2b653fd11c458.php HTTP/1.1" 200 38674 "-" "Mozilla/5.0 (iPhone; CPU iPhone OS 26_0 like Mac OS X) AppleWebKit/605.1.15 (KHTML, like Gecko) Brave/1 Mobile/15E148 Safari/604.1"
15.188.246.173 - - [29/Apr/2026:13:59:09 +0200] "GET /c17d291cfd5338.php HTTP/1.1" 200 38675 "-" "Mozilla/5.0 (Windows NT 10.0; Win64; x64) AppleWebKit/537.36 (KHTML, like Gecko) Chrome/146.0.0.0 Safari/537.36 Edg/146.0.0.0"
45.157.112.18 - - [29/Apr/2026:13:59:09 +0200] "GET /_autoindex/assets/js/tablesort.number.js HTTP/1.1" 200 682 "https://www.caisse-palette.bean7936.odns.fr/" "Mozilla/5.0 (Windows NT 10.0; Win64; x64; rv:149.0) Gecko/20100101 Firefox/149.0"
77.42.64.154 - - [29/Apr/2026:13:59:09 +0200] "GET /c17d291cfd5338.php HTTP/1.1" 200 38673 "-" "Mozilla/5.0 (Windows NT 10.0; Win64; x64) AppleWebKit/537.36 (KHTML, like Gecko) Chrome/146.0.0.0 Safari/537.36 Edg/146.0.0.0"
45.157.112.18 - - [29/Apr/2026:13:59:10 +0200] "GET /favicon.ico HTTP/1.1" 404 1251 "https://www.caisse-palette.bean7936.odns.fr/" "Mozilla/5.0 (Windows NT 10.0; Win64; x64; rv:149.0) Gecko/20100101 Firefox/149.0"
86.16.74.122 - - [29/Apr/2026:13:59:12 +0200] "GET /0a3170fad6056c.php HTTP/1.1" 200 38673 "-" "Mozilla/5.0 (iPhone; CPU iPhone OS 26_0 like Mac OS X) AppleWebKit/605.1.15 (KHTML, like Gecko) Brave/1 Mobile/15E148 Safari/604.1"
195.132.35.238 - - [29/Apr/2026:13:59:12 +0200] "GET /0a3170fad6056c.php HTTP/1.1" 200 38675 "-" "Mozilla/5.0 (iPhone; CPU iPhone OS 26_0 like Mac OS X) AppleWebKit/605.1.15 (KHTML, like Gecko) Brave/1 Mobile/15E148 Safari/604.1"
149.102.239.212 - - [29/Apr/2026:13:59:17 +0200] "GET /checkout HTTP/1.1" 404 1251 "-" "Mozilla/5.0 (iPad; CPU OS 18_7 like Mac OS X) AppleWebKit/605.1.15 (KHTML, like Gecko) Version/26.0 Whale/3.9.13.4293 Mobile/15E148 Safari/604.1"
195.132.35.238 - - [29/Apr/2026:13:58:25 +0200] "GET /0a3170fad6056c.php HTTP/1.1" 200 38671 "-" "Mozilla/5.0 (Linux; Android 10; K) AppleWebKit/537.36 (KHTML, like Gecko) Chrome/142.0.0.0 Mobile Safari/537.36"
195.132.35.238 - - [29/Apr/2026:13:58:26 +0200] "GET /862a9c587b7396.html HTTP/1.1" 200 4163 "-" "Mozilla/5.0 (Linux; Android 10; K) AppleWebKit/537.36 (KHTML, like Gecko) Chrome/146.0.0.0 Mobile Safari/537.36"
51.75.141.254 - - [29/Apr/2026:13:59:01 +0200] "GET /d03ff56cd9fc33.php HTTP/1.1" 200 38674 "-" "Mozilla/5.0 (Windows NT 10.0; Win64; x64) AppleWebKit/537.36 (KHTML, like Gecko) Chrome/145.0.0.0 Safari/537.36"
149.102.239.212 - - [29/Apr/2026:13:59:03 +0200] "GET /favicon.ico HTTP/1.1" 404 1251 "https://caisse-palette.bean7936.odns.fr/checkout" "Mozilla/5.0 (iPhone; CPU iPhone OS 16_0 like Mac OS X) AppleWebKit/605.1.15 (KHTML, like Gecko) Version/16.0 Mobile/15E148 Safari/604.1"
15.188.246.173 - - [29/Apr/2026:13:59:03 +0200] "GET /c17d291cfd5338.php HTTP/1.1" 200 38675 "-" "Mozilla/5.0 (Windows NT 10.0; Win64; x64) AppleWebKit/537.36 (KHTML, like Gecko) Chrome/146.0.0.0 Safari/537.36 Edg/146.0.0.0"
15.188.246.173 - - [29/Apr/2026:13:59:03 +0200] "GET /favicon.ico HTTP/1.1" 404 1251 "https://www.caisse-palette.bean7936.odns.fr/c17d291cfd5338.php" "Mozilla/5.0 (Windows NT 10.0; Win64; x64) AppleWebKit/537.36 (KHTML, like Gecko) Chrome/146.0.0.0 Safari/537.36 Edg/146.0.0.0"
91.134.142.216 - - [29/Apr/2026:13:59:04 +0200] "GET /checkout HTTP/1.1" 404 1251 "-" "Mozilla/5.0 (Linux; Android 10; K) AppleWebKit/537.36 (KHTML, like Gecko) Chrome/143.0.0.0 Mobile Safari/537.36"
91.134.43.151 - - [29/Apr/2026:13:59:08 +0200] "GET /06bdc12ede3ae0.php HTTP/1.1" 200 38674 "-" "Mozilla/5.0 (iPhone; CPU iPhone OS 26_0 like Mac OS X) AppleWebKit/605.1.15 (KHTML, like Gecko) Brave/1 Mobile/15E148 Safari/604.1"
45.157.112.18 - - [29/Apr/2026:13:59:09 +0200] "GET /_autoindex/assets/css/autoindex.css HTTP/1.1" 200 3562 "https://www.caisse-palette.bean7936.odns.fr/" "Mozilla/5.0 (Windows NT 10.0; Win64; x64; rv:149.0) Gecko/20100101 Firefox/149.0"
195.132.35.238 - - [29/Apr/2026:13:59:10 +0200] "GET /favicon.ico HTTP/1.1" 404 1251 "https://www.caisse-palette.bean7936.odns.fr/0a3170fad6056c.php" "Mozilla/5.0 (iPhone; CPU iPhone OS 26_0 like Mac OS X) AppleWebKit/605.1.15 (KHTML, like Gecko) Brave/1 Mobile/15E148 Safari/604.1"
86.16.74.122 - - [29/Apr/2026:13:59:11 +0200] "GET /c17d291cfd5338.php HTTP/1.1" 200 38673 "-" "Mozilla/5.0 (Windows NT 10.0; Win64; x64) AppleWebKit/537.36 (KHTML, like Gecko) Chrome/146.0.0.0 Safari/537.36 Edg/146.0.0.0"
68.183.245.101 - - [29/Apr/2026:13:59:11 +0200] "GET /c17d291cfd5338.php HTTP/1.1" 200 38675 "-" "Mozilla/5.0 (Windows NT 10.0; Win64; x64) AppleWebKit/537.36 (KHTML, like Gecko) Chrome/146.0.0.0 Safari/537.36 Edg/146.0.0.0"
213.139.9.170 - - [29/Apr/2026:13:59:15 +0200] "GET /737b88c3ad9b21.php HTTP/1.1" 200 38670 "-" "Mozilla/5.0 (Linux; Android 10; K) AppleWebKit/537.36 (KHTML, like Gecko) Chrome/145.0.0.0 Mobile Safari/537.36"
91.134.142.208 - - [29/Apr/2026:13:59:18 +0200] "GET /d03ff56cd9fc33.php HTTP/1.1" 200 38671 "-" "Mozilla/5.0 (iPhone; CPU iPhone OS 17_0_1 like Mac OS X) AppleWebKit/605.1.15 (KHTML, like Gecko) Version/17.0 Mobile/15E148 Safari/604.1"
91.134.142.208 - - [29/Apr/2026:13:59:18 +0200] "GET /favicon.ico HTTP/1.1" 404 1251 "https://caisse-palette.bean7936.odns.fr/d03ff56cd9fc33.php" "Mozilla/5.0 (iPhone; CPU iPhone OS 17_0_1 like Mac OS X) AppleWebKit/605.1.15 (KHTML, like Gecko) Version/17.0 Mobile/15E148 Safari/604.1"
95.217.190.234 - - [29/Apr/2026:13:59:19 +0200] "GET /c2b653fd11c458.php HTTP/1.1" 200 38675 "-" "Mozilla/5.0 (iPhone; CPU iPhone OS 26_0 like Mac OS X) AppleWebKit/605.1.15 (KHTML, like Gecko) Brave/1 Mobile/15E148 Safari/604.1"
51.75.141.254 - - [29/Apr/2026:13:59:19 +0200] "GET /c6c6c941f9dab1.php HTTP/1.1" 200 38674 "-" "Mozilla/5.0 (iPhone; CPU iPhone OS 18_0 like Mac OS X) AppleWebKit/605.1.15 (KHTML, like Gecko) Version/18.0 Mobile/15E148 Safari/604.1"
213.139.9.170 - - [29/Apr/2026:13:58:51 +0200] "GET /737b88c3ad9b21.php HTTP/1.1" 200 38674 "-" "Mozilla/5.0 (Windows NT 10.0; Win64; x64) AppleWebKit/537.36 (KHTML, like Gecko) Chrome/145.0.0.0 Safari/537.36"
45.157.112.25 - - [29/Apr/2026:13:59:08 +0200] "GET /favicon.ico HTTP/1.1" 404 1251 "https://www.caisse-palette.bean7936.odns.fr/c2b653fd11c458.php" "Mozilla/5.0 (iPhone; CPU iPhone OS 26_0 like Mac OS X) AppleWebKit/605.1.15 (KHTML, like Gecko) Brave/1 Mobile/15E148 Safari/604.1"
91.134.43.151 - - [29/Apr/2026:13:59:08 +0200] "GET /06bdc12ede3ae0.php HTTP/1.1" 200 38674 "-" "Mozilla/5.0 (Linux; Android 10; K) AppleWebKit/537.36 (KHTML, like Gecko) Chrome/147.0.0.0 Mobile Safari/537.36"
45.157.112.18 - - [29/Apr/2026:13:59:09 +0200] "GET / HTTP/1.1" 200 12492 "-" "Mozilla/5.0 (Windows NT 10.0; Win64; x64; rv:149.0) Gecko/20100101 Firefox/149.0"
45.157.112.18 - - [29/Apr/2026:13:59:09 +0200] "GET /_autoindex/assets/js/tablesort.js HTTP/1.1" 200 7706 "https://www.caisse-palette.bean7936.odns.fr/" "Mozilla/5.0 (Windows NT 10.0; Win64; x64; rv:149.0) Gecko/20100101 Firefox/149.0"
45.157.112.18 - - [29/Apr/2026:13:59:09 +0200] "GET /_autoindex/assets/icons/file-text.svg HTTP/1.1" 200 768 "https://www.caisse-palette.bean7936.odns.fr/" "Mozilla/5.0 (Windows NT 10.0; Win64; x64; rv:149.0) Gecko/20100101 Firefox/149.0"
195.132.35.238 - - [29/Apr/2026:13:59:10 +0200] "GET /0a3170fad6056c.php HTTP/1.1" 200 38675 "-" "Mozilla/5.0 (iPhone; CPU iPhone OS 26_0 like Mac OS X) AppleWebKit/605.1.15 (KHTML, like Gecko) Brave/1 Mobile/15E148 Safari/604.1"
77.42.67.200 - - [29/Apr/2026:13:59:12 +0200] "GET /0a3170fad6056c.php HTTP/1.1" 200 38673 "-" "Mozilla/5.0 (iPhone; CPU iPhone OS 26_0 like Mac OS X) AppleWebKit/605.1.15 (KHTML, like Gecko) Brave/1 Mobile/15E148 Safari/604.1"
157.230.195.44 - - [29/Apr/2026:13:59:15 +0200] "GET /0a3170fad6056c.php HTTP/1.1" 200 38675 "-" "Mozilla/5.0 (iPhone; CPU iPhone OS 26_0 like Mac OS X) AppleWebKit/605.1.15 (KHTML, like Gecko) Brave/1 Mobile/15E148 Safari/604.1"
213.139.9.170 - - [29/Apr/2026:13:59:15 +0200] "GET /favicon.ico HTTP/1.1" 404 1251 "https://caisse-palette.bean7936.odns.fr/737b88c3ad9b21.php" "Mozilla/5.0 (Linux; Android 10; K) AppleWebKit/537.36 (KHTML, like Gecko) Chrome/145.0.0.0 Mobile Safari/537.36"
51.75.141.254 - - [29/Apr/2026:13:59:19 +0200] "GET /favicon.ico HTTP/1.1" 404 1251 "https://www.caisse-palette.bean7936.odns.fr/c6c6c941f9dab1.php" "Mozilla/5.0 (iPhone; CPU iPhone OS 18_0 like Mac OS X) AppleWebKit/605.1.15 (KHTML, like Gecko) Version/18.0 Mobile/15E148 Safari/604.1"
49.13.211.144 - - [29/Apr/2026:13:59:22 +0200] "GET /c2b653fd11c458.php HTTP/1.1" 200 38674 "-" "Mozilla/5.0 (iPhone; CPU iPhone OS 26_0 like Mac OS X) AppleWebKit/605.1.15 (KHTML, like Gecko) Brave/1 Mobile/15E148 Safari/604.1"
86.16.74.122 - - [29/Apr/2026:13:59:24 +0200] "GET /d03ff56cd9fc33.php HTTP/1.1" 200 38669 "-" "Mozilla/5.0 (iPhone; CPU iPhone OS 17_0_1 like Mac OS X) AppleWebKit/605.1.15 (KHTML, like Gecko) Version/17.0 Mobile/15E148 Safari/604.1"
57.131.13.107 - - [29/Apr/2026:13:59:25 +0200] "GET /d03ff56cd9fc33.php HTTP/1.1" 200 38670 "-" "Mozilla/5.0 (iPhone; CPU iPhone OS 17_0_1 like Mac OS X) AppleWebKit/605.1.15 (KHTML, like Gecko) Version/17.0 Mobile/15E148 Safari/604.1"
145.239.81.102 - - [29/Apr/2026:13:59:33 +0200] "GET /5c2c99561f3b74.php HTTP/1.1" 200 38675 "-" "Mozilla/5.0 (Macintosh; Intel Mac OS X 10_15_7) AppleWebKit/605.1.15 (KHTML, like Gecko) Version/26.4 Safari/605.1.15"
51.75.141.254 - - [29/Apr/2026:13:59:34 +0200] "GET /862a9c587b7396.php HTTP/1.1" 200 38674 "-" "Mozilla/5.0 (iPhone; CPU iPhone OS 18_0 like Mac OS X) AppleWebKit/605.1.15 (KHTML, like Gecko) Version/18.0 Mobile/15E148 Safari/604.1"
91.134.43.152 - - [29/Apr/2026:13:59:35 +0200] "GET /5c2c99561f3b74.php HTTP/1.1" 200 38674 "-" "Mozilla/5.0 (Macintosh; Intel Mac OS X 10_15_7) AppleWebKit/605.1.15 (KHTML, like Gecko) Version/26.4 Safari/605.1.15"
45.157.112.26 - - [29/Apr/2026:13:59:19 +0200] "GET /c2b653fd11c458.php HTTP/1.1" 200 38674 "-" "Mozilla/5.0 (iPhone; CPU iPhone OS 26_0 like Mac OS X) AppleWebKit/605.1.15 (KHTML, like Gecko) Brave/1 Mobile/15E148 Safari/604.1"
86.16.74.122 - - [29/Apr/2026:13:59:19 +0200] "GET /c2b653fd11c458.php HTTP/1.1" 200 38673 "-" "Mozilla/5.0 (iPhone; CPU iPhone OS 26_0 like Mac OS X) AppleWebKit/605.1.15 (KHTML, like Gecko) Brave/1 Mobile/15E148 Safari/604.1"
149.102.239.212 - - [29/Apr/2026:13:59:19 +0200] "GET /checkout HTTP/1.1" 404 1251 "-" "Mozilla/5.0 (Macintosh; Intel Mac OS X 10_15_7) AppleWebKit/537.36 (KHTML, like Gecko) Chrome/142.0.0.0 Safari/537.36"
57.131.13.153 - - [29/Apr/2026:13:59:21 +0200] "GET /737b88c3ad9b21.php HTTP/1.1" 200 38670 "-" "Mozilla/5.0 (Linux; Android 10; K) AppleWebKit/537.36 (KHTML, like Gecko) Chrome/145.0.0.0 Mobile Safari/537.36"
91.134.43.152 - - [29/Apr/2026:13:59:21 +0200] "GET /favicon.ico HTTP/1.1" 404 1251 "https://www.caisse-palette.bean7936.odns.fr/5c2c99561f3b74.php" "Mozilla/5.0 (Macintosh; Intel Mac OS X 10_15_7) AppleWebKit/605.1.15 (KHTML, like Gecko) Version/26.4 Safari/605.1.15"
86.16.74.122 - - [29/Apr/2026:13:59:21 +0200] "GET /737b88c3ad9b21.php HTTP/1.1" 200 38669 "-" "Mozilla/5.0 (Linux; Android 10; K) AppleWebKit/537.36 (KHTML, like Gecko) Chrome/145.0.0.0 Mobile Safari/537.36"
86.16.74.122 - - [29/Apr/2026:13:59:23 +0200] "GET /c6c6c941f9dab1.php HTTP/1.1" 200 38673 "-" "Mozilla/5.0 (iPhone; CPU iPhone OS 18_0 like Mac OS X) AppleWebKit/605.1.15 (KHTML, like Gecko) Version/18.0 Mobile/15E148 Safari/604.1"
51.75.141.254 - - [29/Apr/2026:13:59:24 +0200] "GET /c6c6c941f9dab1.php HTTP/1.1" 200 38674 "-" "Mozilla/5.0 (iPhone; CPU iPhone OS 18_0 like Mac OS X) AppleWebKit/605.1.15 (KHTML, like Gecko) Version/18.0 Mobile/15E148 Safari/604.1"
164.90.241.135 - - [29/Apr/2026:13:59:25 +0200] "GET /d03ff56cd9fc33.php HTTP/1.1" 200 38671 "-" "Mozilla/5.0 (iPhone; CPU iPhone OS 17_0_1 like Mac OS X) AppleWebKit/605.1.15 (KHTML, like Gecko) Version/17.0 Mobile/15E148 Safari/604.1"
86.16.74.122 - - [29/Apr/2026:13:59:32 +0200] "GET /5c2c99561f3b74.php HTTP/1.1" 200 38673 "-" "Mozilla/5.0 (Macintosh; Intel Mac OS X 10_15_7) AppleWebKit/605.1.15 (KHTML, like Gecko) Version/26.4 Safari/605.1.15"
91.134.142.216 - - [29/Apr/2026:13:59:33 +0200] "GET /3bc323aca11a35.php HTTP/1.1" 200 38675 "-" "Mozilla/5.0 (Linux; Android 10; K) AppleWebKit/537.36 (KHTML, like Gecko) Chrome/144.0.0.0 Mobile Safari/537.36"
51.91.159.157 - - [29/Apr/2026:13:59:33 +0200] "GET /8a70b4bc6b5038.php HTTP/1.1" 200 38674 "-" "Mozilla/5.0 (Windows NT 10.0; Win64; x64) AppleWebKit/537.36 (KHTML, like Gecko) Chrome/131.0.0.0 Safari/537.36"
91.134.142.216 - - [29/Apr/2026:13:59:33 +0200] "GET /favicon.ico HTTP/1.1" 404 1251 "https://www.caisse-palette.bean7936.odns.fr/3bc323aca11a35.php" "Mozilla/5.0 (Linux; Android 10; K) AppleWebKit/537.36 (KHTML, like Gecko) Chrome/144.0.0.0 Mobile Safari/537.36"
51.91.159.157 - - [29/Apr/2026:13:59:34 +0200] "GET /favicon.ico HTTP/1.1" 404 1251 "https://www.caisse-palette.bean7936.odns.fr/8a70b4bc6b5038.php" "Mozilla/5.0 (Windows NT 10.0; Win64; x64) AppleWebKit/537.36 (KHTML, like Gecko) Chrome/131.0.0.0 Safari/537.36"
51.75.141.254 - - [29/Apr/2026:13:59:35 +0200] "GET /06bdc12ede3ae0.php HTTP/1.1" 200 38670 "-" "Mozilla/5.0 (Windows NT 10.0; Win64; x64) AppleWebKit/537.36 (KHTML, like Gecko) Chrome/147.0.0.0 Safari/537.36 Edg/147.0.0.0"
51.75.141.254 - - [29/Apr/2026:13:59:35 +0200] "GET /favicon.ico HTTP/1.1" 404 1251 "https://caisse-palette.bean7936.odns.fr/06bdc12ede3ae0.php" "Mozilla/5.0 (Windows NT 10.0; Win64; x64) AppleWebKit/537.36 (KHTML, like Gecko) Chrome/147.0.0.0 Safari/537.36 Edg/147.0.0.0"
86.16.74.122 - - [29/Apr/2026:13:59:45 +0200] "GET /8a70b4bc6b5038.php HTTP/1.1" 200 38673 "-" "Mozilla/5.0 (Windows NT 10.0; Win64; x64) AppleWebKit/537.36 (KHTML, like Gecko) Chrome/131.0.0.0 Safari/537.36"
213.139.9.170 - - [29/Apr/2026:13:59:20 +0200] "GET /737b88c3ad9b21.php HTTP/1.1" 200 38670 "-" "Mozilla/5.0 (Linux; Android 10; K) AppleWebKit/537.36 (KHTML, like Gecko) Chrome/145.0.0.0 Mobile Safari/537.36"
65.109.14.150 - - [29/Apr/2026:13:59:21 +0200] "GET /737b88c3ad9b21.php HTTP/1.1" 200 38670 "-" "Mozilla/5.0 (Linux; Android 10; K) AppleWebKit/537.36 (KHTML, like Gecko) Chrome/145.0.0.0 Mobile Safari/537.36"
91.134.43.152 - - [29/Apr/2026:13:59:21 +0200] "GET /5c2c99561f3b74.php HTTP/1.1" 200 38674 "-" "Mozilla/5.0 (Macintosh; Intel Mac OS X 10_15_7) AppleWebKit/605.1.15 (KHTML, like Gecko) Version/26.4 Safari/605.1.15"
91.134.142.208 - - [29/Apr/2026:13:59:22 +0200] "GET /d03ff56cd9fc33.php HTTP/1.1" 200 38671 "-" "Mozilla/5.0 (iPhone; CPU iPhone OS 17_0_1 like Mac OS X) AppleWebKit/605.1.15 (KHTML, like Gecko) Version/17.0 Mobile/15E148 Safari/604.1"
57.131.13.95 - - [29/Apr/2026:13:59:22 +0200] "GET /c6c6c941f9dab1.php HTTP/1.1" 200 38673 "-" "Mozilla/5.0 (iPhone; CPU iPhone OS 18_0 like Mac OS X) AppleWebKit/605.1.15 (KHTML, like Gecko) Version/18.0 Mobile/15E148 Safari/604.1"
23.80.89.38 - - [29/Apr/2026:13:59:25 +0200] "GET /c6c6c941f9dab1.php HTTP/1.1" 200 38672 "-" "Mozilla/5.0 (iPhone; CPU iPhone OS 18_0 like Mac OS X) AppleWebKit/605.1.15 (KHTML, like Gecko) Version/18.0 Mobile/15E148 Safari/604.1"
51.75.141.254 - - [29/Apr/2026:13:59:34 +0200] "GET /favicon.ico HTTP/1.1" 404 1251 "https://www.caisse-palette.bean7936.odns.fr/862a9c587b7396.php" "Mozilla/5.0 (iPhone; CPU iPhone OS 18_0 like Mac OS X) AppleWebKit/605.1.15 (KHTML, like Gecko) Version/18.0 Mobile/15E148 Safari/604.1"
77.42.64.153 - - [29/Apr/2026:13:59:35 +0200] "GET /5c2c99561f3b74.php HTTP/1.1" 200 38673 "-" "Mozilla/5.0 (Macintosh; Intel Mac OS X 10_15_7) AppleWebKit/605.1.15 (KHTML, like Gecko) Version/26.4 Safari/605.1.15"
51.91.159.157 - - [29/Apr/2026:13:59:45 +0200] "GET /8a70b4bc6b5038.php HTTP/1.1" 200 38674 "-" "Mozilla/5.0 (Windows NT 10.0; Win64; x64) AppleWebKit/537.36 (KHTML, like Gecko) Chrome/131.0.0.0 Safari/537.36"
86.16.74.122 - - [29/Apr/2026:13:59:45 +0200] "GET /862a9c587b7396.php HTTP/1.1" 200 38673 "-" "Mozilla/5.0 (iPhone; CPU iPhone OS 18_0 like Mac OS X) AppleWebKit/605.1.15 (KHTML, like Gecko) Version/18.0 Mobile/15E148 Safari/604.1"
57.131.13.95 - - [29/Apr/2026:13:59:47 +0200] "GET /3bc323aca11a35.php HTTP/1.1" 200 38673 "-" "Mozilla/5.0 (Linux; Android 10; K) AppleWebKit/537.36 (KHTML, like Gecko) Chrome/144.0.0.0 Mobile Safari/537.36"
57.131.13.95 - - [29/Apr/2026:13:59:48 +0200] "GET /8a70b4bc6b5038.php HTTP/1.1" 200 38673 "-" "Mozilla/5.0 (Windows NT 10.0; Win64; x64) AppleWebKit/537.36 (KHTML, like Gecko) Chrome/131.0.0.0 Safari/537.36"
195.132.35.238 - - [29/Apr/2026:13:59:48 +0200] "GET /favicon.ico HTTP/1.1" 404 1251 "https://www.caisse-palette.bean7936.odns.fr/d6c00bda6a5049.php" "Mozilla/5.0 (Windows NT 10.0; Win64; x64) AppleWebKit/537.36 (KHTML, like Gecko) Chrome/147.0.0.0 Safari/537.36 Edg/147.0.0.0"
51.75.141.254 - - [29/Apr/2026:13:59:53 +0200] "GET /06bdc12ede3ae0.php HTTP/1.1" 200 38670 "-" "Mozilla/5.0 (Windows NT 10.0; Win64; x64) AppleWebKit/537.36 (KHTML, like Gecko) Chrome/147.0.0.0 Safari/537.36 Edg/147.0.0.0"
57.131.13.95 - - [29/Apr/2026:13:59:54 +0200] "GET /06bdc12ede3ae0.php HTTP/1.1" 200 38669 "-" "Mozilla/5.0 (Windows NT 10.0; Win64; x64) AppleWebKit/537.36 (KHTML, like Gecko) Chrome/147.0.0.0 Safari/537.36 Edg/147.0.0.0"
128.90.173.49 - - [29/Apr/2026:14:00:07 +0200] "GET /favicon.ico HTTP/1.1" 404 1251 "https://caisse-palette.bean7936.odns.fr/o2s-cgi/security-challenge?a=verify-response" "Mozilla/5.0 (Windows NT 10.0; Win64; x64; rv:149.0) Gecko/20100101 Firefox/149.0"
149.22.85.75 - - [29/Apr/2026:14:00:11 +0200] "GET /favicon.ico HTTP/1.1" 404 1251 "https://www.caisse-palette.bean7936.odns.fr/checkout" "Mozilla/5.0 (Windows NT 10.0; Win64; x64) AppleWebKit/537.36 (KHTML, like Gecko) Chrome/147.0.0.0 Safari/537.36"
203.55.81.1 - - [29/Apr/2026:13:59:36 +0200] "GET /checkout HTTP/1.1" 404 1251 "https://caisse-palette.bean7936.odns.fr/checkout" "Mozilla/5.0 (Macintosh; Intel Mac OS X 10_15_7) AppleWebKit/537.36 (KHTML, like Gecko) Chrome/137.0.0.0 Safari/537.36"
203.55.81.1 - - [29/Apr/2026:13:59:37 +0200] "GET /favicon.ico HTTP/1.1" 404 1251 "https://caisse-palette.bean7936.odns.fr/checkout" "Mozilla/5.0 (Macintosh; Intel Mac OS X 10_15_7) AppleWebKit/537.36 (KHTML, like Gecko) Chrome/137.0.0.0 Safari/537.36"
195.132.35.238 - - [29/Apr/2026:13:59:45 +0200] "GET /d6c00bda6a5049.php HTTP/1.1" 200 38675 "-" "Mozilla/5.0 (Windows NT 10.0; Win64; x64) AppleWebKit/537.36 (KHTML, like Gecko) Chrome/147.0.0.0 Safari/537.36 Edg/147.0.0.0"
91.134.142.216 - - [29/Apr/2026:13:59:46 +0200] "GET /3bc323aca11a35.php HTTP/1.1" 200 38675 "-" "Mozilla/5.0 (Linux; Android 10; K) AppleWebKit/537.36 (KHTML, like Gecko) Chrome/144.0.0.0 Mobile Safari/537.36"
164.90.241.135 - - [29/Apr/2026:13:59:54 +0200] "GET /06bdc12ede3ae0.php HTTP/1.1" 200 38671 "-" "Mozilla/5.0 (Windows NT 10.0; Win64; x64) AppleWebKit/537.36 (KHTML, like Gecko) Chrome/147.0.0.0 Safari/537.36 Edg/147.0.0.0"
86.16.74.122 - - [29/Apr/2026:13:59:54 +0200] "GET /06bdc12ede3ae0.php HTTP/1.1" 200 38669 "-" "Mozilla/5.0 (Windows NT 10.0; Win64; x64) AppleWebKit/537.36 (KHTML, like Gecko) Chrome/147.0.0.0 Safari/537.36 Edg/147.0.0.0"
195.132.35.238 - - [29/Apr/2026:13:59:55 +0200] "GET /d6c00bda6a5049.php HTTP/1.1" 200 38675 "-" "Mozilla/5.0 (Windows NT 10.0; Win64; x64) AppleWebKit/537.36 (KHTML, like Gecko) Chrome/147.0.0.0 Safari/537.36 Edg/147.0.0.0"
86.16.74.122 - - [29/Apr/2026:13:59:55 +0200] "GET /d6c00bda6a5049.php HTTP/1.1" 200 38673 "-" "Mozilla/5.0 (Windows NT 10.0; Win64; x64) AppleWebKit/537.36 (KHTML, like Gecko) Chrome/147.0.0.0 Safari/537.36 Edg/147.0.0.0"
149.22.85.75 - - [29/Apr/2026:14:00:11 +0200] "GET /checkout HTTP/1.1" 404 1251 "-" "Mozilla/5.0 (Windows NT 10.0; Win64; x64) AppleWebKit/537.36 (KHTML, like Gecko) Chrome/147.0.0.0 Safari/537.36"
15.188.246.173 - - [29/Apr/2026:14:01:02 +0200] "GET /c17d291cfd5338.php HTTP/1.1" 200 38675 "-" "Mozilla/5.0 (Windows NT 10.0; Win64; x64) AppleWebKit/537.36 (KHTML, like Gecko) Chrome/146.0.0.0 Safari/537.36 Edg/146.0.0.0"
15.188.246.173 - - [29/Apr/2026:14:01:02 +0200] "GET /favicon.ico HTTP/1.1" 404 1251 "https://www.caisse-palette.bean7936.odns.fr/c17d291cfd5338.php" "Mozilla/5.0 (Windows NT 10.0; Win64; x64) AppleWebKit/537.36 (KHTML, like Gecko) Chrome/146.0.0.0 Safari/537.36 Edg/146.0.0.0"
45.157.112.14 - - [29/Apr/2026:14:01:04 +0200] "GET /c2b653fd11c458.php HTTP/1.1" 200 38674 "-" "Mozilla/5.0 (iPhone; CPU iPhone OS 26_0 like Mac OS X) AppleWebKit/605.1.15 (KHTML, like Gecko) Brave/1 Mobile/15E148 Safari/604.1"
91.134.142.208 - - [29/Apr/2026:14:01:06 +0200] "GET /favicon.ico HTTP/1.1" 404 1251 "https://caisse-palette.bean7936.odns.fr/d03ff56cd9fc33.php" "Mozilla/5.0 (iPhone; CPU iPhone OS 17_0_1 like Mac OS X) AppleWebKit/605.1.15 (KHTML, like Gecko) Version/17.0 Mobile/15E148 Safari/604.1"
45.157.112.116 - - [29/Apr/2026:14:01:07 +0200] "GET /favicon.ico HTTP/1.1" 404 1251 "https://www.caisse-palette.bean7936.odns.fr/c2b653fd11c458.php" "Mozilla/5.0 (iPhone; CPU iPhone OS 26_0 like Mac OS X) AppleWebKit/605.1.15 (KHTML, like Gecko) Brave/1 Mobile/15E148 Safari/604.1"
213.139.9.170 - - [29/Apr/2026:14:01:07 +0200] "GET /favicon.ico HTTP/1.1" 404 1251 "https://caisse-palette.bean7936.odns.fr/737b88c3ad9b21.php" "Mozilla/5.0 (Linux; Android 10; K) AppleWebKit/537.36 (KHTML, like Gecko) Chrome/145.0.0.0 Mobile Safari/537.36"
51.75.141.254 - - [29/Apr/2026:14:01:07 +0200] "GET /c6c6c941f9dab1.php HTTP/1.1" 200 38674 "-" "Mozilla/5.0 (iPhone; CPU iPhone OS 18_0 like Mac OS X) AppleWebKit/605.1.15 (KHTML, like Gecko) Version/18.0 Mobile/15E148 Safari/604.1"
77.42.64.154 - - [29/Apr/2026:13:59:45 +0200] "GET /8a70b4bc6b5038.php HTTP/1.1" 200 38673 "-" "Mozilla/5.0 (Windows NT 10.0; Win64; x64) AppleWebKit/537.36 (KHTML, like Gecko) Chrome/131.0.0.0 Safari/537.36"
51.75.141.254 - - [29/Apr/2026:13:59:45 +0200] "GET /862a9c587b7396.php HTTP/1.1" 200 38674 "-" "Mozilla/5.0 (iPhone; CPU iPhone OS 18_0 like Mac OS X) AppleWebKit/605.1.15 (KHTML, like Gecko) Version/18.0 Mobile/15E148 Safari/604.1"
86.16.74.122 - - [29/Apr/2026:13:59:48 +0200] "GET /3bc323aca11a35.php HTTP/1.1" 200 38673 "-" "Mozilla/5.0 (Linux; Android 10; K) AppleWebKit/537.36 (KHTML, like Gecko) Chrome/144.0.0.0 Mobile Safari/537.36"
68.183.245.101 - - [29/Apr/2026:13:59:48 +0200] "GET /862a9c587b7396.php HTTP/1.1" 200 38675 "-" "Mozilla/5.0 (iPhone; CPU iPhone OS 18_0 like Mac OS X) AppleWebKit/605.1.15 (KHTML, like Gecko) Version/18.0 Mobile/15E148 Safari/604.1"
77.42.64.153 - - [29/Apr/2026:13:59:49 +0200] "GET /862a9c587b7396.php HTTP/1.1" 200 38673 "-" "Mozilla/5.0 (iPhone; CPU iPhone OS 18_0 like Mac OS X) AppleWebKit/605.1.15 (KHTML, like Gecko) Version/18.0 Mobile/15E148 Safari/604.1"
146.190.203.144 - - [29/Apr/2026:13:59:50 +0200] "GET /3bc323aca11a35.php HTTP/1.1" 200 38676 "-" "Mozilla/5.0 (Linux; Android 10; K) AppleWebKit/537.36 (KHTML, like Gecko) Chrome/144.0.0.0 Mobile Safari/537.36"
46.62.234.38 - - [29/Apr/2026:13:59:55 +0200] "GET /d6c00bda6a5049.php HTTP/1.1" 200 38673 "-" "Mozilla/5.0 (Windows NT 10.0; Win64; x64) AppleWebKit/537.36 (KHTML, like Gecko) Chrome/147.0.0.0 Safari/537.36 Edg/147.0.0.0"
91.134.43.151 - - [29/Apr/2026:14:00:08 +0200] "GET /checkout HTTP/1.1" 404 1251 "-" "Mozilla/5.0 (Windows NT 10.0; Win64; x64; rv:148.0) Gecko/20100101 Firefox/148.0"
45.157.112.14 - - [29/Apr/2026:14:00:10 +0200] "GET /checkout HTTP/1.1" 404 1251 "-" "Mozilla/5.0 (iPhone; CPU iPhone OS 17_0_1 like Mac OS X) AppleWebKit/605.1.15 (KHTML, like Gecko) Version/17.0 Mobile/15E148 Safari/604.1"
149.22.85.75 - - [29/Apr/2026:14:00:17 +0200] "GET /checkout HTTP/1.1" 404 1251 "-" "Mozilla/5.0 (iPhone; CPU iPhone OS 26_2_1 like Mac OS X) AppleWebKit/605.1.15 (KHTML, like Gecko) Version/26.0 YaBrowser/25.12.8.328.10 SA/3 Mobile/15E148 Safari/604.1"
149.50.212.210 - - [29/Apr/2026:14:00:33 +0200] "GET /checkout HTTP/1.1" 404 1251 "https://caisse-palette.bean7936.odns.fr/o2s-cgi/security-challenge?a=verify-response" "Mozilla/5.0 (Windows NT 10.0; Win64; x64; rv:149.0) Gecko/20100101 Firefox/149.0"
15.188.246.173 - - [29/Apr/2026:14:01:04 +0200] "GET /c17d291cfd5338.php HTTP/1.1" 200 38675 "-" "Mozilla/5.0 (Windows NT 10.0; Win64; x64) AppleWebKit/537.36 (KHTML, like Gecko) Chrome/146.0.0.0 Safari/537.36 Edg/146.0.0.0"
45.157.112.116 - - [29/Apr/2026:14:01:07 +0200] "GET /c2b653fd11c458.php HTTP/1.1" 200 38675 "-" "Mozilla/5.0 (iPhone; CPU iPhone OS 26_0 like Mac OS X) AppleWebKit/605.1.15 (KHTML, like Gecko) Brave/1 Mobile/15E148 Safari/604.1"
213.139.9.170 - - [29/Apr/2026:14:01:08 +0200] "GET /737b88c3ad9b21.php HTTP/1.1" 200 38670 "-" "Mozilla/5.0 (Linux; Android 10; K) AppleWebKit/537.36 (KHTML, like Gecko) Chrome/145.0.0.0 Mobile Safari/537.36"
91.134.142.208 - - [29/Apr/2026:14:01:08 +0200] "GET /d03ff56cd9fc33.php HTTP/1.1" 200 38671 "-" "Mozilla/5.0 (iPhone; CPU iPhone OS 17_0_1 like Mac OS X) AppleWebKit/605.1.15 (KHTML, like Gecko) Version/17.0 Mobile/15E148 Safari/604.1"
91.134.142.208 - - [29/Apr/2026:14:01:08 +0200] "GET /favicon.ico HTTP/1.1" 404 1251 "https://caisse-palette.bean7936.odns.fr/d03ff56cd9fc33.php" "Mozilla/5.0 (iPhone; CPU iPhone OS 17_0_1 like Mac OS X) AppleWebKit/605.1.15 (KHTML, like Gecko) Version/17.0 Mobile/15E148 Safari/604.1"
51.75.141.254 - - [29/Apr/2026:14:01:12 +0200] "GET /favicon.ico HTTP/1.1" 404 1251 "https://www.caisse-palette.bean7936.odns.fr/862a9c587b7396.php" "Mozilla/5.0 (iPhone; CPU iPhone OS 18_0 like Mac OS X) AppleWebKit/605.1.15 (KHTML, like Gecko) Version/18.0 Mobile/15E148 Safari/604.1"
149.22.85.75 - - [29/Apr/2026:14:00:17 +0200] "GET /checkout HTTP/1.1" 404 1251 "-" "Mozilla/5.0 (Windows NT 10.0; Win64; x64; rv:148.0) Gecko/20100101 Firefox/148.0"
149.50.212.210 - - [29/Apr/2026:14:00:33 +0200] "GET /favicon.ico HTTP/1.1" 404 1251 "https://caisse-palette.bean7936.odns.fr/checkout" "Mozilla/5.0 (Windows NT 10.0; Win64; x64; rv:149.0) Gecko/20100101 Firefox/149.0"
15.188.246.173 - - [29/Apr/2026:14:01:04 +0200] "GET /favicon.ico HTTP/1.1" 404 1251 "https://www.caisse-palette.bean7936.odns.fr/c17d291cfd5338.php" "Mozilla/5.0 (Windows NT 10.0; Win64; x64) AppleWebKit/537.36 (KHTML, like Gecko) Chrome/146.0.0.0 Safari/537.36 Edg/146.0.0.0"
45.157.112.14 - - [29/Apr/2026:14:01:04 +0200] "GET /favicon.ico HTTP/1.1" 404 1251 "https://www.caisse-palette.bean7936.odns.fr/c2b653fd11c458.php" "Mozilla/5.0 (iPhone; CPU iPhone OS 26_0 like Mac OS X) AppleWebKit/605.1.15 (KHTML, like Gecko) Brave/1 Mobile/15E148 Safari/604.1"
91.134.142.208 - - [29/Apr/2026:14:01:06 +0200] "GET /d03ff56cd9fc33.php HTTP/1.1" 200 38671 "-" "Mozilla/5.0 (iPhone; CPU iPhone OS 17_0_1 like Mac OS X) AppleWebKit/605.1.15 (KHTML, like Gecko) Version/17.0 Mobile/15E148 Safari/604.1"
213.139.9.170 - - [29/Apr/2026:14:01:07 +0200] "GET /737b88c3ad9b21.php HTTP/1.1" 200 38670 "-" "Mozilla/5.0 (Linux; Android 10; K) AppleWebKit/537.36 (KHTML, like Gecko) Chrome/145.0.0.0 Mobile Safari/537.36"
91.134.43.152 - - [29/Apr/2026:14:01:07 +0200] "GET /5c2c99561f3b74.php HTTP/1.1" 200 38674 "-" "Mozilla/5.0 (Macintosh; Intel Mac OS X 10_15_7) AppleWebKit/605.1.15 (KHTML, like Gecko) Version/26.4 Safari/605.1.15"
51.91.159.157 - - [29/Apr/2026:14:01:09 +0200] "GET /favicon.ico HTTP/1.1" 404 1251 "https://www.caisse-palette.bean7936.odns.fr/8a70b4bc6b5038.php" "Mozilla/5.0 (Windows NT 10.0; Win64; x64) AppleWebKit/537.36 (KHTML, like Gecko) Chrome/131.0.0.0 Safari/537.36"
91.134.142.216 - - [29/Apr/2026:14:01:11 +0200] "GET /3bc323aca11a35.php HTTP/1.1" 200 38675 "-" "Mozilla/5.0 (Linux; Android 10; K) AppleWebKit/537.36 (KHTML, like Gecko) Chrome/144.0.0.0 Mobile Safari/537.36"
51.75.141.254 - - [29/Apr/2026:14:01:12 +0200] "GET /862a9c587b7396.php HTTP/1.1" 200 38674 "-" "Mozilla/5.0 (iPhone; CPU iPhone OS 18_0 like Mac OS X) AppleWebKit/605.1.15 (KHTML, like Gecko) Version/18.0 Mobile/15E148 Safari/604.1"
51.75.141.254 - - [29/Apr/2026:14:01:14 +0200] "GET /862a9c587b7396.php HTTP/1.1" 200 38674 "-" "Mozilla/5.0 (iPhone; CPU iPhone OS 18_0 like Mac OS X) AppleWebKit/605.1.15 (KHTML, like Gecko) Version/18.0 Mobile/15E148 Safari/604.1"
195.132.35.238 - - [29/Apr/2026:14:01:17 +0200] "GET /d6c00bda6a5049.php HTTP/1.1" 200 38675 "-" "Mozilla/5.0 (Windows NT 10.0; Win64; x64) AppleWebKit/537.36 (KHTML, like Gecko) Chrome/147.0.0.0 Safari/537.36 Edg/147.0.0.0"
86.16.74.122 - - [29/Apr/2026:14:13:51 +0200] "GET /c17d291cfd5338.php HTTP/1.1" 200 38673 "-" "Mozilla/5.0 (Windows NT 10.0; Win64; x64) AppleWebKit/537.36 (KHTML, like Gecko) Chrome/146.0.0.0 Safari/537.36 Edg/146.0.0.0"
77.42.64.154 - - [29/Apr/2026:14:13:52 +0200] "GET /c17d291cfd5338.php HTTP/1.1" 200 38673 "-" "Mozilla/5.0 (Windows NT 10.0; Win64; x64) AppleWebKit/537.36 (KHTML, like Gecko) Chrome/146.0.0.0 Safari/537.36 Edg/146.0.0.0"
51.75.141.254 - - [29/Apr/2026:14:14:20 +0200] "GET /862a9c587b7396.php HTTP/1.1" 200 38674 "-" "Mozilla/5.0 (iPhone; CPU iPhone OS 18_0 like Mac OS X) AppleWebKit/605.1.15 (KHTML, like Gecko) Version/18.0 Mobile/15E148 Safari/604.1"
86.16.74.122 - - [29/Apr/2026:14:14:20 +0200] "GET /862a9c587b7396.php HTTP/1.1" 200 38673 "-" "Mozilla/5.0 (iPhone; CPU iPhone OS 18_0 like Mac OS X) AppleWebKit/605.1.15 (KHTML, like Gecko) Version/18.0 Mobile/15E148 Safari/604.1"
68.183.245.101 - - [29/Apr/2026:14:14:21 +0200] "GET /862a9c587b7396.php HTTP/1.1" 200 38675 "-" "Mozilla/5.0 (iPhone; CPU iPhone OS 18_0 like Mac OS X) AppleWebKit/605.1.15 (KHTML, like Gecko) Version/18.0 Mobile/15E148 Safari/604.1"
51.91.159.157 - - [29/Apr/2026:14:01:12 +0200] "GET /8a70b4bc6b5038.php HTTP/1.1" 200 38674 "-" "Mozilla/5.0 (Windows NT 10.0; Win64; x64) AppleWebKit/537.36 (KHTML, like Gecko) Chrome/131.0.0.0 Safari/537.36"
51.75.141.254 - - [29/Apr/2026:14:01:13 +0200] "GET /favicon.ico HTTP/1.1" 404 1251 "https://caisse-palette.bean7936.odns.fr/06bdc12ede3ae0.php" "Mozilla/5.0 (Windows NT 10.0; Win64; x64) AppleWebKit/537.36 (KHTML, like Gecko) Chrome/147.0.0.0 Safari/537.36 Edg/147.0.0.0"
51.91.159.157 - - [29/Apr/2026:14:01:13 +0200] "GET /8a70b4bc6b5038.php HTTP/1.1" 200 38674 "-" "Mozilla/5.0 (Windows NT 10.0; Win64; x64) AppleWebKit/537.36 (KHTML, like Gecko) Chrome/131.0.0.0 Safari/537.36"
51.75.141.254 - - [29/Apr/2026:14:01:15 +0200] "GET /favicon.ico HTTP/1.1" 404 1251 "https://www.caisse-palette.bean7936.odns.fr/862a9c587b7396.php" "Mozilla/5.0 (iPhone; CPU iPhone OS 18_0 like Mac OS X) AppleWebKit/605.1.15 (KHTML, like Gecko) Version/18.0 Mobile/15E148 Safari/604.1"
91.134.142.216 - - [29/Apr/2026:14:01:15 +0200] "GET /3bc323aca11a35.php HTTP/1.1" 200 38675 "-" "Mozilla/5.0 (Linux; Android 10; K) AppleWebKit/537.36 (KHTML, like Gecko) Chrome/144.0.0.0 Mobile Safari/537.36"
15.188.246.173 - - [29/Apr/2026:14:13:50 +0200] "GET /c17d291cfd5338.php HTTP/1.1" 200 38675 "-" "Mozilla/5.0 (Windows NT 10.0; Win64; x64) AppleWebKit/537.36 (KHTML, like Gecko) Chrome/146.0.0.0 Safari/537.36 Edg/146.0.0.0"
68.183.245.101 - - [29/Apr/2026:14:13:52 +0200] "GET /c17d291cfd5338.php HTTP/1.1" 200 38675 "-" "Mozilla/5.0 (Windows NT 10.0; Win64; x64) AppleWebKit/537.36 (KHTML, like Gecko) Chrome/146.0.0.0 Safari/537.36 Edg/146.0.0.0"
77.42.64.153 - - [29/Apr/2026:14:14:20 +0200] "GET /862a9c587b7396.php HTTP/1.1" 200 38673 "-" "Mozilla/5.0 (iPhone; CPU iPhone OS 18_0 like Mac OS X) AppleWebKit/605.1.15 (KHTML, like Gecko) Version/18.0 Mobile/15E148 Safari/604.1"
46.62.234.38 - - [29/Apr/2026:14:14:26 +0200] "GET /d6c00bda6a5049.php HTTP/1.1" 200 38673 "-" "Mozilla/5.0 (Windows NT 10.0; Win64; x64) AppleWebKit/537.36 (KHTML, like Gecko) Chrome/147.0.0.0 Safari/537.36 Edg/147.0.0.0"
51.91.159.157 - - [29/Apr/2026:14:14:31 +0200] "GET /8a70b4bc6b5038.php HTTP/1.1" 200 38674 "-" "Mozilla/5.0 (Windows NT 10.0; Win64; x64) AppleWebKit/537.36 (KHTML, like Gecko) Chrome/131.0.0.0 Safari/537.36"
195.132.35.238 - - [29/Apr/2026:14:14:31 +0200] "GET /d6c00bda6a5049.php HTTP/1.1" 200 38675 "-" "Mozilla/5.0 (Windows NT 10.0; Win64; x64) AppleWebKit/537.36 (KHTML, like Gecko) Chrome/147.0.0.0 Safari/537.36 Edg/147.0.0.0"
164.90.241.135 - - [29/Apr/2026:14:14:40 +0200] "GET /06bdc12ede3ae0.php HTTP/1.1" 200 38671 "-" "Mozilla/5.0 (Windows NT 10.0; Win64; x64) AppleWebKit/537.36 (KHTML, like Gecko) Chrome/147.0.0.0 Safari/537.36 Edg/147.0.0.0"
51.75.141.254 - - [29/Apr/2026:14:14:40 +0200] "GET /06bdc12ede3ae0.php HTTP/1.1" 200 38670 "-" "Mozilla/5.0 (Windows NT 10.0; Win64; x64) AppleWebKit/537.36 (KHTML, like Gecko) Chrome/147.0.0.0 Safari/537.36 Edg/147.0.0.0"
51.75.141.254 - - [29/Apr/2026:14:14:46 +0200] "GET /c6c6c941f9dab1.php HTTP/1.1" 200 38674 "-" "Mozilla/5.0 (iPhone; CPU iPhone OS 18_0 like Mac OS X) AppleWebKit/605.1.15 (KHTML, like Gecko) Version/18.0 Mobile/15E148 Safari/604.1"
195.132.35.238 - - [29/Apr/2026:14:14:56 +0200] "GET /0a3170fad6056c.php HTTP/1.1" 200 38675 "-" "Mozilla/5.0 (iPhone; CPU iPhone OS 26_0 like Mac OS X) AppleWebKit/605.1.15 (KHTML, like Gecko) Brave/1 Mobile/15E148 Safari/604.1"
157.230.195.44 - - [29/Apr/2026:14:14:58 +0200] "GET /0a3170fad6056c.php HTTP/1.1" 200 38675 "-" "Mozilla/5.0 (iPhone; CPU iPhone OS 26_0 like Mac OS X) AppleWebKit/605.1.15 (KHTML, like Gecko) Brave/1 Mobile/15E148 Safari/604.1"
213.139.9.170 - - [29/Apr/2026:14:15:17 +0200] "GET /737b88c3ad9b21.php HTTP/1.1" 200 38670 "-" "Mozilla/5.0 (Linux; Android 10; K) AppleWebKit/537.36 (KHTML, like Gecko) Chrome/145.0.0.0 Mobile Safari/537.36"
57.131.13.153 - - [29/Apr/2026:14:15:18 +0200] "GET /737b88c3ad9b21.php HTTP/1.1" 200 38670 "-" "Mozilla/5.0 (Linux; Android 10; K) AppleWebKit/537.36 (KHTML, like Gecko) Chrome/145.0.0.0 Mobile Safari/537.36"
91.134.43.152 - - [29/Apr/2026:14:01:07 +0200] "GET /favicon.ico HTTP/1.1" 404 1251 "https://www.caisse-palette.bean7936.odns.fr/5c2c99561f3b74.php" "Mozilla/5.0 (Macintosh; Intel Mac OS X 10_15_7) AppleWebKit/605.1.15 (KHTML, like Gecko) Version/26.4 Safari/605.1.15"
51.75.141.254 - - [29/Apr/2026:14:01:07 +0200] "GET /favicon.ico HTTP/1.1" 404 1251 "https://www.caisse-palette.bean7936.odns.fr/c6c6c941f9dab1.php" "Mozilla/5.0 (iPhone; CPU iPhone OS 18_0 like Mac OS X) AppleWebKit/605.1.15 (KHTML, like Gecko) Version/18.0 Mobile/15E148 Safari/604.1"
213.139.9.170 - - [29/Apr/2026:14:01:08 +0200] "GET /favicon.ico HTTP/1.1" 404 1251 "https://caisse-palette.bean7936.odns.fr/737b88c3ad9b21.php" "Mozilla/5.0 (Linux; Android 10; K) AppleWebKit/537.36 (KHTML, like Gecko) Chrome/145.0.0.0 Mobile Safari/537.36"
91.134.142.216 - - [29/Apr/2026:14:01:09 +0200] "GET /3bc323aca11a35.php HTTP/1.1" 200 38675 "-" "Mozilla/5.0 (Linux; Android 10; K) AppleWebKit/537.36 (KHTML, like Gecko) Chrome/144.0.0.0 Mobile Safari/537.36"
51.91.159.157 - - [29/Apr/2026:14:01:09 +0200] "GET /8a70b4bc6b5038.php HTTP/1.1" 200 38674 "-" "Mozilla/5.0 (Windows NT 10.0; Win64; x64) AppleWebKit/537.36 (KHTML, like Gecko) Chrome/131.0.0.0 Safari/537.36"
