66.249.75.131 - - [29/Apr/2026:16:27:07 +0200] "GET /?jp/097009725.html HTTP/1.1" 200 180032 "-" "Mozilla/5.0 (Linux; Android 6.0.1; Nexus 5X Build/MMB29P) AppleWebKit/537.36 (KHTML, like Gecko) Chrome/147.0.7727.116 Mobile Safari/537.36 (compatible; GoogleOther)"
57.141.20.10 - - [29/Apr/2026:16:27:40 +0200] "GET /products/22356170983242 HTTP/1.1" 500 0 "-" "meta-externalagent/1.1 (+https://developers.facebook.com/docs/sharing/webmasters/crawler)"
57.141.20.14 - - [29/Apr/2026:16:28:46 +0200] "GET /products/12741408508116 HTTP/1.1" 500 0 "-" "meta-externalagent/1.1 (+https://developers.facebook.com/docs/sharing/webmasters/crawler)"
66.249.75.130 - - [29/Apr/2026:16:32:37 +0200] "GET /?jp/067007731.html HTTP/1.1" 200 176373 "-" "Mozilla/5.0 (Linux; Android 6.0.1; Nexus 5X Build/MMB29P) AppleWebKit/537.36 (KHTML, like Gecko) Chrome/147.0.7727.116 Mobile Safari/537.36 (compatible; GoogleOther)"
66.249.75.131 - - [29/Apr/2026:16:26:58 +0200] "GET /?jp/263002469.html HTTP/1.1" 200 207498 "-" "Mozilla/5.0 (Linux; Android 6.0.1; Nexus 5X Build/MMB29P) AppleWebKit/537.36 (KHTML, like Gecko) Chrome/147.0.7727.116 Mobile Safari/537.36 (compatible; GoogleOther)"
66.249.75.131 - - [29/Apr/2026:16:29:30 +0200] "GET /?jp/193000157.html HTTP/1.1" 200 182774 "-" "Mozilla/5.0 (Linux; Android 6.0.1; Nexus 5X Build/MMB29P) AppleWebKit/537.36 (KHTML, like Gecko) Chrome/147.0.7727.116 Mobile Safari/537.36 (compatible; GoogleOther)"
57.141.20.52 - - [29/Apr/2026:16:31:00 +0200] "GET /products/64258743821259 HTTP/1.1" 500 0 "-" "meta-externalagent/1.1 (+https://developers.facebook.com/docs/sharing/webmasters/crawler)"
66.249.75.130 - - [29/Apr/2026:16:31:27 +0200] "GET /?detail/0550312951569 HTTP/1.1" 200 175708 "-" "Mozilla/5.0 (Linux; Android 6.0.1; Nexus 5X Build/MMB29P) AppleWebKit/537.36 (KHTML, like Gecko) Chrome/147.0.7727.116 Mobile Safari/537.36 (compatible; GoogleOther)"
66.249.75.130 - - [29/Apr/2026:16:31:31 +0200] "GET /?jp/244022949.html HTTP/1.1" 200 195654 "-" "Mozilla/5.0 (Linux; Android 6.0.1; Nexus 5X Build/MMB29P) AppleWebKit/537.36 (KHTML, like Gecko) Chrome/147.0.7727.116 Mobile Safari/537.36 (compatible; GoogleOther)"
57.141.20.62 - - [29/Apr/2026:16:34:20 +0200] "GET /products/64122754837643 HTTP/1.1" 500 0 "-" "meta-externalagent/1.1 (+https://developers.facebook.com/docs/sharing/webmasters/crawler)"
66.249.75.131 - - [29/Apr/2026:16:39:49 +0200] "GET /?jp/270042223.html HTTP/1.1" 200 199385 "-" "Mozilla/5.0 (Linux; Android 6.0.1; Nexus 5X Build/MMB29P) AppleWebKit/537.36 (KHTML, like Gecko) Chrome/147.0.7727.116 Mobile Safari/537.36 (compatible; GoogleOther)"
57.141.20.38 - - [29/Apr/2026:16:39:53 +0200] "GET /products/45754750197562 HTTP/1.1" 500 0 "-" "meta-externalagent/1.1 (+https://developers.facebook.com/docs/sharing/webmasters/crawler)"
66.249.75.131 - - [29/Apr/2026:16:41:01 +0200] "GET /?detail/2110218602064 HTTP/1.1" 200 168988 "-" "Mozilla/5.0 (Linux; Android 6.0.1; Nexus 5X Build/MMB29P) AppleWebKit/537.36 (KHTML, like Gecko) Chrome/147.0.7727.116 Mobile Safari/537.36 (compatible; GoogleOther)"
66.249.75.130 - - [29/Apr/2026:16:47:04 +0200] "GET /?jp/060041595.html HTTP/1.1" 200 182694 "-" "Mozilla/5.0 (Linux; Android 6.0.1; Nexus 5X Build/MMB29P) AppleWebKit/537.36 (KHTML, like Gecko) Chrome/147.0.7727.116 Mobile Safari/537.36 (compatible; GoogleOther)"
66.249.75.131 - - [29/Apr/2026:16:48:18 +0200] "GET /?jp/226037087.html HTTP/1.1" 200 179563 "-" "Mozilla/5.0 (Linux; Android 6.0.1; Nexus 5X Build/MMB29P) AppleWebKit/537.36 (KHTML, like Gecko) Chrome/147.0.7727.116 Mobile Safari/537.36 (compatible; GoogleOther)"
57.141.20.12 - - [29/Apr/2026:16:48:47 +0200] "GET /products/452851909374 HTTP/1.1" 500 0 "-" "meta-externalagent/1.1 (+https://developers.facebook.com/docs/sharing/webmasters/crawler)"
57.141.20.13 - - [29/Apr/2026:16:49:54 +0200] "GET /products/16755613424971 HTTP/1.1" 500 0 "-" "meta-externalagent/1.1 (+https://developers.facebook.com/docs/sharing/webmasters/crawler)"
57.141.20.57 - - [29/Apr/2026:16:50:59 +0200] "GET /products/49371393361879 HTTP/1.1" 500 0 "-" "meta-externalagent/1.1 (+https://developers.facebook.com/docs/sharing/webmasters/crawler)"
66.249.75.130 - - [29/Apr/2026:16:51:55 +0200] "GET /?detail/21502441459806 HTTP/1.1" 200 163051 "-" "Mozilla/5.0 (Linux; Android 6.0.1; Nexus 5X Build/MMB29P) AppleWebKit/537.36 (KHTML, like Gecko) Chrome/147.0.7727.116 Mobile Safari/537.36 (compatible; GoogleOther)"
57.141.20.5 - - [29/Apr/2026:16:52:05 +0200] "GET /products/48153734150236 HTTP/1.1" 500 0 "-" "meta-externalagent/1.1 (+https://developers.facebook.com/docs/sharing/webmasters/crawler)"
66.249.75.131 - - [29/Apr/2026:16:55:26 +0200] "GET /?jp/004035020.html HTTP/1.1" 200 208000 "-" "Mozilla/5.0 (Linux; Android 6.0.1; Nexus 5X Build/MMB29P) AppleWebKit/537.36 (KHTML, like Gecko) Chrome/147.0.7727.116 Mobile Safari/537.36 (compatible; GoogleOther)"
66.249.75.130 - - [29/Apr/2026:16:23:33 +0200] "GET /?jp/072038393.html HTTP/1.1" 200 190890 "-" "Mozilla/5.0 (Linux; Android 6.0.1; Nexus 5X Build/MMB29P) AppleWebKit/537.36 (KHTML, like Gecko) Chrome/147.0.7727.116 Mobile Safari/537.36 (compatible; GoogleOther)"
66.249.75.130 - - [29/Apr/2026:16:25:54 +0200] "GET /?jp/142014273.html HTTP/1.1" 200 204226 "-" "Mozilla/5.0 (Linux; Android 6.0.1; Nexus 5X Build/MMB29P) AppleWebKit/537.36 (KHTML, like Gecko) Chrome/147.0.7727.116 Mobile Safari/537.36 (compatible; GoogleOther)"
57.141.20.68 - - [29/Apr/2026:16:29:53 +0200] "GET /products/63292584240616 HTTP/1.1" 500 0 "-" "meta-externalagent/1.1 (+https://developers.facebook.com/docs/sharing/webmasters/crawler)"
66.249.75.130 - - [29/Apr/2026:16:29:57 +0200] "GET /?goods/244025772 HTTP/1.1" 200 196374 "-" "Mozilla/5.0 (Linux; Android 6.0.1; Nexus 5X Build/MMB29P) AppleWebKit/537.36 (KHTML, like Gecko) Chrome/147.0.7727.116 Mobile Safari/537.36 (compatible; GoogleOther)"
66.249.75.130 - - [29/Apr/2026:16:32:01 +0200] "GET /?jp/098025219.html HTTP/1.1" 200 198036 "-" "Mozilla/5.0 (Linux; Android 6.0.1; Nexus 5X Build/MMB29P) AppleWebKit/537.36 (KHTML, like Gecko) Chrome/147.0.7727.116 Mobile Safari/537.36 (compatible; GoogleOther)"
57.141.20.42 - - [29/Apr/2026:16:32:07 +0200] "GET /products/22712191674627 HTTP/1.1" 500 0 "-" "meta-externalagent/1.1 (+https://developers.facebook.com/docs/sharing/webmasters/crawler)"
57.141.20.9 - - [29/Apr/2026:16:33:13 +0200] "GET /products/45795297629249 HTTP/1.1" 500 0 "-" "meta-externalagent/1.1 (+https://developers.facebook.com/docs/sharing/webmasters/crawler)"
66.249.75.129 - - [29/Apr/2026:16:33:16 +0200] "GET /?jp/129015971.html HTTP/1.1" 200 185876 "-" "Mozilla/5.0 (Linux; Android 6.0.1; Nexus 5X Build/MMB29P) AppleWebKit/537.36 (KHTML, like Gecko) Chrome/147.0.7727.116 Mobile Safari/537.36 (compatible; GoogleOther)"
66.249.75.130 - - [29/Apr/2026:16:34:25 +0200] "GET /?jp/156001422.html HTTP/1.1" 200 186209 "-" "Mozilla/5.0 (Linux; Android 6.0.1; Nexus 5X Build/MMB29P) AppleWebKit/537.36 (KHTML, like Gecko) Chrome/147.0.7727.116 Mobile Safari/537.36 (compatible; GoogleOther)"
57.141.20.68 - - [29/Apr/2026:16:37:40 +0200] "GET /products/384494240500 HTTP/1.1" 500 0 "-" "meta-externalagent/1.1 (+https://developers.facebook.com/docs/sharing/webmasters/crawler)"
66.249.75.129 - - [29/Apr/2026:16:38:37 +0200] "GET /?jp/015027608.html HTTP/1.1" 200 186715 "-" "Mozilla/5.0 (Linux; Android 6.0.1; Nexus 5X Build/MMB29P) AppleWebKit/537.36 (KHTML, like Gecko) Chrome/147.0.7727.116 Mobile Safari/537.36 (compatible; GoogleOther)"
57.141.20.27 - - [29/Apr/2026:16:41:00 +0200] "GET /products/35575197238152 HTTP/1.1" 500 0 "-" "meta-externalagent/1.1 (+https://developers.facebook.com/docs/sharing/webmasters/crawler)"
66.249.75.129 - - [29/Apr/2026:16:42:14 +0200] "GET /?jp/137014545.html HTTP/1.1" 200 201920 "-" "Mozilla/5.0 (Linux; Android 6.0.1; Nexus 5X Build/MMB29P) AppleWebKit/537.36 (KHTML, like Gecko) Chrome/147.0.7727.116 Mobile Safari/537.36 (compatible; GoogleOther)"
66.249.75.131 - - [29/Apr/2026:16:44:39 +0200] "GET /?jp/276024474.html HTTP/1.1" 200 160638 "-" "Mozilla/5.0 (Linux; Android 6.0.1; Nexus 5X Build/MMB29P) AppleWebKit/537.36 (KHTML, like Gecko) Chrome/147.0.7727.116 Mobile Safari/537.36 (compatible; GoogleOther)"
66.249.75.129 - - [29/Apr/2026:16:45:51 +0200] "GET /?detail/232034221445 HTTP/1.1" 200 170112 "-" "Mozilla/5.0 (Linux; Android 6.0.1; Nexus 5X Build/MMB29P) AppleWebKit/537.36 (KHTML, like Gecko) Chrome/147.0.7727.116 Mobile Safari/537.36 (compatible; GoogleOther)"
66.249.75.130 - - [29/Apr/2026:16:49:28 +0200] "GET /?detail/23800770566481 HTTP/1.1" 200 168010 "-" "Mozilla/5.0 (Linux; Android 6.0.1; Nexus 5X Build/MMB29P) AppleWebKit/537.36 (KHTML, like Gecko) Chrome/147.0.7727.116 Mobile Safari/537.36 (compatible; GoogleOther)"
57.141.20.14 - - [29/Apr/2026:16:53:12 +0200] "GET /products/58605254597058 HTTP/1.1" 500 0 "-" "meta-externalagent/1.1 (+https://developers.facebook.com/docs/sharing/webmasters/crawler)"
66.249.75.129 - - [29/Apr/2026:16:33:50 +0200] "GET /?jp/083024785.html HTTP/1.1" 200 200601 "-" "Mozilla/5.0 (Linux; Android 6.0.1; Nexus 5X Build/MMB29P) AppleWebKit/537.36 (KHTML, like Gecko) Chrome/147.0.7727.116 Mobile Safari/537.36 (compatible; GoogleOther)"
66.249.75.131 - - [29/Apr/2026:16:35:03 +0200] "GET /?jp/230011180.html HTTP/1.1" 200 170661 "-" "Mozilla/5.0 (Linux; Android 6.0.1; Nexus 5X Build/MMB29P) AppleWebKit/537.36 (KHTML, like Gecko) Chrome/147.0.7727.116 Mobile Safari/537.36 (compatible; GoogleOther)"
57.141.20.44 - - [29/Apr/2026:16:35:26 +0200] "GET /products/48390201762730 HTTP/1.1" 500 0 "-" "meta-externalagent/1.1 (+https://developers.facebook.com/docs/sharing/webmasters/crawler)"
66.249.75.130 - - [29/Apr/2026:16:36:13 +0200] "GET /?jp/022006996.html HTTP/1.1" 200 180527 "-" "Mozilla/5.0 (Linux; Android 6.0.1; Nexus 5X Build/MMB29P) AppleWebKit/537.36 (KHTML, like Gecko) Chrome/147.0.7727.116 Mobile Safari/537.36 (compatible; GoogleOther)"
57.141.20.14 - - [29/Apr/2026:16:36:33 +0200] "GET /products/55455386157090 HTTP/1.1" 500 0 "-" "meta-externalagent/1.1 (+https://developers.facebook.com/docs/sharing/webmasters/crawler)"
66.249.75.130 - - [29/Apr/2026:16:37:12 +0200] "GET /?jp/153028887.html HTTP/1.1" 200 183328 "-" "Mozilla/5.0 (Linux; Android 6.0.1; Nexus 5X Build/MMB29P) AppleWebKit/537.36 (KHTML, like Gecko) Chrome/147.0.7727.116 Mobile Safari/537.36 (compatible; GoogleOther)"
57.141.20.38 - - [29/Apr/2026:16:38:47 +0200] "GET /products/32730581447558 HTTP/1.1" 500 0 "-" "meta-externalagent/1.1 (+https://developers.facebook.com/docs/sharing/webmasters/crawler)"
66.249.75.130 - - [29/Apr/2026:16:40:19 +0200] "GET /?goods/057010931 HTTP/1.1" 200 184820 "-" "Mozilla/5.0 (Linux; Android 6.0.1; Nexus 5X Build/MMB29P) AppleWebKit/537.36 (KHTML, like Gecko) Chrome/147.0.7727.116 Mobile Safari/537.36 (compatible; GoogleOther)"
57.141.20.33 - - [29/Apr/2026:16:43:14 +0200] "GET /products/58352245650745 HTTP/1.1" 500 0 "-" "meta-externalagent/1.1 (+https://developers.facebook.com/docs/sharing/webmasters/crawler)"
66.249.75.130 - - [29/Apr/2026:16:43:25 +0200] "GET /?detail/10002269667718 HTTP/1.1" 200 187831 "-" "Mozilla/5.0 (Linux; Android 6.0.1; Nexus 5X Build/MMB29P) AppleWebKit/537.36 (KHTML, like Gecko) Chrome/147.0.7727.116 Mobile Safari/537.36 (compatible; GoogleOther)"
57.141.20.8 - - [29/Apr/2026:16:47:40 +0200] "GET /products/50818128631719 HTTP/1.1" 500 0 "-" "meta-externalagent/1.1 (+https://developers.facebook.com/docs/sharing/webmasters/crawler)"
66.249.75.131 - - [29/Apr/2026:16:50:44 +0200] "GET /?jp/004023319.html HTTP/1.1" 200 185119 "-" "Mozilla/5.0 (Linux; Android 6.0.1; Nexus 5X Build/MMB29P) AppleWebKit/537.36 (KHTML, like Gecko) Chrome/147.0.7727.116 Mobile Safari/537.36 (compatible; GoogleOther)"
66.249.75.130 - - [29/Apr/2026:16:53:02 +0200] "GET /?detail/1370288878817 HTTP/1.1" 200 179748 "-" "Mozilla/5.0 (Linux; Android 6.0.1; Nexus 5X Build/MMB29P) AppleWebKit/537.36 (KHTML, like Gecko) Chrome/147.0.7727.116 Mobile Safari/537.36 (compatible; GoogleOther)"
66.249.75.131 - - [29/Apr/2026:16:54:15 +0200] "GET /?detail/15703267396915 HTTP/1.1" 200 214327 "-" "Mozilla/5.0 (Linux; Android 6.0.1; Nexus 5X Build/MMB29P) AppleWebKit/537.36 (KHTML, like Gecko) Chrome/147.0.7727.116 Mobile Safari/537.36 (compatible; GoogleOther)"
66.249.75.129 - - [29/Apr/2026:16:56:48 +0200] "GET /?detail/13901124604203 HTTP/1.1" 200 187515 "-" "Mozilla/5.0 (Linux; Android 6.0.1; Nexus 5X Build/MMB29P) AppleWebKit/537.36 (KHTML, like Gecko) Chrome/147.0.7727.116 Mobile Safari/537.36 (compatible; GoogleOther)"
66.249.75.131 - - [29/Apr/2026:16:59:31 +0200] "GET /?jp/068030002.html HTTP/1.1" 200 177931 "-" "Mozilla/5.0 (Linux; Android 6.0.1; Nexus 5X Build/MMB29P) AppleWebKit/537.36 (KHTML, like Gecko) Chrome/147.0.7727.116 Mobile Safari/537.36 (compatible; GoogleOther)"
66.249.75.130 - - [29/Apr/2026:16:56:00 +0200] "GET /?jp/245011393.html HTTP/1.1" 200 204182 "-" "Mozilla/5.0 (Linux; Android 6.0.1; Nexus 5X Build/MMB29P) AppleWebKit/537.36 (KHTML, like Gecko) Chrome/147.0.7727.116 Mobile Safari/537.36 (compatible; GoogleOther)"
185.198.240.133 - - [29/Apr/2026:16:56:54 +0200] "GET /wp-login.php HTTP/1.1" 500 0 "-" "Mozilla/5.0"
66.249.75.129 - - [29/Apr/2026:16:57:11 +0200] "GET /?jp/021029987.html HTTP/1.1" 200 176900 "-" "Mozilla/5.0 (Linux; Android 6.0.1; Nexus 5X Build/MMB29P) AppleWebKit/537.36 (KHTML, like Gecko) Chrome/147.0.7727.116 Mobile Safari/537.36 (compatible; GoogleOther)"
66.249.75.129 - - [29/Apr/2026:16:57:51 +0200] "GET /?detail/227012736773 HTTP/1.1" 200 194445 "-" "Mozilla/5.0 (Linux; Android 6.0.1; Nexus 5X Build/MMB29P) AppleWebKit/537.36 (KHTML, like Gecko) Chrome/147.0.7727.116 Mobile Safari/537.36 (compatible; GoogleOther)"
66.249.75.131 - - [29/Apr/2026:16:58:23 +0200] "GET /?jp/148008705.html HTTP/1.1" 200 165407 "-" "Mozilla/5.0 (Linux; Android 6.0.1; Nexus 5X Build/MMB29P) AppleWebKit/537.36 (KHTML, like Gecko) Chrome/147.0.7727.116 Mobile Safari/537.36 (compatible; GoogleOther)"
57.141.20.21 - - [29/Apr/2026:16:58:46 +0200] "GET /products/19876652043049 HTTP/1.1" 500 0 "-" "meta-externalagent/1.1 (+https://developers.facebook.com/docs/sharing/webmasters/crawler)"
66.249.75.130 - - [29/Apr/2026:17:02:39 +0200] "GET /?jp/074045533.html HTTP/1.1" 200 177824 "-" "Mozilla/5.0 (Linux; Android 6.0.1; Nexus 5X Build/MMB29P) AppleWebKit/537.36 (KHTML, like Gecko) Chrome/147.0.7727.116 Mobile Safari/537.36 (compatible; GoogleOther)"
66.249.75.129 - - [29/Apr/2026:17:02:46 +0200] "GET /?jp/182001748.html HTTP/1.1" 200 195862 "-" "Mozilla/5.0 (Linux; Android 6.0.1; Nexus 5X Build/MMB29P) AppleWebKit/537.36 (KHTML, like Gecko) Chrome/147.0.7727.116 Mobile Safari/537.36 (compatible; GoogleOther)"
57.141.20.12 - - [29/Apr/2026:17:03:13 +0200] "GET /products/26514620160077 HTTP/1.1" 500 0 "-" "meta-externalagent/1.1 (+https://developers.facebook.com/docs/sharing/webmasters/crawler)"
79.173.222.247 - - [29/Apr/2026:17:03:34 +0200] "GET /e-signature-document/ HTTP/1.1" 500 0 "-" "Mozilla/5.0 (Windows NT 10.0; Win64; x64) AppleWebKit/537.36 (KHTML, like Gecko) Chrome/104.0.0.0 Safari/537.36"
66.249.75.130 - - [29/Apr/2026:17:04:22 +0200] "GET /?detail/019019998256 HTTP/1.1" 200 180802 "-" "Mozilla/5.0 (Linux; Android 6.0.1; Nexus 5X Build/MMB29P) AppleWebKit/537.36 (KHTML, like Gecko) Chrome/147.0.7727.116 Mobile Safari/537.36 (compatible; GoogleOther)"
177.85.189.71 - - [29/Apr/2026:17:06:14 +0200] "GET /c6c6c941f9dab1.php HTTP/1.1" 403 1242 "-" "python-requests/2.28.2"
57.141.20.25 - - [29/Apr/2026:17:06:33 +0200] "GET /products/15091986765628 HTTP/1.1" 500 0 "-" "meta-externalagent/1.1 (+https://developers.facebook.com/docs/sharing/webmasters/crawler)"
177.85.189.71 - - [29/Apr/2026:17:06:55 +0200] "GET /fac0bfb17cb424.php HTTP/1.1" 403 1242 "-" "python-requests/2.28.2"
177.85.189.71 - - [29/Apr/2026:17:07:08 +0200] "GET /d6c00bda6a5049.php HTTP/1.1" 403 1242 "-" "python-requests/2.28.2"
177.85.189.71 - - [29/Apr/2026:17:07:22 +0200] "GET /3bc323aca11a35.php HTTP/1.1" 403 1242 "-" "python-requests/2.28.2"
66.249.75.129 - - [29/Apr/2026:17:09:08 +0200] "GET /?goods/170014054 HTTP/1.1" 200 177409 "-" "Mozilla/5.0 (Linux; Android 6.0.1; Nexus 5X Build/MMB29P) AppleWebKit/537.36 (KHTML, like Gecko) Chrome/147.0.7727.116 Mobile Safari/537.36 (compatible; GoogleOther)"
66.249.75.129 - - [29/Apr/2026:17:09:58 +0200] "GET /?detail/15502066354829 HTTP/1.1" 200 169519 "-" "Mozilla/5.0 (Linux; Android 6.0.1; Nexus 5X Build/MMB29P) AppleWebKit/537.36 (KHTML, like Gecko) Chrome/147.0.7727.116 Mobile Safari/537.36 (compatible; GoogleOther)"
66.249.75.129 - - [29/Apr/2026:17:10:07 +0200] "GET /?jp/205012977.html HTTP/1.1" 200 221943 "-" "Mozilla/5.0 (Linux; Android 6.0.1; Nexus 5X Build/MMB29P) AppleWebKit/537.36 (KHTML, like Gecko) Chrome/147.0.7727.116 Mobile Safari/537.36 (compatible; GoogleOther)"
57.141.20.67 - - [29/Apr/2026:16:56:33 +0200] "GET /products/26737837334158 HTTP/1.1" 500 0 "-" "meta-externalagent/1.1 (+https://developers.facebook.com/docs/sharing/webmasters/crawler)"
66.249.75.129 - - [29/Apr/2026:16:57:03 +0200] "GET /?detail/2270176052241 HTTP/1.1" 200 188050 "-" "Mozilla/5.0 (Linux; Android 6.0.1; Nexus 5X Build/MMB29P) AppleWebKit/537.36 (KHTML, like Gecko) Chrome/147.0.7727.116 Mobile Safari/537.36 (compatible; GoogleOther)"
57.141.20.14 - - [29/Apr/2026:16:57:39 +0200] "GET /products/5747243936353 HTTP/1.1" 500 0 "-" "meta-externalagent/1.1 (+https://developers.facebook.com/docs/sharing/webmasters/crawler)"
66.249.75.131 - - [29/Apr/2026:17:00:18 +0200] "GET /?jp/091044451.html HTTP/1.1" 200 186082 "-" "Mozilla/5.0 (Linux; Android 6.0.1; Nexus 5X Build/MMB29P) AppleWebKit/537.36 (KHTML, like Gecko) Chrome/147.0.7727.116 Mobile Safari/537.36 (compatible; GoogleOther)"
66.249.75.129 - - [29/Apr/2026:17:01:50 +0200] "GET /?goods/149001136 HTTP/1.1" 200 195323 "-" "Mozilla/5.0 (Linux; Android 6.0.1; Nexus 5X Build/MMB29P) AppleWebKit/537.36 (KHTML, like Gecko) Chrome/147.0.7727.116 Mobile Safari/537.36 (compatible; GoogleOther)"
66.249.75.129 - - [29/Apr/2026:17:02:41 +0200] "GET /?detail/244022946595 HTTP/1.1" 200 193340 "-" "Mozilla/5.0 (Linux; Android 6.0.1; Nexus 5X Build/MMB29P) AppleWebKit/537.36 (KHTML, like Gecko) Chrome/147.0.7727.116 Mobile Safari/537.36 (compatible; GoogleOther)"
66.249.75.130 - - [29/Apr/2026:17:03:50 +0200] "GET /?jp/095021401.html HTTP/1.1" 200 191837 "-" "Mozilla/5.0 (Linux; Android 6.0.1; Nexus 5X Build/MMB29P) AppleWebKit/537.36 (KHTML, like Gecko) Chrome/147.0.7727.116 Mobile Safari/537.36 (compatible; GoogleOther)"
177.85.189.71 - - [29/Apr/2026:17:06:02 +0200] "GET /06bdc12ede3ae0.php HTTP/1.1" 403 1242 "-" "python-requests/2.28.2"
66.249.75.129 - - [29/Apr/2026:17:06:34 +0200] "GET /?detail/0360399952187 HTTP/1.1" 200 163812 "-" "Mozilla/5.0 (Linux; Android 6.0.1; Nexus 5X Build/MMB29P) AppleWebKit/537.36 (KHTML, like Gecko) Chrome/147.0.7727.116 Mobile Safari/537.36 (compatible; GoogleOther)"
66.249.75.129 - - [29/Apr/2026:17:07:28 +0200] "GET /?detail/096011473225 HTTP/1.1" 200 175833 "-" "Mozilla/5.0 (Linux; Android 6.0.1; Nexus 5X Build/MMB29P) AppleWebKit/537.36 (KHTML, like Gecko) Chrome/147.0.7727.116 Mobile Safari/537.36 (compatible; GoogleOther)"
57.141.20.52 - - [29/Apr/2026:17:07:39 +0200] "GET /products/22325070696014 HTTP/1.1" 500 0 "-" "meta-externalagent/1.1 (+https://developers.facebook.com/docs/sharing/webmasters/crawler)"
66.249.75.130 - - [29/Apr/2026:17:08:43 +0200] "GET /?jp/122022383.html HTTP/1.1" 200 196767 "-" "Mozilla/5.0 (Linux; Android 6.0.1; Nexus 5X Build/MMB29P) AppleWebKit/537.36 (KHTML, like Gecko) Chrome/147.0.7727.116 Mobile Safari/537.36 (compatible; GoogleOther)"
57.141.20.25 - - [29/Apr/2026:17:08:46 +0200] "GET /products/7674683818405 HTTP/1.1" 500 0 "-" "meta-externalagent/1.1 (+https://developers.facebook.com/docs/sharing/webmasters/crawler)"
57.141.20.41 - - [29/Apr/2026:17:09:53 +0200] "GET /products/45611726001053 HTTP/1.1" 500 0 "-" "meta-externalagent/1.1 (+https://developers.facebook.com/docs/sharing/webmasters/crawler)"
66.249.75.129 - - [29/Apr/2026:17:10:31 +0200] "GET /?jp/259041342.html HTTP/1.1" 200 216194 "-" "Mozilla/5.0 (Linux; Android 6.0.1; Nexus 5X Build/MMB29P) AppleWebKit/537.36 (KHTML, like Gecko) Chrome/147.0.7727.116 Mobile Safari/537.36 (compatible; GoogleOther)"
66.249.75.129 - - [29/Apr/2026:17:10:49 +0200] "GET /?jp/292018823.html HTTP/1.1" 200 185711 "-" "Mozilla/5.0 (Linux; Android 6.0.1; Nexus 5X Build/MMB29P) AppleWebKit/537.36 (KHTML, like Gecko) Chrome/147.0.7727.116 Mobile Safari/537.36 (compatible; GoogleOther)"
66.249.75.129 - - [29/Apr/2026:17:11:52 +0200] "GET /?jp/275001352.html HTTP/1.1" 200 190791 "-" "Mozilla/5.0 (Linux; Android 6.0.1; Nexus 5X Build/MMB29P) AppleWebKit/537.36 (KHTML, like Gecko) Chrome/147.0.7727.116 Mobile Safari/537.36 (compatible; GoogleOther)"
66.249.75.129 - - [29/Apr/2026:17:00:33 +0200] "GET /?jp/244023826.html HTTP/1.1" 200 195729 "-" "Mozilla/5.0 (Linux; Android 6.0.1; Nexus 5X Build/MMB29P) AppleWebKit/537.36 (KHTML, like Gecko) Chrome/147.0.7727.116 Mobile Safari/537.36 (compatible; GoogleOther)"
66.249.75.129 - - [29/Apr/2026:17:00:45 +0200] "GET /?jp/052027575.html HTTP/1.1" 200 184676 "-" "Mozilla/5.0 (Linux; Android 6.0.1; Nexus 5X Build/MMB29P) AppleWebKit/537.36 (KHTML, like Gecko) Chrome/147.0.7727.116 Mobile Safari/537.36 (compatible; GoogleOther)"
66.249.75.129 - - [29/Apr/2026:17:01:57 +0200] "GET /?goods/100028757 HTTP/1.1" 200 199995 "-" "Mozilla/5.0 (Linux; Android 6.0.1; Nexus 5X Build/MMB29P) AppleWebKit/537.36 (KHTML, like Gecko) Chrome/147.0.7727.116 Mobile Safari/537.36 (compatible; GoogleOther)"
57.141.20.25 - - [29/Apr/2026:17:02:06 +0200] "GET /products/62832528498736 HTTP/1.1" 500 0 "-" "meta-externalagent/1.1 (+https://developers.facebook.com/docs/sharing/webmasters/crawler)"
66.249.75.129 - - [29/Apr/2026:17:02:27 +0200] "GET /?goods/129008578 HTTP/1.1" 200 224111 "-" "Mozilla/5.0 (Linux; Android 6.0.1; Nexus 5X Build/MMB29P) AppleWebKit/537.36 (KHTML, like Gecko) Chrome/147.0.7727.116 Mobile Safari/537.36 (compatible; GoogleOther)"
177.85.189.71 - - [29/Apr/2026:17:04:58 +0200] "GET /737b88c3ad9b21.php HTTP/1.1" 403 1242 "-" "python-requests/2.28.2"
66.249.75.130 - - [29/Apr/2026:17:05:05 +0200] "GET /?jp/199040436.html HTTP/1.1" 200 178006 "-" "Mozilla/5.0 (Linux; Android 6.0.1; Nexus 5X Build/MMB29P) AppleWebKit/537.36 (KHTML, like Gecko) Chrome/147.0.7727.116 Mobile Safari/537.36 (compatible; GoogleOther)"
177.85.189.71 - - [29/Apr/2026:17:05:12 +0200] "GET /5c2c99561f3b74.php HTTP/1.1" 403 1242 "-" "python-requests/2.28.2"
177.85.189.71 - - [29/Apr/2026:17:05:25 +0200] "GET /d03ff56cd9fc33.php HTTP/1.1" 403 1242 "-" "python-requests/2.28.2"
177.85.189.71 - - [29/Apr/2026:17:05:41 +0200] "GET /8a70b4bc6b5038.php HTTP/1.1" 403 1242 "-" "python-requests/2.28.2"
177.85.189.71 - - [29/Apr/2026:17:05:52 +0200] "GET /c17d291cfd5338.php HTTP/1.1" 403 1242 "-" "python-requests/2.28.2"
177.85.189.71 - - [29/Apr/2026:17:06:27 +0200] "GET /c2b653fd11c458.php HTTP/1.1" 403 1242 "-" "python-requests/2.28.2"
177.85.189.71 - - [29/Apr/2026:17:06:39 +0200] "GET /0a3170fad6056c.php HTTP/1.1" 403 1242 "-" "python-requests/2.28.2"
177.85.189.71 - - [29/Apr/2026:17:07:36 +0200] "GET /862a9c587b7396.php HTTP/1.1" 403 1242 "-" "python-requests/2.28.2"
66.249.75.129 - - [29/Apr/2026:17:11:08 +0200] "GET /?jp/070038877.html HTTP/1.1" 200 175286 "-" "Mozilla/5.0 (Linux; Android 6.0.1; Nexus 5X Build/MMB29P) AppleWebKit/537.36 (KHTML, like Gecko) Chrome/147.0.7727.116 Mobile Safari/537.36 (compatible; GoogleOther)"
66.249.75.129 - - [29/Apr/2026:17:12:53 +0200] "GET /?jp/041034953.html HTTP/1.1" 200 188290 "-" "Mozilla/5.0 (Linux; Android 6.0.1; Nexus 5X Build/MMB29P) AppleWebKit/537.36 (KHTML, like Gecko) Chrome/147.0.7727.116 Mobile Safari/537.36 (compatible; GoogleOther)"
57.141.20.55 - - [29/Apr/2026:17:13:12 +0200] "GET /products/15656761499185 HTTP/1.1" 500 0 "-" "meta-externalagent/1.1 (+https://developers.facebook.com/docs/sharing/webmasters/crawler)"
66.249.75.129 - - [29/Apr/2026:17:14:41 +0200] "GET /?jp/217028536.html HTTP/1.1" 200 177990 "-" "Mozilla/5.0 (Linux; Android 6.0.1; Nexus 5X Build/MMB29P) AppleWebKit/537.36 (KHTML, like Gecko) Chrome/147.0.7727.116 Mobile Safari/537.36 (compatible; GoogleOther)"
66.249.75.129 - - [29/Apr/2026:17:15:21 +0200] "GET /?detail/024026254828 HTTP/1.1" 200 191858 "-" "Mozilla/5.0 (Linux; Android 6.0.1; Nexus 5X Build/MMB29P) AppleWebKit/537.36 (KHTML, like Gecko) Chrome/147.0.7727.116 Mobile Safari/537.36 (compatible; GoogleOther)"
66.249.75.130 - - [29/Apr/2026:17:16:08 +0200] "GET /?jp/020007886.html HTTP/1.1" 200 177010 "-" "Mozilla/5.0 (Linux; Android 6.0.1; Nexus 5X Build/MMB29P) AppleWebKit/537.36 (KHTML, like Gecko) Chrome/147.0.7727.116 Mobile Safari/537.36 (compatible; GoogleOther)"
66.249.75.129 - - [29/Apr/2026:17:10:56 +0200] "GET /?jp/075030868.html HTTP/1.1" 200 183865 "-" "Mozilla/5.0 (Linux; Android 6.0.1; Nexus 5X Build/MMB29P) AppleWebKit/537.36 (KHTML, like Gecko) Chrome/147.0.7727.116 Mobile Safari/537.36 (compatible; GoogleOther)"
57.141.20.5 - - [29/Apr/2026:17:10:59 +0200] "GET /products/52360069532815 HTTP/1.1" 500 0 "-" "meta-externalagent/1.1 (+https://developers.facebook.com/docs/sharing/webmasters/crawler)"
66.249.75.130 - - [29/Apr/2026:17:11:29 +0200] "GET /?detail/0240236076259 HTTP/1.1" 200 186043 "-" "Mozilla/5.0 (Linux; Android 6.0.1; Nexus 5X Build/MMB29P) AppleWebKit/537.36 (KHTML, like Gecko) Chrome/147.0.7727.116 Mobile Safari/537.36 (compatible; GoogleOther)"
57.141.20.1 - - [29/Apr/2026:17:12:06 +0200] "GET /products/37241658745605 HTTP/1.1" 500 0 "-" "meta-externalagent/1.1 (+https://developers.facebook.com/docs/sharing/webmasters/crawler)"
66.249.75.130 - - [29/Apr/2026:17:12:23 +0200] "GET /?detail/2760198787941 HTTP/1.1" 200 174160 "-" "Mozilla/5.0 (Linux; Android 6.0.1; Nexus 5X Build/MMB29P) AppleWebKit/537.36 (KHTML, like Gecko) Chrome/147.0.7727.116 Mobile Safari/537.36 (compatible; GoogleOther)"
66.249.75.130 - - [29/Apr/2026:17:14:01 +0200] "GET /?jp/088045197.html HTTP/1.1" 200 173032 "-" "Mozilla/5.0 (Linux; Android 6.0.1; Nexus 5X Build/MMB29P) AppleWebKit/537.36 (KHTML, like Gecko) Chrome/147.0.7727.116 Mobile Safari/537.36 (compatible; GoogleOther)"
57.141.20.45 - - [29/Apr/2026:17:14:20 +0200] "GET /products/1300137472384 HTTP/1.1" 500 0 "-" "meta-externalagent/1.1 (+https://developers.facebook.com/docs/sharing/webmasters/crawler)"
66.249.75.129 - - [29/Apr/2026:17:14:37 +0200] "GET /?jp/073038158.html HTTP/1.1" 200 193453 "-" "Mozilla/5.0 (Linux; Android 6.0.1; Nexus 5X Build/MMB29P) AppleWebKit/537.36 (KHTML, like Gecko) Chrome/147.0.7727.116 Mobile Safari/537.36 (compatible; GoogleOther)"
66.249.75.129 - - [29/Apr/2026:17:15:39 +0200] "GET /?detail/24101992733834 HTTP/1.1" 200 175681 "-" "Mozilla/5.0 (Linux; Android 6.0.1; Nexus 5X Build/MMB29P) AppleWebKit/537.36 (KHTML, like Gecko) Chrome/147.0.7727.116 Mobile Safari/537.36 (compatible; GoogleOther)"
57.141.20.27 - - [29/Apr/2026:17:16:32 +0200] "GET /products/28939810220744 HTTP/1.1" 500 0 "-" "meta-externalagent/1.1 (+https://developers.facebook.com/docs/sharing/webmasters/crawler)"
66.249.75.130 - - [29/Apr/2026:17:18:25 +0200] "GET /?jp/132049560.html HTTP/1.1" 500 0 "-" "Mozilla/5.0 (Linux; Android 6.0.1; Nexus 5X Build/MMB29P) AppleWebKit/537.36 (KHTML, like Gecko) Chrome/147.0.7727.116 Mobile Safari/537.36 (compatible; GoogleOther)"
66.249.75.129 - - [29/Apr/2026:17:18:48 +0200] "GET /?detail/089034498405 HTTP/1.1" 500 0 "-" "Mozilla/5.0 (Linux; Android 6.0.1; Nexus 5X Build/MMB29P) AppleWebKit/537.36 (KHTML, like Gecko) Chrome/147.0.7727.116 Mobile Safari/537.36 (compatible; GoogleOther)"
66.249.75.131 - - [29/Apr/2026:17:20:01 +0200] "GET /?jp/255020929.html HTTP/1.1" 500 0 "-" "Mozilla/5.0 (Linux; Android 6.0.1; Nexus 5X Build/MMB29P) AppleWebKit/537.36 (KHTML, like Gecko) Chrome/147.0.7727.116 Mobile Safari/537.36 (compatible; GoogleOther)"
66.249.75.130 - - [29/Apr/2026:17:20:18 +0200] "GET /?jp/119041784.html HTTP/1.1" 500 0 "-" "Mozilla/5.0 (Linux; Android 6.0.1; Nexus 5X Build/MMB29P) AppleWebKit/537.36 (KHTML, like Gecko) Chrome/147.0.7727.116 Mobile Safari/537.36 (compatible; GoogleOther)"
66.249.75.129 - - [29/Apr/2026:17:21:40 +0200] "GET /?jp/288008347.html HTTP/1.1" 500 0 "-" "Mozilla/5.0 (Linux; Android 6.0.1; Nexus 5X Build/MMB29P) AppleWebKit/537.36 (KHTML, like Gecko) Chrome/147.0.7727.116 Mobile Safari/537.36 (compatible; GoogleOther)"
66.249.75.129 - - [29/Apr/2026:17:21:59 +0200] "GET /?jp/180024242.html HTTP/1.1" 500 0 "-" "Mozilla/5.0 (Linux; Android 6.0.1; Nexus 5X Build/MMB29P) AppleWebKit/537.36 (KHTML, like Gecko) Chrome/147.0.7727.116 Mobile Safari/537.36 (compatible; GoogleOther)"
66.249.75.131 - - [29/Apr/2026:17:12:13 +0200] "GET /?detail/0170024010499 HTTP/1.1" 200 174736 "-" "Mozilla/5.0 (Linux; Android 6.0.1; Nexus 5X Build/MMB29P) AppleWebKit/537.36 (KHTML, like Gecko) Chrome/147.0.7727.116 Mobile Safari/537.36 (compatible; GoogleOther)"
66.249.75.129 - - [29/Apr/2026:17:12:36 +0200] "GET /?jp/004030316.html HTTP/1.1" 200 214169 "-" "Mozilla/5.0 (Linux; Android 6.0.1; Nexus 5X Build/MMB29P) AppleWebKit/537.36 (KHTML, like Gecko) Chrome/147.0.7727.116 Mobile Safari/537.36 (compatible; GoogleOther)"
66.249.75.130 - - [29/Apr/2026:17:13:16 +0200] "GET /?detail/24504190372334 HTTP/1.1" 200 212484 "-" "Mozilla/5.0 (Linux; Android 6.0.1; Nexus 5X Build/MMB29P) AppleWebKit/537.36 (KHTML, like Gecko) Chrome/147.0.7727.116 Mobile Safari/537.36 (compatible; GoogleOther)"
66.249.75.131 - - [29/Apr/2026:17:13:37 +0200] "GET /?detail/03502373027441 HTTP/1.1" 200 160075 "-" "Mozilla/5.0 (Linux; Android 6.0.1; Nexus 5X Build/MMB29P) AppleWebKit/537.36 (KHTML, like Gecko) Chrome/147.0.7727.116 Mobile Safari/537.36 (compatible; GoogleOther)"
66.249.75.129 - - [29/Apr/2026:17:14:18 +0200] "GET /?jp/044007557.html HTTP/1.1" 200 172646 "-" "Mozilla/5.0 (Linux; Android 6.0.1; Nexus 5X Build/MMB29P) AppleWebKit/537.36 (KHTML, like Gecko) Chrome/147.0.7727.116 Mobile Safari/537.36 (compatible; GoogleOther)"
66.249.75.129 - - [29/Apr/2026:17:14:59 +0200] "GET /?detail/0910069743047 HTTP/1.1" 200 175960 "-" "Mozilla/5.0 (Linux; Android 6.0.1; Nexus 5X Build/MMB29P) AppleWebKit/537.36 (KHTML, like Gecko) Chrome/147.0.7727.116 Mobile Safari/537.36 (compatible; GoogleOther)"
66.249.75.130 - - [29/Apr/2026:17:16:14 +0200] "GET /?goods/068000368 HTTP/1.1" 200 186984 "-" "Mozilla/5.0 (Linux; Android 6.0.1; Nexus 5X Build/MMB29P) AppleWebKit/537.36 (KHTML, like Gecko) Chrome/147.0.7727.116 Mobile Safari/537.36 (compatible; GoogleOther)"
66.249.75.129 - - [29/Apr/2026:17:16:33 +0200] "GET /?jp/143032064.html HTTP/1.1" 200 166713 "-" "Mozilla/5.0 (Linux; Android 6.0.1; Nexus 5X Build/MMB29P) AppleWebKit/537.36 (KHTML, like Gecko) Chrome/147.0.7727.116 Mobile Safari/537.36 (compatible; GoogleOther)"
85.208.96.193 - - [29/Apr/2026:17:17:28 +0200] "GET / HTTP/1.1" 500 0 "-" "Mozilla/5.0 (compatible; SemrushBot/7~bl; +http://www.semrush.com/bot.html)"
66.249.75.129 - - [29/Apr/2026:17:17:53 +0200] "GET /?jp/171006583.html HTTP/1.1" 500 0 "-" "Mozilla/5.0 (Linux; Android 6.0.1; Nexus 5X Build/MMB29P) AppleWebKit/537.36 (KHTML, like Gecko) Chrome/147.0.7727.116 Mobile Safari/537.36 (compatible; GoogleOther)"
66.249.75.130 - - [29/Apr/2026:17:19:34 +0200] "GET /?jp/068006168.html HTTP/1.1" 500 0 "-" "Mozilla/5.0 (Linux; Android 6.0.1; Nexus 5X Build/MMB29P) AppleWebKit/537.36 (KHTML, like Gecko) Chrome/147.0.7727.116 Mobile Safari/537.36 (compatible; GoogleOther)"
57.141.20.53 - - [29/Apr/2026:17:19:53 +0200] "GET /products/12323472752984 HTTP/1.1" 500 0 "-" "meta-externalagent/1.1 (+https://developers.facebook.com/docs/sharing/webmasters/crawler)"
57.141.20.32 - - [29/Apr/2026:17:21:00 +0200] "GET /products/51593724111549 HTTP/1.1" 500 0 "-" "meta-externalagent/1.1 (+https://developers.facebook.com/docs/sharing/webmasters/crawler)"
66.249.75.129 - - [29/Apr/2026:17:21:17 +0200] "GET /?goods/018017510 HTTP/1.1" 500 0 "-" "Mozilla/5.0 (Linux; Android 6.0.1; Nexus 5X Build/MMB29P) AppleWebKit/537.36 (KHTML, like Gecko) Chrome/147.0.7727.116 Mobile Safari/537.36 (compatible; GoogleOther)"
66.249.75.130 - - [29/Apr/2026:17:21:20 +0200] "GET /?jp/295013025.html HTTP/1.1" 500 0 "-" "Mozilla/5.0 (Linux; Android 6.0.1; Nexus 5X Build/MMB29P) AppleWebKit/537.36 (KHTML, like Gecko) Chrome/147.0.7727.116 Mobile Safari/537.36 (compatible; GoogleOther)"
66.249.75.129 - - [29/Apr/2026:17:22:48 +0200] "GET /?jp/096009457.html HTTP/1.1" 500 0 "-" "Mozilla/5.0 (Linux; Android 6.0.1; Nexus 5X Build/MMB29P) AppleWebKit/537.36 (KHTML, like Gecko) Chrome/147.0.7727.116 Mobile Safari/537.36 (compatible; GoogleOther)"
66.249.75.130 - - [29/Apr/2026:17:17:01 +0200] "GET /?detail/169000524915 HTTP/1.1" 200 182595 "-" "Mozilla/5.0 (Linux; Android 6.0.1; Nexus 5X Build/MMB29P) AppleWebKit/537.36 (KHTML, like Gecko) Chrome/147.0.7727.116 Mobile Safari/537.36 (compatible; GoogleOther)"
185.191.171.18 - - [29/Apr/2026:17:17:27 +0200] "GET /robots.txt HTTP/1.1" 200 486 "-" "Mozilla/5.0 (compatible; SemrushBot/7~bl; +http://www.semrush.com/bot.html)"
66.249.75.130 - - [29/Apr/2026:17:17:27 +0200] "GET /?jp/279010910.html HTTP/1.1" 200 192426 "-" "Mozilla/5.0 (Linux; Android 6.0.1; Nexus 5X Build/MMB29P) AppleWebKit/537.36 (KHTML, like Gecko) Chrome/147.0.7727.116 Mobile Safari/537.36 (compatible; GoogleOther)"
66.249.75.129 - - [29/Apr/2026:17:18:08 +0200] "GET /?jp/227038866.html HTTP/1.1" 500 0 "-" "Mozilla/5.0 (Linux; Android 6.0.1; Nexus 5X Build/MMB29P) AppleWebKit/537.36 (KHTML, like Gecko) Chrome/147.0.7727.116 Mobile Safari/537.36 (compatible; GoogleOther)"
57.141.20.20 - - [29/Apr/2026:17:18:47 +0200] "GET /products/37200169613646 HTTP/1.1" 500 0 "-" "meta-externalagent/1.1 (+https://developers.facebook.com/docs/sharing/webmasters/crawler)"
66.249.75.129 - - [29/Apr/2026:17:19:14 +0200] "GET /?detail/128017045000 HTTP/1.1" 500 0 "-" "Mozilla/5.0 (Linux; Android 6.0.1; Nexus 5X Build/MMB29P) AppleWebKit/537.36 (KHTML, like Gecko) Chrome/147.0.7727.116 Mobile Safari/537.36 (compatible; GoogleOther)"
66.249.75.129 - - [29/Apr/2026:17:20:36 +0200] "GET /?jp/197004505.html HTTP/1.1" 500 0 "-" "Mozilla/5.0 (Linux; Android 6.0.1; Nexus 5X Build/MMB29P) AppleWebKit/537.36 (KHTML, like Gecko) Chrome/147.0.7727.116 Mobile Safari/537.36 (compatible; GoogleOther)"
66.249.75.131 - - [29/Apr/2026:17:20:59 +0200] "GET /?jp/125022843.html HTTP/1.1" 500 0 "-" "Mozilla/5.0 (Linux; Android 6.0.1; Nexus 5X Build/MMB29P) AppleWebKit/537.36 (KHTML, like Gecko) Chrome/147.0.7727.116 Mobile Safari/537.36 (compatible; GoogleOther)"
66.249.75.129 - - [29/Apr/2026:17:22:24 +0200] "GET /?jp/110001229.html HTTP/1.1" 500 0 "-" "Mozilla/5.0 (Linux; Android 6.0.1; Nexus 5X Build/MMB29P) AppleWebKit/537.36 (KHTML, like Gecko) Chrome/147.0.7727.116 Mobile Safari/537.36 (compatible; GoogleOther)"
66.249.75.129 - - [29/Apr/2026:17:23:04 +0200] "GET /?jp/180042349.html HTTP/1.1" 500 0 "-" "Mozilla/5.0 (Linux; Android 6.0.1; Nexus 5X Build/MMB29P) AppleWebKit/537.36 (KHTML, like Gecko) Chrome/147.0.7727.116 Mobile Safari/537.36 (compatible; GoogleOther)"
18.202.5.183 - - [29/Apr/2026:17:25:00 +0200] "GET /sitemap261.xml HTTP/1.1" 500 0 "http://communication-agroalimentaire.fr/?sitemapindex.xml" "Mozilla/5.0 (Macintosh; Intel Mac OS X 10_15_5) AppleWebKit/537.36 (KHTML, like Gecko) Chrome/83.0.4103.61 Safari/537.36"
18.202.5.183 - - [29/Apr/2026:17:25:08 +0200] "GET /sitemap374.xml HTTP/1.1" 500 0 "http://communication-agroalimentaire.fr/?sitemapindex.xml" "Mozilla/5.0 (Macintosh; Intel Mac OS X 10_15_5) AppleWebKit/537.36 (KHTML, like Gecko) Chrome/83.0.4103.61 Safari/537.36"
18.202.5.183 - - [29/Apr/2026:17:25:12 +0200] "GET /shop/products/aide001014600.html HTTP/1.1" 500 0 "http://communication-agroalimentaire.fr/?sitemap564.xml" "Mozilla/5.0 (Macintosh; Intel Mac OS X 10_15_5) AppleWebKit/537.36 (KHTML, like Gecko) Chrome/83.0.4103.61 Safari/537.36"
57.141.20.43 - - [29/Apr/2026:17:25:26 +0200] "GET /products/3246502562403 HTTP/1.1" 500 0 "-" "meta-externalagent/1.1 (+https://developers.facebook.com/docs/sharing/webmasters/crawler)"
18.202.5.183 - - [29/Apr/2026:17:25:31 +0200] "GET /shop/products/employer001031616.html HTTP/1.1" 500 0 "http://communication-agroalimentaire.fr/?sitemap564.xml" "Mozilla/5.0 (Macintosh; Intel Mac OS X 10_15_5) AppleWebKit/537.36 (KHTML, like Gecko) Chrome/83.0.4103.61 Safari/537.36"
66.249.75.129 - - [29/Apr/2026:17:25:56 +0200] "GET /?goods/112030420 HTTP/1.1" 500 0 "-" "Mozilla/5.0 (Linux; Android 6.0.1; Nexus 5X Build/MMB29P) AppleWebKit/537.36 (KHTML, like Gecko) Chrome/147.0.7727.116 Mobile Safari/537.36 (compatible; GoogleOther)"
18.202.5.183 - - [29/Apr/2026:17:24:43 +0200] "GET /sitemap972.xml HTTP/1.1" 500 0 "http://communication-agroalimentaire.fr/?sitemapindex.xml" "Mozilla/5.0 (Macintosh; Intel Mac OS X 10_15_5) AppleWebKit/537.36 (KHTML, like Gecko) Chrome/83.0.4103.61 Safari/537.36"
18.202.5.183 - - [29/Apr/2026:17:25:16 +0200] "GET /shop/products/pollution001029940.html HTTP/1.1" 500 0 "http://communication-agroalimentaire.fr/?sitemap564.xml" "Mozilla/5.0 (Macintosh; Intel Mac OS X 10_15_5) AppleWebKit/537.36 (KHTML, like Gecko) Chrome/83.0.4103.61 Safari/537.36"
18.202.5.183 - - [29/Apr/2026:17:25:20 +0200] "GET /shop/bare/translate001018019.html HTTP/1.1" 500 0 "http://communication-agroalimentaire.fr/?sitemap564.xml" "Mozilla/5.0 (Macintosh; Intel Mac OS X 10_15_5) AppleWebKit/537.36 (KHTML, like Gecko) Chrome/83.0.4103.61 Safari/537.36"
18.202.5.183 - - [29/Apr/2026:17:25:24 +0200] "GET /shop/singer/price001033773.html HTTP/1.1" 500 0 "http://communication-agroalimentaire.fr/?sitemap564.xml" "Mozilla/5.0 (Macintosh; Intel Mac OS X 10_15_5) AppleWebKit/537.36 (KHTML, like Gecko) Chrome/83.0.4103.61 Safari/537.36"
18.202.5.183 - - [29/Apr/2026:17:25:27 +0200] "GET /shop/sofa/lab001019483.html HTTP/1.1" 500 0 "http://communication-agroalimentaire.fr/?sitemap564.xml" "Mozilla/5.0 (Macintosh; Intel Mac OS X 10_15_5) AppleWebKit/537.36 (KHTML, like Gecko) Chrome/83.0.4103.61 Safari/537.36"
66.249.75.131 - - [29/Apr/2026:17:25:35 +0200] "GET /?jp/205033260.html HTTP/1.1" 500 0 "-" "Mozilla/5.0 (Linux; Android 6.0.1; Nexus 5X Build/MMB29P) AppleWebKit/537.36 (KHTML, like Gecko) Chrome/147.0.7727.116 Mobile Safari/537.36 (compatible; GoogleOther)"
66.249.75.129 - - [29/Apr/2026:17:25:54 +0200] "GET /?jp/110001212.html HTTP/1.1" 500 0 "-" "Mozilla/5.0 (Linux; Android 6.0.1; Nexus 5X Build/MMB29P) AppleWebKit/537.36 (KHTML, like Gecko) Chrome/147.0.7727.116 Mobile Safari/537.36 (compatible; GoogleOther)"
66.249.75.129 - - [29/Apr/2026:17:26:02 +0200] "GET /?jp/250019529.html HTTP/1.1" 500 0 "-" "Mozilla/5.0 (Linux; Android 6.0.1; Nexus 5X Build/MMB29P) AppleWebKit/537.36 (KHTML, like Gecko) Chrome/147.0.7727.116 Mobile Safari/537.36 (compatible; GoogleOther)"
66.249.75.129 - - [29/Apr/2026:17:26:10 +0200] "GET /?goods/134023941 HTTP/1.1" 500 0 "-" "Mozilla/5.0 (Linux; Android 6.0.1; Nexus 5X Build/MMB29P) AppleWebKit/537.36 (KHTML, like Gecko) Chrome/147.0.7727.116 Mobile Safari/537.36 (compatible; GoogleOther)"
66.249.75.131 - - [29/Apr/2026:17:27:14 +0200] "GET /?jp/278022295.html HTTP/1.1" 500 0 "-" "Mozilla/5.0 (Linux; Android 6.0.1; Nexus 5X Build/MMB29P) AppleWebKit/537.36 (KHTML, like Gecko) Chrome/147.0.7727.116 Mobile Safari/537.36 (compatible; GoogleOther)"
66.249.75.129 - - [29/Apr/2026:17:27:45 +0200] "GET /?detail/06902782505166 HTTP/1.1" 500 0 "-" "Mozilla/5.0 (Linux; Android 6.0.1; Nexus 5X Build/MMB29P) AppleWebKit/537.36 (KHTML, like Gecko) Chrome/147.0.7727.116 Mobile Safari/537.36 (compatible; GoogleOther)"
66.249.75.131 - - [29/Apr/2026:17:28:35 +0200] "GET /?jp/184043130.html HTTP/1.1" 500 0 "-" "Mozilla/5.0 (Linux; Android 6.0.1; Nexus 5X Build/MMB29P) AppleWebKit/537.36 (KHTML, like Gecko) Chrome/147.0.7727.116 Mobile Safari/537.36 (compatible; GoogleOther)"
66.249.75.131 - - [29/Apr/2026:17:29:42 +0200] "GET /?detail/190011207905 HTTP/1.1" 500 0 "-" "Mozilla/5.0 (Linux; Android 6.0.1; Nexus 5X Build/MMB29P) AppleWebKit/537.36 (KHTML, like Gecko) Chrome/147.0.7727.116 Mobile Safari/537.36 (compatible; GoogleOther)"
66.249.75.129 - - [29/Apr/2026:17:30:20 +0200] "GET /?jp/004012647.html HTTP/1.1" 500 0 "-" "Mozilla/5.0 (Linux; Android 6.0.1; Nexus 5X Build/MMB29P) AppleWebKit/537.36 (KHTML, like Gecko) Chrome/147.0.7727.116 Mobile Safari/537.36 (compatible; GoogleOther)"
66.249.75.129 - - [29/Apr/2026:17:31:26 +0200] "GET /?detail/0410365745546 HTTP/1.1" 500 0 "-" "Mozilla/5.0 (Linux; Android 6.0.1; Nexus 5X Build/MMB29P) AppleWebKit/537.36 (KHTML, like Gecko) Chrome/147.0.7727.116 Mobile Safari/537.36 (compatible; GoogleOther)"
66.249.75.129 - - [29/Apr/2026:17:26:33 +0200] "GET /?detail/09700981682539 HTTP/1.1" 500 0 "-" "Mozilla/5.0 (Linux; Android 6.0.1; Nexus 5X Build/MMB29P) AppleWebKit/537.36 (KHTML, like Gecko) Chrome/147.0.7727.116 Mobile Safari/537.36 (compatible; GoogleOther)"
66.249.75.129 - - [29/Apr/2026:17:27:32 +0200] "GET /?jp/077012858.html HTTP/1.1" 500 0 "-" "Mozilla/5.0 (Linux; Android 6.0.1; Nexus 5X Build/MMB29P) AppleWebKit/537.36 (KHTML, like Gecko) Chrome/147.0.7727.116 Mobile Safari/537.36 (compatible; GoogleOther)"
113.165.50.137 - - [29/Apr/2026:17:29:06 +0200] "GET /conditions-generales-de-vente/ HTTP/1.1" 500 0 "-" "Mozilla/5.0 (Macintosh; Intel Mac OS X 10_15_7) AppleWebKit/537.36 (KHTML, like Gecko) Chrome/123.0.0.0 Safari/537.36"
57.141.20.12 - - [29/Apr/2026:17:29:54 +0200] "GET /products/8347513688238 HTTP/1.1" 500 0 "-" "meta-externalagent/1.1 (+https://developers.facebook.com/docs/sharing/webmasters/crawler)"
66.249.75.130 - - [29/Apr/2026:17:29:56 +0200] "GET /?detail/2450164915558 HTTP/1.1" 500 0 "-" "Mozilla/5.0 (Linux; Android 6.0.1; Nexus 5X Build/MMB29P) AppleWebKit/537.36 (KHTML, like Gecko) Chrome/147.0.7727.116 Mobile Safari/537.36 (compatible; GoogleOther)"
66.249.75.129 - - [29/Apr/2026:17:30:02 +0200] "GET /?jp/253020225.html HTTP/1.1" 500 0 "-" "Mozilla/5.0 (Linux; Android 6.0.1; Nexus 5X Build/MMB29P) AppleWebKit/537.36 (KHTML, like Gecko) Chrome/147.0.7727.116 Mobile Safari/537.36 (compatible; GoogleOther)"
57.141.20.1 - - [29/Apr/2026:17:31:00 +0200] "GET /products/28466775529359 HTTP/1.1" 500 0 "-" "meta-externalagent/1.1 (+https://developers.facebook.com/docs/sharing/webmasters/crawler)"
66.249.75.129 - - [29/Apr/2026:17:31:18 +0200] "GET /?jp/004012646.html HTTP/1.1" 500 0 "-" "Mozilla/5.0 (Linux; Android 6.0.1; Nexus 5X Build/MMB29P) AppleWebKit/537.36 (KHTML, like Gecko) Chrome/147.0.7727.116 Mobile Safari/537.36 (compatible; GoogleOther)"
57.141.20.45 - - [29/Apr/2026:17:33:14 +0200] "GET /products/9061281814729 HTTP/1.1" 500 0 "-" "meta-externalagent/1.1 (+https://developers.facebook.com/docs/sharing/webmasters/crawler)"
104.28.165.220 - - [29/Apr/2026:17:41:56 +0200] "GET /8a70b4bc6b5038.php HTTP/1.1" 200 58113 "-" "Mozilla/5.0 (Linux; Android 7.0; SM-G892A Build/NRD90M; wv) AppleWebKit/537.36 (KHTML, like Gecko) Version/4.0 Chrome/60.0.3112.107 Mobile Safari/537.36"
104.28.165.220 - - [29/Apr/2026:17:42:02 +0200] "GET /737b88c3ad9b21.php HTTP/1.1" 200 58113 "-" "Mozilla/5.0 (Linux; Android 7.0; SM-G892A Build/NRD90M; wv) AppleWebKit/537.36 (KHTML, like Gecko) Version/4.0 Chrome/60.0.3112.107 Mobile Safari/537.36"
104.28.165.220 - - [29/Apr/2026:17:42:12 +0200] "GET /3bc323aca11a35.php HTTP/1.1" 200 58113 "-" "Mozilla/5.0 (Linux; Android 7.0; SM-G892A Build/NRD90M; wv) AppleWebKit/537.36 (KHTML, like Gecko) Version/4.0 Chrome/60.0.3112.107 Mobile Safari/537.36"
104.28.165.220 - - [29/Apr/2026:17:42:25 +0200] "GET /c6c6c941f9dab1.php HTTP/1.1" 200 58113 "-" "Mozilla/5.0 (Linux; Android 7.0; SM-G892A Build/NRD90M; wv) AppleWebKit/537.36 (KHTML, like Gecko) Version/4.0 Chrome/60.0.3112.107 Mobile Safari/537.36"
104.28.165.220 - - [29/Apr/2026:17:42:26 +0200] "GET /d6c00bda6a5049.php HTTP/1.1" 200 58113 "-" "Mozilla/5.0 (Linux; Android 7.0; SM-G892A Build/NRD90M; wv) AppleWebKit/537.36 (KHTML, like Gecko) Version/4.0 Chrome/60.0.3112.107 Mobile Safari/537.36"
104.28.165.220 - - [29/Apr/2026:17:42:32 +0200] "GET /c17d291cfd5338.php HTTP/1.1" 200 58113 "-" "Mozilla/5.0 (Linux; Android 7.0; SM-G892A Build/NRD90M; wv) AppleWebKit/537.36 (KHTML, like Gecko) Version/4.0 Chrome/60.0.3112.107 Mobile Safari/537.36"
104.28.165.220 - - [29/Apr/2026:17:42:38 +0200] "GET /862a9c587b7396.php HTTP/1.1" 200 58113 "-" "Mozilla/5.0 (Linux; Android 7.0; SM-G892A Build/NRD90M; wv) AppleWebKit/537.36 (KHTML, like Gecko) Version/4.0 Chrome/60.0.3112.107 Mobile Safari/537.36"
18.202.5.183 - - [29/Apr/2026:17:24:50 +0200] "GET /sitemap356.xml HTTP/1.1" 500 0 "http://communication-agroalimentaire.fr/?sitemapindex.xml" "Mozilla/5.0 (Macintosh; Intel Mac OS X 10_15_5) AppleWebKit/537.36 (KHTML, like Gecko) Chrome/83.0.4103.61 Safari/537.36"
18.202.5.183 - - [29/Apr/2026:17:24:53 +0200] "GET /sitemap179.xml HTTP/1.1" 500 0 "http://communication-agroalimentaire.fr/?sitemapindex.xml" "Mozilla/5.0 (Macintosh; Intel Mac OS X 10_15_5) AppleWebKit/537.36 (KHTML, like Gecko) Chrome/83.0.4103.61 Safari/537.36"
18.202.5.183 - - [29/Apr/2026:17:24:57 +0200] "GET /sitemap520.xml HTTP/1.1" 500 0 "http://communication-agroalimentaire.fr/?sitemapindex.xml" "Mozilla/5.0 (Macintosh; Intel Mac OS X 10_15_5) AppleWebKit/537.36 (KHTML, like Gecko) Chrome/83.0.4103.61 Safari/537.36"
18.202.5.183 - - [29/Apr/2026:17:25:04 +0200] "GET /sitemap750.xml HTTP/1.1" 500 0 "http://communication-agroalimentaire.fr/?sitemapindex.xml" "Mozilla/5.0 (Macintosh; Intel Mac OS X 10_15_5) AppleWebKit/537.36 (KHTML, like Gecko) Chrome/83.0.4103.61 Safari/537.36"
66.249.75.129 - - [29/Apr/2026:17:26:17 +0200] "GET /?jp/046033251.html HTTP/1.1" 500 0 "-" "Mozilla/5.0 (Linux; Android 6.0.1; Nexus 5X Build/MMB29P) AppleWebKit/537.36 (KHTML, like Gecko) Chrome/147.0.7727.116 Mobile Safari/537.36 (compatible; GoogleOther)"
66.249.75.129 - - [29/Apr/2026:17:26:30 +0200] "GET /?jp/211012234.html HTTP/1.1" 500 0 "-" "Mozilla/5.0 (Linux; Android 6.0.1; Nexus 5X Build/MMB29P) AppleWebKit/537.36 (KHTML, like Gecko) Chrome/147.0.7727.116 Mobile Safari/537.36 (compatible; GoogleOther)"
66.249.75.129 - - [29/Apr/2026:17:26:57 +0200] "GET /?jp/249024058.html HTTP/1.1" 500 0 "-" "Mozilla/5.0 (Linux; Android 6.0.1; Nexus 5X Build/MMB29P) AppleWebKit/537.36 (KHTML, like Gecko) Chrome/147.0.7727.116 Mobile Safari/537.36 (compatible; GoogleOther)"
66.249.75.129 - - [29/Apr/2026:17:29:53 +0200] "GET /?detail/1820330921443 HTTP/1.1" 500 0 "-" "Mozilla/5.0 (Linux; Android 6.0.1; Nexus 5X Build/MMB29P) AppleWebKit/537.36 (KHTML, like Gecko) Chrome/147.0.7727.116 Mobile Safari/537.36 (compatible; GoogleOther)"
66.249.75.129 - - [29/Apr/2026:17:30:26 +0200] "GET /?jp/139047708.html HTTP/1.1" 500 0 "-" "Mozilla/5.0 (Linux; Android 6.0.1; Nexus 5X Build/MMB29P) AppleWebKit/537.36 (KHTML, like Gecko) Chrome/147.0.7727.116 Mobile Safari/537.36 (compatible; GoogleOther)"
66.249.75.129 - - [29/Apr/2026:17:31:58 +0200] "GET /?jp/041036567.html HTTP/1.1" 500 0 "-" "Mozilla/5.0 (Linux; Android 6.0.1; Nexus 5X Build/MMB29P) AppleWebKit/537.36 (KHTML, like Gecko) Chrome/147.0.7727.116 Mobile Safari/537.36 (compatible; GoogleOther)"
66.249.75.131 - - [29/Apr/2026:17:33:37 +0200] "GET /?jp/208012978.html HTTP/1.1" 500 0 "-" "Mozilla/5.0 (Linux; Android 6.0.1; Nexus 5X Build/MMB29P) AppleWebKit/537.36 (KHTML, like Gecko) Chrome/147.0.7727.116 Mobile Safari/537.36 (compatible; GoogleOther)"
57.141.20.59 - - [29/Apr/2026:17:37:40 +0200] "GET /products/2437778541985 HTTP/1.1" 500 0 "-" "meta-externalagent/1.1 (+https://developers.facebook.com/docs/sharing/webmasters/crawler)"
104.28.165.220 - - [29/Apr/2026:17:42:19 +0200] "GET /c2b653fd11c458.php HTTP/1.1" 200 58113 "-" "Mozilla/5.0 (Linux; Android 7.0; SM-G892A Build/NRD90M; wv) AppleWebKit/537.36 (KHTML, like Gecko) Version/4.0 Chrome/60.0.3112.107 Mobile Safari/537.36"
66.249.75.129 - - [29/Apr/2026:17:42:21 +0200] "GET /?goods/105042884 HTTP/1.1" 500 0 "-" "Mozilla/5.0 (Linux; Android 6.0.1; Nexus 5X Build/MMB29P) AppleWebKit/537.36 (KHTML, like Gecko) Chrome/147.0.7727.116 Mobile Safari/537.36 (compatible; GoogleOther)"
104.28.165.220 - - [29/Apr/2026:17:42:25 +0200] "GET /0a3170fad6056c.php HTTP/1.1" 200 58113 "-" "Mozilla/5.0 (Linux; Android 7.0; SM-G892A Build/NRD90M; wv) AppleWebKit/537.36 (KHTML, like Gecko) Version/4.0 Chrome/60.0.3112.107 Mobile Safari/537.36"
104.28.165.220 - - [29/Apr/2026:17:42:27 +0200] "GET /fac0bfb17cb424.php HTTP/1.1" 200 58113 "-" "Mozilla/5.0 (Linux; Android 7.0; SM-G892A Build/NRD90M; wv) AppleWebKit/537.36 (KHTML, like Gecko) Version/4.0 Chrome/60.0.3112.107 Mobile Safari/537.36"
57.141.20.29 - - [29/Apr/2026:17:34:20 +0200] "GET /products/8718087194326 HTTP/1.1" 500 0 "-" "meta-externalagent/1.1 (+https://developers.facebook.com/docs/sharing/webmasters/crawler)"
66.249.75.129 - - [29/Apr/2026:17:34:25 +0200] "GET /?jp/177008813.html HTTP/1.1" 500 0 "-" "Mozilla/5.0 (Linux; Android 6.0.1; Nexus 5X Build/MMB29P) AppleWebKit/537.36 (KHTML, like Gecko) Chrome/147.0.7727.116 Mobile Safari/537.36 (compatible; GoogleOther)"
66.249.75.131 - - [29/Apr/2026:17:36:04 +0200] "GET /?detail/2150097353696 HTTP/1.1" 500 0 "-" "Mozilla/5.0 (Linux; Android 6.0.1; Nexus 5X Build/MMB29P) AppleWebKit/537.36 (KHTML, like Gecko) Chrome/147.0.7727.116 Mobile Safari/537.36 (compatible; GoogleOther)"
57.141.20.34 - - [29/Apr/2026:17:36:34 +0200] "GET /products/15780948221983 HTTP/1.1" 500 0 "-" "meta-externalagent/1.1 (+https://developers.facebook.com/docs/sharing/webmasters/crawler)"
66.249.75.129 - - [29/Apr/2026:17:38:07 +0200] "GET /?jp/021006037.html HTTP/1.1" 500 0 "-" "Mozilla/5.0 (Linux; Android 6.0.1; Nexus 5X Build/MMB29P) AppleWebKit/537.36 (KHTML, like Gecko) Chrome/147.0.7727.116 Mobile Safari/537.36 (compatible; GoogleOther)"
57.141.20.55 - - [29/Apr/2026:17:38:47 +0200] "GET /products/39360328000034 HTTP/1.1" 500 0 "-" "meta-externalagent/1.1 (+https://developers.facebook.com/docs/sharing/webmasters/crawler)"
