|
Server IP : 109.234.166.131 / Your IP : 216.73.216.44 Web Server : LiteSpeed System : Linux garfish.o2switch.net 4.18.0-553.62.1.lve.el8.x86_64 #1 SMP Mon Jul 21 17:50:35 UTC 2025 x86_64 User : bean7936 ( 1010) PHP Version : 8.3.31 Disable Function : NONE MySQL : OFF | cURL : ON | WGET : ON | Perl : ON | Python : ON Directory (0750) : /home/bean7936/access-logs/ |
| [ Home ] | [ C0mmand ] | [ Upload File ] |
|---|
216.73.216.214 - - [28/May/2026:00:02:35 +0200] "GET /?l=99643223115 HTTP/1.1" 200 194995 "-" "Mozilla/5.0 AppleWebKit/537.36 (KHTML, like Gecko; compatible; ClaudeBot/1.0; +claudebot@anthropic.com)"
216.73.216.214 - - [28/May/2026:00:04:10 +0200] "GET /?d=8351557777 HTTP/1.1" 200 193967 "-" "Mozilla/5.0 AppleWebKit/537.36 (KHTML, like Gecko; compatible; ClaudeBot/1.0; +claudebot@anthropic.com)"
216.73.216.214 - - [28/May/2026:00:04:17 +0200] "GET /?d=83515219217 HTTP/1.1" 200 194287 "-" "Mozilla/5.0 AppleWebKit/537.36 (KHTML, like Gecko; compatible; ClaudeBot/1.0; +claudebot@anthropic.com)"
216.73.216.214 - - [28/May/2026:00:04:26 +0200] "GET /?l=99643169693 HTTP/1.1" 200 197090 "-" "Mozilla/5.0 AppleWebKit/537.36 (KHTML, like Gecko; compatible; ClaudeBot/1.0; +claudebot@anthropic.com)"
216.73.216.214 - - [28/May/2026:00:04:32 +0200] "GET /?d=1937373320 HTTP/1.1" 200 193502 "-" "Mozilla/5.0 AppleWebKit/537.36 (KHTML, like Gecko; compatible; ClaudeBot/1.0; +claudebot@anthropic.com)"
14.160.144.187 - - [28/May/2026:00:04:41 +0200] "GET /247030073 HTTP/1.1" 500 0 "-" "Mozilla/5.0 (Macintosh; Intel Mac OS X 10.15; rv:128.0) Gecko/20100101 Firefox/128.0"
146.168.67.136 - - [28/May/2026:00:05:40 +0200] "GET /250037790 HTTP/1.1" 500 0 "-" "Mozilla/5.0 (Windows NT 10.0; Win64; x64) AppleWebKit/537.36 (KHTML, like Gecko) Chrome/128.0.6613.84 Safari/537.36"
216.73.216.214 - - [28/May/2026:00:05:40 +0200] "GET /?l=9964314683 HTTP/1.1" 200 194103 "-" "Mozilla/5.0 AppleWebKit/537.36 (KHTML, like Gecko; compatible; ClaudeBot/1.0; +claudebot@anthropic.com)"
216.73.216.214 - - [28/May/2026:00:05:43 +0200] "GET /?d=8351521601 HTTP/1.1" 200 193547 "-" "Mozilla/5.0 AppleWebKit/537.36 (KHTML, like Gecko; compatible; ClaudeBot/1.0; +claudebot@anthropic.com)"
216.73.216.214 - - [28/May/2026:00:05:56 +0200] "GET /?d=19373100734 HTTP/1.1" 200 194802 "-" "Mozilla/5.0 AppleWebKit/537.36 (KHTML, like Gecko; compatible; ClaudeBot/1.0; +claudebot@anthropic.com)"
216.73.216.214 - - [28/May/2026:00:06:12 +0200] "GET /?d=8351521887 HTTP/1.1" 200 193890 "-" "Mozilla/5.0 AppleWebKit/537.36 (KHTML, like Gecko; compatible; ClaudeBot/1.0; +claudebot@anthropic.com)"
216.73.216.214 - - [28/May/2026:00:06:19 +0200] "GET /?d=83515207151 HTTP/1.1" 200 194371 "-" "Mozilla/5.0 AppleWebKit/537.36 (KHTML, like Gecko; compatible; ClaudeBot/1.0; +claudebot@anthropic.com)"
216.73.216.214 - - [28/May/2026:00:06:34 +0200] "GET /?d=83515303 HTTP/1.1" 200 193078 "-" "Mozilla/5.0 AppleWebKit/537.36 (KHTML, like Gecko; compatible; ClaudeBot/1.0; +claudebot@anthropic.com)"
216.73.216.214 - - [28/May/2026:00:07:04 +0200] "GET /?l=99643208993 HTTP/1.1" 200 196631 "-" "Mozilla/5.0 AppleWebKit/537.36 (KHTML, like Gecko; compatible; ClaudeBot/1.0; +claudebot@anthropic.com)"
216.73.216.214 - - [28/May/2026:00:07:12 +0200] "GET /?d=1937335578 HTTP/1.1" 200 194669 "-" "Mozilla/5.0 AppleWebKit/537.36 (KHTML, like Gecko; compatible; ClaudeBot/1.0; +claudebot@anthropic.com)"
216.73.216.214 - - [28/May/2026:00:07:13 +0200] "GET /?d=19373204035 HTTP/1.1" 200 195587 "-" "Mozilla/5.0 AppleWebKit/537.36 (KHTML, like Gecko; compatible; ClaudeBot/1.0; +claudebot@anthropic.com)"
216.73.216.214 - - [28/May/2026:00:07:31 +0200] "GET /?g=6789283545 HTTP/1.1" 200 193469 "-" "Mozilla/5.0 AppleWebKit/537.36 (KHTML, like Gecko; compatible; ClaudeBot/1.0; +claudebot@anthropic.com)"
113.163.168.48 - - [28/May/2026:00:07:35 +0200] "GET /264002052 HTTP/1.1" 500 0 "-" "Mozilla/5.0 (Windows NT 10.0; Win64; x64) AppleWebKit/537.36 (KHTML, like Gecko) Chrome/126.0.6478.55 Safari/537.36"
216.73.216.214 - - [28/May/2026:00:08:20 +0200] "GET /?u=4419458 HTTP/1.1" 200 195262 "-" "Mozilla/5.0 AppleWebKit/537.36 (KHTML, like Gecko; compatible; ClaudeBot/1.0; +claudebot@anthropic.com)"
216.73.216.214 - - [28/May/2026:00:08:26 +0200] "GET /?g=67892129652 HTTP/1.1" 200 197520 "-" "Mozilla/5.0 AppleWebKit/537.36 (KHTML, like Gecko; compatible; ClaudeBot/1.0; +claudebot@anthropic.com)"
216.73.216.214 - - [28/May/2026:00:03:09 +0200] "GET /?d=8351543876 HTTP/1.1" 200 193890 "-" "Mozilla/5.0 AppleWebKit/537.36 (KHTML, like Gecko; compatible; ClaudeBot/1.0; +claudebot@anthropic.com)"
113.181.102.36 - - [28/May/2026:00:03:19 +0200] "GET /sitemap235.xml HTTP/1.1" 200 503140 "-" "Mozilla/5.0 (Windows NT 10.0; Win64; x64) AppleWebKit/537.36 (KHTML, like Gecko) Chrome/124.0.6367.82 Safari/537.36"
216.73.216.214 - - [28/May/2026:00:04:20 +0200] "GET /?l=99643158258 HTTP/1.1" 200 192915 "-" "Mozilla/5.0 AppleWebKit/537.36 (KHTML, like Gecko; compatible; ClaudeBot/1.0; +claudebot@anthropic.com)"
216.73.216.214 - - [28/May/2026:00:04:27 +0200] "GET /?d=83515272811 HTTP/1.1" 200 194096 "-" "Mozilla/5.0 AppleWebKit/537.36 (KHTML, like Gecko; compatible; ClaudeBot/1.0; +claudebot@anthropic.com)"
216.73.216.214 - - [28/May/2026:00:04:39 +0200] "GET /?d=83515274166 HTTP/1.1" 200 194361 "-" "Mozilla/5.0 AppleWebKit/537.36 (KHTML, like Gecko; compatible; ClaudeBot/1.0; +claudebot@anthropic.com)"
216.73.216.214 - - [28/May/2026:00:05:01 +0200] "GET /?d=1937360256 HTTP/1.1" 200 195674 "-" "Mozilla/5.0 AppleWebKit/537.36 (KHTML, like Gecko; compatible; ClaudeBot/1.0; +claudebot@anthropic.com)"
216.73.216.214 - - [28/May/2026:00:05:08 +0200] "GET /?d=8351556965 HTTP/1.1" 200 194294 "-" "Mozilla/5.0 AppleWebKit/537.36 (KHTML, like Gecko; compatible; ClaudeBot/1.0; +claudebot@anthropic.com)"
57.141.20.60 - - [28/May/2026:00:05:32 +0200] "GET /product/B03529167428 HTTP/1.1" 500 0 "-" "meta-externalagent/1.1 (+https://developers.facebook.com/docs/sharing/webmasters/crawler)"
216.73.216.214 - - [28/May/2026:00:05:33 +0200] "GET /?d=8351582289 HTTP/1.1" 200 197110 "-" "Mozilla/5.0 AppleWebKit/537.36 (KHTML, like Gecko; compatible; ClaudeBot/1.0; +claudebot@anthropic.com)"
216.73.216.214 - - [28/May/2026:00:05:48 +0200] "GET /?l=99643138762 HTTP/1.1" 200 194694 "-" "Mozilla/5.0 AppleWebKit/537.36 (KHTML, like Gecko; compatible; ClaudeBot/1.0; +claudebot@anthropic.com)"
216.73.216.214 - - [28/May/2026:00:06:04 +0200] "GET /?d=193733788 HTTP/1.1" 200 193568 "-" "Mozilla/5.0 AppleWebKit/537.36 (KHTML, like Gecko; compatible; ClaudeBot/1.0; +claudebot@anthropic.com)"
113.174.203.174 - - [28/May/2026:00:06:37 +0200] "GET /258002464 HTTP/1.1" 500 0 "-" "Mozilla/5.0 (Macintosh; Intel Mac OS X 15.2; rv:133.0) Gecko/20100101 Firefox/133.0"
216.73.216.214 - - [28/May/2026:00:06:42 +0200] "GET /?l=99643159307 HTTP/1.1" 200 194111 "-" "Mozilla/5.0 AppleWebKit/537.36 (KHTML, like Gecko; compatible; ClaudeBot/1.0; +claudebot@anthropic.com)"
216.73.216.214 - - [28/May/2026:00:06:43 +0200] "GET /?d=8351553052 HTTP/1.1" 200 194507 "-" "Mozilla/5.0 AppleWebKit/537.36 (KHTML, like Gecko; compatible; ClaudeBot/1.0; +claudebot@anthropic.com)"
216.73.216.214 - - [28/May/2026:00:06:50 +0200] "GET /?d=1937328076 HTTP/1.1" 200 197112 "-" "Mozilla/5.0 AppleWebKit/537.36 (KHTML, like Gecko; compatible; ClaudeBot/1.0; +claudebot@anthropic.com)"
216.73.216.214 - - [28/May/2026:00:07:23 +0200] "GET /?q=397968359 HTTP/1.1" 200 193607 "-" "Mozilla/5.0 AppleWebKit/537.36 (KHTML, like Gecko; compatible; ClaudeBot/1.0; +claudebot@anthropic.com)"
216.73.216.214 - - [28/May/2026:00:07:39 +0200] "GET /?d=193735817 HTTP/1.1" 200 193272 "-" "Mozilla/5.0 AppleWebKit/537.36 (KHTML, like Gecko; compatible; ClaudeBot/1.0; +claudebot@anthropic.com)"
216.73.216.214 - - [28/May/2026:00:07:47 +0200] "GET /?d=1937355041 HTTP/1.1" 200 193103 "-" "Mozilla/5.0 AppleWebKit/537.36 (KHTML, like Gecko; compatible; ClaudeBot/1.0; +claudebot@anthropic.com)"
216.73.216.214 - - [28/May/2026:00:08:03 +0200] "GET /?d=1937349487 HTTP/1.1" 200 193445 "-" "Mozilla/5.0 AppleWebKit/537.36 (KHTML, like Gecko; compatible; ClaudeBot/1.0; +claudebot@anthropic.com)"
5.189.203.245 - - [28/May/2026:00:08:33 +0200] "GET /271020295 HTTP/1.1" 500 0 "-" "Mozilla/5.0 (Macintosh; Intel Mac OS X 14.3; rv:133.0) Gecko/20100101 Firefox/133.0"
57.141.20.31 - - [28/May/2026:00:03:20 +0200] "GET /product/B031420530532 HTTP/1.1" 500 0 "-" "meta-externalagent/1.1 (+https://developers.facebook.com/docs/sharing/webmasters/crawler)"
216.73.216.214 - - [28/May/2026:00:03:39 +0200] "GET /?d=8351579792 HTTP/1.1" 200 194212 "-" "Mozilla/5.0 AppleWebKit/537.36 (KHTML, like Gecko; compatible; ClaudeBot/1.0; +claudebot@anthropic.com)"
216.73.216.214 - - [28/May/2026:00:04:10 +0200] "GET /?t=93411106951 HTTP/1.1" 200 192643 "-" "Mozilla/5.0 AppleWebKit/537.36 (KHTML, like Gecko; compatible; ClaudeBot/1.0; +claudebot@anthropic.com)"
216.73.216.214 - - [28/May/2026:00:04:15 +0200] "GET /?d=1937352845 HTTP/1.1" 200 194364 "-" "Mozilla/5.0 AppleWebKit/537.36 (KHTML, like Gecko; compatible; ClaudeBot/1.0; +claudebot@anthropic.com)"
216.73.216.214 - - [28/May/2026:00:04:20 +0200] "GET /?d=1937337498 HTTP/1.1" 200 193783 "-" "Mozilla/5.0 AppleWebKit/537.36 (KHTML, like Gecko; compatible; ClaudeBot/1.0; +claudebot@anthropic.com)"
57.141.20.71 - - [28/May/2026:00:04:26 +0200] "GET /items/R064335161/ HTTP/1.1" 500 0 "-" "meta-externalagent/1.1 (+https://developers.facebook.com/docs/sharing/webmasters/crawler)"
216.73.216.214 - - [28/May/2026:00:04:33 +0200] "GET /?l=9964320968 HTTP/1.1" 200 196950 "-" "Mozilla/5.0 AppleWebKit/537.36 (KHTML, like Gecko; compatible; ClaudeBot/1.0; +claudebot@anthropic.com)"
216.73.216.214 - - [28/May/2026:00:04:45 +0200] "GET /?l=996439682 HTTP/1.1" 200 193816 "-" "Mozilla/5.0 AppleWebKit/537.36 (KHTML, like Gecko; compatible; ClaudeBot/1.0; +claudebot@anthropic.com)"
216.73.216.214 - - [28/May/2026:00:04:51 +0200] "GET /?d=1937348663 HTTP/1.1" 200 193791 "-" "Mozilla/5.0 AppleWebKit/537.36 (KHTML, like Gecko; compatible; ClaudeBot/1.0; +claudebot@anthropic.com)"
216.73.216.214 - - [28/May/2026:00:05:15 +0200] "GET /?l=99643109941 HTTP/1.1" 200 195482 "-" "Mozilla/5.0 AppleWebKit/537.36 (KHTML, like Gecko; compatible; ClaudeBot/1.0; +claudebot@anthropic.com)"
216.73.216.214 - - [28/May/2026:00:05:21 +0200] "GET /?d=83515213129 HTTP/1.1" 200 194501 "-" "Mozilla/5.0 AppleWebKit/537.36 (KHTML, like Gecko; compatible; ClaudeBot/1.0; +claudebot@anthropic.com)"
216.73.216.214 - - [28/May/2026:00:05:28 +0200] "GET /?d=8351597684 HTTP/1.1" 200 194068 "-" "Mozilla/5.0 AppleWebKit/537.36 (KHTML, like Gecko; compatible; ClaudeBot/1.0; +claudebot@anthropic.com)"
216.73.216.214 - - [28/May/2026:00:06:13 +0200] "GET /?d=83515225409 HTTP/1.1" 200 194419 "-" "Mozilla/5.0 AppleWebKit/537.36 (KHTML, like Gecko; compatible; ClaudeBot/1.0; +claudebot@anthropic.com)"
216.73.216.214 - - [28/May/2026:00:06:25 +0200] "GET /?d=835152195 HTTP/1.1" 200 193680 "-" "Mozilla/5.0 AppleWebKit/537.36 (KHTML, like Gecko; compatible; ClaudeBot/1.0; +claudebot@anthropic.com)"
216.73.216.214 - - [28/May/2026:00:06:58 +0200] "GET /?d=1937330792 HTTP/1.1" 200 193993 "-" "Mozilla/5.0 AppleWebKit/537.36 (KHTML, like Gecko; compatible; ClaudeBot/1.0; +claudebot@anthropic.com)"
216.73.216.214 - - [28/May/2026:00:07:19 +0200] "GET /?l=9964314699 HTTP/1.1" 200 194200 "-" "Mozilla/5.0 AppleWebKit/537.36 (KHTML, like Gecko; compatible; ClaudeBot/1.0; +claudebot@anthropic.com)"
216.73.216.214 - - [28/May/2026:00:07:55 +0200] "GET /robots.txt HTTP/1.1" 200 278 "-" "Mozilla/5.0 AppleWebKit/537.36 (KHTML, like Gecko; compatible; ClaudeBot/1.0; +claudebot@anthropic.com)"
216.73.216.214 - - [28/May/2026:00:07:55 +0200] "GET /?l=99643117477 HTTP/1.1" 200 193096 "-" "Mozilla/5.0 AppleWebKit/537.36 (KHTML, like Gecko; compatible; ClaudeBot/1.0; +claudebot@anthropic.com)"
72.60.40.175 - - [28/May/2026:00:09:10 +0200] "GET /shop/ HTTP/1.1" 301 0 "-" "Mozilla/5.0 (Windows NT 10.0; Win64; x64) AppleWebKit/537.36"
57.141.20.34 - - [28/May/2026:00:09:59 +0200] "GET /items/R065860576/ HTTP/1.1" 500 0 "-" "meta-externalagent/1.1 (+https://developers.facebook.com/docs/sharing/webmasters/crawler)"
216.73.216.214 - - [28/May/2026:00:09:58 +0200] "GET /?l=99643265156 HTTP/1.1" 200 193104 "-" "Mozilla/5.0 AppleWebKit/537.36 (KHTML, like Gecko; compatible; ClaudeBot/1.0; +claudebot@anthropic.com)"
57.141.20.61 - - [28/May/2026:00:08:53 +0200] "GET /items/R065077393/ HTTP/1.1" 500 0 "-" "meta-externalagent/1.1 (+https://developers.facebook.com/docs/sharing/webmasters/crawler)"
216.73.216.214 - - [28/May/2026:00:08:56 +0200] "GET /?l=99643140677 HTTP/1.1" 200 197267 "-" "Mozilla/5.0 AppleWebKit/537.36 (KHTML, like Gecko; compatible; ClaudeBot/1.0; +claudebot@anthropic.com)"
103.154.110.151 - - [28/May/2026:00:09:31 +0200] "GET /281018739 HTTP/1.1" 500 0 "-" "Mozilla/5.0 (Macintosh; Intel Mac OS X 15_4_0) AppleWebKit/537.36 (KHTML, like Gecko) Chrome/125.0.6422.141 Safari/537.36"
8.217.211.96 - - [28/May/2026:00:09:56 +0200] "GET /robots.txt HTTP/1.1" 200 278 "-" "AliyunSecBot/Aliyun (AliyunSecBot@service.alibaba.com)"
8.217.188.201 - - [28/May/2026:00:09:57 +0200] "GET /artisan/remplacement-charpente-garage-a-chaville/tel:0668462685 HTTP/1.1" 500 0 "-" "AliyunSecBot/Aliyun (AliyunSecBot@service.alibaba.com)"
216.73.216.214 - - [28/May/2026:00:10:59 +0200] "GET /?g=67892118922 HTTP/1.1" 200 198126 "-" "Mozilla/5.0 AppleWebKit/537.36 (KHTML, like Gecko; compatible; ClaudeBot/1.0; +claudebot@anthropic.com)"
216.73.216.214 - - [28/May/2026:00:12:42 +0200] "GET /?d=8351546151 HTTP/1.1" 200 195267 "-" "Mozilla/5.0 AppleWebKit/537.36 (KHTML, like Gecko; compatible; ClaudeBot/1.0; +claudebot@anthropic.com)"
216.73.216.214 - - [28/May/2026:00:13:01 +0200] "GET /?d=83515134171 HTTP/1.1" 200 192558 "-" "Mozilla/5.0 AppleWebKit/537.36 (KHTML, like Gecko; compatible; ClaudeBot/1.0; +claudebot@anthropic.com)"
14.189.163.63 - - [28/May/2026:00:13:25 +0200] "GET /295028477 HTTP/1.1" 500 0 "-" "Mozilla/5.0 (Macintosh; Intel Mac OS X 11_7_0) AppleWebKit/537.36 (KHTML, like Gecko) Chrome/126.0.6478.126 Safari/537.36"
192.178.6.40 - - [28/May/2026:00:13:55 +0200] "GET /shop/?video=%E0%B8%AB%E0%B8%A7%E0%B8%A2+%E0%B8%9B%E0%B8%B5+66 HTTP/1.1" 200 115878 "-" "Mozilla/5.0 (Linux; Android 6.0.1; Nexus 5X Build/MMB29P) AppleWebKit/537.36 (KHTML, like Gecko) Chrome/148.0.7778.96 Mobile Safari/537.36 (compatible; Googlebot/2.1; +http://www.google.com/bot.html)"
14.191.226.147 - - [28/May/2026:00:15:22 +0200] "GET /300006138 HTTP/1.1" 500 0 "-" "Mozilla/5.0 (Macintosh; Intel Mac OS X 15_1_0) AppleWebKit/537.36 (KHTML, like Gecko) Chrome/129.0.6668.100 Safari/537.36"
192.178.6.32 - - [28/May/2026:00:15:54 +0200] "GET /shop/?video=%E0%B8%95%E0%B8%B2%E0%B8%A3%E0%B8%B2%E0%B8%87+%E0%B8%AB%E0%B8%A7%E0%B8%A2+%E0%B9%84%E0%B8%97%E0%B8%A2%E0%B8%A3%E0%B8%B1%E0%B8%90+1+10+66 HTTP/1.1" 200 116233 "-" "Mozilla/5.0 (Linux; Android 6.0.1; Nexus 5X Build/MMB29P) AppleWebKit/537.36 (KHTML, like Gecko) Chrome/148.0.7778.96 Mobile Safari/537.36 (compatible; Googlebot/2.1; +http://www.google.com/bot.html)"
216.73.216.214 - - [28/May/2026:00:16:50 +0200] "GET /?d=83515239072 HTTP/1.1" 200 195314 "-" "Mozilla/5.0 AppleWebKit/537.36 (KHTML, like Gecko; compatible; ClaudeBot/1.0; +claudebot@anthropic.com)"
192.178.6.40 - - [28/May/2026:00:17:04 +0200] "GET /shop/?video=9kk88+slot HTTP/1.1" 200 115727 "-" "Mozilla/5.0 (Linux; Android 6.0.1; Nexus 5X Build/MMB29P) AppleWebKit/537.36 (KHTML, like Gecko) Chrome/148.0.7778.96 Mobile Safari/537.36 (compatible; Googlebot/2.1; +http://www.google.com/bot.html)"
146.174.184.56 - - [28/May/2026:00:17:18 +0200] "GET /006005958 HTTP/1.1" 500 0 "-" "Mozilla/5.0 (Macintosh; Intel Mac OS X 12_7_3) AppleWebKit/537.36 (KHTML, like Gecko) Chrome/124.0.6367.82 Safari/537.36"
216.73.216.214 - - [28/May/2026:00:17:20 +0200] "GET /?l=99643172002 HTTP/1.1" 200 194710 "-" "Mozilla/5.0 AppleWebKit/537.36 (KHTML, like Gecko; compatible; ClaudeBot/1.0; +claudebot@anthropic.com)"
192.178.6.32 - - [28/May/2026:00:18:04 +0200] "GET /shop/?video=sorya168+com HTTP/1.1" 200 116112 "-" "Mozilla/5.0 (Linux; Android 6.0.1; Nexus 5X Build/MMB29P) AppleWebKit/537.36 (KHTML, like Gecko) Chrome/148.0.7778.96 Mobile Safari/537.36 (compatible; Googlebot/2.1; +http://www.google.com/bot.html)"
83.50.252.74 - - [28/May/2026:00:10:34 +0200] "GET /282038312 HTTP/1.1" 500 0 "-" "Mozilla/5.0 (Macintosh; Intel Mac OS X 14_3_0) AppleWebKit/537.36 (KHTML, like Gecko) Chrome/128.0.6613.137 Safari/537.36"
57.141.20.28 - - [28/May/2026:00:11:06 +0200] "GET /items/R061673782/ HTTP/1.1" 500 0 "-" "meta-externalagent/1.1 (+https://developers.facebook.com/docs/sharing/webmasters/crawler)"
24.90.131.178 - - [28/May/2026:00:11:28 +0200] "GET /287026163 HTTP/1.1" 500 0 "-" "Mozilla/5.0 (Macintosh; Intel Mac OS X 13.3; rv:126.0) Gecko/20100101 Firefox/126.0"
216.73.216.214 - - [28/May/2026:00:11:57 +0200] "GET /?l=99643164702 HTTP/1.1" 200 193635 "-" "Mozilla/5.0 AppleWebKit/537.36 (KHTML, like Gecko; compatible; ClaudeBot/1.0; +claudebot@anthropic.com)"
216.73.216.214 - - [28/May/2026:00:13:31 +0200] "GET /?l=99643229062 HTTP/1.1" 200 194299 "-" "Mozilla/5.0 AppleWebKit/537.36 (KHTML, like Gecko; compatible; ClaudeBot/1.0; +claudebot@anthropic.com)"
216.73.216.214 - - [28/May/2026:00:14:19 +0200] "GET /?l=9964310883 HTTP/1.1" 200 195999 "-" "Mozilla/5.0 AppleWebKit/537.36 (KHTML, like Gecko; compatible; ClaudeBot/1.0; +claudebot@anthropic.com)"
192.178.6.40 - - [28/May/2026:00:14:52 +0200] "GET /shop/?video=77w+login HTTP/1.1" 200 115690 "-" "Mozilla/5.0 (Linux; Android 6.0.1; Nexus 5X Build/MMB29P) AppleWebKit/537.36 (KHTML, like Gecko) Chrome/148.0.7778.96 Mobile Safari/537.36 (compatible; Googlebot/2.1; +http://www.google.com/bot.html)"
216.73.216.214 - - [28/May/2026:00:14:51 +0200] "GET /?h=10121189723 HTTP/1.1" 200 194205 "-" "Mozilla/5.0 AppleWebKit/537.36 (KHTML, like Gecko; compatible; ClaudeBot/1.0; +claudebot@anthropic.com)"
57.141.20.69 - - [28/May/2026:00:15:33 +0200] "GET /items/R065089067/ HTTP/1.1" 500 0 "-" "meta-externalagent/1.1 (+https://developers.facebook.com/docs/sharing/webmasters/crawler)"
216.73.216.214 - - [28/May/2026:00:15:48 +0200] "GET /?d=193736091 HTTP/1.1" 200 195643 "-" "Mozilla/5.0 AppleWebKit/537.36 (KHTML, like Gecko; compatible; ClaudeBot/1.0; +claudebot@anthropic.com)"
202.76.185.10 - - [28/May/2026:00:16:20 +0200] "GET /005016701 HTTP/1.1" 500 0 "-" "Mozilla/5.0 (Windows NT 10.0; Win64; x64) AppleWebKit/537.36 (KHTML, like Gecko) Chrome/129.0.6668.29 Safari/537.36"
216.73.216.214 - - [28/May/2026:00:18:37 +0200] "GET /?l=9964336 HTTP/1.1" 200 196413 "-" "Mozilla/5.0 AppleWebKit/537.36 (KHTML, like Gecko; compatible; ClaudeBot/1.0; +claudebot@anthropic.com)"
57.141.20.13 - - [28/May/2026:00:18:52 +0200] "GET /items/R062382840/ HTTP/1.1" 500 0 "-" "meta-externalagent/1.1 (+https://developers.facebook.com/docs/sharing/webmasters/crawler)"
216.73.216.214 - - [28/May/2026:00:19:14 +0200] "GET /?l=9964355386 HTTP/1.1" 200 194945 "-" "Mozilla/5.0 AppleWebKit/537.36 (KHTML, like Gecko; compatible; ClaudeBot/1.0; +claudebot@anthropic.com)"
192.178.6.40 - - [28/May/2026:00:19:21 +0200] "GET /shop/?video=%E0%B8%AB%E0%B8%A7%E0%B8%A2+%E0%B8%AD.+%E0%B8%A7%E0%B8%B1%E0%B8%99+%E0%B8%8A%E0%B8%B1%E0%B8%A2 HTTP/1.1" 200 115963 "-" "Mozilla/5.0 (Linux; Android 6.0.1; Nexus 5X Build/MMB29P) AppleWebKit/537.36 (KHTML, like Gecko) Chrome/148.0.7778.96 Mobile Safari/537.36 (compatible; Googlebot/2.1; +http://www.google.com/bot.html)"
192.178.6.41 - - [28/May/2026:00:21:05 +0200] "GET /shop/?video=area51betco HTTP/1.1" 200 116331 "-" "Mozilla/5.0 (Linux; Android 6.0.1; Nexus 5X Build/MMB29P) AppleWebKit/537.36 (KHTML, like Gecko) Chrome/148.0.7778.96 Mobile Safari/537.36 (compatible; Googlebot/2.1; +http://www.google.com/bot.html)"
216.73.216.214 - - [28/May/2026:00:21:08 +0200] "GET /?d=8351536740 HTTP/1.1" 200 195878 "-" "Mozilla/5.0 AppleWebKit/537.36 (KHTML, like Gecko; compatible; ClaudeBot/1.0; +claudebot@anthropic.com)"
216.73.216.214 - - [28/May/2026:00:21:38 +0200] "GET /?d=1937334440 HTTP/1.1" 200 196285 "-" "Mozilla/5.0 AppleWebKit/537.36 (KHTML, like Gecko; compatible; ClaudeBot/1.0; +claudebot@anthropic.com)"
57.141.20.59 - - [28/May/2026:00:22:13 +0200] "GET /product/B031317335954 HTTP/1.1" 500 0 "-" "meta-externalagent/1.1 (+https://developers.facebook.com/docs/sharing/webmasters/crawler)"
216.73.216.214 - - [28/May/2026:00:09:28 +0200] "GET /?d=19373171306 HTTP/1.1" 200 195242 "-" "Mozilla/5.0 AppleWebKit/537.36 (KHTML, like Gecko; compatible; ClaudeBot/1.0; +claudebot@anthropic.com)"
216.73.216.214 - - [28/May/2026:00:10:29 +0200] "GET /?q=39796164609 HTTP/1.1" 200 195804 "-" "Mozilla/5.0 AppleWebKit/537.36 (KHTML, like Gecko; compatible; ClaudeBot/1.0; +claudebot@anthropic.com)"
216.73.216.214 - - [28/May/2026:00:11:26 +0200] "GET /?l=99643266604 HTTP/1.1" 200 194205 "-" "Mozilla/5.0 AppleWebKit/537.36 (KHTML, like Gecko; compatible; ClaudeBot/1.0; +claudebot@anthropic.com)"
57.141.20.44 - - [28/May/2026:00:12:12 +0200] "GET /product/B031853417101 HTTP/1.1" 500 0 "-" "meta-externalagent/1.1 (+https://developers.facebook.com/docs/sharing/webmasters/crawler)"
216.73.216.214 - - [28/May/2026:00:12:27 +0200] "GET /?d=835152129 HTTP/1.1" 200 194344 "-" "Mozilla/5.0 AppleWebKit/537.36 (KHTML, like Gecko; compatible; ClaudeBot/1.0; +claudebot@anthropic.com)"
69.246.59.113 - - [28/May/2026:00:12:28 +0200] "GET /294031294 HTTP/1.1" 500 0 "-" "Mozilla/5.0 (Macintosh; Intel Mac OS X 14.6; rv:126.0) Gecko/20100101 Firefox/126.0"
216.73.216.214 - - [28/May/2026:00:12:44 +0200] "GET /?l=9964355181 HTTP/1.1" 200 194607 "-" "Mozilla/5.0 AppleWebKit/537.36 (KHTML, like Gecko; compatible; ClaudeBot/1.0; +claudebot@anthropic.com)"
216.73.216.214 - - [28/May/2026:00:14:02 +0200] "GET /?u=4419447828 HTTP/1.1" 200 193043 "-" "Mozilla/5.0 AppleWebKit/537.36 (KHTML, like Gecko; compatible; ClaudeBot/1.0; +claudebot@anthropic.com)"
157.46.10.53 - - [28/May/2026:00:14:23 +0200] "GET /296030352 HTTP/1.1" 500 0 "-" "Mozilla/5.0 (Macintosh; Intel Mac OS X 11_4_1) AppleWebKit/537.36 (KHTML, like Gecko) Chrome/127.0.6533.120 Safari/537.36"
57.141.20.58 - - [28/May/2026:00:14:26 +0200] "GET /items/R064686509/ HTTP/1.1" 500 0 "-" "meta-externalagent/1.1 (+https://developers.facebook.com/docs/sharing/webmasters/crawler)"
216.73.216.214 - - [28/May/2026:00:15:18 +0200] "GET /?d=1937335455 HTTP/1.1" 200 195719 "-" "Mozilla/5.0 AppleWebKit/537.36 (KHTML, like Gecko; compatible; ClaudeBot/1.0; +claudebot@anthropic.com)"
216.73.216.214 - - [28/May/2026:00:16:18 +0200] "GET /?g=6789282984 HTTP/1.1" 200 195414 "-" "Mozilla/5.0 AppleWebKit/537.36 (KHTML, like Gecko; compatible; ClaudeBot/1.0; +claudebot@anthropic.com)"
216.73.216.214 - - [28/May/2026:00:16:19 +0200] "GET /?d=83515257500 HTTP/1.1" 200 194138 "-" "Mozilla/5.0 AppleWebKit/537.36 (KHTML, like Gecko; compatible; ClaudeBot/1.0; +claudebot@anthropic.com)"
216.73.216.214 - - [28/May/2026:00:17:36 +0200] "GET /?l=99643124017 HTTP/1.1" 200 194496 "-" "Mozilla/5.0 AppleWebKit/537.36 (KHTML, like Gecko; compatible; ClaudeBot/1.0; +claudebot@anthropic.com)"
202.76.129.244 - - [28/May/2026:00:18:16 +0200] "GET /006024764 HTTP/1.1" 500 0 "-" "Mozilla/5.0 (Macintosh; Intel Mac OS X 14_5_1) AppleWebKit/537.36 (KHTML, like Gecko) Chrome/125.0.6422.141 Safari/537.36"
216.73.216.214 - - [28/May/2026:00:19:45 +0200] "GET /?q=3979646331 HTTP/1.1" 200 194536 "-" "Mozilla/5.0 AppleWebKit/537.36 (KHTML, like Gecko; compatible; ClaudeBot/1.0; +claudebot@anthropic.com)"
216.73.216.214 - - [28/May/2026:00:20:37 +0200] "GET /?d=1937334552 HTTP/1.1" 200 192570 "-" "Mozilla/5.0 AppleWebKit/537.36 (KHTML, like Gecko; compatible; ClaudeBot/1.0; +claudebot@anthropic.com)"
57.141.20.35 - - [28/May/2026:00:21:06 +0200] "GET /product/B032976346215 HTTP/1.1" 500 0 "-" "meta-externalagent/1.1 (+https://developers.facebook.com/docs/sharing/webmasters/crawler)"
216.73.216.214 - - [28/May/2026:00:21:55 +0200] "GET /?d=835155683 HTTP/1.1" 200 194638 "-" "Mozilla/5.0 AppleWebKit/537.36 (KHTML, like Gecko; compatible; ClaudeBot/1.0; +claudebot@anthropic.com)"
216.73.216.214 - - [28/May/2026:00:22:56 +0200] "GET /?d=19373208944 HTTP/1.1" 200 195181 "-" "Mozilla/5.0 AppleWebKit/537.36 (KHTML, like Gecko; compatible; ClaudeBot/1.0; +claudebot@anthropic.com)"
216.73.216.214 - - [28/May/2026:00:18:07 +0200] "GET /?c=9126276830 HTTP/1.1" 200 195313 "-" "Mozilla/5.0 AppleWebKit/537.36 (KHTML, like Gecko; compatible; ClaudeBot/1.0; +claudebot@anthropic.com)"
72.60.40.175 - - [28/May/2026:00:18:29 +0200] "GET /shop/ HTTP/1.1" 301 0 "-" "Mozilla/5.0 (Windows NT 10.0; Win64; x64) AppleWebKit/537.36"
192.178.6.40 - - [28/May/2026:00:18:52 +0200] "GET /shop/?video=%E0%B8%95%E0%B8%A3%E0%B8%A7%E0%B8%88+%E0%B8%AB%E0%B8%A7%E0%B8%A2+1+%E0%B8%95%E0%B8%B8%E0%B8%A5%E0%B8%B2%E0%B8%84%E0%B8%A1+2566+%E0%B8%81%E0%B8%AD%E0%B8%87+%E0%B8%AA%E0%B8%A5%E0%B8%B2%E0%B8%81%E0%B8%81%E0%B8%B4%E0%B8%99%E0%B9%81%E0%B8%9A%E0%B9%88%E0%B8%87+%E0%B8%A3%E0%B8%B1%E0%B8%90%E0%B8%9A%E0%B8%B2%E0%B8%A5 HTTP/1.1" 200 116736 "-" "Mozilla/5.0 (Linux; Android 6.0.1; Nexus 5X Build/MMB29P) AppleWebKit/537.36 (KHTML, like Gecko) Chrome/148.0.7778.96 Mobile Safari/537.36 (compatible; Googlebot/2.1; +http://www.google.com/bot.html)"
216.73.216.214 - - [28/May/2026:00:19:08 +0200] "GET /?d=835156507 HTTP/1.1" 200 194929 "-" "Mozilla/5.0 AppleWebKit/537.36 (KHTML, like Gecko; compatible; ClaudeBot/1.0; +claudebot@anthropic.com)"
14.248.22.134 - - [28/May/2026:00:19:16 +0200] "GET /008021032 HTTP/1.1" 500 0 "-" "Mozilla/5.0 (Macintosh; Intel Mac OS X 11_4_1) AppleWebKit/537.36 (KHTML, like Gecko) Chrome/127.0.6533.120 Safari/537.36"
192.178.6.41 - - [28/May/2026:00:20:11 +0200] "GET /shop/?video=789lady+%E0%B8%A3%E0%B8%B2%E0%B8%A2%E0%B8%81%E0%B8%B2%E0%B8%A3 HTTP/1.1" 200 116178 "-" "Mozilla/5.0 (Linux; Android 6.0.1; Nexus 5X Build/MMB29P) AppleWebKit/537.36 (KHTML, like Gecko) Chrome/148.0.7778.96 Mobile Safari/537.36 (compatible; Googlebot/2.1; +http://www.google.com/bot.html)"
216.73.216.214 - - [28/May/2026:00:20:06 +0200] "GET /?d=835157776 HTTP/1.1" 200 195249 "-" "Mozilla/5.0 AppleWebKit/537.36 (KHTML, like Gecko; compatible; ClaudeBot/1.0; +claudebot@anthropic.com)"
202.76.139.129 - - [28/May/2026:00:20:13 +0200] "GET /013022389 HTTP/1.1" 500 0 "-" "Mozilla/5.0 (Macintosh; Intel Mac OS X 11_3_1) AppleWebKit/537.36 (KHTML, like Gecko) Chrome/130.0.6723.116 Safari/537.36"
14.191.77.123 - - [28/May/2026:00:21:11 +0200] "GET /020024476 HTTP/1.1" 500 0 "-" "Mozilla/5.0 (Macintosh; Intel Mac OS X 15.4; rv:133.0) Gecko/20100101 Firefox/133.0"
146.174.168.120 - - [28/May/2026:00:22:08 +0200] "GET /028005706 HTTP/1.1" 500 0 "-" "Mozilla/5.0 (Macintosh; Intel Mac OS X 13.4; rv:132.0) Gecko/20100101 Firefox/132.0"
216.73.216.214 - - [28/May/2026:00:22:26 +0200] "GET /?d=19373561 HTTP/1.1" 200 193340 "-" "Mozilla/5.0 AppleWebKit/537.36 (KHTML, like Gecko; compatible; ClaudeBot/1.0; +claudebot@anthropic.com)"
57.141.20.45 - - [28/May/2026:00:24:25 +0200] "GET /items/R065110121/ HTTP/1.1" 500 0 "-" "meta-externalagent/1.1 (+https://developers.facebook.com/docs/sharing/webmasters/crawler)"
216.73.216.214 - - [28/May/2026:00:24:27 +0200] "GET /?d=1937359769 HTTP/1.1" 200 196084 "-" "Mozilla/5.0 AppleWebKit/537.36 (KHTML, like Gecko; compatible; ClaudeBot/1.0; +claudebot@anthropic.com)"
192.178.6.40 - - [28/May/2026:00:24:54 +0200] "GET /shop/?video=%E0%B9%80%E0%B8%A7%E0%B9%87%E0%B8%9A%E0%B8%9E%E0%B8%99%E0%B8%B1%E0%B8%99+%E0%B8%84%E0%B8%B2%E0%B8%AA%E0%B8%B4%E0%B9%82%E0%B8%99 HTTP/1.1" 200 116166 "-" "Mozilla/5.0 (Linux; Android 6.0.1; Nexus 5X Build/MMB29P) AppleWebKit/537.36 (KHTML, like Gecko) Chrome/148.0.7778.96 Mobile Safari/537.36 (compatible; Googlebot/2.1; +http://www.google.com/bot.html)"
192.178.6.40 - - [28/May/2026:00:26:08 +0200] "GET /shop/?video=%E0%B8%A1%E0%B8%B8%E0%B8%A1%E0%B8%97%E0%B8%AD%E0%B8%87+%E0%B8%A2%E0%B8%B9%E0%B9%80%E0%B8%99%E0%B8%B5%E0%B9%88%E0%B8%A2%E0%B8%99+%E0%B8%8A%E0%B8%B1%E0%B9%89%E0%B8%99%E0%B9%84%E0%B8%AB%E0%B8%99 HTTP/1.1" 200 116307 "-" "Mozilla/5.0 (Linux; Android 6.0.1; Nexus 5X Build/MMB29P) AppleWebKit/537.36 (KHTML, like Gecko) Chrome/148.0.7778.96 Mobile Safari/537.36 (compatible; Googlebot/2.1; +http://www.google.com/bot.html)"
14.249.65.5 - - [28/May/2026:00:24:05 +0200] "GET /038044990 HTTP/1.1" 500 0 "-" "Mozilla/5.0 (Macintosh; Intel Mac OS X 10_15_7) AppleWebKit/537.36 (KHTML, like Gecko) Chrome/124.0.6367.82 Safari/537.36"
216.73.216.214 - - [28/May/2026:00:24:57 +0200] "GET /?l=9964346299 HTTP/1.1" 200 191318 "-" "Mozilla/5.0 AppleWebKit/537.36 (KHTML, like Gecko; compatible; ClaudeBot/1.0; +claudebot@anthropic.com)"
14.173.134.204 - - [28/May/2026:00:25:03 +0200] "GET /039022733 HTTP/1.1" 500 0 "-" "Mozilla/5.0 (Windows NT 10.0; WOW64; rv:135.0) Gecko/20100101 Firefox/135.0"
216.73.216.214 - - [28/May/2026:00:25:28 +0200] "GET /?l=9964375320 HTTP/1.1" 200 196603 "-" "Mozilla/5.0 AppleWebKit/537.36 (KHTML, like Gecko; compatible; ClaudeBot/1.0; +claudebot@anthropic.com)"
216.73.216.214 - - [28/May/2026:00:25:32 +0200] "GET /?l=99643240607 HTTP/1.1" 200 195300 "-" "Mozilla/5.0 AppleWebKit/537.36 (KHTML, like Gecko; compatible; ClaudeBot/1.0; +claudebot@anthropic.com)"
216.73.216.214 - - [28/May/2026:00:26:33 +0200] "GET /?q=3979698693 HTTP/1.1" 200 192930 "-" "Mozilla/5.0 AppleWebKit/537.36 (KHTML, like Gecko; compatible; ClaudeBot/1.0; +claudebot@anthropic.com)"
192.178.6.40 - - [28/May/2026:00:26:48 +0200] "GET /shop/?video=z16+%E0%B8%84%E0%B8%B2%E0%B8%AA%E0%B8%B4%E0%B9%82%E0%B8%99%E0%B8%AD%E0%B8%AD%E0%B8%99%E0%B9%84%E0%B8%A5%E0%B8%99%E0%B9%8C HTTP/1.1" 200 116114 "-" "Mozilla/5.0 (Linux; Android 6.0.1; Nexus 5X Build/MMB29P) AppleWebKit/537.36 (KHTML, like Gecko) Chrome/148.0.7778.96 Mobile Safari/537.36 (compatible; Googlebot/2.1; +http://www.google.com/bot.html)"
216.73.216.214 - - [28/May/2026:00:26:45 +0200] "GET /?d=1937377997 HTTP/1.1" 200 193866 "-" "Mozilla/5.0 AppleWebKit/537.36 (KHTML, like Gecko; compatible; ClaudeBot/1.0; +claudebot@anthropic.com)"
192.178.6.41 - - [28/May/2026:00:26:52 +0200] "GET /shop/?video=g2g+123 HTTP/1.1" 200 116012 "-" "Mozilla/5.0 (Linux; Android 6.0.1; Nexus 5X Build/MMB29P) AppleWebKit/537.36 (KHTML, like Gecko) Chrome/148.0.7778.96 Mobile Safari/537.36 (compatible; Googlebot/2.1; +http://www.google.com/bot.html)"
66.249.69.64 - - [28/May/2026:00:26:46 +0200] "GET /?c=9126232370 HTTP/1.1" 200 195595 "-" "Mozilla/5.0 (Linux; Android 6.0.1; Nexus 5X Build/MMB29P) AppleWebKit/537.36 (KHTML, like Gecko) Chrome/148.0.7778.96 Mobile Safari/537.36 (compatible; Googlebot/2.1; +http://www.google.com/bot.html)"
202.76.128.231 - - [28/May/2026:00:26:59 +0200] "GET /046021770 HTTP/1.1" 500 0 "-" "Mozilla/5.0 (Windows NT 10.0; Win64; x64) AppleWebKit/537.36 (KHTML, like Gecko) Chrome/125.0.6422.141 Safari/537.36"
57.141.20.16 - - [28/May/2026:00:27:45 +0200] "GET /items/R062172928/ HTTP/1.1" 500 0 "-" "meta-externalagent/1.1 (+https://developers.facebook.com/docs/sharing/webmasters/crawler)"
216.73.216.214 - - [28/May/2026:00:27:46 +0200] "GET /?d=1937360844 HTTP/1.1" 200 195365 "-" "Mozilla/5.0 AppleWebKit/537.36 (KHTML, like Gecko; compatible; ClaudeBot/1.0; +claudebot@anthropic.com)"
216.73.216.214 - - [28/May/2026:00:28:16 +0200] "GET /?l=9964370010 HTTP/1.1" 200 196841 "-" "Mozilla/5.0 AppleWebKit/537.36 (KHTML, like Gecko; compatible; ClaudeBot/1.0; +claudebot@anthropic.com)"
113.189.183.11 - - [28/May/2026:00:28:54 +0200] "GET /051032427 HTTP/1.1" 500 0 "-" "Mozilla/5.0 (Windows NT 10.0; Win64; x64; rv:135.0) Gecko/20100101 Firefox/135.0"
72.60.40.175 - - [28/May/2026:00:29:34 +0200] "GET /shop/ HTTP/1.1" 301 0 "-" "Mozilla/5.0 (Windows NT 10.0; Win64; x64) AppleWebKit/537.36"
216.73.216.214 - - [28/May/2026:00:29:47 +0200] "GET /?d=1937333345 HTTP/1.1" 200 193330 "-" "Mozilla/5.0 AppleWebKit/537.36 (KHTML, like Gecko; compatible; ClaudeBot/1.0; +claudebot@anthropic.com)"
57.141.20.1 - - [28/May/2026:00:30:00 +0200] "GET /items/R061545273/ HTTP/1.1" 500 0 "-" "meta-externalagent/1.1 (+https://developers.facebook.com/docs/sharing/webmasters/crawler)"
216.73.216.214 - - [28/May/2026:00:30:18 +0200] "GET /?l=9964313624 HTTP/1.1" 200 194798 "-" "Mozilla/5.0 AppleWebKit/537.36 (KHTML, like Gecko; compatible; ClaudeBot/1.0; +claudebot@anthropic.com)"
5.253.103.133 - - [28/May/2026:00:23:07 +0200] "GET /028014818 HTTP/1.1" 500 0 "-" "Mozilla/5.0 (Macintosh; Intel Mac OS X 11_7_0) AppleWebKit/537.36 (KHTML, like Gecko) Chrome/126.0.6478.126 Safari/537.36"
57.141.20.27 - - [28/May/2026:00:23:20 +0200] "GET /items/R065571890/ HTTP/1.1" 500 0 "-" "meta-externalagent/1.1 (+https://developers.facebook.com/docs/sharing/webmasters/crawler)"
216.73.216.214 - - [28/May/2026:00:23:26 +0200] "GET /?l=99643263192 HTTP/1.1" 200 195723 "-" "Mozilla/5.0 AppleWebKit/537.36 (KHTML, like Gecko; compatible; ClaudeBot/1.0; +claudebot@anthropic.com)"
216.73.216.214 - - [28/May/2026:00:23:57 +0200] "GET /?q=3979696366 HTTP/1.1" 200 192958 "-" "Mozilla/5.0 AppleWebKit/537.36 (KHTML, like Gecko; compatible; ClaudeBot/1.0; +claudebot@anthropic.com)"
192.178.6.40 - - [28/May/2026:00:24:04 +0200] "GET /shop/?video=noname88+th HTTP/1.1" 200 115901 "-" "Mozilla/5.0 (Linux; Android 6.0.1; Nexus 5X Build/MMB29P) AppleWebKit/537.36 (KHTML, like Gecko) Chrome/148.0.7778.96 Mobile Safari/537.36 (compatible; Googlebot/2.1; +http://www.google.com/bot.html)"
57.141.20.43 - - [28/May/2026:00:25:33 +0200] "GET /items/R065100910/ HTTP/1.1" 500 0 "-" "meta-externalagent/1.1 (+https://developers.facebook.com/docs/sharing/webmasters/crawler)"
14.167.92.206 - - [28/May/2026:00:26:01 +0200] "GET /042044762 HTTP/1.1" 500 0 "-" "Mozilla/5.0 (Macintosh; Intel Mac OS X 15.3; rv:127.0) Gecko/20100101 Firefox/127.0"
216.73.216.214 - - [28/May/2026:00:26:02 +0200] "GET /?d=8351559947 HTTP/1.1" 200 192546 "-" "Mozilla/5.0 AppleWebKit/537.36 (KHTML, like Gecko; compatible; ClaudeBot/1.0; +claudebot@anthropic.com)"
216.73.216.214 - - [28/May/2026:00:26:32 +0200] "GET /?l=99643107261 HTTP/1.1" 200 195120 "-" "Mozilla/5.0 AppleWebKit/537.36 (KHTML, like Gecko; compatible; ClaudeBot/1.0; +claudebot@anthropic.com)"
57.141.20.51 - - [28/May/2026:00:26:39 +0200] "GET /items/R062638781/ HTTP/1.1" 500 0 "-" "meta-externalagent/1.1 (+https://developers.facebook.com/docs/sharing/webmasters/crawler)"
216.73.216.214 - - [28/May/2026:00:27:16 +0200] "GET /?d=8351539062 HTTP/1.1" 200 196093 "-" "Mozilla/5.0 AppleWebKit/537.36 (KHTML, like Gecko; compatible; ClaudeBot/1.0; +claudebot@anthropic.com)"
87.103.246.30 - - [28/May/2026:00:28:35 +0200] "GET / HTTP/1.1" 500 0 "-" "Mozilla/5.0 (Windows NT 10.0; Win64; x64) AppleWebKit/537.36 (KHTML, like Gecko) Chrome/129.0.0.0 Safari/537.36 Edg/129.0.0.0"
216.73.216.214 - - [28/May/2026:00:28:47 +0200] "GET /?g=67892139502 HTTP/1.1" 200 192952 "-" "Mozilla/5.0 AppleWebKit/537.36 (KHTML, like Gecko; compatible; ClaudeBot/1.0; +claudebot@anthropic.com)"
57.141.20.62 - - [28/May/2026:00:28:52 +0200] "GET /items/R064392878/ HTTP/1.1" 500 0 "-" "meta-externalagent/1.1 (+https://developers.facebook.com/docs/sharing/webmasters/crawler)"
216.73.216.214 - - [28/May/2026:00:29:17 +0200] "GET /?h=10121123734 HTTP/1.1" 200 194170 "-" "Mozilla/5.0 AppleWebKit/537.36 (KHTML, like Gecko; compatible; ClaudeBot/1.0; +claudebot@anthropic.com)"
113.173.51.123 - - [28/May/2026:00:29:53 +0200] "GET /054006216 HTTP/1.1" 500 0 "-" "Mozilla/5.0 (Macintosh; Intel Mac OS X 13_4_1) AppleWebKit/537.36 (KHTML, like Gecko) Chrome/126.0.6478.182 Safari/537.36"
216.73.216.214 - - [28/May/2026:00:31:16 +0200] "GET /?h=1012136166 HTTP/1.1" 200 192465 "-" "Mozilla/5.0 AppleWebKit/537.36 (KHTML, like Gecko; compatible; ClaudeBot/1.0; +claudebot@anthropic.com)"
216.73.216.214 - - [28/May/2026:00:31:46 +0200] "GET /?d=83515258917 HTTP/1.1" 200 191434 "-" "Mozilla/5.0 AppleWebKit/537.36 (KHTML, like Gecko; compatible; ClaudeBot/1.0; +claudebot@anthropic.com)"
216.73.216.214 - - [28/May/2026:00:32:16 +0200] "GET /?d=1937339101 HTTP/1.1" 200 193177 "-" "Mozilla/5.0 AppleWebKit/537.36 (KHTML, like Gecko; compatible; ClaudeBot/1.0; +claudebot@anthropic.com)"
216.73.216.214 - - [28/May/2026:00:33:52 +0200] "GET /?d=1937338522 HTTP/1.1" 200 191739 "-" "Mozilla/5.0 AppleWebKit/537.36 (KHTML, like Gecko; compatible; ClaudeBot/1.0; +claudebot@anthropic.com)"
216.73.216.214 - - [28/May/2026:00:34:25 +0200] "GET /?d=8351535802 HTTP/1.1" 200 195946 "-" "Mozilla/5.0 AppleWebKit/537.36 (KHTML, like Gecko; compatible; ClaudeBot/1.0; +claudebot@anthropic.com)"
192.178.6.32 - - [28/May/2026:00:35:52 +0200] "GET /shop/?video=rg3+slot HTTP/1.1" 200 116675 "-" "Mozilla/5.0 (Linux; Android 6.0.1; Nexus 5X Build/MMB29P) AppleWebKit/537.36 (KHTML, like Gecko) Chrome/148.0.7778.96 Mobile Safari/537.36 (compatible; Googlebot/2.1; +http://www.google.com/bot.html)"
216.73.216.214 - - [28/May/2026:00:30:48 +0200] "GET /?d=193733740 HTTP/1.1" 200 195973 "-" "Mozilla/5.0 AppleWebKit/537.36 (KHTML, like Gecko; compatible; ClaudeBot/1.0; +claudebot@anthropic.com)"
216.73.216.214 - - [28/May/2026:00:33:18 +0200] "GET /?l=99643263259 HTTP/1.1" 200 194597 "-" "Mozilla/5.0 AppleWebKit/537.36 (KHTML, like Gecko; compatible; ClaudeBot/1.0; +claudebot@anthropic.com)"
57.141.20.44 - - [28/May/2026:00:33:19 +0200] "GET /items/R062940698/ HTTP/1.1" 500 0 "-" "meta-externalagent/1.1 (+https://developers.facebook.com/docs/sharing/webmasters/crawler)"
202.76.184.243 - - [28/May/2026:00:33:44 +0200] "GET /069042633 HTTP/1.1" 500 0 "-" "Mozilla/5.0 (Macintosh; Intel Mac OS X 12.6; rv:125.0) Gecko/20100101 Firefox/125.0"
123.24.154.160 - - [28/May/2026:00:34:43 +0200] "GET /075033357 HTTP/1.1" 500 0 "-" "Mozilla/5.0 (Macintosh; Intel Mac OS X 12_3_1) AppleWebKit/537.36 (KHTML, like Gecko) Chrome/130.0.6723.191 Safari/537.36"
192.178.6.40 - - [28/May/2026:00:34:53 +0200] "GET /shop/?video=%E0%B9%80%E0%B8%81%E0%B8%A1%E0%B8%9E%E0%B8%B5%E0%B8%88%E0%B8%B5%E0%B8%97%E0%B8%94%E0%B8%A5%E0%B8%AD%E0%B8%87%E0%B9%80%E0%B8%A5%E0%B9%88%E0%B8%99 HTTP/1.1" 200 116155 "-" "Mozilla/5.0 (Linux; Android 6.0.1; Nexus 5X Build/MMB29P) AppleWebKit/537.36 (KHTML, like Gecko) Chrome/148.0.7778.96 Mobile Safari/537.36 (compatible; Googlebot/2.1; +http://www.google.com/bot.html)"
216.73.216.214 - - [28/May/2026:00:34:56 +0200] "GET /?l=9964322960 HTTP/1.1" 200 193635 "-" "Mozilla/5.0 AppleWebKit/537.36 (KHTML, like Gecko; compatible; ClaudeBot/1.0; +claudebot@anthropic.com)"
216.73.216.214 - - [28/May/2026:00:35:26 +0200] "GET /?l=99643232240 HTTP/1.1" 200 193521 "-" "Mozilla/5.0 AppleWebKit/537.36 (KHTML, like Gecko; compatible; ClaudeBot/1.0; +claudebot@anthropic.com)"
202.76.133.70 - - [28/May/2026:00:35:40 +0200] "GET /082024794 HTTP/1.1" 500 0 "-" "Mozilla/5.0 (compatible; MSIE 9.0; Windows NT 6.0; Trident/5.0; chromeframe/11.0.696.57)"
146.174.168.111 - - [28/May/2026:00:27:57 +0200] "GET /051025821 HTTP/1.1" 500 0 "-" "Mozilla/5.0 (Macintosh; Intel Mac OS X 13.6; rv:125.0) Gecko/20100101 Firefox/125.0"
8.217.189.198 - - [28/May/2026:00:29:57 +0200] "GET /artisan/remplacement-charpente-garage-a-chaville/tel:0185530966 HTTP/1.1" 500 0 "-" "AliyunSecBot/Aliyun (AliyunSecBot@service.alibaba.com)"
57.141.20.53 - - [28/May/2026:00:31:06 +0200] "GET /product/B061797782141 HTTP/1.1" 500 0 "-" "meta-externalagent/1.1 (+https://developers.facebook.com/docs/sharing/webmasters/crawler)"
192.178.6.32 - - [28/May/2026:00:31:13 +0200] "GET /shop/?video=all4slot+register HTTP/1.1" 200 115716 "-" "Mozilla/5.0 (Linux; Android 6.0.1; Nexus 5X Build/MMB29P) AppleWebKit/537.36 (KHTML, like Gecko) Chrome/148.0.7778.96 Mobile Safari/537.36 (compatible; Googlebot/2.1; +http://www.google.com/bot.html)"
182.62.189.225 - - [28/May/2026:00:31:48 +0200] "GET /057043095 HTTP/1.1" 500 0 "-" "Mozilla/5.0 (Macintosh; Intel Mac OS X 14_7_0) AppleWebKit/537.36 (KHTML, like Gecko) Chrome/134.0.6998.45 Safari/537.36"
57.141.20.43 - - [28/May/2026:00:32:13 +0200] "GET /items/R063750359/ HTTP/1.1" 500 0 "-" "meta-externalagent/1.1 (+https://developers.facebook.com/docs/sharing/webmasters/crawler)"
216.73.216.214 - - [28/May/2026:00:32:47 +0200] "GET /?d=835154283 HTTP/1.1" 200 194050 "-" "Mozilla/5.0 AppleWebKit/537.36 (KHTML, like Gecko; compatible; ClaudeBot/1.0; +claudebot@anthropic.com)"
14.191.142.136 - - [28/May/2026:00:32:48 +0200] "GET /061046467 HTTP/1.1" 500 0 "-" "Mozilla/5.0 (Macintosh; Intel Mac OS X 12_6_0) AppleWebKit/537.36 (KHTML, like Gecko) Chrome/132.0.6834.83 Safari/537.36"
216.73.216.214 - - [28/May/2026:00:33:25 +0200] "GET /?d=1937375968 HTTP/1.1" 200 196912 "-" "Mozilla/5.0 AppleWebKit/537.36 (KHTML, like Gecko; compatible; ClaudeBot/1.0; +claudebot@anthropic.com)"
216.73.216.214 - - [28/May/2026:00:33:43 +0200] "GET /?c=91262242555 HTTP/1.1" 200 194444 "-" "Mozilla/5.0 AppleWebKit/537.36 (KHTML, like Gecko; compatible; ClaudeBot/1.0; +claudebot@anthropic.com)"
216.73.216.214 - - [28/May/2026:00:34:23 +0200] "GET /?g=67892147366 HTTP/1.1" 200 195860 "-" "Mozilla/5.0 AppleWebKit/537.36 (KHTML, like Gecko; compatible; ClaudeBot/1.0; +claudebot@anthropic.com)"
57.141.20.56 - - [28/May/2026:00:35:33 +0200] "GET /items/R064902118/ HTTP/1.1" 500 0 "-" "meta-externalagent/1.1 (+https://developers.facebook.com/docs/sharing/webmasters/crawler)"
216.73.216.214 - - [28/May/2026:00:35:56 +0200] "GET /?l=99643124307 HTTP/1.1" 200 194156 "-" "Mozilla/5.0 AppleWebKit/537.36 (KHTML, like Gecko; compatible; ClaudeBot/1.0; +claudebot@anthropic.com)"
216.73.216.214 - - [28/May/2026:00:36:01 +0200] "GET /?d=8351585404 HTTP/1.1" 200 194692 "-" "Mozilla/5.0 AppleWebKit/537.36 (KHTML, like Gecko; compatible; ClaudeBot/1.0; +claudebot@anthropic.com)"
216.73.216.214 - - [28/May/2026:00:36:32 +0200] "GET /?g=6789239596 HTTP/1.1" 200 194396 "-" "Mozilla/5.0 AppleWebKit/537.36 (KHTML, like Gecko; compatible; ClaudeBot/1.0; +claudebot@anthropic.com)"
113.186.95.146 - - [28/May/2026:00:37:40 +0200] "GET /087028667 HTTP/1.1" 500 0 "-" "Mozilla/5.0 (Macintosh; Intel Mac OS X 13_3_1) AppleWebKit/537.36 (KHTML, like Gecko) Chrome/131.0.6778.139 Safari/537.36"
192.178.6.41 - - [28/May/2026:00:38:23 +0200] "GET /shop/?video=%E0%B9%82%E0%B8%AB%E0%B8%A5%E0%B8%94+free+fire HTTP/1.1" 200 115897 "-" "Mozilla/5.0 (Linux; Android 6.0.1; Nexus 5X Build/MMB29P) AppleWebKit/537.36 (KHTML, like Gecko) Chrome/148.0.7778.96 Mobile Safari/537.36 (compatible; Googlebot/2.1; +http://www.google.com/bot.html)"
216.73.216.214 - - [28/May/2026:00:38:33 +0200] "GET /?d=83515213136 HTTP/1.1" 200 194641 "-" "Mozilla/5.0 AppleWebKit/537.36 (KHTML, like Gecko; compatible; ClaudeBot/1.0; +claudebot@anthropic.com)"
216.73.216.214 - - [28/May/2026:00:39:10 +0200] "GET /?d=19373259089 HTTP/1.1" 200 193981 "-" "Mozilla/5.0 AppleWebKit/537.36 (KHTML, like Gecko; compatible; ClaudeBot/1.0; +claudebot@anthropic.com)"
216.73.216.214 - - [28/May/2026:00:39:35 +0200] "GET /?t=93411220719 HTTP/1.1" 200 196702 "-" "Mozilla/5.0 AppleWebKit/537.36 (KHTML, like Gecko; compatible; ClaudeBot/1.0; +claudebot@anthropic.com)"
216.73.216.214 - - [28/May/2026:00:39:41 +0200] "GET /?d=1937342175 HTTP/1.1" 200 195266 "-" "Mozilla/5.0 AppleWebKit/537.36 (KHTML, like Gecko; compatible; ClaudeBot/1.0; +claudebot@anthropic.com)"
57.141.20.16 - - [28/May/2026:00:36:39 +0200] "GET /items/R065056335/ HTTP/1.1" 500 0 "-" "meta-externalagent/1.1 (+https://developers.facebook.com/docs/sharing/webmasters/crawler)"
136.32.200.163 - - [28/May/2026:00:36:39 +0200] "GET /086010928 HTTP/1.1" 500 0 "-" "Mozilla/5.0 (Macintosh; Intel Mac OS X 13_2_1) AppleWebKit/537.36 (KHTML, like Gecko) Chrome/126.0.6478.126 Safari/537.36"
192.178.6.40 - - [28/May/2026:00:36:54 +0200] "GET /shop/?video=%E0%B8%95%E0%B8%A3%E0%B8%A7%E0%B8%94%E0%B8%AB%E0%B8%A7%E0%B8%A2%E0%B8%A5%E0%B8%B2%E0%B8%A7 HTTP/1.1" 200 116005 "-" "Mozilla/5.0 (Linux; Android 6.0.1; Nexus 5X Build/MMB29P) AppleWebKit/537.36 (KHTML, like Gecko) Chrome/148.0.7778.96 Mobile Safari/537.36 (compatible; Googlebot/2.1; +http://www.google.com/bot.html)"
216.73.216.214 - - [28/May/2026:00:37:03 +0200] "GET /?l=9964367306 HTTP/1.1" 200 196085 "-" "Mozilla/5.0 AppleWebKit/537.36 (KHTML, like Gecko; compatible; ClaudeBot/1.0; +claudebot@anthropic.com)"
192.178.6.32 - - [28/May/2026:00:37:23 +0200] "GET /shop/?video=%E0%B8%87%E0%B8%A7%E0%B8%94+1+%E0%B8%9E%E0%B8%A2+66 HTTP/1.1" 200 116311 "-" "Mozilla/5.0 (Linux; Android 6.0.1; Nexus 5X Build/MMB29P) AppleWebKit/537.36 (KHTML, like Gecko) Chrome/148.0.7778.96 Mobile Safari/537.36 (compatible; Googlebot/2.1; +http://www.google.com/bot.html)"
57.141.20.59 - - [28/May/2026:00:37:45 +0200] "GET /product/B063120188678 HTTP/1.1" 500 0 "-" "meta-externalagent/1.1 (+https://developers.facebook.com/docs/sharing/webmasters/crawler)"
216.73.216.214 - - [28/May/2026:00:38:02 +0200] "GET /?l=9964344947 HTTP/1.1" 200 197036 "-" "Mozilla/5.0 AppleWebKit/537.36 (KHTML, like Gecko; compatible; ClaudeBot/1.0; +claudebot@anthropic.com)"
216.73.216.214 - - [28/May/2026:00:39:04 +0200] "GET /?d=193733215 HTTP/1.1" 200 196213 "-" "Mozilla/5.0 AppleWebKit/537.36 (KHTML, like Gecko; compatible; ClaudeBot/1.0; +claudebot@anthropic.com)"
216.73.216.214 - - [28/May/2026:00:39:17 +0200] "GET /?l=99643168952 HTTP/1.1" 200 194436 "-" "Mozilla/5.0 AppleWebKit/537.36 (KHTML, like Gecko; compatible; ClaudeBot/1.0; +claudebot@anthropic.com)"
216.73.216.214 - - [28/May/2026:00:39:23 +0200] "GET /?d=8351584092 HTTP/1.1" 200 194963 "-" "Mozilla/5.0 AppleWebKit/537.36 (KHTML, like Gecko; compatible; ClaudeBot/1.0; +claudebot@anthropic.com)"
216.73.216.214 - - [28/May/2026:00:39:28 +0200] "GET /?l=9964334580 HTTP/1.1" 200 196156 "-" "Mozilla/5.0 AppleWebKit/537.36 (KHTML, like Gecko; compatible; ClaudeBot/1.0; +claudebot@anthropic.com)"
46.8.216.80 - - [28/May/2026:00:39:33 +0200] "GET /099000289 HTTP/1.1" 500 0 "-" "Mozilla/5.0 (Macintosh; Intel Mac OS X 11.6; rv:135.0) Gecko/20100101 Firefox/135.0"
216.73.216.214 - - [28/May/2026:00:37:32 +0200] "GET /?h=10121106922 HTTP/1.1" 200 195591 "-" "Mozilla/5.0 AppleWebKit/537.36 (KHTML, like Gecko; compatible; ClaudeBot/1.0; +claudebot@anthropic.com)"
116.76.27.79 - - [28/May/2026:00:38:01 +0200] "GET /robots.txt HTTP/1.1" 200 278 "-" "Mozilla/5.0 (Windows NT 10.0; Win64; x64) AppleWebKit/537.36 (KHTML, like Gecko) Chrome/65.0.4065.66 Safari/537.36 OPR/63.0.3368.43"
103.252.90.137 - - [28/May/2026:00:38:39 +0200] "GET /090006508 HTTP/1.1" 500 0 "-" "Mozilla/5.0 (Macintosh; Intel Mac OS X 13_2_1) AppleWebKit/537.36 (KHTML, like Gecko) Chrome/126.0.6478.126 Safari/537.36"
57.141.20.55 - - [28/May/2026:00:38:53 +0200] "GET /sitemap-child-378.xml HTTP/1.1" 200 503184 "-" "meta-externalagent/1.1 (+https://developers.facebook.com/docs/sharing/webmasters/crawler)"
216.73.216.214 - - [28/May/2026:00:39:03 +0200] "GET /?l=99643196017 HTTP/1.1" 200 195968 "-" "Mozilla/5.0 AppleWebKit/537.36 (KHTML, like Gecko; compatible; ClaudeBot/1.0; +claudebot@anthropic.com)"
192.178.6.32 - - [28/May/2026:00:39:13 +0200] "GET /shop/?video=ufa058+today HTTP/1.1" 200 115800 "-" "Mozilla/5.0 (Linux; Android 6.0.1; Nexus 5X Build/MMB29P) AppleWebKit/537.36 (KHTML, like Gecko) Chrome/148.0.7778.96 Mobile Safari/537.36 (compatible; Googlebot/2.1; +http://www.google.com/bot.html)"
216.73.216.214 - - [28/May/2026:00:39:11 +0200] "GET /?d=1937338049 HTTP/1.1" 200 194765 "-" "Mozilla/5.0 AppleWebKit/537.36 (KHTML, like Gecko; compatible; ClaudeBot/1.0; +claudebot@anthropic.com)"
216.73.216.214 - - [28/May/2026:00:39:16 +0200] "GET /?d=1937339835 HTTP/1.1" 200 196290 "-" "Mozilla/5.0 AppleWebKit/537.36 (KHTML, like Gecko; compatible; ClaudeBot/1.0; +claudebot@anthropic.com)"
216.73.216.214 - - [28/May/2026:00:40:04 +0200] "GET /?d=1937366139 HTTP/1.1" 200 198348 "-" "Mozilla/5.0 AppleWebKit/537.36 (KHTML, like Gecko; compatible; ClaudeBot/1.0; +claudebot@anthropic.com)"
192.178.6.41 - - [28/May/2026:00:40:10 +0200] "GET /shop/?video=galaxybetslot HTTP/1.1" 200 115729 "-" "Mozilla/5.0 (Linux; Android 6.0.1; Nexus 5X Build/MMB29P) AppleWebKit/537.36 (KHTML, like Gecko) Chrome/148.0.7778.96 Mobile Safari/537.36 (compatible; Googlebot/2.1; +http://www.google.com/bot.html)"
57.141.20.35 - - [28/May/2026:00:40:39 +0200] "GET /items/R065421730/ HTTP/1.1" 500 0 "-" "meta-externalagent/1.1 (+https://developers.facebook.com/docs/sharing/webmasters/crawler)"
72.60.40.175 - - [28/May/2026:00:40:57 +0200] "GET /shop/ HTTP/1.1" 301 0 "-" "Mozilla/5.0 (Windows NT 10.0; Win64; x64) AppleWebKit/537.36"
216.73.216.214 - - [28/May/2026:00:40:55 +0200] "GET /?d=1937367303 HTTP/1.1" 200 194178 "-" "Mozilla/5.0 AppleWebKit/537.36 (KHTML, like Gecko; compatible; ClaudeBot/1.0; +claudebot@anthropic.com)"
216.73.216.214 - - [28/May/2026:00:41:08 +0200] "GET /?d=193735330 HTTP/1.1" 200 194304 "-" "Mozilla/5.0 AppleWebKit/537.36 (KHTML, like Gecko; compatible; ClaudeBot/1.0; +claudebot@anthropic.com)"
216.73.216.214 - - [28/May/2026:00:41:11 +0200] "GET /?l=99643108903 HTTP/1.1" 200 195379 "-" "Mozilla/5.0 AppleWebKit/537.36 (KHTML, like Gecko; compatible; ClaudeBot/1.0; +claudebot@anthropic.com)"
57.141.20.65 - - [28/May/2026:00:41:28 +0200] "GET /items/R063939418/ HTTP/1.1" 500 0 "-" "meta-externalagent/1.1 (+https://developers.facebook.com/docs/sharing/webmasters/crawler)"
216.73.216.214 - - [28/May/2026:00:41:31 +0200] "GET /?c=9126286151 HTTP/1.1" 200 191923 "-" "Mozilla/5.0 AppleWebKit/537.36 (KHTML, like Gecko; compatible; ClaudeBot/1.0; +claudebot@anthropic.com)"
216.73.216.214 - - [28/May/2026:00:41:42 +0200] "GET /?l=9964317039 HTTP/1.1" 200 194731 "-" "Mozilla/5.0 AppleWebKit/537.36 (KHTML, like Gecko; compatible; ClaudeBot/1.0; +claudebot@anthropic.com)"
216.73.216.214 - - [28/May/2026:00:41:58 +0200] "GET /?c=91262246746 HTTP/1.1" 200 193157 "-" "Mozilla/5.0 AppleWebKit/537.36 (KHTML, like Gecko; compatible; ClaudeBot/1.0; +claudebot@anthropic.com)"
