192.178.6.32 - - [28/May/2026:00:42:04 +0200] "GET /shop/?video=%E0%B9%84%E0%B8%9E%E0%B9%88%E0%B9%81%E0%B8%84%E0%B8%87%E0%B9%81%E0%B8%88%E0%B8%81%E0%B8%81%E0%B8%B5%E0%B9%88%E0%B9%83%E0%B8%9A HTTP/1.1" 200 116437 "-" "Mozilla/5.0 (Linux; Android 6.0.1; Nexus 5X Build/MMB29P) AppleWebKit/537.36 (KHTML, like Gecko) Chrome/148.0.7778.96 Mobile Safari/537.36 (compatible; Googlebot/2.1; +http://www.google.com/bot.html)"
216.73.216.214 - - [28/May/2026:00:42:00 +0200] "GET /?d=1937334568 HTTP/1.1" 200 197539 "-" "Mozilla/5.0 AppleWebKit/537.36 (KHTML, like Gecko; compatible; ClaudeBot/1.0; +claudebot@anthropic.com)"
216.73.216.214 - - [28/May/2026:00:42:06 +0200] "GET /?d=8351533046 HTTP/1.1" 200 196046 "-" "Mozilla/5.0 AppleWebKit/537.36 (KHTML, like Gecko; compatible; ClaudeBot/1.0; +claudebot@anthropic.com)"
174.172.133.18 - - [28/May/2026:00:42:29 +0200] "GET /107016397 HTTP/1.1" 500 0 "-" "Mozilla/5.0 (Macintosh; Intel Mac OS X 14_3_0) AppleWebKit/537.36 (KHTML, like Gecko) Chrome/128.0.6613.137 Safari/537.36"
216.73.216.214 - - [28/May/2026:00:42:44 +0200] "GET /?d=1937336853 HTTP/1.1" 200 194811 "-" "Mozilla/5.0 AppleWebKit/537.36 (KHTML, like Gecko; compatible; ClaudeBot/1.0; +claudebot@anthropic.com)"
216.73.216.214 - - [28/May/2026:00:44:09 +0200] "GET /?l=99643136308 HTTP/1.1" 200 193876 "-" "Mozilla/5.0 AppleWebKit/537.36 (KHTML, like Gecko; compatible; ClaudeBot/1.0; +claudebot@anthropic.com)"
46.189.183.228 - - [28/May/2026:00:44:33 +0200] "GET /112031128 HTTP/1.1" 500 0 "-" "Mozilla/5.0 (Macintosh; Intel Mac OS X 11.4; rv:129.0) Gecko/20100101 Firefox/129.0"
216.73.216.214 - - [28/May/2026:00:44:39 +0200] "GET /?d=1937376804 HTTP/1.1" 200 193115 "-" "Mozilla/5.0 AppleWebKit/537.36 (KHTML, like Gecko; compatible; ClaudeBot/1.0; +claudebot@anthropic.com)"
216.73.216.214 - - [28/May/2026:00:39:48 +0200] "GET /?g=67892228014 HTTP/1.1" 200 195337 "-" "Mozilla/5.0 AppleWebKit/537.36 (KHTML, like Gecko; compatible; ClaudeBot/1.0; +claudebot@anthropic.com)"
216.73.216.214 - - [28/May/2026:00:39:54 +0200] "GET /?l=99643201334 HTTP/1.1" 200 194221 "-" "Mozilla/5.0 AppleWebKit/537.36 (KHTML, like Gecko; compatible; ClaudeBot/1.0; +claudebot@anthropic.com)"
216.73.216.214 - - [28/May/2026:00:40:11 +0200] "GET /?d=83515209366 HTTP/1.1" 200 194057 "-" "Mozilla/5.0 AppleWebKit/537.36 (KHTML, like Gecko; compatible; ClaudeBot/1.0; +claudebot@anthropic.com)"
216.73.216.214 - - [28/May/2026:00:40:19 +0200] "GET /?g=67892136277 HTTP/1.1" 200 193714 "-" "Mozilla/5.0 AppleWebKit/537.36 (KHTML, like Gecko; compatible; ClaudeBot/1.0; +claudebot@anthropic.com)"
216.73.216.214 - - [28/May/2026:00:40:24 +0200] "GET /?d=1937329263 HTTP/1.1" 200 197385 "-" "Mozilla/5.0 AppleWebKit/537.36 (KHTML, like Gecko; compatible; ClaudeBot/1.0; +claudebot@anthropic.com)"
216.73.216.214 - - [28/May/2026:00:40:30 +0200] "GET /?d=19373124632 HTTP/1.1" 200 192875 "-" "Mozilla/5.0 AppleWebKit/537.36 (KHTML, like Gecko; compatible; ClaudeBot/1.0; +claudebot@anthropic.com)"
216.73.216.214 - - [28/May/2026:00:40:44 +0200] "GET /?d=8351535482 HTTP/1.1" 200 194196 "-" "Mozilla/5.0 AppleWebKit/537.36 (KHTML, like Gecko; compatible; ClaudeBot/1.0; +claudebot@anthropic.com)"
216.73.216.214 - - [28/May/2026:00:41:02 +0200] "GET /?d=835157648 HTTP/1.1" 200 193902 "-" "Mozilla/5.0 AppleWebKit/537.36 (KHTML, like Gecko; compatible; ClaudeBot/1.0; +claudebot@anthropic.com)"
216.73.216.214 - - [28/May/2026:00:41:17 +0200] "GET /?d=1937338511 HTTP/1.1" 200 194723 "-" "Mozilla/5.0 AppleWebKit/537.36 (KHTML, like Gecko; compatible; ClaudeBot/1.0; +claudebot@anthropic.com)"
216.73.216.214 - - [28/May/2026:00:41:21 +0200] "GET /?d=1937338017 HTTP/1.1" 200 198172 "-" "Mozilla/5.0 AppleWebKit/537.36 (KHTML, like Gecko; compatible; ClaudeBot/1.0; +claudebot@anthropic.com)"
216.73.216.214 - - [28/May/2026:00:41:26 +0200] "GET /?l=9964345652 HTTP/1.1" 200 194067 "-" "Mozilla/5.0 AppleWebKit/537.36 (KHTML, like Gecko; compatible; ClaudeBot/1.0; +claudebot@anthropic.com)"
57.141.20.62 - - [28/May/2026:00:41:39 +0200] "GET /product/B031723331133 HTTP/1.1" 500 0 "-" "meta-externalagent/1.1 (+https://developers.facebook.com/docs/sharing/webmasters/crawler)"
216.73.216.214 - - [28/May/2026:00:41:51 +0200] "GET /?l=9964324737 HTTP/1.1" 200 193910 "-" "Mozilla/5.0 AppleWebKit/537.36 (KHTML, like Gecko; compatible; ClaudeBot/1.0; +claudebot@anthropic.com)"
216.73.216.214 - - [28/May/2026:00:42:21 +0200] "GET /?d=83515258239 HTTP/1.1" 200 192510 "-" "Mozilla/5.0 AppleWebKit/537.36 (KHTML, like Gecko; compatible; ClaudeBot/1.0; +claudebot@anthropic.com)"
216.73.216.214 - - [28/May/2026:00:43:00 +0200] "GET /?d=1937379130 HTTP/1.1" 200 194215 "-" "Mozilla/5.0 AppleWebKit/537.36 (KHTML, like Gecko; compatible; ClaudeBot/1.0; +claudebot@anthropic.com)"
216.73.216.214 - - [28/May/2026:00:43:14 +0200] "GET /?d=1937383530 HTTP/1.1" 200 193885 "-" "Mozilla/5.0 AppleWebKit/537.36 (KHTML, like Gecko; compatible; ClaudeBot/1.0; +claudebot@anthropic.com)"
94.134.177.47 - - [28/May/2026:00:43:24 +0200] "GET /111048823 HTTP/1.1" 500 0 "-" "Mozilla/5.0 (Macintosh; Intel Mac OS X 10.15; rv:127.0) Gecko/20100101 Firefox/127.0"
57.141.20.9 - - [28/May/2026:00:43:58 +0200] "GET /product/B063117764496 HTTP/1.1" 500 0 "-" "meta-externalagent/1.1 (+https://developers.facebook.com/docs/sharing/webmasters/crawler)"
66.249.69.70 - - [28/May/2026:00:44:15 +0200] "GET /?q=3979643414 HTTP/1.1" 200 195361 "-" "Mozilla/5.0 (Linux; Android 6.0.1; Nexus 5X Build/MMB29P) AppleWebKit/537.36 (KHTML, like Gecko) Chrome/148.0.7778.96 Mobile Safari/537.36 (compatible; Googlebot/2.1; +http://www.google.com/bot.html)"
216.73.216.214 - - [28/May/2026:00:45:10 +0200] "GET /?d=835151909 HTTP/1.1" 200 196066 "-" "Mozilla/5.0 AppleWebKit/537.36 (KHTML, like Gecko; compatible; ClaudeBot/1.0; +claudebot@anthropic.com)"
57.141.20.61 - - [28/May/2026:00:40:00 +0200] "GET /items/R062531896/ HTTP/1.1" 500 0 "-" "meta-externalagent/1.1 (+https://developers.facebook.com/docs/sharing/webmasters/crawler)"
14.237.85.143 - - [28/May/2026:00:40:32 +0200] "GET /099029161 HTTP/1.1" 500 0 "-" "Mozilla/5.0 (Macintosh; Intel Mac OS X 11.4; rv:136.0) Gecko/20100101 Firefox/136.0"
216.73.216.214 - - [28/May/2026:00:40:37 +0200] "GET /?d=1937331052 HTTP/1.1" 200 194355 "-" "Mozilla/5.0 AppleWebKit/537.36 (KHTML, like Gecko; compatible; ClaudeBot/1.0; +claudebot@anthropic.com)"
57.141.20.47 - - [28/May/2026:00:40:44 +0200] "GET /product/B03862196302 HTTP/1.1" 500 0 "-" "meta-externalagent/1.1 (+https://developers.facebook.com/docs/sharing/webmasters/crawler)"
216.73.216.214 - - [28/May/2026:00:40:49 +0200] "GET /?l=9964341889 HTTP/1.1" 200 194191 "-" "Mozilla/5.0 AppleWebKit/537.36 (KHTML, like Gecko; compatible; ClaudeBot/1.0; +claudebot@anthropic.com)"
192.178.6.40 - - [28/May/2026:00:41:09 +0200] "GET /shop/?video=%E0%B8%A5%E0%B8%B4%E0%B8%9B%E0%B9%80%E0%B8%A1%E0%B9%80%E0%B8%9A%E0%B8%AD%E0%B8%A5%E0%B8%B5%E0%B8%99+365+%E0%B8%A3%E0%B8%B5%E0%B8%A7%E0%B8%B4%E0%B8%A7 HTTP/1.1" 200 116136 "-" "Mozilla/5.0 (Linux; Android 6.0.1; Nexus 5X Build/MMB29P) AppleWebKit/537.36 (KHTML, like Gecko) Chrome/148.0.7778.96 Mobile Safari/537.36 (compatible; Googlebot/2.1; +http://www.google.com/bot.html)"
162.231.142.154 - - [28/May/2026:00:41:29 +0200] "GET /100004552 HTTP/1.1" 500 0 "-" "Mozilla/5.0 (Macintosh; Intel Mac OS X 12_2_1) AppleWebKit/537.36 (KHTML, like Gecko) Chrome/126.0.6478.55 Safari/537.36"
216.73.216.214 - - [28/May/2026:00:41:36 +0200] "GET /?d=8351547044 HTTP/1.1" 200 197806 "-" "Mozilla/5.0 AppleWebKit/537.36 (KHTML, like Gecko; compatible; ClaudeBot/1.0; +claudebot@anthropic.com)"
57.141.20.12 - - [28/May/2026:00:41:45 +0200] "GET /items/R065453008/ HTTP/1.1" 500 0 "-" "meta-externalagent/1.1 (+https://developers.facebook.com/docs/sharing/webmasters/crawler)"
216.73.216.214 - - [28/May/2026:00:41:49 +0200] "GET /?g=6789246787 HTTP/1.1" 200 196563 "-" "Mozilla/5.0 AppleWebKit/537.36 (KHTML, like Gecko; compatible; ClaudeBot/1.0; +claudebot@anthropic.com)"
216.73.216.214 - - [28/May/2026:00:42:13 +0200] "GET /?d=8351532591 HTTP/1.1" 200 194888 "-" "Mozilla/5.0 AppleWebKit/537.36 (KHTML, like Gecko; compatible; ClaudeBot/1.0; +claudebot@anthropic.com)"
216.73.216.214 - - [28/May/2026:00:42:29 +0200] "GET /?d=1937336152 HTTP/1.1" 200 192733 "-" "Mozilla/5.0 AppleWebKit/537.36 (KHTML, like Gecko; compatible; ClaudeBot/1.0; +claudebot@anthropic.com)"
57.141.20.12 - - [28/May/2026:00:42:47 +0200] "GET /items/R062273346/ HTTP/1.1" 500 0 "-" "meta-externalagent/1.1 (+https://developers.facebook.com/docs/sharing/webmasters/crawler)"
57.141.20.51 - - [28/May/2026:00:42:51 +0200] "GET /items/R066063468/ HTTP/1.1" 500 0 "-" "meta-externalagent/1.1 (+https://developers.facebook.com/docs/sharing/webmasters/crawler)"
216.73.216.214 - - [28/May/2026:00:43:38 +0200] "GET /?d=19373131977 HTTP/1.1" 200 196503 "-" "Mozilla/5.0 AppleWebKit/537.36 (KHTML, like Gecko; compatible; ClaudeBot/1.0; +claudebot@anthropic.com)"
216.73.216.214 - - [28/May/2026:00:43:54 +0200] "GET /?l=99643194199 HTTP/1.1" 200 195704 "-" "Mozilla/5.0 AppleWebKit/537.36 (KHTML, like Gecko; compatible; ClaudeBot/1.0; +claudebot@anthropic.com)"
216.73.216.214 - - [28/May/2026:00:44:24 +0200] "GET /?d=8351544068 HTTP/1.1" 200 193157 "-" "Mozilla/5.0 AppleWebKit/537.36 (KHTML, like Gecko; compatible; ClaudeBot/1.0; +claudebot@anthropic.com)"
216.73.216.214 - - [28/May/2026:00:45:43 +0200] "GET /?l=99643196451 HTTP/1.1" 200 199363 "-" "Mozilla/5.0 AppleWebKit/537.36 (KHTML, like Gecko; compatible; ClaudeBot/1.0; +claudebot@anthropic.com)"
216.73.216.214 - - [28/May/2026:00:45:54 +0200] "GET /?d=8351546099 HTTP/1.1" 200 192546 "-" "Mozilla/5.0 AppleWebKit/537.36 (KHTML, like Gecko; compatible; ClaudeBot/1.0; +claudebot@anthropic.com)"
216.73.216.214 - - [28/May/2026:00:46:17 +0200] "GET /?l=99643153155 HTTP/1.1" 200 196968 "-" "Mozilla/5.0 AppleWebKit/537.36 (KHTML, like Gecko; compatible; ClaudeBot/1.0; +claudebot@anthropic.com)"
14.182.163.183 - - [28/May/2026:00:46:19 +0200] "GET /131004935 HTTP/1.1" 500 0 "-" "Mozilla/5.0 (Macintosh; Intel Mac OS X 15_4_1) AppleWebKit/537.36 (KHTML, like Gecko) Chrome/127.0.6533.17 Safari/537.36"
216.73.216.214 - - [28/May/2026:00:46:33 +0200] "GET /?d=1937390907 HTTP/1.1" 200 194430 "-" "Mozilla/5.0 AppleWebKit/537.36 (KHTML, like Gecko; compatible; ClaudeBot/1.0; +claudebot@anthropic.com)"
216.73.216.214 - - [28/May/2026:00:47:04 +0200] "GET /?d=8351587972 HTTP/1.1" 200 196870 "-" "Mozilla/5.0 AppleWebKit/537.36 (KHTML, like Gecko; compatible; ClaudeBot/1.0; +claudebot@anthropic.com)"
216.73.216.214 - - [28/May/2026:00:48:06 +0200] "GET /?d=83515217486 HTTP/1.1" 200 194309 "-" "Mozilla/5.0 AppleWebKit/537.36 (KHTML, like Gecko; compatible; ClaudeBot/1.0; +claudebot@anthropic.com)"
216.73.216.214 - - [28/May/2026:00:48:37 +0200] "GET /?u=44194141663 HTTP/1.1" 200 194113 "-" "Mozilla/5.0 AppleWebKit/537.36 (KHTML, like Gecko; compatible; ClaudeBot/1.0; +claudebot@anthropic.com)"
192.178.6.40 - - [28/May/2026:00:49:10 +0200] "GET /shop/?video=%E0%B9%84%E0%B8%A5%E0%B8%AA%E0%B8%81%E0%B8%AD HTTP/1.1" 200 115855 "-" "Mozilla/5.0 (Linux; Android 6.0.1; Nexus 5X Build/MMB29P) AppleWebKit/537.36 (KHTML, like Gecko) Chrome/148.0.7778.96 Mobile Safari/537.36 (compatible; Googlebot/2.1; +http://www.google.com/bot.html)"
146.174.177.112 - - [28/May/2026:00:49:12 +0200] "GET /159022281 HTTP/1.1" 500 0 "-" "Mozilla/5.0 (Windows NT 10.0; Win64; x64) AppleWebKit/537.36 (KHTML, like Gecko) Chrome/124.0.6367.155 Safari/537.36"
192.178.6.40 - - [28/May/2026:00:50:52 +0200] "GET /shop/?video=%E0%B8%88%E0%B8%B5%E0%B8%99+%E0%B8%8D+%E0%B8%9A%E0%B8%AD%E0%B8%A5 HTTP/1.1" 200 116290 "-" "Mozilla/5.0 (Linux; Android 6.0.1; Nexus 5X Build/MMB29P) AppleWebKit/537.36 (KHTML, like Gecko) Chrome/148.0.7778.96 Mobile Safari/537.36 (compatible; Googlebot/2.1; +http://www.google.com/bot.html)"
146.174.169.200 - - [28/May/2026:00:51:08 +0200] "GET /162044412 HTTP/1.1" 500 0 "-" "Mozilla/5.0 (Macintosh; Intel Mac OS X 12.6; rv:131.0) Gecko/20100101 Firefox/131.0"
216.73.216.214 - - [28/May/2026:00:52:05 +0200] "GET /?d=83515212752 HTTP/1.1" 200 193397 "-" "Mozilla/5.0 AppleWebKit/537.36 (KHTML, like Gecko; compatible; ClaudeBot/1.0; +claudebot@anthropic.com)"
216.73.216.214 - - [28/May/2026:00:52:35 +0200] "GET /?g=6789286201 HTTP/1.1" 200 196331 "-" "Mozilla/5.0 AppleWebKit/537.36 (KHTML, like Gecko; compatible; ClaudeBot/1.0; +claudebot@anthropic.com)"
216.73.216.214 - - [28/May/2026:00:44:55 +0200] "GET /?d=1937387461 HTTP/1.1" 200 194876 "-" "Mozilla/5.0 AppleWebKit/537.36 (KHTML, like Gecko; compatible; ClaudeBot/1.0; +claudebot@anthropic.com)"
14.178.196.251 - - [28/May/2026:00:45:21 +0200] "GET /119023661 HTTP/1.1" 500 0 "-" "Mozilla/5.0 (Macintosh; Intel Mac OS X 12_4_1) AppleWebKit/537.36 (KHTML, like Gecko) Chrome/128.0.6613.36 Safari/537.36"
216.73.216.214 - - [28/May/2026:00:45:27 +0200] "GET /?l=99643168702 HTTP/1.1" 200 193492 "-" "Mozilla/5.0 AppleWebKit/537.36 (KHTML, like Gecko; compatible; ClaudeBot/1.0; +claudebot@anthropic.com)"
216.73.216.214 - - [28/May/2026:00:46:48 +0200] "GET /?d=8351530263 HTTP/1.1" 200 196468 "-" "Mozilla/5.0 AppleWebKit/537.36 (KHTML, like Gecko; compatible; ClaudeBot/1.0; +claudebot@anthropic.com)"
57.141.20.69 - - [28/May/2026:00:47:18 +0200] "GET /product/B0447629140 HTTP/1.1" 500 0 "-" "meta-externalagent/1.1 (+https://developers.facebook.com/docs/sharing/webmasters/crawler)"
192.178.6.40 - - [28/May/2026:00:48:51 +0200] "GET /shop/?video=lyrics+%E0%B8%95.%E0%B8%A5.%E0%B8%81+(ft%E0%B9%82%E0%B8%8A%E0%B8%84+%E0%B9%84%E0%B8%97%E0%B8%A3%E0%B8%96%E0%B9%81%E0%B8%AB%E0%B9%88)%E0%B8%9A%E0%B8%AD%E0%B8%A5+%E0%B9%80%E0%B8%8A%E0%B8%B4%E0%B8%8D%E0%B8%A2%E0%B8%B4%E0%B9%89%E0%B8%A1 HTTP/1.1" 200 116742 "-" "Mozilla/5.0 (Linux; Android 6.0.1; Nexus 5X Build/MMB29P) AppleWebKit/537.36 (KHTML, like Gecko) Chrome/148.0.7778.96 Mobile Safari/537.36 (compatible; Googlebot/2.1; +http://www.google.com/bot.html)"
216.73.216.214 - - [28/May/2026:00:49:25 +0200] "GET /?d=1937313477 HTTP/1.1" 200 193169 "-" "Mozilla/5.0 AppleWebKit/537.36 (KHTML, like Gecko; compatible; ClaudeBot/1.0; +claudebot@anthropic.com)"
216.73.216.214 - - [28/May/2026:00:49:41 +0200] "GET /?d=83515123734 HTTP/1.1" 200 195862 "-" "Mozilla/5.0 AppleWebKit/537.36 (KHTML, like Gecko; compatible; ClaudeBot/1.0; +claudebot@anthropic.com)"
192.178.6.41 - - [28/May/2026:00:50:21 +0200] "GET /shop/?video=%E0%B8%AA%E0%B8%B9%E0%B8%95%E0%B8%A3%E0%B8%AB%E0%B8%A7%E0%B8%A2%E0%B8%A5%E0%B8%B2%E0%B8%A7 HTTP/1.1" 200 116044 "-" "Mozilla/5.0 (Linux; Android 6.0.1; Nexus 5X Build/MMB29P) AppleWebKit/537.36 (KHTML, like Gecko) Chrome/148.0.7778.96 Mobile Safari/537.36 (compatible; Googlebot/2.1; +http://www.google.com/bot.html)"
216.73.216.214 - - [28/May/2026:00:51:03 +0200] "GET /?l=99643239331 HTTP/1.1" 200 192837 "-" "Mozilla/5.0 AppleWebKit/537.36 (KHTML, like Gecko; compatible; ClaudeBot/1.0; +claudebot@anthropic.com)"
216.73.216.214 - - [28/May/2026:00:51:33 +0200] "GET /?g=6789286166 HTTP/1.1" 200 195574 "-" "Mozilla/5.0 AppleWebKit/537.36 (KHTML, like Gecko; compatible; ClaudeBot/1.0; +claudebot@anthropic.com)"
57.141.20.65 - - [28/May/2026:00:51:45 +0200] "GET /product/B06582110377 HTTP/1.1" 500 0 "-" "meta-externalagent/1.1 (+https://developers.facebook.com/docs/sharing/webmasters/crawler)"
66.249.69.71 - - [28/May/2026:00:51:45 +0200] "GET /?g=67892119876 HTTP/1.1" 200 194453 "-" "Mozilla/5.0 (compatible; Googlebot/2.1; +http://www.google.com/bot.html)"
88.157.30.249 - - [28/May/2026:00:52:12 +0200] "GET /164027758 HTTP/1.1" 500 0 "-" "Mozilla/5.0 (Macintosh; Intel Mac OS X 13.6; rv:131.0) Gecko/20100101 Firefox/131.0"
66.249.79.165 - - [28/May/2026:00:52:16 +0200] "GET /shop/?video=%E0%B8%95%E0%B8%A3%E0%B8%A7%E0%B8%88%E0%B8%AA%E0%B8%A5%E0%B8%B2%E0%B8%81%E0%B8%81%E0%B8%B4%E0%B8%99%E0%B9%81%E0%B8%9A%E0%B9%88%E0%B8%871%E0%B8%9E%E0%B8%A4%E0%B8%A8%E0%B8%88%E0%B8%B4%E0%B8%81%E0%B8%B2%E0%B8%A2%E0%B8%992565 HTTP/1.1" 200 116459 "-" "Mozilla/5.0 (Linux; Android 6.0.1; Nexus 5X Build/MMB29P) AppleWebKit/537.36 (KHTML, like Gecko) Chrome/148.0.7778.96 Mobile Safari/537.36 (compatible; Googlebot/2.1; +http://www.google.com/bot.html)"
57.141.20.61 - - [28/May/2026:00:46:11 +0200] "GET /items/R065485695/ HTTP/1.1" 500 0 "-" "meta-externalagent/1.1 (+https://developers.facebook.com/docs/sharing/webmasters/crawler)"
113.181.27.86 - - [28/May/2026:00:47:18 +0200] "GET /137039713 HTTP/1.1" 500 0 "-" "Mozilla/5.0 (Macintosh; Intel Mac OS X 10_15_7) AppleWebKit/537.36 (KHTML, like Gecko) Chrome/134.0.6998.45 Safari/537.36"
216.73.216.214 - - [28/May/2026:00:47:20 +0200] "GET /?d=8351583264 HTTP/1.1" 200 197415 "-" "Mozilla/5.0 AppleWebKit/537.36 (KHTML, like Gecko; compatible; ClaudeBot/1.0; +claudebot@anthropic.com)"
216.73.216.214 - - [28/May/2026:00:47:36 +0200] "GET /?d=8351566992 HTTP/1.1" 200 195217 "-" "Mozilla/5.0 AppleWebKit/537.36 (KHTML, like Gecko; compatible; ClaudeBot/1.0; +claudebot@anthropic.com)"
216.73.216.214 - - [28/May/2026:00:47:50 +0200] "GET /?d=19373278564 HTTP/1.1" 200 193984 "-" "Mozilla/5.0 AppleWebKit/537.36 (KHTML, like Gecko; compatible; ClaudeBot/1.0; +claudebot@anthropic.com)"
216.73.216.214 - - [28/May/2026:00:48:22 +0200] "GET /?u=79840133763 HTTP/1.1" 200 196208 "-" "Mozilla/5.0 AppleWebKit/537.36 (KHTML, like Gecko; compatible; ClaudeBot/1.0; +claudebot@anthropic.com)"
216.73.216.214 - - [28/May/2026:00:48:54 +0200] "GET /?t=93411166399 HTTP/1.1" 200 196255 "-" "Mozilla/5.0 AppleWebKit/537.36 (KHTML, like Gecko; compatible; ClaudeBot/1.0; +claudebot@anthropic.com)"
72.60.40.175 - - [28/May/2026:00:49:40 +0200] "GET /shop/ HTTP/1.1" 301 0 "-" "Mozilla/5.0 (Windows NT 10.0; Win64; x64) AppleWebKit/537.36"
192.178.6.40 - - [28/May/2026:00:50:04 +0200] "GET /shop/?video=%E0%B8%95%E0%B8%B2%E0%B8%A3%E0%B8%B2%E0%B8%87%E0%B9%81%E0%B8%82%E0%B9%88%E0%B8%87%E0%B8%97%E0%B8%B5%E0%B8%A1%E0%B9%82%E0%B8%9B%E0%B8%A3%E0%B8%95%E0%B8%B8%E0%B9%80%E0%B8%81%E0%B8%AA+u+19 HTTP/1.1" 200 116450 "-" "Mozilla/5.0 (Linux; Android 6.0.1; Nexus 5X Build/MMB29P) AppleWebKit/537.36 (KHTML, like Gecko) Chrome/148.0.7778.96 Mobile Safari/537.36 (compatible; Googlebot/2.1; +http://www.google.com/bot.html)"
216.73.216.214 - - [28/May/2026:00:49:59 +0200] "GET /?t=93411166344 HTTP/1.1" 200 193042 "-" "Mozilla/5.0 AppleWebKit/537.36 (KHTML, like Gecko; compatible; ClaudeBot/1.0; +claudebot@anthropic.com)"
202.76.134.62 - - [28/May/2026:00:50:10 +0200] "GET /160019348 HTTP/1.1" 500 0 "-" "Mozilla/5.0 (Macintosh; Intel Mac OS X 10_15_7) AppleWebKit/537.36 (KHTML, like Gecko) Chrome/124.0.6367.82 Safari/537.36"
216.73.216.214 - - [28/May/2026:00:50:31 +0200] "GET /?d=19373214101 HTTP/1.1" 200 195224 "-" "Mozilla/5.0 AppleWebKit/537.36 (KHTML, like Gecko; compatible; ClaudeBot/1.0; +claudebot@anthropic.com)"
192.178.6.40 - - [28/May/2026:00:51:14 +0200] "GET /shop/?video=%E0%B8%AB%E0%B8%A5%E0%B8%B8%E0%B8%94%E0%B8%99%E0%B9%89%E0%B8%B3%E0%B8%9B%E0%B8%B4%E0%B8%87 HTTP/1.1" 200 115981 "-" "Mozilla/5.0 (Linux; Android 6.0.1; Nexus 5X Build/MMB29P) AppleWebKit/537.36 (KHTML, like Gecko) Chrome/148.0.7778.96 Mobile Safari/537.36 (compatible; Googlebot/2.1; +http://www.google.com/bot.html)"
192.178.6.40 - - [28/May/2026:00:51:52 +0200] "GET /shop/?video=%E0%B8%AA%E0%B8%95%E0%B8%B4%E0%B8%AB%E0%B8%A7%E0%B8%A2 HTTP/1.1" 200 116156 "-" "Mozilla/5.0 (Linux; Android 6.0.1; Nexus 5X Build/MMB29P) AppleWebKit/537.36 (KHTML, like Gecko) Chrome/148.0.7778.96 Mobile Safari/537.36 (compatible; Googlebot/2.1; +http://www.google.com/bot.html)"
192.178.6.41 - - [28/May/2026:00:53:15 +0200] "GET /shop/?video=%E0%B8%A3%E0%B8%B2%E0%B8%81%E0%B8%97%E0%B8%B5%E0%B9%88%E0%B8%AA%E0%B8%AD%E0%B8%87%E0%B8%82%E0%B8%AD%E0%B8%870 HTTP/1.1" 200 115931 "-" "Mozilla/5.0 (Linux; Android 6.0.1; Nexus 5X Build/MMB29P) AppleWebKit/537.36 (KHTML, like Gecko) Chrome/148.0.7778.96 Mobile Safari/537.36 (compatible; Googlebot/2.1; +http://www.google.com/bot.html)"
108.175.248.2 - - [28/May/2026:00:54:03 +0200] "GET /183034073 HTTP/1.1" 500 0 "-" "Mozilla/5.0 (Windows NT 10.0; Win64; x64) AppleWebKit/537.36 (KHTML, like Gecko) Chrome/129.0.6668.100 Safari/537.36"
57.141.20.5 - - [28/May/2026:00:55:05 +0200] "GET /product/B063764177404 HTTP/1.1" 500 0 "-" "meta-externalagent/1.1 (+https://developers.facebook.com/docs/sharing/webmasters/crawler)"
192.178.6.32 - - [28/May/2026:00:55:20 +0200] "GET /shop/?video=t6t6 HTTP/1.1" 200 115934 "-" "Mozilla/5.0 (Linux; Android 6.0.1; Nexus 5X Build/MMB29P) AppleWebKit/537.36 (KHTML, like Gecko) Chrome/148.0.7778.96 Mobile Safari/537.36 (compatible; Googlebot/2.1; +http://www.google.com/bot.html)"
192.178.6.41 - - [28/May/2026:00:55:56 +0200] "GET /shop/?video=lt123%E0%B8%AA%E0%B8%A5%E0%B9%87%E0%B8%AD%E0%B8%95 HTTP/1.1" 200 116009 "-" "Mozilla/5.0 (Linux; Android 6.0.1; Nexus 5X Build/MMB29P) AppleWebKit/537.36 (KHTML, like Gecko) Chrome/148.0.7778.96 Mobile Safari/537.36 (compatible; Googlebot/2.1; +http://www.google.com/bot.html)"
216.73.216.214 - - [28/May/2026:00:55:52 +0200] "GET /?h=1012118949 HTTP/1.1" 200 196762 "-" "Mozilla/5.0 AppleWebKit/537.36 (KHTML, like Gecko; compatible; ClaudeBot/1.0; +claudebot@anthropic.com)"
113.178.41.217 - - [28/May/2026:00:56:00 +0200] "GET /200035836 HTTP/1.1" 500 0 "-" "Mozilla/5.0 (Macintosh; Intel Mac OS X 15_2_1) AppleWebKit/537.36 (KHTML, like Gecko) Chrome/127.0.6533.120 Safari/537.36"
192.178.6.32 - - [28/May/2026:00:56:22 +0200] "GET /shop/?video=%E0%B8%AA%E0%B8%A5%E0%B9%87%E0%B8%AD%E0%B8%95+3m HTTP/1.1" 200 116148 "-" "Mozilla/5.0 (Linux; Android 6.0.1; Nexus 5X Build/MMB29P) AppleWebKit/537.36 (KHTML, like Gecko) Chrome/148.0.7778.96 Mobile Safari/537.36 (compatible; Googlebot/2.1; +http://www.google.com/bot.html)"
216.73.216.214 - - [28/May/2026:00:56:23 +0200] "GET /?d=83515242597 HTTP/1.1" 200 195171 "-" "Mozilla/5.0 AppleWebKit/537.36 (KHTML, like Gecko; compatible; ClaudeBot/1.0; +claudebot@anthropic.com)"
216.73.216.214 - - [28/May/2026:00:56:39 +0200] "GET /?d=19373134841 HTTP/1.1" 200 194738 "-" "Mozilla/5.0 AppleWebKit/537.36 (KHTML, like Gecko; compatible; ClaudeBot/1.0; +claudebot@anthropic.com)"
216.73.216.214 - - [28/May/2026:00:57:12 +0200] "GET /?u=7984046889 HTTP/1.1" 200 194194 "-" "Mozilla/5.0 AppleWebKit/537.36 (KHTML, like Gecko; compatible; ClaudeBot/1.0; +claudebot@anthropic.com)"
14.231.133.202 - - [28/May/2026:00:57:55 +0200] "GET /209013455 HTTP/1.1" 500 0 "-" "Mozilla/5.0 (Macintosh; Intel Mac OS X 12.3; rv:131.0) Gecko/20100101 Firefox/131.0"
192.178.6.40 - - [28/May/2026:00:58:24 +0200] "GET /shop/?video=%E0%B8%9B+%E0%B8%9E+%E0%B8%9E+%E0%B8%A1%E0%B8%B2%E0%B8%95%E0%B8%A3%E0%B8%B2+168+458 HTTP/1.1" 200 116127 "-" "Mozilla/5.0 (Linux; Android 6.0.1; Nexus 5X Build/MMB29P) AppleWebKit/537.36 (KHTML, like Gecko) Chrome/148.0.7778.96 Mobile Safari/537.36 (compatible; Googlebot/2.1; +http://www.google.com/bot.html)"
216.73.216.214 - - [28/May/2026:00:59:47 +0200] "GET /?d=835159588 HTTP/1.1" 200 195147 "-" "Mozilla/5.0 AppleWebKit/537.36 (KHTML, like Gecko; compatible; ClaudeBot/1.0; +claudebot@anthropic.com)"
14.186.25.182 - - [28/May/2026:00:59:51 +0200] "GET /212017086 HTTP/1.1" 500 0 "-" "Mozilla/5.0 (Windows NT 10.0; Win64; x64) AppleWebKit/537.36 (KHTML, like Gecko) Chrome/126.0.6478.182 Safari/537.36"
216.73.216.214 - - [28/May/2026:01:00:17 +0200] "GET /?d=1937332391 HTTP/1.1" 200 192932 "-" "Mozilla/5.0 AppleWebKit/537.36 (KHTML, like Gecko; compatible; ClaudeBot/1.0; +claudebot@anthropic.com)"
57.141.20.21 - - [28/May/2026:00:52:52 +0200] "GET /product/B031410897705 HTTP/1.1" 500 0 "-" "meta-externalagent/1.1 (+https://developers.facebook.com/docs/sharing/webmasters/crawler)"
216.73.216.214 - - [28/May/2026:00:53:06 +0200] "GET /?d=8351537372 HTTP/1.1" 200 195136 "-" "Mozilla/5.0 AppleWebKit/537.36 (KHTML, like Gecko; compatible; ClaudeBot/1.0; +claudebot@anthropic.com)"
113.165.99.61 - - [28/May/2026:00:53:08 +0200] "GET /174030686 HTTP/1.1" 500 0 "-" "Mozilla/5.0 (Macintosh; Intel Mac OS X 15_2_1) AppleWebKit/537.36 (KHTML, like Gecko) Chrome/131.0.6778.139 Safari/537.36"
216.73.216.214 - - [28/May/2026:00:53:27 +0200] "GET /?d=83515176406 HTTP/1.1" 200 194544 "-" "Mozilla/5.0 AppleWebKit/537.36 (KHTML, like Gecko; compatible; ClaudeBot/1.0; +claudebot@anthropic.com)"
216.73.216.214 - - [28/May/2026:00:53:58 +0200] "GET /?l=9964337331 HTTP/1.1" 200 193276 "-" "Mozilla/5.0 AppleWebKit/537.36 (KHTML, like Gecko; compatible; ClaudeBot/1.0; +claudebot@anthropic.com)"
192.178.6.32 - - [28/May/2026:00:54:06 +0200] "GET /shop/?video=casino168 HTTP/1.1" 200 115923 "-" "Mozilla/5.0 (Linux; Android 6.0.1; Nexus 5X Build/MMB29P) AppleWebKit/537.36 (KHTML, like Gecko) Chrome/148.0.7778.96 Mobile Safari/537.36 (compatible; Googlebot/2.1; +http://www.google.com/bot.html)"
192.178.6.40 - - [28/May/2026:00:54:22 +0200] "GET /shop/?video=%E0%B8%AA%E0%B8%96%E0%B8%B4%E0%B8%95%E0%B8%B4+%E0%B8%AB%E0%B8%A7%E0%B8%A2+%E0%B8%AB%E0%B8%B8%E0%B9%89%E0%B8%99+2556 HTTP/1.1" 200 116062 "-" "Mozilla/5.0 (Linux; Android 6.0.1; Nexus 5X Build/MMB29P) AppleWebKit/537.36 (KHTML, like Gecko) Chrome/148.0.7778.96 Mobile Safari/537.36 (compatible; Googlebot/2.1; +http://www.google.com/bot.html)"
216.73.216.214 - - [28/May/2026:00:54:21 +0200] "GET /?h=1012139508 HTTP/1.1" 200 192887 "-" "Mozilla/5.0 AppleWebKit/537.36 (KHTML, like Gecko; compatible; ClaudeBot/1.0; +claudebot@anthropic.com)"
216.73.216.214 - - [28/May/2026:00:54:52 +0200] "GET /?g=6789214483 HTTP/1.1" 200 193408 "-" "Mozilla/5.0 AppleWebKit/537.36 (KHTML, like Gecko; compatible; ClaudeBot/1.0; +claudebot@anthropic.com)"
14.243.20.92 - - [28/May/2026:00:55:01 +0200] "GET /189042355 HTTP/1.1" 500 0 "-" "Mozilla/5.0 (Macintosh; Intel Mac OS X 12_3_1) AppleWebKit/537.36 (KHTML, like Gecko) Chrome/130.0.6723.191 Safari/537.36"
216.73.216.214 - - [28/May/2026:00:57:43 +0200] "GET /?h=10121189694 HTTP/1.1" 200 196672 "-" "Mozilla/5.0 AppleWebKit/537.36 (KHTML, like Gecko; compatible; ClaudeBot/1.0; +claudebot@anthropic.com)"
192.178.6.40 - - [28/May/2026:00:57:57 +0200] "GET /shop/?video=gpt289.th HTTP/1.1" 200 115765 "-" "Mozilla/5.0 (Linux; Android 6.0.1; Nexus 5X Build/MMB29P) AppleWebKit/537.36 (KHTML, like Gecko) Chrome/148.0.7778.96 Mobile Safari/537.36 (compatible; Googlebot/2.1; +http://www.google.com/bot.html)"
216.73.216.214 - - [28/May/2026:00:58:14 +0200] "GET /?d=83515249593 HTTP/1.1" 200 195085 "-" "Mozilla/5.0 AppleWebKit/537.36 (KHTML, like Gecko; compatible; ClaudeBot/1.0; +claudebot@anthropic.com)"
57.141.20.0 - - [28/May/2026:00:58:25 +0200] "GET /items/R064117246/ HTTP/1.1" 500 0 "-" "meta-externalagent/1.1 (+https://developers.facebook.com/docs/sharing/webmasters/crawler)"
192.178.6.40 - - [28/May/2026:00:59:26 +0200] "GET /shop/?video=galaxy+888 HTTP/1.1" 200 115693 "-" "Mozilla/5.0 (Linux; Android 6.0.1; Nexus 5X Build/MMB29P) AppleWebKit/537.36 (KHTML, like Gecko) Chrome/148.0.7778.96 Mobile Safari/537.36 (compatible; Googlebot/2.1; +http://www.google.com/bot.html)"
192.178.6.41 - - [28/May/2026:01:00:07 +0200] "GET /shop/?video=g2goal+ABL HTTP/1.1" 200 115997 "-" "Mozilla/5.0 (Linux; Android 6.0.1; Nexus 5X Build/MMB29P) AppleWebKit/537.36 (KHTML, like Gecko) Chrome/148.0.7778.96 Mobile Safari/537.36 (compatible; Googlebot/2.1; +http://www.google.com/bot.html)"
216.73.216.214 - - [28/May/2026:01:00:35 +0200] "GET /?d=83515280904 HTTP/1.1" 200 195992 "-" "Mozilla/5.0 AppleWebKit/537.36 (KHTML, like Gecko; compatible; ClaudeBot/1.0; +claudebot@anthropic.com)"
192.178.6.41 - - [28/May/2026:00:52:52 +0200] "GET /shop/?video=%E0%B8%B1%E0%B9%89%E0%B8%95%E0%B8%B1%E0%B9%89%E0%B8%87%E0%B8%84%E0%B9%88%E0%B8%B2%E0%B8%AD%E0%B8%B8%E0%B8%9B%E0%B8%81%E0%B8%A3%E0%B8%93%E0%B9%8C HTTP/1.1" 200 116000 "-" "Mozilla/5.0 (Linux; Android 6.0.1; Nexus 5X Build/MMB29P) AppleWebKit/537.36 (KHTML, like Gecko) Chrome/148.0.7778.96 Mobile Safari/537.36 (compatible; Googlebot/2.1; +http://www.google.com/bot.html)"
54.249.219.152 - - [28/May/2026:00:53:14 +0200] "POST / HTTP/1.1" 500 0 "-" "Mozilla/5.0"
57.141.20.39 - - [28/May/2026:00:53:59 +0200] "GET /items/R062662797/ HTTP/1.1" 500 0 "-" "meta-externalagent/1.1 (+https://developers.facebook.com/docs/sharing/webmasters/crawler)"
216.73.216.214 - - [28/May/2026:00:55:22 +0200] "GET /?u=44194164635 HTTP/1.1" 200 193927 "-" "Mozilla/5.0 AppleWebKit/537.36 (KHTML, like Gecko; compatible; ClaudeBot/1.0; +claudebot@anthropic.com)"
57.141.20.61 - - [28/May/2026:00:56:11 +0200] "GET /product/B034259440065 HTTP/1.1" 500 0 "-" "meta-externalagent/1.1 (+https://developers.facebook.com/docs/sharing/webmasters/crawler)"
192.178.6.40 - - [28/May/2026:00:56:53 +0200] "GET /shop/?video=%E0%B9%80%E0%B8%94%E0%B8%AD%E0%B8%B0%E0%B8%AA%E0%B8%81%E0%B8%AD%E0%B8%A3%E0%B9%8C HTTP/1.1" 200 116145 "-" "Mozilla/5.0 (Linux; Android 6.0.1; Nexus 5X Build/MMB29P) AppleWebKit/537.36 (KHTML, like Gecko) Chrome/148.0.7778.96 Mobile Safari/537.36 (compatible; Googlebot/2.1; +http://www.google.com/bot.html)"
107.199.203.235 - - [28/May/2026:00:56:58 +0200] "GET /205023493 HTTP/1.1" 500 0 "-" "Mozilla/5.0 (Windows NT 10.0; Win64; x64) AppleWebKit/537.36 (KHTML, like Gecko) Chrome/127.0.6533.72 Safari/537.36"
216.73.216.214 - - [28/May/2026:00:57:10 +0200] "GET /?d=1937367486 HTTP/1.1" 200 192188 "-" "Mozilla/5.0 AppleWebKit/537.36 (KHTML, like Gecko; compatible; ClaudeBot/1.0; +claudebot@anthropic.com)"
192.178.6.40 - - [28/May/2026:00:57:24 +0200] "GET /shop/?video=heng1668+pantip HTTP/1.1" 200 115975 "-" "Mozilla/5.0 (Linux; Android 6.0.1; Nexus 5X Build/MMB29P) AppleWebKit/537.36 (KHTML, like Gecko) Chrome/148.0.7778.96 Mobile Safari/537.36 (compatible; Googlebot/2.1; +http://www.google.com/bot.html)"
192.178.6.40 - - [28/May/2026:00:58:05 +0200] "GET /shop/?video=slotpg99+true HTTP/1.1" 200 115952 "-" "Mozilla/5.0 (Linux; Android 6.0.1; Nexus 5X Build/MMB29P) AppleWebKit/537.36 (KHTML, like Gecko) Chrome/148.0.7778.96 Mobile Safari/537.36 (compatible; Googlebot/2.1; +http://www.google.com/bot.html)"
216.73.216.214 - - [28/May/2026:00:58:44 +0200] "GET /?l=99643237474 HTTP/1.1" 200 193037 "-" "Mozilla/5.0 AppleWebKit/537.36 (KHTML, like Gecko; compatible; ClaudeBot/1.0; +claudebot@anthropic.com)"
192.178.6.40 - - [28/May/2026:00:58:56 +0200] "GET /shop/?video=galaxybetbet HTTP/1.1" 200 115809 "-" "Mozilla/5.0 (Linux; Android 6.0.1; Nexus 5X Build/MMB29P) AppleWebKit/537.36 (KHTML, like Gecko) Chrome/148.0.7778.96 Mobile Safari/537.36 (compatible; Googlebot/2.1; +http://www.google.com/bot.html)"
113.189.107.56 - - [28/May/2026:00:58:53 +0200] "GET /211036841 HTTP/1.1" 500 0 "-" "Mozilla/5.0 (Macintosh; Intel Mac OS X 12_3_1) AppleWebKit/537.36 (KHTML, like Gecko) Chrome/130.0.6723.191 Safari/537.36"
216.73.216.214 - - [28/May/2026:00:59:16 +0200] "GET /?l=9964367205 HTTP/1.1" 200 193678 "-" "Mozilla/5.0 AppleWebKit/537.36 (KHTML, like Gecko; compatible; ClaudeBot/1.0; +claudebot@anthropic.com)"
72.60.40.175 - - [28/May/2026:00:59:35 +0200] "GET /shop/ HTTP/1.1" 301 0 "-" "Mozilla/5.0 (Windows NT 10.0; Win64; x64) AppleWebKit/537.36"
186.60.176.189 - - [28/May/2026:01:01:01 +0200] "GET /162016768 HTTP/1.1" 500 0 "-" "Mozilla/5.0 (Macintosh; Intel Mac OS X 11_4_1) AppleWebKit/537.36 (KHTML, like Gecko) Chrome/127.0.6533.120 Safari/537.36"
216.73.216.214 - - [28/May/2026:01:01:22 +0200] "GET /?d=1937384355 HTTP/1.1" 200 195886 "-" "Mozilla/5.0 AppleWebKit/537.36 (KHTML, like Gecko; compatible; ClaudeBot/1.0; +claudebot@anthropic.com)"
216.73.216.214 - - [28/May/2026:01:00:52 +0200] "GET /?l=9964322344 HTTP/1.1" 200 195991 "-" "Mozilla/5.0 AppleWebKit/537.36 (KHTML, like Gecko; compatible; ClaudeBot/1.0; +claudebot@anthropic.com)"
14.224.104.87 - - [28/May/2026:01:02:08 +0200] "GET /164039008 HTTP/1.1" 500 0 "-" "Mozilla/4.0 (compatible; MSIE 7.0b; Windows NT 5.2; .NET CLR 1.1.4322; .NET CLR 2.0.50727; InfoPath.2; .NET CLR 3.0.04506.30)"
216.73.216.214 - - [28/May/2026:01:02:47 +0200] "GET /?u=7984010010 HTTP/1.1" 200 191586 "-" "Mozilla/5.0 AppleWebKit/537.36 (KHTML, like Gecko; compatible; ClaudeBot/1.0; +claudebot@anthropic.com)"
202.76.171.148 - - [28/May/2026:01:03:16 +0200] "GET /166004170 HTTP/1.1" 500 0 "-" "Mozilla/5.0 (Macintosh; Intel Mac OS X 12.4; rv:130.0) Gecko/20100101 Firefox/130.0"
192.178.6.32 - - [28/May/2026:01:04:52 +0200] "GET /shop/?video=%E0%B8%AA%E0%B8%B9%E0%B8%95%E0%B8%A3+%E0%B8%9A%E0%B9%89%E0%B8%B2%E0%B8%9A%E0%B8%B4%E0%B9%88%E0%B8%99+%E0%B8%A1%E0%B8%B0%E0%B8%9E%E0%B8%A3%E0%B9%89%E0%B8%B2%E0%B8%A7+%E0%B8%AD%E0%B9%88%E0%B8%AD%E0%B8%99 HTTP/1.1" 200 116253 "-" "Mozilla/5.0 (Linux; Android 6.0.1; Nexus 5X Build/MMB29P) AppleWebKit/537.36 (KHTML, like Gecko) Chrome/148.0.7778.96 Mobile Safari/537.36 (compatible; Googlebot/2.1; +http://www.google.com/bot.html)"
192.178.6.32 - - [28/May/2026:01:05:13 +0200] "GET /shop/?video=galaxy168+%E0%B9%80%E0%B8%82%E0%B9%89%E0%B8%B2%E0%B8%AA%E0%B8%B9%E0%B9%88%E0%B8%A3%E0%B8%B0%E0%B8%9A%E0%B8%9A HTTP/1.1" 200 116125 "-" "Mozilla/5.0 (Linux; Android 6.0.1; Nexus 5X Build/MMB29P) AppleWebKit/537.36 (KHTML, like Gecko) Chrome/148.0.7778.96 Mobile Safari/537.36 (compatible; Googlebot/2.1; +http://www.google.com/bot.html)"
216.73.216.214 - - [28/May/2026:01:05:32 +0200] "GET /?d=1937389641 HTTP/1.1" 200 195228 "-" "Mozilla/5.0 AppleWebKit/537.36 (KHTML, like Gecko; compatible; ClaudeBot/1.0; +claudebot@anthropic.com)"
216.73.216.214 - - [28/May/2026:01:08:14 +0200] "GET /?l=99643249098 HTTP/1.1" 200 194852 "-" "Mozilla/5.0 AppleWebKit/537.36 (KHTML, like Gecko; compatible; ClaudeBot/1.0; +claudebot@anthropic.com)"
57.141.20.44 - - [28/May/2026:01:00:38 +0200] "GET /items/R065681663/ HTTP/1.1" 500 0 "-" "meta-externalagent/1.1 (+https://developers.facebook.com/docs/sharing/webmasters/crawler)"
57.141.20.10 - - [28/May/2026:01:01:45 +0200] "GET /product/B06922457685 HTTP/1.1" 500 0 "-" "meta-externalagent/1.1 (+https://developers.facebook.com/docs/sharing/webmasters/crawler)"
216.73.216.214 - - [28/May/2026:01:01:46 +0200] "GET /?u=79840162002 HTTP/1.1" 200 195452 "-" "Mozilla/5.0 AppleWebKit/537.36 (KHTML, like Gecko; compatible; ClaudeBot/1.0; +claudebot@anthropic.com)"
216.73.216.214 - - [28/May/2026:01:02:16 +0200] "GET /?d=83515192608 HTTP/1.1" 200 195395 "-" "Mozilla/5.0 AppleWebKit/537.36 (KHTML, like Gecko; compatible; ClaudeBot/1.0; +claudebot@anthropic.com)"
57.141.20.29 - - [28/May/2026:01:03:58 +0200] "GET /product/B034089082993 HTTP/1.1" 500 0 "-" "meta-externalagent/1.1 (+https://developers.facebook.com/docs/sharing/webmasters/crawler)"
216.73.216.214 - - [28/May/2026:01:04:05 +0200] "GET /?t=93411265327 HTTP/1.1" 200 194361 "-" "Mozilla/5.0 AppleWebKit/537.36 (KHTML, like Gecko; compatible; ClaudeBot/1.0; +claudebot@anthropic.com)"
157.49.225.201 - - [28/May/2026:01:04:29 +0200] "GET /179045009 HTTP/1.1" 500 0 "-" "Mozilla/5.0 (Macintosh; Intel Mac OS X 13_6_3) AppleWebKit/537.36 (KHTML, like Gecko) Chrome/131.0.6778.139 Safari/537.36"
216.73.216.214 - - [28/May/2026:01:04:35 +0200] "GET /?d=1937337912 HTTP/1.1" 200 192812 "-" "Mozilla/5.0 AppleWebKit/537.36 (KHTML, like Gecko; compatible; ClaudeBot/1.0; +claudebot@anthropic.com)"
216.73.216.214 - - [28/May/2026:01:04:57 +0200] "GET /?l=99643157397 HTTP/1.1" 200 196186 "-" "Mozilla/5.0 AppleWebKit/537.36 (KHTML, like Gecko; compatible; ClaudeBot/1.0; +claudebot@anthropic.com)"
216.73.216.214 - - [28/May/2026:01:05:28 +0200] "GET /?d=19373217 HTTP/1.1" 200 199461 "-" "Mozilla/5.0 AppleWebKit/537.36 (KHTML, like Gecko; compatible; ClaudeBot/1.0; +claudebot@anthropic.com)"
216.73.216.214 - - [28/May/2026:01:06:05 +0200] "GET /?c=9126259384 HTTP/1.1" 200 193597 "-" "Mozilla/5.0 AppleWebKit/537.36 (KHTML, like Gecko; compatible; ClaudeBot/1.0; +claudebot@anthropic.com)"
216.73.216.214 - - [28/May/2026:01:06:35 +0200] "GET /?l=99643136238 HTTP/1.1" 200 193632 "-" "Mozilla/5.0 AppleWebKit/537.36 (KHTML, like Gecko; compatible; ClaudeBot/1.0; +claudebot@anthropic.com)"
146.174.177.9 - - [28/May/2026:01:06:43 +0200] "GET /207049129 HTTP/1.1" 500 0 "-" "Mozilla/5.0 (Macintosh; Intel Mac OS X 10_15_7) AppleWebKit/537.36 (KHTML, like Gecko) Chrome/128.0.6613.137 Safari/537.36"
65.79.248.188 - - [28/May/2026:01:07:53 +0200] "GET /209031809 HTTP/1.1" 500 0 "-" "Mozilla/5.0 (Macintosh; Intel Mac OS X 11_4_1) AppleWebKit/537.36 (KHTML, like Gecko) Chrome/127.0.6533.120 Safari/537.36"
216.73.216.214 - - [28/May/2026:01:08:11 +0200] "GET /?d=8351589009 HTTP/1.1" 200 195066 "-" "Mozilla/5.0 AppleWebKit/537.36 (KHTML, like Gecko; compatible; ClaudeBot/1.0; +claudebot@anthropic.com)"
216.73.216.214 - - [28/May/2026:01:08:45 +0200] "GET /?l=99643174451 HTTP/1.1" 200 187576 "-" "Mozilla/5.0 AppleWebKit/537.36 (KHTML, like Gecko; compatible; ClaudeBot/1.0; +claudebot@anthropic.com)"
14.245.191.191 - - [28/May/2026:01:09:02 +0200] "GET /210047810 HTTP/1.1" 500 0 "-" "Mozilla/5.0 (Macintosh; Intel Mac OS X 13_6_3) AppleWebKit/537.36 (KHTML, like Gecko) Chrome/127.0.6533.17 Safari/537.36"
216.73.216.214 - - [28/May/2026:01:01:39 +0200] "GET /?l=99643194368 HTTP/1.1" 200 196556 "-" "Mozilla/5.0 AppleWebKit/537.36 (KHTML, like Gecko; compatible; ClaudeBot/1.0; +claudebot@anthropic.com)"
57.141.20.27 - - [28/May/2026:01:02:51 +0200] "GET /product/B031380070214 HTTP/1.1" 500 0 "-" "meta-externalagent/1.1 (+https://developers.facebook.com/docs/sharing/webmasters/crawler)"
216.73.216.214 - - [28/May/2026:01:03:19 +0200] "GET /?d=8351590769 HTTP/1.1" 200 196040 "-" "Mozilla/5.0 AppleWebKit/537.36 (KHTML, like Gecko; compatible; ClaudeBot/1.0; +claudebot@anthropic.com)"
216.73.216.214 - - [28/May/2026:01:03:49 +0200] "GET /?d=83515249796 HTTP/1.1" 200 191900 "-" "Mozilla/5.0 AppleWebKit/537.36 (KHTML, like Gecko; compatible; ClaudeBot/1.0; +claudebot@anthropic.com)"
57.141.20.25 - - [28/May/2026:01:05:04 +0200] "GET /items/R063170448/ HTTP/1.1" 500 0 "-" "meta-externalagent/1.1 (+https://developers.facebook.com/docs/sharing/webmasters/crawler)"
216.73.216.214 - - [28/May/2026:01:07:09 +0200] "GET /?l=99643145174 HTTP/1.1" 200 195132 "-" "Mozilla/5.0 AppleWebKit/537.36 (KHTML, like Gecko; compatible; ClaudeBot/1.0; +claudebot@anthropic.com)"
216.73.216.214 - - [28/May/2026:01:07:40 +0200] "GET /?l=99643233192 HTTP/1.1" 200 195687 "-" "Mozilla/5.0 AppleWebKit/537.36 (KHTML, like Gecko; compatible; ClaudeBot/1.0; +claudebot@anthropic.com)"
216.73.216.214 - - [28/May/2026:01:07:58 +0200] "GET /robots.txt HTTP/1.1" 200 278 "-" "Mozilla/5.0 AppleWebKit/537.36 (KHTML, like Gecko; compatible; ClaudeBot/1.0; +claudebot@anthropic.com)"
216.73.216.214 - - [28/May/2026:01:09:15 +0200] "GET /?d=835159647 HTTP/1.1" 200 195031 "-" "Mozilla/5.0 AppleWebKit/537.36 (KHTML, like Gecko; compatible; ClaudeBot/1.0; +claudebot@anthropic.com)"
57.141.20.53 - - [28/May/2026:01:09:32 +0200] "GET /items/R064317217/ HTTP/1.1" 500 0 "-" "meta-externalagent/1.1 (+https://developers.facebook.com/docs/sharing/webmasters/crawler)"
216.73.216.214 - - [28/May/2026:01:10:17 +0200] "GET /?d=1937325552 HTTP/1.1" 200 196066 "-" "Mozilla/5.0 AppleWebKit/537.36 (KHTML, like Gecko; compatible; ClaudeBot/1.0; +claudebot@anthropic.com)"
57.141.20.30 - - [28/May/2026:01:10:38 +0200] "GET /items/R061602222/ HTTP/1.1" 500 0 "-" "meta-externalagent/1.1 (+https://developers.facebook.com/docs/sharing/webmasters/crawler)"
216.73.216.214 - - [28/May/2026:01:10:48 +0200] "GET /?l=9964314518 HTTP/1.1" 200 194570 "-" "Mozilla/5.0 AppleWebKit/537.36 (KHTML, like Gecko; compatible; ClaudeBot/1.0; +claudebot@anthropic.com)"
216.73.216.214 - - [28/May/2026:01:11:39 +0200] "GET /?g=67892139376 HTTP/1.1" 200 196075 "-" "Mozilla/5.0 AppleWebKit/537.36 (KHTML, like Gecko; compatible; ClaudeBot/1.0; +claudebot@anthropic.com)"
57.141.20.33 - - [28/May/2026:01:12:51 +0200] "GET /product/B062552022013 HTTP/1.1" 500 0 "-" "meta-externalagent/1.1 (+https://developers.facebook.com/docs/sharing/webmasters/crawler)"
216.73.216.214 - - [28/May/2026:01:13:05 +0200] "GET /?l=9964316410 HTTP/1.1" 200 195488 "-" "Mozilla/5.0 AppleWebKit/537.36 (KHTML, like Gecko; compatible; ClaudeBot/1.0; +claudebot@anthropic.com)"
216.73.216.214 - - [28/May/2026:01:13:22 +0200] "GET /?d=1937376972 HTTP/1.1" 200 194994 "-" "Mozilla/5.0 AppleWebKit/537.36 (KHTML, like Gecko; compatible; ClaudeBot/1.0; +claudebot@anthropic.com)"
222.252.42.21 - - [28/May/2026:01:13:39 +0200] "GET /227046515 HTTP/1.1" 500 0 "-" "Mozilla/5.0 (Macintosh; Intel Mac OS X 12_5_0) AppleWebKit/537.36 (KHTML, like Gecko) Chrome/132.0.6834.160 Safari/537.36"
57.141.20.51 - - [28/May/2026:01:13:59 +0200] "GET /product/B031000609869 HTTP/1.1" 500 0 "-" "meta-externalagent/1.1 (+https://developers.facebook.com/docs/sharing/webmasters/crawler)"
216.73.216.214 - - [28/May/2026:01:14:54 +0200] "GET /?d=1937366606 HTTP/1.1" 200 196519 "-" "Mozilla/5.0 AppleWebKit/537.36 (KHTML, like Gecko; compatible; ClaudeBot/1.0; +claudebot@anthropic.com)"
216.73.216.214 - - [28/May/2026:01:15:24 +0200] "GET /?c=9126242562 HTTP/1.1" 200 192359 "-" "Mozilla/5.0 AppleWebKit/537.36 (KHTML, like Gecko; compatible; ClaudeBot/1.0; +claudebot@anthropic.com)"
216.73.216.214 - - [28/May/2026:01:15:55 +0200] "GET /?d=19373147315 HTTP/1.1" 200 195512 "-" "Mozilla/5.0 AppleWebKit/537.36 (KHTML, like Gecko; compatible; ClaudeBot/1.0; +claudebot@anthropic.com)"
216.73.216.214 - - [28/May/2026:01:16:25 +0200] "GET /?d=1937341891 HTTP/1.1" 200 195363 "-" "Mozilla/5.0 AppleWebKit/537.36 (KHTML, like Gecko; compatible; ClaudeBot/1.0; +claudebot@anthropic.com)"
216.73.216.214 - - [28/May/2026:01:16:43 +0200] "GET /?d=83515220149 HTTP/1.1" 200 192148 "-" "Mozilla/5.0 AppleWebKit/537.36 (KHTML, like Gecko; compatible; ClaudeBot/1.0; +claudebot@anthropic.com)"
113.186.237.132 - - [28/May/2026:01:17:05 +0200] "GET /235000655 HTTP/1.1" 500 0 "-" "Mozilla/5.0 (Macintosh; Intel Mac OS X 13_3_1) AppleWebKit/537.36 (KHTML, like Gecko) Chrome/124.0.6367.207 Safari/537.36"
216.73.216.214 - - [28/May/2026:01:17:44 +0200] "GET /?d=1937360701 HTTP/1.1" 200 196696 "-" "Mozilla/5.0 AppleWebKit/537.36 (KHTML, like Gecko; compatible; ClaudeBot/1.0; +claudebot@anthropic.com)"
216.73.216.214 - - [28/May/2026:01:18:49 +0200] "GET /?l=9964355169 HTTP/1.1" 200 194484 "-" "Mozilla/5.0 AppleWebKit/537.36 (KHTML, like Gecko; compatible; ClaudeBot/1.0; +claudebot@anthropic.com)"
216.73.216.214 - - [28/May/2026:01:19:08 +0200] "GET /?d=1937345970 HTTP/1.1" 200 194001 "-" "Mozilla/5.0 AppleWebKit/537.36 (KHTML, like Gecko; compatible; ClaudeBot/1.0; +claudebot@anthropic.com)"
216.73.216.214 - - [28/May/2026:01:19:15 +0200] "GET /?l=99643129243 HTTP/1.1" 200 194906 "-" "Mozilla/5.0 AppleWebKit/537.36 (KHTML, like Gecko; compatible; ClaudeBot/1.0; +claudebot@anthropic.com)"
72.60.40.175 - - [28/May/2026:01:09:32 +0200] "GET /shop/ HTTP/1.1" 301 0 "-" "Mozilla/5.0 (Windows NT 10.0; Win64; x64) AppleWebKit/537.36"
113.163.174.49 - - [28/May/2026:01:10:11 +0200] "GET /213012547 HTTP/1.1" 500 0 "-" "Mozilla/5.0 (Macintosh; Intel Mac OS X 13_7_1) AppleWebKit/537.36 (KHTML, like Gecko) Chrome/133.0.6943.141 Safari/537.36"
216.73.216.214 - - [28/May/2026:01:11:08 +0200] "GET /?d=83515201210 HTTP/1.1" 200 195879 "-" "Mozilla/5.0 AppleWebKit/537.36 (KHTML, like Gecko; compatible; ClaudeBot/1.0; +claudebot@anthropic.com)"
76.170.70.78 - - [28/May/2026:01:11:20 +0200] "GET /214013046 HTTP/1.1" 500 0 "-" "Mozilla/5.0 (Macintosh; Intel Mac OS X 10.15; rv:134.0) Gecko/20100101 Firefox/134.0"
216.73.216.214 - - [28/May/2026:01:11:44 +0200] "GET /?g=67892217618 HTTP/1.1" 200 195517 "-" "Mozilla/5.0 AppleWebKit/537.36 (KHTML, like Gecko; compatible; ClaudeBot/1.0; +claudebot@anthropic.com)"
216.73.216.214 - - [28/May/2026:01:12:04 +0200] "GET /?q=3979679495 HTTP/1.1" 200 196189 "-" "Mozilla/5.0 AppleWebKit/537.36 (KHTML, like Gecko; compatible; ClaudeBot/1.0; +claudebot@anthropic.com)"
98.55.85.40 - - [28/May/2026:01:12:34 +0200] "GET /225007565 HTTP/1.1" 500 0 "-" "Mozilla/5.0 (Windows NT 10.0; Win64; x64) AppleWebKit/537.36 (KHTML, like Gecko) Chrome/133.0.6943.98 Safari/537.36"
216.73.216.214 - - [28/May/2026:01:13:53 +0200] "GET /?d=1937337516 HTTP/1.1" 200 198175 "-" "Mozilla/5.0 AppleWebKit/537.36 (KHTML, like Gecko; compatible; ClaudeBot/1.0; +claudebot@anthropic.com)"
202.76.173.205 - - [28/May/2026:01:15:55 +0200] "GET /234000022 HTTP/1.1" 500 0 "-" "Mozilla/5.0 (Macintosh; Intel Mac OS X 13_5_0) AppleWebKit/537.36 (KHTML, like Gecko) Chrome/133.0.6943.53 Safari/537.36"
57.141.20.18 - - [28/May/2026:01:16:11 +0200] "GET /product/B034120106127 HTTP/1.1" 500 0 "-" "meta-externalagent/1.1 (+https://developers.facebook.com/docs/sharing/webmasters/crawler)"
57.141.20.60 - - [28/May/2026:01:17:18 +0200] "GET /items/R062632685/ HTTP/1.1" 500 0 "-" "meta-externalagent/1.1 (+https://developers.facebook.com/docs/sharing/webmasters/crawler)"
14.245.243.156 - - [28/May/2026:01:18:15 +0200] "GET /235046745 HTTP/1.1" 500 0 "-" "Mozilla/5.0 (Macintosh; Intel Mac OS X 15_4_1) AppleWebKit/537.36 (KHTML, like Gecko) Chrome/127.0.6533.17 Safari/537.36"
216.73.216.214 - - [28/May/2026:01:18:55 +0200] "GET /?d=1937353087 HTTP/1.1" 200 194879 "-" "Mozilla/5.0 AppleWebKit/537.36 (KHTML, like Gecko; compatible; ClaudeBot/1.0; +claudebot@anthropic.com)"
216.73.216.214 - - [28/May/2026:01:18:56 +0200] "GET /?l=99643136265 HTTP/1.1" 200 194251 "-" "Mozilla/5.0 AppleWebKit/537.36 (KHTML, like Gecko; compatible; ClaudeBot/1.0; +claudebot@anthropic.com)"
216.73.216.214 - - [28/May/2026:01:19:02 +0200] "GET /?d=1937348010 HTTP/1.1" 200 195496 "-" "Mozilla/5.0 AppleWebKit/537.36 (KHTML, like Gecko; compatible; ClaudeBot/1.0; +claudebot@anthropic.com)"
216.73.216.214 - - [28/May/2026:01:19:30 +0200] "GET /?h=1012178166 HTTP/1.1" 200 194740 "-" "Mozilla/5.0 AppleWebKit/537.36 (KHTML, like Gecko; compatible; ClaudeBot/1.0; +claudebot@anthropic.com)"
216.73.216.214 - - [28/May/2026:01:19:49 +0200] "GET /?l=9964344638 HTTP/1.1" 200 196121 "-" "Mozilla/5.0 AppleWebKit/537.36 (KHTML, like Gecko; compatible; ClaudeBot/1.0; +claudebot@anthropic.com)"
216.73.216.214 - - [28/May/2026:01:20:12 +0200] "GET /?d=1937332632 HTTP/1.1" 200 195057 "-" "Mozilla/5.0 AppleWebKit/537.36 (KHTML, like Gecko; compatible; ClaudeBot/1.0; +claudebot@anthropic.com)"
216.73.216.214 - - [28/May/2026:01:20:26 +0200] "GET /?d=193732913 HTTP/1.1" 200 191486 "-" "Mozilla/5.0 AppleWebKit/537.36 (KHTML, like Gecko; compatible; ClaudeBot/1.0; +claudebot@anthropic.com)"
216.73.216.214 - - [28/May/2026:01:20:32 +0200] "GET /?d=19373136630 HTTP/1.1" 200 192976 "-" "Mozilla/5.0 AppleWebKit/537.36 (KHTML, like Gecko; compatible; ClaudeBot/1.0; +claudebot@anthropic.com)"
57.141.20.29 - - [28/May/2026:01:20:38 +0200] "GET /items/R063727498/ HTTP/1.1" 500 0 "-" "meta-externalagent/1.1 (+https://developers.facebook.com/docs/sharing/webmasters/crawler)"
216.73.216.214 - - [28/May/2026:01:09:47 +0200] "GET /?d=83515166334 HTTP/1.1" 200 194124 "-" "Mozilla/5.0 AppleWebKit/537.36 (KHTML, like Gecko; compatible; ClaudeBot/1.0; +claudebot@anthropic.com)"
216.73.216.214 - - [28/May/2026:01:12:35 +0200] "GET /?d=1937398249 HTTP/1.1" 200 192812 "-" "Mozilla/5.0 AppleWebKit/537.36 (KHTML, like Gecko; compatible; ClaudeBot/1.0; +claudebot@anthropic.com)"
216.73.216.214 - - [28/May/2026:01:13:54 +0200] "GET /robots.txt HTTP/1.1" 200 278 "-" "Mozilla/5.0 AppleWebKit/537.36 (KHTML, like Gecko; compatible; ClaudeBot/1.0; +claudebot@anthropic.com)"
216.73.216.214 - - [28/May/2026:01:14:23 +0200] "GET /?d=193736730 HTTP/1.1" 200 191899 "-" "Mozilla/5.0 AppleWebKit/537.36 (KHTML, like Gecko; compatible; ClaudeBot/1.0; +claudebot@anthropic.com)"
14.189.250.250 - - [28/May/2026:01:14:47 +0200] "GET /232040360 HTTP/1.1" 500 0 "-" "Mozilla/5.0 (Macintosh; Intel Mac OS X 14_3_1) AppleWebKit/537.36 (KHTML, like Gecko) Chrome/131.0.6778.204 Safari/537.36"
216.73.216.214 - - [28/May/2026:01:17:14 +0200] "GET /?l=99643229182 HTTP/1.1" 200 194683 "-" "Mozilla/5.0 AppleWebKit/537.36 (KHTML, like Gecko; compatible; ClaudeBot/1.0; +claudebot@anthropic.com)"
216.73.216.214 - - [28/May/2026:01:18:15 +0200] "GET /?t=93411190873 HTTP/1.1" 200 194179 "-" "Mozilla/5.0 AppleWebKit/537.36 (KHTML, like Gecko; compatible; ClaudeBot/1.0; +claudebot@anthropic.com)"
216.73.216.214 - - [28/May/2026:01:18:49 +0200] "GET /?u=4419423398 HTTP/1.1" 200 192607 "-" "Mozilla/5.0 AppleWebKit/537.36 (KHTML, like Gecko; compatible; ClaudeBot/1.0; +claudebot@anthropic.com)"
216.73.216.214 - - [28/May/2026:01:19:02 +0200] "GET /?t=93411265645 HTTP/1.1" 200 194256 "-" "Mozilla/5.0 AppleWebKit/537.36 (KHTML, like Gecko; compatible; ClaudeBot/1.0; +claudebot@anthropic.com)"
216.73.216.214 - - [28/May/2026:01:19:17 +0200] "GET /?d=1937357973 HTTP/1.1" 200 194392 "-" "Mozilla/5.0 AppleWebKit/537.36 (KHTML, like Gecko; compatible; ClaudeBot/1.0; +claudebot@anthropic.com)"
146.174.187.187 - - [28/May/2026:01:19:22 +0200] "GET /239048255 HTTP/1.1" 500 0 "-" "Mozilla/5.0 (Macintosh; Intel Mac OS X 13_7_0) AppleWebKit/537.36 (KHTML, like Gecko) Chrome/132.0.6834.110 Safari/537.36"
216.73.216.214 - - [28/May/2026:01:20:03 +0200] "GET /?l=99643166270 HTTP/1.1" 200 197581 "-" "Mozilla/5.0 AppleWebKit/537.36 (KHTML, like Gecko; compatible; ClaudeBot/1.0; +claudebot@anthropic.com)"
192.178.6.32 - - [28/May/2026:01:20:13 +0200] "GET /shop/?video=funky99.co HTTP/1.1" 200 116645 "-" "Mozilla/5.0 (Linux; Android 6.0.1; Nexus 5X Build/MMB29P) AppleWebKit/537.36 (KHTML, like Gecko) Chrome/148.0.7778.96 Mobile Safari/537.36 (compatible; Googlebot/2.1; +http://www.google.com/bot.html)"
72.60.40.175 - - [28/May/2026:01:20:24 +0200] "GET /shop/ HTTP/1.1" 301 0 "-" "Mozilla/5.0 (Windows NT 10.0; Win64; x64) AppleWebKit/537.36"
14.241.240.20 - - [28/May/2026:01:20:31 +0200] "GET /241015783 HTTP/1.1" 500 0 "-" "Mozilla/5.0 (Windows NT 10.0; Win64; x64) AppleWebKit/537.36 (KHTML, like Gecko) Chrome/131.0.6778.139 Safari/537.36"
216.73.216.214 - - [28/May/2026:01:20:36 +0200] "GET /?d=8351543472 HTTP/1.1" 200 194729 "-" "Mozilla/5.0 AppleWebKit/537.36 (KHTML, like Gecko; compatible; ClaudeBot/1.0; +claudebot@anthropic.com)"
216.73.216.214 - - [28/May/2026:01:20:43 +0200] "GET /?d=1937323693 HTTP/1.1" 200 195863 "-" "Mozilla/5.0 AppleWebKit/537.36 (KHTML, like Gecko; compatible; ClaudeBot/1.0; +claudebot@anthropic.com)"
