57.141.20.0 - - [27/May/2026:08:40:53 +0200] "GET /items/K462257330/ HTTP/1.1" 200 0 "-" "meta-externalagent/1.1 (+https://developers.facebook.com/docs/sharing/webmasters/crawler)"
40.77.167.63 - - [27/May/2026:08:41:01 +0200] "GET /Peignoir-Femme-Peignoir-De-Bain-Aquarti-Femme-Manches-3-949255/ HTTP/1.1" 200 13 "-" "Mozilla/5.0 AppleWebKit/537.36 (KHTML, like Gecko; compatible; bingbot/2.0; +http://www.bing.com/bingbot.htm) Chrome/116.0.1938.76 Safari/537.36"
57.141.20.25 - - [27/May/2026:08:41:39 +0200] "GET /?k=6494822uv8xc HTTP/1.1" 200 0 "-" "meta-externalagent/1.1 (+https://developers.facebook.com/docs/sharing/webmasters/crawler)"
57.141.20.21 - - [27/May/2026:08:41:47 +0200] "GET /items/K467379346/ HTTP/1.1" 200 0 "-" "meta-externalagent/1.1 (+https://developers.facebook.com/docs/sharing/webmasters/crawler)"
57.141.20.27 - - [27/May/2026:08:42:10 +0200] "GET /items/K462104894/ HTTP/1.1" 200 0 "-" "meta-externalagent/1.1 (+https://developers.facebook.com/docs/sharing/webmasters/crawler)"
57.141.20.2 - - [27/May/2026:08:42:12 +0200] "GET /items/K463183828/ HTTP/1.1" 200 0 "-" "meta-externalagent/1.1 (+https://developers.facebook.com/docs/sharing/webmasters/crawler)"
57.141.20.25 - - [27/May/2026:08:42:16 +0200] "GET /items/K465501244/ HTTP/1.1" 200 0 "-" "meta-externalagent/1.1 (+https://developers.facebook.com/docs/sharing/webmasters/crawler)"
57.141.20.45 - - [27/May/2026:08:42:37 +0200] "GET /items/K462590422/ HTTP/1.1" 200 0 "-" "meta-externalagent/1.1 (+https://developers.facebook.com/docs/sharing/webmasters/crawler)"
57.141.20.31 - - [27/May/2026:08:42:53 +0200] "GET /items/K467795476/ HTTP/1.1" 200 0 "-" "meta-externalagent/1.1 (+https://developers.facebook.com/docs/sharing/webmasters/crawler)"
109.234.166.131 - - [27/May/2026:08:41:21 +0200] "GET /wp-includese4d8c2/44/index.php?id=151443 HTTP/1.1" 404 0 "-" "GO"
57.141.20.45 - - [27/May/2026:08:42:57 +0200] "GET /items/K466103779/ HTTP/1.1" 200 0 "-" "meta-externalagent/1.1 (+https://developers.facebook.com/docs/sharing/webmasters/crawler)"
109.234.166.131 - - [27/May/2026:08:42:05 +0200] "GET /wp-includese4d8c2/44/index.php?id=185562 HTTP/1.1" 404 0 "-" "GO"
57.141.20.32 - - [27/May/2026:08:34:21 +0200] "GET /items/K466638887/ HTTP/1.1" 200 0 "-" "meta-externalagent/1.1 (+https://developers.facebook.com/docs/sharing/webmasters/crawler)"
109.234.166.131 - - [27/May/2026:08:33:31 +0200] "GET /wp-includese4d8c2/44/index.php?id=481319 HTTP/1.1" 404 0 "-" "GO"
57.141.20.18 - - [27/May/2026:08:35:21 +0200] "GET /items/K462623938/ HTTP/1.1" 200 0 "-" "meta-externalagent/1.1 (+https://developers.facebook.com/docs/sharing/webmasters/crawler)"
109.234.166.131 - - [27/May/2026:08:34:08 +0200] "GET /wp-includese4d8c2/44/index.php?id=151443 HTTP/1.1" 404 0 "-" "GO"
57.141.20.54 - - [27/May/2026:08:36:18 +0200] "GET /items/K462902076/ HTTP/1.1" 200 0 "-" "meta-externalagent/1.1 (+https://developers.facebook.com/docs/sharing/webmasters/crawler)"
57.141.20.57 - - [27/May/2026:08:36:20 +0200] "GET /items/K463949946/ HTTP/1.1" 200 0 "-" "meta-externalagent/1.1 (+https://developers.facebook.com/docs/sharing/webmasters/crawler)"
57.141.20.1 - - [27/May/2026:08:36:52 +0200] "GET /items/K464592791/ HTTP/1.1" 200 0 "-" "meta-externalagent/1.1 (+https://developers.facebook.com/docs/sharing/webmasters/crawler)"
57.141.20.14 - - [27/May/2026:08:37:28 +0200] "GET /items/K463495971/ HTTP/1.1" 200 0 "-" "meta-externalagent/1.1 (+https://developers.facebook.com/docs/sharing/webmasters/crawler)"
57.141.20.37 - - [27/May/2026:08:39:09 +0200] "GET /?k=1512467wbn7q HTTP/1.1" 200 0 "-" "meta-externalagent/1.1 (+https://developers.facebook.com/docs/sharing/webmasters/crawler)"
109.234.166.131 - - [27/May/2026:08:38:00 +0200] "GET /wp-includese4d8c2/44/index.php?id=682490 HTTP/1.1" 404 0 "-" "GO"
52.167.144.232 - - [27/May/2026:08:39:29 +0200] "GET /items/K463435496/ HTTP/1.1" 200 13 "-" "Mozilla/5.0 AppleWebKit/537.36 (KHTML, like Gecko; compatible; bingbot/2.0; +http://www.bing.com/bingbot.htm) Chrome/116.0.1938.76 Safari/537.36"
157.55.39.197 - - [27/May/2026:08:40:31 +0200] "GET /items/N566470573/ HTTP/1.1" 200 13 "-" "Mozilla/5.0 AppleWebKit/537.36 (KHTML, like Gecko; compatible; bingbot/2.0; +http://www.bing.com/bingbot.htm) Chrome/116.0.1938.76 Safari/537.36"
207.46.13.127 - - [27/May/2026:08:41:10 +0200] "GET /items/X846648341/ HTTP/1.1" 200 13 "-" "Mozilla/5.0 AppleWebKit/537.36 (KHTML, like Gecko; compatible; bingbot/2.0; +http://www.bing.com/bingbot.htm) Chrome/116.0.1938.76 Safari/537.36"
109.234.166.131 - - [27/May/2026:08:39:51 +0200] "GET /wp-includese4d8c2/44/index.php?id=159489 HTTP/1.1" 404 0 "-" "GO"
109.234.166.131 - - [27/May/2026:08:39:57 +0200] "GET /wp-includese4d8c2/44/index.php?id=151443 HTTP/1.1" 404 0 "-" "GO"
57.141.20.13 - - [27/May/2026:08:41:32 +0200] "GET /items/K461975102/ HTTP/1.1" 200 0 "-" "meta-externalagent/1.1 (+https://developers.facebook.com/docs/sharing/webmasters/crawler)"
57.141.20.33 - - [27/May/2026:08:42:04 +0200] "GET /items/K464144643/ HTTP/1.1" 200 0 "-" "meta-externalagent/1.1 (+https://developers.facebook.com/docs/sharing/webmasters/crawler)"
109.234.166.131 - - [27/May/2026:08:40:49 +0200] "GET /wp-includese4d8c2/44/index.php?id=682490 HTTP/1.1" 404 0 "-" "GO"
109.234.166.131 - - [27/May/2026:08:41:15 +0200] "GET /wp-includese4d8c2/44/index.php?id=159489 HTTP/1.1" 404 0 "-" "GO"
57.141.20.18 - - [27/May/2026:08:43:06 +0200] "GET /items/K461418776/ HTTP/1.1" 200 0 "-" "meta-externalagent/1.1 (+https://developers.facebook.com/docs/sharing/webmasters/crawler)"
57.141.20.18 - - [27/May/2026:08:43:40 +0200] "GET /items/K462915384/ HTTP/1.1" 200 0 "-" "meta-externalagent/1.1 (+https://developers.facebook.com/docs/sharing/webmasters/crawler)"
109.234.166.131 - - [27/May/2026:08:42:16 +0200] "GET /wp-includese4d8c2/44/index.php?id=682490 HTTP/1.1" 404 0 "-" "GO"
57.141.20.72 - - [27/May/2026:08:43:48 +0200] "GET /items/K467285655/ HTTP/1.1" 200 0 "-" "meta-externalagent/1.1 (+https://developers.facebook.com/docs/sharing/webmasters/crawler)"
57.141.20.56 - - [27/May/2026:08:38:09 +0200] "GET /items/K463936760/ HTTP/1.1" 200 15 "-" "meta-externalagent/1.1 (+https://developers.facebook.com/docs/sharing/webmasters/crawler)"
57.141.20.39 - - [27/May/2026:08:38:27 +0200] "GET /items/K461859931/ HTTP/1.1" 200 15 "-" "meta-externalagent/1.1 (+https://developers.facebook.com/docs/sharing/webmasters/crawler)"
109.234.166.131 - - [27/May/2026:08:37:49 +0200] "GET /wp-includese4d8c2/44/index.php?id=185562 HTTP/1.1" 404 0 "-" "GO"
109.234.166.131 - - [27/May/2026:08:37:46 +0200] "GET /wp-includese4d8c2/44/index.php?id=481319 HTTP/1.1" 404 0 "-" "GO"
157.55.39.197 - - [27/May/2026:08:39:34 +0200] "GET /items/R971479066/ HTTP/1.1" 200 13 "-" "Mozilla/5.0 AppleWebKit/537.36 (KHTML, like Gecko; compatible; bingbot/2.0; +http://www.bing.com/bingbot.htm) Chrome/116.0.1938.76 Safari/537.36"
57.141.20.0 - - [27/May/2026:08:39:52 +0200] "GET /items/K463362302/ HTTP/1.1" 200 0 "-" "meta-externalagent/1.1 (+https://developers.facebook.com/docs/sharing/webmasters/crawler)"
109.234.166.131 - - [27/May/2026:08:38:16 +0200] "GET /wp-includese4d8c2/44/index.php?id=159489 HTTP/1.1" 404 0 "-" "GO"
207.46.13.124 - - [27/May/2026:08:39:51 +0200] "GET /items/S984487915/ HTTP/1.1" 200 13 "-" "Mozilla/5.0 AppleWebKit/537.36 (KHTML, like Gecko; compatible; bingbot/2.0; +http://www.bing.com/bingbot.htm) Chrome/116.0.1938.76 Safari/537.36"
57.141.20.14 - - [27/May/2026:08:40:08 +0200] "GET /items/K461177923/ HTTP/1.1" 200 0 "-" "meta-externalagent/1.1 (+https://developers.facebook.com/docs/sharing/webmasters/crawler)"
57.141.20.13 - - [27/May/2026:08:40:06 +0200] "GET /items/K467116875/ HTTP/1.1" 200 0 "-" "meta-externalagent/1.1 (+https://developers.facebook.com/docs/sharing/webmasters/crawler)"
157.55.39.7 - - [27/May/2026:08:40:22 +0200] "GET /items/L777513747/ HTTP/1.1" 200 13 "-" "Mozilla/5.0 AppleWebKit/537.36 (KHTML, like Gecko; compatible; bingbot/2.0; +http://www.bing.com/bingbot.htm) Chrome/116.0.1938.76 Safari/537.36"
52.167.144.232 - - [27/May/2026:08:40:25 +0200] "GET /Canaux-RS485-RTU-Commutateur-De-T-l-commande-DC-12V-956687/ HTTP/1.1" 200 13 "-" "Mozilla/5.0 AppleWebKit/537.36 (KHTML, like Gecko; compatible; bingbot/2.0; +http://www.bing.com/bingbot.htm) Chrome/116.0.1938.76 Safari/537.36"
57.141.20.57 - - [27/May/2026:08:40:28 +0200] "GET /items/K467124361/ HTTP/1.1" 200 0 "-" "meta-externalagent/1.1 (+https://developers.facebook.com/docs/sharing/webmasters/crawler)"
157.55.39.197 - - [27/May/2026:08:40:34 +0200] "GET /items/O442326669/ HTTP/1.1" 200 13 "-" "Mozilla/5.0 AppleWebKit/537.36 (KHTML, like Gecko; compatible; bingbot/2.0; +http://www.bing.com/bingbot.htm) Chrome/116.0.1938.76 Safari/537.36"
109.234.166.131 - - [27/May/2026:08:39:14 +0200] "GET /wp-includese4d8c2/44/index.php?id=481319 HTTP/1.1" 404 0 "-" "GO"
109.234.166.131 - - [27/May/2026:08:39:25 +0200] "GET /wp-includese4d8c2/44/index.php?id=682490 HTTP/1.1" 404 0 "-" "GO"
57.141.20.31 - - [27/May/2026:08:41:03 +0200] "GET /items/K464382618/ HTTP/1.1" 200 0 "-" "meta-externalagent/1.1 (+https://developers.facebook.com/docs/sharing/webmasters/crawler)"
109.234.166.131 - - [27/May/2026:08:40:38 +0200] "GET /wp-includese4d8c2/44/index.php?id=481319 HTTP/1.1" 404 0 "-" "GO"
109.234.166.131 - - [27/May/2026:08:40:39 +0200] "GET /wp-includese4d8c2/44/index.php?id=185562 HTTP/1.1" 404 0 "-" "GO"
57.141.20.55 - - [27/May/2026:08:42:38 +0200] "GET /items/K467504373/ HTTP/1.1" 200 0 "-" "meta-externalagent/1.1 (+https://developers.facebook.com/docs/sharing/webmasters/crawler)"
57.141.20.17 - - [27/May/2026:08:43:25 +0200] "GET /items/K467755707/ HTTP/1.1" 200 0 "-" "meta-externalagent/1.1 (+https://developers.facebook.com/docs/sharing/webmasters/crawler)"
109.234.166.131 - - [27/May/2026:08:42:02 +0200] "GET /wp-includese4d8c2/44/index.php?id=481319 HTTP/1.1" 404 0 "-" "GO"
57.141.20.34 - - [27/May/2026:08:43:27 +0200] "GET /items/K467364910/ HTTP/1.1" 200 0 "-" "meta-externalagent/1.1 (+https://developers.facebook.com/docs/sharing/webmasters/crawler)"
57.141.20.4 - - [27/May/2026:08:43:39 +0200] "GET /?k=4530782yqwwi HTTP/1.1" 200 0 "-" "meta-externalagent/1.1 (+https://developers.facebook.com/docs/sharing/webmasters/crawler)"
57.141.20.13 - - [27/May/2026:08:43:42 +0200] "GET /?k=6545979h9m19 HTTP/1.1" 200 0 "-" "meta-externalagent/1.1 (+https://developers.facebook.com/docs/sharing/webmasters/crawler)"
57.141.20.4 - - [27/May/2026:08:43:45 +0200] "GET /items/K461737088/ HTTP/1.1" 200 0 "-" "meta-externalagent/1.1 (+https://developers.facebook.com/docs/sharing/webmasters/crawler)"
207.46.13.127 - - [27/May/2026:08:43:51 +0200] "GET /items/I564189706/ HTTP/1.1" 200 13 "-" "Mozilla/5.0 AppleWebKit/537.36 (KHTML, like Gecko; compatible; bingbot/2.0; +http://www.bing.com/bingbot.htm) Chrome/116.0.1938.76 Safari/537.36"
57.141.20.1 - - [27/May/2026:08:44:06 +0200] "GET /items/K463585702/ HTTP/1.1" 200 0 "-" "meta-externalagent/1.1 (+https://developers.facebook.com/docs/sharing/webmasters/crawler)"
57.141.20.37 - - [27/May/2026:08:44:06 +0200] "GET /items/K465560122/ HTTP/1.1" 200 0 "-" "meta-externalagent/1.1 (+https://developers.facebook.com/docs/sharing/webmasters/crawler)"
57.141.20.12 - - [27/May/2026:08:44:04 +0200] "GET /items/K464587718/ HTTP/1.1" 200 0 "-" "meta-externalagent/1.1 (+https://developers.facebook.com/docs/sharing/webmasters/crawler)"
57.141.20.32 - - [27/May/2026:08:43:51 +0200] "GET /items/K464686837/ HTTP/1.1" 200 15 "-" "meta-externalagent/1.1 (+https://developers.facebook.com/docs/sharing/webmasters/crawler)"
109.234.166.131 - - [27/May/2026:08:42:45 +0200] "GET /wp-includese4d8c2/44/index.php?id=159489 HTTP/1.1" 404 0 "-" "GO"
40.77.167.24 - - [27/May/2026:08:44:11 +0200] "GET /items/C544912297/ HTTP/1.1" 200 13 "-" "Mozilla/5.0 AppleWebKit/537.36 (KHTML, like Gecko; compatible; bingbot/2.0; +http://www.bing.com/bingbot.htm) Chrome/116.0.1938.76 Safari/537.36"
57.141.20.66 - - [27/May/2026:08:44:36 +0200] "GET /items/K463698369/ HTTP/1.1" 200 0 "-" "meta-externalagent/1.1 (+https://developers.facebook.com/docs/sharing/webmasters/crawler)"
57.141.20.27 - - [27/May/2026:08:45:01 +0200] "GET /items/K463427043/ HTTP/1.1" 200 0 "-" "meta-externalagent/1.1 (+https://developers.facebook.com/docs/sharing/webmasters/crawler)"
57.141.20.58 - - [27/May/2026:08:45:18 +0200] "GET /items/K467389233/ HTTP/1.1" 200 0 "-" "meta-externalagent/1.1 (+https://developers.facebook.com/docs/sharing/webmasters/crawler)"
57.141.20.26 - - [27/May/2026:08:45:16 +0200] "GET /items/K463232759/ HTTP/1.1" 200 0 "-" "meta-externalagent/1.1 (+https://developers.facebook.com/docs/sharing/webmasters/crawler)"
157.55.39.192 - - [27/May/2026:08:43:56 +0200] "GET /items/Z832735653/ HTTP/1.1" 200 13 "-" "Mozilla/5.0 AppleWebKit/537.36 (KHTML, like Gecko; compatible; bingbot/2.0; +http://www.bing.com/bingbot.htm) Chrome/116.0.1938.76 Safari/537.36"
57.141.20.60 - - [27/May/2026:08:44:28 +0200] "GET /items/K463161033/ HTTP/1.1" 200 0 "-" "meta-externalagent/1.1 (+https://developers.facebook.com/docs/sharing/webmasters/crawler)"
57.141.20.17 - - [27/May/2026:08:45:32 +0200] "GET /items/K466977452/ HTTP/1.1" 200 0 "-" "meta-externalagent/1.1 (+https://developers.facebook.com/docs/sharing/webmasters/crawler)"
109.234.166.131 - - [27/May/2026:08:44:09 +0200] "GET /wp-includese4d8c2/44/index.php?id=159489 HTTP/1.1" 404 0 "-" "GO"
57.141.20.71 - - [27/May/2026:08:45:28 +0200] "GET /items/K467256924/ HTTP/1.1" 200 15 "-" "meta-externalagent/1.1 (+https://developers.facebook.com/docs/sharing/webmasters/crawler)"
207.46.13.127 - - [27/May/2026:08:45:49 +0200] "GET /items/T173726699/ HTTP/1.1" 200 13 "-" "Mozilla/5.0 AppleWebKit/537.36 (KHTML, like Gecko; compatible; bingbot/2.0; +http://www.bing.com/bingbot.htm) Chrome/116.0.1938.76 Safari/537.36"
57.141.20.70 - - [27/May/2026:08:43:49 +0200] "GET /items/K462751346/ HTTP/1.1" 200 0 "-" "meta-externalagent/1.1 (+https://developers.facebook.com/docs/sharing/webmasters/crawler)"
57.141.20.62 - - [27/May/2026:08:43:53 +0200] "GET /overlimedudi.xml HTTP/1.1" 200 15 "-" "meta-externalagent/1.1 (+https://developers.facebook.com/docs/sharing/webmasters/crawler)"
40.77.167.24 - - [27/May/2026:08:44:20 +0200] "GET /items/K796482700/ HTTP/1.1" 200 13 "-" "Mozilla/5.0 AppleWebKit/537.36 (KHTML, like Gecko; compatible; bingbot/2.0; +http://www.bing.com/bingbot.htm) Chrome/116.0.1938.76 Safari/537.36"
109.234.166.131 - - [27/May/2026:08:42:56 +0200] "GET /wp-includese4d8c2/44/index.php?id=151443 HTTP/1.1" 404 0 "-" "GO"
57.141.20.43 - - [27/May/2026:08:44:20 +0200] "GET /items/K466417139/ HTTP/1.1" 200 0 "-" "meta-externalagent/1.1 (+https://developers.facebook.com/docs/sharing/webmasters/crawler)"
109.234.166.131 - - [27/May/2026:08:43:30 +0200] "GET /wp-includese4d8c2/44/index.php?id=481319 HTTP/1.1" 404 0 "-" "GO"
109.234.166.131 - - [27/May/2026:08:43:29 +0200] "GET /wp-includese4d8c2/44/index.php?id=185562 HTTP/1.1" 404 0 "-" "GO"
109.234.166.131 - - [27/May/2026:08:43:45 +0200] "GET /wp-includese4d8c2/44/index.php?id=682490 HTTP/1.1" 404 0 "-" "GO"
57.141.20.31 - - [27/May/2026:08:45:00 +0200] "GET /?k=2197447m2eu2 HTTP/1.1" 200 0 "-" "meta-externalagent/1.1 (+https://developers.facebook.com/docs/sharing/webmasters/crawler)"
109.234.166.131 - - [27/May/2026:08:44:20 +0200] "GET /wp-includese4d8c2/44/index.php?id=151443 HTTP/1.1" 404 0 "-" "GO"
57.141.20.16 - - [27/May/2026:08:46:20 +0200] "GET /items/K466427463/ HTTP/1.1" 200 0 "-" "meta-externalagent/1.1 (+https://developers.facebook.com/docs/sharing/webmasters/crawler)"
57.141.20.69 - - [27/May/2026:08:46:21 +0200] "GET /?k=4819753cjseu HTTP/1.1" 200 0 "-" "meta-externalagent/1.1 (+https://developers.facebook.com/docs/sharing/webmasters/crawler)"
157.55.39.192 - - [27/May/2026:08:46:27 +0200] "GET /items/L517013011/ HTTP/1.1" 200 13 "-" "Mozilla/5.0 AppleWebKit/537.36 (KHTML, like Gecko; compatible; bingbot/2.0; +http://www.bing.com/bingbot.htm) Chrome/116.0.1938.76 Safari/537.36"
109.234.166.131 - - [27/May/2026:08:45:09 +0200] "GET /wp-includese4d8c2/44/index.php?id=682490 HTTP/1.1" 404 0 "-" "GO"
57.141.20.72 - - [27/May/2026:08:46:40 +0200] "GET /items/K467876290/ HTTP/1.1" 200 0 "-" "meta-externalagent/1.1 (+https://developers.facebook.com/docs/sharing/webmasters/crawler)"
57.141.20.1 - - [27/May/2026:08:46:47 +0200] "GET /items/K467652356/ HTTP/1.1" 200 0 "-" "meta-externalagent/1.1 (+https://developers.facebook.com/docs/sharing/webmasters/crawler)"
207.46.13.127 - - [27/May/2026:08:46:50 +0200] "GET /items/I355400179/ HTTP/1.1" 200 13 "-" "Mozilla/5.0 AppleWebKit/537.36 (KHTML, like Gecko; compatible; bingbot/2.0; +http://www.bing.com/bingbot.htm) Chrome/116.0.1938.76 Safari/537.36"
57.141.20.70 - - [27/May/2026:08:47:13 +0200] "GET /items/K464216334/ HTTP/1.1" 200 0 "-" "meta-externalagent/1.1 (+https://developers.facebook.com/docs/sharing/webmasters/crawler)"
109.234.166.131 - - [27/May/2026:08:46:37 +0200] "GET /wp-includese4d8c2/44/index.php?id=682490 HTTP/1.1" 404 0 "-" "GO"
57.141.20.25 - - [27/May/2026:08:48:56 +0200] "GET /items/K462675687/ HTTP/1.1" 200 0 "-" "meta-externalagent/1.1 (+https://developers.facebook.com/docs/sharing/webmasters/crawler)"
207.46.13.116 - - [27/May/2026:08:49:00 +0200] "GET /items/Y812936422/ HTTP/1.1" 200 13 "-" "Mozilla/5.0 AppleWebKit/537.36 (KHTML, like Gecko; compatible; bingbot/2.0; +http://www.bing.com/bingbot.htm) Chrome/116.0.1938.76 Safari/537.36"
109.234.166.131 - - [27/May/2026:08:47:52 +0200] "GET /wp-includese4d8c2/44/index.php?id=185562 HTTP/1.1" 404 0 "-" "GO"
57.141.20.54 - - [27/May/2026:08:49:31 +0200] "GET /items/K461585641/ HTTP/1.1" 200 0 "-" "meta-externalagent/1.1 (+https://developers.facebook.com/docs/sharing/webmasters/crawler)"
57.141.20.4 - - [27/May/2026:08:49:56 +0200] "GET /items/K464558630/ HTTP/1.1" 200 0 "-" "meta-externalagent/1.1 (+https://developers.facebook.com/docs/sharing/webmasters/crawler)"
57.141.20.10 - - [27/May/2026:08:49:57 +0200] "GET /items/K462592644/ HTTP/1.1" 200 0 "-" "meta-externalagent/1.1 (+https://developers.facebook.com/docs/sharing/webmasters/crawler)"
109.234.166.131 - - [27/May/2026:08:48:37 +0200] "GET /wp-includese4d8c2/44/index.php?id=159489 HTTP/1.1" 404 0 "-" "GO"
109.234.166.131 - - [27/May/2026:08:48:36 +0200] "GET /wp-includese4d8c2/44/index.php?id=151443 HTTP/1.1" 404 0 "-" "GO"
109.234.166.131 - - [27/May/2026:08:49:16 +0200] "GET /wp-includese4d8c2/44/index.php?id=185562 HTTP/1.1" 404 0 "-" "GO"
109.234.166.131 - - [27/May/2026:08:49:25 +0200] "GET /wp-includese4d8c2/44/index.php?id=682490 HTTP/1.1" 404 0 "-" "GO"
57.141.20.49 - - [27/May/2026:08:50:56 +0200] "GET /items/K461385924/ HTTP/1.1" 200 0 "-" "meta-externalagent/1.1 (+https://developers.facebook.com/docs/sharing/webmasters/crawler)"
109.234.166.131 - - [27/May/2026:08:50:05 +0200] "GET /wp-includese4d8c2/44/index.php?id=151443 HTTP/1.1" 404 0 "-" "GO"
57.141.20.7 - - [27/May/2026:08:51:53 +0200] "GET /items/K465958470/ HTTP/1.1" 200 0 "-" "meta-externalagent/1.1 (+https://developers.facebook.com/docs/sharing/webmasters/crawler)"
109.234.166.131 - - [27/May/2026:08:50:34 +0200] "GET /wp-includese4d8c2/44/index.php?id=481319 HTTP/1.1" 404 0 "-" "GO"
57.141.20.26 - - [27/May/2026:08:52:16 +0200] "GET /items/K464152263/ HTTP/1.1" 200 0 "-" "meta-externalagent/1.1 (+https://developers.facebook.com/docs/sharing/webmasters/crawler)"
40.77.167.35 - - [27/May/2026:08:46:21 +0200] "GET /items/N623120526/ HTTP/1.1" 200 13 "-" "Mozilla/5.0 AppleWebKit/537.36 (KHTML, like Gecko; compatible; bingbot/2.0; +http://www.bing.com/bingbot.htm) Chrome/116.0.1938.76 Safari/537.36"
57.141.20.18 - - [27/May/2026:08:46:21 +0200] "GET /items/K464876536/ HTTP/1.1" 200 0 "-" "meta-externalagent/1.1 (+https://developers.facebook.com/docs/sharing/webmasters/crawler)"
109.234.166.131 - - [27/May/2026:08:44:57 +0200] "GET /wp-includese4d8c2/44/index.php?id=185562 HTTP/1.1" 404 0 "-" "GO"
57.141.20.53 - - [27/May/2026:08:46:41 +0200] "GET /items/K467837850/ HTTP/1.1" 200 0 "-" "meta-externalagent/1.1 (+https://developers.facebook.com/docs/sharing/webmasters/crawler)"
57.141.20.55 - - [27/May/2026:08:46:43 +0200] "GET /items/K466831351/ HTTP/1.1" 200 0 "-" "meta-externalagent/1.1 (+https://developers.facebook.com/docs/sharing/webmasters/crawler)"
207.46.13.124 - - [27/May/2026:08:46:37 +0200] "GET /items/Y104736944/ HTTP/1.1" 200 13 "-" "Mozilla/5.0 AppleWebKit/537.36 (KHTML, like Gecko; compatible; bingbot/2.0; +http://www.bing.com/bingbot.htm) Chrome/116.0.1938.76 Safari/537.36"
40.77.167.35 - - [27/May/2026:08:47:21 +0200] "GET /items/C651220647/ HTTP/1.1" 200 15 "-" "Mozilla/5.0 AppleWebKit/537.36 (KHTML, like Gecko; compatible; bingbot/2.0; +http://www.bing.com/bingbot.htm) Chrome/116.0.1938.76 Safari/537.36"
157.55.39.7 - - [27/May/2026:08:48:24 +0200] "GET /items/Y075192935/ HTTP/1.1" 200 13 "-" "Mozilla/5.0 AppleWebKit/537.36 (KHTML, like Gecko; compatible; bingbot/2.0; +http://www.bing.com/bingbot.htm) Chrome/116.0.1938.76 Safari/537.36"
109.234.166.131 - - [27/May/2026:08:47:08 +0200] "GET /wp-includese4d8c2/44/index.php?id=151443 HTTP/1.1" 404 0 "-" "GO"
109.234.166.131 - - [27/May/2026:08:47:06 +0200] "GET /wp-includese4d8c2/44/index.php?id=159489 HTTP/1.1" 404 0 "-" "GO"
57.141.20.1 - - [27/May/2026:08:48:51 +0200] "GET /items/K466071023/ HTTP/1.1" 200 0 "-" "meta-externalagent/1.1 (+https://developers.facebook.com/docs/sharing/webmasters/crawler)"
57.141.20.13 - - [27/May/2026:08:49:25 +0200] "GET /?k=4072012k86j HTTP/1.1" 200 0 "-" "meta-externalagent/1.1 (+https://developers.facebook.com/docs/sharing/webmasters/crawler)"
109.234.166.131 - - [27/May/2026:08:48:01 +0200] "GET /wp-includese4d8c2/44/index.php?id=682490 HTTP/1.1" 404 0 "-" "GO"
207.46.13.127 - - [27/May/2026:08:49:32 +0200] "GET /items/E422461250/ HTTP/1.1" 200 13 "-" "Mozilla/5.0 AppleWebKit/537.36 (KHTML, like Gecko; compatible; bingbot/2.0; +http://www.bing.com/bingbot.htm) Chrome/116.0.1938.76 Safari/537.36"
207.46.13.116 - - [27/May/2026:08:51:38 +0200] "GET /items/Q092019315/ HTTP/1.1" 200 13 "-" "Mozilla/5.0 AppleWebKit/537.36 (KHTML, like Gecko; compatible; bingbot/2.0; +http://www.bing.com/bingbot.htm) Chrome/116.0.1938.76 Safari/537.36"
57.141.20.62 - - [27/May/2026:08:51:58 +0200] "GET /items/K464285498/ HTTP/1.1" 200 0 "-" "meta-externalagent/1.1 (+https://developers.facebook.com/docs/sharing/webmasters/crawler)"
109.234.166.131 - - [27/May/2026:08:50:50 +0200] "GET /wp-includese4d8c2/44/index.php?id=682490 HTTP/1.1" 404 0 "-" "GO"
57.141.20.47 - - [27/May/2026:08:52:12 +0200] "GET /items/K463864636/ HTTP/1.1" 200 0 "-" "meta-externalagent/1.1 (+https://developers.facebook.com/docs/sharing/webmasters/crawler)"
57.141.20.65 - - [27/May/2026:08:52:44 +0200] "GET /items/K466091192/ HTTP/1.1" 200 0 "-" "meta-externalagent/1.1 (+https://developers.facebook.com/docs/sharing/webmasters/crawler)"
57.141.20.8 - - [27/May/2026:08:52:51 +0200] "GET /items/K466685654/ HTTP/1.1" 200 0 "-" "meta-externalagent/1.1 (+https://developers.facebook.com/docs/sharing/webmasters/crawler)"
109.234.166.131 - - [27/May/2026:08:51:30 +0200] "GET /wp-includese4d8c2/44/index.php?id=151443 HTTP/1.1" 404 0 "-" "GO"
57.141.20.54 - - [27/May/2026:08:53:16 +0200] "GET /items/K465277228/ HTTP/1.1" 200 0 "-" "meta-externalagent/1.1 (+https://developers.facebook.com/docs/sharing/webmasters/crawler)"
57.141.20.64 - - [27/May/2026:08:46:02 +0200] "GET /items/K463482663/ HTTP/1.1" 200 0 "-" "meta-externalagent/1.1 (+https://developers.facebook.com/docs/sharing/webmasters/crawler)"
157.55.39.7 - - [27/May/2026:08:46:17 +0200] "GET /items/J661186210/ HTTP/1.1" 200 13 "-" "Mozilla/5.0 AppleWebKit/537.36 (KHTML, like Gecko; compatible; bingbot/2.0; +http://www.bing.com/bingbot.htm) Chrome/116.0.1938.76 Safari/537.36"
109.234.166.131 - - [27/May/2026:08:44:55 +0200] "GET /wp-includese4d8c2/44/index.php?id=481319 HTTP/1.1" 404 0 "-" "GO"
57.141.20.49 - - [27/May/2026:08:46:57 +0200] "GET /items/K465640973/ HTTP/1.1" 200 0 "-" "meta-externalagent/1.1 (+https://developers.facebook.com/docs/sharing/webmasters/crawler)"
57.141.20.52 - - [27/May/2026:08:47:00 +0200] "GET /items/K465075419/ HTTP/1.1" 200 0 "-" "meta-externalagent/1.1 (+https://developers.facebook.com/docs/sharing/webmasters/crawler)"
109.234.166.131 - - [27/May/2026:08:45:38 +0200] "GET /wp-includese4d8c2/44/index.php?id=159489 HTTP/1.1" 404 0 "-" "GO"
109.234.166.131 - - [27/May/2026:08:45:44 +0200] "GET /wp-includese4d8c2/44/index.php?id=151443 HTTP/1.1" 404 0 "-" "GO"
57.141.20.8 - - [27/May/2026:08:47:16 +0200] "GET /items/K464350903/ HTTP/1.1" 200 0 "-" "meta-externalagent/1.1 (+https://developers.facebook.com/docs/sharing/webmasters/crawler)"
109.234.166.131 - - [27/May/2026:08:46:20 +0200] "GET /wp-includese4d8c2/44/index.php?id=481319 HTTP/1.1" 404 0 "-" "GO"
109.234.166.131 - - [27/May/2026:08:46:23 +0200] "GET /wp-includese4d8c2/44/index.php?id=185562 HTTP/1.1" 404 0 "-" "GO"
57.141.20.9 - - [27/May/2026:08:47:55 +0200] "GET /items/K461722782/ HTTP/1.1" 200 15 "-" "meta-externalagent/1.1 (+https://developers.facebook.com/docs/sharing/webmasters/crawler)"
109.234.166.131 - - [27/May/2026:08:47:44 +0200] "GET /wp-includese4d8c2/44/index.php?id=481319 HTTP/1.1" 404 0 "-" "GO"
57.141.20.39 - - [27/May/2026:08:49:30 +0200] "GET /?k=6475439kc3xn HTTP/1.1" 200 0 "-" "meta-externalagent/1.1 (+https://developers.facebook.com/docs/sharing/webmasters/crawler)"
57.141.20.60 - - [27/May/2026:08:49:58 +0200] "GET /items/K467727205/ HTTP/1.1" 200 0 "-" "meta-externalagent/1.1 (+https://developers.facebook.com/docs/sharing/webmasters/crawler)"
207.46.13.130 - - [27/May/2026:08:49:59 +0200] "GET /items/Q706925950/ HTTP/1.1" 200 15 "-" "Mozilla/5.0 AppleWebKit/537.36 (KHTML, like Gecko; compatible; bingbot/2.0; +http://www.bing.com/bingbot.htm) Chrome/116.0.1938.76 Safari/537.36"
109.234.166.131 - - [27/May/2026:08:49:10 +0200] "GET /wp-includese4d8c2/44/index.php?id=481319 HTTP/1.1" 404 0 "-" "GO"
57.141.20.70 - - [27/May/2026:08:51:12 +0200] "GET /items/K467873530/ HTTP/1.1" 200 0 "-" "meta-externalagent/1.1 (+https://developers.facebook.com/docs/sharing/webmasters/crawler)"
40.77.167.35 - - [27/May/2026:08:51:11 +0200] "GET /items/H876788771/ HTTP/1.1" 200 13 "-" "Mozilla/5.0 AppleWebKit/537.36 (KHTML, like Gecko; compatible; bingbot/2.0; +http://www.bing.com/bingbot.htm) Chrome/116.0.1938.76 Safari/537.36"
157.55.39.200 - - [27/May/2026:08:51:22 +0200] "GET /items/V433584110/ HTTP/1.1" 200 13 "-" "Mozilla/5.0 AppleWebKit/537.36 (KHTML, like Gecko; compatible; bingbot/2.0; +http://www.bing.com/bingbot.htm) Chrome/116.0.1938.76 Safari/537.36"
109.234.166.131 - - [27/May/2026:08:50:01 +0200] "GET /wp-includese4d8c2/44/index.php?id=159489 HTTP/1.1" 404 0 "-" "GO"
57.141.20.42 - - [27/May/2026:08:51:17 +0200] "GET /items/K465355413/ HTTP/1.1" 200 15 "-" "meta-externalagent/1.1 (+https://developers.facebook.com/docs/sharing/webmasters/crawler)"
109.234.166.131 - - [27/May/2026:08:50:42 +0200] "GET /wp-includese4d8c2/44/index.php?id=185562 HTTP/1.1" 404 0 "-" "GO"
57.141.20.64 - - [27/May/2026:08:52:09 +0200] "GET /items/K462999378/ HTTP/1.1" 200 15 "-" "meta-externalagent/1.1 (+https://developers.facebook.com/docs/sharing/webmasters/crawler)"
109.234.166.131 - - [27/May/2026:08:52:00 +0200] "GET /wp-includese4d8c2/44/index.php?id=481319 HTTP/1.1" 404 0 "-" "GO"
57.141.20.5 - - [27/May/2026:08:53:22 +0200] "GET /items/K466675765/ HTTP/1.1" 200 0 "-" "meta-externalagent/1.1 (+https://developers.facebook.com/docs/sharing/webmasters/crawler)"
69.30.223.218 - - [27/May/2026:08:53:33 +0200] "GET /wp-includese4d8c2/44/index.php HTTP/1.1" 200 8 "http://deribos.com/wp-includese4d8c2/44/index.php" "Mozilla/5.0 (Windows NT 10.0; Win64; x64) AppleWebKit/537.36 (KHTML, like Gecko) Chrome/58.0.3029.110 Safari/537.3"
57.141.20.59 - - [27/May/2026:08:53:55 +0200] "GET /items/K464729578/ HTTP/1.1" 200 0 "-" "meta-externalagent/1.1 (+https://developers.facebook.com/docs/sharing/webmasters/crawler)"
57.141.20.12 - - [27/May/2026:08:54:19 +0200] "GET /items/K463796028/ HTTP/1.1" 200 0 "-" "meta-externalagent/1.1 (+https://developers.facebook.com/docs/sharing/webmasters/crawler)"
57.141.20.41 - - [27/May/2026:08:54:17 +0200] "GET /items/K466145375/ HTTP/1.1" 200 0 "-" "meta-externalagent/1.1 (+https://developers.facebook.com/docs/sharing/webmasters/crawler)"
57.141.20.13 - - [27/May/2026:08:54:22 +0200] "GET /items/K463330547/ HTTP/1.1" 200 0 "-" "meta-externalagent/1.1 (+https://developers.facebook.com/docs/sharing/webmasters/crawler)"
57.141.20.33 - - [27/May/2026:08:54:37 +0200] "GET /items/K462355255/ HTTP/1.1" 200 0 "-" "meta-externalagent/1.1 (+https://developers.facebook.com/docs/sharing/webmasters/crawler)"
57.141.20.41 - - [27/May/2026:08:54:34 +0200] "GET /items/K462155181/ HTTP/1.1" 200 0 "-" "meta-externalagent/1.1 (+https://developers.facebook.com/docs/sharing/webmasters/crawler)"
109.234.166.131 - - [27/May/2026:08:53:24 +0200] "GET /wp-includese4d8c2/44/index.php?id=481319 HTTP/1.1" 503 807 "-" "GO"
109.234.166.131 - - [27/May/2026:08:54:18 +0200] "GET /wp-includese4d8c2/44/index.php?id=151443 HTTP/1.1" 503 807 "-" "GO"
57.141.20.52 - - [27/May/2026:08:55:52 +0200] "GET /items/K463258580/ HTTP/1.1" 200 0 "-" "meta-externalagent/1.1 (+https://developers.facebook.com/docs/sharing/webmasters/crawler)"
109.234.166.131 - - [27/May/2026:08:54:50 +0200] "GET /wp-includese4d8c2/44/index.php?id=481319 HTTP/1.1" 404 0 "-" "GO"
109.234.166.131 - - [27/May/2026:08:54:24 +0200] "GET /wp-includese4d8c2/44/index.php?id=159489 HTTP/1.1" 404 0 "-" "GO"
57.141.20.39 - - [27/May/2026:08:57:12 +0200] "GET /items/K465053062/ HTTP/1.1" 200 0 "-" "meta-externalagent/1.1 (+https://developers.facebook.com/docs/sharing/webmasters/crawler)"
207.46.13.127 - - [27/May/2026:08:57:13 +0200] "GET /sitemap.xml HTTP/1.1" 200 15 "-" "Mozilla/5.0 AppleWebKit/537.36 (KHTML, like Gecko; compatible; bingbot/2.0; +http://www.bing.com/bingbot.htm) Chrome/116.0.1938.76 Safari/537.36"
109.234.166.131 - - [27/May/2026:08:56:15 +0200] "GET /wp-includese4d8c2/44/index.php?id=159489 HTTP/1.1" 404 0 "-" "GO"
57.141.20.2 - - [27/May/2026:08:58:13 +0200] "GET /items/K467869563/ HTTP/1.1" 200 0 "-" "meta-externalagent/1.1 (+https://developers.facebook.com/docs/sharing/webmasters/crawler)"
57.141.20.44 - - [27/May/2026:08:58:23 +0200] "GET /items/K463629771/ HTTP/1.1" 200 0 "-" "meta-externalagent/1.1 (+https://developers.facebook.com/docs/sharing/webmasters/crawler)"
57.141.20.0 - - [27/May/2026:08:58:27 +0200] "GET /items/K461546189/ HTTP/1.1" 200 0 "-" "meta-externalagent/1.1 (+https://developers.facebook.com/docs/sharing/webmasters/crawler)"
57.141.20.61 - - [27/May/2026:08:58:36 +0200] "GET /items/K467541122/ HTTP/1.1" 200 0 "-" "meta-externalagent/1.1 (+https://developers.facebook.com/docs/sharing/webmasters/crawler)"
40.77.167.24 - - [27/May/2026:08:52:23 +0200] "GET /TJS-DIY-Carillon-olien-Diamant-5D-Mosa-que-Cristal-Prisme-1061997/ HTTP/1.1" 200 13 "-" "Mozilla/5.0 AppleWebKit/537.36 (KHTML, like Gecko; compatible; bingbot/2.0; +http://www.bing.com/bingbot.htm) Chrome/116.0.1938.76 Safari/537.36"
109.234.166.131 - - [27/May/2026:08:51:25 +0200] "GET /wp-includese4d8c2/44/index.php?id=159489 HTTP/1.1" 404 0 "-" "GO"
57.141.20.8 - - [27/May/2026:08:53:11 +0200] "GET /?k=24067202wda7 HTTP/1.1" 200 0 "-" "meta-externalagent/1.1 (+https://developers.facebook.com/docs/sharing/webmasters/crawler)"
109.234.166.131 - - [27/May/2026:08:52:16 +0200] "GET /wp-includese4d8c2/44/index.php?id=682490 HTTP/1.1" 404 0 "-" "GO"
57.141.20.70 - - [27/May/2026:08:53:36 +0200] "GET /items/K463897548/ HTTP/1.1" 200 0 "-" "meta-externalagent/1.1 (+https://developers.facebook.com/docs/sharing/webmasters/crawler)"
52.167.144.166 - - [27/May/2026:08:53:42 +0200] "GET /items/O981220069/ HTTP/1.1" 200 15 "-" "Mozilla/5.0 AppleWebKit/537.36 (KHTML, like Gecko; compatible; bingbot/2.0; +http://www.bing.com/bingbot.htm) Chrome/116.0.1938.76 Safari/537.36"
109.234.166.131 - - [27/May/2026:08:53:37 +0200] "GET /wp-includese4d8c2/44/index.php?id=185562 HTTP/1.1" 404 0 "-" "GO"
109.234.166.131 - - [27/May/2026:08:52:54 +0200] "GET /wp-includese4d8c2/44/index.php?id=151443 HTTP/1.1" 404 0 "-" "GO"
57.141.20.30 - - [27/May/2026:08:54:20 +0200] "GET /items/K465248628/ HTTP/1.1" 200 0 "-" "meta-externalagent/1.1 (+https://developers.facebook.com/docs/sharing/webmasters/crawler)"
109.234.166.131 - - [27/May/2026:08:53:00 +0200] "GET /wp-includese4d8c2/44/index.php?id=159489 HTTP/1.1" 404 0 "-" "GO"
57.141.20.2 - - [27/May/2026:08:55:46 +0200] "GET /items/K465841144/ HTTP/1.1" 200 0 "-" "meta-externalagent/1.1 (+https://developers.facebook.com/docs/sharing/webmasters/crawler)"
57.141.20.21 - - [27/May/2026:08:55:47 +0200] "GET /items/K463759014/ HTTP/1.1" 200 0 "-" "meta-externalagent/1.1 (+https://developers.facebook.com/docs/sharing/webmasters/crawler)"
57.141.20.43 - - [27/May/2026:08:56:44 +0200] "GET /items/K461652741/ HTTP/1.1" 200 0 "-" "meta-externalagent/1.1 (+https://developers.facebook.com/docs/sharing/webmasters/crawler)"
57.141.20.44 - - [27/May/2026:08:57:27 +0200] "GET /items/K463170209/ HTTP/1.1" 200 0 "-" "meta-externalagent/1.1 (+https://developers.facebook.com/docs/sharing/webmasters/crawler)"
57.141.20.33 - - [27/May/2026:08:57:34 +0200] "GET /items/K462003246/ HTTP/1.1" 200 0 "-" "meta-externalagent/1.1 (+https://developers.facebook.com/docs/sharing/webmasters/crawler)"
57.141.20.21 - - [27/May/2026:08:57:58 +0200] "GET /items/K463361673/ HTTP/1.1" 200 0 "-" "meta-externalagent/1.1 (+https://developers.facebook.com/docs/sharing/webmasters/crawler)"
57.141.20.26 - - [27/May/2026:08:58:04 +0200] "GET /?k=4727273yfhbz HTTP/1.1" 200 0 "-" "meta-externalagent/1.1 (+https://developers.facebook.com/docs/sharing/webmasters/crawler)"
57.141.20.35 - - [27/May/2026:08:58:25 +0200] "GET /items/K463470376/ HTTP/1.1" 200 0 "-" "meta-externalagent/1.1 (+https://developers.facebook.com/docs/sharing/webmasters/crawler)"
57.141.20.0 - - [27/May/2026:08:58:47 +0200] "GET /items/K463161164/ HTTP/1.1" 200 0 "-" "meta-externalagent/1.1 (+https://developers.facebook.com/docs/sharing/webmasters/crawler)"
57.141.20.8 - - [27/May/2026:08:58:51 +0200] "GET /items/K462034723/ HTTP/1.1" 200 0 "-" "meta-externalagent/1.1 (+https://developers.facebook.com/docs/sharing/webmasters/crawler)"
109.234.166.131 - - [27/May/2026:08:57:40 +0200] "GET /wp-includese4d8c2/44/index.php?id=481319 HTTP/1.1" 404 0 "-" "GO"
57.141.20.0 - - [27/May/2026:08:59:55 +0200] "GET /items/K464418936/ HTTP/1.1" 200 0 "-" "meta-externalagent/1.1 (+https://developers.facebook.com/docs/sharing/webmasters/crawler)"
57.141.20.4 - - [27/May/2026:09:00:04 +0200] "GET /items/K462052102/ HTTP/1.1" 200 0 "-" "meta-externalagent/1.1 (+https://developers.facebook.com/docs/sharing/webmasters/crawler)"
109.234.166.131 - - [27/May/2026:08:52:06 +0200] "GET /wp-includese4d8c2/44/index.php?id=185562 HTTP/1.1" 404 0 "-" "GO"
57.141.20.59 - - [27/May/2026:08:53:57 +0200] "GET /items/K461561550/ HTTP/1.1" 200 0 "-" "meta-externalagent/1.1 (+https://developers.facebook.com/docs/sharing/webmasters/crawler)"
69.30.223.218 - - [27/May/2026:08:53:37 +0200] "GET /wp-includese4d8c2/44/index.php HTTP/1.1" 503 807 "http://deribos.com/wp-includese4d8c2/44/index.php" "Mozilla/5.0 (Windows NT 10.0; Win64; x64) AppleWebKit/537.36 (KHTML, like Gecko) Chrome/58.0.3029.110 Safari/537.3"
109.234.166.131 - - [27/May/2026:08:53:40 +0200] "GET /wp-includese4d8c2/44/index.php?id=682490 HTTP/1.1" 503 807 "-" "GO"
69.30.223.218 - - [27/May/2026:08:53:41 +0200] "GET /wp-includese4d8c2/44/index.php HTTP/1.1" 503 807 "http://deribos.com/wp-includese4d8c2/44/index.php" "Mozilla/5.0 (Windows NT 10.0; Win64; x64) AppleWebKit/537.36 (KHTML, like Gecko) Chrome/58.0.3029.110 Safari/537.3"
57.141.20.27 - - [27/May/2026:08:56:01 +0200] "GET /items/K465577390/ HTTP/1.1" 200 0 "-" "meta-externalagent/1.1 (+https://developers.facebook.com/docs/sharing/webmasters/crawler)"
57.141.20.67 - - [27/May/2026:08:56:05 +0200] "GET /items/K464928931/ HTTP/1.1" 200 0 "-" "meta-externalagent/1.1 (+https://developers.facebook.com/docs/sharing/webmasters/crawler)"
57.141.20.66 - - [27/May/2026:08:56:54 +0200] "GET /items/K466387044/ HTTP/1.1" 200 0 "-" "meta-externalagent/1.1 (+https://developers.facebook.com/docs/sharing/webmasters/crawler)"
57.141.20.6 - - [27/May/2026:08:57:32 +0200] "GET /items/K467616673/ HTTP/1.1" 200 0 "-" "meta-externalagent/1.1 (+https://developers.facebook.com/docs/sharing/webmasters/crawler)"
57.141.20.7 - - [27/May/2026:08:57:41 +0200] "GET /items/K466289120/ HTTP/1.1" 200 0 "-" "meta-externalagent/1.1 (+https://developers.facebook.com/docs/sharing/webmasters/crawler)"
57.141.20.51 - - [27/May/2026:08:57:42 +0200] "GET /?k=552780780w77 HTTP/1.1" 200 0 "-" "meta-externalagent/1.1 (+https://developers.facebook.com/docs/sharing/webmasters/crawler)"
109.234.166.131 - - [27/May/2026:08:56:15 +0200] "GET /wp-includese4d8c2/44/index.php?id=481319 HTTP/1.1" 404 0 "-" "GO"
57.141.20.39 - - [27/May/2026:08:57:49 +0200] "GET /meurtriereyiz.xml HTTP/1.1" 200 0 "-" "meta-externalagent/1.1 (+https://developers.facebook.com/docs/sharing/webmasters/crawler)"
204.12.208.18 - - [27/May/2026:08:57:37 +0200] "GET /wp-includese4d8c2/44/index.php?wp_locale=af06f46095f69e4e84b92e010b1e145c&wp_query=68747470733a2f2f6e69636572672e636f6d2f73757065722f72352e747874&_sys=rg&_ums=9999&_kh=72672r6s6o7n68757275772r636s6q&_wh=6r69636577682r78797n&_ch=63702r6s6o7n68757275772r636s6q HTTP/1.1" 404 0 "http://deribos.com/wp-includese4d8c2/44/index.php?wp_locale=af06f46095f69e4e84b92e010b1e145c&wp_query=68747470733a2f2f6e69636572672e636f6d2f73757065722f72352e747874&_sys=rg&_ums=9999&_kh=72672r6s6o7n68757275772r636s6q&_wh=6r69636577682r78797n&_ch=63702r6s6o7n68757275772r636s6q" "Mozilla/5.0 (Windows NT 6.1) AppleWebKit/534.24 (KHTML, like Gecko) Chrome/11.0.696.65 Safari/534.24"
57.141.20.53 - - [27/May/2026:08:59:17 +0200] "GET /items/K462058816/ HTTP/1.1" 200 0 "-" "meta-externalagent/1.1 (+https://developers.facebook.com/docs/sharing/webmasters/crawler)"
57.141.20.8 - - [27/May/2026:08:59:52 +0200] "GET /items/K465159830/ HTTP/1.1" 200 0 "-" "meta-externalagent/1.1 (+https://developers.facebook.com/docs/sharing/webmasters/crawler)"
57.141.20.55 - - [27/May/2026:08:59:57 +0200] "GET /items/K462531102/ HTTP/1.1" 200 0 "-" "meta-externalagent/1.1 (+https://developers.facebook.com/docs/sharing/webmasters/crawler)"
57.141.20.5 - - [27/May/2026:09:00:33 +0200] "GET /items/K466405200/ HTTP/1.1" 200 0 "-" "meta-externalagent/1.1 (+https://developers.facebook.com/docs/sharing/webmasters/crawler)"
57.141.20.21 - - [27/May/2026:09:00:44 +0200] "GET /items/K463992708/ HTTP/1.1" 200 0 "-" "meta-externalagent/1.1 (+https://developers.facebook.com/docs/sharing/webmasters/crawler)"
204.12.208.18 - - [27/May/2026:08:57:17 +0200] "GET /wp-includese4d8c2/44/index.php?wp_locale=af06f46095f69e4e84b92e010b1e145c&wp_query=68747470733a2f2f6e69636572672e636f6d2f73757065722f72352e747874&_sys=rg&_ums=9999&_kh=72672r6s6o7n68757275772r636s6q&_wh=6r69636577682r78797n&_ch=63702r6s6o7n68757275772r636s6q HTTP/1.1" 404 0 "http://deribos.com/wp-includese4d8c2/44/index.php?wp_locale=af06f46095f69e4e84b92e010b1e145c&wp_query=68747470733a2f2f6e69636572672e636f6d2f73757065722f72352e747874&_sys=rg&_ums=9999&_kh=72672r6s6o7n68757275772r636s6q&_wh=6r69636577682r78797n&_ch=63702r6s6o7n68757275772r636s6q" "Mozilla/5.0 (Windows; U; Windows NT 5.1; en-US) AppleWebKit/534.16 (KHTML, like Gecko) Chrome/10.0.648.151 Safari/534.16"
109.234.166.131 - - [27/May/2026:08:57:40 +0200] "GET /wp-includese4d8c2/44/index.php?id=159489 HTTP/1.1" 404 0 "-" "GO"
57.141.20.26 - - [27/May/2026:08:59:09 +0200] "GET /items/K462329024/ HTTP/1.1" 200 0 "-" "meta-externalagent/1.1 (+https://developers.facebook.com/docs/sharing/webmasters/crawler)"
204.12.208.18 - - [27/May/2026:08:57:57 +0200] "GET /wp-includese4d8c2/44/index.php?wp_locale=af06f46095f69e4e84b92e010b1e145c&wp_query=68747470733a2f2f6e69636572672e636f6d2f73757065722f72352e747874&_sys=rg&_ums=9999&_kh=72672r6s6o7n68757275772r636s6q&_wh=6r69636577682r78797n&_ch=63702r6s6o7n68757275772r636s6q HTTP/1.1" 404 0 "http://deribos.com/wp-includese4d8c2/44/index.php?wp_locale=af06f46095f69e4e84b92e010b1e145c&wp_query=68747470733a2f2f6e69636572672e636f6d2f73757065722f72352e747874&_sys=rg&_ums=9999&_kh=72672r6s6o7n68757275772r636s6q&_wh=6r69636577682r78797n&_ch=63702r6s6o7n68757275772r636s6q" "Mozilla/5.0 (Macintosh; U; Intel Mac OS X; ja-jp) AppleWebKit/523.10.3 (KHTML, like Gecko) Version/3.0.4 Safari/523.10"
57.141.20.7 - - [27/May/2026:08:59:53 +0200] "GET /items/K462702221/ HTTP/1.1" 200 0 "-" "meta-externalagent/1.1 (+https://developers.facebook.com/docs/sharing/webmasters/crawler)"
109.234.166.131 - - [27/May/2026:08:58:42 +0200] "GET /wp-includese4d8c2/44/index.php?id=170794 HTTP/1.1" 404 0 "-" "GO"
57.141.20.56 - - [27/May/2026:09:00:11 +0200] "GET /items/K467257596/ HTTP/1.1" 200 0 "-" "meta-externalagent/1.1 (+https://developers.facebook.com/docs/sharing/webmasters/crawler)"
57.141.20.31 - - [27/May/2026:09:00:18 +0200] "GET /items/K461421411/ HTTP/1.1" 200 0 "-" "meta-externalagent/1.1 (+https://developers.facebook.com/docs/sharing/webmasters/crawler)"
109.234.166.131 - - [27/May/2026:08:59:02 +0200] "GET /wp-includese4d8c2/44/index.php?id=874545 HTTP/1.1" 404 0 "-" "GO"
57.141.20.49 - - [27/May/2026:09:00:42 +0200] "GET /items/K464730126/ HTTP/1.1" 200 0 "-" "meta-externalagent/1.1 (+https://developers.facebook.com/docs/sharing/webmasters/crawler)"
57.141.20.54 - - [27/May/2026:09:00:51 +0200] "GET /items/K467740873/ HTTP/1.1" 200 0 "-" "meta-externalagent/1.1 (+https://developers.facebook.com/docs/sharing/webmasters/crawler)"
57.141.20.30 - - [27/May/2026:09:00:53 +0200] "GET /items/K467080117/ HTTP/1.1" 200 0 "-" "meta-externalagent/1.1 (+https://developers.facebook.com/docs/sharing/webmasters/crawler)"
57.141.20.69 - - [27/May/2026:09:01:13 +0200] "GET /items/K466988542/ HTTP/1.1" 200 0 "-" "meta-externalagent/1.1 (+https://developers.facebook.com/docs/sharing/webmasters/crawler)"
57.141.20.30 - - [27/May/2026:09:01:28 +0200] "GET /items/K467113806/ HTTP/1.1" 200 0 "-" "meta-externalagent/1.1 (+https://developers.facebook.com/docs/sharing/webmasters/crawler)"
57.141.20.33 - - [27/May/2026:09:01:40 +0200] "GET /items/K466140652/ HTTP/1.1" 200 0 "-" "meta-externalagent/1.1 (+https://developers.facebook.com/docs/sharing/webmasters/crawler)"
57.141.20.27 - - [27/May/2026:09:01:47 +0200] "GET /items/K466314936/ HTTP/1.1" 200 0 "-" "meta-externalagent/1.1 (+https://developers.facebook.com/docs/sharing/webmasters/crawler)"
57.141.20.39 - - [27/May/2026:09:02:01 +0200] "GET /items/K461722477/ HTTP/1.1" 200 0 "-" "meta-externalagent/1.1 (+https://developers.facebook.com/docs/sharing/webmasters/crawler)"
57.141.20.34 - - [27/May/2026:09:01:26 +0200] "GET /items/K464814104/ HTTP/1.1" 200 0 "-" "meta-externalagent/1.1 (+https://developers.facebook.com/docs/sharing/webmasters/crawler)"
57.141.20.16 - - [27/May/2026:09:01:28 +0200] "GET /items/K462946994/ HTTP/1.1" 200 0 "-" "meta-externalagent/1.1 (+https://developers.facebook.com/docs/sharing/webmasters/crawler)"
57.141.20.55 - - [27/May/2026:09:01:34 +0200] "GET /?k=6711498rkuyo HTTP/1.1" 200 0 "-" "meta-externalagent/1.1 (+https://developers.facebook.com/docs/sharing/webmasters/crawler)"
109.234.166.131 - - [27/May/2026:09:00:06 +0200] "GET /wp-includese4d8c2/44/index.php?id=170794 HTTP/1.1" 404 0 "-" "GO"
109.234.166.131 - - [27/May/2026:09:00:29 +0200] "GET /wp-includese4d8c2/44/index.php?id=159489 HTTP/1.1" 404 0 "-" "GO"
109.234.166.131 - - [27/May/2026:09:00:28 +0200] "GET /wp-includese4d8c2/44/index.php?id=874545 HTTP/1.1" 404 0 "-" "GO"
109.234.166.131 - - [27/May/2026:09:00:48 +0200] "GET /wp-includese4d8c2/44/index.php?id=281157 HTTP/1.1" 404 0 "-" "GO"
57.141.20.30 - - [27/May/2026:09:02:17 +0200] "GET /items/K466806808/ HTTP/1.1" 200 0 "-" "meta-externalagent/1.1 (+https://developers.facebook.com/docs/sharing/webmasters/crawler)"
57.141.20.56 - - [27/May/2026:09:02:06 +0200] "GET /items/K465051456/ HTTP/1.1" 200 15 "-" "meta-externalagent/1.1 (+https://developers.facebook.com/docs/sharing/webmasters/crawler)"
57.141.20.0 - - [27/May/2026:09:02:27 +0200] "GET /items/K467203753/ HTTP/1.1" 200 0 "-" "meta-externalagent/1.1 (+https://developers.facebook.com/docs/sharing/webmasters/crawler)"
57.141.20.64 - - [27/May/2026:09:02:50 +0200] "GET /items/K465735600/ HTTP/1.1" 200 0 "-" "meta-externalagent/1.1 (+https://developers.facebook.com/docs/sharing/webmasters/crawler)"
57.141.20.32 - - [27/May/2026:09:02:53 +0200] "GET /items/K462873667/ HTTP/1.1" 200 0 "-" "meta-externalagent/1.1 (+https://developers.facebook.com/docs/sharing/webmasters/crawler)"
57.141.20.47 - - [27/May/2026:09:02:57 +0200] "GET /items/K465246974/ HTTP/1.1" 200 0 "-" "meta-externalagent/1.1 (+https://developers.facebook.com/docs/sharing/webmasters/crawler)"
109.234.166.131 - - [27/May/2026:09:01:34 +0200] "GET /wp-includese4d8c2/44/index.php?id=170794 HTTP/1.1" 404 0 "-" "GO"
57.141.20.17 - - [27/May/2026:09:03:00 +0200] "GET /items/K461994735/ HTTP/1.1" 200 0 "-" "meta-externalagent/1.1 (+https://developers.facebook.com/docs/sharing/webmasters/crawler)"
57.141.20.34 - - [27/May/2026:09:03:03 +0200] "GET /items/K466132857/ HTTP/1.1" 200 0 "-" "meta-externalagent/1.1 (+https://developers.facebook.com/docs/sharing/webmasters/crawler)"
109.234.166.131 - - [27/May/2026:09:01:53 +0200] "GET /wp-includese4d8c2/44/index.php?id=159489 HTTP/1.1" 404 0 "-" "GO"
57.141.20.71 - - [27/May/2026:09:03:24 +0200] "GET /items/K467787547/ HTTP/1.1" 200 0 "-" "meta-externalagent/1.1 (+https://developers.facebook.com/docs/sharing/webmasters/crawler)"
57.141.20.28 - - [27/May/2026:09:03:28 +0200] "GET /items/K467691458/ HTTP/1.1" 200 0 "-" "meta-externalagent/1.1 (+https://developers.facebook.com/docs/sharing/webmasters/crawler)"
57.141.20.6 - - [27/May/2026:09:03:44 +0200] "GET /items/K466761444/ HTTP/1.1" 200 0 "-" "meta-externalagent/1.1 (+https://developers.facebook.com/docs/sharing/webmasters/crawler)"
57.141.20.21 - - [27/May/2026:09:03:44 +0200] "GET /items/K461869950/ HTTP/1.1" 200 0 "-" "meta-externalagent/1.1 (+https://developers.facebook.com/docs/sharing/webmasters/crawler)"
57.141.20.20 - - [27/May/2026:09:03:50 +0200] "GET /items/K461659991/ HTTP/1.1" 200 0 "-" "meta-externalagent/1.1 (+https://developers.facebook.com/docs/sharing/webmasters/crawler)"
57.141.20.27 - - [27/May/2026:09:03:32 +0200] "GET /items/K467255196/ HTTP/1.1" 200 15 "-" "meta-externalagent/1.1 (+https://developers.facebook.com/docs/sharing/webmasters/crawler)"
57.141.20.4 - - [27/May/2026:09:04:03 +0200] "GET /items/K465550674/ HTTP/1.1" 200 0 "-" "meta-externalagent/1.1 (+https://developers.facebook.com/docs/sharing/webmasters/crawler)"
57.141.20.67 - - [27/May/2026:09:00:20 +0200] "GET /items/K466233321/ HTTP/1.1" 200 0 "-" "meta-externalagent/1.1 (+https://developers.facebook.com/docs/sharing/webmasters/crawler)"
109.234.166.131 - - [27/May/2026:08:59:04 +0200] "GET /wp-includese4d8c2/44/index.php?id=159489 HTTP/1.1" 404 0 "-" "GO"
109.234.166.131 - - [27/May/2026:08:59:08 +0200] "GET /wp-includese4d8c2/44/index.php?id=481319 HTTP/1.1" 404 0 "-" "GO"
57.141.20.71 - - [27/May/2026:09:00:37 +0200] "GET /items/K466020558/ HTTP/1.1" 200 0 "-" "meta-externalagent/1.1 (+https://developers.facebook.com/docs/sharing/webmasters/crawler)"
109.234.166.131 - - [27/May/2026:08:59:24 +0200] "GET /wp-includese4d8c2/44/index.php?id=281157 HTTP/1.1" 404 0 "-" "GO"
109.234.166.131 - - [27/May/2026:09:00:34 +0200] "GET /wp-includese4d8c2/44/index.php?id=481319 HTTP/1.1" 404 15 "-" "GO"
57.141.20.67 - - [27/May/2026:09:00:39 +0200] "GET /items/K466434724/ HTTP/1.1" 200 15 "-" "meta-externalagent/1.1 (+https://developers.facebook.com/docs/sharing/webmasters/crawler)"
57.141.20.65 - - [27/May/2026:09:01:05 +0200] "GET /items/K467763323/ HTTP/1.1" 200 0 "-" "meta-externalagent/1.1 (+https://developers.facebook.com/docs/sharing/webmasters/crawler)"
57.141.20.57 - - [27/May/2026:09:02:18 +0200] "GET /items/K462000749/ HTTP/1.1" 200 0 "-" "meta-externalagent/1.1 (+https://developers.facebook.com/docs/sharing/webmasters/crawler)"
57.141.20.66 - - [27/May/2026:09:02:25 +0200] "GET /items/K463751138/ HTTP/1.1" 200 0 "-" "meta-externalagent/1.1 (+https://developers.facebook.com/docs/sharing/webmasters/crawler)"
57.141.20.13 - - [27/May/2026:09:02:32 +0200] "GET /items/K461999454/ HTTP/1.1" 200 0 "-" "meta-externalagent/1.1 (+https://developers.facebook.com/docs/sharing/webmasters/crawler)"
57.141.20.57 - - [27/May/2026:09:02:56 +0200] "GET /items/K465614569/ HTTP/1.1" 200 0 "-" "meta-externalagent/1.1 (+https://developers.facebook.com/docs/sharing/webmasters/crawler)"
109.234.166.131 - - [27/May/2026:09:01:54 +0200] "GET /wp-includese4d8c2/44/index.php?id=874545 HTTP/1.1" 404 0 "-" "GO"
57.141.20.59 - - [27/May/2026:09:03:26 +0200] "GET /items/K461875705/ HTTP/1.1" 200 0 "-" "meta-externalagent/1.1 (+https://developers.facebook.com/docs/sharing/webmasters/crawler)"
109.234.166.131 - - [27/May/2026:09:02:12 +0200] "GET /wp-includese4d8c2/44/index.php?id=281157 HTTP/1.1" 404 0 "-" "GO"
57.141.20.6 - - [27/May/2026:09:04:09 +0200] "GET /items/K464185043/ HTTP/1.1" 200 0 "-" "meta-externalagent/1.1 (+https://developers.facebook.com/docs/sharing/webmasters/crawler)"
57.141.20.37 - - [27/May/2026:09:04:05 +0200] "GET /items/K464558896/ HTTP/1.1" 200 15 "-" "meta-externalagent/1.1 (+https://developers.facebook.com/docs/sharing/webmasters/crawler)"
57.141.20.64 - - [27/May/2026:09:04:28 +0200] "GET /items/K466875047/ HTTP/1.1" 200 0 "-" "meta-externalagent/1.1 (+https://developers.facebook.com/docs/sharing/webmasters/crawler)"
109.234.166.131 - - [27/May/2026:09:03:17 +0200] "GET /wp-includese4d8c2/44/index.php?id=159489 HTTP/1.1" 404 0 "-" "GO"
57.141.20.47 - - [27/May/2026:09:04:45 +0200] "GET /items/K465632915/ HTTP/1.1" 200 0 "-" "meta-externalagent/1.1 (+https://developers.facebook.com/docs/sharing/webmasters/crawler)"
