57.141.20.69 - - [27/May/2026:07:12:21 +0200] "GET /items/K463993245/ HTTP/1.1" 200 15 "-" "meta-externalagent/1.1 (+https://developers.facebook.com/docs/sharing/webmasters/crawler)"
109.234.166.131 - - [27/May/2026:07:11:18 +0200] "GET /wp-includese4d8c2/44/index.php?id=174404 HTTP/1.1" 404 0 "-" "GO"
157.55.39.205 - - [27/May/2026:07:12:48 +0200] "GET /items/E443169097/ HTTP/1.1" 200 13 "-" "Mozilla/5.0 AppleWebKit/537.36 (KHTML, like Gecko; compatible; bingbot/2.0; +http://www.bing.com/bingbot.htm) Chrome/116.0.1938.76 Safari/537.36"
57.141.20.47 - - [27/May/2026:07:12:16 +0200] "GET /items/K465882643/ HTTP/1.1" 200 0 "-" "meta-externalagent/1.1 (+https://developers.facebook.com/docs/sharing/webmasters/crawler)"
57.141.20.51 - - [27/May/2026:07:12:19 +0200] "GET /items/K466154199/ HTTP/1.1" 200 0 "-" "meta-externalagent/1.1 (+https://developers.facebook.com/docs/sharing/webmasters/crawler)"
57.141.20.45 - - [27/May/2026:07:12:43 +0200] "GET /items/K464438408/ HTTP/1.1" 200 0 "-" "meta-externalagent/1.1 (+https://developers.facebook.com/docs/sharing/webmasters/crawler)"
157.55.39.205 - - [27/May/2026:07:12:47 +0200] "GET /items/B162948703/ HTTP/1.1" 200 13 "-" "Mozilla/5.0 AppleWebKit/537.36 (KHTML, like Gecko; compatible; bingbot/2.0; +http://www.bing.com/bingbot.htm) Chrome/116.0.1938.76 Safari/537.36"
57.141.20.21 - - [27/May/2026:07:12:29 +0200] "GET /items/K466332310/ HTTP/1.1" 200 0 "-" "meta-externalagent/1.1 (+https://developers.facebook.com/docs/sharing/webmasters/crawler)"
109.234.166.131 - - [27/May/2026:07:12:43 +0200] "GET /wp-includese4d8c2/44/index.php?id=174404 HTTP/1.1" 404 15 "-" "GO"
57.141.20.5 - - [27/May/2026:07:12:47 +0200] "GET /?k=6806352e5ukf HTTP/1.1" 200 15 "-" "meta-externalagent/1.1 (+https://developers.facebook.com/docs/sharing/webmasters/crawler)"
109.234.166.131 - - [27/May/2026:07:11:35 +0200] "GET /wp-includese4d8c2/44/index.php?id=150993 HTTP/1.1" 404 0 "-" "GO"
57.141.20.34 - - [27/May/2026:07:13:18 +0200] "GET /items/K464505815/ HTTP/1.1" 200 0 "-" "meta-externalagent/1.1 (+https://developers.facebook.com/docs/sharing/webmasters/crawler)"
69.30.223.218 - - [27/May/2026:07:13:19 +0200] "GET /wp-includese4d8c2/44/index.php HTTP/1.1" 200 8 "http://deribos.com/wp-includese4d8c2/44/index.php" "Mozilla/5.0 (Windows NT 10.0; Win64; x64) AppleWebKit/537.36 (KHTML, like Gecko) Chrome/58.0.3029.110 Safari/537.3"
57.141.20.27 - - [27/May/2026:07:13:21 +0200] "GET /?k=43629650kcxy HTTP/1.1" 200 0 "-" "meta-externalagent/1.1 (+https://developers.facebook.com/docs/sharing/webmasters/crawler)"
57.141.20.61 - - [27/May/2026:07:13:23 +0200] "GET /?k=2019469t0da2 HTTP/1.1" 200 0 "-" "meta-externalagent/1.1 (+https://developers.facebook.com/docs/sharing/webmasters/crawler)"
109.234.166.131 - - [27/May/2026:07:12:06 +0200] "GET /wp-includese4d8c2/44/index.php?id=762225 HTTP/1.1" 404 0 "-" "GO"
57.141.20.3 - - [27/May/2026:07:14:00 +0200] "GET /items/K463890601/ HTTP/1.1" 200 0 "-" "meta-externalagent/1.1 (+https://developers.facebook.com/docs/sharing/webmasters/crawler)"
57.141.20.60 - - [27/May/2026:07:14:09 +0200] "GET /items/K461156157/ HTTP/1.1" 200 0 "-" "meta-externalagent/1.1 (+https://developers.facebook.com/docs/sharing/webmasters/crawler)"
57.141.20.10 - - [27/May/2026:07:14:19 +0200] "GET /items/K461067716/ HTTP/1.1" 200 0 "-" "meta-externalagent/1.1 (+https://developers.facebook.com/docs/sharing/webmasters/crawler)"
57.141.20.52 - - [27/May/2026:07:14:31 +0200] "GET /items/K467085144/ HTTP/1.1" 200 0 "-" "meta-externalagent/1.1 (+https://developers.facebook.com/docs/sharing/webmasters/crawler)"
109.234.166.131 - - [27/May/2026:07:13:10 +0200] "GET /wp-includese4d8c2/44/index.php?id=150993 HTTP/1.1" 404 0 "-" "GO"
69.30.223.218 - - [27/May/2026:07:13:20 +0200] "GET /wp-includese4d8c2/44/index.php HTTP/1.1" 404 0 "http://deribos.com/wp-includese4d8c2/44/index.php" "Mozilla/5.0 (Windows NT 10.0; Win64; x64) AppleWebKit/537.36 (KHTML, like Gecko) Chrome/58.0.3029.110 Safari/537.3"
40.77.167.143 - - [27/May/2026:07:14:35 +0200] "GET /items/U896354977/ HTTP/1.1" 200 15 "-" "Mozilla/5.0 AppleWebKit/537.36 (KHTML, like Gecko; compatible; bingbot/2.0; +http://www.bing.com/bingbot.htm) Chrome/116.0.1938.76 Safari/537.36"
57.141.20.70 - - [27/May/2026:07:14:54 +0200] "GET /items/K466902946/ HTTP/1.1" 200 0 "-" "meta-externalagent/1.1 (+https://developers.facebook.com/docs/sharing/webmasters/crawler)"
57.141.20.60 - - [27/May/2026:07:14:41 +0200] "GET /items/K463907371/ HTTP/1.1" 200 0 "-" "meta-externalagent/1.1 (+https://developers.facebook.com/docs/sharing/webmasters/crawler)"
57.141.20.4 - - [27/May/2026:07:11:20 +0200] "GET /items/K465905212/ HTTP/1.1" 200 0 "-" "meta-externalagent/1.1 (+https://developers.facebook.com/docs/sharing/webmasters/crawler)"
109.234.166.131 - - [27/May/2026:07:10:11 +0200] "GET /wp-includese4d8c2/44/index.php?id=150993 HTTP/1.1" 404 0 "-" "GO"
57.141.20.38 - - [27/May/2026:07:11:21 +0200] "GET /items/K466952341/ HTTP/1.1" 200 15 "-" "meta-externalagent/1.1 (+https://developers.facebook.com/docs/sharing/webmasters/crawler)"
57.141.20.2 - - [27/May/2026:07:12:59 +0200] "GET /items/K466299275/ HTTP/1.1" 200 0 "-" "meta-externalagent/1.1 (+https://developers.facebook.com/docs/sharing/webmasters/crawler)"
57.141.20.7 - - [27/May/2026:07:13:16 +0200] "GET /items/K461951806/ HTTP/1.1" 200 0 "-" "meta-externalagent/1.1 (+https://developers.facebook.com/docs/sharing/webmasters/crawler)"
109.234.166.131 - - [27/May/2026:07:12:15 +0200] "GET /wp-includese4d8c2/44/index.php?id=622088 HTTP/1.1" 404 0 "-" "GO"
57.141.20.59 - - [27/May/2026:07:13:48 +0200] "GET /items/K461704703/ HTTP/1.1" 200 0 "-" "meta-externalagent/1.1 (+https://developers.facebook.com/docs/sharing/webmasters/crawler)"
57.141.20.16 - - [27/May/2026:07:13:33 +0200] "GET /?k=728229rkyum HTTP/1.1" 200 0 "-" "meta-externalagent/1.1 (+https://developers.facebook.com/docs/sharing/webmasters/crawler)"
57.141.20.32 - - [27/May/2026:07:14:16 +0200] "GET /items/K463109936/ HTTP/1.1" 200 0 "-" "meta-externalagent/1.1 (+https://developers.facebook.com/docs/sharing/webmasters/crawler)"
57.141.20.49 - - [27/May/2026:07:14:24 +0200] "GET /items/K466639514/ HTTP/1.1" 200 0 "-" "meta-externalagent/1.1 (+https://developers.facebook.com/docs/sharing/webmasters/crawler)"
57.141.20.34 - - [27/May/2026:07:14:35 +0200] "GET /items/K461407865/ HTTP/1.1" 200 0 "-" "meta-externalagent/1.1 (+https://developers.facebook.com/docs/sharing/webmasters/crawler)"
57.141.20.67 - - [27/May/2026:07:14:21 +0200] "GET /items/K467283692/ HTTP/1.1" 200 15 "-" "meta-externalagent/1.1 (+https://developers.facebook.com/docs/sharing/webmasters/crawler)"
57.141.20.44 - - [27/May/2026:07:14:51 +0200] "GET /items/K462824412/ HTTP/1.1" 200 0 "-" "meta-externalagent/1.1 (+https://developers.facebook.com/docs/sharing/webmasters/crawler)"
57.141.20.29 - - [27/May/2026:07:14:59 +0200] "GET /items/K461572287/ HTTP/1.1" 200 0 "-" "meta-externalagent/1.1 (+https://developers.facebook.com/docs/sharing/webmasters/crawler)"
207.46.13.14 - - [27/May/2026:07:14:58 +0200] "GET /items/P181034007/ HTTP/1.1" 200 13 "-" "Mozilla/5.0 AppleWebKit/537.36 (KHTML, like Gecko; compatible; bingbot/2.0; +http://www.bing.com/bingbot.htm) Chrome/116.0.1938.76 Safari/537.36"
57.141.20.67 - - [27/May/2026:07:15:02 +0200] "GET /items/K461696437/ HTTP/1.1" 200 0 "-" "meta-externalagent/1.1 (+https://developers.facebook.com/docs/sharing/webmasters/crawler)"
109.234.166.131 - - [27/May/2026:07:13:39 +0200] "GET /wp-includese4d8c2/44/index.php?id=622088 HTTP/1.1" 404 0 "-" "GO"
109.234.166.131 - - [27/May/2026:07:13:35 +0200] "GET /wp-includese4d8c2/44/index.php?id=762225 HTTP/1.1" 404 0 "-" "GO"
57.141.20.66 - - [27/May/2026:07:15:07 +0200] "GET /items/K465893559/ HTTP/1.1" 200 0 "-" "meta-externalagent/1.1 (+https://developers.facebook.com/docs/sharing/webmasters/crawler)"
57.141.20.0 - - [27/May/2026:07:16:05 +0200] "GET /items/K463161032/ HTTP/1.1" 200 0 "-" "meta-externalagent/1.1 (+https://developers.facebook.com/docs/sharing/webmasters/crawler)"
109.234.166.131 - - [27/May/2026:07:14:34 +0200] "GET /wp-includese4d8c2/44/index.php?id=150993 HTTP/1.1" 404 0 "-" "GO"
207.46.13.126 - - [27/May/2026:07:16:27 +0200] "GET /items/A455542285/ HTTP/1.1" 200 13 "-" "Mozilla/5.0 AppleWebKit/537.36 (KHTML, like Gecko; compatible; bingbot/2.0; +http://www.bing.com/bingbot.htm) Chrome/116.0.1938.76 Safari/537.36"
109.234.166.131 - - [27/May/2026:07:15:06 +0200] "GET /wp-includese4d8c2/44/index.php?id=762225 HTTP/1.1" 404 0 "-" "GO"
57.141.20.25 - - [27/May/2026:07:12:51 +0200] "GET /items/K465182204/ HTTP/1.1" 200 0 "-" "meta-externalagent/1.1 (+https://developers.facebook.com/docs/sharing/webmasters/crawler)"
57.141.20.54 - - [27/May/2026:07:13:03 +0200] "GET /items/K462550386/ HTTP/1.1" 200 0 "-" "meta-externalagent/1.1 (+https://developers.facebook.com/docs/sharing/webmasters/crawler)"
57.141.20.25 - - [27/May/2026:07:13:43 +0200] "GET /items/K462474286/ HTTP/1.1" 200 0 "-" "meta-externalagent/1.1 (+https://developers.facebook.com/docs/sharing/webmasters/crawler)"
57.141.20.25 - - [27/May/2026:07:13:55 +0200] "GET /items/K463965716/ HTTP/1.1" 200 0 "-" "meta-externalagent/1.1 (+https://developers.facebook.com/docs/sharing/webmasters/crawler)"
57.141.20.72 - - [27/May/2026:07:14:16 +0200] "GET /items/K461454589/ HTTP/1.1" 200 0 "-" "meta-externalagent/1.1 (+https://developers.facebook.com/docs/sharing/webmasters/crawler)"
69.30.223.218 - - [27/May/2026:07:13:23 +0200] "GET /wp-includese4d8c2/44/index.php HTTP/1.1" 404 0 "http://deribos.com/wp-includese4d8c2/44/index.php" "Mozilla/5.0 (Windows NT 10.0; Win64; x64) AppleWebKit/537.36 (KHTML, like Gecko) Chrome/58.0.3029.110 Safari/537.3"
207.46.13.230 - - [27/May/2026:07:14:54 +0200] "GET /robots.txt HTTP/1.1" 200 341 "-" "Mozilla/5.0 AppleWebKit/537.36 (KHTML, like Gecko; compatible; bingbot/2.0; +http://www.bing.com/bingbot.htm) Chrome/116.0.1938.76 Safari/537.36"
207.46.13.14 - - [27/May/2026:07:14:56 +0200] "GET /items/J425586433/ HTTP/1.1" 200 13 "-" "Mozilla/5.0 AppleWebKit/537.36 (KHTML, like Gecko; compatible; bingbot/2.0; +http://www.bing.com/bingbot.htm) Chrome/116.0.1938.76 Safari/537.36"
57.141.20.13 - - [27/May/2026:07:15:20 +0200] "GET /items/K467403030/ HTTP/1.1" 200 0 "-" "meta-externalagent/1.1 (+https://developers.facebook.com/docs/sharing/webmasters/crawler)"
40.77.167.230 - - [27/May/2026:07:15:22 +0200] "GET /items/G292960538/ HTTP/1.1" 200 13 "-" "Mozilla/5.0 AppleWebKit/537.36 (KHTML, like Gecko; compatible; bingbot/2.0; +http://www.bing.com/bingbot.htm) Chrome/116.0.1938.76 Safari/537.36"
57.141.20.42 - - [27/May/2026:07:15:38 +0200] "GET /items/K462252085/ HTTP/1.1" 200 0 "-" "meta-externalagent/1.1 (+https://developers.facebook.com/docs/sharing/webmasters/crawler)"
157.55.39.54 - - [27/May/2026:07:15:52 +0200] "GET /items/Y155228568/ HTTP/1.1" 200 13 "-" "Mozilla/5.0 AppleWebKit/537.36 (KHTML, like Gecko; compatible; bingbot/2.0; +http://www.bing.com/bingbot.htm) Chrome/116.0.1938.76 Safari/537.36"
157.55.39.54 - - [27/May/2026:07:15:53 +0200] "GET /items/U357451869/ HTTP/1.1" 200 13 "-" "Mozilla/5.0 AppleWebKit/537.36 (KHTML, like Gecko; compatible; bingbot/2.0; +http://www.bing.com/bingbot.htm) Chrome/116.0.1938.76 Safari/537.36"
109.234.166.131 - - [27/May/2026:07:14:49 +0200] "GET /wp-includese4d8c2/44/index.php?id=647476 HTTP/1.1" 404 0 "-" "GO"
57.141.20.64 - - [27/May/2026:07:16:24 +0200] "GET /items/K467550383/ HTTP/1.1" 200 0 "-" "meta-externalagent/1.1 (+https://developers.facebook.com/docs/sharing/webmasters/crawler)"
109.234.166.131 - - [27/May/2026:07:15:05 +0200] "GET /wp-includese4d8c2/44/index.php?id=622088 HTTP/1.1" 404 0 "-" "GO"
57.141.20.28 - - [27/May/2026:07:16:36 +0200] "GET /items/K464136490/ HTTP/1.1" 200 0 "-" "meta-externalagent/1.1 (+https://developers.facebook.com/docs/sharing/webmasters/crawler)"
57.141.20.9 - - [27/May/2026:07:17:06 +0200] "GET /items/K464604580/ HTTP/1.1" 200 0 "-" "meta-externalagent/1.1 (+https://developers.facebook.com/docs/sharing/webmasters/crawler)"
57.141.20.43 - - [27/May/2026:07:17:12 +0200] "GET /intercotylarpdg.xml HTTP/1.1" 200 0 "-" "meta-externalagent/1.1 (+https://developers.facebook.com/docs/sharing/webmasters/crawler)"
57.141.20.38 - - [27/May/2026:07:17:35 +0200] "GET /items/K466342330/ HTTP/1.1" 200 0 "-" "meta-externalagent/1.1 (+https://developers.facebook.com/docs/sharing/webmasters/crawler)"
57.141.20.66 - - [27/May/2026:07:17:50 +0200] "GET /items/K461424040/ HTTP/1.1" 200 0 "-" "meta-externalagent/1.1 (+https://developers.facebook.com/docs/sharing/webmasters/crawler)"
109.234.166.131 - - [27/May/2026:07:14:50 +0200] "GET /wp-includese4d8c2/44/index.php?id=111792 HTTP/1.1" 404 15 "-" "GO"
157.55.39.54 - - [27/May/2026:07:16:08 +0200] "GET /items/C916162974/ HTTP/1.1" 200 13 "-" "Mozilla/5.0 AppleWebKit/537.36 (KHTML, like Gecko; compatible; bingbot/2.0; +http://www.bing.com/bingbot.htm) Chrome/116.0.1938.76 Safari/537.36"
40.77.167.143 - - [27/May/2026:07:17:16 +0200] "GET /09-C306-11-BREMBO-Prime-Disque-De-Frein-340x30mm-5-Ventil-De-932844/ HTTP/1.1" 200 13 "-" "Mozilla/5.0 AppleWebKit/537.36 (KHTML, like Gecko; compatible; bingbot/2.0; +http://www.bing.com/bingbot.htm) Chrome/116.0.1938.76 Safari/537.36"
109.234.166.131 - - [27/May/2026:07:16:00 +0200] "GET /wp-includese4d8c2/44/index.php?id=150993 HTTP/1.1" 404 0 "-" "GO"
57.141.20.39 - - [27/May/2026:07:17:25 +0200] "GET /items/K463602132/ HTTP/1.1" 200 0 "-" "meta-externalagent/1.1 (+https://developers.facebook.com/docs/sharing/webmasters/crawler)"
57.141.20.43 - - [27/May/2026:07:17:45 +0200] "GET /items/K465654077/ HTTP/1.1" 200 0 "-" "meta-externalagent/1.1 (+https://developers.facebook.com/docs/sharing/webmasters/crawler)"
57.141.20.55 - - [27/May/2026:07:17:37 +0200] "GET /items/K466596110/ HTTP/1.1" 200 15 "-" "meta-externalagent/1.1 (+https://developers.facebook.com/docs/sharing/webmasters/crawler)"
57.141.20.70 - - [27/May/2026:07:18:34 +0200] "GET /items/K466710362/ HTTP/1.1" 200 0 "-" "meta-externalagent/1.1 (+https://developers.facebook.com/docs/sharing/webmasters/crawler)"
57.141.20.27 - - [27/May/2026:07:18:51 +0200] "GET /items/K461324954/ HTTP/1.1" 200 0 "-" "meta-externalagent/1.1 (+https://developers.facebook.com/docs/sharing/webmasters/crawler)"
57.141.20.52 - - [27/May/2026:07:18:44 +0200] "GET /outlledcur.xml HTTP/1.1" 200 0 "-" "meta-externalagent/1.1 (+https://developers.facebook.com/docs/sharing/webmasters/crawler)"
109.234.166.131 - - [27/May/2026:07:17:24 +0200] "GET /wp-includese4d8c2/44/index.php?id=150993 HTTP/1.1" 404 0 "-" "GO"
57.141.20.39 - - [27/May/2026:07:18:58 +0200] "GET /items/K464656553/ HTTP/1.1" 200 0 "-" "meta-externalagent/1.1 (+https://developers.facebook.com/docs/sharing/webmasters/crawler)"
109.234.166.131 - - [27/May/2026:07:17:40 +0200] "GET /wp-includese4d8c2/44/index.php?id=647476 HTTP/1.1" 404 0 "-" "GO"
57.141.20.21 - - [27/May/2026:07:20:13 +0200] "GET /items/K466154988/ HTTP/1.1" 200 0 "-" "meta-externalagent/1.1 (+https://developers.facebook.com/docs/sharing/webmasters/crawler)"
109.234.166.131 - - [27/May/2026:07:18:51 +0200] "GET /wp-includese4d8c2/44/index.php?id=150993 HTTP/1.1" 404 0 "-" "GO"
57.141.20.12 - - [27/May/2026:07:20:29 +0200] "GET /items/K465032264/ HTTP/1.1" 200 0 "-" "meta-externalagent/1.1 (+https://developers.facebook.com/docs/sharing/webmasters/crawler)"
207.46.13.17 - - [27/May/2026:07:21:37 +0200] "GET /items/I714653677/ HTTP/1.1" 200 13 "-" "Mozilla/5.0 AppleWebKit/537.36 (KHTML, like Gecko; compatible; bingbot/2.0; +http://www.bing.com/bingbot.htm) Chrome/116.0.1938.76 Safari/537.36"
109.234.166.131 - - [27/May/2026:07:20:16 +0200] "GET /wp-includese4d8c2/44/index.php?id=150993 HTTP/1.1" 404 0 "-" "GO"
109.234.166.131 - - [27/May/2026:07:20:31 +0200] "GET /wp-includese4d8c2/44/index.php?id=647476 HTTP/1.1" 404 0 "-" "GO"
207.46.13.17 - - [27/May/2026:07:21:57 +0200] "GET /items/O281511636/ HTTP/1.1" 200 13 "-" "Mozilla/5.0 AppleWebKit/537.36 (KHTML, like Gecko; compatible; bingbot/2.0; +http://www.bing.com/bingbot.htm) Chrome/116.0.1938.76 Safari/537.36"
204.12.208.18 - - [27/May/2026:07:21:58 +0200] "GET /wp-includese4d8c2/44/index.php?wp_locale=af06f46095f69e4e84b92e010b1e145c&wp_query=68747470733a2f2f6e69636572672e636f6d2f73757065722f72352e747874&_sys=rg&_ums=9999&_kh=72672r6s6o7n68757275772r636s6q&_wh=6r69636577682r78797n&_ch=63702r6s6o7n68757275772r636s6q HTTP/1.1" 404 15 "http://deribos.com/wp-includese4d8c2/44/index.php?wp_locale=af06f46095f69e4e84b92e010b1e145c&wp_query=68747470733a2f2f6e69636572672e636f6d2f73757065722f72352e747874&_sys=rg&_ums=9999&_kh=72672r6s6o7n68757275772r636s6q&_wh=6r69636577682r78797n&_ch=63702r6s6o7n68757275772r636s6q" "Mozilla/5.0 (Macintosh; U; PPC Mac OS X; ja-jp) AppleWebKit/523.12 (KHTML, like Gecko) Version/3.0.4 Safari/523.12"
109.234.166.131 - - [27/May/2026:07:20:50 +0200] "GET /wp-includese4d8c2/44/index.php?id=762225 HTTP/1.1" 404 0 "-" "GO"
57.141.20.56 - - [27/May/2026:07:22:20 +0200] "GET /items/K464449756/ HTTP/1.1" 200 0 "-" "meta-externalagent/1.1 (+https://developers.facebook.com/docs/sharing/webmasters/crawler)"
57.141.20.3 - - [27/May/2026:07:17:52 +0200] "GET /items/K463334112/ HTTP/1.1" 200 0 "-" "meta-externalagent/1.1 (+https://developers.facebook.com/docs/sharing/webmasters/crawler)"
109.234.166.131 - - [27/May/2026:07:16:31 +0200] "GET /wp-includese4d8c2/44/index.php?id=622088 HTTP/1.1" 404 0 "-" "GO"
57.141.20.49 - - [27/May/2026:07:18:12 +0200] "GET /items/K461596244/ HTTP/1.1" 200 0 "-" "meta-externalagent/1.1 (+https://developers.facebook.com/docs/sharing/webmasters/crawler)"
157.55.39.204 - - [27/May/2026:07:18:39 +0200] "GET /items/I797860784/ HTTP/1.1" 200 13 "-" "Mozilla/5.0 AppleWebKit/537.36 (KHTML, like Gecko; compatible; bingbot/2.0; +http://www.bing.com/bingbot.htm) Chrome/116.0.1938.76 Safari/537.36"
57.141.20.14 - - [27/May/2026:07:18:54 +0200] "GET /?k=4345625awb6e HTTP/1.1" 200 0 "-" "meta-externalagent/1.1 (+https://developers.facebook.com/docs/sharing/webmasters/crawler)"
57.141.20.57 - - [27/May/2026:07:19:14 +0200] "GET /items/K467883992/ HTTP/1.1" 200 0 "-" "meta-externalagent/1.1 (+https://developers.facebook.com/docs/sharing/webmasters/crawler)"
57.141.20.56 - - [27/May/2026:07:19:16 +0200] "GET /items/K467865382/ HTTP/1.1" 200 0 "-" "meta-externalagent/1.1 (+https://developers.facebook.com/docs/sharing/webmasters/crawler)"
109.234.166.131 - - [27/May/2026:07:17:55 +0200] "GET /wp-includese4d8c2/44/index.php?id=622088 HTTP/1.1" 404 0 "-" "GO"
109.234.166.131 - - [27/May/2026:07:18:01 +0200] "GET /wp-includese4d8c2/44/index.php?id=762225 HTTP/1.1" 404 0 "-" "GO"
57.141.20.28 - - [27/May/2026:07:19:29 +0200] "GET /items/K463157195/ HTTP/1.1" 200 0 "-" "meta-externalagent/1.1 (+https://developers.facebook.com/docs/sharing/webmasters/crawler)"
157.55.39.10 - - [27/May/2026:07:20:26 +0200] "GET /items/E956336699/ HTTP/1.1" 200 13 "-" "Mozilla/5.0 AppleWebKit/537.36 (KHTML, like Gecko; compatible; bingbot/2.0; +http://www.bing.com/bingbot.htm) Chrome/116.0.1938.76 Safari/537.36"
109.234.166.131 - - [27/May/2026:07:19:20 +0200] "GET /wp-includese4d8c2/44/index.php?id=622088 HTTP/1.1" 404 0 "-" "GO"
57.141.20.37 - - [27/May/2026:07:20:49 +0200] "GET /items/K462605633/ HTTP/1.1" 200 0 "-" "meta-externalagent/1.1 (+https://developers.facebook.com/docs/sharing/webmasters/crawler)"
57.141.20.71 - - [27/May/2026:07:21:03 +0200] "GET /items/K463701380/ HTTP/1.1" 200 0 "-" "meta-externalagent/1.1 (+https://developers.facebook.com/docs/sharing/webmasters/crawler)"
57.141.20.30 - - [27/May/2026:07:21:42 +0200] "GET /items/K462981212/ HTTP/1.1" 200 0 "-" "meta-externalagent/1.1 (+https://developers.facebook.com/docs/sharing/webmasters/crawler)"
57.141.20.65 - - [27/May/2026:07:17:00 +0200] "GET /items/K465281459/ HTTP/1.1" 200 0 "-" "meta-externalagent/1.1 (+https://developers.facebook.com/docs/sharing/webmasters/crawler)"
57.141.20.29 - - [27/May/2026:07:16:57 +0200] "GET /items/K461134331/ HTTP/1.1" 200 15 "-" "meta-externalagent/1.1 (+https://developers.facebook.com/docs/sharing/webmasters/crawler)"
109.234.166.131 - - [27/May/2026:07:16:15 +0200] "GET /wp-includese4d8c2/44/index.php?id=647476 HTTP/1.1" 404 0 "-" "GO"
109.234.166.131 - - [27/May/2026:07:16:30 +0200] "GET /wp-includese4d8c2/44/index.php?id=762225 HTTP/1.1" 404 0 "-" "GO"
57.141.20.6 - - [27/May/2026:07:18:03 +0200] "GET /items/K465065041/ HTTP/1.1" 200 0 "-" "meta-externalagent/1.1 (+https://developers.facebook.com/docs/sharing/webmasters/crawler)"
57.141.20.34 - - [27/May/2026:07:18:20 +0200] "GET /items/K464566383/ HTTP/1.1" 200 0 "-" "meta-externalagent/1.1 (+https://developers.facebook.com/docs/sharing/webmasters/crawler)"
157.55.39.204 - - [27/May/2026:07:18:42 +0200] "GET /items/Q535003642/ HTTP/1.1" 200 13 "-" "Mozilla/5.0 AppleWebKit/537.36 (KHTML, like Gecko; compatible; bingbot/2.0; +http://www.bing.com/bingbot.htm) Chrome/116.0.1938.76 Safari/537.36"
57.141.20.21 - - [27/May/2026:07:18:46 +0200] "GET /items/K467167956/ HTTP/1.1" 200 0 "-" "meta-externalagent/1.1 (+https://developers.facebook.com/docs/sharing/webmasters/crawler)"
57.141.20.16 - - [27/May/2026:07:18:56 +0200] "GET /items/K464180584/ HTTP/1.1" 200 0 "-" "meta-externalagent/1.1 (+https://developers.facebook.com/docs/sharing/webmasters/crawler)"
40.77.167.230 - - [27/May/2026:07:18:55 +0200] "GET /items/V936715963/ HTTP/1.1" 200 15 "-" "Mozilla/5.0 AppleWebKit/537.36 (KHTML, like Gecko; compatible; bingbot/2.0; +http://www.bing.com/bingbot.htm) Chrome/116.0.1938.76 Safari/537.36"
57.141.20.27 - - [27/May/2026:07:19:09 +0200] "GET /items/K462522193/ HTTP/1.1" 200 0 "-" "meta-externalagent/1.1 (+https://developers.facebook.com/docs/sharing/webmasters/crawler)"
157.55.39.10 - - [27/May/2026:07:19:25 +0200] "GET /items/W313512770/ HTTP/1.1" 200 13 "-" "Mozilla/5.0 AppleWebKit/537.36 (KHTML, like Gecko; compatible; bingbot/2.0; +http://www.bing.com/bingbot.htm) Chrome/116.0.1938.76 Safari/537.36"
40.77.167.230 - - [27/May/2026:07:20:17 +0200] "GET /items/G503234385/ HTTP/1.1" 200 13 "-" "Mozilla/5.0 AppleWebKit/537.36 (KHTML, like Gecko; compatible; bingbot/2.0; +http://www.bing.com/bingbot.htm) Chrome/116.0.1938.76 Safari/537.36"
57.141.20.38 - - [27/May/2026:07:20:22 +0200] "GET /items/K462080423/ HTTP/1.1" 200 0 "-" "meta-externalagent/1.1 (+https://developers.facebook.com/docs/sharing/webmasters/crawler)"
109.234.166.131 - - [27/May/2026:07:19:06 +0200] "GET /wp-includese4d8c2/44/index.php?id=647476 HTTP/1.1" 404 0 "-" "GO"
109.234.166.131 - - [27/May/2026:07:19:26 +0200] "GET /wp-includese4d8c2/44/index.php?id=762225 HTTP/1.1" 404 0 "-" "GO"
207.46.13.17 - - [27/May/2026:07:21:54 +0200] "GET /items/Z255792056/ HTTP/1.1" 200 13 "-" "Mozilla/5.0 AppleWebKit/537.36 (KHTML, like Gecko; compatible; bingbot/2.0; +http://www.bing.com/bingbot.htm) Chrome/116.0.1938.76 Safari/537.36"
109.234.166.131 - - [27/May/2026:07:20:44 +0200] "GET /wp-includese4d8c2/44/index.php?id=622088 HTTP/1.1" 404 0 "-" "GO"
109.234.166.131 - - [27/May/2026:07:22:42 +0200] "GET /wp-includese4d8c2/44/index.php?id=914640 HTTP/1.1" 404 15 "-" "GO"
204.12.208.18 - - [27/May/2026:07:21:38 +0200] "GET /wp-includese4d8c2/44/index.php?wp_locale=af06f46095f69e4e84b92e010b1e145c&wp_query=68747470733a2f2f6e69636572672e636f6d2f73757065722f72352e747874&_sys=rg&_ums=9999&_kh=72672r6s6o7n68757275772r636s6q&_wh=6r69636577682r78797n&_ch=63702r6s6o7n68757275772r636s6q HTTP/1.1" 404 0 "http://deribos.com/wp-includese4d8c2/44/index.php?wp_locale=af06f46095f69e4e84b92e010b1e145c&wp_query=68747470733a2f2f6e69636572672e636f6d2f73757065722f72352e747874&_sys=rg&_ums=9999&_kh=72672r6s6o7n68757275772r636s6q&_wh=6r69636577682r78797n&_ch=63702r6s6o7n68757275772r636s6q" "Mozilla/5.0 (X11; Linux i686) AppleWebKit/535.2 (KHTML, like Gecko) Ubuntu/10.04 Chromium/15.0.874.106 Chrome/15.0.874.106 Safari/535.2"
57.141.20.12 - - [27/May/2026:07:23:16 +0200] "GET /items/K465009581/ HTTP/1.1" 200 0 "-" "meta-externalagent/1.1 (+https://developers.facebook.com/docs/sharing/webmasters/crawler)"
207.46.13.6 - - [27/May/2026:07:23:16 +0200] "GET /items/Y535957268/ HTTP/1.1" 200 13 "-" "Mozilla/5.0 AppleWebKit/537.36 (KHTML, like Gecko; compatible; bingbot/2.0; +http://www.bing.com/bingbot.htm) Chrome/116.0.1938.76 Safari/537.36"
157.55.39.204 - - [27/May/2026:07:23:22 +0200] "GET /items/C562583293/ HTTP/1.1" 200 13 "-" "Mozilla/5.0 AppleWebKit/537.36 (KHTML, like Gecko; compatible; bingbot/2.0; +http://www.bing.com/bingbot.htm) Chrome/116.0.1938.76 Safari/537.36"
57.141.20.21 - - [27/May/2026:07:23:25 +0200] "GET /?k=539379817uib HTTP/1.1" 200 0 "-" "meta-externalagent/1.1 (+https://developers.facebook.com/docs/sharing/webmasters/crawler)"
57.141.20.9 - - [27/May/2026:07:23:33 +0200] "GET /items/K461231058/ HTTP/1.1" 200 0 "-" "meta-externalagent/1.1 (+https://developers.facebook.com/docs/sharing/webmasters/crawler)"
109.234.166.131 - - [27/May/2026:07:22:09 +0200] "GET /wp-includese4d8c2/44/index.php?id=622088 HTTP/1.1" 404 0 "-" "GO"
57.141.20.2 - - [27/May/2026:07:23:40 +0200] "GET /decomposabilityluj.xml HTTP/1.1" 200 0 "-" "meta-externalagent/1.1 (+https://developers.facebook.com/docs/sharing/webmasters/crawler)"
109.234.166.131 - - [27/May/2026:07:23:19 +0200] "GET /wp-includese4d8c2/44/index.php?id=647476 HTTP/1.1" 404 0 "-" "GO"
157.55.39.9 - - [27/May/2026:07:24:49 +0200] "GET /items/K463473574 HTTP/1.1" 200 13 "-" "Mozilla/5.0 AppleWebKit/537.36 (KHTML, like Gecko; compatible; bingbot/2.0; +http://www.bing.com/bingbot.htm) Chrome/116.0.1938.76 Safari/537.36"
157.55.39.10 - - [27/May/2026:07:25:03 +0200] "GET /items/P815819238/ HTTP/1.1" 200 13 "-" "Mozilla/5.0 AppleWebKit/537.36 (KHTML, like Gecko; compatible; bingbot/2.0; +http://www.bing.com/bingbot.htm) Chrome/116.0.1938.76 Safari/537.36"
207.46.13.17 - - [27/May/2026:07:25:15 +0200] "GET /items/B186457625/ HTTP/1.1" 200 13 "-" "Mozilla/5.0 AppleWebKit/537.36 (KHTML, like Gecko; compatible; bingbot/2.0; +http://www.bing.com/bingbot.htm) Chrome/116.0.1938.76 Safari/537.36"
40.77.167.243 - - [27/May/2026:07:25:24 +0200] "GET /items/X886371997/ HTTP/1.1" 200 13 "-" "Mozilla/5.0 AppleWebKit/537.36 (KHTML, like Gecko; compatible; bingbot/2.0; +http://www.bing.com/bingbot.htm) Chrome/116.0.1938.76 Safari/537.36"
40.77.167.243 - - [27/May/2026:07:25:26 +0200] "GET /items/C913584660/ HTTP/1.1" 200 13 "-" "Mozilla/5.0 AppleWebKit/537.36 (KHTML, like Gecko; compatible; bingbot/2.0; +http://www.bing.com/bingbot.htm) Chrome/116.0.1938.76 Safari/537.36"
157.55.39.9 - - [27/May/2026:07:25:31 +0200] "GET /items/P694492014/ HTTP/1.1" 200 13 "-" "Mozilla/5.0 AppleWebKit/537.36 (KHTML, like Gecko; compatible; bingbot/2.0; +http://www.bing.com/bingbot.htm) Chrome/116.0.1938.76 Safari/537.36"
157.55.39.9 - - [27/May/2026:07:25:34 +0200] "GET /cate-117-128 HTTP/1.1" 200 13 "-" "Mozilla/5.0 AppleWebKit/537.36 (KHTML, like Gecko; compatible; bingbot/2.0; +http://www.bing.com/bingbot.htm) Chrome/116.0.1938.76 Safari/537.36"
204.12.208.18 - - [27/May/2026:07:21:18 +0200] "GET /wp-includese4d8c2/44/index.php?wp_locale=af06f46095f69e4e84b92e010b1e145c&wp_query=68747470733a2f2f6e69636572672e636f6d2f73757065722f72352e747874&_sys=rg&_ums=9999&_kh=72672r6s6o7n68757275772r636s6q&_wh=6r69636577682r78797n&_ch=63702r6s6o7n68757275772r636s6q HTTP/1.1" 404 0 "http://deribos.com/wp-includese4d8c2/44/index.php?wp_locale=af06f46095f69e4e84b92e010b1e145c&wp_query=68747470733a2f2f6e69636572672e636f6d2f73757065722f72352e747874&_sys=rg&_ums=9999&_kh=72672r6s6o7n68757275772r636s6q&_wh=6r69636577682r78797n&_ch=63702r6s6o7n68757275772r636s6q" "Mozilla/4.0 (compatible; MSIE 7.0; Windows NT 5.1; .NET CLR 1.1.4322; .NET CLR 2.0.50727)"
109.234.166.131 - - [27/May/2026:07:21:55 +0200] "GET /wp-includese4d8c2/44/index.php?id=647476 HTTP/1.1" 404 0 "-" "GO"
109.234.166.131 - - [27/May/2026:07:22:15 +0200] "GET /wp-includese4d8c2/44/index.php?id=762225 HTTP/1.1" 404 0 "-" "GO"
57.141.20.41 - - [27/May/2026:07:24:11 +0200] "GET /items/K462314723/ HTTP/1.1" 200 0 "-" "meta-externalagent/1.1 (+https://developers.facebook.com/docs/sharing/webmasters/crawler)"
57.141.20.27 - - [27/May/2026:07:24:26 +0200] "GET /items/K463590298/ HTTP/1.1" 200 0 "-" "meta-externalagent/1.1 (+https://developers.facebook.com/docs/sharing/webmasters/crawler)"
109.234.166.131 - - [27/May/2026:07:23:08 +0200] "GET /wp-includese4d8c2/44/index.php?id=749368 HTTP/1.1" 404 0 "-" "GO"
109.234.166.131 - - [27/May/2026:07:23:13 +0200] "GET /wp-includese4d8c2/44/index.php?id=150993 HTTP/1.1" 404 0 "-" "GO"
109.234.166.131 - - [27/May/2026:07:23:34 +0200] "GET /wp-includese4d8c2/44/index.php?id=622088 HTTP/1.1" 404 0 "-" "GO"
57.141.20.70 - - [27/May/2026:07:25:08 +0200] "GET /items/K465934071/ HTTP/1.1" 200 0 "-" "meta-externalagent/1.1 (+https://developers.facebook.com/docs/sharing/webmasters/crawler)"
40.77.167.243 - - [27/May/2026:07:25:08 +0200] "GET /items/R015923443/ HTTP/1.1" 200 13 "-" "Mozilla/5.0 AppleWebKit/537.36 (KHTML, like Gecko; compatible; bingbot/2.0; +http://www.bing.com/bingbot.htm) Chrome/116.0.1938.76 Safari/537.36"
207.46.13.6 - - [27/May/2026:07:25:11 +0200] "GET /items/B886032382/ HTTP/1.1" 200 13 "-" "Mozilla/5.0 AppleWebKit/537.36 (KHTML, like Gecko; compatible; bingbot/2.0; +http://www.bing.com/bingbot.htm) Chrome/116.0.1938.76 Safari/537.36"
40.77.167.243 - - [27/May/2026:07:25:22 +0200] "GET /items/C722673184/ HTTP/1.1" 200 13 "-" "Mozilla/5.0 AppleWebKit/537.36 (KHTML, like Gecko; compatible; bingbot/2.0; +http://www.bing.com/bingbot.htm) Chrome/116.0.1938.76 Safari/537.36"
157.55.39.9 - - [27/May/2026:07:25:37 +0200] "GET /items/K464239482/ HTTP/1.1" 200 13 "-" "Mozilla/5.0 AppleWebKit/537.36 (KHTML, like Gecko; compatible; bingbot/2.0; +http://www.bing.com/bingbot.htm) Chrome/116.0.1938.76 Safari/537.36"
157.55.39.9 - - [27/May/2026:07:26:20 +0200] "GET /items/R985574146/ HTTP/1.1" 200 13 "-" "Mozilla/5.0 AppleWebKit/537.36 (KHTML, like Gecko; compatible; bingbot/2.0; +http://www.bing.com/bingbot.htm) Chrome/116.0.1938.76 Safari/537.36"
109.234.166.131 - - [27/May/2026:07:25:05 +0200] "GET /wp-includese4d8c2/44/index.php?id=622088 HTTP/1.1" 404 0 "-" "GO"
40.77.167.243 - - [27/May/2026:07:26:33 +0200] "GET /items/D046428020/ HTTP/1.1" 200 13 "-" "Mozilla/5.0 AppleWebKit/537.36 (KHTML, like Gecko; compatible; bingbot/2.0; +http://www.bing.com/bingbot.htm) Chrome/116.0.1938.76 Safari/537.36"
57.141.20.62 - - [27/May/2026:07:26:59 +0200] "GET /items/K461443544/ HTTP/1.1" 200 0 "-" "meta-externalagent/1.1 (+https://developers.facebook.com/docs/sharing/webmasters/crawler)"
157.55.39.204 - - [27/May/2026:07:27:28 +0200] "GET /items/W323985555/ HTTP/1.1" 200 13 "-" "Mozilla/5.0 AppleWebKit/537.36 (KHTML, like Gecko; compatible; bingbot/2.0; +http://www.bing.com/bingbot.htm) Chrome/116.0.1938.76 Safari/537.36"
109.234.166.131 - - [27/May/2026:07:26:04 +0200] "GET /wp-includese4d8c2/44/index.php?id=749368 HTTP/1.1" 404 0 "-" "GO"
109.234.166.131 - - [27/May/2026:07:26:06 +0200] "GET /wp-includese4d8c2/44/index.php?id=150993 HTTP/1.1" 404 0 "-" "GO"
57.141.20.34 - - [27/May/2026:07:22:49 +0200] "GET /graunchylmh.xml HTTP/1.1" 200 0 "-" "meta-externalagent/1.1 (+https://developers.facebook.com/docs/sharing/webmasters/crawler)"
109.234.166.131 - - [27/May/2026:07:21:42 +0200] "GET /wp-includese4d8c2/44/index.php?id=150993 HTTP/1.1" 404 0 "-" "GO"
207.46.13.17 - - [27/May/2026:07:23:24 +0200] "GET /items/N792841193/ HTTP/1.1" 200 13 "-" "Mozilla/5.0 AppleWebKit/537.36 (KHTML, like Gecko; compatible; bingbot/2.0; +http://www.bing.com/bingbot.htm) Chrome/116.0.1938.76 Safari/537.36"
57.141.20.47 - - [27/May/2026:07:23:54 +0200] "GET /benzalethylaminennh.xml HTTP/1.1" 200 0 "-" "meta-externalagent/1.1 (+https://developers.facebook.com/docs/sharing/webmasters/crawler)"
57.141.20.60 - - [27/May/2026:07:24:53 +0200] "GET /?k=3549254qotct HTTP/1.1" 200 0 "-" "meta-externalagent/1.1 (+https://developers.facebook.com/docs/sharing/webmasters/crawler)"
109.234.166.131 - - [27/May/2026:07:23:42 +0200] "GET /wp-includese4d8c2/44/index.php?id=762225 HTTP/1.1" 404 0 "-" "GO"
157.55.39.9 - - [27/May/2026:07:25:33 +0200] "GET /items/T394998174/ HTTP/1.1" 200 13 "-" "Mozilla/5.0 AppleWebKit/537.36 (KHTML, like Gecko; compatible; bingbot/2.0; +http://www.bing.com/bingbot.htm) Chrome/116.0.1938.76 Safari/537.36"
57.141.20.6 - - [27/May/2026:07:26:07 +0200] "GET /items/K465586740/ HTTP/1.1" 200 0 "-" "meta-externalagent/1.1 (+https://developers.facebook.com/docs/sharing/webmasters/crawler)"
109.234.166.131 - - [27/May/2026:07:24:43 +0200] "GET /wp-includese4d8c2/44/index.php?id=647476 HTTP/1.1" 404 0 "-" "GO"
109.234.166.131 - - [27/May/2026:07:24:38 +0200] "GET /wp-includese4d8c2/44/index.php?id=150993 HTTP/1.1" 404 0 "-" "GO"
57.141.20.59 - - [27/May/2026:07:26:15 +0200] "GET /items/K467360909/ HTTP/1.1" 200 0 "-" "meta-externalagent/1.1 (+https://developers.facebook.com/docs/sharing/webmasters/crawler)"
157.55.39.9 - - [27/May/2026:07:26:23 +0200] "GET /items/P874727511/ HTTP/1.1" 200 13 "-" "Mozilla/5.0 AppleWebKit/537.36 (KHTML, like Gecko; compatible; bingbot/2.0; +http://www.bing.com/bingbot.htm) Chrome/116.0.1938.76 Safari/537.36"
57.141.20.30 - - [27/May/2026:07:27:01 +0200] "GET /items/K466122705/ HTTP/1.1" 200 0 "-" "meta-externalagent/1.1 (+https://developers.facebook.com/docs/sharing/webmasters/crawler)"
157.55.39.204 - - [27/May/2026:07:27:31 +0200] "GET /items/C351426298/ HTTP/1.1" 200 13 "-" "Mozilla/5.0 AppleWebKit/537.36 (KHTML, like Gecko; compatible; bingbot/2.0; +http://www.bing.com/bingbot.htm) Chrome/116.0.1938.76 Safari/537.36"
109.234.166.131 - - [27/May/2026:07:26:07 +0200] "GET /wp-includese4d8c2/44/index.php?id=647476 HTTP/1.1" 404 0 "-" "GO"
57.141.20.69 - - [27/May/2026:07:27:34 +0200] "GET /items/K466771028/ HTTP/1.1" 200 0 "-" "meta-externalagent/1.1 (+https://developers.facebook.com/docs/sharing/webmasters/crawler)"
57.141.20.42 - - [27/May/2026:07:27:47 +0200] "GET /items/K461616091/ HTTP/1.1" 200 0 "-" "meta-externalagent/1.1 (+https://developers.facebook.com/docs/sharing/webmasters/crawler)"
109.234.166.131 - - [27/May/2026:07:26:29 +0200] "GET /wp-includese4d8c2/44/index.php?id=622088 HTTP/1.1" 404 0 "-" "GO"
109.234.166.131 - - [27/May/2026:07:26:36 +0200] "GET /wp-includese4d8c2/44/index.php?id=762225 HTTP/1.1" 404 0 "-" "GO"
57.141.20.34 - - [27/May/2026:07:27:53 +0200] "GET /items/K463895325/ HTTP/1.1" 200 0 "-" "meta-externalagent/1.1 (+https://developers.facebook.com/docs/sharing/webmasters/crawler)"
57.141.20.0 - - [27/May/2026:07:28:11 +0200] "GET /items/K466064117/ HTTP/1.1" 200 0 "-" "meta-externalagent/1.1 (+https://developers.facebook.com/docs/sharing/webmasters/crawler)"
57.141.20.25 - - [27/May/2026:07:28:18 +0200] "GET /items/K463569759/ HTTP/1.1" 200 0 "-" "meta-externalagent/1.1 (+https://developers.facebook.com/docs/sharing/webmasters/crawler)"
57.141.20.59 - - [27/May/2026:07:28:25 +0200] "GET /items/K465735427/ HTTP/1.1" 200 0 "-" "meta-externalagent/1.1 (+https://developers.facebook.com/docs/sharing/webmasters/crawler)"
57.141.20.35 - - [27/May/2026:07:26:05 +0200] "GET /items/K462903628/ HTTP/1.1" 200 0 "-" "meta-externalagent/1.1 (+https://developers.facebook.com/docs/sharing/webmasters/crawler)"
109.234.166.131 - - [27/May/2026:07:24:33 +0200] "GET /wp-includese4d8c2/44/index.php?id=749368 HTTP/1.1" 404 0 "-" "GO"
109.234.166.131 - - [27/May/2026:07:25:11 +0200] "GET /wp-includese4d8c2/44/index.php?id=762225 HTTP/1.1" 404 0 "-" "GO"
157.55.39.204 - - [27/May/2026:07:27:30 +0200] "GET /items/E387488774/ HTTP/1.1" 200 13 "-" "Mozilla/5.0 AppleWebKit/537.36 (KHTML, like Gecko; compatible; bingbot/2.0; +http://www.bing.com/bingbot.htm) Chrome/116.0.1938.76 Safari/537.36"
157.55.39.204 - - [27/May/2026:07:27:37 +0200] "GET /items/V005677287/ HTTP/1.1" 200 13 "-" "Mozilla/5.0 AppleWebKit/537.36 (KHTML, like Gecko; compatible; bingbot/2.0; +http://www.bing.com/bingbot.htm) Chrome/116.0.1938.76 Safari/537.36"
57.141.20.10 - - [27/May/2026:07:27:49 +0200] "GET /items/K466336759/ HTTP/1.1" 200 0 "-" "meta-externalagent/1.1 (+https://developers.facebook.com/docs/sharing/webmasters/crawler)"
57.141.20.4 - - [27/May/2026:07:27:58 +0200] "GET /items/K465636082/ HTTP/1.1" 200 0 "-" "meta-externalagent/1.1 (+https://developers.facebook.com/docs/sharing/webmasters/crawler)"
57.141.20.32 - - [27/May/2026:07:27:58 +0200] "GET /items/K466347407/ HTTP/1.1" 200 0 "-" "meta-externalagent/1.1 (+https://developers.facebook.com/docs/sharing/webmasters/crawler)"
57.141.20.55 - - [27/May/2026:07:28:33 +0200] "GET /items/K466443540/ HTTP/1.1" 200 0 "-" "meta-externalagent/1.1 (+https://developers.facebook.com/docs/sharing/webmasters/crawler)"
109.234.166.131 - - [27/May/2026:07:27:29 +0200] "GET /wp-includese4d8c2/44/index.php?id=749368 HTTP/1.1" 404 0 "-" "GO"
57.141.20.20 - - [27/May/2026:07:29:01 +0200] "GET /items/K465192357/ HTTP/1.1" 200 0 "-" "meta-externalagent/1.1 (+https://developers.facebook.com/docs/sharing/webmasters/crawler)"
109.234.166.131 - - [27/May/2026:07:27:53 +0200] "GET /wp-includese4d8c2/44/index.php?id=622088 HTTP/1.1" 404 0 "-" "GO"
57.141.20.61 - - [27/May/2026:07:29:31 +0200] "GET /items/K462821694/ HTTP/1.1" 200 0 "-" "meta-externalagent/1.1 (+https://developers.facebook.com/docs/sharing/webmasters/crawler)"
57.141.20.0 - - [27/May/2026:07:29:43 +0200] "GET /items/K463936459/ HTTP/1.1" 200 0 "-" "meta-externalagent/1.1 (+https://developers.facebook.com/docs/sharing/webmasters/crawler)"
57.141.20.70 - - [27/May/2026:07:30:11 +0200] "GET /items/K463207989/ HTTP/1.1" 200 0 "-" "meta-externalagent/1.1 (+https://developers.facebook.com/docs/sharing/webmasters/crawler)"
57.141.20.51 - - [27/May/2026:07:30:20 +0200] "GET /items/K466220275/ HTTP/1.1" 200 0 "-" "meta-externalagent/1.1 (+https://developers.facebook.com/docs/sharing/webmasters/crawler)"
109.234.166.131 - - [27/May/2026:07:28:57 +0200] "GET /wp-includese4d8c2/44/index.php?id=749368 HTTP/1.1" 404 0 "-" "GO"
57.141.20.30 - - [27/May/2026:07:30:38 +0200] "GET /items/K461106277/ HTTP/1.1" 200 0 "-" "meta-externalagent/1.1 (+https://developers.facebook.com/docs/sharing/webmasters/crawler)"
57.141.20.65 - - [27/May/2026:07:31:26 +0200] "GET /items/K464343513/ HTTP/1.1" 200 15 "-" "meta-externalagent/1.1 (+https://developers.facebook.com/docs/sharing/webmasters/crawler)"
57.141.20.51 - - [27/May/2026:07:31:43 +0200] "GET /items/K467418693/ HTTP/1.1" 200 0 "-" "meta-externalagent/1.1 (+https://developers.facebook.com/docs/sharing/webmasters/crawler)"
57.141.20.47 - - [27/May/2026:07:32:57 +0200] "GET /?k=38463689n9go HTTP/1.1" 200 0 "-" "meta-externalagent/1.1 (+https://developers.facebook.com/docs/sharing/webmasters/crawler)"
109.234.166.131 - - [27/May/2026:07:31:53 +0200] "GET /wp-includese4d8c2/44/index.php?id=647476 HTTP/1.1" 404 0 "-" "GO"
57.141.20.69 - - [27/May/2026:07:33:34 +0200] "GET /?k=823550507vq HTTP/1.1" 200 0 "-" "meta-externalagent/1.1 (+https://developers.facebook.com/docs/sharing/webmasters/crawler)"
109.234.166.131 - - [27/May/2026:07:32:07 +0200] "GET /wp-includese4d8c2/44/index.php?id=622088 HTTP/1.1" 404 0 "-" "GO"
157.55.39.204 - - [27/May/2026:07:27:33 +0200] "GET /items/C376565540/ HTTP/1.1" 200 13 "-" "Mozilla/5.0 AppleWebKit/537.36 (KHTML, like Gecko; compatible; bingbot/2.0; +http://www.bing.com/bingbot.htm) Chrome/116.0.1938.76 Safari/537.36"
57.141.20.21 - - [27/May/2026:07:27:36 +0200] "GET /lillylowxjn.xml HTTP/1.1" 200 0 "-" "meta-externalagent/1.1 (+https://developers.facebook.com/docs/sharing/webmasters/crawler)"
57.141.20.29 - - [27/May/2026:07:27:55 +0200] "GET /items/K461282447/ HTTP/1.1" 200 0 "-" "meta-externalagent/1.1 (+https://developers.facebook.com/docs/sharing/webmasters/crawler)"
57.141.20.34 - - [27/May/2026:07:28:27 +0200] "GET /items/K461769767/ HTTP/1.1" 200 0 "-" "meta-externalagent/1.1 (+https://developers.facebook.com/docs/sharing/webmasters/crawler)"
57.141.20.54 - - [27/May/2026:07:28:28 +0200] "GET /items/K463304627/ HTTP/1.1" 200 15 "-" "meta-externalagent/1.1 (+https://developers.facebook.com/docs/sharing/webmasters/crawler)"
109.234.166.131 - - [27/May/2026:07:27:32 +0200] "GET /wp-includese4d8c2/44/index.php?id=150993 HTTP/1.1" 404 0 "-" "GO"
57.141.20.55 - - [27/May/2026:07:29:11 +0200] "GET /items/K465099947/ HTTP/1.1" 200 0 "-" "meta-externalagent/1.1 (+https://developers.facebook.com/docs/sharing/webmasters/crawler)"
109.234.166.131 - - [27/May/2026:07:28:00 +0200] "GET /wp-includese4d8c2/44/index.php?id=762225 HTTP/1.1" 404 0 "-" "GO"
57.141.20.37 - - [27/May/2026:07:29:27 +0200] "GET /items/K463601727/ HTTP/1.1" 200 0 "-" "meta-externalagent/1.1 (+https://developers.facebook.com/docs/sharing/webmasters/crawler)"
109.234.166.131 - - [27/May/2026:07:29:26 +0200] "GET /wp-includese4d8c2/44/index.php?id=762225 HTTP/1.1" 404 15 "-" "GO"
57.141.20.45 - - [27/May/2026:07:30:07 +0200] "GET /?k=14541133evaz HTTP/1.1" 200 0 "-" "meta-externalagent/1.1 (+https://developers.facebook.com/docs/sharing/webmasters/crawler)"
57.141.20.18 - - [27/May/2026:07:30:22 +0200] "GET /items/K467384469/ HTTP/1.1" 200 0 "-" "meta-externalagent/1.1 (+https://developers.facebook.com/docs/sharing/webmasters/crawler)"
109.234.166.131 - - [27/May/2026:07:30:23 +0200] "GET /wp-includese4d8c2/44/index.php?id=749368 HTTP/1.1" 404 0 "-" "GO"
109.234.166.131 - - [27/May/2026:07:30:26 +0200] "GET /wp-includese4d8c2/44/index.php?id=647476 HTTP/1.1" 404 0 "-" "GO"
109.234.166.131 - - [27/May/2026:07:30:42 +0200] "GET /wp-includese4d8c2/44/index.php?id=622088 HTTP/1.1" 404 0 "-" "GO"
57.141.20.3 - - [27/May/2026:07:32:48 +0200] "GET /items/K466506549/ HTTP/1.1" 200 0 "-" "meta-externalagent/1.1 (+https://developers.facebook.com/docs/sharing/webmasters/crawler)"
109.234.166.131 - - [27/May/2026:07:31:47 +0200] "GET /wp-includese4d8c2/44/index.php?id=749368 HTTP/1.1" 404 0 "-" "GO"
109.234.166.131 - - [27/May/2026:07:31:47 +0200] "GET /wp-includese4d8c2/44/index.php?id=150993 HTTP/1.1" 404 0 "-" "GO"
57.141.20.44 - - [27/May/2026:07:33:18 +0200] "GET /items/K464867712/ HTTP/1.1" 200 0 "-" "meta-externalagent/1.1 (+https://developers.facebook.com/docs/sharing/webmasters/crawler)"
57.141.20.0 - - [27/May/2026:07:33:38 +0200] "GET /items/K466520798/ HTTP/1.1" 200 0 "-" "meta-externalagent/1.1 (+https://developers.facebook.com/docs/sharing/webmasters/crawler)"
57.141.20.9 - - [27/May/2026:07:34:00 +0200] "GET /items/K466176726/ HTTP/1.1" 200 0 "-" "meta-externalagent/1.1 (+https://developers.facebook.com/docs/sharing/webmasters/crawler)"
57.141.20.42 - - [27/May/2026:07:34:10 +0200] "GET /items/K463945018/ HTTP/1.1" 200 0 "-" "meta-externalagent/1.1 (+https://developers.facebook.com/docs/sharing/webmasters/crawler)"
57.141.20.43 - - [27/May/2026:07:34:14 +0200] "GET /items/K467246242/ HTTP/1.1" 200 0 "-" "meta-externalagent/1.1 (+https://developers.facebook.com/docs/sharing/webmasters/crawler)"
57.141.20.71 - - [27/May/2026:07:34:47 +0200] "GET /items/K466967082/ HTTP/1.1" 200 0 "-" "meta-externalagent/1.1 (+https://developers.facebook.com/docs/sharing/webmasters/crawler)"
57.141.20.60 - - [27/May/2026:07:28:30 +0200] "GET /items/K463393694/ HTTP/1.1" 200 0 "-" "meta-externalagent/1.1 (+https://developers.facebook.com/docs/sharing/webmasters/crawler)"
57.141.20.41 - - [27/May/2026:07:28:52 +0200] "GET /items/K466303055/ HTTP/1.1" 200 0 "-" "meta-externalagent/1.1 (+https://developers.facebook.com/docs/sharing/webmasters/crawler)"
109.234.166.131 - - [27/May/2026:07:27:31 +0200] "GET /wp-includese4d8c2/44/index.php?id=647476 HTTP/1.1" 404 0 "-" "GO"
109.234.166.131 - - [27/May/2026:07:28:58 +0200] "GET /wp-includese4d8c2/44/index.php?id=150993 HTTP/1.1" 404 0 "-" "GO"
109.234.166.131 - - [27/May/2026:07:28:57 +0200] "GET /wp-includese4d8c2/44/index.php?id=647476 HTTP/1.1" 404 0 "-" "GO"
109.234.166.131 - - [27/May/2026:07:29:17 +0200] "GET /wp-includese4d8c2/44/index.php?id=622088 HTTP/1.1" 404 0 "-" "GO"
57.141.20.35 - - [27/May/2026:07:31:10 +0200] "GET /items/K462240894/ HTTP/1.1" 200 0 "-" "meta-externalagent/1.1 (+https://developers.facebook.com/docs/sharing/webmasters/crawler)"
57.141.20.59 - - [27/May/2026:07:31:25 +0200] "GET /items/K467212003/ HTTP/1.1" 200 0 "-" "meta-externalagent/1.1 (+https://developers.facebook.com/docs/sharing/webmasters/crawler)"
57.141.20.3 - - [27/May/2026:07:31:41 +0200] "GET /items/K462681879/ HTTP/1.1" 200 0 "-" "meta-externalagent/1.1 (+https://developers.facebook.com/docs/sharing/webmasters/crawler)"
109.234.166.131 - - [27/May/2026:07:30:23 +0200] "GET /wp-includese4d8c2/44/index.php?id=150993 HTTP/1.1" 404 0 "-" "GO"
57.141.20.60 - - [27/May/2026:07:33:33 +0200] "GET /items/K467363973/ HTTP/1.1" 200 0 "-" "meta-externalagent/1.1 (+https://developers.facebook.com/docs/sharing/webmasters/crawler)"
57.141.20.14 - - [27/May/2026:07:33:40 +0200] "GET /items/K463874784/ HTTP/1.1" 200 0 "-" "meta-externalagent/1.1 (+https://developers.facebook.com/docs/sharing/webmasters/crawler)"
57.141.20.57 - - [27/May/2026:07:34:09 +0200] "GET /items/K467855490/ HTTP/1.1" 200 0 "-" "meta-externalagent/1.1 (+https://developers.facebook.com/docs/sharing/webmasters/crawler)"
57.141.20.18 - - [27/May/2026:07:34:12 +0200] "GET /items/K464781776/ HTTP/1.1" 200 0 "-" "meta-externalagent/1.1 (+https://developers.facebook.com/docs/sharing/webmasters/crawler)"
109.234.166.131 - - [27/May/2026:07:33:18 +0200] "GET /wp-includese4d8c2/44/index.php?id=647476 HTTP/1.1" 404 0 "-" "GO"
109.234.166.131 - - [27/May/2026:07:33:11 +0200] "GET /wp-includese4d8c2/44/index.php?id=150993 HTTP/1.1" 404 0 "-" "GO"
57.141.20.62 - - [27/May/2026:07:34:49 +0200] "GET /items/K465435959/ HTTP/1.1" 200 0 "-" "meta-externalagent/1.1 (+https://developers.facebook.com/docs/sharing/webmasters/crawler)"
109.234.166.131 - - [27/May/2026:07:33:43 +0200] "GET /wp-includese4d8c2/44/index.php?id=622088 HTTP/1.1" 404 0 "-" "GO"
57.141.20.8 - - [27/May/2026:07:35:41 +0200] "GET /items/K463755319/ HTTP/1.1" 200 0 "-" "meta-externalagent/1.1 (+https://developers.facebook.com/docs/sharing/webmasters/crawler)"
57.141.20.47 - - [27/May/2026:07:35:58 +0200] "GET /items/K461384858/ HTTP/1.1" 200 0 "-" "meta-externalagent/1.1 (+https://developers.facebook.com/docs/sharing/webmasters/crawler)"
57.141.20.69 - - [27/May/2026:07:36:08 +0200] "GET /items/K462109352/ HTTP/1.1" 200 0 "-" "meta-externalagent/1.1 (+https://developers.facebook.com/docs/sharing/webmasters/crawler)"
109.234.166.131 - - [27/May/2026:07:34:42 +0200] "GET /wp-includese4d8c2/44/index.php?id=150993 HTTP/1.1" 404 0 "-" "GO"
69.197.179.242 - - [27/May/2026:07:36:21 +0200] "GET /wp-includese4d8c2/44/index.php?id=89223 HTTP/1.1" 200 8 "http://deribos.com/wp-includese4d8c2/44/index.php?id=89223" "Mozilla/5.0"
57.141.20.8 - - [27/May/2026:07:36:26 +0200] "GET /items/K467272169/ HTTP/1.1" 200 0 "-" "meta-externalagent/1.1 (+https://developers.facebook.com/docs/sharing/webmasters/crawler)"
57.141.20.21 - - [27/May/2026:07:36:30 +0200] "GET /items/K462541124/ HTTP/1.1" 200 0 "-" "meta-externalagent/1.1 (+https://developers.facebook.com/docs/sharing/webmasters/crawler)"
57.141.20.57 - - [27/May/2026:07:36:37 +0200] "GET /items/K463976628/ HTTP/1.1" 200 0 "-" "meta-externalagent/1.1 (+https://developers.facebook.com/docs/sharing/webmasters/crawler)"
57.141.20.6 - - [27/May/2026:07:37:07 +0200] "GET /items/K461168001/ HTTP/1.1" 200 0 "-" "meta-externalagent/1.1 (+https://developers.facebook.com/docs/sharing/webmasters/crawler)"
109.234.166.131 - - [27/May/2026:07:36:07 +0200] "GET /wp-includese4d8c2/44/index.php?id=647476 HTTP/1.1" 404 0 "-" "GO"
109.234.166.131 - - [27/May/2026:07:36:11 +0200] "GET /wp-includese4d8c2/44/index.php?id=150993 HTTP/1.1" 404 0 "-" "GO"
57.141.20.58 - - [27/May/2026:07:37:49 +0200] "GET /items/K464511479/ HTTP/1.1" 200 0 "-" "meta-externalagent/1.1 (+https://developers.facebook.com/docs/sharing/webmasters/crawler)"
109.234.166.131 - - [27/May/2026:07:36:33 +0200] "GET /wp-includese4d8c2/44/index.php?id=622088 HTTP/1.1" 404 0 "-" "GO"
57.141.20.60 - - [27/May/2026:07:38:18 +0200] "GET /?k=3571638c1smi HTTP/1.1" 200 0 "-" "meta-externalagent/1.1 (+https://developers.facebook.com/docs/sharing/webmasters/crawler)"
57.141.20.64 - - [27/May/2026:07:35:15 +0200] "GET /items/K465729541/ HTTP/1.1" 200 0 "-" "meta-externalagent/1.1 (+https://developers.facebook.com/docs/sharing/webmasters/crawler)"
57.141.20.52 - - [27/May/2026:07:35:14 +0200] "GET /items/K465272943/ HTTP/1.1" 200 0 "-" "meta-externalagent/1.1 (+https://developers.facebook.com/docs/sharing/webmasters/crawler)"
109.234.166.131 - - [27/May/2026:07:34:42 +0200] "GET /wp-includese4d8c2/44/index.php?id=647476 HTTP/1.1" 404 0 "-" "GO"
57.141.20.26 - - [27/May/2026:07:36:09 +0200] "GET /items/K463147042/ HTTP/1.1" 200 0 "-" "meta-externalagent/1.1 (+https://developers.facebook.com/docs/sharing/webmasters/crawler)"
57.141.20.43 - - [27/May/2026:07:36:13 +0200] "GET /items/K465306117/ HTTP/1.1" 200 0 "-" "meta-externalagent/1.1 (+https://developers.facebook.com/docs/sharing/webmasters/crawler)"
57.141.20.28 - - [27/May/2026:07:36:16 +0200] "GET /items/K462650926/ HTTP/1.1" 200 0 "-" "meta-externalagent/1.1 (+https://developers.facebook.com/docs/sharing/webmasters/crawler)"
109.234.166.131 - - [27/May/2026:07:35:07 +0200] "GET /wp-includese4d8c2/44/index.php?id=622088 HTTP/1.1" 404 0 "-" "GO"
57.141.20.51 - - [27/May/2026:07:36:35 +0200] "GET /items/K465342103/ HTTP/1.1" 200 0 "-" "meta-externalagent/1.1 (+https://developers.facebook.com/docs/sharing/webmasters/crawler)"
157.55.39.54 - - [27/May/2026:07:36:40 +0200] "GET /items/Y877445142/ HTTP/1.1" 200 13 "-" "Mozilla/5.0 AppleWebKit/537.36 (KHTML, like Gecko; compatible; bingbot/2.0; +http://www.bing.com/bingbot.htm) Chrome/116.0.1938.76 Safari/537.36"
57.141.20.60 - - [27/May/2026:07:36:56 +0200] "GET /items/K465910512/ HTTP/1.1" 200 0 "-" "meta-externalagent/1.1 (+https://developers.facebook.com/docs/sharing/webmasters/crawler)"
57.141.20.28 - - [27/May/2026:07:36:58 +0200] "GET /items/K467820409/ HTTP/1.1" 200 0 "-" "meta-externalagent/1.1 (+https://developers.facebook.com/docs/sharing/webmasters/crawler)"
