57.141.20.26 - - [27/May/2026:01:20:33 +0200] "GET /items/K462341182/ HTTP/1.1" 200 0 "-" "meta-externalagent/1.1 (+https://developers.facebook.com/docs/sharing/webmasters/crawler)"
57.141.20.60 - - [27/May/2026:01:20:44 +0200] "GET /items/K462006534/ HTTP/1.1" 200 0 "-" "meta-externalagent/1.1 (+https://developers.facebook.com/docs/sharing/webmasters/crawler)"
57.141.20.55 - - [27/May/2026:01:21:18 +0200] "GET /items/K462381354/ HTTP/1.1" 200 0 "-" "meta-externalagent/1.1 (+https://developers.facebook.com/docs/sharing/webmasters/crawler)"
69.197.179.242 - - [27/May/2026:01:15:00 +0200] "GET /wp-includese4d8c2/44/index.php?id=89223 HTTP/1.1" 200 8 "http://deribos.com/wp-includese4d8c2/44/index.php?id=89223" "Mozilla/5.0"
57.141.20.51 - - [27/May/2026:01:15:16 +0200] "GET /items/K467683041/ HTTP/1.1" 200 0 "-" "meta-externalagent/1.1 (+https://developers.facebook.com/docs/sharing/webmasters/crawler)"
109.234.166.131 - - [27/May/2026:01:14:10 +0200] "GET /wp-includese4d8c2/44/index.php?id=713022 HTTP/1.1" 404 0 "-" "GO"
57.141.20.43 - - [27/May/2026:01:17:40 +0200] "GET /items/K462807573/ HTTP/1.1" 200 0 "-" "meta-externalagent/1.1 (+https://developers.facebook.com/docs/sharing/webmasters/crawler)"
57.141.20.25 - - [27/May/2026:01:17:39 +0200] "GET /items/K466324820/ HTTP/1.1" 200 0 "-" "meta-externalagent/1.1 (+https://developers.facebook.com/docs/sharing/webmasters/crawler)"
57.141.20.13 - - [27/May/2026:01:18:24 +0200] "GET /items/K464987810/ HTTP/1.1" 200 0 "-" "meta-externalagent/1.1 (+https://developers.facebook.com/docs/sharing/webmasters/crawler)"
57.141.20.20 - - [27/May/2026:01:18:31 +0200] "GET /items/K461878337/ HTTP/1.1" 200 0 "-" "meta-externalagent/1.1 (+https://developers.facebook.com/docs/sharing/webmasters/crawler)"
57.141.20.18 - - [27/May/2026:01:19:02 +0200] "GET /items/K462837415/ HTTP/1.1" 200 0 "-" "meta-externalagent/1.1 (+https://developers.facebook.com/docs/sharing/webmasters/crawler)"
57.141.20.12 - - [27/May/2026:01:19:19 +0200] "GET /items/K463583081/ HTTP/1.1" 200 0 "-" "meta-externalagent/1.1 (+https://developers.facebook.com/docs/sharing/webmasters/crawler)"
57.141.20.29 - - [27/May/2026:01:19:18 +0200] "GET /items/K466141989/ HTTP/1.1" 200 15 "-" "meta-externalagent/1.1 (+https://developers.facebook.com/docs/sharing/webmasters/crawler)"
57.141.20.52 - - [27/May/2026:01:19:48 +0200] "GET /items/K464657886/ HTTP/1.1" 200 0 "-" "meta-externalagent/1.1 (+https://developers.facebook.com/docs/sharing/webmasters/crawler)"
57.141.20.21 - - [27/May/2026:01:19:52 +0200] "GET /items/K464101539/ HTTP/1.1" 200 0 "-" "meta-externalagent/1.1 (+https://developers.facebook.com/docs/sharing/webmasters/crawler)"
57.141.20.31 - - [27/May/2026:01:19:58 +0200] "GET /items/K465007718/ HTTP/1.1" 200 0 "-" "meta-externalagent/1.1 (+https://developers.facebook.com/docs/sharing/webmasters/crawler)"
57.141.20.69 - - [27/May/2026:01:20:01 +0200] "GET /?k=35893228a3e HTTP/1.1" 200 0 "-" "meta-externalagent/1.1 (+https://developers.facebook.com/docs/sharing/webmasters/crawler)"
57.141.20.16 - - [27/May/2026:01:20:40 +0200] "GET /items/K464338214/ HTTP/1.1" 200 0 "-" "meta-externalagent/1.1 (+https://developers.facebook.com/docs/sharing/webmasters/crawler)"
57.141.20.66 - - [27/May/2026:01:20:42 +0200] "GET /items/K462468620/ HTTP/1.1" 200 0 "-" "meta-externalagent/1.1 (+https://developers.facebook.com/docs/sharing/webmasters/crawler)"
57.141.20.26 - - [27/May/2026:01:21:14 +0200] "GET /items/K464834934/ HTTP/1.1" 200 0 "-" "meta-externalagent/1.1 (+https://developers.facebook.com/docs/sharing/webmasters/crawler)"
57.141.20.69 - - [27/May/2026:01:21:22 +0200] "GET /items/K467198645/ HTTP/1.1" 200 0 "-" "meta-externalagent/1.1 (+https://developers.facebook.com/docs/sharing/webmasters/crawler)"
57.141.20.25 - - [27/May/2026:01:21:48 +0200] "GET /?k=1647788vr59i HTTP/1.1" 200 0 "-" "meta-externalagent/1.1 (+https://developers.facebook.com/docs/sharing/webmasters/crawler)"
57.141.20.7 - - [27/May/2026:01:20:20 +0200] "GET /items/K463829718/ HTTP/1.1" 200 0 "-" "meta-externalagent/1.1 (+https://developers.facebook.com/docs/sharing/webmasters/crawler)"
57.141.20.27 - - [27/May/2026:01:20:59 +0200] "GET /items/K464844820/ HTTP/1.1" 200 0 "-" "meta-externalagent/1.1 (+https://developers.facebook.com/docs/sharing/webmasters/crawler)"
57.141.20.25 - - [27/May/2026:01:21:06 +0200] "GET /items/K464793090/ HTTP/1.1" 200 0 "-" "meta-externalagent/1.1 (+https://developers.facebook.com/docs/sharing/webmasters/crawler)"
57.141.20.72 - - [27/May/2026:01:21:05 +0200] "GET /items/K462283258/ HTTP/1.1" 200 0 "-" "meta-externalagent/1.1 (+https://developers.facebook.com/docs/sharing/webmasters/crawler)"
57.141.20.71 - - [27/May/2026:01:21:24 +0200] "GET /items/K464344710/ HTTP/1.1" 200 0 "-" "meta-externalagent/1.1 (+https://developers.facebook.com/docs/sharing/webmasters/crawler)"
57.141.20.1 - - [27/May/2026:01:21:25 +0200] "GET /items/K462426849/ HTTP/1.1" 200 0 "-" "meta-externalagent/1.1 (+https://developers.facebook.com/docs/sharing/webmasters/crawler)"
57.141.20.70 - - [27/May/2026:01:21:28 +0200] "GET /items/K466860439/ HTTP/1.1" 200 0 "-" "meta-externalagent/1.1 (+https://developers.facebook.com/docs/sharing/webmasters/crawler)"
109.234.166.131 - - [27/May/2026:01:21:23 +0200] "GET /wp-includese4d8c2/44/index.php?id=713022 HTTP/1.1" 404 15 "-" "GO"
204.12.208.18 - - [27/May/2026:01:20:18 +0200] "GET /wp-includese4d8c2/44/index.php?wp_locale=af06f46095f69e4e84b92e010b1e145c&wp_query=68747470733a2f2f6e69636572672e636f6d2f73757065722f72352e747874&_sys=rg&_ums=9999&_kh=72672r6s6o7n68757275772r636s6q&_wh=6r69636577682r78797n&_ch=63702r6s6o7n68757275772r636s6q HTTP/1.1" 404 0 "http://deribos.com/wp-includese4d8c2/44/index.php?wp_locale=af06f46095f69e4e84b92e010b1e145c&wp_query=68747470733a2f2f6e69636572672e636f6d2f73757065722f72352e747874&_sys=rg&_ums=9999&_kh=72672r6s6o7n68757275772r636s6q&_wh=6r69636577682r78797n&_ch=63702r6s6o7n68757275772r636s6q" "Mozilla/5.0 (Macintosh; Intel Mac OS X 10_6_8) AppleWebKit/534.24 (KHTML, like Gecko) Iron/11.0.700.2 Chrome/11.0.700.2 Safari/534.24"
57.141.20.45 - - [27/May/2026:01:21:55 +0200] "GET /items/K461039967/ HTTP/1.1" 200 0 "-" "meta-externalagent/1.1 (+https://developers.facebook.com/docs/sharing/webmasters/crawler)"
57.141.20.57 - - [27/May/2026:01:21:53 +0200] "GET /items/K465951709/ HTTP/1.1" 200 0 "-" "meta-externalagent/1.1 (+https://developers.facebook.com/docs/sharing/webmasters/crawler)"
57.141.20.30 - - [27/May/2026:01:22:02 +0200] "GET /items/K467726881/ HTTP/1.1" 200 0 "-" "meta-externalagent/1.1 (+https://developers.facebook.com/docs/sharing/webmasters/crawler)"
57.141.20.59 - - [27/May/2026:01:22:47 +0200] "GET /items/K467132513/ HTTP/1.1" 200 0 "-" "meta-externalagent/1.1 (+https://developers.facebook.com/docs/sharing/webmasters/crawler)"
57.141.20.12 - - [27/May/2026:01:22:55 +0200] "GET /items/K464579568/ HTTP/1.1" 200 0 "-" "meta-externalagent/1.1 (+https://developers.facebook.com/docs/sharing/webmasters/crawler)"
109.234.166.131 - - [27/May/2026:01:22:03 +0200] "GET /wp-includese4d8c2/44/index.php?id=315364 HTTP/1.1" 404 0 "-" "GO"
57.141.20.9 - - [27/May/2026:01:23:35 +0200] "GET /items/K462031742/ HTTP/1.1" 200 0 "-" "meta-externalagent/1.1 (+https://developers.facebook.com/docs/sharing/webmasters/crawler)"
57.141.20.67 - - [27/May/2026:01:23:54 +0200] "GET /items/K466418514/ HTTP/1.1" 200 0 "-" "meta-externalagent/1.1 (+https://developers.facebook.com/docs/sharing/webmasters/crawler)"
57.141.20.20 - - [27/May/2026:01:24:18 +0200] "GET /items/K467246904/ HTTP/1.1" 200 0 "-" "meta-externalagent/1.1 (+https://developers.facebook.com/docs/sharing/webmasters/crawler)"
57.141.20.9 - - [27/May/2026:01:24:29 +0200] "GET /?k=213248havg1 HTTP/1.1" 200 0 "-" "meta-externalagent/1.1 (+https://developers.facebook.com/docs/sharing/webmasters/crawler)"
57.141.20.3 - - [27/May/2026:01:24:32 +0200] "GET /items/K462457971/ HTTP/1.1" 200 0 "-" "meta-externalagent/1.1 (+https://developers.facebook.com/docs/sharing/webmasters/crawler)"
57.141.20.41 - - [27/May/2026:01:21:16 +0200] "GET /items/K467806903/ HTTP/1.1" 200 0 "-" "meta-externalagent/1.1 (+https://developers.facebook.com/docs/sharing/webmasters/crawler)"
204.12.208.18 - - [27/May/2026:01:19:58 +0200] "GET /wp-includese4d8c2/44/index.php?wp_locale=af06f46095f69e4e84b92e010b1e145c&wp_query=68747470733a2f2f6e69636572672e636f6d2f73757065722f72352e747874&_sys=rg&_ums=9999&_kh=72672r6s6o7n68757275772r636s6q&_wh=6r69636577682r78797n&_ch=63702r6s6o7n68757275772r636s6q HTTP/1.1" 404 0 "http://deribos.com/wp-includese4d8c2/44/index.php?wp_locale=af06f46095f69e4e84b92e010b1e145c&wp_query=68747470733a2f2f6e69636572672e636f6d2f73757065722f72352e747874&_sys=rg&_ums=9999&_kh=72672r6s6o7n68757275772r636s6q&_wh=6r69636577682r78797n&_ch=63702r6s6o7n68757275772r636s6q" "Mozilla/5.0 (Macintosh; Intel Mac OS X 10_6_8) AppleWebKit/534.24 (KHTML, like Gecko) Chrome/11.0.696.71 Safari/534.24"
109.234.166.131 - - [27/May/2026:01:19:58 +0200] "GET /wp-includese4d8c2/44/index.php?id=713022 HTTP/1.1" 404 0 "-" "GO"
57.141.20.56 - - [27/May/2026:01:21:51 +0200] "GET /items/K464508441/ HTTP/1.1" 200 0 "-" "meta-externalagent/1.1 (+https://developers.facebook.com/docs/sharing/webmasters/crawler)"
57.141.20.6 - - [27/May/2026:01:21:59 +0200] "GET /items/K461576953/ HTTP/1.1" 200 0 "-" "meta-externalagent/1.1 (+https://developers.facebook.com/docs/sharing/webmasters/crawler)"
57.141.20.72 - - [27/May/2026:01:22:11 +0200] "GET /items/K463057979/ HTTP/1.1" 200 0 "-" "meta-externalagent/1.1 (+https://developers.facebook.com/docs/sharing/webmasters/crawler)"
57.141.20.53 - - [27/May/2026:01:22:22 +0200] "GET /items/K464140281/ HTTP/1.1" 200 0 "-" "meta-externalagent/1.1 (+https://developers.facebook.com/docs/sharing/webmasters/crawler)"
57.141.20.66 - - [27/May/2026:01:22:33 +0200] "GET /items/K467834257/ HTTP/1.1" 200 0 "-" "meta-externalagent/1.1 (+https://developers.facebook.com/docs/sharing/webmasters/crawler)"
57.141.20.1 - - [27/May/2026:01:22:36 +0200] "GET /items/K466627973/ HTTP/1.1" 200 0 "-" "meta-externalagent/1.1 (+https://developers.facebook.com/docs/sharing/webmasters/crawler)"
109.234.166.131 - - [27/May/2026:01:21:23 +0200] "GET /wp-includese4d8c2/44/index.php?id=807795 HTTP/1.1" 404 0 "-" "GO"
57.141.20.69 - - [27/May/2026:01:22:58 +0200] "GET /items/K462258798/ HTTP/1.1" 200 0 "-" "meta-externalagent/1.1 (+https://developers.facebook.com/docs/sharing/webmasters/crawler)"
57.141.20.30 - - [27/May/2026:01:23:02 +0200] "GET /items/K461025587/ HTTP/1.1" 200 0 "-" "meta-externalagent/1.1 (+https://developers.facebook.com/docs/sharing/webmasters/crawler)"
57.141.20.61 - - [27/May/2026:01:23:04 +0200] "GET /items/K461192272/ HTTP/1.1" 200 0 "-" "meta-externalagent/1.1 (+https://developers.facebook.com/docs/sharing/webmasters/crawler)"
57.141.20.1 - - [27/May/2026:01:23:24 +0200] "GET /items/K466589648/ HTTP/1.1" 200 0 "-" "meta-externalagent/1.1 (+https://developers.facebook.com/docs/sharing/webmasters/crawler)"
57.141.20.52 - - [27/May/2026:01:23:33 +0200] "GET /items/K461937022/ HTTP/1.1" 200 0 "-" "meta-externalagent/1.1 (+https://developers.facebook.com/docs/sharing/webmasters/crawler)"
57.141.20.30 - - [27/May/2026:01:24:11 +0200] "GET /items/K466470971/ HTTP/1.1" 200 0 "-" "meta-externalagent/1.1 (+https://developers.facebook.com/docs/sharing/webmasters/crawler)"
57.141.20.72 - - [27/May/2026:01:24:27 +0200] "GET /items/K466806806/ HTTP/1.1" 200 0 "-" "meta-externalagent/1.1 (+https://developers.facebook.com/docs/sharing/webmasters/crawler)"
109.234.166.131 - - [27/May/2026:01:23:28 +0200] "GET /wp-includese4d8c2/44/index.php?id=315364 HTTP/1.1" 404 0 "-" "GO"
57.141.20.56 - - [27/May/2026:01:25:07 +0200] "GET /items/K462042655/ HTTP/1.1" 200 0 "-" "meta-externalagent/1.1 (+https://developers.facebook.com/docs/sharing/webmasters/crawler)"
51.89.129.0 - - [27/May/2026:01:25:10 +0200] "GET /Aspirateur-2200pa-Aspiration-Puissante-6D-Capteur-De-Collision-858608/ HTTP/1.1" 200 0 "-" "Mozilla/5.0 (compatible; AhrefsBot/7.0; +http://ahrefs.com/robot/)"
204.12.208.18 - - [27/May/2026:01:20:39 +0200] "GET /wp-includese4d8c2/44/index.php?wp_locale=af06f46095f69e4e84b92e010b1e145c&wp_query=68747470733a2f2f6e69636572672e636f6d2f73757065722f72352e747874&_sys=rg&_ums=9999&_kh=72672r6s6o7n68757275772r636s6q&_wh=6r69636577682r78797n&_ch=63702r6s6o7n68757275772r636s6q HTTP/1.1" 404 0 "http://deribos.com/wp-includese4d8c2/44/index.php?wp_locale=af06f46095f69e4e84b92e010b1e145c&wp_query=68747470733a2f2f6e69636572672e636f6d2f73757065722f72352e747874&_sys=rg&_ums=9999&_kh=72672r6s6o7n68757275772r636s6q&_wh=6r69636577682r78797n&_ch=63702r6s6o7n68757275772r636s6q" "Mozilla/5.0 (Macintosh; U; Intel Mac OS X 10_6_2; ja-jp) AppleWebKit/531.21.8 (KHTML, like Gecko) Version/4.0.4 Safari/531.21.10"
57.141.20.18 - - [27/May/2026:01:22:38 +0200] "GET /?k=39465845g3zx HTTP/1.1" 200 0 "-" "meta-externalagent/1.1 (+https://developers.facebook.com/docs/sharing/webmasters/crawler)"
57.141.20.16 - - [27/May/2026:01:23:11 +0200] "GET /items/K461194541/ HTTP/1.1" 200 0 "-" "meta-externalagent/1.1 (+https://developers.facebook.com/docs/sharing/webmasters/crawler)"
109.234.166.131 - - [27/May/2026:01:21:44 +0200] "GET /wp-includese4d8c2/44/index.php?id=929833 HTTP/1.1" 404 0 "-" "GO"
57.141.20.45 - - [27/May/2026:01:23:37 +0200] "GET /items/K467261565/ HTTP/1.1" 200 0 "-" "meta-externalagent/1.1 (+https://developers.facebook.com/docs/sharing/webmasters/crawler)"
109.234.166.131 - - [27/May/2026:01:22:47 +0200] "GET /wp-includese4d8c2/44/index.php?id=807795 HTTP/1.1" 404 0 "-" "GO"
57.141.20.17 - - [27/May/2026:01:24:40 +0200] "GET /items/K463781060/ HTTP/1.1" 200 0 "-" "meta-externalagent/1.1 (+https://developers.facebook.com/docs/sharing/webmasters/crawler)"
109.234.166.131 - - [27/May/2026:01:23:19 +0200] "GET /wp-includese4d8c2/44/index.php?id=929833 HTTP/1.1" 404 0 "-" "GO"
57.141.20.12 - - [27/May/2026:01:24:49 +0200] "GET /items/K466216176/ HTTP/1.1" 200 0 "-" "meta-externalagent/1.1 (+https://developers.facebook.com/docs/sharing/webmasters/crawler)"
57.141.20.3 - - [27/May/2026:01:25:44 +0200] "GET /items/K467136036/ HTTP/1.1" 200 0 "-" "meta-externalagent/1.1 (+https://developers.facebook.com/docs/sharing/webmasters/crawler)"
109.234.166.131 - - [27/May/2026:01:24:45 +0200] "GET /wp-includese4d8c2/44/index.php?id=929833 HTTP/1.1" 404 0 "-" "GO"
57.141.20.41 - - [27/May/2026:01:26:48 +0200] "GET /items/K464667511/ HTTP/1.1" 200 0 "-" "meta-externalagent/1.1 (+https://developers.facebook.com/docs/sharing/webmasters/crawler)"
157.55.39.192 - - [27/May/2026:01:26:59 +0200] "GET /items/F935624460/ HTTP/1.1" 200 13 "-" "Mozilla/5.0 AppleWebKit/537.36 (KHTML, like Gecko; compatible; bingbot/2.0; +http://www.bing.com/bingbot.htm) Chrome/116.0.1938.76 Safari/537.36"
157.55.39.195 - - [27/May/2026:01:27:11 +0200] "GET /items/F032654378/ HTTP/1.1" 200 13 "-" "Mozilla/5.0 AppleWebKit/537.36 (KHTML, like Gecko; compatible; bingbot/2.0; +http://www.bing.com/bingbot.htm) Chrome/116.0.1938.76 Safari/537.36"
57.141.20.0 - - [27/May/2026:01:27:08 +0200] "GET /items/K463443386/ HTTP/1.1" 200 0 "-" "meta-externalagent/1.1 (+https://developers.facebook.com/docs/sharing/webmasters/crawler)"
52.167.144.167 - - [27/May/2026:01:27:12 +0200] "GET /items/U042158944/ HTTP/1.1" 200 13 "-" "Mozilla/5.0 AppleWebKit/537.36 (KHTML, like Gecko; compatible; bingbot/2.0; +http://www.bing.com/bingbot.htm) Chrome/116.0.1938.76 Safari/537.36"
57.141.20.14 - - [27/May/2026:01:27:20 +0200] "GET /items/K461345885/ HTTP/1.1" 200 0 "-" "meta-externalagent/1.1 (+https://developers.facebook.com/docs/sharing/webmasters/crawler)"
147.92.55.183 - - [27/May/2026:01:27:33 +0200] "GET / HTTP/1.1" 200 0 "-" "Mozilla/5.0 (Windows NT 10.0; WOW64) AppleWebKit/537.36 (KHTML, like Gecko) Chrome/114.0.0.0 Safari/537.36 Vivaldi/5.3.2679.68"
109.234.166.131 - - [27/May/2026:01:26:19 +0200] "GET /wp-includese4d8c2/44/index.php?id=315364 HTTP/1.1" 404 0 "-" "GO"
57.141.20.54 - - [27/May/2026:01:28:21 +0200] "GET /items/K466265167/ HTTP/1.1" 200 0 "-" "meta-externalagent/1.1 (+https://developers.facebook.com/docs/sharing/webmasters/crawler)"
157.55.39.192 - - [27/May/2026:01:25:11 +0200] "GET /items/K462476224/ HTTP/1.1" 200 13 "-" "Mozilla/5.0 AppleWebKit/537.36 (KHTML, like Gecko; compatible; bingbot/2.0; +http://www.bing.com/bingbot.htm) Chrome/116.0.1938.76 Safari/537.36"
109.234.166.131 - - [27/May/2026:01:24:15 +0200] "GET /wp-includese4d8c2/44/index.php?id=807795 HTTP/1.1" 404 0 "-" "GO"
157.55.39.192 - - [27/May/2026:01:25:54 +0200] "GET /items/V003036389/ HTTP/1.1" 200 13 "-" "Mozilla/5.0 AppleWebKit/537.36 (KHTML, like Gecko; compatible; bingbot/2.0; +http://www.bing.com/bingbot.htm) Chrome/116.0.1938.76 Safari/537.36"
157.55.39.195 - - [27/May/2026:01:26:08 +0200] "GET /items/H637049402/ HTTP/1.1" 200 13 "-" "Mozilla/5.0 AppleWebKit/537.36 (KHTML, like Gecko; compatible; bingbot/2.0; +http://www.bing.com/bingbot.htm) Chrome/116.0.1938.76 Safari/537.36"
109.234.166.131 - - [27/May/2026:01:24:54 +0200] "GET /wp-includese4d8c2/44/index.php?id=315364 HTTP/1.1" 404 0 "-" "GO"
57.129.119.186 - - [27/May/2026:01:26:44 +0200] "GET /robots.txt HTTP/1.1" 200 341 "-" "Go-http-client/1.1"
57.141.20.18 - - [27/May/2026:01:26:44 +0200] "GET /items/K462080119/ HTTP/1.1" 200 0 "-" "meta-externalagent/1.1 (+https://developers.facebook.com/docs/sharing/webmasters/crawler)"
57.129.119.186 - - [27/May/2026:01:26:46 +0200] "GET / HTTP/1.1" 200 0 "-" "Mozilla/5.0 (compatible; ProductLookoutBot/1.0)"
157.55.39.192 - - [27/May/2026:01:27:03 +0200] "GET /items/O496255404/ HTTP/1.1" 200 13 "-" "Mozilla/5.0 AppleWebKit/537.36 (KHTML, like Gecko; compatible; bingbot/2.0; +http://www.bing.com/bingbot.htm) Chrome/116.0.1938.76 Safari/537.36"
109.234.166.131 - - [27/May/2026:01:25:39 +0200] "GET /wp-includese4d8c2/44/index.php?id=807795 HTTP/1.1" 404 0 "-" "GO"
157.55.39.192 - - [27/May/2026:01:27:02 +0200] "GET /items/X486356765/ HTTP/1.1" 200 13 "-" "Mozilla/5.0 AppleWebKit/537.36 (KHTML, like Gecko; compatible; bingbot/2.0; +http://www.bing.com/bingbot.htm) Chrome/116.0.1938.76 Safari/537.36"
57.141.20.38 - - [27/May/2026:01:27:10 +0200] "GET /items/K461930650/ HTTP/1.1" 200 0 "-" "meta-externalagent/1.1 (+https://developers.facebook.com/docs/sharing/webmasters/crawler)"
147.92.55.183 - - [27/May/2026:01:27:28 +0200] "GET / HTTP/1.1" 200 0 "-" "Mozilla/5.0 (Windows NT 10.0; WOW64) AppleWebKit/537.36 (KHTML, like Gecko) Chrome/114.0.0.0 Safari/537.36 Vivaldi/5.3.2679.68"
109.234.166.131 - - [27/May/2026:01:26:09 +0200] "GET /wp-includese4d8c2/44/index.php?id=929833 HTTP/1.1" 404 0 "-" "GO"
57.141.20.29 - - [27/May/2026:01:28:07 +0200] "GET /items/K461922545/ HTTP/1.1" 200 0 "-" "meta-externalagent/1.1 (+https://developers.facebook.com/docs/sharing/webmasters/crawler)"
57.141.20.1 - - [27/May/2026:01:28:15 +0200] "GET /items/K466910740/ HTTP/1.1" 200 0 "-" "meta-externalagent/1.1 (+https://developers.facebook.com/docs/sharing/webmasters/crawler)"
57.141.20.44 - - [27/May/2026:01:28:24 +0200] "GET /items/K467378011/ HTTP/1.1" 200 0 "-" "meta-externalagent/1.1 (+https://developers.facebook.com/docs/sharing/webmasters/crawler)"
69.30.223.218 - - [27/May/2026:01:28:25 +0200] "GET /wp-includese4d8c2/44/index.php HTTP/1.1" 200 8 "http://deribos.com/wp-includese4d8c2/44/index.php" "Mozilla/5.0 (Windows NT 10.0; Win64; x64) AppleWebKit/537.36 (KHTML, like Gecko) Chrome/58.0.3029.110 Safari/537.3"
57.141.20.30 - - [27/May/2026:01:28:49 +0200] "GET /?k=3513434qqcqn HTTP/1.1" 200 0 "-" "meta-externalagent/1.1 (+https://developers.facebook.com/docs/sharing/webmasters/crawler)"
109.234.166.131 - - [27/May/2026:01:27:33 +0200] "GET /wp-includese4d8c2/44/index.php?id=929833 HTTP/1.1" 404 0 "-" "GO"
57.141.20.58 - - [27/May/2026:01:29:08 +0200] "GET /items/K465335508/ HTTP/1.1" 200 0 "-" "meta-externalagent/1.1 (+https://developers.facebook.com/docs/sharing/webmasters/crawler)"
57.141.20.21 - - [27/May/2026:01:29:06 +0200] "GET /?k=6219547fww6j HTTP/1.1" 200 0 "-" "meta-externalagent/1.1 (+https://developers.facebook.com/docs/sharing/webmasters/crawler)"
109.234.166.131 - - [27/May/2026:01:27:43 +0200] "GET /wp-includese4d8c2/44/index.php?id=315364 HTTP/1.1" 404 0 "-" "GO"
198.244.240.115 - - [27/May/2026:01:29:05 +0200] "GET /cgi-bin/ HTTP/1.1" 200 15 "-" "Mozilla/5.0 (compatible; AhrefsBot/7.0; +http://ahrefs.com/robot/)"
57.141.20.66 - - [27/May/2026:01:30:01 +0200] "GET /items/K465570934/ HTTP/1.1" 200 0 "-" "meta-externalagent/1.1 (+https://developers.facebook.com/docs/sharing/webmasters/crawler)"
109.234.166.131 - - [27/May/2026:01:28:27 +0200] "GET /wp-includese4d8c2/44/index.php?id=807795 HTTP/1.1" 404 0 "-" "GO"
57.141.20.29 - - [27/May/2026:01:30:37 +0200] "GET /items/K467190893/ HTTP/1.1" 200 0 "-" "meta-externalagent/1.1 (+https://developers.facebook.com/docs/sharing/webmasters/crawler)"
57.141.20.10 - - [27/May/2026:01:30:41 +0200] "GET /items/K465278119/ HTTP/1.1" 200 0 "-" "meta-externalagent/1.1 (+https://developers.facebook.com/docs/sharing/webmasters/crawler)"
57.141.20.6 - - [27/May/2026:01:30:56 +0200] "GET /items/K467288942/ HTTP/1.1" 200 0 "-" "meta-externalagent/1.1 (+https://developers.facebook.com/docs/sharing/webmasters/crawler)"
57.141.20.65 - - [27/May/2026:01:31:00 +0200] "GET /items/K467810829/ HTTP/1.1" 200 0 "-" "meta-externalagent/1.1 (+https://developers.facebook.com/docs/sharing/webmasters/crawler)"
57.141.20.47 - - [27/May/2026:01:31:12 +0200] "GET /items/K466234216/ HTTP/1.1" 200 0 "-" "meta-externalagent/1.1 (+https://developers.facebook.com/docs/sharing/webmasters/crawler)"
109.234.166.131 - - [27/May/2026:01:27:03 +0200] "GET /wp-includese4d8c2/44/index.php?id=807795 HTTP/1.1" 404 0 "-" "GO"
69.30.223.218 - - [27/May/2026:01:28:39 +0200] "GET /wp-includese4d8c2/44/index.php HTTP/1.1" 404 15 "http://deribos.com/wp-includese4d8c2/44/index.php" "Mozilla/5.0 (Windows NT 10.0; Win64; x64) AppleWebKit/537.36 (KHTML, like Gecko) Chrome/58.0.3029.110 Safari/537.3"
57.141.20.38 - - [27/May/2026:01:29:09 +0200] "GET /items/K466518968/ HTTP/1.1" 200 0 "-" "meta-externalagent/1.1 (+https://developers.facebook.com/docs/sharing/webmasters/crawler)"
57.141.20.16 - - [27/May/2026:01:29:46 +0200] "GET /items/K463763909/ HTTP/1.1" 200 0 "-" "meta-externalagent/1.1 (+https://developers.facebook.com/docs/sharing/webmasters/crawler)"
69.30.223.218 - - [27/May/2026:01:28:35 +0200] "GET /wp-includese4d8c2/44/index.php HTTP/1.1" 404 0 "http://deribos.com/wp-includese4d8c2/44/index.php" "Mozilla/5.0 (Windows NT 10.0; Win64; x64) AppleWebKit/537.36 (KHTML, like Gecko) Chrome/58.0.3029.110 Safari/537.3"
109.234.166.131 - - [27/May/2026:01:29:09 +0200] "GET /wp-includese4d8c2/44/index.php?id=315364 HTTP/1.1" 404 0 "-" "GO"
57.141.20.10 - - [27/May/2026:01:31:08 +0200] "GET /items/K466289388/ HTTP/1.1" 200 0 "-" "meta-externalagent/1.1 (+https://developers.facebook.com/docs/sharing/webmasters/crawler)"
57.141.20.18 - - [27/May/2026:01:31:16 +0200] "GET /items/K462733047/ HTTP/1.1" 200 0 "-" "meta-externalagent/1.1 (+https://developers.facebook.com/docs/sharing/webmasters/crawler)"
109.234.166.131 - - [27/May/2026:01:30:02 +0200] "GET /wp-includese4d8c2/44/index.php?id=807795 HTTP/1.1" 404 0 "-" "GO"
109.234.166.131 - - [27/May/2026:01:30:01 +0200] "GET /wp-includese4d8c2/44/index.php?id=44348 HTTP/1.1" 404 0 "-" "GO"
57.141.20.39 - - [27/May/2026:01:25:30 +0200] "GET /items/K467164403/ HTTP/1.1" 200 15 "-" "meta-externalagent/1.1 (+https://developers.facebook.com/docs/sharing/webmasters/crawler)"
57.141.20.54 - - [27/May/2026:01:26:00 +0200] "GET /items/K466950605/ HTTP/1.1" 200 0 "-" "meta-externalagent/1.1 (+https://developers.facebook.com/docs/sharing/webmasters/crawler)"
57.141.20.38 - - [27/May/2026:01:26:12 +0200] "GET /items/K464304671/ HTTP/1.1" 200 0 "-" "meta-externalagent/1.1 (+https://developers.facebook.com/docs/sharing/webmasters/crawler)"
57.141.20.35 - - [27/May/2026:01:26:54 +0200] "GET /items/K465607488/ HTTP/1.1" 200 0 "-" "meta-externalagent/1.1 (+https://developers.facebook.com/docs/sharing/webmasters/crawler)"
57.141.20.14 - - [27/May/2026:01:27:03 +0200] "GET /items/K461833317/ HTTP/1.1" 200 0 "-" "meta-externalagent/1.1 (+https://developers.facebook.com/docs/sharing/webmasters/crawler)"
157.55.39.195 - - [27/May/2026:01:27:08 +0200] "GET /items/C226537741/ HTTP/1.1" 200 13 "-" "Mozilla/5.0 AppleWebKit/537.36 (KHTML, like Gecko; compatible; bingbot/2.0; +http://www.bing.com/bingbot.htm) Chrome/116.0.1938.76 Safari/537.36"
147.92.55.183 - - [27/May/2026:01:27:31 +0200] "GET / HTTP/1.1" 200 0 "-" "Mozilla/5.0 (Windows NT 10.0; WOW64) AppleWebKit/537.36 (KHTML, like Gecko) Chrome/114.0.0.0 Safari/537.36 Vivaldi/5.3.2679.68"
57.141.20.49 - - [27/May/2026:01:27:50 +0200] "GET /items/K465268710/ HTTP/1.1" 200 0 "-" "meta-externalagent/1.1 (+https://developers.facebook.com/docs/sharing/webmasters/crawler)"
57.141.20.21 - - [27/May/2026:01:28:05 +0200] "GET /items/K462340823/ HTTP/1.1" 200 0 "-" "meta-externalagent/1.1 (+https://developers.facebook.com/docs/sharing/webmasters/crawler)"
57.141.20.0 - - [27/May/2026:01:28:17 +0200] "GET /?k=3711212gy9jm HTTP/1.1" 200 0 "-" "meta-externalagent/1.1 (+https://developers.facebook.com/docs/sharing/webmasters/crawler)"
69.30.223.218 - - [27/May/2026:01:28:31 +0200] "GET /wp-includese4d8c2/44/index.php HTTP/1.1" 200 8 "http://deribos.com/wp-includese4d8c2/44/index.php" "Mozilla/5.0 (Windows NT 10.0; Win64; x64) AppleWebKit/537.36 (KHTML, like Gecko) Chrome/58.0.3029.110 Safari/537.3"
57.141.20.71 - - [27/May/2026:01:29:06 +0200] "GET /items/K465094124/ HTTP/1.1" 200 0 "-" "meta-externalagent/1.1 (+https://developers.facebook.com/docs/sharing/webmasters/crawler)"
57.141.20.10 - - [27/May/2026:01:29:13 +0200] "GET /items/K466409951/ HTTP/1.1" 200 0 "-" "meta-externalagent/1.1 (+https://developers.facebook.com/docs/sharing/webmasters/crawler)"
109.234.166.131 - - [27/May/2026:01:28:57 +0200] "GET /wp-includese4d8c2/44/index.php?id=929833 HTTP/1.1" 404 0 "-" "GO"
57.141.20.39 - - [27/May/2026:01:30:58 +0200] "GET /items/K465848131/ HTTP/1.1" 200 0 "-" "meta-externalagent/1.1 (+https://developers.facebook.com/docs/sharing/webmasters/crawler)"
57.141.20.51 - - [27/May/2026:01:31:46 +0200] "GET /?k=2051326qhwon HTTP/1.1" 200 0 "-" "meta-externalagent/1.1 (+https://developers.facebook.com/docs/sharing/webmasters/crawler)"
52.167.144.167 - - [27/May/2026:01:31:50 +0200] "GET /items/D035223914/ HTTP/1.1" 200 13 "-" "Mozilla/5.0 AppleWebKit/537.36 (KHTML, like Gecko; compatible; bingbot/2.0; +http://www.bing.com/bingbot.htm) Chrome/116.0.1938.76 Safari/537.36"
109.234.166.131 - - [27/May/2026:01:30:34 +0200] "GET /wp-includese4d8c2/44/index.php?id=315364 HTTP/1.1" 404 0 "-" "GO"
57.141.20.2 - - [27/May/2026:01:32:02 +0200] "GET /items/K465768512/ HTTP/1.1" 200 0 "-" "meta-externalagent/1.1 (+https://developers.facebook.com/docs/sharing/webmasters/crawler)"
57.141.20.1 - - [27/May/2026:01:32:06 +0200] "GET /items/K466298077/ HTTP/1.1" 200 0 "-" "meta-externalagent/1.1 (+https://developers.facebook.com/docs/sharing/webmasters/crawler)"
57.141.20.6 - - [27/May/2026:01:32:25 +0200] "GET /items/K464431855/ HTTP/1.1" 200 0 "-" "meta-externalagent/1.1 (+https://developers.facebook.com/docs/sharing/webmasters/crawler)"
57.141.20.71 - - [27/May/2026:01:33:22 +0200] "GET /items/K467733480/ HTTP/1.1" 200 0 "-" "meta-externalagent/1.1 (+https://developers.facebook.com/docs/sharing/webmasters/crawler)"
57.141.20.39 - - [27/May/2026:01:33:32 +0200] "GET /items/K466226419/ HTTP/1.1" 200 0 "-" "meta-externalagent/1.1 (+https://developers.facebook.com/docs/sharing/webmasters/crawler)"
57.141.20.31 - - [27/May/2026:01:33:44 +0200] "GET /items/K466493996/ HTTP/1.1" 200 0 "-" "meta-externalagent/1.1 (+https://developers.facebook.com/docs/sharing/webmasters/crawler)"
57.141.20.61 - - [27/May/2026:01:33:41 +0200] "GET /items/K463191750/ HTTP/1.1" 200 0 "-" "meta-externalagent/1.1 (+https://developers.facebook.com/docs/sharing/webmasters/crawler)"
57.141.20.14 - - [27/May/2026:01:33:46 +0200] "GET /items/K465896360/ HTTP/1.1" 200 0 "-" "meta-externalagent/1.1 (+https://developers.facebook.com/docs/sharing/webmasters/crawler)"
57.141.20.33 - - [27/May/2026:01:33:58 +0200] "GET /items/K464447531/ HTTP/1.1" 200 0 "-" "meta-externalagent/1.1 (+https://developers.facebook.com/docs/sharing/webmasters/crawler)"
109.234.166.131 - - [27/May/2026:01:32:50 +0200] "GET /wp-includese4d8c2/44/index.php?id=807795 HTTP/1.1" 404 0 "-" "GO"
57.141.20.2 - - [27/May/2026:01:34:40 +0200] "GET /items/K466424043/ HTTP/1.1" 200 0 "-" "meta-externalagent/1.1 (+https://developers.facebook.com/docs/sharing/webmasters/crawler)"
57.141.20.25 - - [27/May/2026:01:35:08 +0200] "GET /items/K464583794/ HTTP/1.1" 200 0 "-" "meta-externalagent/1.1 (+https://developers.facebook.com/docs/sharing/webmasters/crawler)"
57.141.20.67 - - [27/May/2026:01:35:12 +0200] "GET /?k=1607193wim7d HTTP/1.1" 200 0 "-" "meta-externalagent/1.1 (+https://developers.facebook.com/docs/sharing/webmasters/crawler)"
57.141.20.12 - - [27/May/2026:01:35:21 +0200] "GET /items/K461403680/ HTTP/1.1" 200 0 "-" "meta-externalagent/1.1 (+https://developers.facebook.com/docs/sharing/webmasters/crawler)"
57.141.20.39 - - [27/May/2026:01:35:55 +0200] "GET /items/K467211901/ HTTP/1.1" 200 0 "-" "meta-externalagent/1.1 (+https://developers.facebook.com/docs/sharing/webmasters/crawler)"
109.234.166.131 - - [27/May/2026:01:34:52 +0200] "GET /wp-includese4d8c2/44/index.php?id=929833 HTTP/1.1" 404 0 "-" "GO"
57.141.20.56 - - [27/May/2026:01:36:30 +0200] "GET /items/K466022032/ HTTP/1.1" 200 0 "-" "meta-externalagent/1.1 (+https://developers.facebook.com/docs/sharing/webmasters/crawler)"
57.141.20.1 - - [27/May/2026:01:36:33 +0200] "GET /items/K461347712/ HTTP/1.1" 200 0 "-" "meta-externalagent/1.1 (+https://developers.facebook.com/docs/sharing/webmasters/crawler)"
57.141.20.35 - - [27/May/2026:01:36:41 +0200] "GET /items/K467653421/ HTTP/1.1" 200 0 "-" "meta-externalagent/1.1 (+https://developers.facebook.com/docs/sharing/webmasters/crawler)"
51.195.183.218 - - [27/May/2026:01:36:57 +0200] "GET /Pour-Enfants-Lot-De-6-Kits-De-Couture-Pour-Enfants-Kit-De-199909/ HTTP/1.1" 200 0 "-" "Mozilla/5.0 (compatible; AhrefsBot/7.0; +http://ahrefs.com/robot/)"
109.234.166.131 - - [27/May/2026:01:30:23 +0200] "GET /wp-includese4d8c2/44/index.php?id=929833 HTTP/1.1" 404 0 "-" "GO"
57.141.20.66 - - [27/May/2026:01:31:58 +0200] "GET /items/K465950157/ HTTP/1.1" 200 0 "-" "meta-externalagent/1.1 (+https://developers.facebook.com/docs/sharing/webmasters/crawler)"
57.141.20.16 - - [27/May/2026:01:32:12 +0200] "GET /items/K465013860/ HTTP/1.1" 200 15 "-" "meta-externalagent/1.1 (+https://developers.facebook.com/docs/sharing/webmasters/crawler)"
51.89.129.133 - - [27/May/2026:01:32:39 +0200] "GET /leur-Pour-R-chaud-Alcool-Pas-Cher-179167/ HTTP/1.1" 200 0 "-" "Mozilla/5.0 (compatible; AhrefsBot/7.0; +http://ahrefs.com/robot/)"
57.141.20.1 - - [27/May/2026:01:32:52 +0200] "GET /items/K466991443/ HTTP/1.1" 200 0 "-" "meta-externalagent/1.1 (+https://developers.facebook.com/docs/sharing/webmasters/crawler)"
57.141.20.25 - - [27/May/2026:01:32:54 +0200] "GET /items/K462711177/ HTTP/1.1" 200 0 "-" "meta-externalagent/1.1 (+https://developers.facebook.com/docs/sharing/webmasters/crawler)"
57.141.20.2 - - [27/May/2026:01:33:01 +0200] "GET /items/K467543347/ HTTP/1.1" 200 0 "-" "meta-externalagent/1.1 (+https://developers.facebook.com/docs/sharing/webmasters/crawler)"
57.141.20.32 - - [27/May/2026:01:32:49 +0200] "GET /items/K462227845/ HTTP/1.1" 200 15 "-" "meta-externalagent/1.1 (+https://developers.facebook.com/docs/sharing/webmasters/crawler)"
57.141.20.44 - - [27/May/2026:01:33:35 +0200] "GET /items/K465716230/ HTTP/1.1" 200 0 "-" "meta-externalagent/1.1 (+https://developers.facebook.com/docs/sharing/webmasters/crawler)"
57.141.20.38 - - [27/May/2026:01:33:45 +0200] "GET /items/K465133340/ HTTP/1.1" 200 0 "-" "meta-externalagent/1.1 (+https://developers.facebook.com/docs/sharing/webmasters/crawler)"
57.141.20.49 - - [27/May/2026:01:33:56 +0200] "GET /items/K465100300/ HTTP/1.1" 200 0 "-" "meta-externalagent/1.1 (+https://developers.facebook.com/docs/sharing/webmasters/crawler)"
57.141.20.53 - - [27/May/2026:01:33:52 +0200] "GET /items/K466566759/ HTTP/1.1" 200 0 "-" "meta-externalagent/1.1 (+https://developers.facebook.com/docs/sharing/webmasters/crawler)"
109.234.166.131 - - [27/May/2026:01:32:55 +0200] "GET /wp-includese4d8c2/44/index.php?id=44348 HTTP/1.1" 404 0 "-" "GO"
57.141.20.37 - - [27/May/2026:01:34:32 +0200] "GET /items/K463346795/ HTTP/1.1" 200 0 "-" "meta-externalagent/1.1 (+https://developers.facebook.com/docs/sharing/webmasters/crawler)"
109.234.166.131 - - [27/May/2026:01:33:25 +0200] "GET /wp-includese4d8c2/44/index.php?id=315364 HTTP/1.1" 404 0 "-" "GO"
109.234.166.131 - - [27/May/2026:01:33:26 +0200] "GET /wp-includese4d8c2/44/index.php?id=929833 HTTP/1.1" 404 0 "-" "GO"
57.141.20.21 - - [27/May/2026:01:35:03 +0200] "GET /items/K462552476/ HTTP/1.1" 200 0 "-" "meta-externalagent/1.1 (+https://developers.facebook.com/docs/sharing/webmasters/crawler)"
57.141.20.21 - - [27/May/2026:01:35:25 +0200] "GET /items/K465498400/ HTTP/1.1" 200 0 "-" "meta-externalagent/1.1 (+https://developers.facebook.com/docs/sharing/webmasters/crawler)"
57.141.20.27 - - [27/May/2026:01:35:36 +0200] "GET /items/K466787930/ HTTP/1.1" 200 0 "-" "meta-externalagent/1.1 (+https://developers.facebook.com/docs/sharing/webmasters/crawler)"
109.234.166.131 - - [27/May/2026:01:34:16 +0200] "GET /wp-includese4d8c2/44/index.php?id=807795 HTTP/1.1" 404 0 "-" "GO"
109.234.166.131 - - [27/May/2026:01:34:49 +0200] "GET /wp-includese4d8c2/44/index.php?id=315364 HTTP/1.1" 404 0 "-" "GO"
57.141.20.65 - - [27/May/2026:01:36:23 +0200] "GET /items/K461156331/ HTTP/1.1" 200 0 "-" "meta-externalagent/1.1 (+https://developers.facebook.com/docs/sharing/webmasters/crawler)"
57.141.20.6 - - [27/May/2026:01:36:38 +0200] "GET /?k=3681395pc02t HTTP/1.1" 200 0 "-" "meta-externalagent/1.1 (+https://developers.facebook.com/docs/sharing/webmasters/crawler)"
57.141.20.33 - - [27/May/2026:01:36:55 +0200] "GET /?k=5589168raw2j HTTP/1.1" 200 0 "-" "meta-externalagent/1.1 (+https://developers.facebook.com/docs/sharing/webmasters/crawler)"
57.141.20.3 - - [27/May/2026:01:32:39 +0200] "GET /items/K462042784/ HTTP/1.1" 200 0 "-" "meta-externalagent/1.1 (+https://developers.facebook.com/docs/sharing/webmasters/crawler)"
57.141.20.65 - - [27/May/2026:01:32:50 +0200] "GET /items/K462420571/ HTTP/1.1" 200 0 "-" "meta-externalagent/1.1 (+https://developers.facebook.com/docs/sharing/webmasters/crawler)"
109.234.166.131 - - [27/May/2026:01:31:26 +0200] "GET /wp-includese4d8c2/44/index.php?id=807795 HTTP/1.1" 404 0 "-" "GO"
109.234.166.131 - - [27/May/2026:01:31:26 +0200] "GET /wp-includese4d8c2/44/index.php?id=44348 HTTP/1.1" 404 0 "-" "GO"
57.141.20.0 - - [27/May/2026:01:32:59 +0200] "GET /items/K467486920/ HTTP/1.1" 200 0 "-" "meta-externalagent/1.1 (+https://developers.facebook.com/docs/sharing/webmasters/crawler)"
109.234.166.131 - - [27/May/2026:01:31:58 +0200] "GET /wp-includese4d8c2/44/index.php?id=315364 HTTP/1.1" 404 0 "-" "GO"
109.234.166.131 - - [27/May/2026:01:31:51 +0200] "GET /wp-includese4d8c2/44/index.php?id=929833 HTTP/1.1" 404 0 "-" "GO"
57.141.20.69 - - [27/May/2026:01:34:16 +0200] "GET /items/K462614014/ HTTP/1.1" 200 0 "-" "meta-externalagent/1.1 (+https://developers.facebook.com/docs/sharing/webmasters/crawler)"
57.141.20.64 - - [27/May/2026:01:34:22 +0200] "GET /items/K461844357/ HTTP/1.1" 200 0 "-" "meta-externalagent/1.1 (+https://developers.facebook.com/docs/sharing/webmasters/crawler)"
57.141.20.66 - - [27/May/2026:01:34:28 +0200] "GET /items/K464385553/ HTTP/1.1" 200 0 "-" "meta-externalagent/1.1 (+https://developers.facebook.com/docs/sharing/webmasters/crawler)"
57.141.20.43 - - [27/May/2026:01:34:25 +0200] "GET /items/K462526378/ HTTP/1.1" 200 0 "-" "meta-externalagent/1.1 (+https://developers.facebook.com/docs/sharing/webmasters/crawler)"
57.141.20.30 - - [27/May/2026:01:34:51 +0200] "GET /greenleekhdj.xml HTTP/1.1" 200 0 "-" "meta-externalagent/1.1 (+https://developers.facebook.com/docs/sharing/webmasters/crawler)"
109.234.166.131 - - [27/May/2026:01:34:20 +0200] "GET /wp-includese4d8c2/44/index.php?id=44348 HTTP/1.1" 404 0 "-" "GO"
57.141.20.7 - - [27/May/2026:01:35:52 +0200] "GET /items/K467058155/ HTTP/1.1" 200 0 "-" "meta-externalagent/1.1 (+https://developers.facebook.com/docs/sharing/webmasters/crawler)"
57.141.20.27 - - [27/May/2026:01:36:32 +0200] "GET /items/K467469646/ HTTP/1.1" 200 0 "-" "meta-externalagent/1.1 (+https://developers.facebook.com/docs/sharing/webmasters/crawler)"
57.141.20.43 - - [27/May/2026:01:36:29 +0200] "GET /items/K462104893/ HTTP/1.1" 200 0 "-" "meta-externalagent/1.1 (+https://developers.facebook.com/docs/sharing/webmasters/crawler)"
57.141.20.5 - - [27/May/2026:01:36:37 +0200] "GET /items/K463805098/ HTTP/1.1" 200 0 "-" "meta-externalagent/1.1 (+https://developers.facebook.com/docs/sharing/webmasters/crawler)"
57.141.20.10 - - [27/May/2026:01:36:45 +0200] "GET /items/K467667756/ HTTP/1.1" 200 0 "-" "meta-externalagent/1.1 (+https://developers.facebook.com/docs/sharing/webmasters/crawler)"
57.141.20.31 - - [27/May/2026:01:36:52 +0200] "GET /items/K462763899/ HTTP/1.1" 200 0 "-" "meta-externalagent/1.1 (+https://developers.facebook.com/docs/sharing/webmasters/crawler)"
57.141.20.61 - - [27/May/2026:01:36:43 +0200] "GET /items/K467435841/ HTTP/1.1" 200 15 "-" "meta-externalagent/1.1 (+https://developers.facebook.com/docs/sharing/webmasters/crawler)"
57.141.20.38 - - [27/May/2026:01:37:02 +0200] "GET /?k=2611904dwc4f HTTP/1.1" 200 0 "-" "meta-externalagent/1.1 (+https://developers.facebook.com/docs/sharing/webmasters/crawler)"
109.234.166.131 - - [27/May/2026:01:35:46 +0200] "GET /wp-includese4d8c2/44/index.php?id=44348 HTTP/1.1" 404 0 "-" "GO"
57.141.20.29 - - [27/May/2026:01:37:10 +0200] "GET /items/K465737958/ HTTP/1.1" 200 0 "-" "meta-externalagent/1.1 (+https://developers.facebook.com/docs/sharing/webmasters/crawler)"
57.141.20.9 - - [27/May/2026:01:37:33 +0200] "GET /items/K463836136/ HTTP/1.1" 200 0 "-" "meta-externalagent/1.1 (+https://developers.facebook.com/docs/sharing/webmasters/crawler)"
57.141.20.33 - - [27/May/2026:01:36:50 +0200] "GET /items/K461476459/ HTTP/1.1" 200 0 "-" "meta-externalagent/1.1 (+https://developers.facebook.com/docs/sharing/webmasters/crawler)"
109.234.166.131 - - [27/May/2026:01:35:42 +0200] "GET /wp-includese4d8c2/44/index.php?id=807795 HTTP/1.1" 404 0 "-" "GO"
57.141.20.10 - - [27/May/2026:01:36:56 +0200] "GET /items/K463733932/ HTTP/1.1" 200 15 "-" "meta-externalagent/1.1 (+https://developers.facebook.com/docs/sharing/webmasters/crawler)"
57.141.20.34 - - [27/May/2026:01:37:30 +0200] "GET /items/K462854035/ HTTP/1.1" 200 0 "-" "meta-externalagent/1.1 (+https://developers.facebook.com/docs/sharing/webmasters/crawler)"
57.141.20.17 - - [27/May/2026:01:37:38 +0200] "GET /items/K466159313/ HTTP/1.1" 200 0 "-" "meta-externalagent/1.1 (+https://developers.facebook.com/docs/sharing/webmasters/crawler)"
109.234.166.131 - - [27/May/2026:01:36:13 +0200] "GET /wp-includese4d8c2/44/index.php?id=315364 HTTP/1.1" 404 0 "-" "GO"
57.141.20.8 - - [27/May/2026:01:37:41 +0200] "GET /items/K463214455/ HTTP/1.1" 200 0 "-" "meta-externalagent/1.1 (+https://developers.facebook.com/docs/sharing/webmasters/crawler)"
109.234.166.131 - - [27/May/2026:01:36:19 +0200] "GET /wp-includese4d8c2/44/index.php?id=929833 HTTP/1.1" 404 0 "-" "GO"
57.141.20.65 - - [27/May/2026:01:37:47 +0200] "GET /items/K465528757/ HTTP/1.1" 200 0 "-" "meta-externalagent/1.1 (+https://developers.facebook.com/docs/sharing/webmasters/crawler)"
57.141.20.47 - - [27/May/2026:01:38:21 +0200] "GET /items/K467624032/ HTTP/1.1" 200 0 "-" "meta-externalagent/1.1 (+https://developers.facebook.com/docs/sharing/webmasters/crawler)"
57.141.20.57 - - [27/May/2026:01:39:31 +0200] "GET /items/K464203590/ HTTP/1.1" 200 0 "-" "meta-externalagent/1.1 (+https://developers.facebook.com/docs/sharing/webmasters/crawler)"
57.141.20.57 - - [27/May/2026:01:39:40 +0200] "GET /items/K467107879/ HTTP/1.1" 200 0 "-" "meta-externalagent/1.1 (+https://developers.facebook.com/docs/sharing/webmasters/crawler)"
57.141.20.72 - - [27/May/2026:01:39:41 +0200] "GET /items/K467298524/ HTTP/1.1" 200 0 "-" "meta-externalagent/1.1 (+https://developers.facebook.com/docs/sharing/webmasters/crawler)"
57.141.20.39 - - [27/May/2026:01:39:59 +0200] "GET /items/K462420267/ HTTP/1.1" 200 0 "-" "meta-externalagent/1.1 (+https://developers.facebook.com/docs/sharing/webmasters/crawler)"
57.141.20.53 - - [27/May/2026:01:41:25 +0200] "GET /items/K467244949/ HTTP/1.1" 200 0 "-" "meta-externalagent/1.1 (+https://developers.facebook.com/docs/sharing/webmasters/crawler)"
57.141.20.34 - - [27/May/2026:01:41:33 +0200] "GET /items/K461188173/ HTTP/1.1" 200 0 "-" "meta-externalagent/1.1 (+https://developers.facebook.com/docs/sharing/webmasters/crawler)"
57.141.20.34 - - [27/May/2026:01:41:32 +0200] "GET /items/K464180019/ HTTP/1.1" 200 0 "-" "meta-externalagent/1.1 (+https://developers.facebook.com/docs/sharing/webmasters/crawler)"
109.234.166.131 - - [27/May/2026:01:40:26 +0200] "GET /wp-includese4d8c2/44/index.php?id=315364 HTTP/1.1" 404 0 "-" "GO"
57.141.20.26 - - [27/May/2026:01:41:35 +0200] "GET /items/K464162812/ HTTP/1.1" 200 15 "-" "meta-externalagent/1.1 (+https://developers.facebook.com/docs/sharing/webmasters/crawler)"
57.141.20.29 - - [27/May/2026:01:41:57 +0200] "GET /items/K465992725/ HTTP/1.1" 200 0 "-" "meta-externalagent/1.1 (+https://developers.facebook.com/docs/sharing/webmasters/crawler)"
109.234.166.131 - - [27/May/2026:01:40:37 +0200] "GET /wp-includese4d8c2/44/index.php?id=929833 HTTP/1.1" 404 0 "-" "GO"
57.141.20.38 - - [27/May/2026:01:41:49 +0200] "GET /items/K467162265/ HTTP/1.1" 200 15 "-" "meta-externalagent/1.1 (+https://developers.facebook.com/docs/sharing/webmasters/crawler)"
57.141.20.72 - - [27/May/2026:01:42:10 +0200] "GET /items/K465969690/ HTTP/1.1" 200 0 "-" "meta-externalagent/1.1 (+https://developers.facebook.com/docs/sharing/webmasters/crawler)"
57.141.20.33 - - [27/May/2026:01:42:08 +0200] "GET /items/K467603230/ HTTP/1.1" 200 0 "-" "meta-externalagent/1.1 (+https://developers.facebook.com/docs/sharing/webmasters/crawler)"
57.141.20.51 - - [27/May/2026:01:37:01 +0200] "GET /items/K465227298/ HTTP/1.1" 200 0 "-" "meta-externalagent/1.1 (+https://developers.facebook.com/docs/sharing/webmasters/crawler)"
57.141.20.39 - - [27/May/2026:01:37:12 +0200] "GET /items/K462883559/ HTTP/1.1" 200 0 "-" "meta-externalagent/1.1 (+https://developers.facebook.com/docs/sharing/webmasters/crawler)"
57.141.20.34 - - [27/May/2026:01:37:31 +0200] "GET /?k=560880u14rj HTTP/1.1" 200 0 "-" "meta-externalagent/1.1 (+https://developers.facebook.com/docs/sharing/webmasters/crawler)"
57.141.20.42 - - [27/May/2026:01:37:46 +0200] "GET /items/K462079613/ HTTP/1.1" 200 0 "-" "meta-externalagent/1.1 (+https://developers.facebook.com/docs/sharing/webmasters/crawler)"
57.141.20.31 - - [27/May/2026:01:37:56 +0200] "GET /items/K463876877/ HTTP/1.1" 200 0 "-" "meta-externalagent/1.1 (+https://developers.facebook.com/docs/sharing/webmasters/crawler)"
57.141.20.60 - - [27/May/2026:01:38:11 +0200] "GET /items/K465493020/ HTTP/1.1" 200 0 "-" "meta-externalagent/1.1 (+https://developers.facebook.com/docs/sharing/webmasters/crawler)"
57.141.20.32 - - [27/May/2026:01:38:33 +0200] "GET /items/K465533392/ HTTP/1.1" 200 0 "-" "meta-externalagent/1.1 (+https://developers.facebook.com/docs/sharing/webmasters/crawler)"
57.141.20.16 - - [27/May/2026:01:38:18 +0200] "GET /items/K465146522/ HTTP/1.1" 200 15 "-" "meta-externalagent/1.1 (+https://developers.facebook.com/docs/sharing/webmasters/crawler)"
109.234.166.131 - - [27/May/2026:01:37:37 +0200] "GET /wp-includese4d8c2/44/index.php?id=315364 HTTP/1.1" 404 0 "-" "GO"
57.141.20.71 - - [27/May/2026:01:39:45 +0200] "GET /items/K463002936/ HTTP/1.1" 200 0 "-" "meta-externalagent/1.1 (+https://developers.facebook.com/docs/sharing/webmasters/crawler)"
109.234.166.131 - - [27/May/2026:01:38:34 +0200] "GET /wp-includese4d8c2/44/index.php?id=807795 HTTP/1.1" 404 0 "-" "GO"
57.141.20.9 - - [27/May/2026:01:40:08 +0200] "GET /items/K461810555/ HTTP/1.1" 200 0 "-" "meta-externalagent/1.1 (+https://developers.facebook.com/docs/sharing/webmasters/crawler)"
57.141.20.54 - - [27/May/2026:01:40:15 +0200] "GET /items/K462293143/ HTTP/1.1" 200 0 "-" "meta-externalagent/1.1 (+https://developers.facebook.com/docs/sharing/webmasters/crawler)"
109.234.166.131 - - [27/May/2026:01:39:02 +0200] "GET /wp-includese4d8c2/44/index.php?id=315364 HTTP/1.1" 404 0 "-" "GO"
198.244.242.83 - - [27/May/2026:01:40:27 +0200] "GET /JOIE-Kubbie-Sleep-L-ger-Compact-Gris-Pu-riculture-780460/ HTTP/1.1" 200 0 "-" "Mozilla/5.0 (compatible; AhrefsBot/7.0; +http://ahrefs.com/robot/)"
109.234.166.131 - - [27/May/2026:01:39:11 +0200] "GET /wp-includese4d8c2/44/index.php?id=929833 HTTP/1.1" 404 0 "-" "GO"
57.141.20.17 - - [27/May/2026:01:40:47 +0200] "GET /items/K467747248/ HTTP/1.1" 200 0 "-" "meta-externalagent/1.1 (+https://developers.facebook.com/docs/sharing/webmasters/crawler)"
57.141.20.29 - - [27/May/2026:01:41:15 +0200] "GET /items/K462601272/ HTTP/1.1" 200 0 "-" "meta-externalagent/1.1 (+https://developers.facebook.com/docs/sharing/webmasters/crawler)"
57.141.20.59 - - [27/May/2026:01:41:37 +0200] "GET /items/K463084969/ HTTP/1.1" 200 0 "-" "meta-externalagent/1.1 (+https://developers.facebook.com/docs/sharing/webmasters/crawler)"
57.141.20.61 - - [27/May/2026:01:41:38 +0200] "GET /items/K462166271/ HTTP/1.1" 200 0 "-" "meta-externalagent/1.1 (+https://developers.facebook.com/docs/sharing/webmasters/crawler)"
57.141.20.31 - - [27/May/2026:01:41:52 +0200] "GET /items/K467365141/ HTTP/1.1" 200 15 "-" "meta-externalagent/1.1 (+https://developers.facebook.com/docs/sharing/webmasters/crawler)"
57.141.20.3 - - [27/May/2026:01:42:23 +0200] "GET /items/K461609101/ HTTP/1.1" 200 0 "-" "meta-externalagent/1.1 (+https://developers.facebook.com/docs/sharing/webmasters/crawler)"
57.141.20.3 - - [27/May/2026:01:42:40 +0200] "GET /items/K464448425/ HTTP/1.1" 200 0 "-" "meta-externalagent/1.1 (+https://developers.facebook.com/docs/sharing/webmasters/crawler)"
57.141.20.6 - - [27/May/2026:01:37:34 +0200] "GET /items/K463360340/ HTTP/1.1" 200 0 "-" "meta-externalagent/1.1 (+https://developers.facebook.com/docs/sharing/webmasters/crawler)"
57.141.20.72 - - [27/May/2026:01:37:51 +0200] "GET /items/K465710578/ HTTP/1.1" 200 0 "-" "meta-externalagent/1.1 (+https://developers.facebook.com/docs/sharing/webmasters/crawler)"
57.141.20.0 - - [27/May/2026:01:38:00 +0200] "GET /items/K462587476/ HTTP/1.1" 200 0 "-" "meta-externalagent/1.1 (+https://developers.facebook.com/docs/sharing/webmasters/crawler)"
57.141.20.3 - - [27/May/2026:01:38:06 +0200] "GET /items/K466231052/ HTTP/1.1" 200 0 "-" "meta-externalagent/1.1 (+https://developers.facebook.com/docs/sharing/webmasters/crawler)"
57.141.20.7 - - [27/May/2026:01:38:16 +0200] "GET /items/K463741994/ HTTP/1.1" 200 0 "-" "meta-externalagent/1.1 (+https://developers.facebook.com/docs/sharing/webmasters/crawler)"
109.234.166.131 - - [27/May/2026:01:37:10 +0200] "GET /wp-includese4d8c2/44/index.php?id=44348 HTTP/1.1" 404 0 "-" "GO"
109.234.166.131 - - [27/May/2026:01:37:10 +0200] "GET /wp-includese4d8c2/44/index.php?id=807795 HTTP/1.1" 404 0 "-" "GO"
109.234.166.131 - - [27/May/2026:01:38:36 +0200] "GET /wp-includese4d8c2/44/index.php?id=44348 HTTP/1.1" 404 15 "-" "GO"
109.234.166.131 - - [27/May/2026:01:37:43 +0200] "GET /wp-includese4d8c2/44/index.php?id=929833 HTTP/1.1" 404 0 "-" "GO"
57.141.20.0 - - [27/May/2026:01:39:15 +0200] "GET /?k=631561nu23g HTTP/1.1" 200 0 "-" "meta-externalagent/1.1 (+https://developers.facebook.com/docs/sharing/webmasters/crawler)"
57.141.20.8 - - [27/May/2026:01:39:38 +0200] "GET /items/K466011912/ HTTP/1.1" 200 0 "-" "meta-externalagent/1.1 (+https://developers.facebook.com/docs/sharing/webmasters/crawler)"
57.141.20.25 - - [27/May/2026:01:39:43 +0200] "GET /items/K467676622/ HTTP/1.1" 200 0 "-" "meta-externalagent/1.1 (+https://developers.facebook.com/docs/sharing/webmasters/crawler)"
57.141.20.16 - - [27/May/2026:01:40:03 +0200] "GET /items/K462087543/ HTTP/1.1" 200 0 "-" "meta-externalagent/1.1 (+https://developers.facebook.com/docs/sharing/webmasters/crawler)"
57.141.20.7 - - [27/May/2026:01:40:20 +0200] "GET /items/K466893781/ HTTP/1.1" 200 0 "-" "meta-externalagent/1.1 (+https://developers.facebook.com/docs/sharing/webmasters/crawler)"
57.141.20.58 - - [27/May/2026:01:40:26 +0200] "GET /items/K465463354/ HTTP/1.1" 200 0 "-" "meta-externalagent/1.1 (+https://developers.facebook.com/docs/sharing/webmasters/crawler)"
157.55.39.58 - - [27/May/2026:01:40:59 +0200] "GET /items/J655428816/ HTTP/1.1" 200 13 "-" "Mozilla/5.0 AppleWebKit/537.36 (KHTML, like Gecko; compatible; bingbot/2.0; +http://www.bing.com/bingbot.htm) Chrome/116.0.1938.76 Safari/537.36"
57.141.20.14 - - [27/May/2026:01:41:15 +0200] "GET /items/K466011074/ HTTP/1.1" 200 0 "-" "meta-externalagent/1.1 (+https://developers.facebook.com/docs/sharing/webmasters/crawler)"
109.234.166.131 - - [27/May/2026:01:39:59 +0200] "GET /wp-includese4d8c2/44/index.php?id=807795 HTTP/1.1" 404 0 "-" "GO"
57.141.20.9 - - [27/May/2026:01:42:16 +0200] "GET /items/K461881674/ HTTP/1.1" 200 0 "-" "meta-externalagent/1.1 (+https://developers.facebook.com/docs/sharing/webmasters/crawler)"
57.141.20.45 - - [27/May/2026:01:42:29 +0200] "GET /items/K464344186/ HTTP/1.1" 200 0 "-" "meta-externalagent/1.1 (+https://developers.facebook.com/docs/sharing/webmasters/crawler)"
57.141.20.52 - - [27/May/2026:01:42:51 +0200] "GET /items/K466431431/ HTTP/1.1" 200 0 "-" "meta-externalagent/1.1 (+https://developers.facebook.com/docs/sharing/webmasters/crawler)"
