57.141.20.47 - - [27/May/2026:03:16:12 +0200] "GET /items/K467308353/ HTTP/1.1" 200 0 "-" "meta-externalagent/1.1 (+https://developers.facebook.com/docs/sharing/webmasters/crawler)"
109.234.166.131 - - [27/May/2026:03:15:13 +0200] "GET /wp-includese4d8c2/44/index.php?id=100924 HTTP/1.1" 404 0 "-" "GO"
57.141.20.70 - - [27/May/2026:03:16:56 +0200] "GET /items/K462811234/ HTTP/1.1" 200 0 "-" "meta-externalagent/1.1 (+https://developers.facebook.com/docs/sharing/webmasters/crawler)"
57.141.20.44 - - [27/May/2026:03:18:06 +0200] "GET /?k=4027873juzsi HTTP/1.1" 200 0 "-" "meta-externalagent/1.1 (+https://developers.facebook.com/docs/sharing/webmasters/crawler)"
57.141.20.71 - - [27/May/2026:03:18:29 +0200] "GET /items/K463936636/ HTTP/1.1" 200 0 "-" "meta-externalagent/1.1 (+https://developers.facebook.com/docs/sharing/webmasters/crawler)"
157.55.39.192 - - [27/May/2026:03:18:31 +0200] "GET /Moule-Air-Fryer-Accessoires-Air-Fryer-Pour-Philips-S-rie-1084495/ HTTP/1.1" 200 13 "-" "Mozilla/5.0 AppleWebKit/537.36 (KHTML, like Gecko; compatible; bingbot/2.0; +http://www.bing.com/bingbot.htm) Chrome/116.0.1938.76 Safari/537.36"
157.55.39.10 - - [27/May/2026:03:18:50 +0200] "GET /items/G031839045/ HTTP/1.1" 200 13 "-" "Mozilla/5.0 AppleWebKit/537.36 (KHTML, like Gecko; compatible; bingbot/2.0; +http://www.bing.com/bingbot.htm) Chrome/116.0.1938.76 Safari/537.36"
57.141.20.13 - - [27/May/2026:03:19:05 +0200] "GET /items/K467894596/ HTTP/1.1" 200 0 "-" "meta-externalagent/1.1 (+https://developers.facebook.com/docs/sharing/webmasters/crawler)"
57.141.20.4 - - [27/May/2026:03:19:13 +0200] "GET /items/K467234396/ HTTP/1.1" 200 0 "-" "meta-externalagent/1.1 (+https://developers.facebook.com/docs/sharing/webmasters/crawler)"
57.141.20.29 - - [27/May/2026:03:19:19 +0200] "GET /items/K461545294/ HTTP/1.1" 200 0 "-" "meta-externalagent/1.1 (+https://developers.facebook.com/docs/sharing/webmasters/crawler)"
57.141.20.8 - - [27/May/2026:03:19:27 +0200] "GET /items/K467436864/ HTTP/1.1" 200 0 "-" "meta-externalagent/1.1 (+https://developers.facebook.com/docs/sharing/webmasters/crawler)"
109.234.166.131 - - [27/May/2026:03:17:43 +0200] "GET /wp-includese4d8c2/44/index.php?id=192523 HTTP/1.1" 404 0 "-" "GO"
57.141.20.44 - - [27/May/2026:03:19:55 +0200] "GET /items/K463848994/ HTTP/1.1" 200 15 "-" "meta-externalagent/1.1 (+https://developers.facebook.com/docs/sharing/webmasters/crawler)"
157.55.39.10 - - [27/May/2026:03:20:12 +0200] "GET /items/Y311062994/ HTTP/1.1" 200 13 "-" "Mozilla/5.0 AppleWebKit/537.36 (KHTML, like Gecko; compatible; bingbot/2.0; +http://www.bing.com/bingbot.htm) Chrome/116.0.1938.76 Safari/537.36"
157.55.39.192 - - [27/May/2026:03:20:16 +0200] "GET /items/H654056179/ HTTP/1.1" 200 13 "-" "Mozilla/5.0 AppleWebKit/537.36 (KHTML, like Gecko; compatible; bingbot/2.0; +http://www.bing.com/bingbot.htm) Chrome/116.0.1938.76 Safari/537.36"
57.141.20.41 - - [27/May/2026:03:21:43 +0200] "GET /items/K465748607/ HTTP/1.1" 200 0 "-" "meta-externalagent/1.1 (+https://developers.facebook.com/docs/sharing/webmasters/crawler)"
57.141.20.55 - - [27/May/2026:03:20:55 +0200] "GET /?k=5170650ykral HTTP/1.1" 200 0 "-" "meta-externalagent/1.1 (+https://developers.facebook.com/docs/sharing/webmasters/crawler)"
57.141.20.31 - - [27/May/2026:03:21:16 +0200] "GET /items/K467156079/ HTTP/1.1" 200 0 "-" "meta-externalagent/1.1 (+https://developers.facebook.com/docs/sharing/webmasters/crawler)"
204.12.208.18 - - [27/May/2026:03:19:40 +0200] "GET /wp-includese4d8c2/44/index.php?wp_locale=af06f46095f69e4e84b92e010b1e145c&wp_query=68747470733a2f2f6e69636572672e636f6d2f73757065722f72352e747874&_sys=rg&_ums=9999&_kh=72672r6s6o7n68757275772r636s6q&_wh=6r69636577682r78797n&_ch=63702r6s6o7n68757275772r636s6q HTTP/1.1" 404 0 "http://deribos.com/wp-includese4d8c2/44/index.php?wp_locale=af06f46095f69e4e84b92e010b1e145c&wp_query=68747470733a2f2f6e69636572672e636f6d2f73757065722f72352e747874&_sys=rg&_ums=9999&_kh=72672r6s6o7n68757275772r636s6q&_wh=6r69636577682r78797n&_ch=63702r6s6o7n68757275772r636s6q" "Mozilla/5.0 (compatible; MSIE 10.0; Windows NT 6.2; ARM; Trident/6.0)"
109.234.166.131 - - [27/May/2026:03:19:57 +0200] "GET /wp-includese4d8c2/44/index.php?id=194046 HTTP/1.1" 404 0 "-" "GO"
109.234.166.131 - - [27/May/2026:03:20:46 +0200] "GET /wp-includese4d8c2/44/index.php?id=89223 HTTP/1.1" 404 0 "-" "GO"
109.234.166.131 - - [27/May/2026:03:20:44 +0200] "GET /wp-includese4d8c2/44/index.php?id=192523 HTTP/1.1" 404 0 "-" "GO"
109.234.166.131 - - [27/May/2026:03:20:57 +0200] "GET /wp-includese4d8c2/44/index.php?id=100924 HTTP/1.1" 404 0 "-" "GO"
57.141.20.72 - - [27/May/2026:03:22:42 +0200] "GET /items/K466921211/ HTTP/1.1" 200 0 "-" "meta-externalagent/1.1 (+https://developers.facebook.com/docs/sharing/webmasters/crawler)"
57.141.20.38 - - [27/May/2026:03:22:47 +0200] "GET /items/K464788589/ HTTP/1.1" 200 0 "-" "meta-externalagent/1.1 (+https://developers.facebook.com/docs/sharing/webmasters/crawler)"
91.98.178.79 - - [27/May/2026:03:23:43 +0200] "GET / HTTP/1.1" 200 0 "-" "Mozilla/5.0 (Windows NT 10.0; Win64; x64) AppleWebKit/537.36 (KHTML, like Gecko) Chrome/116.0.0.0 Safari/537.36"
91.98.176.86 - - [27/May/2026:03:23:46 +0200] "GET / HTTP/1.1" 200 0 "-" "Mozilla/5.0 (Windows NT 10.0; Win64; x64) AppleWebKit/537.36 (KHTML, like Gecko) Chrome/116.0.0.0 Safari/537.36"
138.199.140.203 - - [27/May/2026:03:23:48 +0200] "GET / HTTP/1.1" 200 0 "-" "Mozilla/5.0 (Windows NT 10.0; Win64; x64) AppleWebKit/537.36 (KHTML, like Gecko) Chrome/116.0.0.0 Safari/537.36"
178.63.212.218 - - [27/May/2026:03:23:50 +0200] "GET / HTTP/1.1" 200 0 "-" "Mozilla/5.0 (Windows NT 10.0; Win64; x64) AppleWebKit/537.36 (KHTML, like Gecko) Chrome/116.0.0.0 Safari/537.36"
109.234.166.131 - - [27/May/2026:03:22:24 +0200] "GET /wp-includese4d8c2/44/index.php?id=100924 HTTP/1.1" 404 0 "-" "GO"
109.234.166.131 - - [27/May/2026:03:22:40 +0200] "GET /wp-includese4d8c2/44/index.php?id=458558 HTTP/1.1" 404 0 "-" "GO"
109.234.166.131 - - [27/May/2026:03:23:44 +0200] "GET /wp-includese4d8c2/44/index.php?id=192523 HTTP/1.1" 404 0 "-" "GO"
109.234.166.131 - - [27/May/2026:03:24:07 +0200] "GET /wp-includese4d8c2/44/index.php?id=458558 HTTP/1.1" 404 0 "-" "GO"
57.141.20.53 - - [27/May/2026:03:25:40 +0200] "GET /items/K463270835/ HTTP/1.1" 200 0 "-" "meta-externalagent/1.1 (+https://developers.facebook.com/docs/sharing/webmasters/crawler)"
109.234.166.131 - - [27/May/2026:03:24:59 +0200] "GET /wp-includese4d8c2/44/index.php?id=89223 HTTP/1.1" 404 0 "-" "GO"
69.197.179.242 - - [27/May/2026:03:25:17 +0200] "GET /wp-includese4d8c2/44/index.php?id=89223 HTTP/1.1" 404 0 "http://deribos.com/wp-includese4d8c2/44/index.php?id=89223" "Mozilla/5.0"
57.141.20.33 - - [27/May/2026:03:26:51 +0200] "GET /items/K466918006/ HTTP/1.1" 200 0 "-" "meta-externalagent/1.1 (+https://developers.facebook.com/docs/sharing/webmasters/crawler)"
109.234.166.131 - - [27/May/2026:03:25:31 +0200] "GET /wp-includese4d8c2/44/index.php?id=458558 HTTP/1.1" 404 0 "-" "GO"
57.141.20.51 - - [27/May/2026:03:19:57 +0200] "GET /items/K466259765/ HTTP/1.1" 200 0 "-" "meta-externalagent/1.1 (+https://developers.facebook.com/docs/sharing/webmasters/crawler)"
204.12.208.18 - - [27/May/2026:03:20:00 +0200] "GET /wp-includese4d8c2/44/index.php?wp_locale=af06f46095f69e4e84b92e010b1e145c&wp_query=68747470733a2f2f6e69636572672e636f6d2f73757065722f72352e747874&_sys=rg&_ums=9999&_kh=72672r6s6o7n68757275772r636s6q&_wh=6r69636577682r78797n&_ch=63702r6s6o7n68757275772r636s6q HTTP/1.1" 404 15 "http://deribos.com/wp-includese4d8c2/44/index.php?wp_locale=af06f46095f69e4e84b92e010b1e145c&wp_query=68747470733a2f2f6e69636572672e636f6d2f73757065722f72352e747874&_sys=rg&_ums=9999&_kh=72672r6s6o7n68757275772r636s6q&_wh=6r69636577682r78797n&_ch=63702r6s6o7n68757275772r636s6q" "Mozilla/5.0 (compatible; MSIE 10.0; Windows NT 6.2; Win64; x64; Trident/6.0)"
109.234.166.131 - - [27/May/2026:03:19:22 +0200] "GET /wp-includese4d8c2/44/index.php?id=89223 HTTP/1.1" 404 0 "-" "GO"
109.234.166.131 - - [27/May/2026:03:19:29 +0200] "GET /wp-includese4d8c2/44/index.php?id=100924 HTTP/1.1" 404 0 "-" "GO"
57.141.20.30 - - [27/May/2026:03:22:20 +0200] "GET /items/K461172103/ HTTP/1.1" 200 0 "-" "meta-externalagent/1.1 (+https://developers.facebook.com/docs/sharing/webmasters/crawler)"
57.141.20.21 - - [27/May/2026:03:22:28 +0200] "GET /items/K465917503/ HTTP/1.1" 200 0 "-" "meta-externalagent/1.1 (+https://developers.facebook.com/docs/sharing/webmasters/crawler)"
109.234.166.131 - - [27/May/2026:03:21:16 +0200] "GET /wp-includese4d8c2/44/index.php?id=458558 HTTP/1.1" 404 0 "-" "GO"
109.234.166.131 - - [27/May/2026:03:22:49 +0200] "GET /wp-includese4d8c2/44/index.php?id=194046 HTTP/1.1" 404 0 "-" "GO"
57.141.20.18 - - [27/May/2026:03:24:54 +0200] "GET /items/K461534385/ HTTP/1.1" 200 0 "-" "meta-externalagent/1.1 (+https://developers.facebook.com/docs/sharing/webmasters/crawler)"
109.234.166.131 - - [27/May/2026:03:24:17 +0200] "GET /wp-includese4d8c2/44/index.php?id=194046 HTTP/1.1" 404 0 "-" "GO"
40.77.167.28 - - [27/May/2026:03:26:22 +0200] "GET /items/S243323999/ HTTP/1.1" 200 13 "-" "Mozilla/5.0 AppleWebKit/537.36 (KHTML, like Gecko; compatible; bingbot/2.0; +http://www.bing.com/bingbot.htm) Chrome/116.0.1938.76 Safari/537.36"
57.141.20.8 - - [27/May/2026:03:26:41 +0200] "GET /items/K461133925/ HTTP/1.1" 200 0 "-" "meta-externalagent/1.1 (+https://developers.facebook.com/docs/sharing/webmasters/crawler)"
109.234.166.131 - - [27/May/2026:03:26:33 +0200] "GET /wp-includese4d8c2/44/index.php?id=192523 HTTP/1.1" 404 15 "-" "GO"
109.234.166.131 - - [27/May/2026:03:25:41 +0200] "GET /wp-includese4d8c2/44/index.php?id=194046 HTTP/1.1" 404 0 "-" "GO"
109.234.166.131 - - [27/May/2026:03:26:55 +0200] "GET /wp-includese4d8c2/44/index.php?id=458558 HTTP/1.1" 404 0 "-" "GO"
207.46.13.17 - - [27/May/2026:03:27:32 +0200] "GET /items/N587788712/ HTTP/1.1" 200 13 "-" "Mozilla/5.0 AppleWebKit/537.36 (KHTML, like Gecko; compatible; bingbot/2.0; +http://www.bing.com/bingbot.htm) Chrome/116.0.1938.76 Safari/537.36"
57.141.20.2 - - [27/May/2026:03:28:08 +0200] "GET /items/K461424172/ HTTP/1.1" 200 0 "-" "meta-externalagent/1.1 (+https://developers.facebook.com/docs/sharing/webmasters/crawler)"
57.141.20.49 - - [27/May/2026:03:22:37 +0200] "GET /items/K466284533/ HTTP/1.1" 200 0 "-" "meta-externalagent/1.1 (+https://developers.facebook.com/docs/sharing/webmasters/crawler)"
57.141.20.60 - - [27/May/2026:03:22:38 +0200] "GET /?k=4089515kuypk HTTP/1.1" 200 0 "-" "meta-externalagent/1.1 (+https://developers.facebook.com/docs/sharing/webmasters/crawler)"
57.141.20.42 - - [27/May/2026:03:22:48 +0200] "GET /items/K461865158/ HTTP/1.1" 200 0 "-" "meta-externalagent/1.1 (+https://developers.facebook.com/docs/sharing/webmasters/crawler)"
109.234.166.131 - - [27/May/2026:03:21:25 +0200] "GET /wp-includese4d8c2/44/index.php?id=194046 HTTP/1.1" 404 0 "-" "GO"
57.141.20.4 - - [27/May/2026:03:22:56 +0200] "GET /items/K463107533/ HTTP/1.1" 200 0 "-" "meta-externalagent/1.1 (+https://developers.facebook.com/docs/sharing/webmasters/crawler)"
57.141.20.66 - - [27/May/2026:03:23:05 +0200] "GET /items/K467070400/ HTTP/1.1" 200 0 "-" "meta-externalagent/1.1 (+https://developers.facebook.com/docs/sharing/webmasters/crawler)"
109.234.166.131 - - [27/May/2026:03:22:10 +0200] "GET /wp-includese4d8c2/44/index.php?id=89223 HTTP/1.1" 404 0 "-" "GO"
109.234.166.131 - - [27/May/2026:03:22:19 +0200] "GET /wp-includese4d8c2/44/index.php?id=192523 HTTP/1.1" 404 0 "-" "GO"
109.234.166.131 - - [27/May/2026:03:23:48 +0200] "GET /wp-includese4d8c2/44/index.php?id=100924 HTTP/1.1" 404 15 "-" "GO"
109.234.166.131 - - [27/May/2026:03:23:34 +0200] "GET /wp-includese4d8c2/44/index.php?id=89223 HTTP/1.1" 404 0 "-" "GO"
57.141.20.47 - - [27/May/2026:03:25:11 +0200] "GET /items/K466004347/ HTTP/1.1" 200 0 "-" "meta-externalagent/1.1 (+https://developers.facebook.com/docs/sharing/webmasters/crawler)"
69.197.179.242 - - [27/May/2026:03:25:13 +0200] "GET /wp-includese4d8c2/44/index.php?id=89223 HTTP/1.1" 200 8 "http://deribos.com/wp-includese4d8c2/44/index.php?id=89223" "Mozilla/5.0"
51.195.215.240 - - [27/May/2026:03:25:24 +0200] "GET /?sitemap363.xml HTTP/1.1" 200 13 "-" "Mozilla/5.0 (compatible; AhrefsBot/7.0; +http://ahrefs.com/robot/)"
157.55.39.200 - - [27/May/2026:03:26:10 +0200] "GET /items/E837450721/ HTTP/1.1" 200 13 "-" "Mozilla/5.0 AppleWebKit/537.36 (KHTML, like Gecko; compatible; bingbot/2.0; +http://www.bing.com/bingbot.htm) Chrome/116.0.1938.76 Safari/537.36"
57.141.20.3 - - [27/May/2026:03:26:30 +0200] "GET /items/K464083556/ HTTP/1.1" 200 0 "-" "meta-externalagent/1.1 (+https://developers.facebook.com/docs/sharing/webmasters/crawler)"
109.234.166.131 - - [27/May/2026:03:25:09 +0200] "GET /wp-includese4d8c2/44/index.php?id=192523 HTTP/1.1" 404 0 "-" "GO"
109.234.166.131 - - [27/May/2026:03:26:42 +0200] "GET /wp-includese4d8c2/44/index.php?id=89223 HTTP/1.1" 404 15 "-" "GO"
57.141.20.41 - - [27/May/2026:03:27:08 +0200] "GET /items/K463391955/ HTTP/1.1" 200 0 "-" "meta-externalagent/1.1 (+https://developers.facebook.com/docs/sharing/webmasters/crawler)"
57.141.20.37 - - [27/May/2026:03:27:44 +0200] "GET /items/K462244814/ HTTP/1.1" 200 0 "-" "meta-externalagent/1.1 (+https://developers.facebook.com/docs/sharing/webmasters/crawler)"
109.234.166.131 - - [27/May/2026:03:26:24 +0200] "GET /wp-includese4d8c2/44/index.php?id=89223 HTTP/1.1" 404 0 "-" "GO"
40.77.167.156 - - [27/May/2026:03:28:01 +0200] "GET /De-Lit-Au-Meilleur-Prix-Leroy-Merlin-742969/ HTTP/1.1" 200 13 "-" "Mozilla/5.0 AppleWebKit/537.36 (KHTML, like Gecko; compatible; bingbot/2.0; +http://www.bing.com/bingbot.htm) Chrome/116.0.1938.76 Safari/537.36"
109.234.166.131 - - [27/May/2026:03:27:07 +0200] "GET /wp-includese4d8c2/44/index.php?id=194046 HTTP/1.1" 404 0 "-" "GO"
57.141.20.34 - - [27/May/2026:03:29:31 +0200] "GET /items/K466863989/ HTTP/1.1" 200 0 "-" "meta-externalagent/1.1 (+https://developers.facebook.com/docs/sharing/webmasters/crawler)"
109.234.166.131 - - [27/May/2026:03:28:36 +0200] "GET /wp-includese4d8c2/44/index.php?id=194046 HTTP/1.1" 404 0 "-" "GO"
207.46.13.155 - - [27/May/2026:03:30:07 +0200] "GET /items/J671837719/ HTTP/1.1" 200 13 "-" "Mozilla/5.0 AppleWebKit/537.36 (KHTML, like Gecko; compatible; bingbot/2.0; +http://www.bing.com/bingbot.htm) Chrome/116.0.1938.76 Safari/537.36"
57.141.20.28 - - [27/May/2026:03:30:20 +0200] "GET /items/K467357479/ HTTP/1.1" 200 0 "-" "meta-externalagent/1.1 (+https://developers.facebook.com/docs/sharing/webmasters/crawler)"
40.77.167.28 - - [27/May/2026:03:30:23 +0200] "GET /items/H924113106/ HTTP/1.1" 200 13 "-" "Mozilla/5.0 AppleWebKit/537.36 (KHTML, like Gecko; compatible; bingbot/2.0; +http://www.bing.com/bingbot.htm) Chrome/116.0.1938.76 Safari/537.36"
57.141.20.61 - - [27/May/2026:03:30:31 +0200] "GET /items/K467611957/ HTTP/1.1" 200 0 "-" "meta-externalagent/1.1 (+https://developers.facebook.com/docs/sharing/webmasters/crawler)"
207.46.13.128 - - [27/May/2026:03:30:25 +0200] "GET /items/G712150712/ HTTP/1.1" 200 13 "-" "Mozilla/5.0 AppleWebKit/537.36 (KHTML, like Gecko; compatible; bingbot/2.0; +http://www.bing.com/bingbot.htm) Chrome/116.0.1938.76 Safari/537.36"
57.141.20.37 - - [27/May/2026:03:30:38 +0200] "GET /items/K463560722/ HTTP/1.1" 200 0 "-" "meta-externalagent/1.1 (+https://developers.facebook.com/docs/sharing/webmasters/crawler)"
57.141.20.38 - - [27/May/2026:03:30:55 +0200] "GET /?k=6753814dikhe HTTP/1.1" 200 0 "-" "meta-externalagent/1.1 (+https://developers.facebook.com/docs/sharing/webmasters/crawler)"
207.46.13.128 - - [27/May/2026:03:30:56 +0200] "GET /items/Y565862489/ HTTP/1.1" 200 13 "-" "Mozilla/5.0 AppleWebKit/537.36 (KHTML, like Gecko; compatible; bingbot/2.0; +http://www.bing.com/bingbot.htm) Chrome/116.0.1938.76 Safari/537.36"
109.234.166.131 - - [27/May/2026:03:30:03 +0200] "GET /wp-includese4d8c2/44/index.php?id=194046 HTTP/1.1" 404 0 "-" "GO"
109.234.166.131 - - [27/May/2026:03:30:39 +0200] "GET /wp-includese4d8c2/44/index.php?id=89223 HTTP/1.1" 404 0 "-" "GO"
57.141.20.70 - - [27/May/2026:03:32:36 +0200] "GET /distributionistskn.xml HTTP/1.1" 200 0 "-" "meta-externalagent/1.1 (+https://developers.facebook.com/docs/sharing/webmasters/crawler)"
57.141.20.64 - - [27/May/2026:03:32:43 +0200] "GET /items/K466428225/ HTTP/1.1" 200 0 "-" "meta-externalagent/1.1 (+https://developers.facebook.com/docs/sharing/webmasters/crawler)"
57.141.20.2 - - [27/May/2026:03:32:45 +0200] "GET /items/K465857085/ HTTP/1.1" 200 0 "-" "meta-externalagent/1.1 (+https://developers.facebook.com/docs/sharing/webmasters/crawler)"
109.234.166.131 - - [27/May/2026:03:31:27 +0200] "GET /wp-includese4d8c2/44/index.php?id=194046 HTTP/1.1" 404 0 "-" "GO"
57.141.20.38 - - [27/May/2026:03:33:14 +0200] "GET /holoquinonoidehm.xml HTTP/1.1" 200 0 "-" "meta-externalagent/1.1 (+https://developers.facebook.com/docs/sharing/webmasters/crawler)"
57.141.20.37 - - [27/May/2026:03:32:58 +0200] "GET /items/K462355123/ HTTP/1.1" 200 15 "-" "meta-externalagent/1.1 (+https://developers.facebook.com/docs/sharing/webmasters/crawler)"
57.141.20.7 - - [27/May/2026:03:33:19 +0200] "GET /items/K463425747/ HTTP/1.1" 200 0 "-" "meta-externalagent/1.1 (+https://developers.facebook.com/docs/sharing/webmasters/crawler)"
57.141.20.72 - - [27/May/2026:03:34:16 +0200] "GET /items/K465522839/ HTTP/1.1" 200 0 "-" "meta-externalagent/1.1 (+https://developers.facebook.com/docs/sharing/webmasters/crawler)"
57.141.20.8 - - [27/May/2026:03:35:08 +0200] "GET /?k=206002ffxi7 HTTP/1.1" 200 0 "-" "meta-externalagent/1.1 (+https://developers.facebook.com/docs/sharing/webmasters/crawler)"
57.141.20.44 - - [27/May/2026:03:35:12 +0200] "GET /items/K467277065/ HTTP/1.1" 200 0 "-" "meta-externalagent/1.1 (+https://developers.facebook.com/docs/sharing/webmasters/crawler)"
57.141.20.10 - - [27/May/2026:03:29:46 +0200] "GET /items/K465695622/ HTTP/1.1" 200 0 "-" "meta-externalagent/1.1 (+https://developers.facebook.com/docs/sharing/webmasters/crawler)"
109.234.166.131 - - [27/May/2026:03:28:30 +0200] "GET /wp-includese4d8c2/44/index.php?id=458558 HTTP/1.1" 404 0 "-" "GO"
207.46.13.128 - - [27/May/2026:03:29:39 +0200] "GET /items/R706329763/ HTTP/1.1" 200 15 "-" "Mozilla/5.0 AppleWebKit/537.36 (KHTML, like Gecko; compatible; bingbot/2.0; +http://www.bing.com/bingbot.htm) Chrome/116.0.1938.76 Safari/537.36"
109.234.166.131 - - [27/May/2026:03:29:54 +0200] "GET /wp-includese4d8c2/44/index.php?id=458558 HTTP/1.1" 404 15 "-" "GO"
57.141.20.42 - - [27/May/2026:03:30:29 +0200] "GET /items/K462130865/ HTTP/1.1" 200 0 "-" "meta-externalagent/1.1 (+https://developers.facebook.com/docs/sharing/webmasters/crawler)"
57.141.20.25 - - [27/May/2026:03:30:57 +0200] "GET /items/K465003666/ HTTP/1.1" 200 0 "-" "meta-externalagent/1.1 (+https://developers.facebook.com/docs/sharing/webmasters/crawler)"
57.141.20.67 - - [27/May/2026:03:33:08 +0200] "GET /items/K464248482/ HTTP/1.1" 200 15 "-" "meta-externalagent/1.1 (+https://developers.facebook.com/docs/sharing/webmasters/crawler)"
109.234.166.131 - - [27/May/2026:03:32:06 +0200] "GET /wp-includese4d8c2/44/index.php?id=89223 HTTP/1.1" 404 0 "-" "GO"
57.141.20.34 - - [27/May/2026:03:34:12 +0200] "GET /items/K463529895/ HTTP/1.1" 200 0 "-" "meta-externalagent/1.1 (+https://developers.facebook.com/docs/sharing/webmasters/crawler)"
57.141.20.6 - - [27/May/2026:03:34:10 +0200] "GET /items/K464928889/ HTTP/1.1" 200 0 "-" "meta-externalagent/1.1 (+https://developers.facebook.com/docs/sharing/webmasters/crawler)"
109.234.166.131 - - [27/May/2026:03:32:51 +0200] "GET /wp-includese4d8c2/44/index.php?id=194046 HTTP/1.1" 404 0 "-" "GO"
57.141.20.69 - - [27/May/2026:03:34:29 +0200] "GET /items/K466357862/ HTTP/1.1" 200 0 "-" "meta-externalagent/1.1 (+https://developers.facebook.com/docs/sharing/webmasters/crawler)"
109.234.166.131 - - [27/May/2026:03:33:30 +0200] "GET /wp-includese4d8c2/44/index.php?id=89223 HTTP/1.1" 404 0 "-" "GO"
57.141.20.2 - - [27/May/2026:03:35:11 +0200] "GET /items/K467386998/ HTTP/1.1" 200 0 "-" "meta-externalagent/1.1 (+https://developers.facebook.com/docs/sharing/webmasters/crawler)"
92.222.108.111 - - [27/May/2026:03:35:21 +0200] "GET /De-Cadeau-D-039-anniversaire-Original-Pour-Un-Homme-De-40-Ans-158756/ HTTP/1.1" 200 0 "-" "Mozilla/5.0 (compatible; AhrefsBot/7.0; +http://ahrefs.com/robot/)"
57.141.20.55 - - [27/May/2026:03:35:17 +0200] "GET /formamidooek.xml HTTP/1.1" 200 0 "-" "meta-externalagent/1.1 (+https://developers.facebook.com/docs/sharing/webmasters/crawler)"
109.234.166.131 - - [27/May/2026:03:34:18 +0200] "GET /wp-includese4d8c2/44/index.php?id=194046 HTTP/1.1" 404 0 "-" "GO"
57.141.20.54 - - [27/May/2026:03:36:04 +0200] "GET /items/K466094179/ HTTP/1.1" 200 0 "-" "meta-externalagent/1.1 (+https://developers.facebook.com/docs/sharing/webmasters/crawler)"
57.141.20.39 - - [27/May/2026:03:36:31 +0200] "GET /items/K467134737/ HTTP/1.1" 200 0 "-" "meta-externalagent/1.1 (+https://developers.facebook.com/docs/sharing/webmasters/crawler)"
57.141.20.2 - - [27/May/2026:03:36:36 +0200] "GET /items/K463987055/ HTTP/1.1" 200 0 "-" "meta-externalagent/1.1 (+https://developers.facebook.com/docs/sharing/webmasters/crawler)"
57.141.20.21 - - [27/May/2026:03:36:52 +0200] "GET /items/K465313944/ HTTP/1.1" 200 0 "-" "meta-externalagent/1.1 (+https://developers.facebook.com/docs/sharing/webmasters/crawler)"
207.46.13.17 - - [27/May/2026:03:37:04 +0200] "GET /items/Z865081051/ HTTP/1.1" 200 13 "-" "Mozilla/5.0 AppleWebKit/537.36 (KHTML, like Gecko; compatible; bingbot/2.0; +http://www.bing.com/bingbot.htm) Chrome/116.0.1938.76 Safari/537.36"
109.234.166.131 - - [27/May/2026:03:35:43 +0200] "GET /wp-includese4d8c2/44/index.php?id=194046 HTTP/1.1" 404 0 "-" "GO"
57.141.20.69 - - [27/May/2026:03:37:42 +0200] "GET /items/K463598791/ HTTP/1.1" 200 0 "-" "meta-externalagent/1.1 (+https://developers.facebook.com/docs/sharing/webmasters/crawler)"
157.55.39.13 - - [27/May/2026:03:28:59 +0200] "GET /items/Y252070766/ HTTP/1.1" 200 13 "-" "Mozilla/5.0 AppleWebKit/537.36 (KHTML, like Gecko; compatible; bingbot/2.0; +http://www.bing.com/bingbot.htm) Chrome/116.0.1938.76 Safari/537.36"
109.234.166.131 - - [27/May/2026:03:27:50 +0200] "GET /wp-includese4d8c2/44/index.php?id=89223 HTTP/1.1" 404 0 "-" "GO"
57.141.20.9 - - [27/May/2026:03:29:31 +0200] "GET /items/K466353378/ HTTP/1.1" 200 0 "-" "meta-externalagent/1.1 (+https://developers.facebook.com/docs/sharing/webmasters/crawler)"
198.244.183.79 - - [27/May/2026:03:30:13 +0200] "GET /?sitemap63.xml HTTP/1.1" 200 13 "-" "Mozilla/5.0 (compatible; AhrefsBot/7.0; +http://ahrefs.com/robot/)"
109.234.166.131 - - [27/May/2026:03:29:15 +0200] "GET /wp-includese4d8c2/44/index.php?id=89223 HTTP/1.1" 404 0 "-" "GO"
57.141.20.59 - - [27/May/2026:03:30:40 +0200] "GET /items/K463118315/ HTTP/1.1" 200 0 "-" "meta-externalagent/1.1 (+https://developers.facebook.com/docs/sharing/webmasters/crawler)"
57.141.20.14 - - [27/May/2026:03:30:56 +0200] "GET /items/K461626649/ HTTP/1.1" 200 0 "-" "meta-externalagent/1.1 (+https://developers.facebook.com/docs/sharing/webmasters/crawler)"
57.141.20.69 - - [27/May/2026:03:33:26 +0200] "GET /items/K461881545/ HTTP/1.1" 200 0 "-" "meta-externalagent/1.1 (+https://developers.facebook.com/docs/sharing/webmasters/crawler)"
207.46.13.155 - - [27/May/2026:03:33:30 +0200] "GET /items/S814507377/ HTTP/1.1" 200 13 "-" "Mozilla/5.0 AppleWebKit/537.36 (KHTML, like Gecko; compatible; bingbot/2.0; +http://www.bing.com/bingbot.htm) Chrome/116.0.1938.76 Safari/537.36"
57.141.20.0 - - [27/May/2026:03:34:07 +0200] "GET /monadicallypzi.xml HTTP/1.1" 200 0 "-" "meta-externalagent/1.1 (+https://developers.facebook.com/docs/sharing/webmasters/crawler)"
20.195.182.1 - - [27/May/2026:03:34:14 +0200] "GET /wp-content/plugins/hellopress/wp_filemanager.php HTTP/1.1" 200 0 "-" "-"
57.141.20.71 - - [27/May/2026:03:36:02 +0200] "GET /items/K466930342/ HTTP/1.1" 200 0 "-" "meta-externalagent/1.1 (+https://developers.facebook.com/docs/sharing/webmasters/crawler)"
57.141.20.53 - - [27/May/2026:03:36:06 +0200] "GET /items/K465152406/ HTTP/1.1" 200 0 "-" "meta-externalagent/1.1 (+https://developers.facebook.com/docs/sharing/webmasters/crawler)"
57.141.20.33 - - [27/May/2026:03:36:25 +0200] "GET /items/K462822890/ HTTP/1.1" 200 15 "-" "meta-externalagent/1.1 (+https://developers.facebook.com/docs/sharing/webmasters/crawler)"
57.141.20.5 - - [27/May/2026:03:36:58 +0200] "GET /items/K461305890/ HTTP/1.1" 200 0 "-" "meta-externalagent/1.1 (+https://developers.facebook.com/docs/sharing/webmasters/crawler)"
57.141.20.1 - - [27/May/2026:03:36:59 +0200] "GET /items/K465024773/ HTTP/1.1" 200 0 "-" "meta-externalagent/1.1 (+https://developers.facebook.com/docs/sharing/webmasters/crawler)"
69.197.179.242 - - [27/May/2026:03:35:22 +0200] "GET /wp-includese4d8c2/44/index.php?id=89223 HTTP/1.1" 404 0 "http://deribos.com/wp-includese4d8c2/44/index.php?id=89223" "Mozilla/5.0"
157.55.39.13 - - [27/May/2026:03:36:59 +0200] "GET /items/D143665092/ HTTP/1.1" 200 13 "-" "Mozilla/5.0 AppleWebKit/537.36 (KHTML, like Gecko; compatible; bingbot/2.0; +http://www.bing.com/bingbot.htm) Chrome/116.0.1938.76 Safari/537.36"
57.141.20.42 - - [27/May/2026:03:37:22 +0200] "GET /items/K466888485/ HTTP/1.1" 200 0 "-" "meta-externalagent/1.1 (+https://developers.facebook.com/docs/sharing/webmasters/crawler)"
57.141.20.6 - - [27/May/2026:03:37:34 +0200] "GET /items/K461933329/ HTTP/1.1" 200 0 "-" "meta-externalagent/1.1 (+https://developers.facebook.com/docs/sharing/webmasters/crawler)"
57.141.20.34 - - [27/May/2026:03:37:52 +0200] "GET /items/K464487173/ HTTP/1.1" 200 0 "-" "meta-externalagent/1.1 (+https://developers.facebook.com/docs/sharing/webmasters/crawler)"
57.141.20.38 - - [27/May/2026:03:39:12 +0200] "GET /items/K465046333/ HTTP/1.1" 200 15 "-" "meta-externalagent/1.1 (+https://developers.facebook.com/docs/sharing/webmasters/crawler)"
69.197.179.242 - - [27/May/2026:03:35:18 +0200] "GET /wp-includese4d8c2/44/index.php?id=89223 HTTP/1.1" 200 8 "http://deribos.com/wp-includese4d8c2/44/index.php?id=89223" "Mozilla/5.0"
57.141.20.28 - - [27/May/2026:03:35:14 +0200] "GET /items/K467163028/ HTTP/1.1" 200 0 "-" "meta-externalagent/1.1 (+https://developers.facebook.com/docs/sharing/webmasters/crawler)"
57.141.20.47 - - [27/May/2026:03:35:34 +0200] "GET /items/K464753016/ HTTP/1.1" 200 0 "-" "meta-externalagent/1.1 (+https://developers.facebook.com/docs/sharing/webmasters/crawler)"
57.141.20.30 - - [27/May/2026:03:35:41 +0200] "GET /items/K467302308/ HTTP/1.1" 200 0 "-" "meta-externalagent/1.1 (+https://developers.facebook.com/docs/sharing/webmasters/crawler)"
57.141.20.43 - - [27/May/2026:03:35:42 +0200] "GET /items/K467237861/ HTTP/1.1" 200 0 "-" "meta-externalagent/1.1 (+https://developers.facebook.com/docs/sharing/webmasters/crawler)"
109.234.166.131 - - [27/May/2026:03:34:54 +0200] "GET /wp-includese4d8c2/44/index.php?id=89223 HTTP/1.1" 404 0 "-" "GO"
57.141.20.61 - - [27/May/2026:03:36:38 +0200] "GET /items/K466616318/ HTTP/1.1" 200 0 "-" "meta-externalagent/1.1 (+https://developers.facebook.com/docs/sharing/webmasters/crawler)"
57.141.20.44 - - [27/May/2026:03:36:48 +0200] "GET /items/K462712111/ HTTP/1.1" 200 0 "-" "meta-externalagent/1.1 (+https://developers.facebook.com/docs/sharing/webmasters/crawler)"
57.141.20.65 - - [27/May/2026:03:37:28 +0200] "GET /?k=4784833bfb08 HTTP/1.1" 200 0 "-" "meta-externalagent/1.1 (+https://developers.facebook.com/docs/sharing/webmasters/crawler)"
57.141.20.7 - - [27/May/2026:03:37:54 +0200] "GET /items/K465927522/ HTTP/1.1" 200 0 "-" "meta-externalagent/1.1 (+https://developers.facebook.com/docs/sharing/webmasters/crawler)"
57.141.20.58 - - [27/May/2026:03:39:02 +0200] "GET /items/K462632629/ HTTP/1.1" 200 0 "-" "meta-externalagent/1.1 (+https://developers.facebook.com/docs/sharing/webmasters/crawler)"
57.141.20.2 - - [27/May/2026:03:39:08 +0200] "GET /items/K465564083/ HTTP/1.1" 200 0 "-" "meta-externalagent/1.1 (+https://developers.facebook.com/docs/sharing/webmasters/crawler)"
57.141.20.31 - - [27/May/2026:03:39:23 +0200] "GET /items/K465947078/ HTTP/1.1" 200 0 "-" "meta-externalagent/1.1 (+https://developers.facebook.com/docs/sharing/webmasters/crawler)"
57.141.20.25 - - [27/May/2026:03:39:34 +0200] "GET /items/K463028457/ HTTP/1.1" 200 0 "-" "meta-externalagent/1.1 (+https://developers.facebook.com/docs/sharing/webmasters/crawler)"
109.234.166.131 - - [27/May/2026:03:38:16 +0200] "GET /wp-includese4d8c2/44/index.php?id=89223 HTTP/1.1" 404 0 "-" "GO"
57.141.20.14 - - [27/May/2026:03:39:48 +0200] "GET /items/K462691633/ HTTP/1.1" 200 0 "-" "meta-externalagent/1.1 (+https://developers.facebook.com/docs/sharing/webmasters/crawler)"
57.141.20.64 - - [27/May/2026:03:40:52 +0200] "GET /items/K462370571/ HTTP/1.1" 200 0 "-" "meta-externalagent/1.1 (+https://developers.facebook.com/docs/sharing/webmasters/crawler)"
57.141.20.5 - - [27/May/2026:03:41:28 +0200] "GET /items/K463205766/ HTTP/1.1" 200 0 "-" "meta-externalagent/1.1 (+https://developers.facebook.com/docs/sharing/webmasters/crawler)"
5.39.1.224 - - [27/May/2026:03:41:30 +0200] "GET /Console-Jeu-Portable-ANBERNIC-RG35XX-Console-Jeux-R-tro-521340/ HTTP/1.1" 200 0 "-" "Mozilla/5.0 (compatible; AhrefsBot/7.0; +http://ahrefs.com/robot/)"
57.141.20.33 - - [27/May/2026:03:41:52 +0200] "GET /items/K461620060/ HTTP/1.1" 200 0 "-" "meta-externalagent/1.1 (+https://developers.facebook.com/docs/sharing/webmasters/crawler)"
109.234.166.131 - - [27/May/2026:03:40:30 +0200] "GET /wp-includese4d8c2/44/index.php?id=89223 HTTP/1.1" 404 0 "-" "GO"
198.204.224.34 - - [27/May/2026:03:42:20 +0200] "GET /wp-includese4d8c2/44/index.php HTTP/1.1" 200 8 "http://deribos.com/wp-includese4d8c2/44/index.php" "Mozilla/5.0 (Windows NT 10.0; Win64; x64) AppleWebKit/537.36 (KHTML, like Gecko) Chrome/58.0.3029.110 Safari/537.3"
109.234.166.131 - - [27/May/2026:03:36:18 +0200] "GET /wp-includese4d8c2/44/index.php?id=89223 HTTP/1.1" 404 0 "-" "GO"
52.167.144.166 - - [27/May/2026:03:37:44 +0200] "GET /items/D412684413/ HTTP/1.1" 200 13 "-" "Mozilla/5.0 AppleWebKit/537.36 (KHTML, like Gecko; compatible; bingbot/2.0; +http://www.bing.com/bingbot.htm) Chrome/116.0.1938.76 Safari/537.36"
109.234.166.131 - - [27/May/2026:03:36:51 +0200] "GET /wp-includese4d8c2/44/index.php?id=89223 HTTP/1.1" 404 0 "-" "GO"
109.234.166.131 - - [27/May/2026:03:37:07 +0200] "GET /wp-includese4d8c2/44/index.php?id=194046 HTTP/1.1" 404 0 "-" "GO"
57.141.20.29 - - [27/May/2026:03:38:32 +0200] "GET /items/K462162269/ HTTP/1.1" 200 0 "-" "meta-externalagent/1.1 (+https://developers.facebook.com/docs/sharing/webmasters/crawler)"
57.141.20.17 - - [27/May/2026:03:38:51 +0200] "GET /items/K461319523/ HTTP/1.1" 200 0 "-" "meta-externalagent/1.1 (+https://developers.facebook.com/docs/sharing/webmasters/crawler)"
109.234.166.131 - - [27/May/2026:03:38:33 +0200] "GET /wp-includese4d8c2/44/index.php?id=194046 HTTP/1.1" 404 0 "-" "GO"
109.234.166.131 - - [27/May/2026:03:37:42 +0200] "GET /wp-includese4d8c2/44/index.php?id=89223 HTTP/1.1" 404 0 "-" "GO"
57.141.20.53 - - [27/May/2026:03:39:41 +0200] "GET /items/K461205088/ HTTP/1.1" 200 0 "-" "meta-externalagent/1.1 (+https://developers.facebook.com/docs/sharing/webmasters/crawler)"
57.141.20.72 - - [27/May/2026:03:39:46 +0200] "GET /items/K461429862/ HTTP/1.1" 200 0 "-" "meta-externalagent/1.1 (+https://developers.facebook.com/docs/sharing/webmasters/crawler)"
109.234.166.131 - - [27/May/2026:03:39:06 +0200] "GET /wp-includese4d8c2/44/index.php?id=89223 HTTP/1.1" 404 0 "-" "GO"
57.141.20.49 - - [27/May/2026:03:40:29 +0200] "GET /items/K465560251/ HTTP/1.1" 200 0 "-" "meta-externalagent/1.1 (+https://developers.facebook.com/docs/sharing/webmasters/crawler)"
57.141.20.47 - - [27/May/2026:03:41:04 +0200] "GET /items/K467266153/ HTTP/1.1" 200 0 "-" "meta-externalagent/1.1 (+https://developers.facebook.com/docs/sharing/webmasters/crawler)"
109.234.166.131 - - [27/May/2026:03:39:40 +0200] "GET /wp-includese4d8c2/44/index.php?id=89223 HTTP/1.1" 404 0 "-" "GO"
57.141.20.17 - - [27/May/2026:03:41:19 +0200] "GET /items/K467812125/ HTTP/1.1" 200 0 "-" "meta-externalagent/1.1 (+https://developers.facebook.com/docs/sharing/webmasters/crawler)"
57.141.20.59 - - [27/May/2026:03:41:35 +0200] "GET /?k=6408165rj7uz HTTP/1.1" 200 0 "-" "meta-externalagent/1.1 (+https://developers.facebook.com/docs/sharing/webmasters/crawler)"
109.234.166.131 - - [27/May/2026:03:41:07 +0200] "GET /wp-includese4d8c2/44/index.php?id=89223 HTTP/1.1" 404 0 "-" "GO"
57.141.20.55 - - [27/May/2026:03:42:53 +0200] "GET /items/K464138272/ HTTP/1.1" 200 0 "-" "meta-externalagent/1.1 (+https://developers.facebook.com/docs/sharing/webmasters/crawler)"
57.141.20.30 - - [27/May/2026:03:42:55 +0200] "GET /items/K466169159/ HTTP/1.1" 200 0 "-" "meta-externalagent/1.1 (+https://developers.facebook.com/docs/sharing/webmasters/crawler)"
57.141.20.26 - - [27/May/2026:03:42:56 +0200] "GET /items/K464112887/ HTTP/1.1" 200 0 "-" "meta-externalagent/1.1 (+https://developers.facebook.com/docs/sharing/webmasters/crawler)"
57.141.20.64 - - [27/May/2026:03:42:59 +0200] "GET /items/K465228522/ HTTP/1.1" 200 0 "-" "meta-externalagent/1.1 (+https://developers.facebook.com/docs/sharing/webmasters/crawler)"
57.141.20.72 - - [27/May/2026:03:43:05 +0200] "GET /items/K462996161/ HTTP/1.1" 200 0 "-" "meta-externalagent/1.1 (+https://developers.facebook.com/docs/sharing/webmasters/crawler)"
57.141.20.34 - - [27/May/2026:03:43:03 +0200] "GET /items/K463758124/ HTTP/1.1" 200 0 "-" "meta-externalagent/1.1 (+https://developers.facebook.com/docs/sharing/webmasters/crawler)"
109.234.166.131 - - [27/May/2026:03:41:56 +0200] "GET /wp-includese4d8c2/44/index.php?id=89223 HTTP/1.1" 404 0 "-" "GO"
57.141.20.51 - - [27/May/2026:03:43:36 +0200] "GET /items/K464621039/ HTTP/1.1" 200 0 "-" "meta-externalagent/1.1 (+https://developers.facebook.com/docs/sharing/webmasters/crawler)"
198.204.224.34 - - [27/May/2026:03:42:24 +0200] "GET /wp-includese4d8c2/44/index.php HTTP/1.1" 404 0 "http://deribos.com/wp-includese4d8c2/44/index.php" "Mozilla/5.0 (Windows NT 10.0; Win64; x64) AppleWebKit/537.36 (KHTML, like Gecko) Chrome/58.0.3029.110 Safari/537.3"
109.234.166.131 - - [27/May/2026:03:42:42 +0200] "GET /wp-includese4d8c2/44/index.php?id=89223 HTTP/1.1" 404 0 "-" "GO"
57.141.20.61 - - [27/May/2026:03:44:15 +0200] "GET /items/K465321334/ HTTP/1.1" 200 0 "-" "meta-externalagent/1.1 (+https://developers.facebook.com/docs/sharing/webmasters/crawler)"
57.141.20.16 - - [27/May/2026:03:44:20 +0200] "GET /items/K466933894/ HTTP/1.1" 200 0 "-" "meta-externalagent/1.1 (+https://developers.facebook.com/docs/sharing/webmasters/crawler)"
57.141.20.53 - - [27/May/2026:03:44:38 +0200] "GET /items/K461315186/ HTTP/1.1" 200 0 "-" "meta-externalagent/1.1 (+https://developers.facebook.com/docs/sharing/webmasters/crawler)"
57.141.20.37 - - [27/May/2026:03:44:42 +0200] "GET /items/K465382521/ HTTP/1.1" 200 0 "-" "meta-externalagent/1.1 (+https://developers.facebook.com/docs/sharing/webmasters/crawler)"
57.141.20.44 - - [27/May/2026:03:44:44 +0200] "GET /items/K466429631/ HTTP/1.1" 200 0 "-" "meta-externalagent/1.1 (+https://developers.facebook.com/docs/sharing/webmasters/crawler)"
57.141.20.28 - - [27/May/2026:03:44:55 +0200] "GET /items/K462867211/ HTTP/1.1" 200 0 "-" "meta-externalagent/1.1 (+https://developers.facebook.com/docs/sharing/webmasters/crawler)"
109.234.166.131 - - [27/May/2026:03:43:23 +0200] "GET /wp-includese4d8c2/44/index.php?id=89223 HTTP/1.1" 404 0 "-" "GO"
57.141.20.25 - - [27/May/2026:03:45:08 +0200] "GET /items/K466418346/ HTTP/1.1" 200 0 "-" "meta-externalagent/1.1 (+https://developers.facebook.com/docs/sharing/webmasters/crawler)"
109.234.166.131 - - [27/May/2026:03:43:53 +0200] "GET /wp-includese4d8c2/44/index.php?id=443636 HTTP/1.1" 404 0 "-" "GO"
57.141.20.3 - - [27/May/2026:03:42:49 +0200] "GET /items/K461266536/ HTTP/1.1" 200 0 "-" "meta-externalagent/1.1 (+https://developers.facebook.com/docs/sharing/webmasters/crawler)"
57.141.20.38 - - [27/May/2026:03:43:07 +0200] "GET /items/K467668830/ HTTP/1.1" 200 0 "-" "meta-externalagent/1.1 (+https://developers.facebook.com/docs/sharing/webmasters/crawler)"
57.141.20.8 - - [27/May/2026:03:43:14 +0200] "GET /items/K466108877/ HTTP/1.1" 200 0 "-" "meta-externalagent/1.1 (+https://developers.facebook.com/docs/sharing/webmasters/crawler)"
57.141.20.61 - - [27/May/2026:03:43:18 +0200] "GET /items/K465921298/ HTTP/1.1" 200 0 "-" "meta-externalagent/1.1 (+https://developers.facebook.com/docs/sharing/webmasters/crawler)"
57.141.20.43 - - [27/May/2026:03:43:34 +0200] "GET /items/K467273974/ HTTP/1.1" 200 0 "-" "meta-externalagent/1.1 (+https://developers.facebook.com/docs/sharing/webmasters/crawler)"
57.141.20.18 - - [27/May/2026:03:43:49 +0200] "GET /items/K462814523/ HTTP/1.1" 200 0 "-" "meta-externalagent/1.1 (+https://developers.facebook.com/docs/sharing/webmasters/crawler)"
57.141.20.45 - - [27/May/2026:03:43:51 +0200] "GET /items/K465125878/ HTTP/1.1" 200 0 "-" "meta-externalagent/1.1 (+https://developers.facebook.com/docs/sharing/webmasters/crawler)"
57.141.20.55 - - [27/May/2026:03:43:52 +0200] "GET /items/K466472211/ HTTP/1.1" 200 0 "-" "meta-externalagent/1.1 (+https://developers.facebook.com/docs/sharing/webmasters/crawler)"
198.204.224.34 - - [27/May/2026:03:42:27 +0200] "GET /wp-includese4d8c2/44/index.php HTTP/1.1" 404 0 "http://deribos.com/wp-includese4d8c2/44/index.php" "Mozilla/5.0 (Windows NT 10.0; Win64; x64) AppleWebKit/537.36 (KHTML, like Gecko) Chrome/58.0.3029.110 Safari/537.3"
57.141.20.66 - - [27/May/2026:03:44:25 +0200] "GET /items/K461759307/ HTTP/1.1" 200 0 "-" "meta-externalagent/1.1 (+https://developers.facebook.com/docs/sharing/webmasters/crawler)"
57.141.20.59 - - [27/May/2026:03:44:23 +0200] "GET /items/K464825806/ HTTP/1.1" 200 0 "-" "meta-externalagent/1.1 (+https://developers.facebook.com/docs/sharing/webmasters/crawler)"
57.141.20.59 - - [27/May/2026:03:44:32 +0200] "GET /items/K462849199/ HTTP/1.1" 200 0 "-" "meta-externalagent/1.1 (+https://developers.facebook.com/docs/sharing/webmasters/crawler)"
57.141.20.72 - - [27/May/2026:03:44:30 +0200] "GET /items/K463385502/ HTTP/1.1" 200 0 "-" "meta-externalagent/1.1 (+https://developers.facebook.com/docs/sharing/webmasters/crawler)"
57.141.20.27 - - [27/May/2026:03:44:36 +0200] "GET /items/K464014804/ HTTP/1.1" 200 0 "-" "meta-externalagent/1.1 (+https://developers.facebook.com/docs/sharing/webmasters/crawler)"
57.141.20.64 - - [27/May/2026:03:44:34 +0200] "GET /items/K464416973/ HTTP/1.1" 200 0 "-" "meta-externalagent/1.1 (+https://developers.facebook.com/docs/sharing/webmasters/crawler)"
57.141.20.54 - - [27/May/2026:03:44:52 +0200] "GET /items/K467693597/ HTTP/1.1" 200 0 "-" "meta-externalagent/1.1 (+https://developers.facebook.com/docs/sharing/webmasters/crawler)"
57.141.20.58 - - [27/May/2026:03:44:57 +0200] "GET /items/K462539422/ HTTP/1.1" 200 0 "-" "meta-externalagent/1.1 (+https://developers.facebook.com/docs/sharing/webmasters/crawler)"
57.141.20.41 - - [27/May/2026:03:45:07 +0200] "GET /items/K467224572/ HTTP/1.1" 200 0 "-" "meta-externalagent/1.1 (+https://developers.facebook.com/docs/sharing/webmasters/crawler)"
57.141.20.45 - - [27/May/2026:03:41:31 +0200] "GET /items/K462265391/ HTTP/1.1" 200 0 "-" "meta-externalagent/1.1 (+https://developers.facebook.com/docs/sharing/webmasters/crawler)"
57.141.20.30 - - [27/May/2026:03:42:31 +0200] "GET /items/K464949732/ HTTP/1.1" 200 0 "-" "meta-externalagent/1.1 (+https://developers.facebook.com/docs/sharing/webmasters/crawler)"
57.141.20.65 - - [27/May/2026:03:42:35 +0200] "GET /items/K466279542/ HTTP/1.1" 200 0 "-" "meta-externalagent/1.1 (+https://developers.facebook.com/docs/sharing/webmasters/crawler)"
57.141.20.34 - - [27/May/2026:03:42:37 +0200] "GET /items/K464181777/ HTTP/1.1" 200 0 "-" "meta-externalagent/1.1 (+https://developers.facebook.com/docs/sharing/webmasters/crawler)"
57.141.20.58 - - [27/May/2026:03:42:47 +0200] "GET /items/K467387800/ HTTP/1.1" 200 0 "-" "meta-externalagent/1.1 (+https://developers.facebook.com/docs/sharing/webmasters/crawler)"
57.141.20.39 - - [27/May/2026:03:42:33 +0200] "GET /items/K462277729/ HTTP/1.1" 200 15 "-" "meta-externalagent/1.1 (+https://developers.facebook.com/docs/sharing/webmasters/crawler)"
57.141.20.4 - - [27/May/2026:03:43:18 +0200] "GET /items/K461984302/ HTTP/1.1" 200 0 "-" "meta-externalagent/1.1 (+https://developers.facebook.com/docs/sharing/webmasters/crawler)"
57.141.20.32 - - [27/May/2026:03:43:02 +0200] "GET /items/K464853779/ HTTP/1.1" 200 15 "-" "meta-externalagent/1.1 (+https://developers.facebook.com/docs/sharing/webmasters/crawler)"
57.141.20.13 - - [27/May/2026:03:43:28 +0200] "GET /items/K464822058/ HTTP/1.1" 200 0 "-" "meta-externalagent/1.1 (+https://developers.facebook.com/docs/sharing/webmasters/crawler)"
57.141.20.41 - - [27/May/2026:03:43:33 +0200] "GET /?k=20265951gg1s HTTP/1.1" 200 0 "-" "meta-externalagent/1.1 (+https://developers.facebook.com/docs/sharing/webmasters/crawler)"
57.141.20.1 - - [27/May/2026:03:44:00 +0200] "GET /items/K462881264/ HTTP/1.1" 200 0 "-" "meta-externalagent/1.1 (+https://developers.facebook.com/docs/sharing/webmasters/crawler)"
57.141.20.57 - - [27/May/2026:03:44:08 +0200] "GET /items/K464487115/ HTTP/1.1" 200 0 "-" "meta-externalagent/1.1 (+https://developers.facebook.com/docs/sharing/webmasters/crawler)"
57.141.20.12 - - [27/May/2026:03:44:27 +0200] "GET /items/K461421851/ HTTP/1.1" 200 0 "-" "meta-externalagent/1.1 (+https://developers.facebook.com/docs/sharing/webmasters/crawler)"
57.141.20.54 - - [27/May/2026:03:44:40 +0200] "GET /items/K463089688/ HTTP/1.1" 200 0 "-" "meta-externalagent/1.1 (+https://developers.facebook.com/docs/sharing/webmasters/crawler)"
57.141.20.1 - - [27/May/2026:03:44:58 +0200] "GET /items/K466218192/ HTTP/1.1" 200 0 "-" "meta-externalagent/1.1 (+https://developers.facebook.com/docs/sharing/webmasters/crawler)"
57.141.20.58 - - [27/May/2026:03:45:00 +0200] "GET /items/K462594190/ HTTP/1.1" 200 0 "-" "meta-externalagent/1.1 (+https://developers.facebook.com/docs/sharing/webmasters/crawler)"
109.234.166.131 - - [27/May/2026:03:43:55 +0200] "GET /wp-includese4d8c2/44/index.php?id=542138 HTTP/1.1" 404 0 "-" "GO"
57.141.20.7 - - [27/May/2026:03:45:16 +0200] "GET /items/K466353142/ HTTP/1.1" 200 0 "-" "meta-externalagent/1.1 (+https://developers.facebook.com/docs/sharing/webmasters/crawler)"
204.12.208.18 - - [27/May/2026:03:44:02 +0200] "GET /wp-includese4d8c2/44/index.php?wp_locale=af06f46095f69e4e84b92e010b1e145c&wp_query=68747470733a2f2f6e69636572672e636f6d2f73757065722f72352e747874&_sys=rg&_ums=9999&_kh=72672r6s6o7n68757275772r636s6q&_wh=6r69636577682r78797n&_ch=63702r6s6o7n68757275772r636s6q HTTP/1.1" 404 0 "http://deribos.com/wp-includese4d8c2/44/index.php?wp_locale=af06f46095f69e4e84b92e010b1e145c&wp_query=68747470733a2f2f6e69636572672e636f6d2f73757065722f72352e747874&_sys=rg&_ums=9999&_kh=72672r6s6o7n68757275772r636s6q&_wh=6r69636577682r78797n&_ch=63702r6s6o7n68757275772r636s6q" "Mozilla/5.0 (Macintosh; Intel Mac OS X 10_6_8) AppleWebKit/534.24 (KHTML, like Gecko) Chrome/11.0.696.71 Safari/534.24"
57.141.20.70 - - [27/May/2026:03:45:28 +0200] "GET /items/K465112557/ HTTP/1.1" 200 0 "-" "meta-externalagent/1.1 (+https://developers.facebook.com/docs/sharing/webmasters/crawler)"
57.141.20.14 - - [27/May/2026:03:45:34 +0200] "GET /items/K461641722/ HTTP/1.1" 200 0 "-" "meta-externalagent/1.1 (+https://developers.facebook.com/docs/sharing/webmasters/crawler)"
57.141.20.60 - - [27/May/2026:03:45:50 +0200] "GET /items/K463212081/ HTTP/1.1" 200 0 "-" "meta-externalagent/1.1 (+https://developers.facebook.com/docs/sharing/webmasters/crawler)"
204.12.208.18 - - [27/May/2026:03:44:22 +0200] "GET /wp-includese4d8c2/44/index.php?wp_locale=af06f46095f69e4e84b92e010b1e145c&wp_query=68747470733a2f2f6e69636572672e636f6d2f73757065722f72352e747874&_sys=rg&_ums=9999&_kh=72672r6s6o7n68757275772r636s6q&_wh=6r69636577682r78797n&_ch=63702r6s6o7n68757275772r636s6q HTTP/1.1" 404 0 "http://deribos.com/wp-includese4d8c2/44/index.php?wp_locale=af06f46095f69e4e84b92e010b1e145c&wp_query=68747470733a2f2f6e69636572672e636f6d2f73757065722f72352e747874&_sys=rg&_ums=9999&_kh=72672r6s6o7n68757275772r636s6q&_wh=6r69636577682r78797n&_ch=63702r6s6o7n68757275772r636s6q" "Mozilla/5.0 (Windows NT 5.1) AppleWebKit/534.30 (KHTML, like Gecko) Chrome/12.0.742.122 Safari/534.30 ChromePlus/1.6.3.1"
57.141.20.43 - - [27/May/2026:03:45:59 +0200] "GET /items/K467763512/ HTTP/1.1" 200 0 "-" "meta-externalagent/1.1 (+https://developers.facebook.com/docs/sharing/webmasters/crawler)"
57.141.20.21 - - [27/May/2026:03:46:07 +0200] "GET /items/K463819165/ HTTP/1.1" 200 0 "-" "meta-externalagent/1.1 (+https://developers.facebook.com/docs/sharing/webmasters/crawler)"
204.12.208.18 - - [27/May/2026:03:44:42 +0200] "GET /wp-includese4d8c2/44/index.php?wp_locale=af06f46095f69e4e84b92e010b1e145c&wp_query=68747470733a2f2f6e69636572672e636f6d2f73757065722f72352e747874&_sys=rg&_ums=9999&_kh=72672r6s6o7n68757275772r636s6q&_wh=6r69636577682r78797n&_ch=63702r6s6o7n68757275772r636s6q HTTP/1.1" 404 0 "http://deribos.com/wp-includese4d8c2/44/index.php?wp_locale=af06f46095f69e4e84b92e010b1e145c&wp_query=68747470733a2f2f6e69636572672e636f6d2f73757065722f72352e747874&_sys=rg&_ums=9999&_kh=72672r6s6o7n68757275772r636s6q&_wh=6r69636577682r78797n&_ch=63702r6s6o7n68757275772r636s6q" "Mozilla/5.0 (Windows NT 6.1; WOW64; rv:9.0.1) Gecko/20100101 Firefox/9.0.1"
57.141.20.38 - - [27/May/2026:03:46:17 +0200] "GET /items/K463315669/ HTTP/1.1" 200 0 "-" "meta-externalagent/1.1 (+https://developers.facebook.com/docs/sharing/webmasters/crawler)"
57.141.20.59 - - [27/May/2026:03:46:28 +0200] "GET /epileptologyvnh.xml HTTP/1.1" 200 0 "-" "meta-externalagent/1.1 (+https://developers.facebook.com/docs/sharing/webmasters/crawler)"
57.141.20.67 - - [27/May/2026:03:46:40 +0200] "GET /items/K461596908/ HTTP/1.1" 200 0 "-" "meta-externalagent/1.1 (+https://developers.facebook.com/docs/sharing/webmasters/crawler)"
57.141.20.6 - - [27/May/2026:03:46:25 +0200] "GET /items/K464012287/ HTTP/1.1" 200 15 "-" "meta-externalagent/1.1 (+https://developers.facebook.com/docs/sharing/webmasters/crawler)"
109.234.166.131 - - [27/May/2026:03:45:19 +0200] "GET /wp-includese4d8c2/44/index.php?id=542138 HTTP/1.1" 404 0 "-" "GO"
57.141.20.58 - - [27/May/2026:03:46:47 +0200] "GET /items/K462344254/ HTTP/1.1" 200 0 "-" "meta-externalagent/1.1 (+https://developers.facebook.com/docs/sharing/webmasters/crawler)"
57.141.20.37 - - [27/May/2026:03:45:13 +0200] "GET /items/K463758915/ HTTP/1.1" 200 0 "-" "meta-externalagent/1.1 (+https://developers.facebook.com/docs/sharing/webmasters/crawler)"
157.55.39.13 - - [27/May/2026:03:45:29 +0200] "GET /items/D733224264/ HTTP/1.1" 200 13 "-" "Mozilla/5.0 AppleWebKit/537.36 (KHTML, like Gecko; compatible; bingbot/2.0; +http://www.bing.com/bingbot.htm) Chrome/116.0.1938.76 Safari/537.36"
57.141.20.12 - - [27/May/2026:03:45:39 +0200] "GET /items/K467785443/ HTTP/1.1" 200 0 "-" "meta-externalagent/1.1 (+https://developers.facebook.com/docs/sharing/webmasters/crawler)"
57.141.20.38 - - [27/May/2026:03:45:46 +0200] "GET /items/K462382116/ HTTP/1.1" 200 0 "-" "meta-externalagent/1.1 (+https://developers.facebook.com/docs/sharing/webmasters/crawler)"
57.141.20.34 - - [27/May/2026:03:45:44 +0200] "GET /items/K466949922/ HTTP/1.1" 200 0 "-" "meta-externalagent/1.1 (+https://developers.facebook.com/docs/sharing/webmasters/crawler)"
57.141.20.71 - - [27/May/2026:03:46:09 +0200] "GET /items/K465754575/ HTTP/1.1" 200 0 "-" "meta-externalagent/1.1 (+https://developers.facebook.com/docs/sharing/webmasters/crawler)"
109.234.166.131 - - [27/May/2026:03:44:51 +0200] "GET /wp-includese4d8c2/44/index.php?id=89223 HTTP/1.1" 404 0 "-" "GO"
57.141.20.13 - - [27/May/2026:03:46:23 +0200] "GET /items/K463313442/ HTTP/1.1" 200 0 "-" "meta-externalagent/1.1 (+https://developers.facebook.com/docs/sharing/webmasters/crawler)"
57.141.20.4 - - [27/May/2026:03:47:09 +0200] "GET /items/K462083280/ HTTP/1.1" 200 0 "-" "meta-externalagent/1.1 (+https://developers.facebook.com/docs/sharing/webmasters/crawler)"
57.141.20.33 - - [27/May/2026:03:47:09 +0200] "GET /items/K464433810/ HTTP/1.1" 200 0 "-" "meta-externalagent/1.1 (+https://developers.facebook.com/docs/sharing/webmasters/crawler)"
57.141.20.2 - - [27/May/2026:03:47:15 +0200] "GET /items/K465737550/ HTTP/1.1" 200 0 "-" "meta-externalagent/1.1 (+https://developers.facebook.com/docs/sharing/webmasters/crawler)"
57.141.20.2 - - [27/May/2026:03:47:28 +0200] "GET /items/K464017096/ HTTP/1.1" 200 0 "-" "meta-externalagent/1.1 (+https://developers.facebook.com/docs/sharing/webmasters/crawler)"
57.141.20.70 - - [27/May/2026:03:47:40 +0200] "GET /?k=1122436sfjl HTTP/1.1" 200 0 "-" "meta-externalagent/1.1 (+https://developers.facebook.com/docs/sharing/webmasters/crawler)"
57.141.20.43 - - [27/May/2026:03:47:44 +0200] "GET /items/K465673152/ HTTP/1.1" 200 0 "-" "meta-externalagent/1.1 (+https://developers.facebook.com/docs/sharing/webmasters/crawler)"
57.141.20.7 - - [27/May/2026:03:47:37 +0200] "GET /items/K466795688/ HTTP/1.1" 200 15 "-" "meta-externalagent/1.1 (+https://developers.facebook.com/docs/sharing/webmasters/crawler)"
57.141.20.13 - - [27/May/2026:03:47:50 +0200] "GET /items/K462604421/ HTTP/1.1" 200 0 "-" "meta-externalagent/1.1 (+https://developers.facebook.com/docs/sharing/webmasters/crawler)"
57.141.20.30 - - [27/May/2026:03:48:07 +0200] "GET /items/K467812664/ HTTP/1.1" 200 0 "-" "meta-externalagent/1.1 (+https://developers.facebook.com/docs/sharing/webmasters/crawler)"
57.141.20.1 - - [27/May/2026:03:48:03 +0200] "GET /items/K467470018/ HTTP/1.1" 200 0 "-" "meta-externalagent/1.1 (+https://developers.facebook.com/docs/sharing/webmasters/crawler)"
109.234.166.131 - - [27/May/2026:03:46:50 +0200] "GET /wp-includese4d8c2/44/index.php?id=36690 HTTP/1.1" 404 0 "-" "GO"
57.141.20.30 - - [27/May/2026:03:48:27 +0200] "GET /items/K462373863/ HTTP/1.1" 200 0 "-" "meta-externalagent/1.1 (+https://developers.facebook.com/docs/sharing/webmasters/crawler)"
