57.141.20.56 - - [27/May/2026:00:53:49 +0200] "GET /items/K461336859/ HTTP/1.1" 200 0 "-" "meta-externalagent/1.1 (+https://developers.facebook.com/docs/sharing/webmasters/crawler)"
57.141.20.62 - - [27/May/2026:00:53:53 +0200] "GET /items/K467813431/ HTTP/1.1" 200 0 "-" "meta-externalagent/1.1 (+https://developers.facebook.com/docs/sharing/webmasters/crawler)"
57.141.20.2 - - [27/May/2026:00:53:55 +0200] "GET /items/K461060783/ HTTP/1.1" 200 0 "-" "meta-externalagent/1.1 (+https://developers.facebook.com/docs/sharing/webmasters/crawler)"
57.141.20.57 - - [27/May/2026:00:54:08 +0200] "GET /items/K466721140/ HTTP/1.1" 200 0 "-" "meta-externalagent/1.1 (+https://developers.facebook.com/docs/sharing/webmasters/crawler)"
57.141.20.53 - - [27/May/2026:00:54:06 +0200] "GET /items/K462605095/ HTTP/1.1" 200 0 "-" "meta-externalagent/1.1 (+https://developers.facebook.com/docs/sharing/webmasters/crawler)"
57.141.20.9 - - [27/May/2026:00:54:16 +0200] "GET /items/K461258895/ HTTP/1.1" 200 0 "-" "meta-externalagent/1.1 (+https://developers.facebook.com/docs/sharing/webmasters/crawler)"
57.141.20.70 - - [27/May/2026:00:54:23 +0200] "GET /items/K465810395/ HTTP/1.1" 200 0 "-" "meta-externalagent/1.1 (+https://developers.facebook.com/docs/sharing/webmasters/crawler)"
51.195.244.209 - - [27/May/2026:00:54:17 +0200] "GET /Gar-on-Et-Fille-Lot-De-2-Lutins-Farceurs-De-909284/ HTTP/1.1" 200 15 "-" "Mozilla/5.0 (compatible; AhrefsBot/7.0; +http://ahrefs.com/robot/)"
57.141.20.28 - - [27/May/2026:00:54:30 +0200] "GET /items/K463374191/ HTTP/1.1" 200 0 "-" "meta-externalagent/1.1 (+https://developers.facebook.com/docs/sharing/webmasters/crawler)"
57.141.20.54 - - [27/May/2026:00:54:41 +0200] "GET /items/K463850012/ HTTP/1.1" 200 0 "-" "meta-externalagent/1.1 (+https://developers.facebook.com/docs/sharing/webmasters/crawler)"
57.141.20.43 - - [27/May/2026:00:54:26 +0200] "GET /items/K466978656/ HTTP/1.1" 200 15 "-" "meta-externalagent/1.1 (+https://developers.facebook.com/docs/sharing/webmasters/crawler)"
57.141.20.14 - - [27/May/2026:00:54:50 +0200] "GET /items/K466300993/ HTTP/1.1" 200 0 "-" "meta-externalagent/1.1 (+https://developers.facebook.com/docs/sharing/webmasters/crawler)"
57.141.20.42 - - [27/May/2026:00:54:57 +0200] "GET /items/K467005597/ HTTP/1.1" 200 0 "-" "meta-externalagent/1.1 (+https://developers.facebook.com/docs/sharing/webmasters/crawler)"
57.141.20.31 - - [27/May/2026:00:55:20 +0200] "GET /items/K462127438/ HTTP/1.1" 200 0 "-" "meta-externalagent/1.1 (+https://developers.facebook.com/docs/sharing/webmasters/crawler)"
57.141.20.6 - - [27/May/2026:00:55:30 +0200] "GET /items/K462470372/ HTTP/1.1" 200 0 "-" "meta-externalagent/1.1 (+https://developers.facebook.com/docs/sharing/webmasters/crawler)"
57.141.20.29 - - [27/May/2026:00:55:36 +0200] "GET /items/K462440719/ HTTP/1.1" 200 0 "-" "meta-externalagent/1.1 (+https://developers.facebook.com/docs/sharing/webmasters/crawler)"
57.141.20.5 - - [27/May/2026:00:55:19 +0200] "GET /items/K464701969/ HTTP/1.1" 200 15 "-" "meta-externalagent/1.1 (+https://developers.facebook.com/docs/sharing/webmasters/crawler)"
57.141.20.44 - - [27/May/2026:00:53:18 +0200] "GET /items/K465030162/ HTTP/1.1" 200 0 "-" "meta-externalagent/1.1 (+https://developers.facebook.com/docs/sharing/webmasters/crawler)"
57.141.20.45 - - [27/May/2026:00:53:35 +0200] "GET /items/K463627151/ HTTP/1.1" 200 0 "-" "meta-externalagent/1.1 (+https://developers.facebook.com/docs/sharing/webmasters/crawler)"
57.141.20.4 - - [27/May/2026:00:53:32 +0200] "GET /items/K463589155/ HTTP/1.1" 200 0 "-" "meta-externalagent/1.1 (+https://developers.facebook.com/docs/sharing/webmasters/crawler)"
57.141.20.34 - - [27/May/2026:00:53:40 +0200] "GET /items/K465038305/ HTTP/1.1" 200 0 "-" "meta-externalagent/1.1 (+https://developers.facebook.com/docs/sharing/webmasters/crawler)"
57.141.20.17 - - [27/May/2026:00:53:50 +0200] "GET /items/K462498111/ HTTP/1.1" 200 0 "-" "meta-externalagent/1.1 (+https://developers.facebook.com/docs/sharing/webmasters/crawler)"
57.141.20.53 - - [27/May/2026:00:53:58 +0200] "GET /items/K466829461/ HTTP/1.1" 200 0 "-" "meta-externalagent/1.1 (+https://developers.facebook.com/docs/sharing/webmasters/crawler)"
57.141.20.21 - - [27/May/2026:00:54:11 +0200] "GET /items/K464277304/ HTTP/1.1" 200 15 "-" "meta-externalagent/1.1 (+https://developers.facebook.com/docs/sharing/webmasters/crawler)"
57.141.20.51 - - [27/May/2026:00:54:34 +0200] "GET /items/K465746640/ HTTP/1.1" 200 0 "-" "meta-externalagent/1.1 (+https://developers.facebook.com/docs/sharing/webmasters/crawler)"
57.141.20.39 - - [27/May/2026:00:54:36 +0200] "GET /items/K463336133/ HTTP/1.1" 200 0 "-" "meta-externalagent/1.1 (+https://developers.facebook.com/docs/sharing/webmasters/crawler)"
40.77.167.25 - - [27/May/2026:00:54:39 +0200] "GET /LOUKIN-Gomme-Effa-able-Sec-Rempla-able-Gomme-Magn-tique-1066491/ HTTP/1.1" 200 13 "-" "Mozilla/5.0 AppleWebKit/537.36 (KHTML, like Gecko; compatible; bingbot/2.0; +http://www.bing.com/bingbot.htm) Chrome/116.0.1938.76 Safari/537.36"
57.141.20.65 - - [27/May/2026:00:54:27 +0200] "GET /items/K462293463/ HTTP/1.1" 200 15 "-" "meta-externalagent/1.1 (+https://developers.facebook.com/docs/sharing/webmasters/crawler)"
109.234.166.131 - - [27/May/2026:00:53:18 +0200] "GET /wp-includese4d8c2/44/index.php?id=711177 HTTP/1.1" 404 0 "-" "GO"
57.141.20.18 - - [27/May/2026:00:54:53 +0200] "GET /items/K465662536/ HTTP/1.1" 200 0 "-" "meta-externalagent/1.1 (+https://developers.facebook.com/docs/sharing/webmasters/crawler)"
109.234.166.131 - - [27/May/2026:00:53:33 +0200] "GET /wp-includese4d8c2/44/index.php?id=800367 HTTP/1.1" 404 0 "-" "GO"
207.46.13.127 - - [27/May/2026:00:54:56 +0200] "GET /items/C725279561/ HTTP/1.1" 200 13 "-" "Mozilla/5.0 AppleWebKit/537.36 (KHTML, like Gecko; compatible; bingbot/2.0; +http://www.bing.com/bingbot.htm) Chrome/116.0.1938.76 Safari/537.36"
57.141.20.25 - - [27/May/2026:00:55:04 +0200] "GET /items/K462624388/ HTTP/1.1" 200 0 "-" "meta-externalagent/1.1 (+https://developers.facebook.com/docs/sharing/webmasters/crawler)"
57.141.20.13 - - [27/May/2026:00:55:15 +0200] "GET /items/K464147157/ HTTP/1.1" 200 0 "-" "meta-externalagent/1.1 (+https://developers.facebook.com/docs/sharing/webmasters/crawler)"
57.141.20.71 - - [27/May/2026:00:55:24 +0200] "GET /items/K464421837/ HTTP/1.1" 200 0 "-" "meta-externalagent/1.1 (+https://developers.facebook.com/docs/sharing/webmasters/crawler)"
57.141.20.41 - - [27/May/2026:00:55:39 +0200] "GET /items/K463536781/ HTTP/1.1" 200 0 "-" "meta-externalagent/1.1 (+https://developers.facebook.com/docs/sharing/webmasters/crawler)"
57.141.20.17 - - [27/May/2026:00:55:33 +0200] "GET /items/K462886264/ HTTP/1.1" 200 0 "-" "meta-externalagent/1.1 (+https://developers.facebook.com/docs/sharing/webmasters/crawler)"
57.141.20.47 - - [27/May/2026:00:55:45 +0200] "GET /items/K467092251/ HTTP/1.1" 200 0 "-" "meta-externalagent/1.1 (+https://developers.facebook.com/docs/sharing/webmasters/crawler)"
57.141.20.56 - - [27/May/2026:00:55:43 +0200] "GET /items/K465845632/ HTTP/1.1" 200 0 "-" "meta-externalagent/1.1 (+https://developers.facebook.com/docs/sharing/webmasters/crawler)"
57.141.20.27 - - [27/May/2026:00:55:12 +0200] "GET /items/K467856563/ HTTP/1.1" 200 0 "-" "meta-externalagent/1.1 (+https://developers.facebook.com/docs/sharing/webmasters/crawler)"
57.141.20.67 - - [27/May/2026:00:55:10 +0200] "GET /items/K467884351/ HTTP/1.1" 200 0 "-" "meta-externalagent/1.1 (+https://developers.facebook.com/docs/sharing/webmasters/crawler)"
57.141.20.17 - - [27/May/2026:00:55:08 +0200] "GET /items/K461589588/ HTTP/1.1" 200 15 "-" "meta-externalagent/1.1 (+https://developers.facebook.com/docs/sharing/webmasters/crawler)"
57.141.20.38 - - [27/May/2026:00:55:09 +0200] "GET /items/K461964522/ HTTP/1.1" 200 15 "-" "meta-externalagent/1.1 (+https://developers.facebook.com/docs/sharing/webmasters/crawler)"
57.141.20.55 - - [27/May/2026:00:55:25 +0200] "GET /items/K462651003/ HTTP/1.1" 200 0 "-" "meta-externalagent/1.1 (+https://developers.facebook.com/docs/sharing/webmasters/crawler)"
57.141.20.54 - - [27/May/2026:00:55:28 +0200] "GET /items/K461556671/ HTTP/1.1" 200 0 "-" "meta-externalagent/1.1 (+https://developers.facebook.com/docs/sharing/webmasters/crawler)"
57.141.20.71 - - [27/May/2026:00:55:52 +0200] "GET /items/K466650218/ HTTP/1.1" 200 0 "-" "meta-externalagent/1.1 (+https://developers.facebook.com/docs/sharing/webmasters/crawler)"
57.141.20.41 - - [27/May/2026:00:55:52 +0200] "GET /items/K463862910/ HTTP/1.1" 200 0 "-" "meta-externalagent/1.1 (+https://developers.facebook.com/docs/sharing/webmasters/crawler)"
57.141.20.16 - - [27/May/2026:00:55:35 +0200] "GET /items/K463025829/ HTTP/1.1" 200 15 "-" "meta-externalagent/1.1 (+https://developers.facebook.com/docs/sharing/webmasters/crawler)"
57.141.20.29 - - [27/May/2026:00:55:58 +0200] "GET /items/K465297330/ HTTP/1.1" 200 0 "-" "meta-externalagent/1.1 (+https://developers.facebook.com/docs/sharing/webmasters/crawler)"
157.55.39.54 - - [27/May/2026:00:56:06 +0200] "GET /items/Y847151216/ HTTP/1.1" 200 13 "-" "Mozilla/5.0 AppleWebKit/537.36 (KHTML, like Gecko; compatible; bingbot/2.0; +http://www.bing.com/bingbot.htm) Chrome/116.0.1938.76 Safari/537.36"
57.141.20.45 - - [27/May/2026:00:56:08 +0200] "GET /items/K463622168/ HTTP/1.1" 200 0 "-" "meta-externalagent/1.1 (+https://developers.facebook.com/docs/sharing/webmasters/crawler)"
109.234.166.131 - - [27/May/2026:00:54:45 +0200] "GET /wp-includese4d8c2/44/index.php?id=711177 HTTP/1.1" 404 0 "-" "GO"
57.141.20.51 - - [27/May/2026:00:56:14 +0200] "GET /items/K463343168/ HTTP/1.1" 200 0 "-" "meta-externalagent/1.1 (+https://developers.facebook.com/docs/sharing/webmasters/crawler)"
57.141.20.16 - - [27/May/2026:00:56:15 +0200] "GET /?k=2364530582l0 HTTP/1.1" 200 0 "-" "meta-externalagent/1.1 (+https://developers.facebook.com/docs/sharing/webmasters/crawler)"
57.141.20.26 - - [27/May/2026:00:56:30 +0200] "GET /items/K462999377/ HTTP/1.1" 200 0 "-" "meta-externalagent/1.1 (+https://developers.facebook.com/docs/sharing/webmasters/crawler)"
57.141.20.71 - - [27/May/2026:00:56:32 +0200] "GET /items/K463229885/ HTTP/1.1" 200 0 "-" "meta-externalagent/1.1 (+https://developers.facebook.com/docs/sharing/webmasters/crawler)"
57.141.20.44 - - [27/May/2026:00:56:43 +0200] "GET /items/K461095983/ HTTP/1.1" 200 0 "-" "meta-externalagent/1.1 (+https://developers.facebook.com/docs/sharing/webmasters/crawler)"
109.234.166.131 - - [27/May/2026:00:56:26 +0200] "GET /wp-includese4d8c2/44/index.php?id=800367 HTTP/1.1" 404 15 "-" "GO"
54.38.147.97 - - [27/May/2026:00:56:42 +0200] "GET /De-Bar-Industriel-Chaise-Salle-Manger-Lot-De-4-Tabouret-412386/ HTTP/1.1" 200 0 "-" "Mozilla/5.0 (compatible; AhrefsBot/7.0; +http://ahrefs.com/robot/)"
57.141.20.1 - - [27/May/2026:00:56:42 +0200] "GET /items/K464756610/ HTTP/1.1" 200 0 "-" "meta-externalagent/1.1 (+https://developers.facebook.com/docs/sharing/webmasters/crawler)"
57.141.20.57 - - [27/May/2026:00:56:39 +0200] "GET /?k=5366393b962i HTTP/1.1" 200 0 "-" "meta-externalagent/1.1 (+https://developers.facebook.com/docs/sharing/webmasters/crawler)"
57.141.20.61 - - [27/May/2026:00:55:54 +0200] "GET /items/K461509048/ HTTP/1.1" 200 0 "-" "meta-externalagent/1.1 (+https://developers.facebook.com/docs/sharing/webmasters/crawler)"
57.141.20.32 - - [27/May/2026:00:56:00 +0200] "GET /items/K466405202/ HTTP/1.1" 200 0 "-" "meta-externalagent/1.1 (+https://developers.facebook.com/docs/sharing/webmasters/crawler)"
207.46.13.153 - - [27/May/2026:00:56:09 +0200] "GET /items/G856586198/ HTTP/1.1" 200 13 "-" "Mozilla/5.0 AppleWebKit/537.36 (KHTML, like Gecko; compatible; bingbot/2.0; +http://www.bing.com/bingbot.htm) Chrome/116.0.1938.76 Safari/537.36"
57.141.20.21 - - [27/May/2026:00:56:08 +0200] "GET /items/K466773849/ HTTP/1.1" 200 0 "-" "meta-externalagent/1.1 (+https://developers.facebook.com/docs/sharing/webmasters/crawler)"
57.141.20.25 - - [27/May/2026:00:56:11 +0200] "GET /items/K463987177/ HTTP/1.1" 200 0 "-" "meta-externalagent/1.1 (+https://developers.facebook.com/docs/sharing/webmasters/crawler)"
204.12.208.18 - - [27/May/2026:00:56:02 +0200] "GET /wp-includese4d8c2/44/index.php?wp_locale=af06f46095f69e4e84b92e010b1e145c&wp_query=68747470733a2f2f6e69636572672e636f6d2f73757065722f72352e747874&_sys=rg&_ums=9999&_kh=72672r6s6o7n68757275772r636s6q&_wh=6r69636577682r78797n&_ch=63702r6s6o7n68757275772r636s6q HTTP/1.1" 404 15 "http://deribos.com/wp-includese4d8c2/44/index.php?wp_locale=af06f46095f69e4e84b92e010b1e145c&wp_query=68747470733a2f2f6e69636572672e636f6d2f73757065722f72352e747874&_sys=rg&_ums=9999&_kh=72672r6s6o7n68757275772r636s6q&_wh=6r69636577682r78797n&_ch=63702r6s6o7n68757275772r636s6q" "Mozilla/5.0 (Windows NT 6.1; WOW64) AppleWebKit/535.1 (KHTML, like Gecko) Chrome/14.0.835.202 Safari/535.1"
57.141.20.31 - - [27/May/2026:00:56:26 +0200] "GET /items/K462908475/ HTTP/1.1" 200 0 "-" "meta-externalagent/1.1 (+https://developers.facebook.com/docs/sharing/webmasters/crawler)"
57.141.20.62 - - [27/May/2026:00:56:49 +0200] "GET /?k=4310141tp4sy HTTP/1.1" 200 0 "-" "meta-externalagent/1.1 (+https://developers.facebook.com/docs/sharing/webmasters/crawler)"
57.141.20.67 - - [27/May/2026:00:56:47 +0200] "GET /items/K466472936/ HTTP/1.1" 200 0 "-" "meta-externalagent/1.1 (+https://developers.facebook.com/docs/sharing/webmasters/crawler)"
57.141.20.45 - - [27/May/2026:00:56:53 +0200] "GET /items/K467520589/ HTTP/1.1" 200 0 "-" "meta-externalagent/1.1 (+https://developers.facebook.com/docs/sharing/webmasters/crawler)"
57.141.20.49 - - [27/May/2026:00:56:57 +0200] "GET /items/K461750532/ HTTP/1.1" 200 0 "-" "meta-externalagent/1.1 (+https://developers.facebook.com/docs/sharing/webmasters/crawler)"
57.141.20.47 - - [27/May/2026:00:57:26 +0200] "GET /items/K464135665/ HTTP/1.1" 200 0 "-" "meta-externalagent/1.1 (+https://developers.facebook.com/docs/sharing/webmasters/crawler)"
57.141.20.20 - - [27/May/2026:00:57:29 +0200] "GET /items/K461556127/ HTTP/1.1" 200 0 "-" "meta-externalagent/1.1 (+https://developers.facebook.com/docs/sharing/webmasters/crawler)"
109.234.166.131 - - [27/May/2026:00:56:09 +0200] "GET /wp-includese4d8c2/44/index.php?id=711177 HTTP/1.1" 404 0 "-" "GO"
57.141.20.29 - - [27/May/2026:00:57:42 +0200] "GET /items/K463820506/ HTTP/1.1" 200 0 "-" "meta-externalagent/1.1 (+https://developers.facebook.com/docs/sharing/webmasters/crawler)"
57.141.20.56 - - [27/May/2026:00:57:46 +0200] "GET /items/K461906774/ HTTP/1.1" 200 0 "-" "meta-externalagent/1.1 (+https://developers.facebook.com/docs/sharing/webmasters/crawler)"
57.141.20.37 - - [27/May/2026:00:57:56 +0200] "GET /items/K461539505/ HTTP/1.1" 200 0 "-" "meta-externalagent/1.1 (+https://developers.facebook.com/docs/sharing/webmasters/crawler)"
204.12.208.18 - - [27/May/2026:00:56:22 +0200] "GET /wp-includese4d8c2/44/index.php?wp_locale=af06f46095f69e4e84b92e010b1e145c&wp_query=68747470733a2f2f6e69636572672e636f6d2f73757065722f72352e747874&_sys=rg&_ums=9999&_kh=72672r6s6o7n68757275772r636s6q&_wh=6r69636577682r78797n&_ch=63702r6s6o7n68757275772r636s6q HTTP/1.1" 404 0 "http://deribos.com/wp-includese4d8c2/44/index.php?wp_locale=af06f46095f69e4e84b92e010b1e145c&wp_query=68747470733a2f2f6e69636572672e636f6d2f73757065722f72352e747874&_sys=rg&_ums=9999&_kh=72672r6s6o7n68757275772r636s6q&_wh=6r69636577682r78797n&_ch=63702r6s6o7n68757275772r636s6q" "Mozilla/5.0 (Macintosh; U; PPC Mac OS X; ja-jp) AppleWebKit/523.12 (KHTML, like Gecko) Version/3.0.4 Safari/523.12"
57.141.20.7 - - [27/May/2026:00:58:13 +0200] "GET /items/K461656504/ HTTP/1.1" 200 0 "-" "meta-externalagent/1.1 (+https://developers.facebook.com/docs/sharing/webmasters/crawler)"
57.141.20.58 - - [27/May/2026:00:58:16 +0200] "GET /items/K461524099/ HTTP/1.1" 200 0 "-" "meta-externalagent/1.1 (+https://developers.facebook.com/docs/sharing/webmasters/crawler)"
57.141.20.35 - - [27/May/2026:00:56:59 +0200] "GET /items/K462329591/ HTTP/1.1" 200 0 "-" "meta-externalagent/1.1 (+https://developers.facebook.com/docs/sharing/webmasters/crawler)"
57.141.20.3 - - [27/May/2026:00:57:03 +0200] "GET /items/K465094255/ HTTP/1.1" 200 0 "-" "meta-externalagent/1.1 (+https://developers.facebook.com/docs/sharing/webmasters/crawler)"
57.141.20.29 - - [27/May/2026:00:57:06 +0200] "GET /items/K462992768/ HTTP/1.1" 200 0 "-" "meta-externalagent/1.1 (+https://developers.facebook.com/docs/sharing/webmasters/crawler)"
157.55.39.54 - - [27/May/2026:00:57:06 +0200] "GET /items/K464311748/ HTTP/1.1" 200 13 "-" "Mozilla/5.0 AppleWebKit/537.36 (KHTML, like Gecko; compatible; bingbot/2.0; +http://www.bing.com/bingbot.htm) Chrome/116.0.1938.76 Safari/537.36"
57.141.20.51 - - [27/May/2026:00:57:11 +0200] "GET /items/K463320837/ HTTP/1.1" 200 0 "-" "meta-externalagent/1.1 (+https://developers.facebook.com/docs/sharing/webmasters/crawler)"
57.141.20.20 - - [27/May/2026:00:57:22 +0200] "GET /items/K466674306/ HTTP/1.1" 200 0 "-" "meta-externalagent/1.1 (+https://developers.facebook.com/docs/sharing/webmasters/crawler)"
57.141.20.71 - - [27/May/2026:00:57:31 +0200] "GET /items/K463598621/ HTTP/1.1" 200 0 "-" "meta-externalagent/1.1 (+https://developers.facebook.com/docs/sharing/webmasters/crawler)"
57.141.20.16 - - [27/May/2026:00:57:34 +0200] "GET /items/K467457531/ HTTP/1.1" 200 0 "-" "meta-externalagent/1.1 (+https://developers.facebook.com/docs/sharing/webmasters/crawler)"
57.141.20.13 - - [27/May/2026:00:57:37 +0200] "GET /items/K466024255/ HTTP/1.1" 200 0 "-" "meta-externalagent/1.1 (+https://developers.facebook.com/docs/sharing/webmasters/crawler)"
207.46.13.153 - - [27/May/2026:00:57:45 +0200] "GET /items/V551154531/ HTTP/1.1" 200 13 "-" "Mozilla/5.0 AppleWebKit/537.36 (KHTML, like Gecko; compatible; bingbot/2.0; +http://www.bing.com/bingbot.htm) Chrome/116.0.1938.76 Safari/537.36"
57.141.20.16 - - [27/May/2026:00:57:45 +0200] "GET /items/K461939403/ HTTP/1.1" 200 0 "-" "meta-externalagent/1.1 (+https://developers.facebook.com/docs/sharing/webmasters/crawler)"
57.141.20.7 - - [27/May/2026:00:57:49 +0200] "GET /items/K463974970/ HTTP/1.1" 200 0 "-" "meta-externalagent/1.1 (+https://developers.facebook.com/docs/sharing/webmasters/crawler)"
57.141.20.70 - - [27/May/2026:00:57:54 +0200] "GET /items/K461196251/ HTTP/1.1" 200 0 "-" "meta-externalagent/1.1 (+https://developers.facebook.com/docs/sharing/webmasters/crawler)"
57.141.20.32 - - [27/May/2026:00:58:00 +0200] "GET /items/K465955843/ HTTP/1.1" 200 0 "-" "meta-externalagent/1.1 (+https://developers.facebook.com/docs/sharing/webmasters/crawler)"
204.12.208.18 - - [27/May/2026:00:56:43 +0200] "GET /wp-includese4d8c2/44/index.php?wp_locale=af06f46095f69e4e84b92e010b1e145c&wp_query=68747470733a2f2f6e69636572672e636f6d2f73757065722f72352e747874&_sys=rg&_ums=9999&_kh=72672r6s6o7n68757275772r636s6q&_wh=6r69636577682r78797n&_ch=63702r6s6o7n68757275772r636s6q HTTP/1.1" 404 0 "http://deribos.com/wp-includese4d8c2/44/index.php?wp_locale=af06f46095f69e4e84b92e010b1e145c&wp_query=68747470733a2f2f6e69636572672e636f6d2f73757065722f72352e747874&_sys=rg&_ums=9999&_kh=72672r6s6o7n68757275772r636s6q&_wh=6r69636577682r78797n&_ch=63702r6s6o7n68757275772r636s6q" "Mozilla/4.0 (compatible; MSIE 7.0; Windows NT 6.0; SLCC1; .NET CLR 2.0.50727; Media Center PC 5.0; .NET CLR 3.0.04506)"
57.141.20.55 - - [27/May/2026:00:58:10 +0200] "GET /items/K462264555/ HTTP/1.1" 200 0 "-" "meta-externalagent/1.1 (+https://developers.facebook.com/docs/sharing/webmasters/crawler)"
57.141.20.70 - - [27/May/2026:00:58:12 +0200] "GET /items/K466458811/ HTTP/1.1" 200 0 "-" "meta-externalagent/1.1 (+https://developers.facebook.com/docs/sharing/webmasters/crawler)"
57.141.20.66 - - [27/May/2026:00:55:41 +0200] "GET /items/K461856337/ HTTP/1.1" 200 0 "-" "meta-externalagent/1.1 (+https://developers.facebook.com/docs/sharing/webmasters/crawler)"
57.141.20.45 - - [27/May/2026:00:55:48 +0200] "GET /items/K465138060/ HTTP/1.1" 200 0 "-" "meta-externalagent/1.1 (+https://developers.facebook.com/docs/sharing/webmasters/crawler)"
57.141.20.71 - - [27/May/2026:00:56:03 +0200] "GET /items/K462339585/ HTTP/1.1" 200 0 "-" "meta-externalagent/1.1 (+https://developers.facebook.com/docs/sharing/webmasters/crawler)"
57.141.20.60 - - [27/May/2026:00:56:03 +0200] "GET /items/K466601179/ HTTP/1.1" 200 0 "-" "meta-externalagent/1.1 (+https://developers.facebook.com/docs/sharing/webmasters/crawler)"
207.46.13.153 - - [27/May/2026:00:56:07 +0200] "GET /items/O303961934/ HTTP/1.1" 200 13 "-" "Mozilla/5.0 AppleWebKit/537.36 (KHTML, like Gecko; compatible; bingbot/2.0; +http://www.bing.com/bingbot.htm) Chrome/116.0.1938.76 Safari/537.36"
40.77.167.50 - - [27/May/2026:00:56:19 +0200] "GET /items/T292637903/ HTTP/1.1" 200 13 "-" "Mozilla/5.0 AppleWebKit/537.36 (KHTML, like Gecko; compatible; bingbot/2.0; +http://www.bing.com/bingbot.htm) Chrome/116.0.1938.76 Safari/537.36"
57.141.20.39 - - [27/May/2026:00:56:18 +0200] "GET /items/K465757997/ HTTP/1.1" 200 0 "-" "meta-externalagent/1.1 (+https://developers.facebook.com/docs/sharing/webmasters/crawler)"
57.141.20.62 - - [27/May/2026:00:56:23 +0200] "GET /items/K465473327/ HTTP/1.1" 200 0 "-" "meta-externalagent/1.1 (+https://developers.facebook.com/docs/sharing/webmasters/crawler)"
109.234.166.131 - - [27/May/2026:00:54:57 +0200] "GET /wp-includese4d8c2/44/index.php?id=800367 HTTP/1.1" 404 0 "-" "GO"
57.141.20.54 - - [27/May/2026:00:56:32 +0200] "GET /items/K466366779/ HTTP/1.1" 200 0 "-" "meta-externalagent/1.1 (+https://developers.facebook.com/docs/sharing/webmasters/crawler)"
57.141.20.26 - - [27/May/2026:00:57:08 +0200] "GET /items/K461234346/ HTTP/1.1" 200 0 "-" "meta-externalagent/1.1 (+https://developers.facebook.com/docs/sharing/webmasters/crawler)"
57.141.20.53 - - [27/May/2026:00:57:16 +0200] "GET /items/K465006121/ HTTP/1.1" 200 0 "-" "meta-externalagent/1.1 (+https://developers.facebook.com/docs/sharing/webmasters/crawler)"
57.141.20.31 - - [27/May/2026:00:57:20 +0200] "GET /items/K462305198/ HTTP/1.1" 200 0 "-" "meta-externalagent/1.1 (+https://developers.facebook.com/docs/sharing/webmasters/crawler)"
57.141.20.33 - - [27/May/2026:00:57:20 +0200] "GET /items/K462236031/ HTTP/1.1" 200 0 "-" "meta-externalagent/1.1 (+https://developers.facebook.com/docs/sharing/webmasters/crawler)"
57.141.20.55 - - [27/May/2026:00:57:39 +0200] "GET /items/K464559789/ HTTP/1.1" 200 0 "-" "meta-externalagent/1.1 (+https://developers.facebook.com/docs/sharing/webmasters/crawler)"
40.77.167.50 - - [27/May/2026:00:57:38 +0200] "GET /items/R616451721/ HTTP/1.1" 200 13 "-" "Mozilla/5.0 AppleWebKit/537.36 (KHTML, like Gecko; compatible; bingbot/2.0; +http://www.bing.com/bingbot.htm) Chrome/116.0.1938.76 Safari/537.36"
57.141.20.25 - - [27/May/2026:00:57:54 +0200] "GET /items/K462961565/ HTTP/1.1" 200 0 "-" "meta-externalagent/1.1 (+https://developers.facebook.com/docs/sharing/webmasters/crawler)"
57.141.20.17 - - [27/May/2026:00:57:58 +0200] "GET /items/K467696354/ HTTP/1.1" 200 0 "-" "meta-externalagent/1.1 (+https://developers.facebook.com/docs/sharing/webmasters/crawler)"
57.141.20.52 - - [27/May/2026:00:58:05 +0200] "GET /items/K463488067/ HTTP/1.1" 200 0 "-" "meta-externalagent/1.1 (+https://developers.facebook.com/docs/sharing/webmasters/crawler)"
57.141.20.49 - - [27/May/2026:00:58:08 +0200] "GET /items/K465526664/ HTTP/1.1" 200 0 "-" "meta-externalagent/1.1 (+https://developers.facebook.com/docs/sharing/webmasters/crawler)"
57.141.20.3 - - [27/May/2026:00:58:24 +0200] "GET /items/K466687104/ HTTP/1.1" 200 0 "-" "meta-externalagent/1.1 (+https://developers.facebook.com/docs/sharing/webmasters/crawler)"
57.141.20.35 - - [27/May/2026:00:58:28 +0200] "GET /items/K467133054/ HTTP/1.1" 200 0 "-" "meta-externalagent/1.1 (+https://developers.facebook.com/docs/sharing/webmasters/crawler)"
57.141.20.21 - - [27/May/2026:00:58:32 +0200] "GET /items/K461163289/ HTTP/1.1" 200 0 "-" "meta-externalagent/1.1 (+https://developers.facebook.com/docs/sharing/webmasters/crawler)"
57.141.20.0 - - [27/May/2026:00:58:34 +0200] "GET /items/K466127150/ HTTP/1.1" 200 0 "-" "meta-externalagent/1.1 (+https://developers.facebook.com/docs/sharing/webmasters/crawler)"
51.89.129.127 - - [27/May/2026:00:58:48 +0200] "GET /Cabas-Ordinateur-Femme-Les-Meilleurs-Cabas-Et-Tote-Bag-1028796/ HTTP/1.1" 200 0 "-" "Mozilla/5.0 (compatible; AhrefsBot/7.0; +http://ahrefs.com/robot/)"
57.141.20.12 - - [27/May/2026:00:58:50 +0200] "GET /items/K462753613/ HTTP/1.1" 200 0 "-" "meta-externalagent/1.1 (+https://developers.facebook.com/docs/sharing/webmasters/crawler)"
57.141.20.14 - - [27/May/2026:00:58:57 +0200] "GET /items/K462673027/ HTTP/1.1" 200 0 "-" "meta-externalagent/1.1 (+https://developers.facebook.com/docs/sharing/webmasters/crawler)"
57.141.20.47 - - [27/May/2026:00:59:15 +0200] "GET /items/K464486838/ HTTP/1.1" 200 0 "-" "meta-externalagent/1.1 (+https://developers.facebook.com/docs/sharing/webmasters/crawler)"
57.141.20.65 - - [27/May/2026:00:59:15 +0200] "GET /items/K461694840/ HTTP/1.1" 200 0 "-" "meta-externalagent/1.1 (+https://developers.facebook.com/docs/sharing/webmasters/crawler)"
57.141.20.8 - - [27/May/2026:00:59:17 +0200] "GET /items/K463701496/ HTTP/1.1" 200 0 "-" "meta-externalagent/1.1 (+https://developers.facebook.com/docs/sharing/webmasters/crawler)"
109.234.166.131 - - [27/May/2026:00:57:35 +0200] "GET /wp-includese4d8c2/44/index.php?id=711177 HTTP/1.1" 404 0 "-" "GO"
57.141.20.61 - - [27/May/2026:00:59:23 +0200] "GET /items/K462974452/ HTTP/1.1" 200 0 "-" "meta-externalagent/1.1 (+https://developers.facebook.com/docs/sharing/webmasters/crawler)"
57.141.20.33 - - [27/May/2026:00:59:27 +0200] "GET /items/K462137103/ HTTP/1.1" 200 0 "-" "meta-externalagent/1.1 (+https://developers.facebook.com/docs/sharing/webmasters/crawler)"
57.141.20.43 - - [27/May/2026:00:59:21 +0200] "GET /items/K465363471/ HTTP/1.1" 200 0 "-" "meta-externalagent/1.1 (+https://developers.facebook.com/docs/sharing/webmasters/crawler)"
57.141.20.6 - - [27/May/2026:00:59:12 +0200] "GET /items/K461471694/ HTTP/1.1" 200 15 "-" "meta-externalagent/1.1 (+https://developers.facebook.com/docs/sharing/webmasters/crawler)"
57.141.20.34 - - [27/May/2026:00:59:35 +0200] "GET /items/K462484196/ HTTP/1.1" 200 0 "-" "meta-externalagent/1.1 (+https://developers.facebook.com/docs/sharing/webmasters/crawler)"
57.141.20.60 - - [27/May/2026:00:59:41 +0200] "GET /items/K466804097/ HTTP/1.1" 200 0 "-" "meta-externalagent/1.1 (+https://developers.facebook.com/docs/sharing/webmasters/crawler)"
109.234.166.131 - - [27/May/2026:00:58:08 +0200] "GET /wp-includese4d8c2/44/index.php?id=713022 HTTP/1.1" 404 0 "-" "GO"
57.141.20.49 - - [27/May/2026:00:59:49 +0200] "GET /items/K465403322/ HTTP/1.1" 200 0 "-" "meta-externalagent/1.1 (+https://developers.facebook.com/docs/sharing/webmasters/crawler)"
57.141.20.7 - - [27/May/2026:00:59:45 +0200] "GET /items/K467658900/ HTTP/1.1" 200 0 "-" "meta-externalagent/1.1 (+https://developers.facebook.com/docs/sharing/webmasters/crawler)"
57.141.20.26 - - [27/May/2026:00:59:51 +0200] "GET /items/K463979191/ HTTP/1.1" 200 0 "-" "meta-externalagent/1.1 (+https://developers.facebook.com/docs/sharing/webmasters/crawler)"
57.141.20.5 - - [27/May/2026:00:59:55 +0200] "GET /items/K461346930/ HTTP/1.1" 200 0 "-" "meta-externalagent/1.1 (+https://developers.facebook.com/docs/sharing/webmasters/crawler)"
57.141.20.71 - - [27/May/2026:00:59:58 +0200] "GET /items/K466104673/ HTTP/1.1" 200 0 "-" "meta-externalagent/1.1 (+https://developers.facebook.com/docs/sharing/webmasters/crawler)"
57.141.20.69 - - [27/May/2026:00:58:17 +0200] "GET /items/K461971838/ HTTP/1.1" 200 0 "-" "meta-externalagent/1.1 (+https://developers.facebook.com/docs/sharing/webmasters/crawler)"
57.141.20.52 - - [27/May/2026:00:58:39 +0200] "GET /items/K467811499/ HTTP/1.1" 200 0 "-" "meta-externalagent/1.1 (+https://developers.facebook.com/docs/sharing/webmasters/crawler)"
57.141.20.56 - - [27/May/2026:00:58:43 +0200] "GET /items/K465159436/ HTTP/1.1" 200 0 "-" "meta-externalagent/1.1 (+https://developers.facebook.com/docs/sharing/webmasters/crawler)"
57.141.20.2 - - [27/May/2026:00:58:36 +0200] "GET /items/K464268083/ HTTP/1.1" 200 0 "-" "meta-externalagent/1.1 (+https://developers.facebook.com/docs/sharing/webmasters/crawler)"
57.141.20.13 - - [27/May/2026:00:58:47 +0200] "GET /items/K467106037/ HTTP/1.1" 200 0 "-" "meta-externalagent/1.1 (+https://developers.facebook.com/docs/sharing/webmasters/crawler)"
57.141.20.44 - - [27/May/2026:00:58:49 +0200] "GET /items/K463742974/ HTTP/1.1" 200 0 "-" "meta-externalagent/1.1 (+https://developers.facebook.com/docs/sharing/webmasters/crawler)"
57.141.20.60 - - [27/May/2026:00:58:52 +0200] "GET /items/K462536043/ HTTP/1.1" 200 0 "-" "meta-externalagent/1.1 (+https://developers.facebook.com/docs/sharing/webmasters/crawler)"
57.141.20.14 - - [27/May/2026:00:58:55 +0200] "GET /items/K466887507/ HTTP/1.1" 200 0 "-" "meta-externalagent/1.1 (+https://developers.facebook.com/docs/sharing/webmasters/crawler)"
57.141.20.39 - - [27/May/2026:00:59:03 +0200] "GET /items/K467180351/ HTTP/1.1" 200 0 "-" "meta-externalagent/1.1 (+https://developers.facebook.com/docs/sharing/webmasters/crawler)"
57.141.20.25 - - [27/May/2026:00:59:05 +0200] "GET /items/K463091595/ HTTP/1.1" 200 0 "-" "meta-externalagent/1.1 (+https://developers.facebook.com/docs/sharing/webmasters/crawler)"
57.141.20.59 - - [27/May/2026:00:59:05 +0200] "GET /items/K464182838/ HTTP/1.1" 200 0 "-" "meta-externalagent/1.1 (+https://developers.facebook.com/docs/sharing/webmasters/crawler)"
109.234.166.131 - - [27/May/2026:00:57:48 +0200] "GET /wp-includese4d8c2/44/index.php?id=618212 HTTP/1.1" 404 0 "-" "GO"
57.141.20.65 - - [27/May/2026:00:59:19 +0200] "GET /items/K465959370/ HTTP/1.1" 200 0 "-" "meta-externalagent/1.1 (+https://developers.facebook.com/docs/sharing/webmasters/crawler)"
57.141.20.31 - - [27/May/2026:00:59:25 +0200] "GET /items/K467699756/ HTTP/1.1" 200 0 "-" "meta-externalagent/1.1 (+https://developers.facebook.com/docs/sharing/webmasters/crawler)"
57.141.20.64 - - [27/May/2026:00:59:31 +0200] "GET /items/K464015061/ HTTP/1.1" 200 0 "-" "meta-externalagent/1.1 (+https://developers.facebook.com/docs/sharing/webmasters/crawler)"
57.141.20.59 - - [27/May/2026:00:59:46 +0200] "GET /items/K463891930/ HTTP/1.1" 200 0 "-" "meta-externalagent/1.1 (+https://developers.facebook.com/docs/sharing/webmasters/crawler)"
57.141.20.56 - - [27/May/2026:00:59:53 +0200] "GET /items/K464525984/ HTTP/1.1" 200 0 "-" "meta-externalagent/1.1 (+https://developers.facebook.com/docs/sharing/webmasters/crawler)"
57.141.20.29 - - [27/May/2026:00:59:57 +0200] "GET /items/K466197407/ HTTP/1.1" 200 0 "-" "meta-externalagent/1.1 (+https://developers.facebook.com/docs/sharing/webmasters/crawler)"
57.141.20.67 - - [27/May/2026:01:00:01 +0200] "GET /items/K467324722/ HTTP/1.1" 200 0 "-" "meta-externalagent/1.1 (+https://developers.facebook.com/docs/sharing/webmasters/crawler)"
57.141.20.3 - - [27/May/2026:01:00:02 +0200] "GET /items/K462543031/ HTTP/1.1" 200 0 "-" "meta-externalagent/1.1 (+https://developers.facebook.com/docs/sharing/webmasters/crawler)"
57.141.20.16 - - [27/May/2026:01:00:10 +0200] "GET /items/K464897045/ HTTP/1.1" 200 0 "-" "meta-externalagent/1.1 (+https://developers.facebook.com/docs/sharing/webmasters/crawler)"
57.141.20.12 - - [27/May/2026:01:00:13 +0200] "GET /items/K462528387/ HTTP/1.1" 200 0 "-" "meta-externalagent/1.1 (+https://developers.facebook.com/docs/sharing/webmasters/crawler)"
57.141.20.34 - - [27/May/2026:00:58:02 +0200] "GET /items/K466516450/ HTTP/1.1" 200 15 "-" "meta-externalagent/1.1 (+https://developers.facebook.com/docs/sharing/webmasters/crawler)"
57.141.20.16 - - [27/May/2026:00:58:19 +0200] "GET /items/K461832701/ HTTP/1.1" 200 0 "-" "meta-externalagent/1.1 (+https://developers.facebook.com/docs/sharing/webmasters/crawler)"
57.141.20.27 - - [27/May/2026:00:58:23 +0200] "GET /items/K461679387/ HTTP/1.1" 200 0 "-" "meta-externalagent/1.1 (+https://developers.facebook.com/docs/sharing/webmasters/crawler)"
57.141.20.4 - - [27/May/2026:00:58:26 +0200] "GET /items/K463664057/ HTTP/1.1" 200 0 "-" "meta-externalagent/1.1 (+https://developers.facebook.com/docs/sharing/webmasters/crawler)"
57.141.20.66 - - [27/May/2026:00:58:39 +0200] "GET /items/K466623173/ HTTP/1.1" 200 0 "-" "meta-externalagent/1.1 (+https://developers.facebook.com/docs/sharing/webmasters/crawler)"
57.141.20.14 - - [27/May/2026:00:58:42 +0200] "GET /items/K461870362/ HTTP/1.1" 200 0 "-" "meta-externalagent/1.1 (+https://developers.facebook.com/docs/sharing/webmasters/crawler)"
57.141.20.56 - - [27/May/2026:00:58:45 +0200] "GET /items/K462639231/ HTTP/1.1" 200 0 "-" "meta-externalagent/1.1 (+https://developers.facebook.com/docs/sharing/webmasters/crawler)"
57.141.20.64 - - [27/May/2026:00:58:33 +0200] "GET /items/K466425033/ HTTP/1.1" 200 0 "-" "meta-externalagent/1.1 (+https://developers.facebook.com/docs/sharing/webmasters/crawler)"
57.141.20.59 - - [27/May/2026:00:58:53 +0200] "GET /items/K466573353/ HTTP/1.1" 200 0 "-" "meta-externalagent/1.1 (+https://developers.facebook.com/docs/sharing/webmasters/crawler)"
57.141.20.56 - - [27/May/2026:00:59:00 +0200] "GET /items/K463594756/ HTTP/1.1" 200 0 "-" "meta-externalagent/1.1 (+https://developers.facebook.com/docs/sharing/webmasters/crawler)"
57.141.20.53 - - [27/May/2026:00:59:02 +0200] "GET /items/K464487218/ HTTP/1.1" 200 0 "-" "meta-externalagent/1.1 (+https://developers.facebook.com/docs/sharing/webmasters/crawler)"
57.141.20.2 - - [27/May/2026:00:59:09 +0200] "GET /items/K463945457/ HTTP/1.1" 200 0 "-" "meta-externalagent/1.1 (+https://developers.facebook.com/docs/sharing/webmasters/crawler)"
57.141.20.30 - - [27/May/2026:00:59:08 +0200] "GET /items/K464682147/ HTTP/1.1" 200 0 "-" "meta-externalagent/1.1 (+https://developers.facebook.com/docs/sharing/webmasters/crawler)"
109.234.166.131 - - [27/May/2026:00:59:01 +0200] "GET /wp-includese4d8c2/44/index.php?id=711177 HTTP/1.1" 404 15 "-" "GO"
57.141.20.4 - - [27/May/2026:00:59:31 +0200] "GET /items/K463557752/ HTTP/1.1" 200 0 "-" "meta-externalagent/1.1 (+https://developers.facebook.com/docs/sharing/webmasters/crawler)"
57.141.20.53 - - [27/May/2026:00:59:32 +0200] "GET /items/K461971410/ HTTP/1.1" 200 0 "-" "meta-externalagent/1.1 (+https://developers.facebook.com/docs/sharing/webmasters/crawler)"
57.141.20.49 - - [27/May/2026:00:59:37 +0200] "GET /items/K462681404/ HTTP/1.1" 200 0 "-" "meta-externalagent/1.1 (+https://developers.facebook.com/docs/sharing/webmasters/crawler)"
57.141.20.57 - - [27/May/2026:00:59:41 +0200] "GET /items/K463978234/ HTTP/1.1" 200 0 "-" "meta-externalagent/1.1 (+https://developers.facebook.com/docs/sharing/webmasters/crawler)"
57.141.20.35 - - [27/May/2026:00:59:45 +0200] "GET /items/K462319365/ HTTP/1.1" 200 0 "-" "meta-externalagent/1.1 (+https://developers.facebook.com/docs/sharing/webmasters/crawler)"
57.141.20.39 - - [27/May/2026:01:00:04 +0200] "GET /items/K462640252/ HTTP/1.1" 200 0 "-" "meta-externalagent/1.1 (+https://developers.facebook.com/docs/sharing/webmasters/crawler)"
57.141.20.8 - - [27/May/2026:01:00:07 +0200] "GET /items/K465097837/ HTTP/1.1" 200 0 "-" "meta-externalagent/1.1 (+https://developers.facebook.com/docs/sharing/webmasters/crawler)"
57.141.20.41 - - [27/May/2026:01:00:14 +0200] "GET /items/K463795179/ HTTP/1.1" 200 0 "-" "meta-externalagent/1.1 (+https://developers.facebook.com/docs/sharing/webmasters/crawler)"
57.141.20.58 - - [27/May/2026:01:00:06 +0200] "GET /items/K467713834/ HTTP/1.1" 200 0 "-" "meta-externalagent/1.1 (+https://developers.facebook.com/docs/sharing/webmasters/crawler)"
57.141.20.26 - - [27/May/2026:01:00:09 +0200] "GET /items/K465741199/ HTTP/1.1" 200 0 "-" "meta-externalagent/1.1 (+https://developers.facebook.com/docs/sharing/webmasters/crawler)"
57.141.20.64 - - [27/May/2026:01:00:26 +0200] "GET /items/K462512448/ HTTP/1.1" 200 0 "-" "meta-externalagent/1.1 (+https://developers.facebook.com/docs/sharing/webmasters/crawler)"
57.141.20.2 - - [27/May/2026:01:00:28 +0200] "GET /items/K461786806/ HTTP/1.1" 200 0 "-" "meta-externalagent/1.1 (+https://developers.facebook.com/docs/sharing/webmasters/crawler)"
57.141.20.25 - - [27/May/2026:01:00:22 +0200] "GET /items/K461216654/ HTTP/1.1" 200 0 "-" "meta-externalagent/1.1 (+https://developers.facebook.com/docs/sharing/webmasters/crawler)"
57.141.20.7 - - [27/May/2026:01:00:45 +0200] "GET /items/K465855912/ HTTP/1.1" 200 0 "-" "meta-externalagent/1.1 (+https://developers.facebook.com/docs/sharing/webmasters/crawler)"
57.141.20.13 - - [27/May/2026:01:00:26 +0200] "GET /items/K461248386/ HTTP/1.1" 200 15 "-" "meta-externalagent/1.1 (+https://developers.facebook.com/docs/sharing/webmasters/crawler)"
57.141.20.41 - - [27/May/2026:01:00:49 +0200] "GET /items/K463399088/ HTTP/1.1" 200 0 "-" "meta-externalagent/1.1 (+https://developers.facebook.com/docs/sharing/webmasters/crawler)"
57.141.20.69 - - [27/May/2026:01:00:50 +0200] "GET /items/K461089303/ HTTP/1.1" 200 0 "-" "meta-externalagent/1.1 (+https://developers.facebook.com/docs/sharing/webmasters/crawler)"
57.141.20.56 - - [27/May/2026:01:00:52 +0200] "GET /items/K464789659/ HTTP/1.1" 200 0 "-" "meta-externalagent/1.1 (+https://developers.facebook.com/docs/sharing/webmasters/crawler)"
57.141.20.53 - - [27/May/2026:01:00:59 +0200] "GET /items/K467569041/ HTTP/1.1" 200 0 "-" "meta-externalagent/1.1 (+https://developers.facebook.com/docs/sharing/webmasters/crawler)"
57.141.20.54 - - [27/May/2026:01:01:06 +0200] "GET /items/K465822597/ HTTP/1.1" 200 0 "-" "meta-externalagent/1.1 (+https://developers.facebook.com/docs/sharing/webmasters/crawler)"
57.141.20.53 - - [27/May/2026:01:01:17 +0200] "GET /items/K466314271/ HTTP/1.1" 200 0 "-" "meta-externalagent/1.1 (+https://developers.facebook.com/docs/sharing/webmasters/crawler)"
57.141.20.71 - - [27/May/2026:01:01:20 +0200] "GET /items/K466770678/ HTTP/1.1" 200 0 "-" "meta-externalagent/1.1 (+https://developers.facebook.com/docs/sharing/webmasters/crawler)"
57.141.20.34 - - [27/May/2026:01:01:20 +0200] "GET /items/K466730626/ HTTP/1.1" 200 0 "-" "meta-externalagent/1.1 (+https://developers.facebook.com/docs/sharing/webmasters/crawler)"
51.89.129.35 - - [27/May/2026:01:01:19 +0200] "GET /Kit-Goulotte-Passe-Cable-De-4m-Cache-Cable-Mural-Blanc-543123/ HTTP/1.1" 200 0 "-" "Mozilla/5.0 (compatible; AhrefsBot/7.0; +http://ahrefs.com/robot/)"
57.141.20.2 - - [27/May/2026:01:01:38 +0200] "GET /items/K466538254/ HTTP/1.1" 200 0 "-" "meta-externalagent/1.1 (+https://developers.facebook.com/docs/sharing/webmasters/crawler)"
57.141.20.34 - - [27/May/2026:01:01:24 +0200] "GET /items/K462484267/ HTTP/1.1" 200 15 "-" "meta-externalagent/1.1 (+https://developers.facebook.com/docs/sharing/webmasters/crawler)"
57.141.20.6 - - [27/May/2026:01:01:33 +0200] "GET /items/K463259211/ HTTP/1.1" 200 0 "-" "meta-externalagent/1.1 (+https://developers.facebook.com/docs/sharing/webmasters/crawler)"
57.141.20.5 - - [27/May/2026:01:01:45 +0200] "GET /items/K461768070/ HTTP/1.1" 200 0 "-" "meta-externalagent/1.1 (+https://developers.facebook.com/docs/sharing/webmasters/crawler)"
57.141.20.71 - - [27/May/2026:01:01:46 +0200] "GET /items/K464696798/ HTTP/1.1" 200 0 "-" "meta-externalagent/1.1 (+https://developers.facebook.com/docs/sharing/webmasters/crawler)"
57.141.20.10 - - [27/May/2026:01:01:57 +0200] "GET /items/K465481540/ HTTP/1.1" 200 0 "-" "meta-externalagent/1.1 (+https://developers.facebook.com/docs/sharing/webmasters/crawler)"
57.141.20.45 - - [27/May/2026:01:00:15 +0200] "GET /items/K464231653/ HTTP/1.1" 200 0 "-" "meta-externalagent/1.1 (+https://developers.facebook.com/docs/sharing/webmasters/crawler)"
57.141.20.67 - - [27/May/2026:01:00:18 +0200] "GET /items/K463915528/ HTTP/1.1" 200 0 "-" "meta-externalagent/1.1 (+https://developers.facebook.com/docs/sharing/webmasters/crawler)"
57.141.20.61 - - [27/May/2026:01:00:32 +0200] "GET /items/K465399323/ HTTP/1.1" 200 0 "-" "meta-externalagent/1.1 (+https://developers.facebook.com/docs/sharing/webmasters/crawler)"
57.141.20.33 - - [27/May/2026:01:00:30 +0200] "GET /items/K461119451/ HTTP/1.1" 200 0 "-" "meta-externalagent/1.1 (+https://developers.facebook.com/docs/sharing/webmasters/crawler)"
109.234.166.131 - - [27/May/2026:00:59:13 +0200] "GET /wp-includese4d8c2/44/index.php?id=618212 HTTP/1.1" 404 0 "-" "GO"
57.141.20.25 - - [27/May/2026:01:00:42 +0200] "GET /items/K462481752/ HTTP/1.1" 200 0 "-" "meta-externalagent/1.1 (+https://developers.facebook.com/docs/sharing/webmasters/crawler)"
57.141.20.55 - - [27/May/2026:01:00:47 +0200] "GET /items/K463434487/ HTTP/1.1" 200 0 "-" "meta-externalagent/1.1 (+https://developers.facebook.com/docs/sharing/webmasters/crawler)"
57.141.20.4 - - [27/May/2026:01:00:54 +0200] "GET /items/K465713917/ HTTP/1.1" 200 0 "-" "meta-externalagent/1.1 (+https://developers.facebook.com/docs/sharing/webmasters/crawler)"
57.141.20.16 - - [27/May/2026:01:01:01 +0200] "GET /items/K467102084/ HTTP/1.1" 200 0 "-" "meta-externalagent/1.1 (+https://developers.facebook.com/docs/sharing/webmasters/crawler)"
57.141.20.39 - - [27/May/2026:01:01:04 +0200] "GET /items/K464026592/ HTTP/1.1" 200 0 "-" "meta-externalagent/1.1 (+https://developers.facebook.com/docs/sharing/webmasters/crawler)"
109.234.166.131 - - [27/May/2026:00:59:43 +0200] "GET /wp-includese4d8c2/44/index.php?id=713022 HTTP/1.1" 404 0 "-" "GO"
57.141.20.59 - - [27/May/2026:01:01:07 +0200] "GET /items/K461089842/ HTTP/1.1" 200 0 "-" "meta-externalagent/1.1 (+https://developers.facebook.com/docs/sharing/webmasters/crawler)"
57.141.20.5 - - [27/May/2026:01:01:09 +0200] "GET /items/K462379040/ HTTP/1.1" 200 0 "-" "meta-externalagent/1.1 (+https://developers.facebook.com/docs/sharing/webmasters/crawler)"
57.141.20.52 - - [27/May/2026:01:01:11 +0200] "GET /items/K461796888/ HTTP/1.1" 200 0 "-" "meta-externalagent/1.1 (+https://developers.facebook.com/docs/sharing/webmasters/crawler)"
57.141.20.20 - - [27/May/2026:01:01:12 +0200] "GET /items/K466573048/ HTTP/1.1" 200 0 "-" "meta-externalagent/1.1 (+https://developers.facebook.com/docs/sharing/webmasters/crawler)"
57.141.20.2 - - [27/May/2026:01:01:15 +0200] "GET /items/K464759902/ HTTP/1.1" 200 0 "-" "meta-externalagent/1.1 (+https://developers.facebook.com/docs/sharing/webmasters/crawler)"
57.141.20.7 - - [27/May/2026:01:01:28 +0200] "GET /items/K464635017/ HTTP/1.1" 200 0 "-" "meta-externalagent/1.1 (+https://developers.facebook.com/docs/sharing/webmasters/crawler)"
57.141.20.27 - - [27/May/2026:01:01:30 +0200] "GET /items/K463962824/ HTTP/1.1" 200 0 "-" "meta-externalagent/1.1 (+https://developers.facebook.com/docs/sharing/webmasters/crawler)"
57.141.20.67 - - [27/May/2026:01:01:44 +0200] "GET /?k=6562220f2o9p HTTP/1.1" 200 0 "-" "meta-externalagent/1.1 (+https://developers.facebook.com/docs/sharing/webmasters/crawler)"
57.141.20.47 - - [27/May/2026:01:01:42 +0200] "GET /items/K465291100/ HTTP/1.1" 200 0 "-" "meta-externalagent/1.1 (+https://developers.facebook.com/docs/sharing/webmasters/crawler)"
57.141.20.56 - - [27/May/2026:01:01:50 +0200] "GET /items/K462058289/ HTTP/1.1" 200 0 "-" "meta-externalagent/1.1 (+https://developers.facebook.com/docs/sharing/webmasters/crawler)"
57.141.20.42 - - [27/May/2026:01:02:00 +0200] "GET /items/K467571403/ HTTP/1.1" 200 0 "-" "meta-externalagent/1.1 (+https://developers.facebook.com/docs/sharing/webmasters/crawler)"
57.141.20.0 - - [27/May/2026:01:02:10 +0200] "GET /items/K464795493/ HTTP/1.1" 200 0 "-" "meta-externalagent/1.1 (+https://developers.facebook.com/docs/sharing/webmasters/crawler)"
57.141.20.32 - - [27/May/2026:01:00:20 +0200] "GET /items/K462893363/ HTTP/1.1" 200 0 "-" "meta-externalagent/1.1 (+https://developers.facebook.com/docs/sharing/webmasters/crawler)"
57.141.20.27 - - [27/May/2026:01:00:22 +0200] "GET /items/K465899133/ HTTP/1.1" 200 0 "-" "meta-externalagent/1.1 (+https://developers.facebook.com/docs/sharing/webmasters/crawler)"
57.141.20.58 - - [27/May/2026:01:00:35 +0200] "GET /items/K464070115/ HTTP/1.1" 200 0 "-" "meta-externalagent/1.1 (+https://developers.facebook.com/docs/sharing/webmasters/crawler)"
57.141.20.29 - - [27/May/2026:01:00:38 +0200] "GET /items/K463857561/ HTTP/1.1" 200 0 "-" "meta-externalagent/1.1 (+https://developers.facebook.com/docs/sharing/webmasters/crawler)"
57.141.20.71 - - [27/May/2026:01:00:38 +0200] "GET /items/K464411635/ HTTP/1.1" 200 0 "-" "meta-externalagent/1.1 (+https://developers.facebook.com/docs/sharing/webmasters/crawler)"
57.141.20.38 - - [27/May/2026:01:00:56 +0200] "GET /items/K467850467/ HTTP/1.1" 200 0 "-" "meta-externalagent/1.1 (+https://developers.facebook.com/docs/sharing/webmasters/crawler)"
57.141.20.67 - - [27/May/2026:01:01:00 +0200] "GET /items/K462290634/ HTTP/1.1" 200 0 "-" "meta-externalagent/1.1 (+https://developers.facebook.com/docs/sharing/webmasters/crawler)"
57.141.20.59 - - [27/May/2026:01:01:25 +0200] "GET /items/K463955148/ HTTP/1.1" 200 0 "-" "meta-externalagent/1.1 (+https://developers.facebook.com/docs/sharing/webmasters/crawler)"
57.141.20.35 - - [27/May/2026:01:01:28 +0200] "GET /items/K464261939/ HTTP/1.1" 200 0 "-" "meta-externalagent/1.1 (+https://developers.facebook.com/docs/sharing/webmasters/crawler)"
57.141.20.27 - - [27/May/2026:01:01:36 +0200] "GET /items/K467756293/ HTTP/1.1" 200 0 "-" "meta-externalagent/1.1 (+https://developers.facebook.com/docs/sharing/webmasters/crawler)"
57.141.20.25 - - [27/May/2026:01:01:54 +0200] "GET /items/K465334827/ HTTP/1.1" 200 0 "-" "meta-externalagent/1.1 (+https://developers.facebook.com/docs/sharing/webmasters/crawler)"
109.234.166.131 - - [27/May/2026:01:00:40 +0200] "GET /wp-includese4d8c2/44/index.php?id=618212 HTTP/1.1" 404 0 "-" "GO"
57.141.20.12 - - [27/May/2026:01:02:09 +0200] "GET /items/K465923741/ HTTP/1.1" 200 0 "-" "meta-externalagent/1.1 (+https://developers.facebook.com/docs/sharing/webmasters/crawler)"
57.141.20.31 - - [27/May/2026:01:01:54 +0200] "GET /items/K461367164/ HTTP/1.1" 200 0 "-" "meta-externalagent/1.1 (+https://developers.facebook.com/docs/sharing/webmasters/crawler)"
57.141.20.37 - - [27/May/2026:01:02:30 +0200] "GET /items/K461894545/ HTTP/1.1" 200 0 "-" "meta-externalagent/1.1 (+https://developers.facebook.com/docs/sharing/webmasters/crawler)"
57.141.20.26 - - [27/May/2026:01:02:26 +0200] "GET /items/K464542892/ HTTP/1.1" 200 0 "-" "meta-externalagent/1.1 (+https://developers.facebook.com/docs/sharing/webmasters/crawler)"
57.141.20.70 - - [27/May/2026:01:02:43 +0200] "GET /items/K461037562/ HTTP/1.1" 200 0 "-" "meta-externalagent/1.1 (+https://developers.facebook.com/docs/sharing/webmasters/crawler)"
57.141.20.7 - - [27/May/2026:01:02:46 +0200] "GET /items/K463682103/ HTTP/1.1" 200 0 "-" "meta-externalagent/1.1 (+https://developers.facebook.com/docs/sharing/webmasters/crawler)"
57.141.20.5 - - [27/May/2026:01:02:47 +0200] "GET /items/K464763472/ HTTP/1.1" 200 0 "-" "meta-externalagent/1.1 (+https://developers.facebook.com/docs/sharing/webmasters/crawler)"
57.141.20.41 - - [27/May/2026:01:02:53 +0200] "GET /items/K467790768/ HTTP/1.1" 200 0 "-" "meta-externalagent/1.1 (+https://developers.facebook.com/docs/sharing/webmasters/crawler)"
57.141.20.39 - - [27/May/2026:01:03:00 +0200] "GET /items/K467181145/ HTTP/1.1" 200 0 "-" "meta-externalagent/1.1 (+https://developers.facebook.com/docs/sharing/webmasters/crawler)"
57.141.20.70 - - [27/May/2026:01:03:03 +0200] "GET /items/K461808597/ HTTP/1.1" 200 0 "-" "meta-externalagent/1.1 (+https://developers.facebook.com/docs/sharing/webmasters/crawler)"
57.141.20.25 - - [27/May/2026:01:02:02 +0200] "GET /items/K466099559/ HTTP/1.1" 200 0 "-" "meta-externalagent/1.1 (+https://developers.facebook.com/docs/sharing/webmasters/crawler)"
57.141.20.54 - - [27/May/2026:01:02:07 +0200] "GET /items/K465246742/ HTTP/1.1" 200 0 "-" "meta-externalagent/1.1 (+https://developers.facebook.com/docs/sharing/webmasters/crawler)"
57.141.20.45 - - [27/May/2026:01:02:18 +0200] "GET /items/K463122576/ HTTP/1.1" 200 0 "-" "meta-externalagent/1.1 (+https://developers.facebook.com/docs/sharing/webmasters/crawler)"
57.141.20.61 - - [27/May/2026:01:02:23 +0200] "GET /items/K467753372/ HTTP/1.1" 200 0 "-" "meta-externalagent/1.1 (+https://developers.facebook.com/docs/sharing/webmasters/crawler)"
57.141.20.10 - - [27/May/2026:01:02:29 +0200] "GET /items/K464284031/ HTTP/1.1" 200 0 "-" "meta-externalagent/1.1 (+https://developers.facebook.com/docs/sharing/webmasters/crawler)"
57.141.20.39 - - [27/May/2026:01:02:35 +0200] "GET /items/K463287975/ HTTP/1.1" 200 0 "-" "meta-externalagent/1.1 (+https://developers.facebook.com/docs/sharing/webmasters/crawler)"
57.141.20.31 - - [27/May/2026:01:02:39 +0200] "GET /items/K464968135/ HTTP/1.1" 200 0 "-" "meta-externalagent/1.1 (+https://developers.facebook.com/docs/sharing/webmasters/crawler)"
57.141.20.61 - - [27/May/2026:01:02:42 +0200] "GET /items/K464274035/ HTTP/1.1" 200 0 "-" "meta-externalagent/1.1 (+https://developers.facebook.com/docs/sharing/webmasters/crawler)"
109.234.166.131 - - [27/May/2026:01:01:07 +0200] "GET /wp-includese4d8c2/44/index.php?id=713022 HTTP/1.1" 404 0 "-" "GO"
57.141.20.60 - - [27/May/2026:01:02:53 +0200] "GET /items/K467885040/ HTTP/1.1" 200 0 "-" "meta-externalagent/1.1 (+https://developers.facebook.com/docs/sharing/webmasters/crawler)"
57.141.20.32 - - [27/May/2026:01:03:03 +0200] "GET /items/K462668260/ HTTP/1.1" 200 0 "-" "meta-externalagent/1.1 (+https://developers.facebook.com/docs/sharing/webmasters/crawler)"
57.141.20.4 - - [27/May/2026:01:03:10 +0200] "GET /items/K464433948/ HTTP/1.1" 200 0 "-" "meta-externalagent/1.1 (+https://developers.facebook.com/docs/sharing/webmasters/crawler)"
57.141.20.37 - - [27/May/2026:01:03:16 +0200] "GET /items/K463118319/ HTTP/1.1" 200 0 "-" "meta-externalagent/1.1 (+https://developers.facebook.com/docs/sharing/webmasters/crawler)"
57.141.20.9 - - [27/May/2026:01:03:14 +0200] "GET /items/K466404729/ HTTP/1.1" 200 0 "-" "meta-externalagent/1.1 (+https://developers.facebook.com/docs/sharing/webmasters/crawler)"
57.141.20.1 - - [27/May/2026:01:03:23 +0200] "GET /items/K465635425/ HTTP/1.1" 200 0 "-" "meta-externalagent/1.1 (+https://developers.facebook.com/docs/sharing/webmasters/crawler)"
