57.141.20.16 - - [27/May/2026:12:02:48 +0200] "GET /inoffnku.xml HTTP/1.1" 200 0 "-" "meta-externalagent/1.1 (+https://developers.facebook.com/docs/sharing/webmasters/crawler)"
57.141.20.37 - - [27/May/2026:12:03:07 +0200] "GET /items/K462285652/ HTTP/1.1" 200 0 "-" "meta-externalagent/1.1 (+https://developers.facebook.com/docs/sharing/webmasters/crawler)"
157.55.39.192 - - [27/May/2026:12:03:20 +0200] "GET /items/F312633813/ HTTP/1.1" 200 13 "-" "Mozilla/5.0 AppleWebKit/537.36 (KHTML, like Gecko; compatible; bingbot/2.0; +http://www.bing.com/bingbot.htm) Chrome/116.0.1938.76 Safari/537.36"
52.167.144.161 - - [27/May/2026:12:03:27 +0200] "GET /40cm-ONF-Bois-B-che-Sud-Alsace-Distributeur-De-987255/ HTTP/1.1" 200 13 "-" "Mozilla/5.0 AppleWebKit/537.36 (KHTML, like Gecko; compatible; bingbot/2.0; +http://www.bing.com/bingbot.htm) Chrome/116.0.1938.76 Safari/537.36"
57.141.20.34 - - [27/May/2026:12:03:56 +0200] "GET /items/K464952894/ HTTP/1.1" 200 0 "-" "meta-externalagent/1.1 (+https://developers.facebook.com/docs/sharing/webmasters/crawler)"
141.98.11.79 - - [27/May/2026:12:04:07 +0200] "GET / HTTP/1.1" 200 0 "-" "python-requests/2.32.5"
40.77.167.28 - - [27/May/2026:12:04:24 +0200] "GET /items/R845507199/ HTTP/1.1" 200 13 "-" "Mozilla/5.0 AppleWebKit/537.36 (KHTML, like Gecko; compatible; bingbot/2.0; +http://www.bing.com/bingbot.htm) Chrome/116.0.1938.76 Safari/537.36"
207.46.13.7 - - [27/May/2026:12:04:44 +0200] "GET /items/Y253209627/ HTTP/1.1" 200 13 "-" "Mozilla/5.0 AppleWebKit/537.36 (KHTML, like Gecko; compatible; bingbot/2.0; +http://www.bing.com/bingbot.htm) Chrome/116.0.1938.76 Safari/537.36"
207.46.13.7 - - [27/May/2026:12:04:48 +0200] "GET /items/Y147451899/ HTTP/1.1" 200 13 "-" "Mozilla/5.0 AppleWebKit/537.36 (KHTML, like Gecko; compatible; bingbot/2.0; +http://www.bing.com/bingbot.htm) Chrome/116.0.1938.76 Safari/537.36"
57.141.20.35 - - [27/May/2026:12:04:58 +0200] "GET /items/K462213599/ HTTP/1.1" 200 0 "-" "meta-externalagent/1.1 (+https://developers.facebook.com/docs/sharing/webmasters/crawler)"
57.141.20.57 - - [27/May/2026:12:08:05 +0200] "GET /items/K462251107/ HTTP/1.1" 200 0 "-" "meta-externalagent/1.1 (+https://developers.facebook.com/docs/sharing/webmasters/crawler)"
57.141.20.49 - - [27/May/2026:12:08:13 +0200] "GET /preceptuallyfpg.xml HTTP/1.1" 200 0 "-" "meta-externalagent/1.1 (+https://developers.facebook.com/docs/sharing/webmasters/crawler)"
57.141.20.55 - - [27/May/2026:12:08:18 +0200] "GET /items/K462475707/ HTTP/1.1" 200 0 "-" "meta-externalagent/1.1 (+https://developers.facebook.com/docs/sharing/webmasters/crawler)"
207.46.13.14 - - [27/May/2026:12:08:20 +0200] "GET /items/N697384715/ HTTP/1.1" 200 13 "-" "Mozilla/5.0 AppleWebKit/537.36 (KHTML, like Gecko; compatible; bingbot/2.0; +http://www.bing.com/bingbot.htm) Chrome/116.0.1938.76 Safari/537.36"
57.141.20.67 - - [27/May/2026:12:03:42 +0200] "GET /muttonheadednessvqt.xml HTTP/1.1" 200 0 "-" "meta-externalagent/1.1 (+https://developers.facebook.com/docs/sharing/webmasters/crawler)"
57.141.20.53 - - [27/May/2026:12:03:54 +0200] "GET /fencefulhdb.xml HTTP/1.1" 200 0 "-" "meta-externalagent/1.1 (+https://developers.facebook.com/docs/sharing/webmasters/crawler)"
109.234.166.131 - - [27/May/2026:12:02:40 +0200] "GET /wp-includese4d8c2/44/index.php?id=578268 HTTP/1.1" 404 0 "-" "GO"
57.141.20.59 - - [27/May/2026:12:05:49 +0200] "GET /norseledohn.xml HTTP/1.1" 200 0 "-" "meta-externalagent/1.1 (+https://developers.facebook.com/docs/sharing/webmasters/crawler)"
57.141.20.17 - - [27/May/2026:12:05:59 +0200] "GET /skittlessfv.xml HTTP/1.1" 200 0 "-" "meta-externalagent/1.1 (+https://developers.facebook.com/docs/sharing/webmasters/crawler)"
57.141.20.21 - - [27/May/2026:12:06:03 +0200] "GET /items/K461264270/ HTTP/1.1" 200 0 "-" "meta-externalagent/1.1 (+https://developers.facebook.com/docs/sharing/webmasters/crawler)"
57.141.20.4 - - [27/May/2026:12:06:06 +0200] "GET /items/K467641003/ HTTP/1.1" 200 0 "-" "meta-externalagent/1.1 (+https://developers.facebook.com/docs/sharing/webmasters/crawler)"
109.234.166.131 - - [27/May/2026:12:05:39 +0200] "GET /wp-includese4d8c2/44/index.php?id=578268 HTTP/1.1" 404 0 "-" "GO"
157.55.39.59 - - [27/May/2026:12:07:12 +0200] "GET /items/I805330999/ HTTP/1.1" 200 13 "-" "Mozilla/5.0 AppleWebKit/537.36 (KHTML, like Gecko; compatible; bingbot/2.0; +http://www.bing.com/bingbot.htm) Chrome/116.0.1938.76 Safari/537.36"
207.46.13.7 - - [27/May/2026:12:07:18 +0200] "GET /items/I246646899/ HTTP/1.1" 200 13 "-" "Mozilla/5.0 AppleWebKit/537.36 (KHTML, like Gecko; compatible; bingbot/2.0; +http://www.bing.com/bingbot.htm) Chrome/116.0.1938.76 Safari/537.36"
57.141.20.2 - - [27/May/2026:12:07:47 +0200] "GET /items/K464881961/ HTTP/1.1" 200 0 "-" "meta-externalagent/1.1 (+https://developers.facebook.com/docs/sharing/webmasters/crawler)"
207.46.13.14 - - [27/May/2026:12:08:39 +0200] "GET /items/Q272396083/ HTTP/1.1" 200 13 "-" "Mozilla/5.0 AppleWebKit/537.36 (KHTML, like Gecko; compatible; bingbot/2.0; +http://www.bing.com/bingbot.htm) Chrome/116.0.1938.76 Safari/537.36"
198.204.224.34 - - [27/May/2026:12:08:43 +0200] "GET /wp-includese4d8c2/44/index.php HTTP/1.1" 404 15 "http://deribos.com/wp-includese4d8c2/44/index.php" "Mozilla/5.0 (Windows NT 10.0; Win64; x64) AppleWebKit/537.36 (KHTML, like Gecko) Chrome/58.0.3029.110 Safari/537.3"
57.141.20.43 - - [27/May/2026:12:09:20 +0200] "GET /items/K462694922/ HTTP/1.1" 200 0 "-" "meta-externalagent/1.1 (+https://developers.facebook.com/docs/sharing/webmasters/crawler)"
57.141.20.10 - - [27/May/2026:12:09:38 +0200] "GET /items/K461455218/ HTTP/1.1" 200 0 "-" "meta-externalagent/1.1 (+https://developers.facebook.com/docs/sharing/webmasters/crawler)"
40.77.167.28 - - [27/May/2026:12:09:54 +0200] "GET /items/A243492417/ HTTP/1.1" 200 13 "-" "Mozilla/5.0 AppleWebKit/537.36 (KHTML, like Gecko; compatible; bingbot/2.0; +http://www.bing.com/bingbot.htm) Chrome/116.0.1938.76 Safari/537.36"
57.141.20.21 - - [27/May/2026:12:10:12 +0200] "GET /items/K463474736/ HTTP/1.1" 200 0 "-" "meta-externalagent/1.1 (+https://developers.facebook.com/docs/sharing/webmasters/crawler)"
207.46.13.14 - - [27/May/2026:12:10:11 +0200] "GET /items/X184754577/ HTTP/1.1" 200 13 "-" "Mozilla/5.0 AppleWebKit/537.36 (KHTML, like Gecko; compatible; bingbot/2.0; +http://www.bing.com/bingbot.htm) Chrome/116.0.1938.76 Safari/537.36"
157.55.39.59 - - [27/May/2026:12:10:00 +0200] "GET /items/Q026321914/ HTTP/1.1" 200 0 "-" "Mozilla/5.0 AppleWebKit/537.36 (KHTML, like Gecko; compatible; bingbot/2.0; +http://www.bing.com/bingbot.htm) Chrome/116.0.1938.76 Safari/537.36"
57.141.20.2 - - [27/May/2026:12:10:20 +0200] "GET /items/K466800796/ HTTP/1.1" 200 0 "-" "meta-externalagent/1.1 (+https://developers.facebook.com/docs/sharing/webmasters/crawler)"
52.167.144.161 - - [27/May/2026:12:03:25 +0200] "GET /items/P821844575/ HTTP/1.1" 200 13 "-" "Mozilla/5.0 AppleWebKit/537.36 (KHTML, like Gecko; compatible; bingbot/2.0; +http://www.bing.com/bingbot.htm) Chrome/116.0.1938.76 Safari/537.36"
57.141.20.20 - - [27/May/2026:12:04:35 +0200] "GET /quarteronmgm.xml HTTP/1.1" 200 0 "-" "meta-externalagent/1.1 (+https://developers.facebook.com/docs/sharing/webmasters/crawler)"
207.46.13.7 - - [27/May/2026:12:04:50 +0200] "GET /cate-9-55 HTTP/1.1" 200 15 "-" "Mozilla/5.0 AppleWebKit/537.36 (KHTML, like Gecko; compatible; bingbot/2.0; +http://www.bing.com/bingbot.htm) Chrome/116.0.1938.76 Safari/537.36"
109.234.166.131 - - [27/May/2026:12:04:04 +0200] "GET /wp-includese4d8c2/44/index.php?id=578268 HTTP/1.1" 404 0 "-" "GO"
57.141.20.35 - - [27/May/2026:12:06:01 +0200] "GET /scaniarcg.xml HTTP/1.1" 200 0 "-" "meta-externalagent/1.1 (+https://developers.facebook.com/docs/sharing/webmasters/crawler)"
57.141.20.29 - - [27/May/2026:12:07:04 +0200] "GET /items/K466358759/ HTTP/1.1" 200 0 "-" "meta-externalagent/1.1 (+https://developers.facebook.com/docs/sharing/webmasters/crawler)"
157.55.39.59 - - [27/May/2026:12:07:10 +0200] "GET /items/L472316615/ HTTP/1.1" 200 13 "-" "Mozilla/5.0 AppleWebKit/537.36 (KHTML, like Gecko; compatible; bingbot/2.0; +http://www.bing.com/bingbot.htm) Chrome/116.0.1938.76 Safari/537.36"
57.141.20.45 - - [27/May/2026:12:08:08 +0200] "GET /items/K465870405/ HTTP/1.1" 200 0 "-" "meta-externalagent/1.1 (+https://developers.facebook.com/docs/sharing/webmasters/crawler)"
52.167.144.161 - - [27/May/2026:12:08:23 +0200] "GET /items/V856084547/ HTTP/1.1" 200 13 "-" "Mozilla/5.0 AppleWebKit/537.36 (KHTML, like Gecko; compatible; bingbot/2.0; +http://www.bing.com/bingbot.htm) Chrome/116.0.1938.76 Safari/537.36"
57.141.20.12 - - [27/May/2026:12:08:25 +0200] "GET /items/K461843462/ HTTP/1.1" 200 0 "-" "meta-externalagent/1.1 (+https://developers.facebook.com/docs/sharing/webmasters/crawler)"
52.167.144.161 - - [27/May/2026:12:08:26 +0200] "GET /items/R967807661/ HTTP/1.1" 200 13 "-" "Mozilla/5.0 AppleWebKit/537.36 (KHTML, like Gecko; compatible; bingbot/2.0; +http://www.bing.com/bingbot.htm) Chrome/116.0.1938.76 Safari/537.36"
109.234.166.131 - - [27/May/2026:12:07:05 +0200] "GET /wp-includese4d8c2/44/index.php?id=578268 HTTP/1.1" 404 0 "-" "GO"
57.141.20.51 - - [27/May/2026:12:08:56 +0200] "GET /items/K465424914/ HTTP/1.1" 200 0 "-" "meta-externalagent/1.1 (+https://developers.facebook.com/docs/sharing/webmasters/crawler)"
57.141.20.58 - - [27/May/2026:12:09:10 +0200] "GET /items/K466146002/ HTTP/1.1" 200 0 "-" "meta-externalagent/1.1 (+https://developers.facebook.com/docs/sharing/webmasters/crawler)"
57.141.20.59 - - [27/May/2026:12:09:05 +0200] "GET /items/K465071494/ HTTP/1.1" 200 0 "-" "meta-externalagent/1.1 (+https://developers.facebook.com/docs/sharing/webmasters/crawler)"
57.141.20.71 - - [27/May/2026:12:09:41 +0200] "GET /items/K463400325/ HTTP/1.1" 200 0 "-" "meta-externalagent/1.1 (+https://developers.facebook.com/docs/sharing/webmasters/crawler)"
57.141.20.18 - - [27/May/2026:12:09:44 +0200] "GET /items/K466236302/ HTTP/1.1" 200 0 "-" "meta-externalagent/1.1 (+https://developers.facebook.com/docs/sharing/webmasters/crawler)"
109.234.166.131 - - [27/May/2026:12:08:31 +0200] "GET /wp-includese4d8c2/44/index.php?id=578268 HTTP/1.1" 404 0 "-" "GO"
207.46.13.151 - - [27/May/2026:12:10:09 +0200] "GET /items/M363694240/ HTTP/1.1" 200 13 "-" "Mozilla/5.0 AppleWebKit/537.36 (KHTML, like Gecko; compatible; bingbot/2.0; +http://www.bing.com/bingbot.htm) Chrome/116.0.1938.76 Safari/537.36"
57.141.20.34 - - [27/May/2026:12:10:39 +0200] "GET /?k=6068681r6i0y HTTP/1.1" 200 15 "-" "meta-externalagent/1.1 (+https://developers.facebook.com/docs/sharing/webmasters/crawler)"
57.141.20.51 - - [27/May/2026:12:11:06 +0200] "GET /items/K464003614/ HTTP/1.1" 200 0 "-" "meta-externalagent/1.1 (+https://developers.facebook.com/docs/sharing/webmasters/crawler)"
52.167.144.161 - - [27/May/2026:12:08:35 +0200] "GET /Robinet-8-L-Fontaine-Eau-Et-Cocktail-998761/ HTTP/1.1" 200 13 "-" "Mozilla/5.0 AppleWebKit/537.36 (KHTML, like Gecko; compatible; bingbot/2.0; +http://www.bing.com/bingbot.htm) Chrome/116.0.1938.76 Safari/537.36"
57.141.20.56 - - [27/May/2026:12:08:33 +0200] "GET /items/K465595124/ HTTP/1.1" 200 0 "-" "meta-externalagent/1.1 (+https://developers.facebook.com/docs/sharing/webmasters/crawler)"
57.141.20.25 - - [27/May/2026:12:08:42 +0200] "GET /items/K461112598/ HTTP/1.1" 200 0 "-" "meta-externalagent/1.1 (+https://developers.facebook.com/docs/sharing/webmasters/crawler)"
207.46.13.14 - - [27/May/2026:12:08:41 +0200] "GET /items/R834280053/ HTTP/1.1" 200 13 "-" "Mozilla/5.0 AppleWebKit/537.36 (KHTML, like Gecko; compatible; bingbot/2.0; +http://www.bing.com/bingbot.htm) Chrome/116.0.1938.76 Safari/537.36"
198.204.224.34 - - [27/May/2026:12:08:49 +0200] "GET /wp-includese4d8c2/44/index.php HTTP/1.1" 200 8 "http://deribos.com/wp-includese4d8c2/44/index.php" "Mozilla/5.0 (Windows NT 10.0; Win64; x64) AppleWebKit/537.36 (KHTML, like Gecko) Chrome/58.0.3029.110 Safari/537.3"
57.141.20.49 - - [27/May/2026:12:08:52 +0200] "GET /items/K463008854/ HTTP/1.1" 200 0 "-" "meta-externalagent/1.1 (+https://developers.facebook.com/docs/sharing/webmasters/crawler)"
207.46.13.92 - - [27/May/2026:12:08:47 +0200] "GET /items/J974446611/ HTTP/1.1" 200 13 "-" "Mozilla/5.0 AppleWebKit/537.36 (KHTML, like Gecko; compatible; bingbot/2.0; +http://www.bing.com/bingbot.htm) Chrome/116.0.1938.76 Safari/537.36"
198.204.224.34 - - [27/May/2026:12:08:53 +0200] "GET /wp-includese4d8c2/44/index.php HTTP/1.1" 404 0 "http://deribos.com/wp-includese4d8c2/44/index.php" "Mozilla/5.0 (Windows NT 10.0; Win64; x64) AppleWebKit/537.36 (KHTML, like Gecko) Chrome/58.0.3029.110 Safari/537.3"
198.204.224.34 - - [27/May/2026:12:08:50 +0200] "GET /wp-includese4d8c2/44/index.php HTTP/1.1" 404 0 "http://deribos.com/wp-includese4d8c2/44/index.php" "Mozilla/5.0 (Windows NT 10.0; Win64; x64) AppleWebKit/537.36 (KHTML, like Gecko) Chrome/58.0.3029.110 Safari/537.3"
57.141.20.49 - - [27/May/2026:12:10:25 +0200] "GET /items/K466891690/ HTTP/1.1" 200 0 "-" "meta-externalagent/1.1 (+https://developers.facebook.com/docs/sharing/webmasters/crawler)"
207.46.13.92 - - [27/May/2026:12:10:29 +0200] "GET /cate-78-81 HTTP/1.1" 200 13 "-" "Mozilla/5.0 AppleWebKit/537.36 (KHTML, like Gecko; compatible; bingbot/2.0; +http://www.bing.com/bingbot.htm) Chrome/116.0.1938.76 Safari/537.36"
57.141.20.55 - - [27/May/2026:12:10:36 +0200] "GET /items/K464642352/ HTTP/1.1" 200 0 "-" "meta-externalagent/1.1 (+https://developers.facebook.com/docs/sharing/webmasters/crawler)"
57.141.20.45 - - [27/May/2026:12:10:45 +0200] "GET /items/K463094857/ HTTP/1.1" 200 0 "-" "meta-externalagent/1.1 (+https://developers.facebook.com/docs/sharing/webmasters/crawler)"
109.234.166.131 - - [27/May/2026:12:09:55 +0200] "GET /wp-includese4d8c2/44/index.php?id=578268 HTTP/1.1" 404 0 "-" "GO"
109.234.166.131 - - [27/May/2026:12:10:22 +0200] "GET /wp-includese4d8c2/44/index.php?id=524951 HTTP/1.1" 404 0 "-" "GO"
57.141.20.37 - - [27/May/2026:12:11:56 +0200] "GET /items/K465128480/ HTTP/1.1" 200 0 "-" "meta-externalagent/1.1 (+https://developers.facebook.com/docs/sharing/webmasters/crawler)"
52.167.144.161 - - [27/May/2026:12:12:28 +0200] "GET /items/E273323797/ HTTP/1.1" 200 13 "-" "Mozilla/5.0 AppleWebKit/537.36 (KHTML, like Gecko; compatible; bingbot/2.0; +http://www.bing.com/bingbot.htm) Chrome/116.0.1938.76 Safari/537.36"
57.141.20.21 - - [27/May/2026:12:12:38 +0200] "GET /items/K466165812/ HTTP/1.1" 200 0 "-" "meta-externalagent/1.1 (+https://developers.facebook.com/docs/sharing/webmasters/crawler)"
57.141.20.9 - - [27/May/2026:12:13:07 +0200] "GET /items/K462428453/ HTTP/1.1" 200 0 "-" "meta-externalagent/1.1 (+https://developers.facebook.com/docs/sharing/webmasters/crawler)"
109.234.166.131 - - [27/May/2026:12:11:49 +0200] "GET /wp-includese4d8c2/44/index.php?id=524951 HTTP/1.1" 404 0 "-" "GO"
57.141.20.47 - - [27/May/2026:12:11:08 +0200] "GET /items/K465909969/ HTTP/1.1" 200 0 "-" "meta-externalagent/1.1 (+https://developers.facebook.com/docs/sharing/webmasters/crawler)"
109.234.166.131 - - [27/May/2026:12:10:20 +0200] "GET /wp-includese4d8c2/44/index.php?id=551227 HTTP/1.1" 404 0 "-" "GO"
57.141.20.69 - - [27/May/2026:12:12:12 +0200] "GET /items/K463014606/ HTTP/1.1" 200 0 "-" "meta-externalagent/1.1 (+https://developers.facebook.com/docs/sharing/webmasters/crawler)"
57.141.20.2 - - [27/May/2026:12:12:21 +0200] "GET /items/K463005431/ HTTP/1.1" 200 0 "-" "meta-externalagent/1.1 (+https://developers.facebook.com/docs/sharing/webmasters/crawler)"
57.141.20.17 - - [27/May/2026:12:12:23 +0200] "GET /items/K461941120/ HTTP/1.1" 200 0 "-" "meta-externalagent/1.1 (+https://developers.facebook.com/docs/sharing/webmasters/crawler)"
57.141.20.17 - - [27/May/2026:12:12:26 +0200] "GET /items/K464409450/ HTTP/1.1" 200 0 "-" "meta-externalagent/1.1 (+https://developers.facebook.com/docs/sharing/webmasters/crawler)"
52.167.144.161 - - [27/May/2026:12:12:24 +0200] "GET /cate-79-81 HTTP/1.1" 200 13 "-" "Mozilla/5.0 AppleWebKit/537.36 (KHTML, like Gecko; compatible; bingbot/2.0; +http://www.bing.com/bingbot.htm) Chrome/116.0.1938.76 Safari/537.36"
57.141.20.30 - - [27/May/2026:12:12:28 +0200] "GET /items/K462304837/ HTTP/1.1" 200 0 "-" "meta-externalagent/1.1 (+https://developers.facebook.com/docs/sharing/webmasters/crawler)"
52.167.144.161 - - [27/May/2026:12:12:29 +0200] "GET /items/P792458774/ HTTP/1.1" 200 13 "-" "Mozilla/5.0 AppleWebKit/537.36 (KHTML, like Gecko; compatible; bingbot/2.0; +http://www.bing.com/bingbot.htm) Chrome/116.0.1938.76 Safari/537.36"
109.234.166.131 - - [27/May/2026:12:11:20 +0200] "GET /wp-includese4d8c2/44/index.php?id=578268 HTTP/1.1" 404 0 "-" "GO"
57.141.20.52 - - [27/May/2026:12:12:48 +0200] "GET /items/K464088276/ HTTP/1.1" 200 0 "-" "meta-externalagent/1.1 (+https://developers.facebook.com/docs/sharing/webmasters/crawler)"
57.141.20.3 - - [27/May/2026:12:13:04 +0200] "GET /items/K461205393/ HTTP/1.1" 200 0 "-" "meta-externalagent/1.1 (+https://developers.facebook.com/docs/sharing/webmasters/crawler)"
57.141.20.31 - - [27/May/2026:12:13:13 +0200] "GET /items/K464265587/ HTTP/1.1" 200 0 "-" "meta-externalagent/1.1 (+https://developers.facebook.com/docs/sharing/webmasters/crawler)"
207.46.13.92 - - [27/May/2026:12:13:12 +0200] "GET /items/V532926511/ HTTP/1.1" 200 13 "-" "Mozilla/5.0 AppleWebKit/537.36 (KHTML, like Gecko; compatible; bingbot/2.0; +http://www.bing.com/bingbot.htm) Chrome/116.0.1938.76 Safari/537.36"
57.141.20.43 - - [27/May/2026:12:13:00 +0200] "GET /items/K465619598/ HTTP/1.1" 200 15 "-" "meta-externalagent/1.1 (+https://developers.facebook.com/docs/sharing/webmasters/crawler)"
109.234.166.131 - - [27/May/2026:12:11:51 +0200] "GET /wp-includese4d8c2/44/index.php?id=551227 HTTP/1.1" 404 0 "-" "GO"
57.141.20.53 - - [27/May/2026:12:13:19 +0200] "GET /items/K462365013/ HTTP/1.1" 200 0 "-" "meta-externalagent/1.1 (+https://developers.facebook.com/docs/sharing/webmasters/crawler)"
57.141.20.12 - - [27/May/2026:12:13:31 +0200] "GET /items/K463385893/ HTTP/1.1" 200 0 "-" "meta-externalagent/1.1 (+https://developers.facebook.com/docs/sharing/webmasters/crawler)"
52.167.144.158 - - [27/May/2026:12:13:32 +0200] "GET /items/C051654229/ HTTP/1.1" 200 13 "-" "Mozilla/5.0 AppleWebKit/537.36 (KHTML, like Gecko; compatible; bingbot/2.0; +http://www.bing.com/bingbot.htm) Chrome/116.0.1938.76 Safari/537.36"
109.234.166.131 - - [27/May/2026:12:13:13 +0200] "GET /wp-includese4d8c2/44/index.php?id=524951 HTTP/1.1" 404 0 "-" "GO"
57.141.20.29 - - [27/May/2026:12:14:13 +0200] "GET /items/K464326670/ HTTP/1.1" 200 0 "-" "meta-externalagent/1.1 (+https://developers.facebook.com/docs/sharing/webmasters/crawler)"
57.141.20.52 - - [27/May/2026:12:14:37 +0200] "GET /items/K466346951/ HTTP/1.1" 200 0 "-" "meta-externalagent/1.1 (+https://developers.facebook.com/docs/sharing/webmasters/crawler)"
57.141.20.18 - - [27/May/2026:12:14:43 +0200] "GET /?k=5701606shgas HTTP/1.1" 200 15 "-" "meta-externalagent/1.1 (+https://developers.facebook.com/docs/sharing/webmasters/crawler)"
57.141.20.1 - - [27/May/2026:12:15:27 +0200] "GET /items/K464549943/ HTTP/1.1" 200 0 "-" "meta-externalagent/1.1 (+https://developers.facebook.com/docs/sharing/webmasters/crawler)"
57.141.20.5 - - [27/May/2026:12:15:32 +0200] "GET /items/K464264564/ HTTP/1.1" 200 0 "-" "meta-externalagent/1.1 (+https://developers.facebook.com/docs/sharing/webmasters/crawler)"
57.141.20.25 - - [27/May/2026:12:15:58 +0200] "GET /items/K464072644/ HTTP/1.1" 200 0 "-" "meta-externalagent/1.1 (+https://developers.facebook.com/docs/sharing/webmasters/crawler)"
57.141.20.13 - - [27/May/2026:12:17:19 +0200] "GET /?k=5058444ks3u1 HTTP/1.1" 200 0 "-" "meta-externalagent/1.1 (+https://developers.facebook.com/docs/sharing/webmasters/crawler)"
69.197.179.242 - - [27/May/2026:12:17:30 +0200] "GET /wp-includese4d8c2/44/index.php?id=286796 HTTP/1.1" 200 8 "http://deribos.com/wp-includese4d8c2/44/index.php?id=286796" "Mozilla/5.0"
109.234.166.131 - - [27/May/2026:12:16:17 +0200] "GET /wp-includese4d8c2/44/index.php?id=551227 HTTP/1.1" 404 0 "-" "GO"
57.141.20.0 - - [27/May/2026:12:18:26 +0200] "GET /?k=3596173apg7j HTTP/1.1" 200 0 "-" "meta-externalagent/1.1 (+https://developers.facebook.com/docs/sharing/webmasters/crawler)"
57.141.20.59 - - [27/May/2026:12:18:30 +0200] "GET /items/K465551870/ HTTP/1.1" 200 0 "-" "meta-externalagent/1.1 (+https://developers.facebook.com/docs/sharing/webmasters/crawler)"
57.141.20.69 - - [27/May/2026:12:18:32 +0200] "GET /items/K466506989/ HTTP/1.1" 200 0 "-" "meta-externalagent/1.1 (+https://developers.facebook.com/docs/sharing/webmasters/crawler)"
57.141.20.29 - - [27/May/2026:12:18:46 +0200] "GET /items/K462023506/ HTTP/1.1" 200 0 "-" "meta-externalagent/1.1 (+https://developers.facebook.com/docs/sharing/webmasters/crawler)"
204.12.208.18 - - [27/May/2026:12:18:06 +0200] "GET /wp-includese4d8c2/44/index.php?wp_locale=af06f46095f69e4e84b92e010b1e145c&wp_query=68747470733a2f2f6e69636572672e636f6d2f73757065722f72352e747874&_sys=rg&_ums=9999&_kh=72672r6s6o7n68757275772r636s6q&_wh=6r69636577682r78797n&_ch=63702r6s6o7n68757275772r636s6q HTTP/1.1" 404 0 "http://deribos.com/wp-includese4d8c2/44/index.php?wp_locale=af06f46095f69e4e84b92e010b1e145c&wp_query=68747470733a2f2f6e69636572672e636f6d2f73757065722f72352e747874&_sys=rg&_ums=9999&_kh=72672r6s6o7n68757275772r636s6q&_wh=6r69636577682r78797n&_ch=63702r6s6o7n68757275772r636s6q" "Mozilla/5.0 (Macintosh; U; PPC Mac OS X 10_4_11; ja-jp) AppleWebKit/525.18 (KHTML, like Gecko) Version/3.1.2 Safari/525.22"
57.141.20.52 - - [27/May/2026:12:19:37 +0200] "GET /items/K462455005/ HTTP/1.1" 200 0 "-" "meta-externalagent/1.1 (+https://developers.facebook.com/docs/sharing/webmasters/crawler)"
204.12.208.18 - - [27/May/2026:12:18:26 +0200] "GET /wp-includese4d8c2/44/index.php?wp_locale=af06f46095f69e4e84b92e010b1e145c&wp_query=68747470733a2f2f6e69636572672e636f6d2f73757065722f72352e747874&_sys=rg&_ums=9999&_kh=72672r6s6o7n68757275772r636s6q&_wh=6r69636577682r78797n&_ch=63702r6s6o7n68757275772r636s6q HTTP/1.1" 404 0 "http://deribos.com/wp-includese4d8c2/44/index.php?wp_locale=af06f46095f69e4e84b92e010b1e145c&wp_query=68747470733a2f2f6e69636572672e636f6d2f73757065722f72352e747874&_sys=rg&_ums=9999&_kh=72672r6s6o7n68757275772r636s6q&_wh=6r69636577682r78797n&_ch=63702r6s6o7n68757275772r636s6q" "Opera/9.80 (Macintosh; Intel Mac OS X 10.6.8; U; ja) Presto/2.10.289 Version/12.00"
57.141.20.25 - - [27/May/2026:12:10:22 +0200] "GET /items/K467032899/ HTTP/1.1" 200 0 "-" "meta-externalagent/1.1 (+https://developers.facebook.com/docs/sharing/webmasters/crawler)"
57.141.20.29 - - [27/May/2026:12:10:42 +0200] "GET /items/K461525693/ HTTP/1.1" 200 0 "-" "meta-externalagent/1.1 (+https://developers.facebook.com/docs/sharing/webmasters/crawler)"
57.141.20.4 - - [27/May/2026:12:10:52 +0200] "GET /items/K466915595/ HTTP/1.1" 200 0 "-" "meta-externalagent/1.1 (+https://developers.facebook.com/docs/sharing/webmasters/crawler)"
157.55.39.59 - - [27/May/2026:12:11:10 +0200] "GET /items/V344029236/ HTTP/1.1" 200 13 "-" "Mozilla/5.0 AppleWebKit/537.36 (KHTML, like Gecko; compatible; bingbot/2.0; +http://www.bing.com/bingbot.htm) Chrome/116.0.1938.76 Safari/537.36"
57.141.20.42 - - [27/May/2026:12:11:03 +0200] "GET /items/K462433447/ HTTP/1.1" 200 0 "-" "meta-externalagent/1.1 (+https://developers.facebook.com/docs/sharing/webmasters/crawler)"
57.141.20.2 - - [27/May/2026:12:11:44 +0200] "GET /items/K467618632/ HTTP/1.1" 200 0 "-" "meta-externalagent/1.1 (+https://developers.facebook.com/docs/sharing/webmasters/crawler)"
57.141.20.64 - - [27/May/2026:12:12:32 +0200] "GET /items/K466343488/ HTTP/1.1" 200 0 "-" "meta-externalagent/1.1 (+https://developers.facebook.com/docs/sharing/webmasters/crawler)"
57.141.20.2 - - [27/May/2026:12:13:15 +0200] "GET /items/K461847292/ HTTP/1.1" 200 0 "-" "meta-externalagent/1.1 (+https://developers.facebook.com/docs/sharing/webmasters/crawler)"
57.141.20.14 - - [27/May/2026:12:13:02 +0200] "GET /items/K463133632/ HTTP/1.1" 200 15 "-" "meta-externalagent/1.1 (+https://developers.facebook.com/docs/sharing/webmasters/crawler)"
57.141.20.44 - - [27/May/2026:12:13:21 +0200] "GET /items/K463559735/ HTTP/1.1" 200 0 "-" "meta-externalagent/1.1 (+https://developers.facebook.com/docs/sharing/webmasters/crawler)"
109.234.166.131 - - [27/May/2026:12:12:46 +0200] "GET /wp-includese4d8c2/44/index.php?id=578268 HTTP/1.1" 404 0 "-" "GO"
57.141.20.18 - - [27/May/2026:12:14:23 +0200] "GET /items/K461138646/ HTTP/1.1" 200 0 "-" "meta-externalagent/1.1 (+https://developers.facebook.com/docs/sharing/webmasters/crawler)"
57.141.20.57 - - [27/May/2026:12:15:21 +0200] "GET /items/K461390690/ HTTP/1.1" 200 0 "-" "meta-externalagent/1.1 (+https://developers.facebook.com/docs/sharing/webmasters/crawler)"
109.234.166.131 - - [27/May/2026:12:14:17 +0200] "GET /wp-includese4d8c2/44/index.php?id=578268 HTTP/1.1" 404 0 "-" "GO"
57.141.20.57 - - [27/May/2026:12:16:43 +0200] "GET /items/K466446833/ HTTP/1.1" 200 0 "-" "meta-externalagent/1.1 (+https://developers.facebook.com/docs/sharing/webmasters/crawler)"
57.141.20.62 - - [27/May/2026:12:17:07 +0200] "GET /items/K461420787/ HTTP/1.1" 200 0 "-" "meta-externalagent/1.1 (+https://developers.facebook.com/docs/sharing/webmasters/crawler)"
57.141.20.56 - - [27/May/2026:12:17:03 +0200] "GET /items/K462814218/ HTTP/1.1" 200 15 "-" "meta-externalagent/1.1 (+https://developers.facebook.com/docs/sharing/webmasters/crawler)"
57.141.20.70 - - [27/May/2026:12:17:25 +0200] "GET /items/K466471603/ HTTP/1.1" 200 0 "-" "meta-externalagent/1.1 (+https://developers.facebook.com/docs/sharing/webmasters/crawler)"
57.141.20.49 - - [27/May/2026:12:18:03 +0200] "GET /items/K465719653/ HTTP/1.1" 200 0 "-" "meta-externalagent/1.1 (+https://developers.facebook.com/docs/sharing/webmasters/crawler)"
57.141.20.1 - - [27/May/2026:12:18:28 +0200] "GET /items/K465146788/ HTTP/1.1" 200 0 "-" "meta-externalagent/1.1 (+https://developers.facebook.com/docs/sharing/webmasters/crawler)"
57.141.20.25 - - [27/May/2026:12:18:49 +0200] "GET /items/K466659557/ HTTP/1.1" 200 0 "-" "meta-externalagent/1.1 (+https://developers.facebook.com/docs/sharing/webmasters/crawler)"
109.234.166.131 - - [27/May/2026:12:17:41 +0200] "GET /wp-includese4d8c2/44/index.php?id=551227 HTTP/1.1" 404 0 "-" "GO"
57.141.20.26 - - [27/May/2026:12:20:16 +0200] "GET /items/K462871440/ HTTP/1.1" 200 0 "-" "meta-externalagent/1.1 (+https://developers.facebook.com/docs/sharing/webmasters/crawler)"
57.141.20.65 - - [27/May/2026:12:13:23 +0200] "GET /items/K462048573/ HTTP/1.1" 200 0 "-" "meta-externalagent/1.1 (+https://developers.facebook.com/docs/sharing/webmasters/crawler)"
57.141.20.0 - - [27/May/2026:12:13:29 +0200] "GET /items/K467609021/ HTTP/1.1" 200 0 "-" "meta-externalagent/1.1 (+https://developers.facebook.com/docs/sharing/webmasters/crawler)"
57.141.20.28 - - [27/May/2026:12:14:30 +0200] "GET /items/K463761153/ HTTP/1.1" 200 0 "-" "meta-externalagent/1.1 (+https://developers.facebook.com/docs/sharing/webmasters/crawler)"
109.234.166.131 - - [27/May/2026:12:13:22 +0200] "GET /wp-includese4d8c2/44/index.php?id=551227 HTTP/1.1" 404 0 "-" "GO"
57.141.20.26 - - [27/May/2026:12:15:02 +0200] "GET /items/K467508994/ HTTP/1.1" 200 15 "-" "meta-externalagent/1.1 (+https://developers.facebook.com/docs/sharing/webmasters/crawler)"
109.234.166.131 - - [27/May/2026:12:14:46 +0200] "GET /wp-includese4d8c2/44/index.php?id=551227 HTTP/1.1" 404 0 "-" "GO"
109.234.166.131 - - [27/May/2026:12:15:41 +0200] "GET /wp-includese4d8c2/44/index.php?id=578268 HTTP/1.1" 404 0 "-" "GO"
57.141.20.59 - - [27/May/2026:12:17:14 +0200] "GET /items/K465493947/ HTTP/1.1" 200 0 "-" "meta-externalagent/1.1 (+https://developers.facebook.com/docs/sharing/webmasters/crawler)"
57.141.20.28 - - [27/May/2026:12:18:00 +0200] "GET /items/K465739914/ HTTP/1.1" 200 0 "-" "meta-externalagent/1.1 (+https://developers.facebook.com/docs/sharing/webmasters/crawler)"
109.234.166.131 - - [27/May/2026:12:17:06 +0200] "GET /wp-includese4d8c2/44/index.php?id=578268 HTTP/1.1" 404 0 "-" "GO"
57.141.20.31 - - [27/May/2026:12:19:28 +0200] "GET /items/K463731841/ HTTP/1.1" 200 0 "-" "meta-externalagent/1.1 (+https://developers.facebook.com/docs/sharing/webmasters/crawler)"
109.234.166.131 - - [27/May/2026:12:18:30 +0200] "GET /wp-includese4d8c2/44/index.php?id=578268 HTTP/1.1" 404 0 "-" "GO"
57.141.20.21 - - [27/May/2026:12:20:20 +0200] "GET /items/K465236293/ HTTP/1.1" 200 0 "-" "meta-externalagent/1.1 (+https://developers.facebook.com/docs/sharing/webmasters/crawler)"
109.234.166.131 - - [27/May/2026:12:19:06 +0200] "GET /wp-includese4d8c2/44/index.php?id=551227 HTTP/1.1" 404 0 "-" "GO"
109.234.166.131 - - [27/May/2026:12:19:34 +0200] "GET /wp-includese4d8c2/44/index.php?id=723506 HTTP/1.1" 404 0 "-" "GO"
109.234.166.131 - - [27/May/2026:12:19:53 +0200] "GET /wp-includese4d8c2/44/index.php?id=620088 HTTP/1.1" 404 0 "-" "GO"
57.141.20.62 - - [27/May/2026:12:21:20 +0200] "GET /items/K462280931/ HTTP/1.1" 200 0 "-" "meta-externalagent/1.1 (+https://developers.facebook.com/docs/sharing/webmasters/crawler)"
57.141.20.53 - - [27/May/2026:12:21:36 +0200] "GET /?k=6795065dnsdv HTTP/1.1" 200 0 "-" "meta-externalagent/1.1 (+https://developers.facebook.com/docs/sharing/webmasters/crawler)"
109.234.166.131 - - [27/May/2026:12:21:19 +0200] "GET /wp-includese4d8c2/44/index.php?id=578268 HTTP/1.1" 404 15 "-" "GO"
57.141.20.37 - - [27/May/2026:12:21:52 +0200] "GET /?k=56464608knei HTTP/1.1" 200 0 "-" "meta-externalagent/1.1 (+https://developers.facebook.com/docs/sharing/webmasters/crawler)"
57.141.20.52 - - [27/May/2026:12:21:54 +0200] "GET /?k=4832985n7pwe HTTP/1.1" 200 0 "-" "meta-externalagent/1.1 (+https://developers.facebook.com/docs/sharing/webmasters/crawler)"
57.141.20.44 - - [27/May/2026:12:21:56 +0200] "GET /items/K465837179/ HTTP/1.1" 200 15 "-" "meta-externalagent/1.1 (+https://developers.facebook.com/docs/sharing/webmasters/crawler)"
57.141.20.21 - - [27/May/2026:12:22:18 +0200] "GET /items/K466320330/ HTTP/1.1" 200 0 "-" "meta-externalagent/1.1 (+https://developers.facebook.com/docs/sharing/webmasters/crawler)"
57.141.20.56 - - [27/May/2026:12:23:01 +0200] "GET /items/K465002640/ HTTP/1.1" 200 0 "-" "meta-externalagent/1.1 (+https://developers.facebook.com/docs/sharing/webmasters/crawler)"
57.141.20.5 - - [27/May/2026:12:23:09 +0200] "GET /items/K462393640/ HTTP/1.1" 200 0 "-" "meta-externalagent/1.1 (+https://developers.facebook.com/docs/sharing/webmasters/crawler)"
204.12.208.18 - - [27/May/2026:12:18:46 +0200] "GET /wp-includese4d8c2/44/index.php?wp_locale=af06f46095f69e4e84b92e010b1e145c&wp_query=68747470733a2f2f6e69636572672e636f6d2f73757065722f72352e747874&_sys=rg&_ums=9999&_kh=72672r6s6o7n68757275772r636s6q&_wh=6r69636577682r78797n&_ch=63702r6s6o7n68757275772r636s6q HTTP/1.1" 404 0 "http://deribos.com/wp-includese4d8c2/44/index.php?wp_locale=af06f46095f69e4e84b92e010b1e145c&wp_query=68747470733a2f2f6e69636572672e636f6d2f73757065722f72352e747874&_sys=rg&_ums=9999&_kh=72672r6s6o7n68757275772r636s6q&_wh=6r69636577682r78797n&_ch=63702r6s6o7n68757275772r636s6q" "Mozilla/5.0 (Macintosh; Intel Mac OS X 10_7_2) AppleWebKit/535.2 (KHTML, like Gecko) Chrome/15.0.874.106 Safari/535.2"
57.141.20.58 - - [27/May/2026:12:20:49 +0200] "GET /items/K462526243/ HTTP/1.1" 200 15 "-" "meta-externalagent/1.1 (+https://developers.facebook.com/docs/sharing/webmasters/crawler)"
57.141.20.14 - - [27/May/2026:12:21:31 +0200] "GET /items/K465266139/ HTTP/1.1" 200 0 "-" "meta-externalagent/1.1 (+https://developers.facebook.com/docs/sharing/webmasters/crawler)"
109.234.166.131 - - [27/May/2026:12:20:13 +0200] "GET /wp-includese4d8c2/44/index.php?id=668933 HTTP/1.1" 404 0 "-" "GO"
57.141.20.25 - - [27/May/2026:12:21:42 +0200] "GET /items/K462129084/ HTTP/1.1" 200 0 "-" "meta-externalagent/1.1 (+https://developers.facebook.com/docs/sharing/webmasters/crawler)"
57.141.20.67 - - [27/May/2026:12:21:46 +0200] "GET /items/K463952840/ HTTP/1.1" 200 0 "-" "meta-externalagent/1.1 (+https://developers.facebook.com/docs/sharing/webmasters/crawler)"
109.234.166.131 - - [27/May/2026:12:20:30 +0200] "GET /wp-includese4d8c2/44/index.php?id=551227 HTTP/1.1" 404 0 "-" "GO"
57.141.20.42 - - [27/May/2026:12:22:15 +0200] "GET /items/K465379505/ HTTP/1.1" 200 0 "-" "meta-externalagent/1.1 (+https://developers.facebook.com/docs/sharing/webmasters/crawler)"
109.234.166.131 - - [27/May/2026:12:20:58 +0200] "GET /wp-includese4d8c2/44/index.php?id=723506 HTTP/1.1" 404 0 "-" "GO"
109.234.166.131 - - [27/May/2026:12:21:17 +0200] "GET /wp-includese4d8c2/44/index.php?id=620088 HTTP/1.1" 404 0 "-" "GO"
109.234.166.131 - - [27/May/2026:12:21:37 +0200] "GET /wp-includese4d8c2/44/index.php?id=668933 HTTP/1.1" 404 0 "-" "GO"
57.141.20.47 - - [27/May/2026:12:23:04 +0200] "GET /items/K463404940/ HTTP/1.1" 200 0 "-" "meta-externalagent/1.1 (+https://developers.facebook.com/docs/sharing/webmasters/crawler)"
109.234.166.131 - - [27/May/2026:12:22:27 +0200] "GET /wp-includese4d8c2/44/index.php?id=723506 HTTP/1.1" 404 0 "-" "GO"
57.141.20.61 - - [27/May/2026:12:24:05 +0200] "GET /items/K466309769/ HTTP/1.1" 200 0 "-" "meta-externalagent/1.1 (+https://developers.facebook.com/docs/sharing/webmasters/crawler)"
57.141.20.20 - - [27/May/2026:12:24:00 +0200] "GET /items/K464500560/ HTTP/1.1" 200 15 "-" "meta-externalagent/1.1 (+https://developers.facebook.com/docs/sharing/webmasters/crawler)"
57.141.20.66 - - [27/May/2026:12:24:31 +0200] "GET /items/K461430102/ HTTP/1.1" 200 0 "-" "meta-externalagent/1.1 (+https://developers.facebook.com/docs/sharing/webmasters/crawler)"
57.141.20.26 - - [27/May/2026:12:24:48 +0200] "GET /items/K465678471/ HTTP/1.1" 200 0 "-" "meta-externalagent/1.1 (+https://developers.facebook.com/docs/sharing/webmasters/crawler)"
57.141.20.1 - - [27/May/2026:12:24:55 +0200] "GET /items/K464180890/ HTTP/1.1" 200 0 "-" "meta-externalagent/1.1 (+https://developers.facebook.com/docs/sharing/webmasters/crawler)"
57.141.20.60 - - [27/May/2026:12:27:18 +0200] "GET /items/K463252796/ HTTP/1.1" 200 0 "-" "meta-externalagent/1.1 (+https://developers.facebook.com/docs/sharing/webmasters/crawler)"
40.77.167.30 - - [27/May/2026:12:27:33 +0200] "GET /items/U435215118/ HTTP/1.1" 200 13 "-" "Mozilla/5.0 AppleWebKit/537.36 (KHTML, like Gecko; compatible; bingbot/2.0; +http://www.bing.com/bingbot.htm) Chrome/116.0.1938.76 Safari/537.36"
57.141.20.58 - - [27/May/2026:12:27:56 +0200] "GET /items/K461850859/ HTTP/1.1" 200 0 "-" "meta-externalagent/1.1 (+https://developers.facebook.com/docs/sharing/webmasters/crawler)"
57.141.20.7 - - [27/May/2026:12:21:00 +0200] "GET /items/K462658450/ HTTP/1.1" 200 0 "-" "meta-externalagent/1.1 (+https://developers.facebook.com/docs/sharing/webmasters/crawler)"
57.141.20.33 - - [27/May/2026:12:21:07 +0200] "GET /items/K467436735/ HTTP/1.1" 200 0 "-" "meta-externalagent/1.1 (+https://developers.facebook.com/docs/sharing/webmasters/crawler)"
109.234.166.131 - - [27/May/2026:12:19:54 +0200] "GET /wp-includese4d8c2/44/index.php?id=578268 HTTP/1.1" 404 0 "-" "GO"
57.141.20.26 - - [27/May/2026:12:21:26 +0200] "GET /items/K465089395/ HTTP/1.1" 200 0 "-" "meta-externalagent/1.1 (+https://developers.facebook.com/docs/sharing/webmasters/crawler)"
57.141.20.42 - - [27/May/2026:12:21:51 +0200] "GET /items/K463550967/ HTTP/1.1" 200 0 "-" "meta-externalagent/1.1 (+https://developers.facebook.com/docs/sharing/webmasters/crawler)"
57.141.20.17 - - [27/May/2026:12:22:20 +0200] "GET /items/K464951561/ HTTP/1.1" 200 0 "-" "meta-externalagent/1.1 (+https://developers.facebook.com/docs/sharing/webmasters/crawler)"
57.141.20.20 - - [27/May/2026:12:23:19 +0200] "GET /items/K465612343/ HTTP/1.1" 200 0 "-" "meta-externalagent/1.1 (+https://developers.facebook.com/docs/sharing/webmasters/crawler)"
109.234.166.131 - - [27/May/2026:12:21:55 +0200] "GET /wp-includese4d8c2/44/index.php?id=551227 HTTP/1.1" 404 0 "-" "GO"
109.234.166.131 - - [27/May/2026:12:22:41 +0200] "GET /wp-includese4d8c2/44/index.php?id=620088 HTTP/1.1" 404 0 "-" "GO"
109.234.166.131 - - [27/May/2026:12:23:01 +0200] "GET /wp-includese4d8c2/44/index.php?id=668933 HTTP/1.1" 404 0 "-" "GO"
57.141.20.67 - - [27/May/2026:12:24:46 +0200] "GET /items/K462875933/ HTTP/1.1" 200 0 "-" "meta-externalagent/1.1 (+https://developers.facebook.com/docs/sharing/webmasters/crawler)"
109.234.166.131 - - [27/May/2026:12:23:26 +0200] "GET /wp-includese4d8c2/44/index.php?id=551227 HTTP/1.1" 404 0 "-" "GO"
57.141.20.13 - - [27/May/2026:12:24:52 +0200] "GET /items/K463684167/ HTTP/1.1" 200 15 "-" "meta-externalagent/1.1 (+https://developers.facebook.com/docs/sharing/webmasters/crawler)"
109.234.166.131 - - [27/May/2026:12:23:51 +0200] "GET /wp-includese4d8c2/44/index.php?id=723506 HTTP/1.1" 404 0 "-" "GO"
109.234.166.131 - - [27/May/2026:12:24:05 +0200] "GET /wp-includese4d8c2/44/index.php?id=620088 HTTP/1.1" 404 0 "-" "GO"
109.234.166.131 - - [27/May/2026:12:25:19 +0200] "GET /wp-includese4d8c2/44/index.php?id=723506 HTTP/1.1" 404 15 "-" "GO"
109.234.166.131 - - [27/May/2026:12:24:25 +0200] "GET /wp-includese4d8c2/44/index.php?id=668933 HTTP/1.1" 404 0 "-" "GO"
109.234.166.131 - - [27/May/2026:12:24:50 +0200] "GET /wp-includese4d8c2/44/index.php?id=551227 HTTP/1.1" 404 0 "-" "GO"
57.141.20.9 - - [27/May/2026:12:26:57 +0200] "GET /items/K463259785/ HTTP/1.1" 200 0 "-" "meta-externalagent/1.1 (+https://developers.facebook.com/docs/sharing/webmasters/crawler)"
57.141.20.8 - - [27/May/2026:12:27:38 +0200] "GET /items/K463894254/ HTTP/1.1" 200 0 "-" "meta-externalagent/1.1 (+https://developers.facebook.com/docs/sharing/webmasters/crawler)"
57.141.20.20 - - [27/May/2026:12:27:45 +0200] "GET /items/K462131097/ HTTP/1.1" 200 0 "-" "meta-externalagent/1.1 (+https://developers.facebook.com/docs/sharing/webmasters/crawler)"
57.141.20.49 - - [27/May/2026:12:27:48 +0200] "GET /items/K461475258/ HTTP/1.1" 200 0 "-" "meta-externalagent/1.1 (+https://developers.facebook.com/docs/sharing/webmasters/crawler)"
57.141.20.1 - - [27/May/2026:12:28:10 +0200] "GET /items/K463980904/ HTTP/1.1" 200 0 "-" "meta-externalagent/1.1 (+https://developers.facebook.com/docs/sharing/webmasters/crawler)"
109.234.166.131 - - [27/May/2026:12:27:17 +0200] "GET /wp-includese4d8c2/44/index.php?id=668933 HTTP/1.1" 404 0 "-" "GO"
69.197.179.242 - - [27/May/2026:12:27:25 +0200] "GET /wp-includese4d8c2/44/index.php?id=286796 HTTP/1.1" 404 0 "http://deribos.com/wp-includese4d8c2/44/index.php?id=286796" "Mozilla/5.0"
57.141.20.4 - - [27/May/2026:12:29:11 +0200] "GET /items/K462621185/ HTTP/1.1" 200 0 "-" "meta-externalagent/1.1 (+https://developers.facebook.com/docs/sharing/webmasters/crawler)"
57.141.20.51 - - [27/May/2026:12:23:57 +0200] "GET /items/K467024041/ HTTP/1.1" 200 0 "-" "meta-externalagent/1.1 (+https://developers.facebook.com/docs/sharing/webmasters/crawler)"
57.141.20.37 - - [27/May/2026:12:24:50 +0200] "GET /items/K464366974/ HTTP/1.1" 200 15 "-" "meta-externalagent/1.1 (+https://developers.facebook.com/docs/sharing/webmasters/crawler)"
57.141.20.54 - - [27/May/2026:12:25:35 +0200] "GET /items/K466673542/ HTTP/1.1" 200 0 "-" "meta-externalagent/1.1 (+https://developers.facebook.com/docs/sharing/webmasters/crawler)"
57.141.20.65 - - [27/May/2026:12:25:46 +0200] "GET /?k=39200782b4mx HTTP/1.1" 200 0 "-" "meta-externalagent/1.1 (+https://developers.facebook.com/docs/sharing/webmasters/crawler)"
57.141.20.62 - - [27/May/2026:12:26:15 +0200] "GET /items/K467181945/ HTTP/1.1" 200 0 "-" "meta-externalagent/1.1 (+https://developers.facebook.com/docs/sharing/webmasters/crawler)"
109.234.166.131 - - [27/May/2026:12:26:18 +0200] "GET /wp-includese4d8c2/44/index.php?id=551227 HTTP/1.1" 404 15 "-" "GO"
57.141.20.69 - - [27/May/2026:12:26:39 +0200] "GET /items/K462701029/ HTTP/1.1" 200 0 "-" "meta-externalagent/1.1 (+https://developers.facebook.com/docs/sharing/webmasters/crawler)"
109.234.166.131 - - [27/May/2026:12:25:30 +0200] "GET /wp-includese4d8c2/44/index.php?id=620088 HTTP/1.1" 404 0 "-" "GO"
109.234.166.131 - - [27/May/2026:12:25:52 +0200] "GET /wp-includese4d8c2/44/index.php?id=668933 HTTP/1.1" 404 0 "-" "GO"
69.197.179.242 - - [27/May/2026:12:27:23 +0200] "GET /wp-includese4d8c2/44/index.php?id=286796 HTTP/1.1" 200 8 "http://deribos.com/wp-includese4d8c2/44/index.php?id=286796" "Mozilla/5.0"
57.141.20.51 - - [27/May/2026:12:27:41 +0200] "GET /items/K462151225/ HTTP/1.1" 200 0 "-" "meta-externalagent/1.1 (+https://developers.facebook.com/docs/sharing/webmasters/crawler)"
57.141.20.53 - - [27/May/2026:12:27:43 +0200] "GET /items/K465309051/ HTTP/1.1" 200 0 "-" "meta-externalagent/1.1 (+https://developers.facebook.com/docs/sharing/webmasters/crawler)"
57.141.20.54 - - [27/May/2026:12:28:42 +0200] "GET /items/K462588982/ HTTP/1.1" 200 0 "-" "meta-externalagent/1.1 (+https://developers.facebook.com/docs/sharing/webmasters/crawler)"
57.141.20.17 - - [27/May/2026:12:28:24 +0200] "GET /items/K462628788/ HTTP/1.1" 200 15 "-" "meta-externalagent/1.1 (+https://developers.facebook.com/docs/sharing/webmasters/crawler)"
57.141.20.56 - - [27/May/2026:12:29:34 +0200] "GET /items/K465187495/ HTTP/1.1" 200 0 "-" "meta-externalagent/1.1 (+https://developers.facebook.com/docs/sharing/webmasters/crawler)"
109.234.166.131 - - [27/May/2026:12:30:08 +0200] "GET /wp-includese4d8c2/44/index.php?id=668933 HTTP/1.1" 404 0 "-" "GO"
109.234.166.131 - - [27/May/2026:12:30:21 +0200] "GET /wp-includese4d8c2/44/index.php?id=286796 HTTP/1.1" 404 0 "-" "GO"
57.141.20.34 - - [27/May/2026:12:31:54 +0200] "GET /items/K466679591/ HTTP/1.1" 200 0 "-" "meta-externalagent/1.1 (+https://developers.facebook.com/docs/sharing/webmasters/crawler)"
57.141.20.6 - - [27/May/2026:12:32:55 +0200] "GET /items/K463139552/ HTTP/1.1" 200 0 "-" "meta-externalagent/1.1 (+https://developers.facebook.com/docs/sharing/webmasters/crawler)"
198.204.224.34 - - [27/May/2026:12:32:57 +0200] "GET /wp-includese4d8c2/44/index.php HTTP/1.1" 200 8 "http://deribos.com/wp-includese4d8c2/44/index.php" "Mozilla/5.0 (Windows NT 10.0; Win64; x64) AppleWebKit/537.36 (KHTML, like Gecko) Chrome/58.0.3029.110 Safari/537.3"
109.234.166.131 - - [27/May/2026:12:31:33 +0200] "GET /wp-includese4d8c2/44/index.php?id=668933 HTTP/1.1" 404 0 "-" "GO"
198.204.224.34 - - [27/May/2026:12:33:02 +0200] "GET /wp-includese4d8c2/44/index.php HTTP/1.1" 200 8 "http://deribos.com/wp-includese4d8c2/44/index.php" "Mozilla/5.0 (Windows NT 10.0; Win64; x64) AppleWebKit/537.36 (KHTML, like Gecko) Chrome/58.0.3029.110 Safari/537.3"
57.141.20.51 - - [27/May/2026:12:33:14 +0200] "GET /items/K463023996/ HTTP/1.1" 200 0 "-" "meta-externalagent/1.1 (+https://developers.facebook.com/docs/sharing/webmasters/crawler)"
57.141.20.4 - - [27/May/2026:12:33:23 +0200] "GET /items/K463136397/ HTTP/1.1" 200 0 "-" "meta-externalagent/1.1 (+https://developers.facebook.com/docs/sharing/webmasters/crawler)"
57.141.20.16 - - [27/May/2026:12:33:28 +0200] "GET /items/K466659115/ HTTP/1.1" 200 0 "-" "meta-externalagent/1.1 (+https://developers.facebook.com/docs/sharing/webmasters/crawler)"
57.141.20.35 - - [27/May/2026:12:33:17 +0200] "GET /items/K465067000/ HTTP/1.1" 200 15 "-" "meta-externalagent/1.1 (+https://developers.facebook.com/docs/sharing/webmasters/crawler)"
57.141.20.62 - - [27/May/2026:12:33:41 +0200] "GET /items/K461653281/ HTTP/1.1" 200 0 "-" "meta-externalagent/1.1 (+https://developers.facebook.com/docs/sharing/webmasters/crawler)"
57.141.20.60 - - [27/May/2026:12:34:11 +0200] "GET /?k=1208648tcg6l HTTP/1.1" 200 0 "-" "meta-externalagent/1.1 (+https://developers.facebook.com/docs/sharing/webmasters/crawler)"
57.141.20.13 - - [27/May/2026:12:34:30 +0200] "GET /items/K462568811/ HTTP/1.1" 200 0 "-" "meta-externalagent/1.1 (+https://developers.facebook.com/docs/sharing/webmasters/crawler)"
52.167.144.21 - - [27/May/2026:12:34:39 +0200] "GET /De-50-Feuilles-De-Papier-Photo-Brillant-A4-Jet-D-039-encre-200g-863035/ HTTP/1.1" 200 13 "-" "Mozilla/5.0 AppleWebKit/537.36 (KHTML, like Gecko; compatible; bingbot/2.0; +http://www.bing.com/bingbot.htm) Chrome/116.0.1938.76 Safari/537.36"
109.234.166.131 - - [27/May/2026:12:33:12 +0200] "GET /wp-includese4d8c2/44/index.php?id=286796 HTTP/1.1" 404 0 "-" "GO"
57.141.20.65 - - [27/May/2026:12:36:00 +0200] "GET /items/K465157128/ HTTP/1.1" 200 0 "-" "meta-externalagent/1.1 (+https://developers.facebook.com/docs/sharing/webmasters/crawler)"
57.141.20.30 - - [27/May/2026:12:36:54 +0200] "GET /?k=4349802sd7xx HTTP/1.1" 200 0 "-" "meta-externalagent/1.1 (+https://developers.facebook.com/docs/sharing/webmasters/crawler)"
57.141.20.56 - - [27/May/2026:12:37:21 +0200] "GET /items/K464615361/ HTTP/1.1" 200 0 "-" "meta-externalagent/1.1 (+https://developers.facebook.com/docs/sharing/webmasters/crawler)"
57.141.20.54 - - [27/May/2026:12:37:27 +0200] "GET /items/K467666864/ HTTP/1.1" 200 0 "-" "meta-externalagent/1.1 (+https://developers.facebook.com/docs/sharing/webmasters/crawler)"
109.234.166.131 - - [27/May/2026:12:36:03 +0200] "GET /wp-includese4d8c2/44/index.php?id=286796 HTTP/1.1" 404 0 "-" "GO"
57.141.20.9 - - [27/May/2026:12:37:30 +0200] "GET /items/K466365488/ HTTP/1.1" 200 0 "-" "meta-externalagent/1.1 (+https://developers.facebook.com/docs/sharing/webmasters/crawler)"
57.141.20.39 - - [27/May/2026:12:37:51 +0200] "GET /items/K462149349/ HTTP/1.1" 200 0 "-" "meta-externalagent/1.1 (+https://developers.facebook.com/docs/sharing/webmasters/crawler)"
207.46.13.153 - - [27/May/2026:12:37:57 +0200] "GET /items/Q216570174/ HTTP/1.1" 200 13 "-" "Mozilla/5.0 AppleWebKit/537.36 (KHTML, like Gecko; compatible; bingbot/2.0; +http://www.bing.com/bingbot.htm) Chrome/116.0.1938.76 Safari/537.36"
57.141.20.6 - - [27/May/2026:12:38:01 +0200] "GET /items/K461181100/ HTTP/1.1" 200 0 "-" "meta-externalagent/1.1 (+https://developers.facebook.com/docs/sharing/webmasters/crawler)"
207.46.13.153 - - [27/May/2026:12:38:03 +0200] "GET /items/K351017206/ HTTP/1.1" 200 13 "-" "Mozilla/5.0 AppleWebKit/537.36 (KHTML, like Gecko; compatible; bingbot/2.0; +http://www.bing.com/bingbot.htm) Chrome/116.0.1938.76 Safari/537.36"
40.77.167.17 - - [27/May/2026:12:38:17 +0200] "GET /items/K467782026/ HTTP/1.1" 200 13 "-" "Mozilla/5.0 AppleWebKit/537.36 (KHTML, like Gecko; compatible; bingbot/2.0; +http://www.bing.com/bingbot.htm) Chrome/116.0.1938.76 Safari/537.36"
57.141.20.44 - - [27/May/2026:12:38:43 +0200] "GET /items/K463630589/ HTTP/1.1" 200 0 "-" "meta-externalagent/1.1 (+https://developers.facebook.com/docs/sharing/webmasters/crawler)"
207.46.13.36 - - [27/May/2026:12:38:49 +0200] "GET /items/U175095981/ HTTP/1.1" 200 13 "-" "Mozilla/5.0 AppleWebKit/537.36 (KHTML, like Gecko; compatible; bingbot/2.0; +http://www.bing.com/bingbot.htm) Chrome/116.0.1938.76 Safari/537.36"
109.234.166.131 - - [27/May/2026:12:26:54 +0200] "GET /wp-includese4d8c2/44/index.php?id=620088 HTTP/1.1" 404 0 "-" "GO"
109.234.166.131 - - [27/May/2026:12:28:20 +0200] "GET /wp-includese4d8c2/44/index.php?id=620088 HTTP/1.1" 404 15 "-" "GO"
57.141.20.53 - - [27/May/2026:12:29:13 +0200] "GET /items/K464020056/ HTTP/1.1" 200 0 "-" "meta-externalagent/1.1 (+https://developers.facebook.com/docs/sharing/webmasters/crawler)"
109.234.166.131 - - [27/May/2026:12:28:42 +0200] "GET /wp-includese4d8c2/44/index.php?id=668933 HTTP/1.1" 404 0 "-" "GO"
57.141.20.42 - - [27/May/2026:12:31:05 +0200] "GET /items/K466219596/ HTTP/1.1" 200 0 "-" "meta-externalagent/1.1 (+https://developers.facebook.com/docs/sharing/webmasters/crawler)"
57.141.20.17 - - [27/May/2026:12:31:41 +0200] "GET /items/K467685573/ HTTP/1.1" 200 0 "-" "meta-externalagent/1.1 (+https://developers.facebook.com/docs/sharing/webmasters/crawler)"
57.141.20.31 - - [27/May/2026:12:32:58 +0200] "GET /items/K462416211/ HTTP/1.1" 200 0 "-" "meta-externalagent/1.1 (+https://developers.facebook.com/docs/sharing/webmasters/crawler)"
57.141.20.21 - - [27/May/2026:12:33:48 +0200] "GET /items/K462234266/ HTTP/1.1" 200 0 "-" "meta-externalagent/1.1 (+https://developers.facebook.com/docs/sharing/webmasters/crawler)"
109.234.166.131 - - [27/May/2026:12:33:01 +0200] "GET /wp-includese4d8c2/44/index.php?id=668933 HTTP/1.1" 404 0 "-" "GO"
52.167.144.21 - - [27/May/2026:12:34:36 +0200] "GET /items/P717385065/ HTTP/1.1" 200 13 "-" "Mozilla/5.0 AppleWebKit/537.36 (KHTML, like Gecko; compatible; bingbot/2.0; +http://www.bing.com/bingbot.htm) Chrome/116.0.1938.76 Safari/537.36"
207.46.13.36 - - [27/May/2026:12:34:51 +0200] "GET /items/K616950309/ HTTP/1.1" 200 13 "-" "Mozilla/5.0 AppleWebKit/537.36 (KHTML, like Gecko; compatible; bingbot/2.0; +http://www.bing.com/bingbot.htm) Chrome/116.0.1938.76 Safari/537.36"
57.141.20.26 - - [27/May/2026:12:35:44 +0200] "GET /items/K465708740/ HTTP/1.1" 200 0 "-" "meta-externalagent/1.1 (+https://developers.facebook.com/docs/sharing/webmasters/crawler)"
157.55.39.194 - - [27/May/2026:12:35:55 +0200] "GET /items/Y275912648/ HTTP/1.1" 200 13 "-" "Mozilla/5.0 AppleWebKit/537.36 (KHTML, like Gecko; compatible; bingbot/2.0; +http://www.bing.com/bingbot.htm) Chrome/116.0.1938.76 Safari/537.36"
109.234.166.131 - - [27/May/2026:12:35:56 +0200] "GET /wp-includese4d8c2/44/index.php?id=668933 HTTP/1.1" 404 15 "-" "GO"
207.46.13.107 - - [27/May/2026:12:36:10 +0200] "GET /items/A571938353/ HTTP/1.1" 200 13 "-" "Mozilla/5.0 AppleWebKit/537.36 (KHTML, like Gecko; compatible; bingbot/2.0; +http://www.bing.com/bingbot.htm) Chrome/116.0.1938.76 Safari/537.36"
57.141.20.43 - - [27/May/2026:12:37:18 +0200] "GET /items/K464985542/ HTTP/1.1" 200 0 "-" "meta-externalagent/1.1 (+https://developers.facebook.com/docs/sharing/webmasters/crawler)"
57.141.20.31 - - [27/May/2026:12:37:25 +0200] "GET /items/K464781338/ HTTP/1.1" 200 0 "-" "meta-externalagent/1.1 (+https://developers.facebook.com/docs/sharing/webmasters/crawler)"
57.141.20.60 - - [27/May/2026:12:37:38 +0200] "GET /items/K466296514/ HTTP/1.1" 200 0 "-" "meta-externalagent/1.1 (+https://developers.facebook.com/docs/sharing/webmasters/crawler)"
57.141.20.52 - - [27/May/2026:12:38:23 +0200] "GET /items/K461764912/ HTTP/1.1" 200 0 "-" "meta-externalagent/1.1 (+https://developers.facebook.com/docs/sharing/webmasters/crawler)"
