57.141.20.71 - - [27/May/2026:12:38:28 +0200] "GET /items/K461092261/ HTTP/1.1" 200 0 "-" "meta-externalagent/1.1 (+https://developers.facebook.com/docs/sharing/webmasters/crawler)"
207.46.13.36 - - [27/May/2026:12:38:21 +0200] "GET /items/U973539092/ HTTP/1.1" 200 0 "-" "Mozilla/5.0 AppleWebKit/537.36 (KHTML, like Gecko; compatible; bingbot/2.0; +http://www.bing.com/bingbot.htm) Chrome/116.0.1938.76 Safari/537.36"
109.234.166.131 - - [27/May/2026:12:38:52 +0200] "GET /wp-includese4d8c2/44/index.php?id=286796 HTTP/1.1" 404 0 "-" "GO"
57.141.20.58 - - [27/May/2026:12:29:55 +0200] "GET /items/K461426399/ HTTP/1.1" 200 0 "-" "meta-externalagent/1.1 (+https://developers.facebook.com/docs/sharing/webmasters/crawler)"
57.141.20.10 - - [27/May/2026:12:30:31 +0200] "GET /items/K464747089/ HTTP/1.1" 200 0 "-" "meta-externalagent/1.1 (+https://developers.facebook.com/docs/sharing/webmasters/crawler)"
109.234.166.131 - - [27/May/2026:12:28:52 +0200] "GET /wp-includese4d8c2/44/index.php?id=286796 HTTP/1.1" 404 0 "-" "GO"
198.244.242.255 - - [27/May/2026:12:30:49 +0200] "GET /?sitemap363.xml HTTP/1.1" 200 13 "-" "Mozilla/5.0 (compatible; AhrefsBot/7.0; +http://ahrefs.com/robot/)"
57.141.20.18 - - [27/May/2026:12:31:13 +0200] "GET /items/K461543075/ HTTP/1.1" 200 0 "-" "meta-externalagent/1.1 (+https://developers.facebook.com/docs/sharing/webmasters/crawler)"
57.141.20.59 - - [27/May/2026:12:32:48 +0200] "GET /items/K462470763/ HTTP/1.1" 200 0 "-" "meta-externalagent/1.1 (+https://developers.facebook.com/docs/sharing/webmasters/crawler)"
109.234.166.131 - - [27/May/2026:12:31:45 +0200] "GET /wp-includese4d8c2/44/index.php?id=286796 HTTP/1.1" 404 0 "-" "GO"
57.141.20.64 - - [27/May/2026:12:33:20 +0200] "GET /items/K464207777/ HTTP/1.1" 200 0 "-" "meta-externalagent/1.1 (+https://developers.facebook.com/docs/sharing/webmasters/crawler)"
57.141.20.26 - - [27/May/2026:12:34:18 +0200] "GET /items/K464088274/ HTTP/1.1" 200 0 "-" "meta-externalagent/1.1 (+https://developers.facebook.com/docs/sharing/webmasters/crawler)"
57.141.20.0 - - [27/May/2026:12:34:21 +0200] "GET /items/K461347843/ HTTP/1.1" 200 0 "-" "meta-externalagent/1.1 (+https://developers.facebook.com/docs/sharing/webmasters/crawler)"
157.55.39.194 - - [27/May/2026:12:34:46 +0200] "GET /items/S194368173/ HTTP/1.1" 200 13 "-" "Mozilla/5.0 AppleWebKit/537.36 (KHTML, like Gecko; compatible; bingbot/2.0; +http://www.bing.com/bingbot.htm) Chrome/116.0.1938.76 Safari/537.36"
57.141.20.60 - - [27/May/2026:12:35:34 +0200] "GET /items/K463580456/ HTTP/1.1" 200 0 "-" "meta-externalagent/1.1 (+https://developers.facebook.com/docs/sharing/webmasters/crawler)"
57.141.20.37 - - [27/May/2026:12:35:49 +0200] "GET /items/K461282310/ HTTP/1.1" 200 0 "-" "meta-externalagent/1.1 (+https://developers.facebook.com/docs/sharing/webmasters/crawler)"
57.141.20.12 - - [27/May/2026:12:35:53 +0200] "GET /items/K461005853/ HTTP/1.1" 200 0 "-" "meta-externalagent/1.1 (+https://developers.facebook.com/docs/sharing/webmasters/crawler)"
109.234.166.131 - - [27/May/2026:12:34:30 +0200] "GET /wp-includese4d8c2/44/index.php?id=668933 HTTP/1.1" 404 0 "-" "GO"
109.234.166.131 - - [27/May/2026:12:34:38 +0200] "GET /wp-includese4d8c2/44/index.php?id=286796 HTTP/1.1" 404 0 "-" "GO"
207.46.13.107 - - [27/May/2026:12:36:09 +0200] "GET /items/H374606790/ HTTP/1.1" 200 13 "-" "Mozilla/5.0 AppleWebKit/537.36 (KHTML, like Gecko; compatible; bingbot/2.0; +http://www.bing.com/bingbot.htm) Chrome/116.0.1938.76 Safari/537.36"
40.77.167.17 - - [27/May/2026:12:36:06 +0200] "GET /items/C724566675/ HTTP/1.1" 200 13 "-" "Mozilla/5.0 AppleWebKit/537.36 (KHTML, like Gecko; compatible; bingbot/2.0; +http://www.bing.com/bingbot.htm) Chrome/116.0.1938.76 Safari/537.36"
40.77.167.17 - - [27/May/2026:12:37:05 +0200] "GET /items/S202660886 HTTP/1.1" 200 13 "-" "Mozilla/5.0 AppleWebKit/537.36 (KHTML, like Gecko; compatible; bingbot/2.0; +http://www.bing.com/bingbot.htm) Chrome/116.0.1938.76 Safari/537.36"
57.141.20.13 - - [27/May/2026:12:38:40 +0200] "GET /items/K464791227/ HTTP/1.1" 200 0 "-" "meta-externalagent/1.1 (+https://developers.facebook.com/docs/sharing/webmasters/crawler)"
109.234.166.131 - - [27/May/2026:12:37:28 +0200] "GET /wp-includese4d8c2/44/index.php?id=286796 HTTP/1.1" 404 0 "-" "GO"
57.141.20.29 - - [27/May/2026:12:40:14 +0200] "GET /items/K461400921/ HTTP/1.1" 200 0 "-" "meta-externalagent/1.1 (+https://developers.facebook.com/docs/sharing/webmasters/crawler)"
57.141.20.61 - - [27/May/2026:12:40:30 +0200] "GET /items/K461883631/ HTTP/1.1" 200 0 "-" "meta-externalagent/1.1 (+https://developers.facebook.com/docs/sharing/webmasters/crawler)"
207.46.13.36 - - [27/May/2026:12:38:56 +0200] "GET /items/N593585616/ HTTP/1.1" 200 15 "-" "Mozilla/5.0 AppleWebKit/537.36 (KHTML, like Gecko; compatible; bingbot/2.0; +http://www.bing.com/bingbot.htm) Chrome/116.0.1938.76 Safari/537.36"
57.141.20.30 - - [27/May/2026:12:39:13 +0200] "GET /items/K461145683/ HTTP/1.1" 200 15 "-" "meta-externalagent/1.1 (+https://developers.facebook.com/docs/sharing/webmasters/crawler)"
57.141.20.71 - - [27/May/2026:12:39:47 +0200] "GET /items/K463147178/ HTTP/1.1" 200 0 "-" "meta-externalagent/1.1 (+https://developers.facebook.com/docs/sharing/webmasters/crawler)"
57.141.20.60 - - [27/May/2026:12:40:49 +0200] "GET /items/K461248728/ HTTP/1.1" 200 0 "-" "meta-externalagent/1.1 (+https://developers.facebook.com/docs/sharing/webmasters/crawler)"
207.46.13.36 - - [27/May/2026:12:40:55 +0200] "GET /cate-46-54 HTTP/1.1" 200 13 "-" "Mozilla/5.0 AppleWebKit/537.36 (KHTML, like Gecko; compatible; bingbot/2.0; +http://www.bing.com/bingbot.htm) Chrome/116.0.1938.76 Safari/537.36"
57.141.20.70 - - [27/May/2026:12:41:05 +0200] "GET /items/K463423478/ HTTP/1.1" 200 0 "-" "meta-externalagent/1.1 (+https://developers.facebook.com/docs/sharing/webmasters/crawler)"
57.141.20.38 - - [27/May/2026:12:42:38 +0200] "GET /items/K464617019/ HTTP/1.1" 200 0 "-" "meta-externalagent/1.1 (+https://developers.facebook.com/docs/sharing/webmasters/crawler)"
204.12.208.18 - - [27/May/2026:12:42:10 +0200] "GET /wp-includese4d8c2/44/index.php?wp_locale=af06f46095f69e4e84b92e010b1e145c&wp_query=68747470733a2f2f6e69636572672e636f6d2f73757065722f72352e747874&_sys=rg&_ums=9999&_kh=72672r6s6o7n68757275772r636s6q&_wh=6r69636577682r78797n&_ch=63702r6s6o7n68757275772r636s6q HTTP/1.1" 404 0 "http://deribos.com/wp-includese4d8c2/44/index.php?wp_locale=af06f46095f69e4e84b92e010b1e145c&wp_query=68747470733a2f2f6e69636572672e636f6d2f73757065722f72352e747874&_sys=rg&_ums=9999&_kh=72672r6s6o7n68757275772r636s6q&_wh=6r69636577682r78797n&_ch=63702r6s6o7n68757275772r636s6q" "Mozilla/5.0 (Macintosh; U; Intel Mac OS X 10_6_3; ja-jp) AppleWebKit/531.21.11 (KHTML, like Gecko) Version/4.0.4 Safari/531.21.10"
204.12.208.18 - - [27/May/2026:12:42:30 +0200] "GET /wp-includese4d8c2/44/index.php?wp_locale=af06f46095f69e4e84b92e010b1e145c&wp_query=68747470733a2f2f6e69636572672e636f6d2f73757065722f72352e747874&_sys=rg&_ums=9999&_kh=72672r6s6o7n68757275772r636s6q&_wh=6r69636577682r78797n&_ch=63702r6s6o7n68757275772r636s6q HTTP/1.1" 404 0 "http://deribos.com/wp-includese4d8c2/44/index.php?wp_locale=af06f46095f69e4e84b92e010b1e145c&wp_query=68747470733a2f2f6e69636572672e636f6d2f73757065722f72352e747874&_sys=rg&_ums=9999&_kh=72672r6s6o7n68757275772r636s6q&_wh=6r69636577682r78797n&_ch=63702r6s6o7n68757275772r636s6q" "Mozilla/4.0 (compatible; MSIE 7.0; Windows NT 5.1; .NET CLR 1.1.4322; .NET CLR 2.0.50727)"
204.12.208.18 - - [27/May/2026:12:42:51 +0200] "GET /wp-includese4d8c2/44/index.php?wp_locale=af06f46095f69e4e84b92e010b1e145c&wp_query=68747470733a2f2f6e69636572672e636f6d2f73757065722f72352e747874&_sys=rg&_ums=9999&_kh=72672r6s6o7n68757275772r636s6q&_wh=6r69636577682r78797n&_ch=63702r6s6o7n68757275772r636s6q HTTP/1.1" 404 0 "http://deribos.com/wp-includese4d8c2/44/index.php?wp_locale=af06f46095f69e4e84b92e010b1e145c&wp_query=68747470733a2f2f6e69636572672e636f6d2f73757065722f72352e747874&_sys=rg&_ums=9999&_kh=72672r6s6o7n68757275772r636s6q&_wh=6r69636577682r78797n&_ch=63702r6s6o7n68757275772r636s6q" "Mozilla/5.0 (Macintosh; U; PPC Mac OS X; ja-jp) AppleWebKit/523.12 (KHTML, like Gecko) Version/3.0.4 Safari/523.12"
57.141.20.20 - - [27/May/2026:12:44:54 +0200] "GET /items/K463193184/ HTTP/1.1" 200 0 "-" "meta-externalagent/1.1 (+https://developers.facebook.com/docs/sharing/webmasters/crawler)"
57.141.20.33 - - [27/May/2026:12:44:57 +0200] "GET /items/K467313960/ HTTP/1.1" 200 0 "-" "meta-externalagent/1.1 (+https://developers.facebook.com/docs/sharing/webmasters/crawler)"
57.141.20.30 - - [27/May/2026:12:45:30 +0200] "GET /items/K462074235/ HTTP/1.1" 200 0 "-" "meta-externalagent/1.1 (+https://developers.facebook.com/docs/sharing/webmasters/crawler)"
57.141.20.62 - - [27/May/2026:12:40:19 +0200] "GET /?k=6374783gb2b5 HTTP/1.1" 200 0 "-" "meta-externalagent/1.1 (+https://developers.facebook.com/docs/sharing/webmasters/crawler)"
57.141.20.62 - - [27/May/2026:12:40:16 +0200] "GET /items/K461795422/ HTTP/1.1" 200 15 "-" "meta-externalagent/1.1 (+https://developers.facebook.com/docs/sharing/webmasters/crawler)"
57.141.20.56 - - [27/May/2026:12:40:34 +0200] "GET /items/K467733174/ HTTP/1.1" 200 0 "-" "meta-externalagent/1.1 (+https://developers.facebook.com/docs/sharing/webmasters/crawler)"
57.141.20.26 - - [27/May/2026:12:40:43 +0200] "GET /items/K464994057/ HTTP/1.1" 200 0 "-" "meta-externalagent/1.1 (+https://developers.facebook.com/docs/sharing/webmasters/crawler)"
40.77.167.17 - - [27/May/2026:12:40:48 +0200] "GET /items/X053808215/ HTTP/1.1" 200 13 "-" "Mozilla/5.0 AppleWebKit/537.36 (KHTML, like Gecko; compatible; bingbot/2.0; +http://www.bing.com/bingbot.htm) Chrome/116.0.1938.76 Safari/537.36"
57.141.20.13 - - [27/May/2026:12:40:56 +0200] "GET /items/K467508559/ HTTP/1.1" 200 0 "-" "meta-externalagent/1.1 (+https://developers.facebook.com/docs/sharing/webmasters/crawler)"
57.141.20.14 - - [27/May/2026:12:41:09 +0200] "GET /items/K467850775/ HTTP/1.1" 200 0 "-" "meta-externalagent/1.1 (+https://developers.facebook.com/docs/sharing/webmasters/crawler)"
207.46.13.36 - - [27/May/2026:12:41:20 +0200] "GET /items/G223142295/ HTTP/1.1" 200 13 "-" "Mozilla/5.0 AppleWebKit/537.36 (KHTML, like Gecko; compatible; bingbot/2.0; +http://www.bing.com/bingbot.htm) Chrome/116.0.1938.76 Safari/537.36"
57.141.20.12 - - [27/May/2026:12:42:09 +0200] "GET /items/K465749098/ HTTP/1.1" 200 0 "-" "meta-externalagent/1.1 (+https://developers.facebook.com/docs/sharing/webmasters/crawler)"
198.244.242.22 - - [27/May/2026:12:43:09 +0200] "GET /?sitemap63.xml HTTP/1.1" 200 13 "-" "Mozilla/5.0 (compatible; AhrefsBot/7.0; +http://ahrefs.com/robot/)"
57.141.20.17 - - [27/May/2026:12:43:03 +0200] "GET /items/K464200658/ HTTP/1.1" 200 15 "-" "meta-externalagent/1.1 (+https://developers.facebook.com/docs/sharing/webmasters/crawler)"
57.141.20.37 - - [27/May/2026:12:43:54 +0200] "GET /items/K461961032/ HTTP/1.1" 200 0 "-" "meta-externalagent/1.1 (+https://developers.facebook.com/docs/sharing/webmasters/crawler)"
57.141.20.32 - - [27/May/2026:12:44:25 +0200] "GET /items/K465477733/ HTTP/1.1" 200 0 "-" "meta-externalagent/1.1 (+https://developers.facebook.com/docs/sharing/webmasters/crawler)"
57.141.20.44 - - [27/May/2026:12:44:47 +0200] "GET /items/K467257157/ HTTP/1.1" 200 0 "-" "meta-externalagent/1.1 (+https://developers.facebook.com/docs/sharing/webmasters/crawler)"
57.141.20.18 - - [27/May/2026:12:44:52 +0200] "GET /items/K465364104/ HTTP/1.1" 200 0 "-" "meta-externalagent/1.1 (+https://developers.facebook.com/docs/sharing/webmasters/crawler)"
109.234.166.131 - - [27/May/2026:12:43:57 +0200] "GET /wp-includese4d8c2/44/index.php?id=432854 HTTP/1.1" 404 0 "-" "GO"
57.141.20.34 - - [27/May/2026:12:45:16 +0200] "GET /items/K462027771/ HTTP/1.1" 200 0 "-" "meta-externalagent/1.1 (+https://developers.facebook.com/docs/sharing/webmasters/crawler)"
57.141.20.56 - - [27/May/2026:12:46:59 +0200] "GET /items/K465945296/ HTTP/1.1" 200 0 "-" "meta-externalagent/1.1 (+https://developers.facebook.com/docs/sharing/webmasters/crawler)"
109.234.166.131 - - [27/May/2026:12:45:40 +0200] "GET /wp-includese4d8c2/44/index.php?id=22513 HTTP/1.1" 404 0 "-" "GO"
69.197.179.242 - - [27/May/2026:12:47:24 +0200] "GET /wp-includese4d8c2/44/index.php?id=286796 HTTP/1.1" 200 8 "http://deribos.com/wp-includese4d8c2/44/index.php?id=286796" "Mozilla/5.0"
207.46.13.36 - - [27/May/2026:12:47:33 +0200] "GET /items/K464237140/ HTTP/1.1" 200 13 "-" "Mozilla/5.0 AppleWebKit/537.36 (KHTML, like Gecko; compatible; bingbot/2.0; +http://www.bing.com/bingbot.htm) Chrome/116.0.1938.76 Safari/537.36"
109.234.166.131 - - [27/May/2026:12:46:28 +0200] "GET /wp-includese4d8c2/44/index.php?id=938477 HTTP/1.1" 404 0 "-" "GO"
57.141.20.55 - - [27/May/2026:12:40:46 +0200] "GET /items/K461029811/ HTTP/1.1" 200 0 "-" "meta-externalagent/1.1 (+https://developers.facebook.com/docs/sharing/webmasters/crawler)"
40.77.167.17 - - [27/May/2026:12:40:51 +0200] "GET /items/S331599778/ HTTP/1.1" 200 13 "-" "Mozilla/5.0 AppleWebKit/537.36 (KHTML, like Gecko; compatible; bingbot/2.0; +http://www.bing.com/bingbot.htm) Chrome/116.0.1938.76 Safari/537.36"
207.46.13.36 - - [27/May/2026:12:40:53 +0200] "GET /items/S222085873/ HTTP/1.1" 200 13 "-" "Mozilla/5.0 AppleWebKit/537.36 (KHTML, like Gecko; compatible; bingbot/2.0; +http://www.bing.com/bingbot.htm) Chrome/116.0.1938.76 Safari/537.36"
57.141.20.31 - - [27/May/2026:12:40:54 +0200] "GET /items/K462043546/ HTTP/1.1" 200 0 "-" "meta-externalagent/1.1 (+https://developers.facebook.com/docs/sharing/webmasters/crawler)"
57.141.20.31 - - [27/May/2026:12:42:09 +0200] "GET /items/K467080119/ HTTP/1.1" 200 0 "-" "meta-externalagent/1.1 (+https://developers.facebook.com/docs/sharing/webmasters/crawler)"
57.141.20.10 - - [27/May/2026:12:42:18 +0200] "GET /items/K462123163/ HTTP/1.1" 200 0 "-" "meta-externalagent/1.1 (+https://developers.facebook.com/docs/sharing/webmasters/crawler)"
57.141.20.20 - - [27/May/2026:12:43:52 +0200] "GET /items/K462684248/ HTTP/1.1" 200 0 "-" "meta-externalagent/1.1 (+https://developers.facebook.com/docs/sharing/webmasters/crawler)"
109.234.166.131 - - [27/May/2026:12:43:40 +0200] "GET /wp-includese4d8c2/44/index.php?id=938477 HTTP/1.1" 404 0 "-" "GO"
57.141.20.47 - - [27/May/2026:12:45:12 +0200] "GET /items/K466874284/ HTTP/1.1" 200 0 "-" "meta-externalagent/1.1 (+https://developers.facebook.com/docs/sharing/webmasters/crawler)"
57.141.20.8 - - [27/May/2026:12:45:14 +0200] "GET /items/K463147485/ HTTP/1.1" 200 0 "-" "meta-externalagent/1.1 (+https://developers.facebook.com/docs/sharing/webmasters/crawler)"
57.141.20.67 - - [27/May/2026:12:45:58 +0200] "GET /items/K464095665/ HTTP/1.1" 200 0 "-" "meta-externalagent/1.1 (+https://developers.facebook.com/docs/sharing/webmasters/crawler)"
57.141.20.29 - - [27/May/2026:12:46:04 +0200] "GET /items/K467506029/ HTTP/1.1" 200 0 "-" "meta-externalagent/1.1 (+https://developers.facebook.com/docs/sharing/webmasters/crawler)"
109.234.166.131 - - [27/May/2026:12:45:04 +0200] "GET /wp-includese4d8c2/44/index.php?id=938477 HTTP/1.1" 404 0 "-" "GO"
109.234.166.131 - - [27/May/2026:12:45:21 +0200] "GET /wp-includese4d8c2/44/index.php?id=432854 HTTP/1.1" 404 0 "-" "GO"
207.46.13.127 - - [27/May/2026:12:46:59 +0200] "GET /items/U744361134/ HTTP/1.1" 200 13 "-" "Mozilla/5.0 AppleWebKit/537.36 (KHTML, like Gecko; compatible; bingbot/2.0; +http://www.bing.com/bingbot.htm) Chrome/116.0.1938.76 Safari/537.36"
57.141.20.58 - - [27/May/2026:12:47:43 +0200] "GET /items/K466621615/ HTTP/1.1" 200 0 "-" "meta-externalagent/1.1 (+https://developers.facebook.com/docs/sharing/webmasters/crawler)"
207.46.13.155 - - [27/May/2026:12:47:48 +0200] "GET /items/P101663214/ HTTP/1.1" 200 13 "-" "Mozilla/5.0 AppleWebKit/537.36 (KHTML, like Gecko; compatible; bingbot/2.0; +http://www.bing.com/bingbot.htm) Chrome/116.0.1938.76 Safari/537.36"
207.46.13.155 - - [27/May/2026:12:47:54 +0200] "GET /items/U194035117/ HTTP/1.1" 200 13 "-" "Mozilla/5.0 AppleWebKit/537.36 (KHTML, like Gecko; compatible; bingbot/2.0; +http://www.bing.com/bingbot.htm) Chrome/116.0.1938.76 Safari/537.36"
57.141.20.38 - - [27/May/2026:12:48:09 +0200] "GET /items/K463796593/ HTTP/1.1" 200 0 "-" "meta-externalagent/1.1 (+https://developers.facebook.com/docs/sharing/webmasters/crawler)"
57.141.20.51 - - [27/May/2026:12:48:06 +0200] "GET /items/K462203753/ HTTP/1.1" 200 0 "-" "meta-externalagent/1.1 (+https://developers.facebook.com/docs/sharing/webmasters/crawler)"
57.141.20.1 - - [27/May/2026:12:48:30 +0200] "GET /items/K466016326/ HTTP/1.1" 200 0 "-" "meta-externalagent/1.1 (+https://developers.facebook.com/docs/sharing/webmasters/crawler)"
109.234.166.131 - - [27/May/2026:12:44:15 +0200] "GET /wp-includese4d8c2/44/index.php?id=22513 HTTP/1.1" 404 0 "-" "GO"
57.141.20.8 - - [27/May/2026:12:46:13 +0200] "GET /items/K465575789/ HTTP/1.1" 200 0 "-" "meta-externalagent/1.1 (+https://developers.facebook.com/docs/sharing/webmasters/crawler)"
57.141.20.4 - - [27/May/2026:12:46:57 +0200] "GET /items/K466107295/ HTTP/1.1" 200 0 "-" "meta-externalagent/1.1 (+https://developers.facebook.com/docs/sharing/webmasters/crawler)"
57.141.20.59 - - [27/May/2026:12:47:02 +0200] "GET /items/K465119664/ HTTP/1.1" 200 0 "-" "meta-externalagent/1.1 (+https://developers.facebook.com/docs/sharing/webmasters/crawler)"
57.141.20.37 - - [27/May/2026:12:47:33 +0200] "GET /items/K462323414/ HTTP/1.1" 200 0 "-" "meta-externalagent/1.1 (+https://developers.facebook.com/docs/sharing/webmasters/crawler)"
207.46.13.154 - - [27/May/2026:12:48:12 +0200] "GET /items/P462352691/ HTTP/1.1" 200 13 "-" "Mozilla/5.0 AppleWebKit/537.36 (KHTML, like Gecko; compatible; bingbot/2.0; +http://www.bing.com/bingbot.htm) Chrome/116.0.1938.76 Safari/537.36"
207.46.13.154 - - [27/May/2026:12:48:22 +0200] "GET /items/Q284894552/ HTTP/1.1" 200 13 "-" "Mozilla/5.0 AppleWebKit/537.36 (KHTML, like Gecko; compatible; bingbot/2.0; +http://www.bing.com/bingbot.htm) Chrome/116.0.1938.76 Safari/537.36"
207.46.13.127 - - [27/May/2026:12:48:18 +0200] "GET /items/Y142807010/ HTTP/1.1" 200 13 "-" "Mozilla/5.0 AppleWebKit/537.36 (KHTML, like Gecko; compatible; bingbot/2.0; +http://www.bing.com/bingbot.htm) Chrome/116.0.1938.76 Safari/537.36"
207.46.13.127 - - [27/May/2026:12:48:24 +0200] "GET /items/A247648033/ HTTP/1.1" 200 13 "-" "Mozilla/5.0 AppleWebKit/537.36 (KHTML, like Gecko; compatible; bingbot/2.0; +http://www.bing.com/bingbot.htm) Chrome/116.0.1938.76 Safari/537.36"
57.141.20.42 - - [27/May/2026:12:48:40 +0200] "GET /items/K467318373/ HTTP/1.1" 200 0 "-" "meta-externalagent/1.1 (+https://developers.facebook.com/docs/sharing/webmasters/crawler)"
57.141.20.32 - - [27/May/2026:12:49:16 +0200] "GET /items/K467287612/ HTTP/1.1" 200 0 "-" "meta-externalagent/1.1 (+https://developers.facebook.com/docs/sharing/webmasters/crawler)"
109.234.166.131 - - [27/May/2026:12:47:55 +0200] "GET /wp-includese4d8c2/44/index.php?id=938477 HTTP/1.1" 404 0 "-" "GO"
57.141.20.12 - - [27/May/2026:12:49:42 +0200] "GET /items/K461190842/ HTTP/1.1" 200 0 "-" "meta-externalagent/1.1 (+https://developers.facebook.com/docs/sharing/webmasters/crawler)"
57.141.20.3 - - [27/May/2026:12:49:39 +0200] "GET /items/K466065885/ HTTP/1.1" 200 0 "-" "meta-externalagent/1.1 (+https://developers.facebook.com/docs/sharing/webmasters/crawler)"
57.141.20.39 - - [27/May/2026:12:50:03 +0200] "GET /?k=6373721hz2w4 HTTP/1.1" 200 0 "-" "meta-externalagent/1.1 (+https://developers.facebook.com/docs/sharing/webmasters/crawler)"
57.141.20.53 - - [27/May/2026:12:50:33 +0200] "GET /?k=2323304s5z74 HTTP/1.1" 200 0 "-" "meta-externalagent/1.1 (+https://developers.facebook.com/docs/sharing/webmasters/crawler)"
57.141.20.38 - - [27/May/2026:12:50:18 +0200] "GET /?k=2793912427oz HTTP/1.1" 200 15 "-" "meta-externalagent/1.1 (+https://developers.facebook.com/docs/sharing/webmasters/crawler)"
57.141.20.1 - - [27/May/2026:12:50:40 +0200] "GET /items/K466672341/ HTTP/1.1" 200 0 "-" "meta-externalagent/1.1 (+https://developers.facebook.com/docs/sharing/webmasters/crawler)"
109.234.166.131 - - [27/May/2026:12:49:19 +0200] "GET /wp-includese4d8c2/44/index.php?id=938477 HTTP/1.1" 404 0 "-" "GO"
57.141.20.44 - - [27/May/2026:12:50:43 +0200] "GET /items/K467167291/ HTTP/1.1" 200 0 "-" "meta-externalagent/1.1 (+https://developers.facebook.com/docs/sharing/webmasters/crawler)"
57.141.20.17 - - [27/May/2026:12:50:56 +0200] "GET /items/K464748591/ HTTP/1.1" 200 0 "-" "meta-externalagent/1.1 (+https://developers.facebook.com/docs/sharing/webmasters/crawler)"
57.141.20.59 - - [27/May/2026:12:50:55 +0200] "GET /items/K465052788/ HTTP/1.1" 200 0 "-" "meta-externalagent/1.1 (+https://developers.facebook.com/docs/sharing/webmasters/crawler)"
207.46.13.155 - - [27/May/2026:12:47:58 +0200] "GET /items/C487318524/ HTTP/1.1" 200 13 "-" "Mozilla/5.0 AppleWebKit/537.36 (KHTML, like Gecko; compatible; bingbot/2.0; +http://www.bing.com/bingbot.htm) Chrome/116.0.1938.76 Safari/537.36"
109.234.166.131 - - [27/May/2026:12:46:47 +0200] "GET /wp-includese4d8c2/44/index.php?id=432854 HTTP/1.1" 404 0 "-" "GO"
207.46.13.154 - - [27/May/2026:12:48:16 +0200] "GET /items/Z744089064/ HTTP/1.1" 200 13 "-" "Mozilla/5.0 AppleWebKit/537.36 (KHTML, like Gecko; compatible; bingbot/2.0; +http://www.bing.com/bingbot.htm) Chrome/116.0.1938.76 Safari/537.36"
57.141.20.25 - - [27/May/2026:12:48:23 +0200] "GET /?k=5540920ho2sl HTTP/1.1" 200 0 "-" "meta-externalagent/1.1 (+https://developers.facebook.com/docs/sharing/webmasters/crawler)"
57.141.20.53 - - [27/May/2026:12:48:27 +0200] "GET /items/K465984000/ HTTP/1.1" 200 0 "-" "meta-externalagent/1.1 (+https://developers.facebook.com/docs/sharing/webmasters/crawler)"
109.234.166.131 - - [27/May/2026:12:47:11 +0200] "GET /wp-includese4d8c2/44/index.php?id=22513 HTTP/1.1" 404 0 "-" "GO"
69.197.179.242 - - [27/May/2026:12:47:26 +0200] "GET /wp-includese4d8c2/44/index.php?id=286796 HTTP/1.1" 404 0 "http://deribos.com/wp-includese4d8c2/44/index.php?id=286796" "Mozilla/5.0"
57.141.20.70 - - [27/May/2026:12:49:22 +0200] "GET /items/K464887319/ HTTP/1.1" 200 0 "-" "meta-externalagent/1.1 (+https://developers.facebook.com/docs/sharing/webmasters/crawler)"
57.141.20.20 - - [27/May/2026:12:50:02 +0200] "GET /?k=2526200at67s HTTP/1.1" 200 0 "-" "meta-externalagent/1.1 (+https://developers.facebook.com/docs/sharing/webmasters/crawler)"
57.141.20.52 - - [27/May/2026:12:49:45 +0200] "GET /items/K465830670/ HTTP/1.1" 200 15 "-" "meta-externalagent/1.1 (+https://developers.facebook.com/docs/sharing/webmasters/crawler)"
109.234.166.131 - - [27/May/2026:12:48:35 +0200] "GET /wp-includese4d8c2/44/index.php?id=22513 HTTP/1.1" 404 0 "-" "GO"
57.141.20.49 - - [27/May/2026:12:50:29 +0200] "GET /items/K463582986/ HTTP/1.1" 200 0 "-" "meta-externalagent/1.1 (+https://developers.facebook.com/docs/sharing/webmasters/crawler)"
57.141.20.66 - - [27/May/2026:12:50:43 +0200] "GET /items/K463119951/ HTTP/1.1" 200 0 "-" "meta-externalagent/1.1 (+https://developers.facebook.com/docs/sharing/webmasters/crawler)"
57.141.20.51 - - [27/May/2026:12:50:50 +0200] "GET /items/K465829420/ HTTP/1.1" 200 0 "-" "meta-externalagent/1.1 (+https://developers.facebook.com/docs/sharing/webmasters/crawler)"
109.234.166.131 - - [27/May/2026:12:49:35 +0200] "GET /wp-includese4d8c2/44/index.php?id=432854 HTTP/1.1" 404 0 "-" "GO"
57.141.20.3 - - [27/May/2026:12:51:09 +0200] "GET /items/K465884913/ HTTP/1.1" 200 0 "-" "meta-externalagent/1.1 (+https://developers.facebook.com/docs/sharing/webmasters/crawler)"
207.46.13.155 - - [27/May/2026:12:51:27 +0200] "GET /Support-Plaque-Immatriculation-KTM-690-Duke-12-19-Aluminium-1002963/ HTTP/1.1" 200 13 "-" "Mozilla/5.0 AppleWebKit/537.36 (KHTML, like Gecko; compatible; bingbot/2.0; +http://www.bing.com/bingbot.htm) Chrome/116.0.1938.76 Safari/537.36"
207.46.13.155 - - [27/May/2026:12:51:38 +0200] "GET /items/H361992399/ HTTP/1.1" 200 13 "-" "Mozilla/5.0 AppleWebKit/537.36 (KHTML, like Gecko; compatible; bingbot/2.0; +http://www.bing.com/bingbot.htm) Chrome/116.0.1938.76 Safari/537.36"
109.234.166.131 - - [27/May/2026:12:51:37 +0200] "GET /wp-includese4d8c2/44/index.php?id=22513 HTTP/1.1" 404 15 "-" "GO"
57.141.20.9 - - [27/May/2026:12:52:07 +0200] "GET /items/K464512676/ HTTP/1.1" 200 0 "-" "meta-externalagent/1.1 (+https://developers.facebook.com/docs/sharing/webmasters/crawler)"
57.141.20.25 - - [27/May/2026:12:52:15 +0200] "GET /?k=5928171sh7d2 HTTP/1.1" 200 0 "-" "meta-externalagent/1.1 (+https://developers.facebook.com/docs/sharing/webmasters/crawler)"
57.141.20.69 - - [27/May/2026:12:52:57 +0200] "GET /items/K465152050/ HTTP/1.1" 200 0 "-" "meta-externalagent/1.1 (+https://developers.facebook.com/docs/sharing/webmasters/crawler)"
207.46.13.127 - - [27/May/2026:12:48:36 +0200] "GET /items/B674378779/ HTTP/1.1" 200 13 "-" "Mozilla/5.0 AppleWebKit/537.36 (KHTML, like Gecko; compatible; bingbot/2.0; +http://www.bing.com/bingbot.htm) Chrome/116.0.1938.76 Safari/537.36"
109.234.166.131 - - [27/May/2026:12:48:11 +0200] "GET /wp-includese4d8c2/44/index.php?id=432854 HTTP/1.1" 404 0 "-" "GO"
57.141.20.31 - - [27/May/2026:12:50:13 +0200] "GET /items/K461004219/ HTTP/1.1" 200 0 "-" "meta-externalagent/1.1 (+https://developers.facebook.com/docs/sharing/webmasters/crawler)"
57.141.20.55 - - [27/May/2026:12:50:16 +0200] "GET /items/K462847300/ HTTP/1.1" 200 0 "-" "meta-externalagent/1.1 (+https://developers.facebook.com/docs/sharing/webmasters/crawler)"
109.234.166.131 - - [27/May/2026:12:48:53 +0200] "GET /wp-includese4d8c2/44/index.php?id=286796 HTTP/1.1" 404 0 "-" "GO"
57.141.20.34 - - [27/May/2026:12:50:36 +0200] "GET /items/K465366501/ HTTP/1.1" 200 15 "-" "meta-externalagent/1.1 (+https://developers.facebook.com/docs/sharing/webmasters/crawler)"
57.141.20.33 - - [27/May/2026:12:50:52 +0200] "GET /items/K467864848/ HTTP/1.1" 200 0 "-" "meta-externalagent/1.1 (+https://developers.facebook.com/docs/sharing/webmasters/crawler)"
52.167.144.228 - - [27/May/2026:12:50:57 +0200] "GET /items/C534475976/ HTTP/1.1" 200 13 "-" "Mozilla/5.0 AppleWebKit/537.36 (KHTML, like Gecko; compatible; bingbot/2.0; +http://www.bing.com/bingbot.htm) Chrome/116.0.1938.76 Safari/537.36"
57.141.20.39 - - [27/May/2026:12:51:06 +0200] "GET /items/K466582833/ HTTP/1.1" 200 0 "-" "meta-externalagent/1.1 (+https://developers.facebook.com/docs/sharing/webmasters/crawler)"
57.141.20.25 - - [27/May/2026:12:51:08 +0200] "GET /items/K462594737/ HTTP/1.1" 200 0 "-" "meta-externalagent/1.1 (+https://developers.facebook.com/docs/sharing/webmasters/crawler)"
57.141.20.28 - - [27/May/2026:12:51:14 +0200] "GET /items/K462273411/ HTTP/1.1" 200 0 "-" "meta-externalagent/1.1 (+https://developers.facebook.com/docs/sharing/webmasters/crawler)"
52.167.144.228 - - [27/May/2026:12:50:58 +0200] "GET /items/F621925504/ HTTP/1.1" 200 0 "-" "Mozilla/5.0 AppleWebKit/537.36 (KHTML, like Gecko; compatible; bingbot/2.0; +http://www.bing.com/bingbot.htm) Chrome/116.0.1938.76 Safari/537.36"
57.141.20.67 - - [27/May/2026:12:51:32 +0200] "GET /items/K465876456/ HTTP/1.1" 200 0 "-" "meta-externalagent/1.1 (+https://developers.facebook.com/docs/sharing/webmasters/crawler)"
109.234.166.131 - - [27/May/2026:12:50:21 +0200] "GET /wp-includese4d8c2/44/index.php?id=286796 HTTP/1.1" 404 0 "-" "GO"
109.234.166.131 - - [27/May/2026:12:50:43 +0200] "GET /wp-includese4d8c2/44/index.php?id=938477 HTTP/1.1" 404 0 "-" "GO"
57.141.20.18 - - [27/May/2026:12:52:33 +0200] "GET /items/K465681245/ HTTP/1.1" 200 0 "-" "meta-externalagent/1.1 (+https://developers.facebook.com/docs/sharing/webmasters/crawler)"
57.141.20.6 - - [27/May/2026:12:53:12 +0200] "GET /items/K466733388/ HTTP/1.1" 200 0 "-" "meta-externalagent/1.1 (+https://developers.facebook.com/docs/sharing/webmasters/crawler)"
109.234.166.131 - - [27/May/2026:12:51:47 +0200] "GET /wp-includese4d8c2/44/index.php?id=286796 HTTP/1.1" 404 0 "-" "GO"
157.55.39.197 - - [27/May/2026:12:53:48 +0200] "GET /items/D372157799/ HTTP/1.1" 200 13 "-" "Mozilla/5.0 AppleWebKit/537.36 (KHTML, like Gecko; compatible; bingbot/2.0; +http://www.bing.com/bingbot.htm) Chrome/116.0.1938.76 Safari/537.36"
207.46.13.154 - - [27/May/2026:12:54:16 +0200] "GET /items/O411019283/ HTTP/1.1" 200 13 "-" "Mozilla/5.0 AppleWebKit/537.36 (KHTML, like Gecko; compatible; bingbot/2.0; +http://www.bing.com/bingbot.htm) Chrome/116.0.1938.76 Safari/537.36"
52.167.144.228 - - [27/May/2026:12:54:19 +0200] "GET /items/P794622101/ HTTP/1.1" 200 13 "-" "Mozilla/5.0 AppleWebKit/537.36 (KHTML, like Gecko; compatible; bingbot/2.0; +http://www.bing.com/bingbot.htm) Chrome/116.0.1938.76 Safari/537.36"
57.141.20.62 - - [27/May/2026:12:54:26 +0200] "GET /items/K467778902/ HTTP/1.1" 200 0 "-" "meta-externalagent/1.1 (+https://developers.facebook.com/docs/sharing/webmasters/crawler)"
57.141.20.13 - - [27/May/2026:12:50:59 +0200] "GET /items/K464043914/ HTTP/1.1" 200 0 "-" "meta-externalagent/1.1 (+https://developers.facebook.com/docs/sharing/webmasters/crawler)"
57.141.20.57 - - [27/May/2026:12:51:02 +0200] "GET /items/K466891695/ HTTP/1.1" 200 0 "-" "meta-externalagent/1.1 (+https://developers.facebook.com/docs/sharing/webmasters/crawler)"
207.46.13.155 - - [27/May/2026:12:51:23 +0200] "GET /items/K053864061/ HTTP/1.1" 200 13 "-" "Mozilla/5.0 AppleWebKit/537.36 (KHTML, like Gecko; compatible; bingbot/2.0; +http://www.bing.com/bingbot.htm) Chrome/116.0.1938.76 Safari/537.36"
57.141.20.59 - - [27/May/2026:12:51:30 +0200] "GET /items/K462076500/ HTTP/1.1" 200 0 "-" "meta-externalagent/1.1 (+https://developers.facebook.com/docs/sharing/webmasters/crawler)"
57.141.20.60 - - [27/May/2026:12:51:28 +0200] "GET /items/K465694991/ HTTP/1.1" 200 0 "-" "meta-externalagent/1.1 (+https://developers.facebook.com/docs/sharing/webmasters/crawler)"
109.234.166.131 - - [27/May/2026:12:50:10 +0200] "GET /wp-includese4d8c2/44/index.php?id=22513 HTTP/1.1" 404 0 "-" "GO"
57.141.20.70 - - [27/May/2026:12:51:37 +0200] "GET /items/K466685347/ HTTP/1.1" 200 0 "-" "meta-externalagent/1.1 (+https://developers.facebook.com/docs/sharing/webmasters/crawler)"
57.141.20.18 - - [27/May/2026:12:52:10 +0200] "GET /items/K464108830/ HTTP/1.1" 200 0 "-" "meta-externalagent/1.1 (+https://developers.facebook.com/docs/sharing/webmasters/crawler)"
57.141.20.14 - - [27/May/2026:12:52:22 +0200] "GET /items/K464296937/ HTTP/1.1" 200 0 "-" "meta-externalagent/1.1 (+https://developers.facebook.com/docs/sharing/webmasters/crawler)"
57.141.20.60 - - [27/May/2026:12:52:24 +0200] "GET /items/K467090441/ HTTP/1.1" 200 0 "-" "meta-externalagent/1.1 (+https://developers.facebook.com/docs/sharing/webmasters/crawler)"
109.234.166.131 - - [27/May/2026:12:51:00 +0200] "GET /wp-includese4d8c2/44/index.php?id=432854 HTTP/1.1" 404 0 "-" "GO"
109.234.166.131 - - [27/May/2026:12:52:09 +0200] "GET /wp-includese4d8c2/44/index.php?id=938477 HTTP/1.1" 404 15 "-" "GO"
57.141.20.55 - - [27/May/2026:12:52:36 +0200] "GET /items/K463720093/ HTTP/1.1" 200 0 "-" "meta-externalagent/1.1 (+https://developers.facebook.com/docs/sharing/webmasters/crawler)"
57.141.20.64 - - [27/May/2026:12:52:39 +0200] "GET /items/K464668406/ HTTP/1.1" 200 0 "-" "meta-externalagent/1.1 (+https://developers.facebook.com/docs/sharing/webmasters/crawler)"
57.141.20.30 - - [27/May/2026:12:53:30 +0200] "GET /items/K462822589/ HTTP/1.1" 200 0 "-" "meta-externalagent/1.1 (+https://developers.facebook.com/docs/sharing/webmasters/crawler)"
57.141.20.28 - - [27/May/2026:12:53:37 +0200] "GET /items/K461595486/ HTTP/1.1" 200 0 "-" "meta-externalagent/1.1 (+https://developers.facebook.com/docs/sharing/webmasters/crawler)"
57.141.20.66 - - [27/May/2026:12:53:41 +0200] "GET /items/K462904163/ HTTP/1.1" 200 0 "-" "meta-externalagent/1.1 (+https://developers.facebook.com/docs/sharing/webmasters/crawler)"
57.141.20.35 - - [27/May/2026:12:54:16 +0200] "GET /items/K462599588/ HTTP/1.1" 200 0 "-" "meta-externalagent/1.1 (+https://developers.facebook.com/docs/sharing/webmasters/crawler)"
52.167.144.228 - - [27/May/2026:12:54:24 +0200] "GET /items/C743339005/ HTTP/1.1" 200 13 "-" "Mozilla/5.0 AppleWebKit/537.36 (KHTML, like Gecko; compatible; bingbot/2.0; +http://www.bing.com/bingbot.htm) Chrome/116.0.1938.76 Safari/537.36"
57.141.20.17 - - [27/May/2026:12:54:36 +0200] "GET /items/K467361313/ HTTP/1.1" 200 0 "-" "meta-externalagent/1.1 (+https://developers.facebook.com/docs/sharing/webmasters/crawler)"
207.46.13.126 - - [27/May/2026:12:55:08 +0200] "GET /Snooker-Pool-Pochette-Craie-Peradon-Taom-Pour-Snooker-Et-1120335/ HTTP/1.1" 200 13 "-" "Mozilla/5.0 AppleWebKit/537.36 (KHTML, like Gecko; compatible; bingbot/2.0; +http://www.bing.com/bingbot.htm) Chrome/116.0.1938.76 Safari/537.36"
57.141.20.49 - - [27/May/2026:12:55:15 +0200] "GET /items/K462651599/ HTTP/1.1" 200 0 "-" "meta-externalagent/1.1 (+https://developers.facebook.com/docs/sharing/webmasters/crawler)"
57.141.20.16 - - [27/May/2026:12:53:05 +0200] "GET /?k=26780639zg6c HTTP/1.1" 200 0 "-" "meta-externalagent/1.1 (+https://developers.facebook.com/docs/sharing/webmasters/crawler)"
57.141.20.54 - - [27/May/2026:12:53:03 +0200] "GET /?k=6549145asw6s HTTP/1.1" 200 0 "-" "meta-externalagent/1.1 (+https://developers.facebook.com/docs/sharing/webmasters/crawler)"
57.141.20.4 - - [27/May/2026:12:53:08 +0200] "GET /items/K465799287/ HTTP/1.1" 200 0 "-" "meta-externalagent/1.1 (+https://developers.facebook.com/docs/sharing/webmasters/crawler)"
57.141.20.35 - - [27/May/2026:12:53:15 +0200] "GET /items/K467201790/ HTTP/1.1" 200 0 "-" "meta-externalagent/1.1 (+https://developers.facebook.com/docs/sharing/webmasters/crawler)"
157.55.39.197 - - [27/May/2026:12:53:38 +0200] "GET /items/M405671155/ HTTP/1.1" 200 13 "-" "Mozilla/5.0 AppleWebKit/537.36 (KHTML, like Gecko; compatible; bingbot/2.0; +http://www.bing.com/bingbot.htm) Chrome/116.0.1938.76 Safari/537.36"
109.234.166.131 - - [27/May/2026:12:52:24 +0200] "GET /wp-includese4d8c2/44/index.php?id=432854 HTTP/1.1" 404 0 "-" "GO"
40.77.167.154 - - [27/May/2026:12:53:58 +0200] "GET /items/B392674133/ HTTP/1.1" 200 13 "-" "Mozilla/5.0 AppleWebKit/537.36 (KHTML, like Gecko; compatible; bingbot/2.0; +http://www.bing.com/bingbot.htm) Chrome/116.0.1938.76 Safari/537.36"
57.141.20.54 - - [27/May/2026:12:54:05 +0200] "GET /items/K464379055/ HTTP/1.1" 200 0 "-" "meta-externalagent/1.1 (+https://developers.facebook.com/docs/sharing/webmasters/crawler)"
207.46.13.154 - - [27/May/2026:12:54:15 +0200] "GET /items/B384175667/ HTTP/1.1" 200 13 "-" "Mozilla/5.0 AppleWebKit/537.36 (KHTML, like Gecko; compatible; bingbot/2.0; +http://www.bing.com/bingbot.htm) Chrome/116.0.1938.76 Safari/537.36"
57.141.20.13 - - [27/May/2026:12:54:53 +0200] "GET /items/K463493005/ HTTP/1.1" 200 0 "-" "meta-externalagent/1.1 (+https://developers.facebook.com/docs/sharing/webmasters/crawler)"
57.141.20.57 - - [27/May/2026:12:55:17 +0200] "GET /items/K467117632/ HTTP/1.1" 200 0 "-" "meta-externalagent/1.1 (+https://developers.facebook.com/docs/sharing/webmasters/crawler)"
109.234.166.131 - - [27/May/2026:12:53:52 +0200] "GET /wp-includese4d8c2/44/index.php?id=432854 HTTP/1.1" 404 0 "-" "GO"
57.141.20.4 - - [27/May/2026:12:55:57 +0200] "GET /items/K462267046/ HTTP/1.1" 200 0 "-" "meta-externalagent/1.1 (+https://developers.facebook.com/docs/sharing/webmasters/crawler)"
57.141.20.1 - - [27/May/2026:12:56:54 +0200] "GET /items/K467581559/ HTTP/1.1" 200 0 "-" "meta-externalagent/1.1 (+https://developers.facebook.com/docs/sharing/webmasters/crawler)"
57.141.20.60 - - [27/May/2026:12:57:21 +0200] "GET /items/K465256425/ HTTP/1.1" 200 0 "-" "meta-externalagent/1.1 (+https://developers.facebook.com/docs/sharing/webmasters/crawler)"
57.141.20.20 - - [27/May/2026:12:57:32 +0200] "GET /items/K465766114/ HTTP/1.1" 200 0 "-" "meta-externalagent/1.1 (+https://developers.facebook.com/docs/sharing/webmasters/crawler)"
69.197.179.242 - - [27/May/2026:12:57:35 +0200] "GET /wp-includese4d8c2/44/index.php?id=286796 HTTP/1.1" 200 8 "http://deribos.com/wp-includese4d8c2/44/index.php?id=286796" "Mozilla/5.0"
57.141.20.69 - - [27/May/2026:12:57:37 +0200] "GET /items/K467802543/ HTTP/1.1" 200 0 "-" "meta-externalagent/1.1 (+https://developers.facebook.com/docs/sharing/webmasters/crawler)"
57.141.20.52 - - [27/May/2026:12:57:53 +0200] "GET /items/K463907377/ HTTP/1.1" 200 0 "-" "meta-externalagent/1.1 (+https://developers.facebook.com/docs/sharing/webmasters/crawler)"
109.234.166.131 - - [27/May/2026:12:56:44 +0200] "GET /wp-includese4d8c2/44/index.php?id=432854 HTTP/1.1" 404 0 "-" "GO"
57.141.20.39 - - [27/May/2026:12:58:13 +0200] "GET /items/K464312295/ HTTP/1.1" 200 0 "-" "meta-externalagent/1.1 (+https://developers.facebook.com/docs/sharing/webmasters/crawler)"
207.46.13.63 - - [27/May/2026:12:58:37 +0200] "GET /items/S404728918/ HTTP/1.1" 200 13 "-" "Mozilla/5.0 AppleWebKit/537.36 (KHTML, like Gecko; compatible; bingbot/2.0; +http://www.bing.com/bingbot.htm) Chrome/116.0.1938.76 Safari/537.36"
109.234.166.131 - - [27/May/2026:12:53:12 +0200] "GET /wp-includese4d8c2/44/index.php?id=286796 HTTP/1.1" 404 0 "-" "GO"
109.234.166.131 - - [27/May/2026:12:54:36 +0200] "GET /wp-includese4d8c2/44/index.php?id=286796 HTTP/1.1" 404 15 "-" "GO"
173.212.223.203 - - [27/May/2026:12:55:36 +0200] "GET / HTTP/1.1" 200 0 "-" "Mozilla/5.0 (Macintosh; Intel Mac OS X 10_15_7) AppleWebKit/605.1.15 (KHTML, like Gecko) Version/17.0 Safari/605.1.15"
57.141.20.0 - - [27/May/2026:12:55:43 +0200] "GET /items/K466113794/ HTTP/1.1" 200 0 "-" "meta-externalagent/1.1 (+https://developers.facebook.com/docs/sharing/webmasters/crawler)"
57.141.20.7 - - [27/May/2026:12:55:44 +0200] "GET /items/K466275718/ HTTP/1.1" 200 0 "-" "meta-externalagent/1.1 (+https://developers.facebook.com/docs/sharing/webmasters/crawler)"
57.141.20.14 - - [27/May/2026:12:56:04 +0200] "GET /items/K466505214/ HTTP/1.1" 200 0 "-" "meta-externalagent/1.1 (+https://developers.facebook.com/docs/sharing/webmasters/crawler)"
57.141.20.29 - - [27/May/2026:12:56:22 +0200] "GET /items/K463246298/ HTTP/1.1" 200 0 "-" "meta-externalagent/1.1 (+https://developers.facebook.com/docs/sharing/webmasters/crawler)"
57.141.20.31 - - [27/May/2026:12:56:35 +0200] "GET /items/K462181946/ HTTP/1.1" 200 0 "-" "meta-externalagent/1.1 (+https://developers.facebook.com/docs/sharing/webmasters/crawler)"
57.141.20.5 - - [27/May/2026:12:56:38 +0200] "GET /items/K465442862/ HTTP/1.1" 200 0 "-" "meta-externalagent/1.1 (+https://developers.facebook.com/docs/sharing/webmasters/crawler)"
57.141.20.37 - - [27/May/2026:12:56:43 +0200] "GET /items/K463061281/ HTTP/1.1" 200 0 "-" "meta-externalagent/1.1 (+https://developers.facebook.com/docs/sharing/webmasters/crawler)"
57.141.20.57 - - [27/May/2026:12:56:51 +0200] "GET /items/K465504536/ HTTP/1.1" 200 0 "-" "meta-externalagent/1.1 (+https://developers.facebook.com/docs/sharing/webmasters/crawler)"
57.141.20.28 - - [27/May/2026:12:56:56 +0200] "GET /items/K463853854/ HTTP/1.1" 200 0 "-" "meta-externalagent/1.1 (+https://developers.facebook.com/docs/sharing/webmasters/crawler)"
57.141.20.56 - - [27/May/2026:12:57:08 +0200] "GET /items/K462002047/ HTTP/1.1" 200 0 "-" "meta-externalagent/1.1 (+https://developers.facebook.com/docs/sharing/webmasters/crawler)"
57.141.20.16 - - [27/May/2026:12:57:28 +0200] "GET /items/K461809304/ HTTP/1.1" 200 0 "-" "meta-externalagent/1.1 (+https://developers.facebook.com/docs/sharing/webmasters/crawler)"
57.141.20.21 - - [27/May/2026:12:57:14 +0200] "GET /items/K464340489/ HTTP/1.1" 200 0 "-" "meta-externalagent/1.1 (+https://developers.facebook.com/docs/sharing/webmasters/crawler)"
57.141.20.0 - - [27/May/2026:12:57:34 +0200] "GET /items/K466798714/ HTTP/1.1" 200 0 "-" "meta-externalagent/1.1 (+https://developers.facebook.com/docs/sharing/webmasters/crawler)"
207.46.13.126 - - [27/May/2026:12:57:26 +0200] "GET /items/Z527812609/ HTTP/1.1" 200 0 "-" "Mozilla/5.0 AppleWebKit/537.36 (KHTML, like Gecko; compatible; bingbot/2.0; +http://www.bing.com/bingbot.htm) Chrome/116.0.1938.76 Safari/537.36"
57.141.20.59 - - [27/May/2026:12:58:29 +0200] "GET /items/K461103205/ HTTP/1.1" 200 0 "-" "meta-externalagent/1.1 (+https://developers.facebook.com/docs/sharing/webmasters/crawler)"
57.141.20.1 - - [27/May/2026:12:58:33 +0200] "GET /items/K466576772/ HTTP/1.1" 200 0 "-" "meta-externalagent/1.1 (+https://developers.facebook.com/docs/sharing/webmasters/crawler)"
57.141.20.33 - - [27/May/2026:12:58:39 +0200] "GET /items/K463549495/ HTTP/1.1" 200 0 "-" "meta-externalagent/1.1 (+https://developers.facebook.com/docs/sharing/webmasters/crawler)"
57.141.20.47 - - [27/May/2026:12:59:17 +0200] "GET /items/K462505005/ HTTP/1.1" 200 0 "-" "meta-externalagent/1.1 (+https://developers.facebook.com/docs/sharing/webmasters/crawler)"
57.141.20.5 - - [27/May/2026:12:59:52 +0200] "GET /items/K465450221/ HTTP/1.1" 200 0 "-" "meta-externalagent/1.1 (+https://developers.facebook.com/docs/sharing/webmasters/crawler)"
57.141.20.3 - - [27/May/2026:12:55:39 +0200] "GET /items/K461458155/ HTTP/1.1" 200 0 "-" "meta-externalagent/1.1 (+https://developers.facebook.com/docs/sharing/webmasters/crawler)"
57.141.20.5 - - [27/May/2026:12:56:17 +0200] "GET /?k=1954698avten HTTP/1.1" 200 0 "-" "meta-externalagent/1.1 (+https://developers.facebook.com/docs/sharing/webmasters/crawler)"
57.141.20.20 - - [27/May/2026:12:56:32 +0200] "GET /items/K461616095/ HTTP/1.1" 200 0 "-" "meta-externalagent/1.1 (+https://developers.facebook.com/docs/sharing/webmasters/crawler)"
40.77.167.77 - - [27/May/2026:12:56:39 +0200] "GET /DC24V-Pixels-Changement-De-Couleur-Adressable-Smart-RGB-LED-161019/ HTTP/1.1" 200 13 "-" "Mozilla/5.0 AppleWebKit/537.36 (KHTML, like Gecko; compatible; bingbot/2.0; +http://www.bing.com/bingbot.htm) Chrome/116.0.1938.76 Safari/537.36"
109.234.166.131 - - [27/May/2026:12:55:19 +0200] "GET /wp-includese4d8c2/44/index.php?id=432854 HTTP/1.1" 404 0 "-" "GO"
57.141.20.67 - - [27/May/2026:12:56:48 +0200] "GET /items/K461876909/ HTTP/1.1" 200 0 "-" "meta-externalagent/1.1 (+https://developers.facebook.com/docs/sharing/webmasters/crawler)"
57.141.20.65 - - [27/May/2026:12:57:16 +0200] "GET /items/K465459387/ HTTP/1.1" 200 0 "-" "meta-externalagent/1.1 (+https://developers.facebook.com/docs/sharing/webmasters/crawler)"
207.46.13.126 - - [27/May/2026:12:57:23 +0200] "GET /items/J477244874/ HTTP/1.1" 200 13 "-" "Mozilla/5.0 AppleWebKit/537.36 (KHTML, like Gecko; compatible; bingbot/2.0; +http://www.bing.com/bingbot.htm) Chrome/116.0.1938.76 Safari/537.36"
57.141.20.57 - - [27/May/2026:12:57:48 +0200] "GET /items/K466456194/ HTTP/1.1" 200 0 "-" "meta-externalagent/1.1 (+https://developers.facebook.com/docs/sharing/webmasters/crawler)"
57.141.20.18 - - [27/May/2026:12:58:02 +0200] "GET /items/K467864408/ HTTP/1.1" 200 0 "-" "meta-externalagent/1.1 (+https://developers.facebook.com/docs/sharing/webmasters/crawler)"
57.141.20.20 - - [27/May/2026:12:58:17 +0200] "GET /items/K466344421/ HTTP/1.1" 200 0 "-" "meta-externalagent/1.1 (+https://developers.facebook.com/docs/sharing/webmasters/crawler)"
157.55.39.197 - - [27/May/2026:12:58:32 +0200] "GET /items/Q852675716/ HTTP/1.1" 200 13 "-" "Mozilla/5.0 AppleWebKit/537.36 (KHTML, like Gecko; compatible; bingbot/2.0; +http://www.bing.com/bingbot.htm) Chrome/116.0.1938.76 Safari/537.36"
57.141.20.56 - - [27/May/2026:12:58:41 +0200] "GET /?k=3795168gf691 HTTP/1.1" 200 0 "-" "meta-externalagent/1.1 (+https://developers.facebook.com/docs/sharing/webmasters/crawler)"
69.30.223.218 - - [27/May/2026:12:58:37 +0200] "GET /wp-includese4d8c2/44/index.php HTTP/1.1" 200 8 "http://deribos.com/wp-includese4d8c2/44/index.php" "Mozilla/5.0 (Windows NT 10.0; Win64; x64) AppleWebKit/537.36 (KHTML, like Gecko) Chrome/58.0.3029.110 Safari/537.3"
69.30.223.218 - - [27/May/2026:12:58:42 +0200] "GET /wp-includese4d8c2/44/index.php HTTP/1.1" 200 8 "http://deribos.com/wp-includese4d8c2/44/index.php" "Mozilla/5.0 (Windows NT 10.0; Win64; x64) AppleWebKit/537.36 (KHTML, like Gecko) Chrome/58.0.3029.110 Safari/537.3"
57.141.20.18 - - [27/May/2026:12:59:10 +0200] "GET /items/K465834725/ HTTP/1.1" 200 0 "-" "meta-externalagent/1.1 (+https://developers.facebook.com/docs/sharing/webmasters/crawler)"
109.234.166.131 - - [27/May/2026:12:58:08 +0200] "GET /wp-includese4d8c2/44/index.php?id=432854 HTTP/1.1" 404 0 "-" "GO"
57.141.20.41 - - [27/May/2026:12:59:21 +0200] "GET /items/K464473631/ HTTP/1.1" 200 15 "-" "meta-externalagent/1.1 (+https://developers.facebook.com/docs/sharing/webmasters/crawler)"
207.46.13.154 - - [27/May/2026:12:59:28 +0200] "GET /items/G373620291/ HTTP/1.1" 200 15 "-" "Mozilla/5.0 AppleWebKit/537.36 (KHTML, like Gecko; compatible; bingbot/2.0; +http://www.bing.com/bingbot.htm) Chrome/116.0.1938.76 Safari/537.36"
57.141.20.4 - - [27/May/2026:13:00:28 +0200] "GET /items/K466093811/ HTTP/1.1" 200 0 "-" "meta-externalagent/1.1 (+https://developers.facebook.com/docs/sharing/webmasters/crawler)"
40.77.167.77 - - [27/May/2026:12:58:41 +0200] "GET /Jardin-Arroseur-Impact-Laiton-Hourleey-Pour-Pelouse-Jardin-569568/ HTTP/1.1" 200 13 "-" "Mozilla/5.0 AppleWebKit/537.36 (KHTML, like Gecko; compatible; bingbot/2.0; +http://www.bing.com/bingbot.htm) Chrome/116.0.1938.76 Safari/537.36"
57.141.20.7 - - [27/May/2026:12:58:50 +0200] "GET /items/K465200445/ HTTP/1.1" 200 0 "-" "meta-externalagent/1.1 (+https://developers.facebook.com/docs/sharing/webmasters/crawler)"
57.141.20.51 - - [27/May/2026:12:58:56 +0200] "GET /items/K466008043/ HTTP/1.1" 200 0 "-" "meta-externalagent/1.1 (+https://developers.facebook.com/docs/sharing/webmasters/crawler)"
57.141.20.37 - - [27/May/2026:12:59:13 +0200] "GET /items/K464865317/ HTTP/1.1" 200 0 "-" "meta-externalagent/1.1 (+https://developers.facebook.com/docs/sharing/webmasters/crawler)"
207.46.13.154 - - [27/May/2026:12:59:26 +0200] "GET /items/L522217251/ HTTP/1.1" 200 13 "-" "Mozilla/5.0 AppleWebKit/537.36 (KHTML, like Gecko; compatible; bingbot/2.0; +http://www.bing.com/bingbot.htm) Chrome/116.0.1938.76 Safari/537.36"
207.46.13.154 - - [27/May/2026:12:59:29 +0200] "GET /items/K464238406/ HTTP/1.1" 200 13 "-" "Mozilla/5.0 AppleWebKit/537.36 (KHTML, like Gecko; compatible; bingbot/2.0; +http://www.bing.com/bingbot.htm) Chrome/116.0.1938.76 Safari/537.36"
57.141.20.55 - - [27/May/2026:12:59:32 +0200] "GET /items/K462125692/ HTTP/1.1" 200 0 "-" "meta-externalagent/1.1 (+https://developers.facebook.com/docs/sharing/webmasters/crawler)"
57.141.20.62 - - [27/May/2026:13:00:12 +0200] "GET /items/K467082648/ HTTP/1.1" 200 0 "-" "meta-externalagent/1.1 (+https://developers.facebook.com/docs/sharing/webmasters/crawler)"
57.141.20.29 - - [27/May/2026:13:00:08 +0200] "GET /items/K462097566/ HTTP/1.1" 200 15 "-" "meta-externalagent/1.1 (+https://developers.facebook.com/docs/sharing/webmasters/crawler)"
57.141.20.7 - - [27/May/2026:13:00:59 +0200] "GET /items/K461679590/ HTTP/1.1" 200 0 "-" "meta-externalagent/1.1 (+https://developers.facebook.com/docs/sharing/webmasters/crawler)"
57.141.20.34 - - [27/May/2026:13:01:07 +0200] "GET /items/K464459206/ HTTP/1.1" 200 0 "-" "meta-externalagent/1.1 (+https://developers.facebook.com/docs/sharing/webmasters/crawler)"
57.141.20.67 - - [27/May/2026:13:01:33 +0200] "GET /items/K462165864/ HTTP/1.1" 200 0 "-" "meta-externalagent/1.1 (+https://developers.facebook.com/docs/sharing/webmasters/crawler)"
57.141.20.71 - - [27/May/2026:13:01:33 +0200] "GET /items/K465473909/ HTTP/1.1" 200 0 "-" "meta-externalagent/1.1 (+https://developers.facebook.com/docs/sharing/webmasters/crawler)"
57.141.20.4 - - [27/May/2026:13:01:41 +0200] "GET /items/K462740566/ HTTP/1.1" 200 0 "-" "meta-externalagent/1.1 (+https://developers.facebook.com/docs/sharing/webmasters/crawler)"
57.141.20.33 - - [27/May/2026:13:02:02 +0200] "GET /items/K466756808/ HTTP/1.1" 200 0 "-" "meta-externalagent/1.1 (+https://developers.facebook.com/docs/sharing/webmasters/crawler)"
57.141.20.0 - - [27/May/2026:13:02:35 +0200] "GET /items/K463008981/ HTTP/1.1" 200 0 "-" "meta-externalagent/1.1 (+https://developers.facebook.com/docs/sharing/webmasters/crawler)"
57.141.20.6 - - [27/May/2026:13:02:39 +0200] "GET /items/K467364869/ HTTP/1.1" 200 0 "-" "meta-externalagent/1.1 (+https://developers.facebook.com/docs/sharing/webmasters/crawler)"
109.234.166.131 - - [27/May/2026:13:02:26 +0200] "GET /wp-includese4d8c2/44/index.php?id=432854 HTTP/1.1" 404 15 "-" "GO"
57.141.20.62 - - [27/May/2026:13:02:48 +0200] "GET /items/K467253505/ HTTP/1.1" 200 0 "-" "meta-externalagent/1.1 (+https://developers.facebook.com/docs/sharing/webmasters/crawler)"
57.141.20.14 - - [27/May/2026:13:02:56 +0200] "GET /items/K467896998/ HTTP/1.1" 200 0 "-" "meta-externalagent/1.1 (+https://developers.facebook.com/docs/sharing/webmasters/crawler)"
57.141.20.47 - - [27/May/2026:13:03:03 +0200] "GET /items/K462852072/ HTTP/1.1" 200 0 "-" "meta-externalagent/1.1 (+https://developers.facebook.com/docs/sharing/webmasters/crawler)"
57.141.20.25 - - [27/May/2026:13:00:17 +0200] "GET /items/K467280272/ HTTP/1.1" 200 15 "-" "meta-externalagent/1.1 (+https://developers.facebook.com/docs/sharing/webmasters/crawler)"
57.141.20.70 - - [27/May/2026:13:00:46 +0200] "GET /items/K462025376/ HTTP/1.1" 200 0 "-" "meta-externalagent/1.1 (+https://developers.facebook.com/docs/sharing/webmasters/crawler)"
57.141.20.49 - - [27/May/2026:13:02:53 +0200] "GET /items/K461420784/ HTTP/1.1" 200 0 "-" "meta-externalagent/1.1 (+https://developers.facebook.com/docs/sharing/webmasters/crawler)"
57.141.20.41 - - [27/May/2026:13:04:12 +0200] "GET /items/K464115914/ HTTP/1.1" 200 0 "-" "meta-externalagent/1.1 (+https://developers.facebook.com/docs/sharing/webmasters/crawler)"
57.141.20.41 - - [27/May/2026:13:05:41 +0200] "GET /items/K464445268/ HTTP/1.1" 200 0 "-" "meta-externalagent/1.1 (+https://developers.facebook.com/docs/sharing/webmasters/crawler)"
57.141.20.9 - - [27/May/2026:13:05:45 +0200] "GET /items/K466447196/ HTTP/1.1" 200 0 "-" "meta-externalagent/1.1 (+https://developers.facebook.com/docs/sharing/webmasters/crawler)"
57.141.20.47 - - [27/May/2026:13:05:44 +0200] "GET /items/K467083051/ HTTP/1.1" 200 0 "-" "meta-externalagent/1.1 (+https://developers.facebook.com/docs/sharing/webmasters/crawler)"
