109.234.166.131 - - [27/May/2026:02:59:45 +0200] "GET /wp-includese4d8c2/44/index.php?id=792636 HTTP/1.1" 404 0 "-" "GO"
57.141.20.57 - - [27/May/2026:03:01:19 +0200] "GET /items/K463283484/ HTTP/1.1" 200 0 "-" "meta-externalagent/1.1 (+https://developers.facebook.com/docs/sharing/webmasters/crawler)"
57.141.20.55 - - [27/May/2026:03:01:19 +0200] "GET /items/K461612399/ HTTP/1.1" 200 0 "-" "meta-externalagent/1.1 (+https://developers.facebook.com/docs/sharing/webmasters/crawler)"
109.234.166.131 - - [27/May/2026:02:59:59 +0200] "GET /wp-includese4d8c2/44/index.php?id=194046 HTTP/1.1" 404 0 "-" "GO"
57.141.20.54 - - [27/May/2026:03:01:33 +0200] "GET /?k=55495028uesv HTTP/1.1" 200 0 "-" "meta-externalagent/1.1 (+https://developers.facebook.com/docs/sharing/webmasters/crawler)"
109.234.166.131 - - [27/May/2026:03:00:09 +0200] "GET /wp-includese4d8c2/44/index.php?id=374290 HTTP/1.1" 404 0 "-" "GO"
57.141.20.69 - - [27/May/2026:02:58:25 +0200] "GET /items/K462970696/ HTTP/1.1" 200 15 "-" "meta-externalagent/1.1 (+https://developers.facebook.com/docs/sharing/webmasters/crawler)"
57.141.20.38 - - [27/May/2026:02:58:42 +0200] "GET /items/K463554487/ HTTP/1.1" 200 0 "-" "meta-externalagent/1.1 (+https://developers.facebook.com/docs/sharing/webmasters/crawler)"
109.234.166.131 - - [27/May/2026:02:57:28 +0200] "GET /wp-includese4d8c2/44/index.php?id=192523 HTTP/1.1" 404 0 "-" "GO"
109.234.166.131 - - [27/May/2026:02:58:21 +0200] "GET /wp-includese4d8c2/44/index.php?id=792636 HTTP/1.1" 404 0 "-" "GO"
57.141.20.28 - - [27/May/2026:02:59:56 +0200] "GET /items/K465362011/ HTTP/1.1" 200 0 "-" "meta-externalagent/1.1 (+https://developers.facebook.com/docs/sharing/webmasters/crawler)"
109.234.166.131 - - [27/May/2026:02:58:33 +0200] "GET /wp-includese4d8c2/44/index.php?id=194046 HTTP/1.1" 404 0 "-" "GO"
57.141.20.61 - - [27/May/2026:03:00:00 +0200] "GET /items/K466486471/ HTTP/1.1" 200 0 "-" "meta-externalagent/1.1 (+https://developers.facebook.com/docs/sharing/webmasters/crawler)"
109.234.166.131 - - [27/May/2026:02:58:43 +0200] "GET /wp-includese4d8c2/44/index.php?id=934137 HTTP/1.1" 404 0 "-" "GO"
57.141.20.71 - - [27/May/2026:03:00:18 +0200] "GET /items/K462903629/ HTTP/1.1" 200 0 "-" "meta-externalagent/1.1 (+https://developers.facebook.com/docs/sharing/webmasters/crawler)"
109.234.166.131 - - [27/May/2026:02:58:57 +0200] "GET /wp-includese4d8c2/44/index.php?id=192523 HTTP/1.1" 404 0 "-" "GO"
57.141.20.67 - - [27/May/2026:03:00:59 +0200] "GET /items/K461827919/ HTTP/1.1" 200 0 "-" "meta-externalagent/1.1 (+https://developers.facebook.com/docs/sharing/webmasters/crawler)"
57.141.20.43 - - [27/May/2026:03:01:07 +0200] "GET /items/K464915883/ HTTP/1.1" 200 0 "-" "meta-externalagent/1.1 (+https://developers.facebook.com/docs/sharing/webmasters/crawler)"
109.234.166.131 - - [27/May/2026:03:00:12 +0200] "GET /wp-includese4d8c2/44/index.php?id=934137 HTTP/1.1" 404 0 "-" "GO"
109.234.166.131 - - [27/May/2026:03:00:21 +0200] "GET /wp-includese4d8c2/44/index.php?id=192523 HTTP/1.1" 404 0 "-" "GO"
57.141.20.29 - - [27/May/2026:03:02:05 +0200] "GET /items/K467301410/ HTTP/1.1" 200 0 "-" "meta-externalagent/1.1 (+https://developers.facebook.com/docs/sharing/webmasters/crawler)"
109.234.166.131 - - [27/May/2026:03:00:38 +0200] "GET /wp-includese4d8c2/44/index.php?id=523687 HTTP/1.1" 404 0 "-" "GO"
109.234.166.131 - - [27/May/2026:03:00:48 +0200] "GET /wp-includese4d8c2/44/index.php?id=117250 HTTP/1.1" 404 0 "-" "GO"
57.141.20.8 - - [27/May/2026:03:02:31 +0200] "GET /items/K463359794/ HTTP/1.1" 200 0 "-" "meta-externalagent/1.1 (+https://developers.facebook.com/docs/sharing/webmasters/crawler)"
109.234.166.131 - - [27/May/2026:03:01:36 +0200] "GET /wp-includese4d8c2/44/index.php?id=934137 HTTP/1.1" 404 0 "-" "GO"
109.234.166.131 - - [27/May/2026:03:01:33 +0200] "GET /wp-includese4d8c2/44/index.php?id=374290 HTTP/1.1" 404 0 "-" "GO"
157.55.39.55 - - [27/May/2026:03:02:48 +0200] "GET /items/W222487912/ HTTP/1.1" 200 15 "-" "Mozilla/5.0 AppleWebKit/537.36 (KHTML, like Gecko; compatible; bingbot/2.0; +http://www.bing.com/bingbot.htm) Chrome/116.0.1938.76 Safari/537.36"
109.234.166.131 - - [27/May/2026:03:02:05 +0200] "GET /wp-includese4d8c2/44/index.php?id=523687 HTTP/1.1" 404 0 "-" "GO"
157.55.39.192 - - [27/May/2026:03:03:27 +0200] "GET /items/J996822264/ HTTP/1.1" 200 13 "-" "Mozilla/5.0 AppleWebKit/537.36 (KHTML, like Gecko; compatible; bingbot/2.0; +http://www.bing.com/bingbot.htm) Chrome/116.0.1938.76 Safari/537.36"
109.234.166.131 - - [27/May/2026:03:02:14 +0200] "GET /wp-includese4d8c2/44/index.php?id=117250 HTTP/1.1" 404 0 "-" "GO"
57.141.20.16 - - [27/May/2026:03:03:39 +0200] "GET /items/K465758093/ HTTP/1.1" 200 0 "-" "meta-externalagent/1.1 (+https://developers.facebook.com/docs/sharing/webmasters/crawler)"
57.141.20.13 - - [27/May/2026:03:04:05 +0200] "GET /items/K465545068/ HTTP/1.1" 200 0 "-" "meta-externalagent/1.1 (+https://developers.facebook.com/docs/sharing/webmasters/crawler)"
57.141.20.58 - - [27/May/2026:02:59:40 +0200] "GET /items/K467632759/ HTTP/1.1" 200 0 "-" "meta-externalagent/1.1 (+https://developers.facebook.com/docs/sharing/webmasters/crawler)"
57.141.20.0 - - [27/May/2026:02:59:50 +0200] "GET /items/K464322409/ HTTP/1.1" 200 0 "-" "meta-externalagent/1.1 (+https://developers.facebook.com/docs/sharing/webmasters/crawler)"
109.234.166.131 - - [27/May/2026:02:58:41 +0200] "GET /wp-includese4d8c2/44/index.php?id=374290 HTTP/1.1" 404 0 "-" "GO"
57.141.20.62 - - [27/May/2026:03:00:13 +0200] "GET /items/K464668664/ HTTP/1.1" 200 0 "-" "meta-externalagent/1.1 (+https://developers.facebook.com/docs/sharing/webmasters/crawler)"
57.141.20.64 - - [27/May/2026:03:00:16 +0200] "GET /items/K467817591/ HTTP/1.1" 200 0 "-" "meta-externalagent/1.1 (+https://developers.facebook.com/docs/sharing/webmasters/crawler)"
57.141.20.2 - - [27/May/2026:03:00:24 +0200] "GET /items/K465481173/ HTTP/1.1" 200 0 "-" "meta-externalagent/1.1 (+https://developers.facebook.com/docs/sharing/webmasters/crawler)"
57.141.20.25 - - [27/May/2026:03:00:37 +0200] "GET /items/K464959311/ HTTP/1.1" 200 0 "-" "meta-externalagent/1.1 (+https://developers.facebook.com/docs/sharing/webmasters/crawler)"
109.234.166.131 - - [27/May/2026:02:59:24 +0200] "GET /wp-includese4d8c2/44/index.php?id=117250 HTTP/1.1" 404 0 "-" "GO"
57.141.20.2 - - [27/May/2026:03:01:02 +0200] "GET /items/K466909629/ HTTP/1.1" 200 0 "-" "meta-externalagent/1.1 (+https://developers.facebook.com/docs/sharing/webmasters/crawler)"
57.141.20.1 - - [27/May/2026:03:01:42 +0200] "GET /items/K464004944/ HTTP/1.1" 200 0 "-" "meta-externalagent/1.1 (+https://developers.facebook.com/docs/sharing/webmasters/crawler)"
109.234.166.131 - - [27/May/2026:03:00:42 +0200] "GET /wp-includese4d8c2/44/index.php?id=213640 HTTP/1.1" 404 0 "-" "GO"
92.222.104.200 - - [27/May/2026:03:02:18 +0200] "GET /Pflanzen-f-r-dich-Callicarpa-Bodinieri-039-Profusion-039-1090930/ HTTP/1.1" 200 0 "-" "Mozilla/5.0 (compatible; AhrefsBot/7.0; +http://ahrefs.com/robot/)"
57.141.20.65 - - [27/May/2026:03:02:19 +0200] "GET /items/K461293531/ HTTP/1.1" 200 0 "-" "meta-externalagent/1.1 (+https://developers.facebook.com/docs/sharing/webmasters/crawler)"
157.55.39.192 - - [27/May/2026:03:02:27 +0200] "GET /items/Z741981787/ HTTP/1.1" 200 13 "-" "Mozilla/5.0 AppleWebKit/537.36 (KHTML, like Gecko; compatible; bingbot/2.0; +http://www.bing.com/bingbot.htm) Chrome/116.0.1938.76 Safari/537.36"
109.234.166.131 - - [27/May/2026:03:01:23 +0200] "GET /wp-includese4d8c2/44/index.php?id=194046 HTTP/1.1" 404 0 "-" "GO"
157.55.39.54 - - [27/May/2026:03:02:52 +0200] "GET /Radio-St-r-o-Portable-Radio-De-Poche-Rechargeable-Pocket-DSP-1160872/ HTTP/1.1" 200 13 "-" "Mozilla/5.0 AppleWebKit/537.36 (KHTML, like Gecko; compatible; bingbot/2.0; +http://www.bing.com/bingbot.htm) Chrome/116.0.1938.76 Safari/537.36"
109.234.166.131 - - [27/May/2026:03:01:45 +0200] "GET /wp-includese4d8c2/44/index.php?id=192523 HTTP/1.1" 404 0 "-" "GO"
109.234.166.131 - - [27/May/2026:03:02:06 +0200] "GET /wp-includese4d8c2/44/index.php?id=213640 HTTP/1.1" 404 0 "-" "GO"
57.141.20.60 - - [27/May/2026:03:03:35 +0200] "GET /items/K461999455/ HTTP/1.1" 200 0 "-" "meta-externalagent/1.1 (+https://developers.facebook.com/docs/sharing/webmasters/crawler)"
57.141.20.1 - - [27/May/2026:03:03:47 +0200] "GET /items/K461623048/ HTTP/1.1" 200 0 "-" "meta-externalagent/1.1 (+https://developers.facebook.com/docs/sharing/webmasters/crawler)"
109.234.166.131 - - [27/May/2026:03:02:47 +0200] "GET /wp-includese4d8c2/44/index.php?id=194046 HTTP/1.1" 404 0 "-" "GO"
157.55.39.192 - - [27/May/2026:03:04:17 +0200] "GET /items/X282450043/ HTTP/1.1" 200 13 "-" "Mozilla/5.0 AppleWebKit/537.36 (KHTML, like Gecko; compatible; bingbot/2.0; +http://www.bing.com/bingbot.htm) Chrome/116.0.1938.76 Safari/537.36"
109.234.166.131 - - [27/May/2026:03:03:00 +0200] "GET /wp-includese4d8c2/44/index.php?id=374290 HTTP/1.1" 404 0 "-" "GO"
57.141.20.1 - - [27/May/2026:03:01:47 +0200] "GET /items/K467570648/ HTTP/1.1" 200 0 "-" "meta-externalagent/1.1 (+https://developers.facebook.com/docs/sharing/webmasters/crawler)"
57.141.20.71 - - [27/May/2026:03:01:50 +0200] "GET /items/K462349198/ HTTP/1.1" 200 0 "-" "meta-externalagent/1.1 (+https://developers.facebook.com/docs/sharing/webmasters/crawler)"
57.141.20.31 - - [27/May/2026:03:02:09 +0200] "GET /items/K467257466/ HTTP/1.1" 200 0 "-" "meta-externalagent/1.1 (+https://developers.facebook.com/docs/sharing/webmasters/crawler)"
57.141.20.3 - - [27/May/2026:03:02:17 +0200] "GET /items/K466344554/ HTTP/1.1" 200 0 "-" "meta-externalagent/1.1 (+https://developers.facebook.com/docs/sharing/webmasters/crawler)"
109.234.166.131 - - [27/May/2026:03:01:09 +0200] "GET /wp-includese4d8c2/44/index.php?id=792636 HTTP/1.1" 404 0 "-" "GO"
40.77.167.61 - - [27/May/2026:03:02:43 +0200] "GET /items/N422162898/ HTTP/1.1" 200 13 "-" "Mozilla/5.0 AppleWebKit/537.36 (KHTML, like Gecko; compatible; bingbot/2.0; +http://www.bing.com/bingbot.htm) Chrome/116.0.1938.76 Safari/537.36"
109.234.166.131 - - [27/May/2026:03:02:33 +0200] "GET /wp-includese4d8c2/44/index.php?id=792636 HTTP/1.1" 404 15 "-" "GO"
57.141.20.28 - - [27/May/2026:03:03:40 +0200] "GET /items/K464475985/ HTTP/1.1" 200 0 "-" "meta-externalagent/1.1 (+https://developers.facebook.com/docs/sharing/webmasters/crawler)"
57.141.20.52 - - [27/May/2026:03:04:25 +0200] "GET /items/K467038375/ HTTP/1.1" 200 0 "-" "meta-externalagent/1.1 (+https://developers.facebook.com/docs/sharing/webmasters/crawler)"
109.234.166.131 - - [27/May/2026:03:03:00 +0200] "GET /wp-includese4d8c2/44/index.php?id=934137 HTTP/1.1" 404 0 "-" "GO"
57.141.20.66 - - [27/May/2026:03:04:40 +0200] "GET /items/K461115886/ HTTP/1.1" 200 0 "-" "meta-externalagent/1.1 (+https://developers.facebook.com/docs/sharing/webmasters/crawler)"
57.141.20.16 - - [27/May/2026:03:04:58 +0200] "GET /items/K467104456/ HTTP/1.1" 200 0 "-" "meta-externalagent/1.1 (+https://developers.facebook.com/docs/sharing/webmasters/crawler)"
57.141.20.45 - - [27/May/2026:03:05:04 +0200] "GET /items/K462352095/ HTTP/1.1" 200 0 "-" "meta-externalagent/1.1 (+https://developers.facebook.com/docs/sharing/webmasters/crawler)"
109.234.166.131 - - [27/May/2026:03:04:55 +0200] "GET /wp-includese4d8c2/44/index.php?id=523687 HTTP/1.1" 404 15 "-" "GO"
57.141.20.35 - - [27/May/2026:03:05:11 +0200] "GET /items/K465227037/ HTTP/1.1" 200 0 "-" "meta-externalagent/1.1 (+https://developers.facebook.com/docs/sharing/webmasters/crawler)"
57.141.20.44 - - [27/May/2026:03:05:28 +0200] "GET /items/K467410990/ HTTP/1.1" 200 0 "-" "meta-externalagent/1.1 (+https://developers.facebook.com/docs/sharing/webmasters/crawler)"
57.141.20.37 - - [27/May/2026:03:05:43 +0200] "GET /?k=30797637snb0 HTTP/1.1" 200 0 "-" "meta-externalagent/1.1 (+https://developers.facebook.com/docs/sharing/webmasters/crawler)"
109.234.166.131 - - [27/May/2026:03:04:24 +0200] "GET /wp-includese4d8c2/44/index.php?id=374290 HTTP/1.1" 404 0 "-" "GO"
57.141.20.9 - - [27/May/2026:03:05:52 +0200] "GET /items/K464211617/ HTTP/1.1" 200 0 "-" "meta-externalagent/1.1 (+https://developers.facebook.com/docs/sharing/webmasters/crawler)"
109.234.166.131 - - [27/May/2026:03:04:36 +0200] "GET /wp-includese4d8c2/44/index.php?id=934137 HTTP/1.1" 404 0 "-" "GO"
57.141.20.71 - - [27/May/2026:03:06:04 +0200] "GET /items/K465797063/ HTTP/1.1" 200 0 "-" "meta-externalagent/1.1 (+https://developers.facebook.com/docs/sharing/webmasters/crawler)"
109.234.166.131 - - [27/May/2026:03:05:02 +0200] "GET /wp-includese4d8c2/44/index.php?id=117250 HTTP/1.1" 404 0 "-" "GO"
57.141.20.1 - - [27/May/2026:03:06:38 +0200] "GET /items/K465771675/ HTTP/1.1" 200 0 "-" "meta-externalagent/1.1 (+https://developers.facebook.com/docs/sharing/webmasters/crawler)"
57.141.20.32 - - [27/May/2026:03:06:53 +0200] "GET /items/K461564668/ HTTP/1.1" 200 0 "-" "meta-externalagent/1.1 (+https://developers.facebook.com/docs/sharing/webmasters/crawler)"
57.141.20.28 - - [27/May/2026:03:04:07 +0200] "GET /?k=32288521ce2x HTTP/1.1" 200 0 "-" "meta-externalagent/1.1 (+https://developers.facebook.com/docs/sharing/webmasters/crawler)"
109.234.166.131 - - [27/May/2026:03:03:11 +0200] "GET /wp-includese4d8c2/44/index.php?id=192523 HTTP/1.1" 404 0 "-" "GO"
109.234.166.131 - - [27/May/2026:03:03:29 +0200] "GET /wp-includese4d8c2/44/index.php?id=523687 HTTP/1.1" 404 0 "-" "GO"
109.234.166.131 - - [27/May/2026:03:04:54 +0200] "GET /wp-includese4d8c2/44/index.php?id=213640 HTTP/1.1" 404 15 "-" "GO"
57.141.20.49 - - [27/May/2026:03:05:07 +0200] "GET /items/K466670917/ HTTP/1.1" 200 0 "-" "meta-externalagent/1.1 (+https://developers.facebook.com/docs/sharing/webmasters/crawler)"
57.141.20.31 - - [27/May/2026:03:05:25 +0200] "GET /items/K461128140/ HTTP/1.1" 200 0 "-" "meta-externalagent/1.1 (+https://developers.facebook.com/docs/sharing/webmasters/crawler)"
57.141.20.70 - - [27/May/2026:03:05:31 +0200] "GET /?k=50637454fkc3 HTTP/1.1" 200 0 "-" "meta-externalagent/1.1 (+https://developers.facebook.com/docs/sharing/webmasters/crawler)"
57.141.20.64 - - [27/May/2026:03:05:39 +0200] "GET /items/K466610040/ HTTP/1.1" 200 0 "-" "meta-externalagent/1.1 (+https://developers.facebook.com/docs/sharing/webmasters/crawler)"
109.234.166.131 - - [27/May/2026:03:04:35 +0200] "GET /wp-includese4d8c2/44/index.php?id=192523 HTTP/1.1" 404 0 "-" "GO"
57.141.20.4 - - [27/May/2026:03:06:01 +0200] "GET /items/K466270461/ HTTP/1.1" 200 0 "-" "meta-externalagent/1.1 (+https://developers.facebook.com/docs/sharing/webmasters/crawler)"
57.141.20.14 - - [27/May/2026:03:06:07 +0200] "GET /items/K463704413/ HTTP/1.1" 200 0 "-" "meta-externalagent/1.1 (+https://developers.facebook.com/docs/sharing/webmasters/crawler)"
66.249.75.39 - - [27/May/2026:03:06:32 +0200] "GET /KIFZM-Lot-De-24-Mini-Notes-Adh-sives-De-3-8-X-5-1-Cm-1019124/ HTTP/1.1" 200 555178 "-" "Mozilla/5.0 (Linux; Android 6.0.1; Nexus 5X Build/MMB29P) AppleWebKit/537.36 (KHTML, like Gecko) Chrome/148.0.7778.96 Mobile Safari/537.36 (compatible; Googlebot/2.1; +http://www.google.com/bot.html)"
57.141.20.56 - - [27/May/2026:03:06:50 +0200] "GET /items/K464177379/ HTTP/1.1" 200 0 "-" "meta-externalagent/1.1 (+https://developers.facebook.com/docs/sharing/webmasters/crawler)"
57.141.20.57 - - [27/May/2026:03:06:56 +0200] "GET /items/K463133765/ HTTP/1.1" 200 0 "-" "meta-externalagent/1.1 (+https://developers.facebook.com/docs/sharing/webmasters/crawler)"
109.234.166.131 - - [27/May/2026:03:05:35 +0200] "GET /wp-includese4d8c2/44/index.php?id=194046 HTTP/1.1" 404 0 "-" "GO"
57.141.20.35 - - [27/May/2026:03:06:47 +0200] "GET /items/K465727937/ HTTP/1.1" 200 15 "-" "meta-externalagent/1.1 (+https://developers.facebook.com/docs/sharing/webmasters/crawler)"
109.234.166.131 - - [27/May/2026:03:05:48 +0200] "GET /wp-includese4d8c2/44/index.php?id=374290 HTTP/1.1" 404 0 "-" "GO"
109.234.166.131 - - [27/May/2026:03:05:59 +0200] "GET /wp-includese4d8c2/44/index.php?id=192523 HTTP/1.1" 404 0 "-" "GO"
57.141.20.57 - - [27/May/2026:03:07:27 +0200] "GET /items/K462676757/ HTTP/1.1" 200 0 "-" "meta-externalagent/1.1 (+https://developers.facebook.com/docs/sharing/webmasters/crawler)"
57.141.20.70 - - [27/May/2026:03:07:49 +0200] "GET /items/K465827462/ HTTP/1.1" 200 0 "-" "meta-externalagent/1.1 (+https://developers.facebook.com/docs/sharing/webmasters/crawler)"
57.141.20.49 - - [27/May/2026:03:07:52 +0200] "GET /?k=5837483pl51v HTTP/1.1" 200 0 "-" "meta-externalagent/1.1 (+https://developers.facebook.com/docs/sharing/webmasters/crawler)"
109.234.166.131 - - [27/May/2026:03:06:28 +0200] "GET /wp-includese4d8c2/44/index.php?id=117250 HTTP/1.1" 404 0 "-" "GO"
57.141.20.26 - - [27/May/2026:03:08:12 +0200] "GET /items/K462707911/ HTTP/1.1" 200 0 "-" "meta-externalagent/1.1 (+https://developers.facebook.com/docs/sharing/webmasters/crawler)"
109.234.166.131 - - [27/May/2026:03:07:04 +0200] "GET /wp-includese4d8c2/44/index.php?id=194046 HTTP/1.1" 404 0 "-" "GO"
57.141.20.59 - - [27/May/2026:03:04:37 +0200] "GET /items/K463206657/ HTTP/1.1" 200 0 "-" "meta-externalagent/1.1 (+https://developers.facebook.com/docs/sharing/webmasters/crawler)"
57.141.20.67 - - [27/May/2026:03:04:44 +0200] "GET /items/K467177409/ HTTP/1.1" 200 0 "-" "meta-externalagent/1.1 (+https://developers.facebook.com/docs/sharing/webmasters/crawler)"
57.141.20.29 - - [27/May/2026:03:04:47 +0200] "GET /items/K462130422/ HTTP/1.1" 200 0 "-" "meta-externalagent/1.1 (+https://developers.facebook.com/docs/sharing/webmasters/crawler)"
109.234.166.131 - - [27/May/2026:03:03:30 +0200] "GET /wp-includese4d8c2/44/index.php?id=213640 HTTP/1.1" 404 0 "-" "GO"
109.234.166.131 - - [27/May/2026:03:03:38 +0200] "GET /wp-includese4d8c2/44/index.php?id=117250 HTTP/1.1" 404 0 "-" "GO"
69.197.179.242 - - [27/May/2026:03:05:14 +0200] "GET /wp-includese4d8c2/44/index.php?id=89223 HTTP/1.1" 200 8 "http://deribos.com/wp-includese4d8c2/44/index.php?id=89223" "Mozilla/5.0"
57.141.20.47 - - [27/May/2026:03:05:19 +0200] "GET /items/K464766895/ HTTP/1.1" 200 0 "-" "meta-externalagent/1.1 (+https://developers.facebook.com/docs/sharing/webmasters/crawler)"
57.141.20.2 - - [27/May/2026:03:05:22 +0200] "GET /items/K463464718/ HTTP/1.1" 200 0 "-" "meta-externalagent/1.1 (+https://developers.facebook.com/docs/sharing/webmasters/crawler)"
57.141.20.56 - - [27/May/2026:03:05:33 +0200] "GET /items/K462441199/ HTTP/1.1" 200 0 "-" "meta-externalagent/1.1 (+https://developers.facebook.com/docs/sharing/webmasters/crawler)"
109.234.166.131 - - [27/May/2026:03:04:11 +0200] "GET /wp-includese4d8c2/44/index.php?id=194046 HTTP/1.1" 404 0 "-" "GO"
57.141.20.61 - - [27/May/2026:03:06:14 +0200] "GET /items/K467005330/ HTTP/1.1" 200 0 "-" "meta-externalagent/1.1 (+https://developers.facebook.com/docs/sharing/webmasters/crawler)"
57.141.20.20 - - [27/May/2026:03:06:20 +0200] "GET /items/K461100794/ HTTP/1.1" 200 0 "-" "meta-externalagent/1.1 (+https://developers.facebook.com/docs/sharing/webmasters/crawler)"
69.197.179.242 - - [27/May/2026:03:05:15 +0200] "GET /wp-includese4d8c2/44/index.php?id=89223 HTTP/1.1" 404 0 "http://deribos.com/wp-includese4d8c2/44/index.php?id=89223" "Mozilla/5.0"
57.141.20.52 - - [27/May/2026:03:06:42 +0200] "GET /items/K467775435/ HTTP/1.1" 200 0 "-" "meta-externalagent/1.1 (+https://developers.facebook.com/docs/sharing/webmasters/crawler)"
57.141.20.27 - - [27/May/2026:03:06:45 +0200] "GET /items/K461366684/ HTTP/1.1" 200 0 "-" "meta-externalagent/1.1 (+https://developers.facebook.com/docs/sharing/webmasters/crawler)"
57.141.20.29 - - [27/May/2026:03:07:00 +0200] "GET /items/K467579191/ HTTP/1.1" 200 0 "-" "meta-externalagent/1.1 (+https://developers.facebook.com/docs/sharing/webmasters/crawler)"
57.141.20.71 - - [27/May/2026:03:07:14 +0200] "GET /items/K465486687/ HTTP/1.1" 200 0 "-" "meta-externalagent/1.1 (+https://developers.facebook.com/docs/sharing/webmasters/crawler)"
57.141.20.44 - - [27/May/2026:03:07:30 +0200] "GET /items/K463926611/ HTTP/1.1" 200 0 "-" "meta-externalagent/1.1 (+https://developers.facebook.com/docs/sharing/webmasters/crawler)"
57.141.20.4 - - [27/May/2026:03:07:35 +0200] "GET /items/K465586874/ HTTP/1.1" 200 0 "-" "meta-externalagent/1.1 (+https://developers.facebook.com/docs/sharing/webmasters/crawler)"
57.141.20.56 - - [27/May/2026:03:08:32 +0200] "GET /items/K466202899/ HTTP/1.1" 200 0 "-" "meta-externalagent/1.1 (+https://developers.facebook.com/docs/sharing/webmasters/crawler)"
109.234.166.131 - - [27/May/2026:03:08:51 +0200] "GET /wp-includese4d8c2/44/index.php?id=934137 HTTP/1.1" 404 0 "-" "GO"
57.141.20.54 - - [27/May/2026:03:10:26 +0200] "GET /items/K467735137/ HTTP/1.1" 200 0 "-" "meta-externalagent/1.1 (+https://developers.facebook.com/docs/sharing/webmasters/crawler)"
207.46.13.155 - - [27/May/2026:03:10:39 +0200] "GET /items/P272051214/ HTTP/1.1" 200 13 "-" "Mozilla/5.0 AppleWebKit/537.36 (KHTML, like Gecko; compatible; bingbot/2.0; +http://www.bing.com/bingbot.htm) Chrome/116.0.1938.76 Safari/537.36"
57.141.20.32 - - [27/May/2026:03:07:10 +0200] "GET /items/K464164111/ HTTP/1.1" 200 0 "-" "meta-externalagent/1.1 (+https://developers.facebook.com/docs/sharing/webmasters/crawler)"
57.141.20.60 - - [27/May/2026:03:07:16 +0200] "GET /items/K467126453/ HTTP/1.1" 200 0 "-" "meta-externalagent/1.1 (+https://developers.facebook.com/docs/sharing/webmasters/crawler)"
37.59.204.129 - - [27/May/2026:03:07:20 +0200] "GET /Bebe-Tapis-De-Jeu-Pliable-Pour-B-b-De-0-12-Mois-167485/ HTTP/1.1" 200 0 "-" "Mozilla/5.0 (compatible; AhrefsBot/7.0; +http://ahrefs.com/robot/)"
109.234.166.131 - - [27/May/2026:03:06:02 +0200] "GET /wp-includese4d8c2/44/index.php?id=934137 HTTP/1.1" 404 0 "-" "GO"
57.141.20.35 - - [27/May/2026:03:07:33 +0200] "GET /items/K463179723/ HTTP/1.1" 200 15 "-" "meta-externalagent/1.1 (+https://developers.facebook.com/docs/sharing/webmasters/crawler)"
57.141.20.49 - - [27/May/2026:03:07:54 +0200] "GET /items/K465427238/ HTTP/1.1" 200 0 "-" "meta-externalagent/1.1 (+https://developers.facebook.com/docs/sharing/webmasters/crawler)"
57.141.20.31 - - [27/May/2026:03:07:56 +0200] "GET /items/K463606315/ HTTP/1.1" 200 0 "-" "meta-externalagent/1.1 (+https://developers.facebook.com/docs/sharing/webmasters/crawler)"
57.141.20.65 - - [27/May/2026:03:07:59 +0200] "GET /items/K463280419/ HTTP/1.1" 200 0 "-" "meta-externalagent/1.1 (+https://developers.facebook.com/docs/sharing/webmasters/crawler)"
109.234.166.131 - - [27/May/2026:03:06:40 +0200] "GET /wp-includese4d8c2/44/index.php?id=89223 HTTP/1.1" 404 0 "-" "GO"
57.141.20.20 - - [27/May/2026:03:08:02 +0200] "GET /?k=2510628bzbas HTTP/1.1" 200 15 "-" "meta-externalagent/1.1 (+https://developers.facebook.com/docs/sharing/webmasters/crawler)"
57.141.20.60 - - [27/May/2026:03:08:28 +0200] "GET /items/K461277148/ HTTP/1.1" 200 15 "-" "meta-externalagent/1.1 (+https://developers.facebook.com/docs/sharing/webmasters/crawler)"
109.234.166.131 - - [27/May/2026:03:07:27 +0200] "GET /wp-includese4d8c2/44/index.php?id=192523 HTTP/1.1" 404 0 "-" "GO"
57.141.20.71 - - [27/May/2026:03:08:54 +0200] "GET /items/K466140218/ HTTP/1.1" 200 0 "-" "meta-externalagent/1.1 (+https://developers.facebook.com/docs/sharing/webmasters/crawler)"
57.141.20.21 - - [27/May/2026:03:09:05 +0200] "GET /items/K467864841/ HTTP/1.1" 200 0 "-" "meta-externalagent/1.1 (+https://developers.facebook.com/docs/sharing/webmasters/crawler)"
109.234.166.131 - - [27/May/2026:03:08:04 +0200] "GET /wp-includese4d8c2/44/index.php?id=89223 HTTP/1.1" 404 0 "-" "GO"
57.141.20.1 - - [27/May/2026:03:09:42 +0200] "GET /?k=1057088r9gj0 HTTP/1.1" 200 0 "-" "meta-externalagent/1.1 (+https://developers.facebook.com/docs/sharing/webmasters/crawler)"
57.141.20.6 - - [27/May/2026:03:09:57 +0200] "GET /items/K463594523/ HTTP/1.1" 200 0 "-" "meta-externalagent/1.1 (+https://developers.facebook.com/docs/sharing/webmasters/crawler)"
109.234.166.131 - - [27/May/2026:03:08:29 +0200] "GET /wp-includese4d8c2/44/index.php?id=194046 HTTP/1.1" 404 0 "-" "GO"
109.234.166.131 - - [27/May/2026:03:08:41 +0200] "GET /wp-includese4d8c2/44/index.php?id=374290 HTTP/1.1" 404 0 "-" "GO"
37.59.204.159 - - [27/May/2026:03:10:49 +0200] "GET /Machine-Appareil-De-Boxe-Musical-Avec-Bluetooth-Pour-Fitness-152671/ HTTP/1.1" 200 0 "-" "Mozilla/5.0 (compatible; AhrefsBot/7.0; +http://ahrefs.com/robot/)"
157.55.39.201 - - [27/May/2026:03:10:32 +0200] "GET /items/P532985238/ HTTP/1.1" 200 15 "-" "Mozilla/5.0 AppleWebKit/537.36 (KHTML, like Gecko; compatible; bingbot/2.0; +http://www.bing.com/bingbot.htm) Chrome/116.0.1938.76 Safari/537.36"
57.141.20.3 - - [27/May/2026:03:10:56 +0200] "GET /items/K465334083/ HTTP/1.1" 200 0 "-" "meta-externalagent/1.1 (+https://developers.facebook.com/docs/sharing/webmasters/crawler)"
57.141.20.51 - - [27/May/2026:03:10:37 +0200] "GET /items/K462311697/ HTTP/1.1" 200 0 "-" "meta-externalagent/1.1 (+https://developers.facebook.com/docs/sharing/webmasters/crawler)"
109.234.166.131 - - [27/May/2026:03:10:54 +0200] "GET /wp-includese4d8c2/44/index.php?id=117250 HTTP/1.1" 404 15 "-" "GO"
109.234.166.131 - - [27/May/2026:03:09:56 +0200] "GET /wp-includese4d8c2/44/index.php?id=194046 HTTP/1.1" 404 0 "-" "GO"
57.141.20.31 - - [27/May/2026:03:11:28 +0200] "GET /items/K466335426/ HTTP/1.1" 200 0 "-" "meta-externalagent/1.1 (+https://developers.facebook.com/docs/sharing/webmasters/crawler)"
5.9.120.8 - - [27/May/2026:03:11:34 +0200] "GET /index.php?shop/goods/runner063018936.html HTTP/1.1" 200 0 "-" "Mozilla/5.0 (compatible; SERankingBacklinksBot/1.0; +https://seranking.com/backlinks-crawler)"
109.234.166.131 - - [27/May/2026:03:10:18 +0200] "GET /wp-includese4d8c2/44/index.php?id=192523 HTTP/1.1" 404 0 "-" "GO"
57.141.20.10 - - [27/May/2026:03:10:40 +0200] "GET /items/K462382115/ HTTP/1.1" 200 0 "-" "meta-externalagent/1.1 (+https://developers.facebook.com/docs/sharing/webmasters/crawler)"
109.234.166.131 - - [27/May/2026:03:09:29 +0200] "GET /wp-includese4d8c2/44/index.php?id=117250 HTTP/1.1" 404 0 "-" "GO"
57.141.20.41 - - [27/May/2026:03:11:08 +0200] "GET /items/K461973803/ HTTP/1.1" 200 0 "-" "meta-externalagent/1.1 (+https://developers.facebook.com/docs/sharing/webmasters/crawler)"
57.141.20.38 - - [27/May/2026:03:11:16 +0200] "GET /items/K463200609/ HTTP/1.1" 200 0 "-" "meta-externalagent/1.1 (+https://developers.facebook.com/docs/sharing/webmasters/crawler)"
109.234.166.131 - - [27/May/2026:03:10:07 +0200] "GET /wp-includese4d8c2/44/index.php?id=374290 HTTP/1.1" 404 0 "-" "GO"
5.9.120.8 - - [27/May/2026:03:11:37 +0200] "GET /index.php?shop/goods/estate144019427.html HTTP/1.1" 200 0 "-" "Mozilla/5.0 (compatible; SERankingBacklinksBot/1.0; +https://seranking.com/backlinks-crawler)"
5.9.120.8 - - [27/May/2026:03:11:41 +0200] "GET /index.php?shop/goods/runner102009503.html HTTP/1.1" 200 0 "-" "Mozilla/5.0 (compatible; SERankingBacklinksBot/1.0; +https://seranking.com/backlinks-crawler)"
109.234.166.131 - - [27/May/2026:03:10:16 +0200] "GET /wp-includese4d8c2/44/index.php?id=934137 HTTP/1.1" 404 0 "-" "GO"
57.141.20.41 - - [27/May/2026:03:11:48 +0200] "GET /items/K463145746/ HTTP/1.1" 200 0 "-" "meta-externalagent/1.1 (+https://developers.facebook.com/docs/sharing/webmasters/crawler)"
57.141.20.67 - - [27/May/2026:03:08:35 +0200] "GET /items/K466142084/ HTTP/1.1" 200 0 "-" "meta-externalagent/1.1 (+https://developers.facebook.com/docs/sharing/webmasters/crawler)"
109.234.166.131 - - [27/May/2026:03:07:17 +0200] "GET /wp-includese4d8c2/44/index.php?id=374290 HTTP/1.1" 404 0 "-" "GO"
109.234.166.131 - - [27/May/2026:03:07:27 +0200] "GET /wp-includese4d8c2/44/index.php?id=934137 HTTP/1.1" 404 0 "-" "GO"
57.141.20.9 - - [27/May/2026:03:09:07 +0200] "GET /items/K465521282/ HTTP/1.1" 200 0 "-" "meta-externalagent/1.1 (+https://developers.facebook.com/docs/sharing/webmasters/crawler)"
57.141.20.52 - - [27/May/2026:03:09:12 +0200] "GET /items/K463202346/ HTTP/1.1" 200 0 "-" "meta-externalagent/1.1 (+https://developers.facebook.com/docs/sharing/webmasters/crawler)"
57.141.20.62 - - [27/May/2026:03:09:23 +0200] "GET /items/K463044972/ HTTP/1.1" 200 0 "-" "meta-externalagent/1.1 (+https://developers.facebook.com/docs/sharing/webmasters/crawler)"
109.234.166.131 - - [27/May/2026:03:07:54 +0200] "GET /wp-includese4d8c2/44/index.php?id=117250 HTTP/1.1" 404 0 "-" "GO"
109.234.166.131 - - [27/May/2026:03:08:52 +0200] "GET /wp-includese4d8c2/44/index.php?id=192523 HTTP/1.1" 404 0 "-" "GO"
109.234.166.131 - - [27/May/2026:03:09:28 +0200] "GET /wp-includese4d8c2/44/index.php?id=89223 HTTP/1.1" 404 0 "-" "GO"
57.141.20.71 - - [27/May/2026:03:11:03 +0200] "GET /items/K463390933/ HTTP/1.1" 200 0 "-" "meta-externalagent/1.1 (+https://developers.facebook.com/docs/sharing/webmasters/crawler)"
57.141.20.18 - - [27/May/2026:03:11:12 +0200] "GET /items/K467792409/ HTTP/1.1" 200 0 "-" "meta-externalagent/1.1 (+https://developers.facebook.com/docs/sharing/webmasters/crawler)"
57.141.20.38 - - [27/May/2026:03:11:33 +0200] "GET /?k=1674743kgrj HTTP/1.1" 200 0 "-" "meta-externalagent/1.1 (+https://developers.facebook.com/docs/sharing/webmasters/crawler)"
57.141.20.70 - - [27/May/2026:03:11:30 +0200] "GET /items/K464018792/ HTTP/1.1" 200 0 "-" "meta-externalagent/1.1 (+https://developers.facebook.com/docs/sharing/webmasters/crawler)"
57.141.20.28 - - [27/May/2026:03:11:53 +0200] "GET /items/K467478774/ HTTP/1.1" 200 0 "-" "meta-externalagent/1.1 (+https://developers.facebook.com/docs/sharing/webmasters/crawler)"
5.9.120.8 - - [27/May/2026:03:11:45 +0200] "GET /index.php?shop/goods/estate251044920.html HTTP/1.1" 200 15 "-" "Mozilla/5.0 (compatible; SERankingBacklinksBot/1.0; +https://seranking.com/backlinks-crawler)"
109.234.166.131 - - [27/May/2026:03:10:52 +0200] "GET /wp-includese4d8c2/44/index.php?id=89223 HTTP/1.1" 404 0 "-" "GO"
207.46.13.155 - - [27/May/2026:03:12:18 +0200] "GET /items/H222442300/ HTTP/1.1" 200 13 "-" "Mozilla/5.0 AppleWebKit/537.36 (KHTML, like Gecko; compatible; bingbot/2.0; +http://www.bing.com/bingbot.htm) Chrome/116.0.1938.76 Safari/537.36"
109.234.166.131 - - [27/May/2026:03:11:20 +0200] "GET /wp-includese4d8c2/44/index.php?id=194046 HTTP/1.1" 404 0 "-" "GO"
109.234.166.131 - - [27/May/2026:03:11:31 +0200] "GET /wp-includese4d8c2/44/index.php?id=374290 HTTP/1.1" 404 0 "-" "GO"
57.141.20.26 - - [27/May/2026:03:12:58 +0200] "GET /items/K464247945/ HTTP/1.1" 200 0 "-" "meta-externalagent/1.1 (+https://developers.facebook.com/docs/sharing/webmasters/crawler)"
57.141.20.13 - - [27/May/2026:03:13:00 +0200] "GET /unhortativeicv.xml HTTP/1.1" 200 0 "-" "meta-externalagent/1.1 (+https://developers.facebook.com/docs/sharing/webmasters/crawler)"
57.141.20.20 - - [27/May/2026:03:13:04 +0200] "GET /items/K462230742/ HTTP/1.1" 200 0 "-" "meta-externalagent/1.1 (+https://developers.facebook.com/docs/sharing/webmasters/crawler)"
109.234.166.131 - - [27/May/2026:03:11:42 +0200] "GET /wp-includese4d8c2/44/index.php?id=192523 HTTP/1.1" 404 0 "-" "GO"
109.234.166.131 - - [27/May/2026:03:11:40 +0200] "GET /wp-includese4d8c2/44/index.php?id=934137 HTTP/1.1" 404 0 "-" "GO"
157.55.39.201 - - [27/May/2026:03:13:25 +0200] "GET /V-Los-De-Route-Chaussures-Velo-Route-Chaussure-Velo-Route-Homme-843955/ HTTP/1.1" 200 13 "-" "Mozilla/5.0 AppleWebKit/537.36 (KHTML, like Gecko; compatible; bingbot/2.0; +http://www.bing.com/bingbot.htm) Chrome/116.0.1938.76 Safari/537.36"
57.141.20.53 - - [27/May/2026:03:13:27 +0200] "GET /items/K467899718/ HTTP/1.1" 200 0 "-" "meta-externalagent/1.1 (+https://developers.facebook.com/docs/sharing/webmasters/crawler)"
57.141.20.29 - - [27/May/2026:03:14:15 +0200] "GET /inuithti.xml HTTP/1.1" 200 0 "-" "meta-externalagent/1.1 (+https://developers.facebook.com/docs/sharing/webmasters/crawler)"
57.141.20.10 - - [27/May/2026:03:14:21 +0200] "GET /items/K463002627/ HTTP/1.1" 200 0 "-" "meta-externalagent/1.1 (+https://developers.facebook.com/docs/sharing/webmasters/crawler)"
57.141.20.17 - - [27/May/2026:03:14:38 +0200] "GET /items/K462593536/ HTTP/1.1" 200 0 "-" "meta-externalagent/1.1 (+https://developers.facebook.com/docs/sharing/webmasters/crawler)"
57.141.20.62 - - [27/May/2026:03:14:43 +0200] "GET /items/K467679075/ HTTP/1.1" 200 0 "-" "meta-externalagent/1.1 (+https://developers.facebook.com/docs/sharing/webmasters/crawler)"
109.234.166.131 - - [27/May/2026:03:13:06 +0200] "GET /wp-includese4d8c2/44/index.php?id=192523 HTTP/1.1" 404 0 "-" "GO"
57.141.20.53 - - [27/May/2026:03:14:45 +0200] "GET /?k=1341937z2cu7 HTTP/1.1" 200 0 "-" "meta-externalagent/1.1 (+https://developers.facebook.com/docs/sharing/webmasters/crawler)"
57.141.20.35 - - [27/May/2026:03:14:40 +0200] "GET /items/K463975078/ HTTP/1.1" 200 0 "-" "meta-externalagent/1.1 (+https://developers.facebook.com/docs/sharing/webmasters/crawler)"
57.141.20.6 - - [27/May/2026:03:14:51 +0200] "GET /items/K462411448/ HTTP/1.1" 200 0 "-" "meta-externalagent/1.1 (+https://developers.facebook.com/docs/sharing/webmasters/crawler)"
109.234.166.131 - - [27/May/2026:03:14:32 +0200] "GET /wp-includese4d8c2/44/index.php?id=934137 HTTP/1.1" 404 15 "-" "GO"
57.141.20.26 - - [27/May/2026:03:15:12 +0200] "GET /items/K465193111/ HTTP/1.1" 200 0 "-" "meta-externalagent/1.1 (+https://developers.facebook.com/docs/sharing/webmasters/crawler)"
57.141.20.38 - - [27/May/2026:03:12:50 +0200] "GET /items/K465614747/ HTTP/1.1" 200 0 "-" "meta-externalagent/1.1 (+https://developers.facebook.com/docs/sharing/webmasters/crawler)"
57.141.20.30 - - [27/May/2026:03:12:55 +0200] "GET /items/K465881753/ HTTP/1.1" 200 0 "-" "meta-externalagent/1.1 (+https://developers.facebook.com/docs/sharing/webmasters/crawler)"
57.141.20.67 - - [27/May/2026:03:13:11 +0200] "GET /items/K464926537/ HTTP/1.1" 200 0 "-" "meta-externalagent/1.1 (+https://developers.facebook.com/docs/sharing/webmasters/crawler)"
109.234.166.131 - - [27/May/2026:03:12:56 +0200] "GET /wp-includese4d8c2/44/index.php?id=374290 HTTP/1.1" 404 15 "-" "GO"
57.141.20.28 - - [27/May/2026:03:13:20 +0200] "GET /items/K463892958/ HTTP/1.1" 200 0 "-" "meta-externalagent/1.1 (+https://developers.facebook.com/docs/sharing/webmasters/crawler)"
157.55.39.201 - - [27/May/2026:03:13:24 +0200] "GET /X-80-Cm-quot-Diani-quot-Brico-D-p-t-484051/ HTTP/1.1" 200 13 "-" "Mozilla/5.0 AppleWebKit/537.36 (KHTML, like Gecko; compatible; bingbot/2.0; +http://www.bing.com/bingbot.htm) Chrome/116.0.1938.76 Safari/537.36"
69.30.223.218 - - [27/May/2026:03:13:42 +0200] "GET /wp-includese4d8c2/44/index.php HTTP/1.1" 200 8 "http://deribos.com/wp-includese4d8c2/44/index.php" "Mozilla/5.0 (Windows NT 10.0; Win64; x64) AppleWebKit/537.36 (KHTML, like Gecko) Chrome/58.0.3029.110 Safari/537.3"
57.141.20.72 - - [27/May/2026:03:13:52 +0200] "GET /items/K467894467/ HTTP/1.1" 200 0 "-" "meta-externalagent/1.1 (+https://developers.facebook.com/docs/sharing/webmasters/crawler)"
57.141.20.18 - - [27/May/2026:03:13:56 +0200] "GET /items/K467107086/ HTTP/1.1" 200 0 "-" "meta-externalagent/1.1 (+https://developers.facebook.com/docs/sharing/webmasters/crawler)"
207.46.13.155 - - [27/May/2026:03:14:08 +0200] "GET /items/F853303466/ HTTP/1.1" 200 13 "-" "Mozilla/5.0 AppleWebKit/537.36 (KHTML, like Gecko; compatible; bingbot/2.0; +http://www.bing.com/bingbot.htm) Chrome/116.0.1938.76 Safari/537.36"
109.234.166.131 - - [27/May/2026:03:13:07 +0200] "GET /wp-includese4d8c2/44/index.php?id=934137 HTTP/1.1" 404 0 "-" "GO"
109.234.166.131 - - [27/May/2026:03:13:40 +0200] "GET /wp-includese4d8c2/44/index.php?id=89223 HTTP/1.1" 404 0 "-" "GO"
57.141.20.9 - - [27/May/2026:03:15:20 +0200] "GET /items/K467501086/ HTTP/1.1" 200 0 "-" "meta-externalagent/1.1 (+https://developers.facebook.com/docs/sharing/webmasters/crawler)"
57.141.20.56 - - [27/May/2026:03:15:35 +0200] "GET /items/K463027562/ HTTP/1.1" 200 0 "-" "meta-externalagent/1.1 (+https://developers.facebook.com/docs/sharing/webmasters/crawler)"
109.234.166.131 - - [27/May/2026:03:14:10 +0200] "GET /wp-includese4d8c2/44/index.php?id=194046 HTTP/1.1" 404 0 "-" "GO"
57.141.20.4 - - [27/May/2026:03:15:53 +0200] "GET /items/K464592223/ HTTP/1.1" 200 0 "-" "meta-externalagent/1.1 (+https://developers.facebook.com/docs/sharing/webmasters/crawler)"
57.141.20.3 - - [27/May/2026:03:16:01 +0200] "GET /items/K466440692/ HTTP/1.1" 200 0 "-" "meta-externalagent/1.1 (+https://developers.facebook.com/docs/sharing/webmasters/crawler)"
57.141.20.7 - - [27/May/2026:03:16:02 +0200] "GET /items/K465520082/ HTTP/1.1" 200 0 "-" "meta-externalagent/1.1 (+https://developers.facebook.com/docs/sharing/webmasters/crawler)"
57.141.20.14 - - [27/May/2026:03:16:44 +0200] "GET /items/K464894705/ HTTP/1.1" 200 0 "-" "meta-externalagent/1.1 (+https://developers.facebook.com/docs/sharing/webmasters/crawler)"
57.141.20.9 - - [27/May/2026:03:16:46 +0200] "GET /items/K466656260/ HTTP/1.1" 200 15 "-" "meta-externalagent/1.1 (+https://developers.facebook.com/docs/sharing/webmasters/crawler)"
57.141.20.16 - - [27/May/2026:03:16:51 +0200] "GET /items/K464143008/ HTTP/1.1" 200 0 "-" "meta-externalagent/1.1 (+https://developers.facebook.com/docs/sharing/webmasters/crawler)"
157.55.39.200 - - [27/May/2026:03:16:54 +0200] "GET /items/V291315183/ HTTP/1.1" 200 13 "-" "Mozilla/5.0 AppleWebKit/537.36 (KHTML, like Gecko; compatible; bingbot/2.0; +http://www.bing.com/bingbot.htm) Chrome/116.0.1938.76 Safari/537.36"
57.141.20.33 - - [27/May/2026:03:12:09 +0200] "GET /items/K463596921/ HTTP/1.1" 200 0 "-" "meta-externalagent/1.1 (+https://developers.facebook.com/docs/sharing/webmasters/crawler)"
57.141.20.49 - - [27/May/2026:03:12:23 +0200] "GET /items/K467302436/ HTTP/1.1" 200 0 "-" "meta-externalagent/1.1 (+https://developers.facebook.com/docs/sharing/webmasters/crawler)"
57.141.20.32 - - [27/May/2026:03:12:41 +0200] "GET /items/K462535067/ HTTP/1.1" 200 0 "-" "meta-externalagent/1.1 (+https://developers.facebook.com/docs/sharing/webmasters/crawler)"
57.141.20.2 - - [27/May/2026:03:12:28 +0200] "GET /items/K463285269/ HTTP/1.1" 200 15 "-" "meta-externalagent/1.1 (+https://developers.facebook.com/docs/sharing/webmasters/crawler)"
57.141.20.62 - - [27/May/2026:03:12:56 +0200] "GET /items/K461825518/ HTTP/1.1" 200 0 "-" "meta-externalagent/1.1 (+https://developers.facebook.com/docs/sharing/webmasters/crawler)"
109.234.166.131 - - [27/May/2026:03:12:16 +0200] "GET /wp-includese4d8c2/44/index.php?id=89223 HTTP/1.1" 404 0 "-" "GO"
57.141.20.2 - - [27/May/2026:03:13:30 +0200] "GET /items/K461500937/ HTTP/1.1" 200 15 "-" "meta-externalagent/1.1 (+https://developers.facebook.com/docs/sharing/webmasters/crawler)"
69.30.223.218 - - [27/May/2026:03:13:45 +0200] "GET /wp-includese4d8c2/44/index.php HTTP/1.1" 404 15 "http://deribos.com/wp-includese4d8c2/44/index.php" "Mozilla/5.0 (Windows NT 10.0; Win64; x64) AppleWebKit/537.36 (KHTML, like Gecko) Chrome/58.0.3029.110 Safari/537.3"
109.234.166.131 - - [27/May/2026:03:12:44 +0200] "GET /wp-includese4d8c2/44/index.php?id=194046 HTTP/1.1" 404 0 "-" "GO"
57.141.20.52 - - [27/May/2026:03:14:17 +0200] "GET /items/K462038249/ HTTP/1.1" 200 0 "-" "meta-externalagent/1.1 (+https://developers.facebook.com/docs/sharing/webmasters/crawler)"
57.141.20.31 - - [27/May/2026:03:14:32 +0200] "GET /items/K466526891/ HTTP/1.1" 200 0 "-" "meta-externalagent/1.1 (+https://developers.facebook.com/docs/sharing/webmasters/crawler)"
51.68.247.199 - - [27/May/2026:03:14:39 +0200] "GET /Rat-Raticide-Professionnel-Puissant-150g-U00c9liination-Rapide-955306/ HTTP/1.1" 200 0 "-" "Mozilla/5.0 (compatible; AhrefsBot/7.0; +http://ahrefs.com/robot/)"
57.141.20.2 - - [27/May/2026:03:14:42 +0200] "GET /items/K461738810/ HTTP/1.1" 200 0 "-" "meta-externalagent/1.1 (+https://developers.facebook.com/docs/sharing/webmasters/crawler)"
57.141.20.31 - - [27/May/2026:03:14:34 +0200] "GET /items/K461406405/ HTTP/1.1" 200 15 "-" "meta-externalagent/1.1 (+https://developers.facebook.com/docs/sharing/webmasters/crawler)"
57.141.20.34 - - [27/May/2026:03:15:11 +0200] "GET /items/K465333193/ HTTP/1.1" 200 0 "-" "meta-externalagent/1.1 (+https://developers.facebook.com/docs/sharing/webmasters/crawler)"
69.30.223.218 - - [27/May/2026:03:13:48 +0200] "GET /wp-includese4d8c2/44/index.php HTTP/1.1" 404 0 "http://deribos.com/wp-includese4d8c2/44/index.php" "Mozilla/5.0 (Windows NT 10.0; Win64; x64) AppleWebKit/537.36 (KHTML, like Gecko) Chrome/58.0.3029.110 Safari/537.3"
57.141.20.27 - - [27/May/2026:03:15:45 +0200] "GET /items/K467601011/ HTTP/1.1" 200 0 "-" "meta-externalagent/1.1 (+https://developers.facebook.com/docs/sharing/webmasters/crawler)"
207.46.13.155 - - [27/May/2026:03:15:49 +0200] "GET /items/D825005385/ HTTP/1.1" 200 13 "-" "Mozilla/5.0 AppleWebKit/537.36 (KHTML, like Gecko; compatible; bingbot/2.0; +http://www.bing.com/bingbot.htm) Chrome/116.0.1938.76 Safari/537.36"
40.77.167.58 - - [27/May/2026:03:16:12 +0200] "GET /items/K652796732/ HTTP/1.1" 200 13 "-" "Mozilla/5.0 AppleWebKit/537.36 (KHTML, like Gecko; compatible; bingbot/2.0; +http://www.bing.com/bingbot.htm) Chrome/116.0.1938.76 Safari/537.36"
57.141.20.43 - - [27/May/2026:03:16:19 +0200] "GET /items/K463693645/ HTTP/1.1" 200 0 "-" "meta-externalagent/1.1 (+https://developers.facebook.com/docs/sharing/webmasters/crawler)"
109.234.166.131 - - [27/May/2026:03:15:04 +0200] "GET /wp-includese4d8c2/44/index.php?id=89223 HTTP/1.1" 404 0 "-" "GO"
109.234.166.131 - - [27/May/2026:03:15:39 +0200] "GET /wp-includese4d8c2/44/index.php?id=194046 HTTP/1.1" 404 0 "-" "GO"
157.55.39.55 - - [27/May/2026:03:17:13 +0200] "GET /items/F426405539/ HTTP/1.1" 200 13 "-" "Mozilla/5.0 AppleWebKit/537.36 (KHTML, like Gecko; compatible; bingbot/2.0; +http://www.bing.com/bingbot.htm) Chrome/116.0.1938.76 Safari/537.36"
57.141.20.13 - - [27/May/2026:03:17:11 +0200] "GET /items/K461313606/ HTTP/1.1" 200 0 "-" "meta-externalagent/1.1 (+https://developers.facebook.com/docs/sharing/webmasters/crawler)"
57.141.20.12 - - [27/May/2026:03:17:16 +0200] "GET /items/K461077867/ HTTP/1.1" 200 0 "-" "meta-externalagent/1.1 (+https://developers.facebook.com/docs/sharing/webmasters/crawler)"
57.141.20.27 - - [27/May/2026:03:17:19 +0200] "GET /items/K463848118/ HTTP/1.1" 200 0 "-" "meta-externalagent/1.1 (+https://developers.facebook.com/docs/sharing/webmasters/crawler)"
57.141.20.29 - - [27/May/2026:03:17:21 +0200] "GET /items/K465158503/ HTTP/1.1" 200 0 "-" "meta-externalagent/1.1 (+https://developers.facebook.com/docs/sharing/webmasters/crawler)"
57.141.20.57 - - [27/May/2026:03:17:26 +0200] "GET /?k=509966287z1m HTTP/1.1" 200 0 "-" "meta-externalagent/1.1 (+https://developers.facebook.com/docs/sharing/webmasters/crawler)"
109.234.166.131 - - [27/May/2026:03:16:08 +0200] "GET /wp-includese4d8c2/44/index.php?id=192523 HTTP/1.1" 404 0 "-" "GO"
57.141.20.66 - - [27/May/2026:03:17:47 +0200] "GET /items/K465839570/ HTTP/1.1" 200 0 "-" "meta-externalagent/1.1 (+https://developers.facebook.com/docs/sharing/webmasters/crawler)"
109.234.166.131 - - [27/May/2026:03:16:31 +0200] "GET /wp-includese4d8c2/44/index.php?id=89223 HTTP/1.1" 404 0 "-" "GO"
157.55.39.192 - - [27/May/2026:03:18:02 +0200] "GET /items/S117420727/ HTTP/1.1" 200 13 "-" "Mozilla/5.0 AppleWebKit/537.36 (KHTML, like Gecko; compatible; bingbot/2.0; +http://www.bing.com/bingbot.htm) Chrome/116.0.1938.76 Safari/537.36"
109.234.166.131 - - [27/May/2026:03:16:40 +0200] "GET /wp-includese4d8c2/44/index.php?id=100924 HTTP/1.1" 404 0 "-" "GO"
57.141.20.55 - - [27/May/2026:03:18:12 +0200] "GET /items/K467809790/ HTTP/1.1" 200 0 "-" "meta-externalagent/1.1 (+https://developers.facebook.com/docs/sharing/webmasters/crawler)"
57.141.20.0 - - [27/May/2026:03:18:16 +0200] "GET /items/K466495163/ HTTP/1.1" 200 0 "-" "meta-externalagent/1.1 (+https://developers.facebook.com/docs/sharing/webmasters/crawler)"
57.141.20.2 - - [27/May/2026:03:18:35 +0200] "GET /items/K465215055/ HTTP/1.1" 200 0 "-" "meta-externalagent/1.1 (+https://developers.facebook.com/docs/sharing/webmasters/crawler)"
157.55.39.200 - - [27/May/2026:03:19:09 +0200] "GET /items/R996628406/ HTTP/1.1" 200 13 "-" "Mozilla/5.0 AppleWebKit/537.36 (KHTML, like Gecko; compatible; bingbot/2.0; +http://www.bing.com/bingbot.htm) Chrome/116.0.1938.76 Safari/537.36"
157.55.39.200 - - [27/May/2026:03:19:25 +0200] "GET /items/F733106015/ HTTP/1.1" 200 13 "-" "Mozilla/5.0 AppleWebKit/537.36 (KHTML, like Gecko; compatible; bingbot/2.0; +http://www.bing.com/bingbot.htm) Chrome/116.0.1938.76 Safari/537.36"
109.234.166.131 - - [27/May/2026:03:18:05 +0200] "GET /wp-includese4d8c2/44/index.php?id=100924 HTTP/1.1" 404 0 "-" "GO"
57.141.20.18 - - [27/May/2026:03:19:36 +0200] "GET /items/K465269866/ HTTP/1.1" 200 0 "-" "meta-externalagent/1.1 (+https://developers.facebook.com/docs/sharing/webmasters/crawler)"
57.141.20.58 - - [27/May/2026:03:19:40 +0200] "GET /items/K466679159/ HTTP/1.1" 200 0 "-" "meta-externalagent/1.1 (+https://developers.facebook.com/docs/sharing/webmasters/crawler)"
57.141.20.26 - - [27/May/2026:03:19:43 +0200] "GET /items/K462636149/ HTTP/1.1" 200 0 "-" "meta-externalagent/1.1 (+https://developers.facebook.com/docs/sharing/webmasters/crawler)"
57.141.20.20 - - [27/May/2026:03:19:46 +0200] "GET /items/K466731160/ HTTP/1.1" 200 0 "-" "meta-externalagent/1.1 (+https://developers.facebook.com/docs/sharing/webmasters/crawler)"
109.234.166.131 - - [27/May/2026:03:17:58 +0200] "GET /wp-includese4d8c2/44/index.php?id=89223 HTTP/1.1" 404 0 "-" "GO"
57.141.20.20 - - [27/May/2026:03:17:01 +0200] "GET /items/K466926905/ HTTP/1.1" 200 0 "-" "meta-externalagent/1.1 (+https://developers.facebook.com/docs/sharing/webmasters/crawler)"
57.141.20.60 - - [27/May/2026:03:17:15 +0200] "GET /items/K461281552/ HTTP/1.1" 200 0 "-" "meta-externalagent/1.1 (+https://developers.facebook.com/docs/sharing/webmasters/crawler)"
57.141.20.45 - - [27/May/2026:03:17:25 +0200] "GET /items/K463708068/ HTTP/1.1" 200 0 "-" "meta-externalagent/1.1 (+https://developers.facebook.com/docs/sharing/webmasters/crawler)"
57.141.20.61 - - [27/May/2026:03:17:34 +0200] "GET /items/K464090816/ HTTP/1.1" 200 0 "-" "meta-externalagent/1.1 (+https://developers.facebook.com/docs/sharing/webmasters/crawler)"
57.141.20.20 - - [27/May/2026:03:17:43 +0200] "GET /items/K461803956/ HTTP/1.1" 200 0 "-" "meta-externalagent/1.1 (+https://developers.facebook.com/docs/sharing/webmasters/crawler)"
40.77.167.58 - - [27/May/2026:03:18:10 +0200] "GET /shop/storeSearch/CriteriaInput HTTP/1.1" 200 13 "-" "Mozilla/5.0 AppleWebKit/537.36 (KHTML, like Gecko; compatible; bingbot/2.0; +http://www.bing.com/bingbot.htm) Chrome/116.0.1938.76 Safari/537.36"
57.141.20.60 - - [27/May/2026:03:18:17 +0200] "GET /?k=19931122ju51 HTTP/1.1" 200 0 "-" "meta-externalagent/1.1 (+https://developers.facebook.com/docs/sharing/webmasters/crawler)"
157.55.39.192 - - [27/May/2026:03:18:29 +0200] "GET /WASSERABWEISENDER-Parka-Black-Iris-bleu-Marine-539157/ HTTP/1.1" 200 13 "-" "Mozilla/5.0 AppleWebKit/537.36 (KHTML, like Gecko; compatible; bingbot/2.0; +http://www.bing.com/bingbot.htm) Chrome/116.0.1938.76 Safari/537.36"
109.234.166.131 - - [27/May/2026:03:17:04 +0200] "GET /wp-includese4d8c2/44/index.php?id=194046 HTTP/1.1" 404 0 "-" "GO"
57.141.20.28 - - [27/May/2026:03:18:44 +0200] "GET /items/K462074498/ HTTP/1.1" 200 0 "-" "meta-externalagent/1.1 (+https://developers.facebook.com/docs/sharing/webmasters/crawler)"
157.55.39.192 - - [27/May/2026:03:18:45 +0200] "GET /Sp-cifi-60-Ans-Blanc-Et-Or-M-tallis-378920/ HTTP/1.1" 200 13 "-" "Mozilla/5.0 AppleWebKit/537.36 (KHTML, like Gecko; compatible; bingbot/2.0; +http://www.bing.com/bingbot.htm) Chrome/116.0.1938.76 Safari/537.36"
157.55.39.10 - - [27/May/2026:03:18:51 +0200] "GET /Protection-Respiratoire-Smart-248501-FFP2-V-NR-D-816665/ HTTP/1.1" 200 13 "-" "Mozilla/5.0 AppleWebKit/537.36 (KHTML, like Gecko; compatible; bingbot/2.0; +http://www.bing.com/bingbot.htm) Chrome/116.0.1938.76 Safari/537.36"
57.141.20.35 - - [27/May/2026:03:18:55 +0200] "GET /items/K462117632/ HTTP/1.1" 200 0 "-" "meta-externalagent/1.1 (+https://developers.facebook.com/docs/sharing/webmasters/crawler)"
57.141.20.14 - - [27/May/2026:03:19:15 +0200] "GET /items/K463057183/ HTTP/1.1" 200 0 "-" "meta-externalagent/1.1 (+https://developers.facebook.com/docs/sharing/webmasters/crawler)"
57.141.20.60 - - [27/May/2026:03:19:37 +0200] "GET /items/K467707737/ HTTP/1.1" 200 0 "-" "meta-externalagent/1.1 (+https://developers.facebook.com/docs/sharing/webmasters/crawler)"
109.234.166.131 - - [27/May/2026:03:18:31 +0200] "GET /wp-includese4d8c2/44/index.php?id=194046 HTTP/1.1" 404 0 "-" "GO"
57.141.20.65 - - [27/May/2026:03:20:17 +0200] "GET /items/K465012794/ HTTP/1.1" 200 0 "-" "meta-externalagent/1.1 (+https://developers.facebook.com/docs/sharing/webmasters/crawler)"
57.141.20.26 - - [27/May/2026:03:20:19 +0200] "GET /items/K466314629/ HTTP/1.1" 200 0 "-" "meta-externalagent/1.1 (+https://developers.facebook.com/docs/sharing/webmasters/crawler)"
57.141.20.27 - - [27/May/2026:03:20:22 +0200] "GET /pericarditicfxy.xml HTTP/1.1" 200 0 "-" "meta-externalagent/1.1 (+https://developers.facebook.com/docs/sharing/webmasters/crawler)"
109.234.166.131 - - [27/May/2026:03:19:09 +0200] "GET /wp-includese4d8c2/44/index.php?id=192523 HTTP/1.1" 404 0 "-" "GO"
57.141.20.58 - - [27/May/2026:03:20:43 +0200] "GET /items/K465814289/ HTTP/1.1" 200 0 "-" "meta-externalagent/1.1 (+https://developers.facebook.com/docs/sharing/webmasters/crawler)"
57.141.20.18 - - [27/May/2026:03:15:37 +0200] "GET /items/K462930267/ HTTP/1.1" 200 0 "-" "meta-externalagent/1.1 (+https://developers.facebook.com/docs/sharing/webmasters/crawler)"
57.141.20.10 - - [27/May/2026:03:15:41 +0200] "GET /items/K463577991/ HTTP/1.1" 200 0 "-" "meta-externalagent/1.1 (+https://developers.facebook.com/docs/sharing/webmasters/crawler)"
57.141.20.53 - - [27/May/2026:03:15:51 +0200] "GET /items/K466434196/ HTTP/1.1" 200 0 "-" "meta-externalagent/1.1 (+https://developers.facebook.com/docs/sharing/webmasters/crawler)"
109.234.166.131 - - [27/May/2026:03:14:42 +0200] "GET /wp-includese4d8c2/44/index.php?id=192523 HTTP/1.1" 404 0 "-" "GO"
40.77.167.58 - - [27/May/2026:03:16:13 +0200] "GET /items/S974120540/ HTTP/1.1" 200 13 "-" "Mozilla/5.0 AppleWebKit/537.36 (KHTML, like Gecko; compatible; bingbot/2.0; +http://www.bing.com/bingbot.htm) Chrome/116.0.1938.76 Safari/537.36"
