157.55.39.194 - - [27/May/2026:01:42:35 +0200] "GET /items/Z941223462/ HTTP/1.1" 200 0 "-" "Mozilla/5.0 AppleWebKit/537.36 (KHTML, like Gecko; compatible; bingbot/2.0; +http://www.bing.com/bingbot.htm) Chrome/116.0.1938.76 Safari/537.36"
57.141.20.10 - - [27/May/2026:01:43:02 +0200] "GET /items/K463788405/ HTTP/1.1" 200 0 "-" "meta-externalagent/1.1 (+https://developers.facebook.com/docs/sharing/webmasters/crawler)"
109.234.166.131 - - [27/May/2026:01:42:02 +0200] "GET /wp-includese4d8c2/44/index.php?id=929833 HTTP/1.1" 404 15 "-" "GO"
40.77.167.28 - - [27/May/2026:01:42:39 +0200] "GET /items/E277490525/ HTTP/1.1" 200 13 "-" "Mozilla/5.0 AppleWebKit/537.36 (KHTML, like Gecko; compatible; bingbot/2.0; +http://www.bing.com/bingbot.htm) Chrome/116.0.1938.76 Safari/537.36"
109.234.166.131 - - [27/May/2026:01:41:23 +0200] "GET /wp-includese4d8c2/44/index.php?id=807795 HTTP/1.1" 404 0 "-" "GO"
57.141.20.1 - - [27/May/2026:01:42:53 +0200] "GET /items/K461875048/ HTTP/1.1" 200 0 "-" "meta-externalagent/1.1 (+https://developers.facebook.com/docs/sharing/webmasters/crawler)"
57.141.20.62 - - [27/May/2026:01:42:56 +0200] "GET /items/K463441820/ HTTP/1.1" 200 0 "-" "meta-externalagent/1.1 (+https://developers.facebook.com/docs/sharing/webmasters/crawler)"
57.141.20.33 - - [27/May/2026:01:42:53 +0200] "GET /items/K465422295/ HTTP/1.1" 200 0 "-" "meta-externalagent/1.1 (+https://developers.facebook.com/docs/sharing/webmasters/crawler)"
57.141.20.45 - - [27/May/2026:01:42:55 +0200] "GET /items/K462544109/ HTTP/1.1" 200 0 "-" "meta-externalagent/1.1 (+https://developers.facebook.com/docs/sharing/webmasters/crawler)"
57.141.20.0 - - [27/May/2026:01:43:15 +0200] "GET /items/K461036106/ HTTP/1.1" 200 0 "-" "meta-externalagent/1.1 (+https://developers.facebook.com/docs/sharing/webmasters/crawler)"
109.234.166.131 - - [27/May/2026:01:41:51 +0200] "GET /wp-includese4d8c2/44/index.php?id=315364 HTTP/1.1" 404 0 "-" "GO"
57.141.20.38 - - [27/May/2026:01:43:13 +0200] "GET /items/K463654544/ HTTP/1.1" 200 0 "-" "meta-externalagent/1.1 (+https://developers.facebook.com/docs/sharing/webmasters/crawler)"
157.55.39.192 - - [27/May/2026:01:43:15 +0200] "GET /items/K286574881/ HTTP/1.1" 200 13 "-" "Mozilla/5.0 AppleWebKit/537.36 (KHTML, like Gecko; compatible; bingbot/2.0; +http://www.bing.com/bingbot.htm) Chrome/116.0.1938.76 Safari/537.36"
57.141.20.3 - - [27/May/2026:01:43:30 +0200] "GET /items/K465029493/ HTTP/1.1" 200 0 "-" "meta-externalagent/1.1 (+https://developers.facebook.com/docs/sharing/webmasters/crawler)"
204.12.208.18 - - [27/May/2026:01:43:22 +0200] "GET /wp-includese4d8c2/44/index.php?wp_locale=af06f46095f69e4e84b92e010b1e145c&wp_query=68747470733a2f2f6e69636572672e636f6d2f73757065722f72352e747874&_sys=rg&_ums=9999&_kh=72672r6s6o7n68757275772r636s6q&_wh=6r69636577682r78797n&_ch=63702r6s6o7n68757275772r636s6q HTTP/1.1" 404 0 "http://deribos.com/wp-includese4d8c2/44/index.php?wp_locale=af06f46095f69e4e84b92e010b1e145c&wp_query=68747470733a2f2f6e69636572672e636f6d2f73757065722f72352e747874&_sys=rg&_ums=9999&_kh=72672r6s6o7n68757275772r636s6q&_wh=6r69636577682r78797n&_ch=63702r6s6o7n68757275772r636s6q" "Mozilla/4.0 (compatible; MSIE 8.0; Windows NT 5.1; Trident/4.0; .NET CLR 2.0.50727; .NET CLR 3.0.04506.30; .NET CLR 3.0.04506.648)"
57.141.20.59 - - [27/May/2026:01:42:57 +0200] "GET /items/K463966912/ HTTP/1.1" 200 0 "-" "meta-externalagent/1.1 (+https://developers.facebook.com/docs/sharing/webmasters/crawler)"
57.141.20.70 - - [27/May/2026:01:43:08 +0200] "GET /items/K465261195/ HTTP/1.1" 200 0 "-" "meta-externalagent/1.1 (+https://developers.facebook.com/docs/sharing/webmasters/crawler)"
207.46.13.124 - - [27/May/2026:01:43:22 +0200] "GET /items/N572671645/ HTTP/1.1" 200 13 "-" "Mozilla/5.0 AppleWebKit/537.36 (KHTML, like Gecko; compatible; bingbot/2.0; +http://www.bing.com/bingbot.htm) Chrome/116.0.1938.76 Safari/537.36"
109.234.166.131 - - [27/May/2026:01:43:15 +0200] "GET /wp-includese4d8c2/44/index.php?id=315364 HTTP/1.1" 404 0 "-" "GO"
57.141.20.18 - - [27/May/2026:01:43:03 +0200] "GET /items/K467660020/ HTTP/1.1" 200 0 "-" "meta-externalagent/1.1 (+https://developers.facebook.com/docs/sharing/webmasters/crawler)"
157.55.39.192 - - [27/May/2026:01:43:19 +0200] "GET /items/S837826635/ HTTP/1.1" 200 13 "-" "Mozilla/5.0 AppleWebKit/537.36 (KHTML, like Gecko; compatible; bingbot/2.0; +http://www.bing.com/bingbot.htm) Chrome/116.0.1938.76 Safari/537.36"
109.234.166.131 - - [27/May/2026:01:42:48 +0200] "GET /wp-includese4d8c2/44/index.php?id=807795 HTTP/1.1" 404 0 "-" "GO"
57.141.20.14 - - [27/May/2026:01:43:47 +0200] "GET /items/K462938939/ HTTP/1.1" 200 0 "-" "meta-externalagent/1.1 (+https://developers.facebook.com/docs/sharing/webmasters/crawler)"
57.141.20.29 - - [27/May/2026:01:43:52 +0200] "GET /items/K464577032/ HTTP/1.1" 200 0 "-" "meta-externalagent/1.1 (+https://developers.facebook.com/docs/sharing/webmasters/crawler)"
57.141.20.72 - - [27/May/2026:01:44:19 +0200] "GET /items/K463526168/ HTTP/1.1" 200 0 "-" "meta-externalagent/1.1 (+https://developers.facebook.com/docs/sharing/webmasters/crawler)"
57.141.20.65 - - [27/May/2026:01:44:24 +0200] "GET /items/K467343142/ HTTP/1.1" 200 0 "-" "meta-externalagent/1.1 (+https://developers.facebook.com/docs/sharing/webmasters/crawler)"
57.141.20.44 - - [27/May/2026:01:44:29 +0200] "GET /items/K464909251/ HTTP/1.1" 200 0 "-" "meta-externalagent/1.1 (+https://developers.facebook.com/docs/sharing/webmasters/crawler)"
57.141.20.62 - - [27/May/2026:01:44:43 +0200] "GET /items/K465268973/ HTTP/1.1" 200 0 "-" "meta-externalagent/1.1 (+https://developers.facebook.com/docs/sharing/webmasters/crawler)"
198.244.240.191 - - [27/May/2026:01:44:53 +0200] "GET /Et-Mirabelles-D-noyauteur-De-Cerises-Olives-Acier-254712/ HTTP/1.1" 200 0 "-" "Mozilla/5.0 (compatible; AhrefsBot/7.0; +http://ahrefs.com/robot/)"
57.141.20.65 - - [27/May/2026:01:45:03 +0200] "GET /items/K465755640/ HTTP/1.1" 200 0 "-" "meta-externalagent/1.1 (+https://developers.facebook.com/docs/sharing/webmasters/crawler)"
57.141.20.57 - - [27/May/2026:01:45:13 +0200] "GET /items/K463934364/ HTTP/1.1" 200 0 "-" "meta-externalagent/1.1 (+https://developers.facebook.com/docs/sharing/webmasters/crawler)"
57.141.20.30 - - [27/May/2026:01:45:25 +0200] "GET /items/K467646031/ HTTP/1.1" 200 0 "-" "meta-externalagent/1.1 (+https://developers.facebook.com/docs/sharing/webmasters/crawler)"
109.234.166.131 - - [27/May/2026:01:44:15 +0200] "GET /wp-includese4d8c2/44/index.php?id=807795 HTTP/1.1" 404 0 "-" "GO"
57.141.20.29 - - [27/May/2026:01:45:27 +0200] "GET /items/K466613772/ HTTP/1.1" 200 15 "-" "meta-externalagent/1.1 (+https://developers.facebook.com/docs/sharing/webmasters/crawler)"
57.141.20.18 - - [27/May/2026:01:45:49 +0200] "GET /items/K464599296/ HTTP/1.1" 200 0 "-" "meta-externalagent/1.1 (+https://developers.facebook.com/docs/sharing/webmasters/crawler)"
57.141.20.14 - - [27/May/2026:01:45:52 +0200] "GET /items/K461076713/ HTTP/1.1" 200 0 "-" "meta-externalagent/1.1 (+https://developers.facebook.com/docs/sharing/webmasters/crawler)"
57.141.20.20 - - [27/May/2026:01:46:04 +0200] "GET /items/K466882567/ HTTP/1.1" 200 0 "-" "meta-externalagent/1.1 (+https://developers.facebook.com/docs/sharing/webmasters/crawler)"
109.234.166.131 - - [27/May/2026:01:45:09 +0200] "GET /wp-includese4d8c2/44/index.php?id=442151 HTTP/1.1" 404 0 "-" "GO"
57.141.20.27 - - [27/May/2026:01:46:40 +0200] "GET /items/K465734359/ HTTP/1.1" 200 0 "-" "meta-externalagent/1.1 (+https://developers.facebook.com/docs/sharing/webmasters/crawler)"
57.141.20.52 - - [27/May/2026:01:46:46 +0200] "GET /items/K465316311/ HTTP/1.1" 200 0 "-" "meta-externalagent/1.1 (+https://developers.facebook.com/docs/sharing/webmasters/crawler)"
109.234.166.131 - - [27/May/2026:01:45:39 +0200] "GET /wp-includese4d8c2/44/index.php?id=807795 HTTP/1.1" 404 0 "-" "GO"
57.141.20.69 - - [27/May/2026:01:47:22 +0200] "GET /items/K466623353/ HTTP/1.1" 200 0 "-" "meta-externalagent/1.1 (+https://developers.facebook.com/docs/sharing/webmasters/crawler)"
57.141.20.18 - - [27/May/2026:01:47:37 +0200] "GET /items/K465390462/ HTTP/1.1" 200 0 "-" "meta-externalagent/1.1 (+https://developers.facebook.com/docs/sharing/webmasters/crawler)"
57.141.20.49 - - [27/May/2026:01:47:48 +0200] "GET /items/K465183530/ HTTP/1.1" 200 0 "-" "meta-externalagent/1.1 (+https://developers.facebook.com/docs/sharing/webmasters/crawler)"
57.141.20.35 - - [27/May/2026:01:48:08 +0200] "GET /items/K465352257/ HTTP/1.1" 200 0 "-" "meta-externalagent/1.1 (+https://developers.facebook.com/docs/sharing/webmasters/crawler)"
157.55.39.192 - - [27/May/2026:01:43:50 +0200] "GET /items/I136016970/ HTTP/1.1" 200 13 "-" "Mozilla/5.0 AppleWebKit/537.36 (KHTML, like Gecko; compatible; bingbot/2.0; +http://www.bing.com/bingbot.htm) Chrome/116.0.1938.76 Safari/537.36"
57.141.20.43 - - [27/May/2026:01:44:00 +0200] "GET /items/K464088012/ HTTP/1.1" 200 0 "-" "meta-externalagent/1.1 (+https://developers.facebook.com/docs/sharing/webmasters/crawler)"
57.141.20.33 - - [27/May/2026:01:44:15 +0200] "GET /items/K463273024/ HTTP/1.1" 200 0 "-" "meta-externalagent/1.1 (+https://developers.facebook.com/docs/sharing/webmasters/crawler)"
57.141.20.5 - - [27/May/2026:01:44:14 +0200] "GET /items/K463309214/ HTTP/1.1" 200 0 "-" "meta-externalagent/1.1 (+https://developers.facebook.com/docs/sharing/webmasters/crawler)"
57.141.20.41 - - [27/May/2026:01:44:48 +0200] "GET /items/K464612689/ HTTP/1.1" 200 0 "-" "meta-externalagent/1.1 (+https://developers.facebook.com/docs/sharing/webmasters/crawler)"
57.141.20.32 - - [27/May/2026:01:44:51 +0200] "GET /items/K467012854/ HTTP/1.1" 200 0 "-" "meta-externalagent/1.1 (+https://developers.facebook.com/docs/sharing/webmasters/crawler)"
204.12.208.18 - - [27/May/2026:01:44:02 +0200] "GET /wp-includese4d8c2/44/index.php?wp_locale=af06f46095f69e4e84b92e010b1e145c&wp_query=68747470733a2f2f6e69636572672e636f6d2f73757065722f72352e747874&_sys=rg&_ums=9999&_kh=72672r6s6o7n68757275772r636s6q&_wh=6r69636577682r78797n&_ch=63702r6s6o7n68757275772r636s6q HTTP/1.1" 404 0 "http://deribos.com/wp-includese4d8c2/44/index.php?wp_locale=af06f46095f69e4e84b92e010b1e145c&wp_query=68747470733a2f2f6e69636572672e636f6d2f73757065722f72352e747874&_sys=rg&_ums=9999&_kh=72672r6s6o7n68757275772r636s6q&_wh=6r69636577682r78797n&_ch=63702r6s6o7n68757275772r636s6q" "Mozilla/5.0 (Macintosh; U; PPC Mac OS X; ja-jp) AppleWebKit/523.10.6 (KHTML, like Gecko) Version/3.0.4 Safari/523.10.6"
57.141.20.25 - - [27/May/2026:01:45:46 +0200] "GET /items/K465744115/ HTTP/1.1" 200 0 "-" "meta-externalagent/1.1 (+https://developers.facebook.com/docs/sharing/webmasters/crawler)"
57.141.20.62 - - [27/May/2026:01:46:05 +0200] "GET /items/K461574991/ HTTP/1.1" 200 0 "-" "meta-externalagent/1.1 (+https://developers.facebook.com/docs/sharing/webmasters/crawler)"
109.234.166.131 - - [27/May/2026:01:44:39 +0200] "GET /wp-includese4d8c2/44/index.php?id=315364 HTTP/1.1" 404 0 "-" "GO"
57.141.20.72 - - [27/May/2026:01:46:11 +0200] "GET /items/K462440043/ HTTP/1.1" 200 0 "-" "meta-externalagent/1.1 (+https://developers.facebook.com/docs/sharing/webmasters/crawler)"
109.234.166.131 - - [27/May/2026:01:44:47 +0200] "GET /wp-includese4d8c2/44/index.php?id=838923 HTTP/1.1" 404 0 "-" "GO"
57.141.20.7 - - [27/May/2026:01:46:35 +0200] "GET /items/K466047276/ HTTP/1.1" 200 0 "-" "meta-externalagent/1.1 (+https://developers.facebook.com/docs/sharing/webmasters/crawler)"
57.141.20.71 - - [27/May/2026:01:46:42 +0200] "GET /items/K461499784/ HTTP/1.1" 200 15 "-" "meta-externalagent/1.1 (+https://developers.facebook.com/docs/sharing/webmasters/crawler)"
109.234.166.131 - - [27/May/2026:01:46:36 +0200] "GET /wp-includese4d8c2/44/index.php?id=442151 HTTP/1.1" 404 0 "-" "GO"
57.141.20.70 - - [27/May/2026:01:43:45 +0200] "GET /items/K467690874/ HTTP/1.1" 200 0 "-" "meta-externalagent/1.1 (+https://developers.facebook.com/docs/sharing/webmasters/crawler)"
57.141.20.2 - - [27/May/2026:01:43:44 +0200] "GET /items/K461054408/ HTTP/1.1" 200 0 "-" "meta-externalagent/1.1 (+https://developers.facebook.com/docs/sharing/webmasters/crawler)"
57.141.20.37 - - [27/May/2026:01:43:48 +0200] "GET /items/K462031564/ HTTP/1.1" 200 0 "-" "meta-externalagent/1.1 (+https://developers.facebook.com/docs/sharing/webmasters/crawler)"
57.141.20.8 - - [27/May/2026:01:43:51 +0200] "GET /items/K466619914/ HTTP/1.1" 200 0 "-" "meta-externalagent/1.1 (+https://developers.facebook.com/docs/sharing/webmasters/crawler)"
57.141.20.64 - - [27/May/2026:01:44:18 +0200] "GET /items/K465232595/ HTTP/1.1" 200 0 "-" "meta-externalagent/1.1 (+https://developers.facebook.com/docs/sharing/webmasters/crawler)"
57.141.20.9 - - [27/May/2026:01:44:30 +0200] "GET /items/K463095878/ HTTP/1.1" 200 0 "-" "meta-externalagent/1.1 (+https://developers.facebook.com/docs/sharing/webmasters/crawler)"
204.12.208.18 - - [27/May/2026:01:43:42 +0200] "GET /wp-includese4d8c2/44/index.php?wp_locale=af06f46095f69e4e84b92e010b1e145c&wp_query=68747470733a2f2f6e69636572672e636f6d2f73757065722f72352e747874&_sys=rg&_ums=9999&_kh=72672r6s6o7n68757275772r636s6q&_wh=6r69636577682r78797n&_ch=63702r6s6o7n68757275772r636s6q HTTP/1.1" 404 0 "http://deribos.com/wp-includese4d8c2/44/index.php?wp_locale=af06f46095f69e4e84b92e010b1e145c&wp_query=68747470733a2f2f6e69636572672e636f6d2f73757065722f72352e747874&_sys=rg&_ums=9999&_kh=72672r6s6o7n68757275772r636s6q&_wh=6r69636577682r78797n&_ch=63702r6s6o7n68757275772r636s6q" "Mozilla/5.0 (Windows NT 6.1; WOW64) AppleWebKit/535.7 (KHTML, like Gecko) Chrome/16.0.912.75 Safari/535.7"
57.141.20.69 - - [27/May/2026:01:45:16 +0200] "GET /items/K465705806/ HTTP/1.1" 200 0 "-" "meta-externalagent/1.1 (+https://developers.facebook.com/docs/sharing/webmasters/crawler)"
57.141.20.34 - - [27/May/2026:01:45:27 +0200] "GET /?k=271047000mqp HTTP/1.1" 200 0 "-" "meta-externalagent/1.1 (+https://developers.facebook.com/docs/sharing/webmasters/crawler)"
109.234.166.131 - - [27/May/2026:01:45:27 +0200] "GET /wp-includese4d8c2/44/index.php?id=751692 HTTP/1.1" 404 0 "-" "GO"
57.141.20.60 - - [27/May/2026:01:46:53 +0200] "GET /items/K461699199/ HTTP/1.1" 200 0 "-" "meta-externalagent/1.1 (+https://developers.facebook.com/docs/sharing/webmasters/crawler)"
57.141.20.58 - - [27/May/2026:01:46:59 +0200] "GET /items/K461974474/ HTTP/1.1" 200 0 "-" "meta-externalagent/1.1 (+https://developers.facebook.com/docs/sharing/webmasters/crawler)"
109.234.166.131 - - [27/May/2026:01:46:05 +0200] "GET /wp-includese4d8c2/44/index.php?id=315364 HTTP/1.1" 404 0 "-" "GO"
57.141.20.1 - - [27/May/2026:01:47:27 +0200] "GET /items/K463766536/ HTTP/1.1" 200 0 "-" "meta-externalagent/1.1 (+https://developers.facebook.com/docs/sharing/webmasters/crawler)"
109.234.166.131 - - [27/May/2026:01:46:12 +0200] "GET /wp-includese4d8c2/44/index.php?id=838923 HTTP/1.1" 404 0 "-" "GO"
57.141.20.29 - - [27/May/2026:01:47:45 +0200] "GET /items/K467030234/ HTTP/1.1" 200 0 "-" "meta-externalagent/1.1 (+https://developers.facebook.com/docs/sharing/webmasters/crawler)"
109.234.166.131 - - [27/May/2026:01:46:54 +0200] "GET /wp-includese4d8c2/44/index.php?id=751692 HTTP/1.1" 404 0 "-" "GO"
57.141.20.35 - - [27/May/2026:01:48:26 +0200] "GET /items/K462383880/ HTTP/1.1" 200 0 "-" "meta-externalagent/1.1 (+https://developers.facebook.com/docs/sharing/webmasters/crawler)"
57.141.20.12 - - [27/May/2026:01:48:47 +0200] "GET /items/K461747896/ HTTP/1.1" 200 0 "-" "meta-externalagent/1.1 (+https://developers.facebook.com/docs/sharing/webmasters/crawler)"
57.141.20.64 - - [27/May/2026:01:49:17 +0200] "GET /items/K463149443/ HTTP/1.1" 200 0 "-" "meta-externalagent/1.1 (+https://developers.facebook.com/docs/sharing/webmasters/crawler)"
109.234.166.131 - - [27/May/2026:01:48:04 +0200] "GET /wp-includese4d8c2/44/index.php?id=442151 HTTP/1.1" 404 0 "-" "GO"
57.141.20.31 - - [27/May/2026:01:49:38 +0200] "GET /items/K467268682/ HTTP/1.1" 200 0 "-" "meta-externalagent/1.1 (+https://developers.facebook.com/docs/sharing/webmasters/crawler)"
109.234.166.131 - - [27/May/2026:01:48:18 +0200] "GET /wp-includese4d8c2/44/index.php?id=751692 HTTP/1.1" 404 0 "-" "GO"
57.141.20.27 - - [27/May/2026:01:49:28 +0200] "GET /items/K461828017/ HTTP/1.1" 200 15 "-" "meta-externalagent/1.1 (+https://developers.facebook.com/docs/sharing/webmasters/crawler)"
57.141.20.49 - - [27/May/2026:01:50:01 +0200] "GET /items/K463066532/ HTTP/1.1" 200 0 "-" "meta-externalagent/1.1 (+https://developers.facebook.com/docs/sharing/webmasters/crawler)"
57.141.20.4 - - [27/May/2026:01:49:55 +0200] "GET /items/K466204195/ HTTP/1.1" 200 15 "-" "meta-externalagent/1.1 (+https://developers.facebook.com/docs/sharing/webmasters/crawler)"
57.141.20.31 - - [27/May/2026:01:50:06 +0200] "GET /items/K461762644/ HTTP/1.1" 200 0 "-" "meta-externalagent/1.1 (+https://developers.facebook.com/docs/sharing/webmasters/crawler)"
57.141.20.20 - - [27/May/2026:01:50:21 +0200] "GET /items/K461225830/ HTTP/1.1" 200 0 "-" "meta-externalagent/1.1 (+https://developers.facebook.com/docs/sharing/webmasters/crawler)"
109.234.166.131 - - [27/May/2026:01:49:42 +0200] "GET /wp-includese4d8c2/44/index.php?id=751692 HTTP/1.1" 404 0 "-" "GO"
57.141.20.52 - - [27/May/2026:01:51:25 +0200] "GET /items/K463690228/ HTTP/1.1" 200 0 "-" "meta-externalagent/1.1 (+https://developers.facebook.com/docs/sharing/webmasters/crawler)"
109.234.166.131 - - [27/May/2026:01:50:20 +0200] "GET /wp-includese4d8c2/44/index.php?id=315364 HTTP/1.1" 404 0 "-" "GO"
109.234.166.131 - - [27/May/2026:01:50:29 +0200] "GET /wp-includese4d8c2/44/index.php?id=838923 HTTP/1.1" 404 0 "-" "GO"
57.141.20.18 - - [27/May/2026:01:52:13 +0200] "GET /items/K464126828/ HTTP/1.1" 200 0 "-" "meta-externalagent/1.1 (+https://developers.facebook.com/docs/sharing/webmasters/crawler)"
57.141.20.7 - - [27/May/2026:01:52:21 +0200] "GET /items/K463888419/ HTTP/1.1" 200 0 "-" "meta-externalagent/1.1 (+https://developers.facebook.com/docs/sharing/webmasters/crawler)"
109.234.166.131 - - [27/May/2026:01:51:08 +0200] "GET /wp-includese4d8c2/44/index.php?id=751692 HTTP/1.1" 404 0 "-" "GO"
57.141.20.41 - - [27/May/2026:01:52:45 +0200] "GET /items/K463251159/ HTTP/1.1" 200 0 "-" "meta-externalagent/1.1 (+https://developers.facebook.com/docs/sharing/webmasters/crawler)"
109.234.166.131 - - [27/May/2026:01:51:48 +0200] "GET /wp-includese4d8c2/44/index.php?id=315364 HTTP/1.1" 404 0 "-" "GO"
57.141.20.45 - - [27/May/2026:01:53:18 +0200] "GET /items/K462191524/ HTTP/1.1" 200 0 "-" "meta-externalagent/1.1 (+https://developers.facebook.com/docs/sharing/webmasters/crawler)"
40.77.167.63 - - [27/May/2026:01:53:27 +0200] "GET /items/Y247627477/ HTTP/1.1" 200 13 "-" "Mozilla/5.0 AppleWebKit/537.36 (KHTML, like Gecko; compatible; bingbot/2.0; +http://www.bing.com/bingbot.htm) Chrome/116.0.1938.76 Safari/537.36"
57.141.20.54 - - [27/May/2026:01:54:05 +0200] "GET /items/K461381437/ HTTP/1.1" 200 0 "-" "meta-externalagent/1.1 (+https://developers.facebook.com/docs/sharing/webmasters/crawler)"
109.234.166.131 - - [27/May/2026:01:52:44 +0200] "GET /wp-includese4d8c2/44/index.php?id=807795 HTTP/1.1" 404 0 "-" "GO"
198.244.183.67 - - [27/May/2026:01:48:33 +0200] "GET /savep.php HTTP/1.1" 200 0 "-" "Mozilla/5.0 (compatible; AhrefsBot/7.0; +http://ahrefs.com/robot/)"
57.141.20.71 - - [27/May/2026:01:50:00 +0200] "GET /items/K461281378/ HTTP/1.1" 200 0 "-" "meta-externalagent/1.1 (+https://developers.facebook.com/docs/sharing/webmasters/crawler)"
57.141.20.65 - - [27/May/2026:01:50:05 +0200] "GET /items/K466976918/ HTTP/1.1" 200 0 "-" "meta-externalagent/1.1 (+https://developers.facebook.com/docs/sharing/webmasters/crawler)"
109.234.166.131 - - [27/May/2026:01:48:56 +0200] "GET /wp-includese4d8c2/44/index.php?id=315364 HTTP/1.1" 404 0 "-" "GO"
109.234.166.131 - - [27/May/2026:01:50:53 +0200] "GET /wp-includese4d8c2/44/index.php?id=442151 HTTP/1.1" 404 15 "-" "GO"
57.141.20.4 - - [27/May/2026:01:51:05 +0200] "GET /items/K464515834/ HTTP/1.1" 200 0 "-" "meta-externalagent/1.1 (+https://developers.facebook.com/docs/sharing/webmasters/crawler)"
57.141.20.35 - - [27/May/2026:01:51:06 +0200] "GET /items/K465257756/ HTTP/1.1" 200 0 "-" "meta-externalagent/1.1 (+https://developers.facebook.com/docs/sharing/webmasters/crawler)"
57.141.20.55 - - [27/May/2026:01:51:11 +0200] "GET /items/K466746870/ HTTP/1.1" 200 0 "-" "meta-externalagent/1.1 (+https://developers.facebook.com/docs/sharing/webmasters/crawler)"
57.141.20.65 - - [27/May/2026:01:51:13 +0200] "GET /items/K462931465/ HTTP/1.1" 200 0 "-" "meta-externalagent/1.1 (+https://developers.facebook.com/docs/sharing/webmasters/crawler)"
40.77.167.63 - - [27/May/2026:01:51:35 +0200] "GET /items/K467120203/ HTTP/1.1" 200 13 "-" "Mozilla/5.0 AppleWebKit/537.36 (KHTML, like Gecko; compatible; bingbot/2.0; +http://www.bing.com/bingbot.htm) Chrome/116.0.1938.76 Safari/537.36"
57.141.20.14 - - [27/May/2026:01:51:36 +0200] "GET /items/K464019551/ HTTP/1.1" 200 0 "-" "meta-externalagent/1.1 (+https://developers.facebook.com/docs/sharing/webmasters/crawler)"
207.46.13.124 - - [27/May/2026:01:51:30 +0200] "GET /cate-59-60 HTTP/1.1" 200 13 "-" "Mozilla/5.0 AppleWebKit/537.36 (KHTML, like Gecko; compatible; bingbot/2.0; +http://www.bing.com/bingbot.htm) Chrome/116.0.1938.76 Safari/537.36"
57.141.20.38 - - [27/May/2026:01:52:08 +0200] "GET /items/K465438589/ HTTP/1.1" 200 0 "-" "meta-externalagent/1.1 (+https://developers.facebook.com/docs/sharing/webmasters/crawler)"
57.141.20.62 - - [27/May/2026:01:52:16 +0200] "GET /items/K465164162/ HTTP/1.1" 200 0 "-" "meta-externalagent/1.1 (+https://developers.facebook.com/docs/sharing/webmasters/crawler)"
109.234.166.131 - - [27/May/2026:01:51:20 +0200] "GET /wp-includese4d8c2/44/index.php?id=807795 HTTP/1.1" 404 0 "-" "GO"
57.141.20.26 - - [27/May/2026:01:53:02 +0200] "GET /items/K464691341/ HTTP/1.1" 200 0 "-" "meta-externalagent/1.1 (+https://developers.facebook.com/docs/sharing/webmasters/crawler)"
57.141.20.61 - - [27/May/2026:01:53:32 +0200] "GET /items/K463383497/ HTTP/1.1" 200 0 "-" "meta-externalagent/1.1 (+https://developers.facebook.com/docs/sharing/webmasters/crawler)"
109.234.166.131 - - [27/May/2026:01:52:32 +0200] "GET /wp-includese4d8c2/44/index.php?id=751692 HTTP/1.1" 404 0 "-" "GO"
57.141.20.54 - - [27/May/2026:01:54:01 +0200] "GET /items/K461307546/ HTTP/1.1" 200 0 "-" "meta-externalagent/1.1 (+https://developers.facebook.com/docs/sharing/webmasters/crawler)"
57.141.20.2 - - [27/May/2026:01:54:07 +0200] "GET /items/K463896211/ HTTP/1.1" 200 0 "-" "meta-externalagent/1.1 (+https://developers.facebook.com/docs/sharing/webmasters/crawler)"
57.141.20.58 - - [27/May/2026:01:54:18 +0200] "GET /items/K463357572/ HTTP/1.1" 200 0 "-" "meta-externalagent/1.1 (+https://developers.facebook.com/docs/sharing/webmasters/crawler)"
109.234.166.131 - - [27/May/2026:01:53:12 +0200] "GET /wp-includese4d8c2/44/index.php?id=315364 HTTP/1.1" 404 0 "-" "GO"
57.141.20.52 - - [27/May/2026:01:55:29 +0200] "GET /items/K462276529/ HTTP/1.1" 200 0 "-" "meta-externalagent/1.1 (+https://developers.facebook.com/docs/sharing/webmasters/crawler)"
109.234.166.131 - - [27/May/2026:01:47:05 +0200] "GET /wp-includese4d8c2/44/index.php?id=807795 HTTP/1.1" 404 0 "-" "GO"
109.234.166.131 - - [27/May/2026:01:47:30 +0200] "GET /wp-includese4d8c2/44/index.php?id=315364 HTTP/1.1" 404 0 "-" "GO"
109.234.166.131 - - [27/May/2026:01:47:36 +0200] "GET /wp-includese4d8c2/44/index.php?id=838923 HTTP/1.1" 404 0 "-" "GO"
57.141.20.10 - - [27/May/2026:01:49:10 +0200] "GET /items/K464748284/ HTTP/1.1" 200 0 "-" "meta-externalagent/1.1 (+https://developers.facebook.com/docs/sharing/webmasters/crawler)"
57.141.20.34 - - [27/May/2026:01:49:19 +0200] "GET /items/K464595775/ HTTP/1.1" 200 0 "-" "meta-externalagent/1.1 (+https://developers.facebook.com/docs/sharing/webmasters/crawler)"
57.141.20.38 - - [27/May/2026:01:49:25 +0200] "GET /?k=4230800cnf42 HTTP/1.1" 200 0 "-" "meta-externalagent/1.1 (+https://developers.facebook.com/docs/sharing/webmasters/crawler)"
109.234.166.131 - - [27/May/2026:01:48:29 +0200] "GET /wp-includese4d8c2/44/index.php?id=807795 HTTP/1.1" 404 0 "-" "GO"
109.234.166.131 - - [27/May/2026:01:49:03 +0200] "GET /wp-includese4d8c2/44/index.php?id=838923 HTTP/1.1" 404 0 "-" "GO"
57.141.20.59 - - [27/May/2026:01:50:38 +0200] "GET /items/K466132067/ HTTP/1.1" 200 0 "-" "meta-externalagent/1.1 (+https://developers.facebook.com/docs/sharing/webmasters/crawler)"
109.234.166.131 - - [27/May/2026:01:49:29 +0200] "GET /wp-includese4d8c2/44/index.php?id=442151 HTTP/1.1" 404 0 "-" "GO"
57.141.20.64 - - [27/May/2026:01:51:02 +0200] "GET /?k=1776509tdknf HTTP/1.1" 200 0 "-" "meta-externalagent/1.1 (+https://developers.facebook.com/docs/sharing/webmasters/crawler)"
109.234.166.131 - - [27/May/2026:01:49:53 +0200] "GET /wp-includese4d8c2/44/index.php?id=807795 HTTP/1.1" 404 0 "-" "GO"
57.141.20.55 - - [27/May/2026:01:51:49 +0200] "GET /items/K463617799/ HTTP/1.1" 200 0 "-" "meta-externalagent/1.1 (+https://developers.facebook.com/docs/sharing/webmasters/crawler)"
57.141.20.57 - - [27/May/2026:01:52:32 +0200] "GET /items/K467643972/ HTTP/1.1" 200 0 "-" "meta-externalagent/1.1 (+https://developers.facebook.com/docs/sharing/webmasters/crawler)"
57.141.20.37 - - [27/May/2026:01:52:45 +0200] "GET /items/K463570436/ HTTP/1.1" 200 0 "-" "meta-externalagent/1.1 (+https://developers.facebook.com/docs/sharing/webmasters/crawler)"
57.141.20.37 - - [27/May/2026:01:52:50 +0200] "GET /items/K461336935/ HTTP/1.1" 200 0 "-" "meta-externalagent/1.1 (+https://developers.facebook.com/docs/sharing/webmasters/crawler)"
109.234.166.131 - - [27/May/2026:01:52:00 +0200] "GET /wp-includese4d8c2/44/index.php?id=838923 HTTP/1.1" 404 0 "-" "GO"
57.141.20.26 - - [27/May/2026:01:53:35 +0200] "GET /items/K463060740/ HTTP/1.1" 200 0 "-" "meta-externalagent/1.1 (+https://developers.facebook.com/docs/sharing/webmasters/crawler)"
40.77.167.63 - - [27/May/2026:01:53:23 +0200] "GET /items/A982378708/ HTTP/1.1" 200 15 "-" "Mozilla/5.0 AppleWebKit/537.36 (KHTML, like Gecko; compatible; bingbot/2.0; +http://www.bing.com/bingbot.htm) Chrome/116.0.1938.76 Safari/537.36"
57.141.20.32 - - [27/May/2026:01:53:46 +0200] "GET /items/K461229046/ HTTP/1.1" 200 0 "-" "meta-externalagent/1.1 (+https://developers.facebook.com/docs/sharing/webmasters/crawler)"
57.141.20.9 - - [27/May/2026:01:54:25 +0200] "GET /items/K467540053/ HTTP/1.1" 200 0 "-" "meta-externalagent/1.1 (+https://developers.facebook.com/docs/sharing/webmasters/crawler)"
57.141.20.45 - - [27/May/2026:01:54:29 +0200] "GET /items/K463311709/ HTTP/1.1" 200 0 "-" "meta-externalagent/1.1 (+https://developers.facebook.com/docs/sharing/webmasters/crawler)"
57.141.20.38 - - [27/May/2026:01:55:16 +0200] "GET /items/K467845037/ HTTP/1.1" 200 0 "-" "meta-externalagent/1.1 (+https://developers.facebook.com/docs/sharing/webmasters/crawler)"
57.141.20.5 - - [27/May/2026:01:55:24 +0200] "GET /items/K461762209/ HTTP/1.1" 200 0 "-" "meta-externalagent/1.1 (+https://developers.facebook.com/docs/sharing/webmasters/crawler)"
57.141.20.69 - - [27/May/2026:01:55:30 +0200] "GET /items/K464316216/ HTTP/1.1" 200 0 "-" "meta-externalagent/1.1 (+https://developers.facebook.com/docs/sharing/webmasters/crawler)"
109.234.166.131 - - [27/May/2026:01:54:08 +0200] "GET /wp-includese4d8c2/44/index.php?id=807795 HTTP/1.1" 404 0 "-" "GO"
207.46.13.141 - - [27/May/2026:01:55:35 +0200] "GET /items/B297550704/ HTTP/1.1" 200 13 "-" "Mozilla/5.0 AppleWebKit/537.36 (KHTML, like Gecko; compatible; bingbot/2.0; +http://www.bing.com/bingbot.htm) Chrome/116.0.1938.76 Safari/537.36"
109.234.166.131 - - [27/May/2026:01:54:38 +0200] "GET /wp-includese4d8c2/44/index.php?id=315364 HTTP/1.1" 404 0 "-" "GO"
57.141.20.6 - - [27/May/2026:01:56:19 +0200] "GET /items/K463087201/ HTTP/1.1" 200 0 "-" "meta-externalagent/1.1 (+https://developers.facebook.com/docs/sharing/webmasters/crawler)"
57.141.20.61 - - [27/May/2026:01:56:24 +0200] "GET /items/K461193473/ HTTP/1.1" 200 0 "-" "meta-externalagent/1.1 (+https://developers.facebook.com/docs/sharing/webmasters/crawler)"
57.141.20.62 - - [27/May/2026:01:56:35 +0200] "GET /items/K464148959/ HTTP/1.1" 200 0 "-" "meta-externalagent/1.1 (+https://developers.facebook.com/docs/sharing/webmasters/crawler)"
109.234.166.131 - - [27/May/2026:01:55:33 +0200] "GET /wp-includese4d8c2/44/index.php?id=807795 HTTP/1.1" 404 0 "-" "GO"
57.141.20.34 - - [27/May/2026:01:57:12 +0200] "GET /items/K465797725/ HTTP/1.1" 200 0 "-" "meta-externalagent/1.1 (+https://developers.facebook.com/docs/sharing/webmasters/crawler)"
57.141.20.61 - - [27/May/2026:01:57:29 +0200] "GET /items/K461107474/ HTTP/1.1" 200 0 "-" "meta-externalagent/1.1 (+https://developers.facebook.com/docs/sharing/webmasters/crawler)"
57.141.20.45 - - [27/May/2026:01:58:13 +0200] "GET /items/K465804138/ HTTP/1.1" 200 0 "-" "meta-externalagent/1.1 (+https://developers.facebook.com/docs/sharing/webmasters/crawler)"
57.141.20.53 - - [27/May/2026:01:59:23 +0200] "GET /items/K465316882/ HTTP/1.1" 200 0 "-" "meta-externalagent/1.1 (+https://developers.facebook.com/docs/sharing/webmasters/crawler)"
57.141.20.1 - - [27/May/2026:01:59:35 +0200] "GET /items/K463787338/ HTTP/1.1" 200 0 "-" "meta-externalagent/1.1 (+https://developers.facebook.com/docs/sharing/webmasters/crawler)"
57.141.20.44 - - [27/May/2026:01:59:39 +0200] "GET /items/K461318322/ HTTP/1.1" 200 0 "-" "meta-externalagent/1.1 (+https://developers.facebook.com/docs/sharing/webmasters/crawler)"
109.234.166.131 - - [27/May/2026:01:58:12 +0200] "GET /wp-includese4d8c2/44/index.php?id=751692 HTTP/1.1" 404 0 "-" "GO"
57.141.20.49 - - [27/May/2026:01:59:44 +0200] "GET /items/K467480038/ HTTP/1.1" 200 0 "-" "meta-externalagent/1.1 (+https://developers.facebook.com/docs/sharing/webmasters/crawler)"
57.141.20.42 - - [27/May/2026:01:59:50 +0200] "GET /items/K467888580/ HTTP/1.1" 200 15 "-" "meta-externalagent/1.1 (+https://developers.facebook.com/docs/sharing/webmasters/crawler)"
57.141.20.61 - - [27/May/2026:02:00:06 +0200] "GET /items/K462024042/ HTTP/1.1" 200 0 "-" "meta-externalagent/1.1 (+https://developers.facebook.com/docs/sharing/webmasters/crawler)"
57.141.20.38 - - [27/May/2026:02:00:13 +0200] "GET /items/K467154952/ HTTP/1.1" 200 0 "-" "meta-externalagent/1.1 (+https://developers.facebook.com/docs/sharing/webmasters/crawler)"
109.234.166.131 - - [27/May/2026:01:58:53 +0200] "GET /wp-includese4d8c2/44/index.php?id=315364 HTTP/1.1" 404 0 "-" "GO"
57.141.20.9 - - [27/May/2026:02:00:27 +0200] "GET /items/K462266022/ HTTP/1.1" 200 0 "-" "meta-externalagent/1.1 (+https://developers.facebook.com/docs/sharing/webmasters/crawler)"
109.234.166.131 - - [27/May/2026:01:59:38 +0200] "GET /wp-includese4d8c2/44/index.php?id=751692 HTTP/1.1" 404 0 "-" "GO"
57.141.20.8 - - [27/May/2026:02:01:09 +0200] "GET /items/K464018046/ HTTP/1.1" 200 0 "-" "meta-externalagent/1.1 (+https://developers.facebook.com/docs/sharing/webmasters/crawler)"
109.234.166.131 - - [27/May/2026:01:59:48 +0200] "GET /wp-includese4d8c2/44/index.php?id=807795 HTTP/1.1" 404 0 "-" "GO"
198.244.240.68 - - [27/May/2026:01:54:20 +0200] "GET /?sitemap363.xml HTTP/1.1" 200 13 "-" "Mozilla/5.0 (compatible; AhrefsBot/7.0; +http://ahrefs.com/robot/)"
109.234.166.131 - - [27/May/2026:01:53:28 +0200] "GET /wp-includese4d8c2/44/index.php?id=838923 HTTP/1.1" 404 0 "-" "GO"
109.234.166.131 - - [27/May/2026:01:54:53 +0200] "GET /wp-includese4d8c2/44/index.php?id=838923 HTTP/1.1" 404 15 "-" "GO"
57.141.20.6 - - [27/May/2026:01:55:07 +0200] "GET /items/K464645207/ HTTP/1.1" 200 0 "-" "meta-externalagent/1.1 (+https://developers.facebook.com/docs/sharing/webmasters/crawler)"
109.234.166.131 - - [27/May/2026:01:53:57 +0200] "GET /wp-includese4d8c2/44/index.php?id=751692 HTTP/1.1" 404 0 "-" "GO"
57.141.20.53 - - [27/May/2026:01:55:31 +0200] "GET /items/K466016633/ HTTP/1.1" 200 0 "-" "meta-externalagent/1.1 (+https://developers.facebook.com/docs/sharing/webmasters/crawler)"
170.199.229.70 - - [27/May/2026:01:56:36 +0200] "GET / HTTP/1.1" 200 0 "-" "Mozilla/5.0 (Windows NT 10.0; WOW64) AppleWebKit/537.36 (KHTML, like Gecko) Chrome/114.0.0.0 Safari/537.36 Vivaldi/5.3.2679.68"
69.30.223.218 - - [27/May/2026:01:57:37 +0200] "GET /wp-includese4d8c2/44/index.php HTTP/1.1" 200 8 "http://deribos.com/wp-includese4d8c2/44/index.php" "Mozilla/5.0 (Windows NT 10.0; Win64; x64) AppleWebKit/537.36 (KHTML, like Gecko) Chrome/58.0.3029.110 Safari/537.3"
198.244.240.63 - - [27/May/2026:01:58:02 +0200] "GET /?sitemap63.xml HTTP/1.1" 200 13 "-" "Mozilla/5.0 (compatible; AhrefsBot/7.0; +http://ahrefs.com/robot/)"
57.141.20.66 - - [27/May/2026:01:58:19 +0200] "GET /items/K463010685/ HTTP/1.1" 200 0 "-" "meta-externalagent/1.1 (+https://developers.facebook.com/docs/sharing/webmasters/crawler)"
57.141.20.53 - - [27/May/2026:01:58:23 +0200] "GET /items/K466255583/ HTTP/1.1" 200 0 "-" "meta-externalagent/1.1 (+https://developers.facebook.com/docs/sharing/webmasters/crawler)"
109.234.166.131 - - [27/May/2026:01:56:57 +0200] "GET /wp-includese4d8c2/44/index.php?id=807795 HTTP/1.1" 404 0 "-" "GO"
57.141.20.39 - - [27/May/2026:01:58:47 +0200] "GET /?k=4985150cqb7f HTTP/1.1" 200 0 "-" "meta-externalagent/1.1 (+https://developers.facebook.com/docs/sharing/webmasters/crawler)"
109.234.166.131 - - [27/May/2026:01:57:29 +0200] "GET /wp-includese4d8c2/44/index.php?id=315364 HTTP/1.1" 404 0 "-" "GO"
57.141.20.59 - - [27/May/2026:01:59:09 +0200] "GET /items/K464082359/ HTTP/1.1" 200 15 "-" "meta-externalagent/1.1 (+https://developers.facebook.com/docs/sharing/webmasters/crawler)"
69.30.223.218 - - [27/May/2026:01:57:47 +0200] "GET /wp-includese4d8c2/44/index.php HTTP/1.1" 404 0 "http://deribos.com/wp-includese4d8c2/44/index.php" "Mozilla/5.0 (Windows NT 10.0; Win64; x64) AppleWebKit/537.36 (KHTML, like Gecko) Chrome/58.0.3029.110 Safari/537.3"
57.141.20.41 - - [27/May/2026:01:59:03 +0200] "GET /?k=605295yr1zl HTTP/1.1" 200 0 "-" "meta-externalagent/1.1 (+https://developers.facebook.com/docs/sharing/webmasters/crawler)"
109.234.166.131 - - [27/May/2026:01:58:21 +0200] "GET /wp-includese4d8c2/44/index.php?id=807795 HTTP/1.1" 404 0 "-" "GO"
57.141.20.9 - - [27/May/2026:02:00:46 +0200] "GET /items/K467576692/ HTTP/1.1" 200 0 "-" "meta-externalagent/1.1 (+https://developers.facebook.com/docs/sharing/webmasters/crawler)"
57.141.20.4 - - [27/May/2026:02:01:11 +0200] "GET /items/K464511782/ HTTP/1.1" 200 0 "-" "meta-externalagent/1.1 (+https://developers.facebook.com/docs/sharing/webmasters/crawler)"
57.141.20.9 - - [27/May/2026:02:01:17 +0200] "GET /items/K467791517/ HTTP/1.1" 200 0 "-" "meta-externalagent/1.1 (+https://developers.facebook.com/docs/sharing/webmasters/crawler)"
57.141.20.66 - - [27/May/2026:02:01:13 +0200] "GET /items/K463930185/ HTTP/1.1" 200 15 "-" "meta-externalagent/1.1 (+https://developers.facebook.com/docs/sharing/webmasters/crawler)"
109.234.166.131 - - [27/May/2026:02:00:20 +0200] "GET /wp-includese4d8c2/44/index.php?id=315364 HTTP/1.1" 404 0 "-" "GO"
198.244.242.223 - - [27/May/2026:02:01:57 +0200] "GET /Pour-B-b-Bain-Coussin-Pour-B-b-1041344/ HTTP/1.1" 200 0 "-" "Mozilla/5.0 (compatible; AhrefsBot/7.0; +http://ahrefs.com/robot/)"
207.46.13.17 - - [27/May/2026:01:55:31 +0200] "GET /items/K461143676/ HTTP/1.1" 200 13 "-" "Mozilla/5.0 AppleWebKit/537.36 (KHTML, like Gecko; compatible; bingbot/2.0; +http://www.bing.com/bingbot.htm) Chrome/116.0.1938.76 Safari/537.36"
57.141.20.14 - - [27/May/2026:01:55:46 +0200] "GET /items/K464645640/ HTTP/1.1" 200 0 "-" "meta-externalagent/1.1 (+https://developers.facebook.com/docs/sharing/webmasters/crawler)"
207.46.13.141 - - [27/May/2026:01:55:38 +0200] "GET /items/Q036229894/ HTTP/1.1" 200 15 "-" "Mozilla/5.0 AppleWebKit/537.36 (KHTML, like Gecko; compatible; bingbot/2.0; +http://www.bing.com/bingbot.htm) Chrome/116.0.1938.76 Safari/537.36"
57.141.20.41 - - [27/May/2026:01:56:27 +0200] "GET /items/K464814102/ HTTP/1.1" 200 0 "-" "meta-externalagent/1.1 (+https://developers.facebook.com/docs/sharing/webmasters/crawler)"
57.141.20.0 - - [27/May/2026:01:56:31 +0200] "GET /items/K464662617/ HTTP/1.1" 200 0 "-" "meta-externalagent/1.1 (+https://developers.facebook.com/docs/sharing/webmasters/crawler)"
170.199.229.70 - - [27/May/2026:01:56:38 +0200] "GET / HTTP/1.1" 200 0 "-" "Mozilla/5.0 (Windows NT 10.0; WOW64) AppleWebKit/537.36 (KHTML, like Gecko) Chrome/114.0.0.0 Safari/537.36 Vivaldi/5.3.2679.68"
109.234.166.131 - - [27/May/2026:01:55:23 +0200] "GET /wp-includese4d8c2/44/index.php?id=751692 HTTP/1.1" 404 0 "-" "GO"
170.199.229.70 - - [27/May/2026:01:56:40 +0200] "GET / HTTP/1.1" 200 15 "-" "Mozilla/5.0 (Windows NT 10.0; WOW64) AppleWebKit/537.36 (KHTML, like Gecko) Chrome/114.0.0.0 Safari/537.36 Vivaldi/5.3.2679.68"
57.141.20.59 - - [27/May/2026:01:57:25 +0200] "GET /?k=603783068ynh HTTP/1.1" 200 0 "-" "meta-externalagent/1.1 (+https://developers.facebook.com/docs/sharing/webmasters/crawler)"
109.234.166.131 - - [27/May/2026:01:56:05 +0200] "GET /wp-includese4d8c2/44/index.php?id=315364 HTTP/1.1" 404 0 "-" "GO"
109.234.166.131 - - [27/May/2026:01:56:47 +0200] "GET /wp-includese4d8c2/44/index.php?id=751692 HTTP/1.1" 404 0 "-" "GO"
57.141.20.45 - - [27/May/2026:01:58:18 +0200] "GET /items/K464081024/ HTTP/1.1" 200 0 "-" "meta-externalagent/1.1 (+https://developers.facebook.com/docs/sharing/webmasters/crawler)"
57.141.20.54 - - [27/May/2026:01:58:29 +0200] "GET /items/K461143592/ HTTP/1.1" 200 0 "-" "meta-externalagent/1.1 (+https://developers.facebook.com/docs/sharing/webmasters/crawler)"
57.141.20.0 - - [27/May/2026:01:58:58 +0200] "GET /items/K466328212/ HTTP/1.1" 200 0 "-" "meta-externalagent/1.1 (+https://developers.facebook.com/docs/sharing/webmasters/crawler)"
57.141.20.51 - - [27/May/2026:01:59:24 +0200] "GET /items/K461186086/ HTTP/1.1" 200 0 "-" "meta-externalagent/1.1 (+https://developers.facebook.com/docs/sharing/webmasters/crawler)"
69.30.223.218 - - [27/May/2026:01:57:51 +0200] "GET /wp-includese4d8c2/44/index.php HTTP/1.1" 404 0 "http://deribos.com/wp-includese4d8c2/44/index.php" "Mozilla/5.0 (Windows NT 10.0; Win64; x64) AppleWebKit/537.36 (KHTML, like Gecko) Chrome/58.0.3029.110 Safari/537.3"
57.141.20.2 - - [27/May/2026:02:00:29 +0200] "GET /items/K461644288/ HTTP/1.1" 200 0 "-" "meta-externalagent/1.1 (+https://developers.facebook.com/docs/sharing/webmasters/crawler)"
109.234.166.131 - - [27/May/2026:01:59:17 +0200] "GET /wp-includese4d8c2/44/index.php?id=942847 HTTP/1.1" 404 0 "-" "GO"
109.234.166.131 - - [27/May/2026:01:59:12 +0200] "GET /wp-includese4d8c2/44/index.php?id=243377 HTTP/1.1" 404 0 "-" "GO"
57.141.20.18 - - [27/May/2026:02:01:22 +0200] "GET /items/K466221036/ HTTP/1.1" 200 0 "-" "meta-externalagent/1.1 (+https://developers.facebook.com/docs/sharing/webmasters/crawler)"
57.141.20.18 - - [27/May/2026:02:01:31 +0200] "GET /items/K461113224/ HTTP/1.1" 200 0 "-" "meta-externalagent/1.1 (+https://developers.facebook.com/docs/sharing/webmasters/crawler)"
57.141.20.16 - - [27/May/2026:02:02:11 +0200] "GET /items/K463729657/ HTTP/1.1" 200 0 "-" "meta-externalagent/1.1 (+https://developers.facebook.com/docs/sharing/webmasters/crawler)"
40.77.167.23 - - [27/May/2026:02:01:52 +0200] "GET /shop/storeSearch/KeepCriteriaInput?transition=top HTTP/1.1" 200 0 "-" "Mozilla/5.0 AppleWebKit/537.36 (KHTML, like Gecko; compatible; bingbot/2.0; +http://www.bing.com/bingbot.htm) Chrome/116.0.1938.76 Safari/537.36"
57.141.20.52 - - [27/May/2026:02:02:34 +0200] "GET /items/K461480558/ HTTP/1.1" 200 0 "-" "meta-externalagent/1.1 (+https://developers.facebook.com/docs/sharing/webmasters/crawler)"
57.141.20.29 - - [27/May/2026:02:02:45 +0200] "GET /items/K463472510/ HTTP/1.1" 200 0 "-" "meta-externalagent/1.1 (+https://developers.facebook.com/docs/sharing/webmasters/crawler)"
57.141.20.27 - - [27/May/2026:02:02:49 +0200] "GET /items/K466661432/ HTTP/1.1" 200 0 "-" "meta-externalagent/1.1 (+https://developers.facebook.com/docs/sharing/webmasters/crawler)"
57.141.20.71 - - [27/May/2026:02:03:01 +0200] "GET /items/K466345008/ HTTP/1.1" 200 0 "-" "meta-externalagent/1.1 (+https://developers.facebook.com/docs/sharing/webmasters/crawler)"
57.141.20.34 - - [27/May/2026:02:03:12 +0200] "GET /items/K465259182/ HTTP/1.1" 200 0 "-" "meta-externalagent/1.1 (+https://developers.facebook.com/docs/sharing/webmasters/crawler)"
109.234.166.131 - - [27/May/2026:02:02:07 +0200] "GET /wp-includese4d8c2/44/index.php?id=243377 HTTP/1.1" 404 0 "-" "GO"
109.234.166.131 - - [27/May/2026:02:02:05 +0200] "GET /wp-includese4d8c2/44/index.php?id=942847 HTTP/1.1" 404 0 "-" "GO"
57.141.20.16 - - [27/May/2026:02:03:37 +0200] "GET /?k=2806038h8m8d HTTP/1.1" 200 0 "-" "meta-externalagent/1.1 (+https://developers.facebook.com/docs/sharing/webmasters/crawler)"
57.141.20.60 - - [27/May/2026:02:03:47 +0200] "GET /items/K461910302/ HTTP/1.1" 200 0 "-" "meta-externalagent/1.1 (+https://developers.facebook.com/docs/sharing/webmasters/crawler)"
57.141.20.54 - - [27/May/2026:02:03:51 +0200] "GET /items/K466678088/ HTTP/1.1" 200 15 "-" "meta-externalagent/1.1 (+https://developers.facebook.com/docs/sharing/webmasters/crawler)"
109.234.166.131 - - [27/May/2026:02:02:41 +0200] "GET /wp-includese4d8c2/44/index.php?id=807795 HTTP/1.1" 404 0 "-" "GO"
57.141.20.59 - - [27/May/2026:02:04:16 +0200] "GET /items/K463719281/ HTTP/1.1" 200 0 "-" "meta-externalagent/1.1 (+https://developers.facebook.com/docs/sharing/webmasters/crawler)"
57.141.20.8 - - [27/May/2026:02:04:32 +0200] "GET /?k=119911lh6ea HTTP/1.1" 200 0 "-" "meta-externalagent/1.1 (+https://developers.facebook.com/docs/sharing/webmasters/crawler)"
109.234.166.131 - - [27/May/2026:02:03:31 +0200] "GET /wp-includese4d8c2/44/index.php?id=942847 HTTP/1.1" 404 0 "-" "GO"
57.141.20.29 - - [27/May/2026:02:01:27 +0200] "GET /?k=6003668zm4fs HTTP/1.1" 200 0 "-" "meta-externalagent/1.1 (+https://developers.facebook.com/docs/sharing/webmasters/crawler)"
57.141.20.42 - - [27/May/2026:02:01:44 +0200] "GET /items/K465642141/ HTTP/1.1" 200 0 "-" "meta-externalagent/1.1 (+https://developers.facebook.com/docs/sharing/webmasters/crawler)"
57.141.20.31 - - [27/May/2026:02:01:43 +0200] "GET /items/K464124075/ HTTP/1.1" 200 0 "-" "meta-externalagent/1.1 (+https://developers.facebook.com/docs/sharing/webmasters/crawler)"
57.141.20.38 - - [27/May/2026:02:01:57 +0200] "GET /items/K463879375/ HTTP/1.1" 200 0 "-" "meta-externalagent/1.1 (+https://developers.facebook.com/docs/sharing/webmasters/crawler)"
109.234.166.131 - - [27/May/2026:02:00:41 +0200] "GET /wp-includese4d8c2/44/index.php?id=942847 HTTP/1.1" 404 0 "-" "GO"
109.234.166.131 - - [27/May/2026:02:00:36 +0200] "GET /wp-includese4d8c2/44/index.php?id=243377 HTTP/1.1" 404 0 "-" "GO"
109.234.166.131 - - [27/May/2026:02:01:03 +0200] "GET /wp-includese4d8c2/44/index.php?id=751692 HTTP/1.1" 404 0 "-" "GO"
57.141.20.21 - - [27/May/2026:02:02:35 +0200] "GET /items/K462240500/ HTTP/1.1" 200 0 "-" "meta-externalagent/1.1 (+https://developers.facebook.com/docs/sharing/webmasters/crawler)"
57.141.20.62 - - [27/May/2026:02:02:52 +0200] "GET /items/K461085356/ HTTP/1.1" 200 0 "-" "meta-externalagent/1.1 (+https://developers.facebook.com/docs/sharing/webmasters/crawler)"
57.141.20.33 - - [27/May/2026:02:03:21 +0200] "GET /items/K465962137/ HTTP/1.1" 200 0 "-" "meta-externalagent/1.1 (+https://developers.facebook.com/docs/sharing/webmasters/crawler)"
51.195.183.38 - - [27/May/2026:02:04:20 +0200] "GET /Pour-Tondeuse-D-marreur-Honda-GC135-GC160-GCV135-GCV160-EN2000-335995/ HTTP/1.1" 200 0 "-" "Mozilla/5.0 (compatible; AhrefsBot/7.0; +http://ahrefs.com/robot/)"
57.141.20.30 - - [27/May/2026:02:04:35 +0200] "GET /items/K467294342/ HTTP/1.1" 200 0 "-" "meta-externalagent/1.1 (+https://developers.facebook.com/docs/sharing/webmasters/crawler)"
109.234.166.131 - - [27/May/2026:02:03:31 +0200] "GET /wp-includese4d8c2/44/index.php?id=243377 HTTP/1.1" 404 0 "-" "GO"
57.141.20.21 - - [27/May/2026:02:04:59 +0200] "GET /items/K465713600/ HTTP/1.1" 200 0 "-" "meta-externalagent/1.1 (+https://developers.facebook.com/docs/sharing/webmasters/crawler)"
57.141.20.69 - - [27/May/2026:02:02:44 +0200] "GET /items/K463039497/ HTTP/1.1" 200 0 "-" "meta-externalagent/1.1 (+https://developers.facebook.com/docs/sharing/webmasters/crawler)"
109.234.166.131 - - [27/May/2026:02:01:15 +0200] "GET /wp-includese4d8c2/44/index.php?id=807795 HTTP/1.1" 404 0 "-" "GO"
57.141.20.5 - - [27/May/2026:02:03:05 +0200] "GET /items/K465347265/ HTTP/1.1" 200 0 "-" "meta-externalagent/1.1 (+https://developers.facebook.com/docs/sharing/webmasters/crawler)"
57.141.20.42 - - [27/May/2026:02:03:12 +0200] "GET /items/K466528417/ HTTP/1.1" 200 0 "-" "meta-externalagent/1.1 (+https://developers.facebook.com/docs/sharing/webmasters/crawler)"
109.234.166.131 - - [27/May/2026:02:01:48 +0200] "GET /wp-includese4d8c2/44/index.php?id=315364 HTTP/1.1" 404 0 "-" "GO"
57.141.20.47 - - [27/May/2026:02:03:26 +0200] "GET /items/K464505509/ HTTP/1.1" 200 0 "-" "meta-externalagent/1.1 (+https://developers.facebook.com/docs/sharing/webmasters/crawler)"
109.234.166.131 - - [27/May/2026:02:02:32 +0200] "GET /wp-includese4d8c2/44/index.php?id=751692 HTTP/1.1" 404 0 "-" "GO"
57.141.20.70 - - [27/May/2026:02:04:31 +0200] "GET /items/K466506544/ HTTP/1.1" 200 0 "-" "meta-externalagent/1.1 (+https://developers.facebook.com/docs/sharing/webmasters/crawler)"
109.234.166.131 - - [27/May/2026:02:03:15 +0200] "GET /wp-includese4d8c2/44/index.php?id=315364 HTTP/1.1" 404 0 "-" "GO"
57.141.20.26 - - [27/May/2026:02:04:51 +0200] "GET /items/K466067715/ HTTP/1.1" 200 0 "-" "meta-externalagent/1.1 (+https://developers.facebook.com/docs/sharing/webmasters/crawler)"
57.141.20.52 - - [27/May/2026:02:04:53 +0200] "GET /items/K464222700/ HTTP/1.1" 200 0 "-" "meta-externalagent/1.1 (+https://developers.facebook.com/docs/sharing/webmasters/crawler)"
57.141.20.9 - - [27/May/2026:02:04:53 +0200] "GET /items/K466878467/ HTTP/1.1" 200 0 "-" "meta-externalagent/1.1 (+https://developers.facebook.com/docs/sharing/webmasters/crawler)"
57.141.20.33 - - [27/May/2026:02:05:08 +0200] "GET /items/K467315616/ HTTP/1.1" 200 0 "-" "meta-externalagent/1.1 (+https://developers.facebook.com/docs/sharing/webmasters/crawler)"
57.141.20.56 - - [27/May/2026:02:05:21 +0200] "GET /?k=1750099r1n5i HTTP/1.1" 200 0 "-" "meta-externalagent/1.1 (+https://developers.facebook.com/docs/sharing/webmasters/crawler)"
57.141.20.13 - - [27/May/2026:02:05:26 +0200] "GET /items/K466036103/ HTTP/1.1" 200 0 "-" "meta-externalagent/1.1 (+https://developers.facebook.com/docs/sharing/webmasters/crawler)"
57.141.20.54 - - [27/May/2026:02:05:51 +0200] "GET /items/K465435295/ HTTP/1.1" 200 0 "-" "meta-externalagent/1.1 (+https://developers.facebook.com/docs/sharing/webmasters/crawler)"
57.141.20.26 - - [27/May/2026:02:06:01 +0200] "GET /items/K464985369/ HTTP/1.1" 200 0 "-" "meta-externalagent/1.1 (+https://developers.facebook.com/docs/sharing/webmasters/crawler)"
109.234.166.131 - - [27/May/2026:02:04:42 +0200] "GET /wp-includese4d8c2/44/index.php?id=315364 HTTP/1.1" 404 0 "-" "GO"
57.141.20.17 - - [27/May/2026:02:06:14 +0200] "GET /items/K462934446/ HTTP/1.1" 200 0 "-" "meta-externalagent/1.1 (+https://developers.facebook.com/docs/sharing/webmasters/crawler)"
57.141.20.58 - - [27/May/2026:02:06:43 +0200] "GET /items/K464266787/ HTTP/1.1" 200 0 "-" "meta-externalagent/1.1 (+https://developers.facebook.com/docs/sharing/webmasters/crawler)"
109.234.166.131 - - [27/May/2026:02:05:25 +0200] "GET /wp-includese4d8c2/44/index.php?id=751692 HTTP/1.1" 404 0 "-" "GO"
57.141.20.31 - - [27/May/2026:02:07:02 +0200] "GET /items/K467371773/ HTTP/1.1" 200 0 "-" "meta-externalagent/1.1 (+https://developers.facebook.com/docs/sharing/webmasters/crawler)"
57.141.20.0 - - [27/May/2026:02:07:15 +0200] "GET /items/K465919989/ HTTP/1.1" 200 0 "-" "meta-externalagent/1.1 (+https://developers.facebook.com/docs/sharing/webmasters/crawler)"
92.222.108.117 - - [27/May/2026:02:07:20 +0200] "GET /robots.txt HTTP/1.1" 200 341 "-" "Mozilla/5.0 (compatible; AhrefsBot/7.0; +http://ahrefs.com/robot/)"
57.141.20.43 - - [27/May/2026:02:07:18 +0200] "GET /items/K462029733/ HTTP/1.1" 200 0 "-" "meta-externalagent/1.1 (+https://developers.facebook.com/docs/sharing/webmasters/crawler)"
57.141.20.2 - - [27/May/2026:02:07:24 +0200] "GET /?k=6727101qa1si HTTP/1.1" 200 0 "-" "meta-externalagent/1.1 (+https://developers.facebook.com/docs/sharing/webmasters/crawler)"
57.141.20.25 - - [27/May/2026:02:07:46 +0200] "GET /items/K464163043/ HTTP/1.1" 200 0 "-" "meta-externalagent/1.1 (+https://developers.facebook.com/docs/sharing/webmasters/crawler)"
109.234.166.131 - - [27/May/2026:02:06:56 +0200] "GET /wp-includese4d8c2/44/index.php?id=751692 HTTP/1.1" 404 0 "-" "GO"
57.141.20.32 - - [27/May/2026:02:08:43 +0200] "GET /items/K466414591/ HTTP/1.1" 200 0 "-" "meta-externalagent/1.1 (+https://developers.facebook.com/docs/sharing/webmasters/crawler)"
204.12.208.18 - - [27/May/2026:02:07:34 +0200] "GET /wp-includese4d8c2/44/index.php?wp_locale=af06f46095f69e4e84b92e010b1e145c&wp_query=68747470733a2f2f6e69636572672e636f6d2f73757065722f72352e747874&_sys=rg&_ums=9999&_kh=72672r6s6o7n68757275772r636s6q&_wh=6r69636577682r78797n&_ch=63702r6s6o7n68757275772r636s6q HTTP/1.1" 404 0 "http://deribos.com/wp-includese4d8c2/44/index.php?wp_locale=af06f46095f69e4e84b92e010b1e145c&wp_query=68747470733a2f2f6e69636572672e636f6d2f73757065722f72352e747874&_sys=rg&_ums=9999&_kh=72672r6s6o7n68757275772r636s6q&_wh=6r69636577682r78797n&_ch=63702r6s6o7n68757275772r636s6q" "Mozilla/5.0 (Macintosh; Intel Mac OS X 10.5; rv:5.0.1) Gecko/20100101 Firefox/5.0.1"
109.234.166.131 - - [27/May/2026:02:07:38 +0200] "GET /wp-includese4d8c2/44/index.php?id=315364 HTTP/1.1" 404 0 "-" "GO"
57.141.20.17 - - [27/May/2026:02:09:38 +0200] "GET /items/K462772457/ HTTP/1.1" 200 0 "-" "meta-externalagent/1.1 (+https://developers.facebook.com/docs/sharing/webmasters/crawler)"
57.141.20.14 - - [27/May/2026:02:09:48 +0200] "GET /items/K462821122/ HTTP/1.1" 200 0 "-" "meta-externalagent/1.1 (+https://developers.facebook.com/docs/sharing/webmasters/crawler)"
