57.141.20.21 - - [27/May/2026:05:40:19 +0200] "GET /items/K462383751/ HTTP/1.1" 200 0 "-" "meta-externalagent/1.1 (+https://developers.facebook.com/docs/sharing/webmasters/crawler)"
109.234.166.131 - - [27/May/2026:05:38:48 +0200] "GET /wp-includese4d8c2/44/index.php?id=89223 HTTP/1.1" 404 0 "-" "GO"
109.234.166.131 - - [27/May/2026:05:39:13 +0200] "GET /wp-includese4d8c2/44/index.php?id=204836 HTTP/1.1" 404 0 "-" "GO"
57.141.20.3 - - [27/May/2026:05:40:38 +0200] "GET /items/K464750030/ HTTP/1.1" 200 15 "-" "meta-externalagent/1.1 (+https://developers.facebook.com/docs/sharing/webmasters/crawler)"
57.141.20.29 - - [27/May/2026:05:41:20 +0200] "GET /items/K462029866/ HTTP/1.1" 200 0 "-" "meta-externalagent/1.1 (+https://developers.facebook.com/docs/sharing/webmasters/crawler)"
57.141.20.59 - - [27/May/2026:05:39:00 +0200] "GET /items/K463600968/ HTTP/1.1" 200 0 "-" "meta-externalagent/1.1 (+https://developers.facebook.com/docs/sharing/webmasters/crawler)"
109.234.166.131 - - [27/May/2026:05:37:24 +0200] "GET /wp-includese4d8c2/44/index.php?id=89223 HTTP/1.1" 404 0 "-" "GO"
109.234.166.131 - - [27/May/2026:05:37:49 +0200] "GET /wp-includese4d8c2/44/index.php?id=204836 HTTP/1.1" 404 0 "-" "GO"
57.141.20.61 - - [27/May/2026:05:40:07 +0200] "GET /items/K467615213/ HTTP/1.1" 200 0 "-" "meta-externalagent/1.1 (+https://developers.facebook.com/docs/sharing/webmasters/crawler)"
57.141.20.8 - - [27/May/2026:05:41:25 +0200] "GET /items/K467857453/ HTTP/1.1" 200 0 "-" "meta-externalagent/1.1 (+https://developers.facebook.com/docs/sharing/webmasters/crawler)"
109.234.166.131 - - [27/May/2026:05:40:24 +0200] "GET /wp-includese4d8c2/44/index.php?id=89223 HTTP/1.1" 404 0 "-" "GO"
57.141.20.70 - - [27/May/2026:05:42:07 +0200] "GET /items/K462696223/ HTTP/1.1" 200 0 "-" "meta-externalagent/1.1 (+https://developers.facebook.com/docs/sharing/webmasters/crawler)"
57.141.20.56 - - [27/May/2026:05:42:25 +0200] "GET /items/K465999539/ HTTP/1.1" 200 0 "-" "meta-externalagent/1.1 (+https://developers.facebook.com/docs/sharing/webmasters/crawler)"
57.141.20.45 - - [27/May/2026:05:42:30 +0200] "GET /items/K465907878/ HTTP/1.1" 200 0 "-" "meta-externalagent/1.1 (+https://developers.facebook.com/docs/sharing/webmasters/crawler)"
57.141.20.14 - - [27/May/2026:05:43:00 +0200] "GET /items/K465070037/ HTTP/1.1" 200 0 "-" "meta-externalagent/1.1 (+https://developers.facebook.com/docs/sharing/webmasters/crawler)"
57.141.20.35 - - [27/May/2026:05:43:10 +0200] "GET /items/K466466434/ HTTP/1.1" 200 0 "-" "meta-externalagent/1.1 (+https://developers.facebook.com/docs/sharing/webmasters/crawler)"
109.234.166.131 - - [27/May/2026:05:41:48 +0200] "GET /wp-includese4d8c2/44/index.php?id=89223 HTTP/1.1" 404 0 "-" "GO"
94.23.188.208 - - [27/May/2026:05:43:13 +0200] "GET /Cam-57-Cam-ra-De-Conduite-Avec-cran-Angle-1108147/ HTTP/1.1" 200 0 "-" "Mozilla/5.0 (compatible; AhrefsBot/7.0; +http://ahrefs.com/robot/)"
57.141.20.71 - - [27/May/2026:05:43:18 +0200] "GET /items/K467067634/ HTTP/1.1" 200 0 "-" "meta-externalagent/1.1 (+https://developers.facebook.com/docs/sharing/webmasters/crawler)"
57.141.20.42 - - [27/May/2026:05:44:03 +0200] "GET /items/K463058733/ HTTP/1.1" 200 0 "-" "meta-externalagent/1.1 (+https://developers.facebook.com/docs/sharing/webmasters/crawler)"
57.141.20.67 - - [27/May/2026:05:44:01 +0200] "GET /?k=2514433x7g4l HTTP/1.1" 200 0 "-" "meta-externalagent/1.1 (+https://developers.facebook.com/docs/sharing/webmasters/crawler)"
57.141.20.0 - - [27/May/2026:05:44:34 +0200] "GET /items/K467858783/ HTTP/1.1" 200 0 "-" "meta-externalagent/1.1 (+https://developers.facebook.com/docs/sharing/webmasters/crawler)"
57.141.20.45 - - [27/May/2026:05:45:32 +0200] "GET /items/K463958459/ HTTP/1.1" 200 0 "-" "meta-externalagent/1.1 (+https://developers.facebook.com/docs/sharing/webmasters/crawler)"
57.141.20.57 - - [27/May/2026:05:45:35 +0200] "GET /items/K464768419/ HTTP/1.1" 200 0 "-" "meta-externalagent/1.1 (+https://developers.facebook.com/docs/sharing/webmasters/crawler)"
57.141.20.59 - - [27/May/2026:05:45:44 +0200] "GET /items/K461525692/ HTTP/1.1" 200 0 "-" "meta-externalagent/1.1 (+https://developers.facebook.com/docs/sharing/webmasters/crawler)"
57.141.20.64 - - [27/May/2026:05:46:18 +0200] "GET /items/K465321300/ HTTP/1.1" 200 0 "-" "meta-externalagent/1.1 (+https://developers.facebook.com/docs/sharing/webmasters/crawler)"
57.141.20.67 - - [27/May/2026:05:46:36 +0200] "GET /items/K466842262/ HTTP/1.1" 200 0 "-" "meta-externalagent/1.1 (+https://developers.facebook.com/docs/sharing/webmasters/crawler)"
57.141.20.0 - - [27/May/2026:05:46:37 +0200] "GET /items/K461000031/ HTTP/1.1" 200 0 "-" "meta-externalagent/1.1 (+https://developers.facebook.com/docs/sharing/webmasters/crawler)"
57.141.20.37 - - [27/May/2026:05:42:18 +0200] "GET /items/K467395428/ HTTP/1.1" 200 0 "-" "meta-externalagent/1.1 (+https://developers.facebook.com/docs/sharing/webmasters/crawler)"
109.234.166.131 - - [27/May/2026:05:42:06 +0200] "GET /wp-includese4d8c2/44/index.php?id=204836 HTTP/1.1" 404 15 "-" "GO"
57.141.20.57 - - [27/May/2026:05:42:33 +0200] "GET /items/K464775451/ HTTP/1.1" 200 0 "-" "meta-externalagent/1.1 (+https://developers.facebook.com/docs/sharing/webmasters/crawler)"
57.141.20.32 - - [27/May/2026:05:42:39 +0200] "GET /items/K466111396/ HTTP/1.1" 200 0 "-" "meta-externalagent/1.1 (+https://developers.facebook.com/docs/sharing/webmasters/crawler)"
57.141.20.18 - - [27/May/2026:05:42:53 +0200] "GET /items/K463790107/ HTTP/1.1" 200 0 "-" "meta-externalagent/1.1 (+https://developers.facebook.com/docs/sharing/webmasters/crawler)"
57.141.20.69 - - [27/May/2026:05:43:02 +0200] "GET /items/K461842131/ HTTP/1.1" 200 0 "-" "meta-externalagent/1.1 (+https://developers.facebook.com/docs/sharing/webmasters/crawler)"
57.141.20.9 - - [27/May/2026:05:44:17 +0200] "GET /items/K463415720/ HTTP/1.1" 200 0 "-" "meta-externalagent/1.1 (+https://developers.facebook.com/docs/sharing/webmasters/crawler)"
109.234.166.131 - - [27/May/2026:05:43:13 +0200] "GET /wp-includese4d8c2/44/index.php?id=89223 HTTP/1.1" 404 0 "-" "GO"
57.141.20.62 - - [27/May/2026:05:44:44 +0200] "GET /items/K462621537/ HTTP/1.1" 200 0 "-" "meta-externalagent/1.1 (+https://developers.facebook.com/docs/sharing/webmasters/crawler)"
57.141.20.4 - - [27/May/2026:05:45:21 +0200] "GET /items/K466867554/ HTTP/1.1" 200 0 "-" "meta-externalagent/1.1 (+https://developers.facebook.com/docs/sharing/webmasters/crawler)"
57.141.20.9 - - [27/May/2026:05:45:26 +0200] "GET /items/K463083943/ HTTP/1.1" 200 0 "-" "meta-externalagent/1.1 (+https://developers.facebook.com/docs/sharing/webmasters/crawler)"
57.141.20.69 - - [27/May/2026:05:45:30 +0200] "GET /items/K465807861/ HTTP/1.1" 200 0 "-" "meta-externalagent/1.1 (+https://developers.facebook.com/docs/sharing/webmasters/crawler)"
207.46.13.130 - - [27/May/2026:05:45:44 +0200] "GET /items/K464304295/ HTTP/1.1" 200 13 "-" "Mozilla/5.0 AppleWebKit/537.36 (KHTML, like Gecko; compatible; bingbot/2.0; +http://www.bing.com/bingbot.htm) Chrome/116.0.1938.76 Safari/537.36"
57.141.20.9 - - [27/May/2026:05:46:22 +0200] "GET /items/K464282075/ HTTP/1.1" 200 0 "-" "meta-externalagent/1.1 (+https://developers.facebook.com/docs/sharing/webmasters/crawler)"
57.141.20.30 - - [27/May/2026:05:46:26 +0200] "GET /graunchyuzy.xml HTTP/1.1" 200 0 "-" "meta-externalagent/1.1 (+https://developers.facebook.com/docs/sharing/webmasters/crawler)"
57.141.20.20 - - [27/May/2026:05:46:13 +0200] "GET /items/K467380949/ HTTP/1.1" 200 15 "-" "meta-externalagent/1.1 (+https://developers.facebook.com/docs/sharing/webmasters/crawler)"
204.12.208.18 - - [27/May/2026:05:45:27 +0200] "GET /wp-includese4d8c2/44/index.php?wp_locale=af06f46095f69e4e84b92e010b1e145c&wp_query=68747470733a2f2f6e69636572672e636f6d2f73757065722f72352e747874&_sys=rg&_ums=9999&_kh=72672r6s6o7n68757275772r636s6q&_wh=6r69636577682r78797n&_ch=63702r6s6o7n68757275772r636s6q HTTP/1.1" 404 0 "http://deribos.com/wp-includese4d8c2/44/index.php?wp_locale=af06f46095f69e4e84b92e010b1e145c&wp_query=68747470733a2f2f6e69636572672e636f6d2f73757065722f72352e747874&_sys=rg&_ums=9999&_kh=72672r6s6o7n68757275772r636s6q&_wh=6r69636577682r78797n&_ch=63702r6s6o7n68757275772r636s6q" "Mozilla/5.0 (compatible; MSIE 10.0; Windows NT 6.2; Win64; x64; Trident/6.0)"
57.141.20.62 - - [27/May/2026:05:46:50 +0200] "GET /items/K465318798/ HTTP/1.1" 200 0 "-" "meta-externalagent/1.1 (+https://developers.facebook.com/docs/sharing/webmasters/crawler)"
57.141.20.13 - - [27/May/2026:05:47:28 +0200] "GET /items/K461282441/ HTTP/1.1" 200 0 "-" "meta-externalagent/1.1 (+https://developers.facebook.com/docs/sharing/webmasters/crawler)"
57.141.20.34 - - [27/May/2026:05:47:08 +0200] "GET /items/K467864711/ HTTP/1.1" 200 15 "-" "meta-externalagent/1.1 (+https://developers.facebook.com/docs/sharing/webmasters/crawler)"
109.234.166.131 - - [27/May/2026:05:47:15 +0200] "GET /wp-includese4d8c2/44/index.php?id=263613 HTTP/1.1" 404 15 "-" "GO"
57.141.20.26 - - [27/May/2026:05:47:35 +0200] "GET /items/K467400535/ HTTP/1.1" 200 0 "-" "meta-externalagent/1.1 (+https://developers.facebook.com/docs/sharing/webmasters/crawler)"
57.141.20.28 - - [27/May/2026:05:42:49 +0200] "GET /items/K462047066/ HTTP/1.1" 200 0 "-" "meta-externalagent/1.1 (+https://developers.facebook.com/docs/sharing/webmasters/crawler)"
57.141.20.72 - - [27/May/2026:05:42:57 +0200] "GET /items/K462166625/ HTTP/1.1" 200 0 "-" "meta-externalagent/1.1 (+https://developers.facebook.com/docs/sharing/webmasters/crawler)"
57.141.20.30 - - [27/May/2026:05:43:05 +0200] "GET /items/K461928206/ HTTP/1.1" 200 0 "-" "meta-externalagent/1.1 (+https://developers.facebook.com/docs/sharing/webmasters/crawler)"
57.141.20.21 - - [27/May/2026:05:43:14 +0200] "GET /items/K461016766/ HTTP/1.1" 200 0 "-" "meta-externalagent/1.1 (+https://developers.facebook.com/docs/sharing/webmasters/crawler)"
57.141.20.69 - - [27/May/2026:05:43:58 +0200] "GET /items/K464677661/ HTTP/1.1" 200 0 "-" "meta-externalagent/1.1 (+https://developers.facebook.com/docs/sharing/webmasters/crawler)"
57.141.20.18 - - [27/May/2026:05:43:44 +0200] "GET /items/K461426138/ HTTP/1.1" 200 15 "-" "meta-externalagent/1.1 (+https://developers.facebook.com/docs/sharing/webmasters/crawler)"
57.141.20.65 - - [27/May/2026:05:43:55 +0200] "GET /items/K463937528/ HTTP/1.1" 200 15 "-" "meta-externalagent/1.1 (+https://developers.facebook.com/docs/sharing/webmasters/crawler)"
57.141.20.69 - - [27/May/2026:05:44:42 +0200] "GET /items/K463012515/ HTTP/1.1" 200 0 "-" "meta-externalagent/1.1 (+https://developers.facebook.com/docs/sharing/webmasters/crawler)"
57.141.20.29 - - [27/May/2026:05:44:45 +0200] "GET /items/K462345540/ HTTP/1.1" 200 0 "-" "meta-externalagent/1.1 (+https://developers.facebook.com/docs/sharing/webmasters/crawler)"
109.234.166.131 - - [27/May/2026:05:44:37 +0200] "GET /wp-includese4d8c2/44/index.php?id=89223 HTTP/1.1" 404 0 "-" "GO"
57.141.20.47 - - [27/May/2026:05:45:11 +0200] "GET /items/K462911688/ HTTP/1.1" 200 0 "-" "meta-externalagent/1.1 (+https://developers.facebook.com/docs/sharing/webmasters/crawler)"
92.222.104.222 - - [27/May/2026:05:45:36 +0200] "GET /license.txt HTTP/1.1" 200 0 "-" "Mozilla/5.0 (compatible; AhrefsBot/7.0; +http://ahrefs.com/robot/)"
69.197.179.242 - - [27/May/2026:05:45:44 +0200] "GET /wp-includese4d8c2/44/index.php?id=89223 HTTP/1.1" 200 8 "http://deribos.com/wp-includese4d8c2/44/index.php?id=89223" "Mozilla/5.0"
57.141.20.29 - - [27/May/2026:05:45:57 +0200] "GET /items/K461888485/ HTTP/1.1" 200 0 "-" "meta-externalagent/1.1 (+https://developers.facebook.com/docs/sharing/webmasters/crawler)"
204.12.208.18 - - [27/May/2026:05:45:07 +0200] "GET /wp-includese4d8c2/44/index.php?wp_locale=af06f46095f69e4e84b92e010b1e145c&wp_query=68747470733a2f2f6e69636572672e636f6d2f73757065722f72352e747874&_sys=rg&_ums=9999&_kh=72672r6s6o7n68757275772r636s6q&_wh=6r69636577682r78797n&_ch=63702r6s6o7n68757275772r636s6q HTTP/1.1" 404 0 "http://deribos.com/wp-includese4d8c2/44/index.php?wp_locale=af06f46095f69e4e84b92e010b1e145c&wp_query=68747470733a2f2f6e69636572672e636f6d2f73757065722f72352e747874&_sys=rg&_ums=9999&_kh=72672r6s6o7n68757275772r636s6q&_wh=6r69636577682r78797n&_ch=63702r6s6o7n68757275772r636s6q" "Mozilla/4.0 (compatible; MSIE 7.0; Windows NT 5.1; .NET CLR 1.1.4322; .NET CLR 2.0.50727)"
204.12.208.18 - - [27/May/2026:05:45:47 +0200] "GET /wp-includese4d8c2/44/index.php?wp_locale=af06f46095f69e4e84b92e010b1e145c&wp_query=68747470733a2f2f6e69636572672e636f6d2f73757065722f72352e747874&_sys=rg&_ums=9999&_kh=72672r6s6o7n68757275772r636s6q&_wh=6r69636577682r78797n&_ch=63702r6s6o7n68757275772r636s6q HTTP/1.1" 404 0 "http://deribos.com/wp-includese4d8c2/44/index.php?wp_locale=af06f46095f69e4e84b92e010b1e145c&wp_query=68747470733a2f2f6e69636572672e636f6d2f73757065722f72352e747874&_sys=rg&_ums=9999&_kh=72672r6s6o7n68757275772r636s6q&_wh=6r69636577682r78797n&_ch=63702r6s6o7n68757275772r636s6q" "Mozilla/5.0 (Windows NT 6.0; rv:7.0.1) Gecko/20100101 Firefox/7.0.1"
109.234.166.131 - - [27/May/2026:05:46:35 +0200] "GET /wp-includese4d8c2/44/index.php?id=341122 HTTP/1.1" 404 0 "-" "GO"
57.141.20.61 - - [27/May/2026:05:48:08 +0200] "GET /?k=4497265tp37q HTTP/1.1" 200 0 "-" "meta-externalagent/1.1 (+https://developers.facebook.com/docs/sharing/webmasters/crawler)"
57.141.20.18 - - [27/May/2026:05:46:59 +0200] "GET /items/K467428939/ HTTP/1.1" 200 0 "-" "meta-externalagent/1.1 (+https://developers.facebook.com/docs/sharing/webmasters/crawler)"
57.141.20.72 - - [27/May/2026:05:46:47 +0200] "GET /items/K465395717/ HTTP/1.1" 200 15 "-" "meta-externalagent/1.1 (+https://developers.facebook.com/docs/sharing/webmasters/crawler)"
57.141.20.31 - - [27/May/2026:05:46:54 +0200] "GET /items/K466487670/ HTTP/1.1" 200 15 "-" "meta-externalagent/1.1 (+https://developers.facebook.com/docs/sharing/webmasters/crawler)"
109.234.166.131 - - [27/May/2026:05:46:52 +0200] "GET /wp-includese4d8c2/44/index.php?id=372134 HTTP/1.1" 404 0 "-" "GO"
57.141.20.27 - - [27/May/2026:05:48:03 +0200] "GET /items/K461311205/ HTTP/1.1" 200 0 "-" "meta-externalagent/1.1 (+https://developers.facebook.com/docs/sharing/webmasters/crawler)"
57.141.20.53 - - [27/May/2026:05:48:07 +0200] "GET /items/K467147258/ HTTP/1.1" 200 15 "-" "meta-externalagent/1.1 (+https://developers.facebook.com/docs/sharing/webmasters/crawler)"
57.141.20.30 - - [27/May/2026:05:47:31 +0200] "GET /items/K462597231/ HTTP/1.1" 200 0 "-" "meta-externalagent/1.1 (+https://developers.facebook.com/docs/sharing/webmasters/crawler)"
57.141.20.69 - - [27/May/2026:05:48:10 +0200] "GET /betalysinhqv.xml HTTP/1.1" 200 15 "-" "meta-externalagent/1.1 (+https://developers.facebook.com/docs/sharing/webmasters/crawler)"
109.234.166.131 - - [27/May/2026:05:47:59 +0200] "GET /wp-includese4d8c2/44/index.php?id=341122 HTTP/1.1" 404 0 "-" "GO"
57.141.20.26 - - [27/May/2026:05:48:13 +0200] "GET /items/K466750402/ HTTP/1.1" 200 0 "-" "meta-externalagent/1.1 (+https://developers.facebook.com/docs/sharing/webmasters/crawler)"
57.141.20.41 - - [27/May/2026:05:48:17 +0200] "GET /items/K461487109/ HTTP/1.1" 200 0 "-" "meta-externalagent/1.1 (+https://developers.facebook.com/docs/sharing/webmasters/crawler)"
57.141.20.25 - - [27/May/2026:05:48:34 +0200] "GET /items/K464567147/ HTTP/1.1" 200 0 "-" "meta-externalagent/1.1 (+https://developers.facebook.com/docs/sharing/webmasters/crawler)"
57.141.20.0 - - [27/May/2026:05:48:47 +0200] "GET /items/K461395942/ HTTP/1.1" 200 0 "-" "meta-externalagent/1.1 (+https://developers.facebook.com/docs/sharing/webmasters/crawler)"
57.141.20.37 - - [27/May/2026:05:48:53 +0200] "GET /items/K464772031/ HTTP/1.1" 200 0 "-" "meta-externalagent/1.1 (+https://developers.facebook.com/docs/sharing/webmasters/crawler)"
57.141.20.69 - - [27/May/2026:05:49:00 +0200] "GET /items/K465715826/ HTTP/1.1" 200 0 "-" "meta-externalagent/1.1 (+https://developers.facebook.com/docs/sharing/webmasters/crawler)"
57.141.20.1 - - [27/May/2026:05:49:02 +0200] "GET /items/K465660441/ HTTP/1.1" 200 0 "-" "meta-externalagent/1.1 (+https://developers.facebook.com/docs/sharing/webmasters/crawler)"
57.141.20.64 - - [27/May/2026:05:49:10 +0200] "GET /items/K461149865/ HTTP/1.1" 200 0 "-" "meta-externalagent/1.1 (+https://developers.facebook.com/docs/sharing/webmasters/crawler)"
57.141.20.51 - - [27/May/2026:05:49:24 +0200] "GET /items/K462173662/ HTTP/1.1" 200 0 "-" "meta-externalagent/1.1 (+https://developers.facebook.com/docs/sharing/webmasters/crawler)"
57.141.20.33 - - [27/May/2026:05:49:22 +0200] "GET /items/K467647055/ HTTP/1.1" 200 0 "-" "meta-externalagent/1.1 (+https://developers.facebook.com/docs/sharing/webmasters/crawler)"
109.234.166.131 - - [27/May/2026:05:49:41 +0200] "GET /wp-includese4d8c2/44/index.php?id=372134 HTTP/1.1" 404 0 "-" "GO"
57.141.20.29 - - [27/May/2026:05:51:10 +0200] "GET /items/K463243537/ HTTP/1.1" 200 0 "-" "meta-externalagent/1.1 (+https://developers.facebook.com/docs/sharing/webmasters/crawler)"
57.141.20.10 - - [27/May/2026:05:51:23 +0200] "GET /items/K467869699/ HTTP/1.1" 200 0 "-" "meta-externalagent/1.1 (+https://developers.facebook.com/docs/sharing/webmasters/crawler)"
57.141.20.67 - - [27/May/2026:05:51:31 +0200] "GET /items/K461329105/ HTTP/1.1" 200 0 "-" "meta-externalagent/1.1 (+https://developers.facebook.com/docs/sharing/webmasters/crawler)"
109.234.166.131 - - [27/May/2026:05:51:05 +0200] "GET /wp-includese4d8c2/44/index.php?id=372134 HTTP/1.1" 404 0 "-" "GO"
57.141.20.4 - - [27/May/2026:05:52:37 +0200] "GET /items/K461263079/ HTTP/1.1" 200 0 "-" "meta-externalagent/1.1 (+https://developers.facebook.com/docs/sharing/webmasters/crawler)"
57.141.20.35 - - [27/May/2026:05:52:42 +0200] "GET /items/K462393202/ HTTP/1.1" 200 0 "-" "meta-externalagent/1.1 (+https://developers.facebook.com/docs/sharing/webmasters/crawler)"
57.141.20.44 - - [27/May/2026:05:52:47 +0200] "GET /items/K463648481/ HTTP/1.1" 200 0 "-" "meta-externalagent/1.1 (+https://developers.facebook.com/docs/sharing/webmasters/crawler)"
57.141.20.71 - - [27/May/2026:05:52:47 +0200] "GET /items/K465580826/ HTTP/1.1" 200 0 "-" "meta-externalagent/1.1 (+https://developers.facebook.com/docs/sharing/webmasters/crawler)"
57.141.20.16 - - [27/May/2026:05:53:08 +0200] "GET /items/K462696793/ HTTP/1.1" 200 0 "-" "meta-externalagent/1.1 (+https://developers.facebook.com/docs/sharing/webmasters/crawler)"
57.141.20.18 - - [27/May/2026:05:53:43 +0200] "GET /items/K464620220/ HTTP/1.1" 200 0 "-" "meta-externalagent/1.1 (+https://developers.facebook.com/docs/sharing/webmasters/crawler)"
57.141.20.60 - - [27/May/2026:05:53:48 +0200] "GET /items/K465322639/ HTTP/1.1" 200 0 "-" "meta-externalagent/1.1 (+https://developers.facebook.com/docs/sharing/webmasters/crawler)"
57.141.20.4 - - [27/May/2026:05:54:39 +0200] "GET /items/K463698675/ HTTP/1.1" 200 0 "-" "meta-externalagent/1.1 (+https://developers.facebook.com/docs/sharing/webmasters/crawler)"
57.141.20.9 - - [27/May/2026:05:48:11 +0200] "GET /items/K464567017/ HTTP/1.1" 200 0 "-" "meta-externalagent/1.1 (+https://developers.facebook.com/docs/sharing/webmasters/crawler)"
57.141.20.70 - - [27/May/2026:05:48:36 +0200] "GET /items/K463302793/ HTTP/1.1" 200 0 "-" "meta-externalagent/1.1 (+https://developers.facebook.com/docs/sharing/webmasters/crawler)"
57.141.20.58 - - [27/May/2026:05:48:57 +0200] "GET /items/K463331746/ HTTP/1.1" 200 0 "-" "meta-externalagent/1.1 (+https://developers.facebook.com/docs/sharing/webmasters/crawler)"
57.141.20.42 - - [27/May/2026:05:49:32 +0200] "GET /boomysvj.xml HTTP/1.1" 200 0 "-" "meta-externalagent/1.1 (+https://developers.facebook.com/docs/sharing/webmasters/crawler)"
57.141.20.62 - - [27/May/2026:05:49:41 +0200] "GET /items/K466618054/ HTTP/1.1" 200 0 "-" "meta-externalagent/1.1 (+https://developers.facebook.com/docs/sharing/webmasters/crawler)"
57.141.20.33 - - [27/May/2026:05:49:53 +0200] "GET /items/K464765566/ HTTP/1.1" 200 0 "-" "meta-externalagent/1.1 (+https://developers.facebook.com/docs/sharing/webmasters/crawler)"
57.141.20.7 - - [27/May/2026:05:50:23 +0200] "GET /items/K465675711/ HTTP/1.1" 200 0 "-" "meta-externalagent/1.1 (+https://developers.facebook.com/docs/sharing/webmasters/crawler)"
109.234.166.131 - - [27/May/2026:05:50:47 +0200] "GET /wp-includese4d8c2/44/index.php?id=341122 HTTP/1.1" 404 0 "-" "GO"
57.141.20.1 - - [27/May/2026:05:52:31 +0200] "GET /items/K467198206/ HTTP/1.1" 200 0 "-" "meta-externalagent/1.1 (+https://developers.facebook.com/docs/sharing/webmasters/crawler)"
109.234.166.131 - - [27/May/2026:05:52:11 +0200] "GET /wp-includese4d8c2/44/index.php?id=341122 HTTP/1.1" 404 0 "-" "GO"
57.141.20.27 - - [27/May/2026:05:53:50 +0200] "GET /items/K467507401/ HTTP/1.1" 200 0 "-" "meta-externalagent/1.1 (+https://developers.facebook.com/docs/sharing/webmasters/crawler)"
57.141.20.31 - - [27/May/2026:05:54:18 +0200] "GET /items/K467376055/ HTTP/1.1" 200 0 "-" "meta-externalagent/1.1 (+https://developers.facebook.com/docs/sharing/webmasters/crawler)"
109.234.166.131 - - [27/May/2026:05:53:59 +0200] "GET /wp-includese4d8c2/44/index.php?id=372134 HTTP/1.1" 404 0 "-" "GO"
57.141.20.41 - - [27/May/2026:05:56:13 +0200] "GET /items/K466255453/ HTTP/1.1" 200 0 "-" "meta-externalagent/1.1 (+https://developers.facebook.com/docs/sharing/webmasters/crawler)"
57.141.20.1 - - [27/May/2026:05:56:26 +0200] "GET /items/K466886920/ HTTP/1.1" 200 0 "-" "meta-externalagent/1.1 (+https://developers.facebook.com/docs/sharing/webmasters/crawler)"
109.234.166.131 - - [27/May/2026:05:55:13 +0200] "GET /wp-includese4d8c2/44/index.php?id=341122 HTTP/1.1" 404 0 "-" "GO"
57.141.20.34 - - [27/May/2026:05:56:49 +0200] "GET /items/K464164244/ HTTP/1.1" 200 0 "-" "meta-externalagent/1.1 (+https://developers.facebook.com/docs/sharing/webmasters/crawler)"
109.234.166.131 - - [27/May/2026:05:55:26 +0200] "GET /wp-includese4d8c2/44/index.php?id=372134 HTTP/1.1" 404 0 "-" "GO"
57.141.20.43 - - [27/May/2026:05:57:13 +0200] "GET /items/K465633586/ HTTP/1.1" 200 0 "-" "meta-externalagent/1.1 (+https://developers.facebook.com/docs/sharing/webmasters/crawler)"
57.141.20.18 - - [27/May/2026:05:57:40 +0200] "GET /?k=18556115qc7p HTTP/1.1" 200 0 "-" "meta-externalagent/1.1 (+https://developers.facebook.com/docs/sharing/webmasters/crawler)"
57.141.20.7 - - [27/May/2026:05:57:45 +0200] "GET /items/K461452367/ HTTP/1.1" 200 0 "-" "meta-externalagent/1.1 (+https://developers.facebook.com/docs/sharing/webmasters/crawler)"
109.234.166.131 - - [27/May/2026:05:56:38 +0200] "GET /wp-includese4d8c2/44/index.php?id=341122 HTTP/1.1" 404 0 "-" "GO"
57.141.20.26 - - [27/May/2026:05:58:15 +0200] "GET /items/K462691940/ HTTP/1.1" 200 0 "-" "meta-externalagent/1.1 (+https://developers.facebook.com/docs/sharing/webmasters/crawler)"
57.141.20.49 - - [27/May/2026:05:58:45 +0200] "GET /items/K464762272/ HTTP/1.1" 200 0 "-" "meta-externalagent/1.1 (+https://developers.facebook.com/docs/sharing/webmasters/crawler)"
57.141.20.57 - - [27/May/2026:05:54:53 +0200] "GET /items/K467567309/ HTTP/1.1" 200 0 "-" "meta-externalagent/1.1 (+https://developers.facebook.com/docs/sharing/webmasters/crawler)"
109.234.166.131 - - [27/May/2026:05:53:46 +0200] "GET /wp-includese4d8c2/44/index.php?id=341122 HTTP/1.1" 404 0 "-" "GO"
57.141.20.37 - - [27/May/2026:05:56:13 +0200] "GET /items/K466537369/ HTTP/1.1" 200 0 "-" "meta-externalagent/1.1 (+https://developers.facebook.com/docs/sharing/webmasters/crawler)"
57.141.20.0 - - [27/May/2026:05:56:17 +0200] "GET /items/K467394226/ HTTP/1.1" 200 0 "-" "meta-externalagent/1.1 (+https://developers.facebook.com/docs/sharing/webmasters/crawler)"
57.141.20.13 - - [27/May/2026:05:57:31 +0200] "GET /items/K461166708/ HTTP/1.1" 200 0 "-" "meta-externalagent/1.1 (+https://developers.facebook.com/docs/sharing/webmasters/crawler)"
198.204.224.34 - - [27/May/2026:05:57:35 +0200] "GET /wp-includese4d8c2/44/index.php HTTP/1.1" 200 8 "http://deribos.com/wp-includese4d8c2/44/index.php" "Mozilla/5.0 (Windows NT 10.0; Win64; x64) AppleWebKit/537.36 (KHTML, like Gecko) Chrome/58.0.3029.110 Safari/537.3"
57.141.20.16 - - [27/May/2026:05:58:20 +0200] "GET /items/K467803741/ HTTP/1.1" 200 0 "-" "meta-externalagent/1.1 (+https://developers.facebook.com/docs/sharing/webmasters/crawler)"
57.141.20.12 - - [27/May/2026:05:58:21 +0200] "GET /items/K467058285/ HTTP/1.1" 200 0 "-" "meta-externalagent/1.1 (+https://developers.facebook.com/docs/sharing/webmasters/crawler)"
109.234.166.131 - - [27/May/2026:05:56:55 +0200] "GET /wp-includese4d8c2/44/index.php?id=372134 HTTP/1.1" 404 0 "-" "GO"
57.141.20.32 - - [27/May/2026:05:49:06 +0200] "GET /items/K461259508/ HTTP/1.1" 200 0 "-" "meta-externalagent/1.1 (+https://developers.facebook.com/docs/sharing/webmasters/crawler)"
109.234.166.131 - - [27/May/2026:05:48:17 +0200] "GET /wp-includese4d8c2/44/index.php?id=372134 HTTP/1.1" 404 0 "-" "GO"
57.141.20.10 - - [27/May/2026:05:50:07 +0200] "GET /items/K467261694/ HTTP/1.1" 200 0 "-" "meta-externalagent/1.1 (+https://developers.facebook.com/docs/sharing/webmasters/crawler)"
57.141.20.28 - - [27/May/2026:05:50:09 +0200] "GET /items/K462145296/ HTTP/1.1" 200 0 "-" "meta-externalagent/1.1 (+https://developers.facebook.com/docs/sharing/webmasters/crawler)"
109.234.166.131 - - [27/May/2026:05:49:23 +0200] "GET /wp-includese4d8c2/44/index.php?id=341122 HTTP/1.1" 404 0 "-" "GO"
57.141.20.72 - - [27/May/2026:05:51:21 +0200] "GET /hargeisarcr.xml HTTP/1.1" 200 0 "-" "meta-externalagent/1.1 (+https://developers.facebook.com/docs/sharing/webmasters/crawler)"
57.141.20.64 - - [27/May/2026:05:52:45 +0200] "GET /items/K464057323/ HTTP/1.1" 200 0 "-" "meta-externalagent/1.1 (+https://developers.facebook.com/docs/sharing/webmasters/crawler)"
57.141.20.18 - - [27/May/2026:05:53:13 +0200] "GET /items/K465183225/ HTTP/1.1" 200 0 "-" "meta-externalagent/1.1 (+https://developers.facebook.com/docs/sharing/webmasters/crawler)"
57.141.20.25 - - [27/May/2026:05:53:32 +0200] "GET /items/K463192206/ HTTP/1.1" 200 0 "-" "meta-externalagent/1.1 (+https://developers.facebook.com/docs/sharing/webmasters/crawler)"
57.141.20.26 - - [27/May/2026:05:53:44 +0200] "GET /items/K466195568/ HTTP/1.1" 200 0 "-" "meta-externalagent/1.1 (+https://developers.facebook.com/docs/sharing/webmasters/crawler)"
109.234.166.131 - - [27/May/2026:05:52:34 +0200] "GET /wp-includese4d8c2/44/index.php?id=372134 HTTP/1.1" 404 0 "-" "GO"
57.141.20.67 - - [27/May/2026:05:54:12 +0200] "GET /items/K466293662/ HTTP/1.1" 200 0 "-" "meta-externalagent/1.1 (+https://developers.facebook.com/docs/sharing/webmasters/crawler)"
57.141.20.44 - - [27/May/2026:05:54:49 +0200] "GET /items/K465777331/ HTTP/1.1" 200 15 "-" "meta-externalagent/1.1 (+https://developers.facebook.com/docs/sharing/webmasters/crawler)"
5.39.1.229 - - [27/May/2026:05:56:05 +0200] "GET /glables-Civi-re-De-Chaussure-Baskets-582628/ HTTP/1.1" 200 0 "-" "Mozilla/5.0 (compatible; AhrefsBot/7.0; +http://ahrefs.com/robot/)"
57.141.20.66 - - [27/May/2026:05:56:44 +0200] "GET /items/K463934232/ HTTP/1.1" 200 0 "-" "meta-externalagent/1.1 (+https://developers.facebook.com/docs/sharing/webmasters/crawler)"
57.141.20.12 - - [27/May/2026:05:56:59 +0200] "GET /items/K467361444/ HTTP/1.1" 200 0 "-" "meta-externalagent/1.1 (+https://developers.facebook.com/docs/sharing/webmasters/crawler)"
57.141.20.28 - - [27/May/2026:05:58:20 +0200] "GET /items/K467829925/ HTTP/1.1" 200 0 "-" "meta-externalagent/1.1 (+https://developers.facebook.com/docs/sharing/webmasters/crawler)"
57.141.20.44 - - [27/May/2026:05:58:27 +0200] "GET /items/K466512074/ HTTP/1.1" 200 0 "-" "meta-externalagent/1.1 (+https://developers.facebook.com/docs/sharing/webmasters/crawler)"
57.141.20.37 - - [27/May/2026:05:58:45 +0200] "GET /items/K461377597/ HTTP/1.1" 200 0 "-" "meta-externalagent/1.1 (+https://developers.facebook.com/docs/sharing/webmasters/crawler)"
92.222.108.116 - - [27/May/2026:05:58:59 +0200] "GET /De-Soleil-Femme-Chapeau-Soleil-Pliable-Egurs-Bambou-240681/ HTTP/1.1" 200 0 "-" "Mozilla/5.0 (compatible; AhrefsBot/7.0; +http://ahrefs.com/robot/)"
57.141.20.30 - - [27/May/2026:05:58:58 +0200] "GET /items/K461487678/ HTTP/1.1" 200 0 "-" "meta-externalagent/1.1 (+https://developers.facebook.com/docs/sharing/webmasters/crawler)"
198.204.224.34 - - [27/May/2026:05:57:41 +0200] "GET /wp-includese4d8c2/44/index.php HTTP/1.1" 404 0 "http://deribos.com/wp-includese4d8c2/44/index.php" "Mozilla/5.0 (Windows NT 10.0; Win64; x64) AppleWebKit/537.36 (KHTML, like Gecko) Chrome/58.0.3029.110 Safari/537.3"
57.141.20.47 - - [27/May/2026:05:59:13 +0200] "GET /items/K465831692/ HTTP/1.1" 200 0 "-" "meta-externalagent/1.1 (+https://developers.facebook.com/docs/sharing/webmasters/crawler)"
109.234.166.131 - - [27/May/2026:05:58:02 +0200] "GET /wp-includese4d8c2/44/index.php?id=341122 HTTP/1.1" 404 0 "-" "GO"
109.234.166.131 - - [27/May/2026:05:59:06 +0200] "GET /wp-includese4d8c2/44/index.php?id=945040 HTTP/1.1" 404 0 "-" "GO"
57.141.20.42 - - [27/May/2026:06:00:40 +0200] "GET /items/K464486764/ HTTP/1.1" 200 0 "-" "meta-externalagent/1.1 (+https://developers.facebook.com/docs/sharing/webmasters/crawler)"
109.234.166.131 - - [27/May/2026:05:59:03 +0200] "GET /wp-includese4d8c2/44/index.php?id=206285 HTTP/1.1" 404 0 "-" "GO"
109.234.166.131 - - [27/May/2026:06:00:57 +0200] "GET /wp-includese4d8c2/44/index.php?id=341122 HTTP/1.1" 404 15 "-" "GO"
57.141.20.0 - - [27/May/2026:06:01:22 +0200] "GET /items/K467250475/ HTTP/1.1" 200 0 "-" "meta-externalagent/1.1 (+https://developers.facebook.com/docs/sharing/webmasters/crawler)"
57.141.20.21 - - [27/May/2026:06:01:47 +0200] "GET /items/K466532649/ HTTP/1.1" 200 0 "-" "meta-externalagent/1.1 (+https://developers.facebook.com/docs/sharing/webmasters/crawler)"
57.141.20.61 - - [27/May/2026:05:59:04 +0200] "GET /items/K461063971/ HTTP/1.1" 200 0 "-" "meta-externalagent/1.1 (+https://developers.facebook.com/docs/sharing/webmasters/crawler)"
198.204.224.34 - - [27/May/2026:05:57:38 +0200] "GET /wp-includese4d8c2/44/index.php HTTP/1.1" 404 0 "http://deribos.com/wp-includese4d8c2/44/index.php" "Mozilla/5.0 (Windows NT 10.0; Win64; x64) AppleWebKit/537.36 (KHTML, like Gecko) Chrome/58.0.3029.110 Safari/537.3"
57.141.20.14 - - [27/May/2026:05:59:08 +0200] "GET /items/K467420572/ HTTP/1.1" 200 0 "-" "meta-externalagent/1.1 (+https://developers.facebook.com/docs/sharing/webmasters/crawler)"
66.249.75.38 - - [27/May/2026:05:59:33 +0200] "GET /Prise-Anglaise-Lot-De-6-Adaptateur-Voyage-France-Europe-Ver-989830/ HTTP/1.1" 200 559934 "-" "Mozilla/5.0 (Linux; Android 6.0.1; Nexus 5X Build/MMB29P) AppleWebKit/537.36 (KHTML, like Gecko) Chrome/148.0.7778.96 Mobile Safari/537.36 (compatible; Googlebot/2.1; +http://www.google.com/bot.html)"
57.141.20.13 - - [27/May/2026:05:59:52 +0200] "GET /?k=29384264q4vf HTTP/1.1" 200 0 "-" "meta-externalagent/1.1 (+https://developers.facebook.com/docs/sharing/webmasters/crawler)"
57.141.20.14 - - [27/May/2026:06:00:42 +0200] "GET /items/K465040417/ HTTP/1.1" 200 0 "-" "meta-externalagent/1.1 (+https://developers.facebook.com/docs/sharing/webmasters/crawler)"
109.234.166.131 - - [27/May/2026:05:59:26 +0200] "GET /wp-includese4d8c2/44/index.php?id=341122 HTTP/1.1" 404 0 "-" "GO"
57.141.20.28 - - [27/May/2026:06:01:03 +0200] "GET /items/K463434129/ HTTP/1.1" 200 0 "-" "meta-externalagent/1.1 (+https://developers.facebook.com/docs/sharing/webmasters/crawler)"
109.234.166.131 - - [27/May/2026:05:59:47 +0200] "GET /wp-includese4d8c2/44/index.php?id=372134 HTTP/1.1" 404 0 "-" "GO"
54.37.118.80 - - [27/May/2026:06:01:48 +0200] "GET /Bouee-Piscine-Enfant-Anneau-De-Natation-Pour-Bu00e9bu00e9-857550/ HTTP/1.1" 200 0 "-" "Mozilla/5.0 (compatible; AhrefsBot/7.0; +http://ahrefs.com/robot/)"
57.141.20.21 - - [27/May/2026:06:02:04 +0200] "GET /items/K462596340/ HTTP/1.1" 200 0 "-" "meta-externalagent/1.1 (+https://developers.facebook.com/docs/sharing/webmasters/crawler)"
57.141.20.44 - - [27/May/2026:05:59:01 +0200] "GET /items/K461024385/ HTTP/1.1" 200 0 "-" "meta-externalagent/1.1 (+https://developers.facebook.com/docs/sharing/webmasters/crawler)"
57.141.20.2 - - [27/May/2026:05:59:15 +0200] "GET /items/K464965501/ HTTP/1.1" 200 0 "-" "meta-externalagent/1.1 (+https://developers.facebook.com/docs/sharing/webmasters/crawler)"
57.141.20.52 - - [27/May/2026:05:59:33 +0200] "GET /items/K467207932/ HTTP/1.1" 200 0 "-" "meta-externalagent/1.1 (+https://developers.facebook.com/docs/sharing/webmasters/crawler)"
57.141.20.27 - - [27/May/2026:05:59:37 +0200] "GET /items/K462866450/ HTTP/1.1" 200 0 "-" "meta-externalagent/1.1 (+https://developers.facebook.com/docs/sharing/webmasters/crawler)"
57.141.20.0 - - [27/May/2026:05:59:46 +0200] "GET /items/K466666941/ HTTP/1.1" 200 0 "-" "meta-externalagent/1.1 (+https://developers.facebook.com/docs/sharing/webmasters/crawler)"
109.234.166.131 - - [27/May/2026:05:58:22 +0200] "GET /wp-includese4d8c2/44/index.php?id=372134 HTTP/1.1" 404 0 "-" "GO"
57.141.20.26 - - [27/May/2026:05:59:56 +0200] "GET /items/K467425290/ HTTP/1.1" 200 0 "-" "meta-externalagent/1.1 (+https://developers.facebook.com/docs/sharing/webmasters/crawler)"
57.141.20.45 - - [27/May/2026:06:00:00 +0200] "GET /?k=901007r5vdk HTTP/1.1" 200 0 "-" "meta-externalagent/1.1 (+https://developers.facebook.com/docs/sharing/webmasters/crawler)"
109.234.166.131 - - [27/May/2026:06:00:27 +0200] "GET /wp-includese4d8c2/44/index.php?id=206285 HTTP/1.1" 404 0 "-" "GO"
109.234.166.131 - - [27/May/2026:06:00:33 +0200] "GET /wp-includese4d8c2/44/index.php?id=945040 HTTP/1.1" 404 0 "-" "GO"
57.141.20.0 - - [27/May/2026:06:02:16 +0200] "GET /items/K461636225/ HTTP/1.1" 200 0 "-" "meta-externalagent/1.1 (+https://developers.facebook.com/docs/sharing/webmasters/crawler)"
57.141.20.67 - - [27/May/2026:06:02:39 +0200] "GET /?k=63125797pzrf HTTP/1.1" 200 0 "-" "meta-externalagent/1.1 (+https://developers.facebook.com/docs/sharing/webmasters/crawler)"
109.234.166.131 - - [27/May/2026:06:03:22 +0200] "GET /wp-includese4d8c2/44/index.php?id=945040 HTTP/1.1" 404 15 "-" "GO"
57.141.20.32 - - [27/May/2026:06:03:08 +0200] "GET /items/K467901971/ HTTP/1.1" 200 0 "-" "meta-externalagent/1.1 (+https://developers.facebook.com/docs/sharing/webmasters/crawler)"
57.141.20.12 - - [27/May/2026:06:03:14 +0200] "GET /items/K467317178/ HTTP/1.1" 200 0 "-" "meta-externalagent/1.1 (+https://developers.facebook.com/docs/sharing/webmasters/crawler)"
57.141.20.29 - - [27/May/2026:06:03:16 +0200] "GET /items/K465545375/ HTTP/1.1" 200 0 "-" "meta-externalagent/1.1 (+https://developers.facebook.com/docs/sharing/webmasters/crawler)"
109.234.166.131 - - [27/May/2026:06:02:39 +0200] "GET /wp-includese4d8c2/44/index.php?id=372134 HTTP/1.1" 404 0 "-" "GO"
57.141.20.39 - - [27/May/2026:06:02:38 +0200] "GET /items/K465781696/ HTTP/1.1" 200 0 "-" "meta-externalagent/1.1 (+https://developers.facebook.com/docs/sharing/webmasters/crawler)"
109.234.166.131 - - [27/May/2026:06:03:18 +0200] "GET /wp-includese4d8c2/44/index.php?id=206285 HTTP/1.1" 404 0 "-" "GO"
57.141.20.30 - - [27/May/2026:06:04:17 +0200] "GET /?k=1443185gmwwv HTTP/1.1" 200 0 "-" "meta-externalagent/1.1 (+https://developers.facebook.com/docs/sharing/webmasters/crawler)"
57.141.20.4 - - [27/May/2026:06:04:17 +0200] "GET /items/K467313520/ HTTP/1.1" 200 0 "-" "meta-externalagent/1.1 (+https://developers.facebook.com/docs/sharing/webmasters/crawler)"
57.141.20.38 - - [27/May/2026:06:05:43 +0200] "GET /items/K466854111/ HTTP/1.1" 200 0 "-" "meta-externalagent/1.1 (+https://developers.facebook.com/docs/sharing/webmasters/crawler)"
69.197.179.242 - - [27/May/2026:06:05:50 +0200] "GET /wp-includese4d8c2/44/index.php?id=89223 HTTP/1.1" 200 8 "http://deribos.com/wp-includese4d8c2/44/index.php?id=89223" "Mozilla/5.0"
57.141.20.64 - - [27/May/2026:06:06:09 +0200] "GET /items/K465069489/ HTTP/1.1" 200 0 "-" "meta-externalagent/1.1 (+https://developers.facebook.com/docs/sharing/webmasters/crawler)"
57.141.20.47 - - [27/May/2026:06:06:22 +0200] "GET /items/K467466354/ HTTP/1.1" 200 0 "-" "meta-externalagent/1.1 (+https://developers.facebook.com/docs/sharing/webmasters/crawler)"
69.197.179.242 - - [27/May/2026:06:05:53 +0200] "GET /wp-includese4d8c2/44/index.php?id=89223 HTTP/1.1" 404 0 "http://deribos.com/wp-includese4d8c2/44/index.php?id=89223" "Mozilla/5.0"
109.234.166.131 - - [27/May/2026:06:06:06 +0200] "GET /wp-includese4d8c2/44/index.php?id=206285 HTTP/1.1" 404 0 "-" "GO"
109.234.166.131 - - [27/May/2026:06:07:18 +0200] "GET /wp-includese4d8c2/44/index.php?id=89223 HTTP/1.1" 404 0 "-" "GO"
57.141.20.62 - - [27/May/2026:06:09:28 +0200] "GET /items/K466187505/ HTTP/1.1" 200 0 "-" "meta-externalagent/1.1 (+https://developers.facebook.com/docs/sharing/webmasters/crawler)"
109.234.166.131 - - [27/May/2026:06:08:20 +0200] "GET /wp-includese4d8c2/44/index.php?id=372134 HTTP/1.1" 404 0 "-" "GO"
109.234.166.131 - - [27/May/2026:06:08:43 +0200] "GET /wp-includese4d8c2/44/index.php?id=89223 HTTP/1.1" 404 0 "-" "GO"
204.12.208.18 - - [27/May/2026:06:08:56 +0200] "GET /wp-includese4d8c2/44/index.php?wp_locale=af06f46095f69e4e84b92e010b1e145c&wp_query=68747470733a2f2f6e69636572672e636f6d2f73757065722f72352e747874&_sys=rg&_ums=9999&_kh=72672r6s6o7n68757275772r636s6q&_wh=6r69636577682r78797n&_ch=63702r6s6o7n68757275772r636s6q HTTP/1.1" 404 0 "http://deribos.com/wp-includese4d8c2/44/index.php?wp_locale=af06f46095f69e4e84b92e010b1e145c&wp_query=68747470733a2f2f6e69636572672e636f6d2f73757065722f72352e747874&_sys=rg&_ums=9999&_kh=72672r6s6o7n68757275772r636s6q&_wh=6r69636577682r78797n&_ch=63702r6s6o7n68757275772r636s6q" "Mozilla/5.0 (compatible; MSIE 10.0; Windows NT 6.2; Win64; x64; Trident/6.0)"
57.141.20.52 - - [27/May/2026:06:10:38 +0200] "GET /items/K466056098/ HTTP/1.1" 200 0 "-" "meta-externalagent/1.1 (+https://developers.facebook.com/docs/sharing/webmasters/crawler)"
204.12.208.18 - - [27/May/2026:06:09:36 +0200] "GET /wp-includese4d8c2/44/index.php?wp_locale=af06f46095f69e4e84b92e010b1e145c&wp_query=68747470733a2f2f6e69636572672e636f6d2f73757065722f72352e747874&_sys=rg&_ums=9999&_kh=72672r6s6o7n68757275772r636s6q&_wh=6r69636577682r78797n&_ch=63702r6s6o7n68757275772r636s6q HTTP/1.1" 404 0 "http://deribos.com/wp-includese4d8c2/44/index.php?wp_locale=af06f46095f69e4e84b92e010b1e145c&wp_query=68747470733a2f2f6e69636572672e636f6d2f73757065722f72352e747874&_sys=rg&_ums=9999&_kh=72672r6s6o7n68757275772r636s6q&_wh=6r69636577682r78797n&_ch=63702r6s6o7n68757275772r636s6q" "Mozilla/5.0 (Macintosh; Intel Mac OS X 10_6_8) AppleWebKit/535.1 (KHTML, like Gecko) RockMelt/0.9.64.361 Chrome/13.0.782.218 Safari/535.1"
109.234.166.131 - - [27/May/2026:06:09:44 +0200] "GET /wp-includese4d8c2/44/index.php?id=372134 HTTP/1.1" 404 0 "-" "GO"
54.37.118.69 - - [27/May/2026:06:12:34 +0200] "GET /039-offre-Pr-pay-e-D-039-Orange-786894/ HTTP/1.1" 200 0 "-" "Mozilla/5.0 (compatible; AhrefsBot/7.0; +http://ahrefs.com/robot/)"
109.234.166.131 - - [27/May/2026:06:11:08 +0200] "GET /wp-includese4d8c2/44/index.php?id=372134 HTTP/1.1" 404 0 "-" "GO"
57.141.20.3 - - [27/May/2026:06:04:22 +0200] "GET /items/K463921492/ HTTP/1.1" 200 0 "-" "meta-externalagent/1.1 (+https://developers.facebook.com/docs/sharing/webmasters/crawler)"
57.141.20.0 - - [27/May/2026:06:05:17 +0200] "GET /items/K465593470/ HTTP/1.1" 200 0 "-" "meta-externalagent/1.1 (+https://developers.facebook.com/docs/sharing/webmasters/crawler)"
109.234.166.131 - - [27/May/2026:06:04:03 +0200] "GET /wp-includese4d8c2/44/index.php?id=372134 HTTP/1.1" 404 0 "-" "GO"
57.141.20.35 - - [27/May/2026:06:05:52 +0200] "GET /items/K465218783/ HTTP/1.1" 200 0 "-" "meta-externalagent/1.1 (+https://developers.facebook.com/docs/sharing/webmasters/crawler)"
109.234.166.131 - - [27/May/2026:06:04:42 +0200] "GET /wp-includese4d8c2/44/index.php?id=206285 HTTP/1.1" 404 0 "-" "GO"
57.141.20.3 - - [27/May/2026:06:05:53 +0200] "GET /items/K466623480/ HTTP/1.1" 200 15 "-" "meta-externalagent/1.1 (+https://developers.facebook.com/docs/sharing/webmasters/crawler)"
57.141.20.12 - - [27/May/2026:06:06:32 +0200] "GET /items/K463168945/ HTTP/1.1" 200 0 "-" "meta-externalagent/1.1 (+https://developers.facebook.com/docs/sharing/webmasters/crawler)"
109.234.166.131 - - [27/May/2026:06:05:30 +0200] "GET /wp-includese4d8c2/44/index.php?id=372134 HTTP/1.1" 404 0 "-" "GO"
57.141.20.54 - - [27/May/2026:06:06:51 +0200] "GET /items/K466149557/ HTTP/1.1" 200 0 "-" "meta-externalagent/1.1 (+https://developers.facebook.com/docs/sharing/webmasters/crawler)"
57.141.20.29 - - [27/May/2026:06:07:40 +0200] "GET /items/K461491778/ HTTP/1.1" 200 0 "-" "meta-externalagent/1.1 (+https://developers.facebook.com/docs/sharing/webmasters/crawler)"
5.39.1.234 - - [27/May/2026:06:07:42 +0200] "GET /Siphon-De-Cuisine-Professionnel-En-Acier-Inoxydable-Pour-789463/ HTTP/1.1" 200 0 "-" "Mozilla/5.0 (compatible; AhrefsBot/7.0; +http://ahrefs.com/robot/)"
57.141.20.39 - - [27/May/2026:06:08:06 +0200] "GET /items/K463071521/ HTTP/1.1" 200 0 "-" "meta-externalagent/1.1 (+https://developers.facebook.com/docs/sharing/webmasters/crawler)"
109.234.166.131 - - [27/May/2026:06:06:56 +0200] "GET /wp-includese4d8c2/44/index.php?id=372134 HTTP/1.1" 404 0 "-" "GO"
57.141.20.18 - - [27/May/2026:06:08:39 +0200] "GET /items/K463268036/ HTTP/1.1" 200 0 "-" "meta-externalagent/1.1 (+https://developers.facebook.com/docs/sharing/webmasters/crawler)"
57.141.20.16 - - [27/May/2026:06:08:32 +0200] "GET /?k=12826249d482 HTTP/1.1" 200 0 "-" "meta-externalagent/1.1 (+https://developers.facebook.com/docs/sharing/webmasters/crawler)"
109.234.166.131 - - [27/May/2026:06:07:30 +0200] "GET /wp-includese4d8c2/44/index.php?id=206285 HTTP/1.1" 404 0 "-" "GO"
57.141.20.1 - - [27/May/2026:06:09:26 +0200] "GET /items/K465085740/ HTTP/1.1" 200 0 "-" "meta-externalagent/1.1 (+https://developers.facebook.com/docs/sharing/webmasters/crawler)"
57.141.20.26 - - [27/May/2026:06:10:04 +0200] "GET /items/K466221298/ HTTP/1.1" 200 0 "-" "meta-externalagent/1.1 (+https://developers.facebook.com/docs/sharing/webmasters/crawler)"
57.141.20.27 - - [27/May/2026:06:10:17 +0200] "GET /items/K461498895/ HTTP/1.1" 200 0 "-" "meta-externalagent/1.1 (+https://developers.facebook.com/docs/sharing/webmasters/crawler)"
109.234.166.131 - - [27/May/2026:06:09:01 +0200] "GET /wp-includese4d8c2/44/index.php?id=206285 HTTP/1.1" 404 0 "-" "GO"
57.141.20.28 - - [27/May/2026:06:11:01 +0200] "GET /items/K467646828/ HTTP/1.1" 200 15 "-" "meta-externalagent/1.1 (+https://developers.facebook.com/docs/sharing/webmasters/crawler)"
109.234.166.131 - - [27/May/2026:06:10:23 +0200] "GET /wp-includese4d8c2/44/index.php?id=622088 HTTP/1.1" 404 0 "-" "GO"
109.234.166.131 - - [27/May/2026:06:10:27 +0200] "GET /wp-includese4d8c2/44/index.php?id=206285 HTTP/1.1" 404 0 "-" "GO"
109.234.166.131 - - [27/May/2026:06:10:44 +0200] "GET /wp-includese4d8c2/44/index.php?id=76429 HTTP/1.1" 404 0 "-" "GO"
57.141.20.62 - - [27/May/2026:06:12:26 +0200] "GET /items/K462774190/ HTTP/1.1" 200 0 "-" "meta-externalagent/1.1 (+https://developers.facebook.com/docs/sharing/webmasters/crawler)"
57.141.20.14 - - [27/May/2026:06:03:35 +0200] "GET /items/K465766377/ HTTP/1.1" 200 0 "-" "meta-externalagent/1.1 (+https://developers.facebook.com/docs/sharing/webmasters/crawler)"
57.141.20.45 - - [27/May/2026:06:04:24 +0200] "GET /?k=3623758ong7o HTTP/1.1" 200 0 "-" "meta-externalagent/1.1 (+https://developers.facebook.com/docs/sharing/webmasters/crawler)"
57.141.20.71 - - [27/May/2026:06:04:33 +0200] "GET /items/K466030311/ HTTP/1.1" 200 0 "-" "meta-externalagent/1.1 (+https://developers.facebook.com/docs/sharing/webmasters/crawler)"
92.222.104.219 - - [27/May/2026:06:04:39 +0200] "GET /Papier-De-Riz-Blanc-Pour-Lustre-Japonais-249603/ HTTP/1.1" 200 0 "-" "Mozilla/5.0 (compatible; AhrefsBot/7.0; +http://ahrefs.com/robot/)"
57.141.20.12 - - [27/May/2026:06:06:30 +0200] "GET /items/K466682059/ HTTP/1.1" 200 0 "-" "meta-externalagent/1.1 (+https://developers.facebook.com/docs/sharing/webmasters/crawler)"
57.141.20.62 - - [27/May/2026:06:07:31 +0200] "GET /items/K465197738/ HTTP/1.1" 200 0 "-" "meta-externalagent/1.1 (+https://developers.facebook.com/docs/sharing/webmasters/crawler)"
207.46.13.51 - - [27/May/2026:06:07:56 +0200] "GET /CHWSDT-Pochette-De-Rangement-Pour-Chaise-De-Camping-En-Plein-Air-579963/ HTTP/1.1" 200 13 "-" "Mozilla/5.0 AppleWebKit/537.36 (KHTML, like Gecko; compatible; bingbot/2.0; +http://www.bing.com/bingbot.htm) Chrome/116.0.1938.76 Safari/537.36"
57.141.20.65 - - [27/May/2026:06:08:41 +0200] "GET /items/K465624323/ HTTP/1.1" 200 0 "-" "meta-externalagent/1.1 (+https://developers.facebook.com/docs/sharing/webmasters/crawler)"
57.141.20.38 - - [27/May/2026:06:09:41 +0200] "GET /items/K466657287/ HTTP/1.1" 200 15 "-" "meta-externalagent/1.1 (+https://developers.facebook.com/docs/sharing/webmasters/crawler)"
54.37.118.92 - - [27/May/2026:06:10:11 +0200] "GET /Bleu-Et-Jaune-90x60-Cm-Drapeau-Deux-Couleurs-646641/ HTTP/1.1" 200 0 "-" "Mozilla/5.0 (compatible; AhrefsBot/7.0; +http://ahrefs.com/robot/)"
57.141.20.65 - - [27/May/2026:06:10:01 +0200] "GET /items/K464920876/ HTTP/1.1" 200 0 "-" "meta-externalagent/1.1 (+https://developers.facebook.com/docs/sharing/webmasters/crawler)"
57.141.20.58 - - [27/May/2026:06:10:46 +0200] "GET /conquedlefjz.xml HTTP/1.1" 200 0 "-" "meta-externalagent/1.1 (+https://developers.facebook.com/docs/sharing/webmasters/crawler)"
204.12.208.18 - - [27/May/2026:06:09:16 +0200] "GET /wp-includese4d8c2/44/index.php?wp_locale=af06f46095f69e4e84b92e010b1e145c&wp_query=68747470733a2f2f6e69636572672e636f6d2f73757065722f72352e747874&_sys=rg&_ums=9999&_kh=72672r6s6o7n68757275772r636s6q&_wh=6r69636577682r78797n&_ch=63702r6s6o7n68757275772r636s6q HTTP/1.1" 404 0 "http://deribos.com/wp-includese4d8c2/44/index.php?wp_locale=af06f46095f69e4e84b92e010b1e145c&wp_query=68747470733a2f2f6e69636572672e636f6d2f73757065722f72352e747874&_sys=rg&_ums=9999&_kh=72672r6s6o7n68757275772r636s6q&_wh=6r69636577682r78797n&_ch=63702r6s6o7n68757275772r636s6q" "Mozilla/5.0 (compatible; MSIE 10.0; Windows NT 6.2; ARM; Trident/6.0)"
57.141.20.59 - - [27/May/2026:06:10:52 +0200] "GET /items/K462565479/ HTTP/1.1" 200 0 "-" "meta-externalagent/1.1 (+https://developers.facebook.com/docs/sharing/webmasters/crawler)"
57.141.20.13 - - [27/May/2026:06:11:11 +0200] "GET /items/K463559075/ HTTP/1.1" 200 0 "-" "meta-externalagent/1.1 (+https://developers.facebook.com/docs/sharing/webmasters/crawler)"
109.234.166.131 - - [27/May/2026:06:10:07 +0200] "GET /wp-includese4d8c2/44/index.php?id=89223 HTTP/1.1" 404 0 "-" "GO"
109.234.166.131 - - [27/May/2026:06:11:01 +0200] "GET /wp-includese4d8c2/44/index.php?id=622887 HTTP/1.1" 404 0 "-" "GO"
109.234.166.131 - - [27/May/2026:06:11:47 +0200] "GET /wp-includese4d8c2/44/index.php?id=622088 HTTP/1.1" 404 0 "-" "GO"
109.234.166.131 - - [27/May/2026:06:11:51 +0200] "GET /wp-includese4d8c2/44/index.php?id=206285 HTTP/1.1" 404 0 "-" "GO"
109.234.166.131 - - [27/May/2026:06:12:11 +0200] "GET /wp-includese4d8c2/44/index.php?id=76429 HTTP/1.1" 404 0 "-" "GO"
57.141.20.7 - - [27/May/2026:06:12:50 +0200] "GET /items/K466014233/ HTTP/1.1" 200 0 "-" "meta-externalagent/1.1 (+https://developers.facebook.com/docs/sharing/webmasters/crawler)"
109.234.166.131 - - [27/May/2026:06:12:27 +0200] "GET /wp-includese4d8c2/44/index.php?id=622887 HTTP/1.1" 404 0 "-" "GO"
57.141.20.14 - - [27/May/2026:06:12:48 +0200] "GET /items/K463802466/ HTTP/1.1" 200 0 "-" "meta-externalagent/1.1 (+https://developers.facebook.com/docs/sharing/webmasters/crawler)"
109.234.166.131 - - [27/May/2026:06:11:34 +0200] "GET /wp-includese4d8c2/44/index.php?id=89223 HTTP/1.1" 404 0 "-" "GO"
109.234.166.131 - - [27/May/2026:06:12:33 +0200] "GET /wp-includese4d8c2/44/index.php?id=372134 HTTP/1.1" 404 0 "-" "GO"
57.141.20.35 - - [27/May/2026:06:12:54 +0200] "GET /items/K462955556/ HTTP/1.1" 200 0 "-" "meta-externalagent/1.1 (+https://developers.facebook.com/docs/sharing/webmasters/crawler)"
57.141.20.58 - - [27/May/2026:06:14:11 +0200] "GET /items/K461071595/ HTTP/1.1" 200 0 "-" "meta-externalagent/1.1 (+https://developers.facebook.com/docs/sharing/webmasters/crawler)"
57.141.20.25 - - [27/May/2026:06:14:14 +0200] "GET /items/K466063664/ HTTP/1.1" 200 0 "-" "meta-externalagent/1.1 (+https://developers.facebook.com/docs/sharing/webmasters/crawler)"
57.141.20.0 - - [27/May/2026:06:14:17 +0200] "GET /items/K464047309/ HTTP/1.1" 200 0 "-" "meta-externalagent/1.1 (+https://developers.facebook.com/docs/sharing/webmasters/crawler)"
57.141.20.49 - - [27/May/2026:06:14:22 +0200] "GET /items/K465902491/ HTTP/1.1" 200 0 "-" "meta-externalagent/1.1 (+https://developers.facebook.com/docs/sharing/webmasters/crawler)"
57.141.20.30 - - [27/May/2026:06:14:28 +0200] "GET /items/K463626791/ HTTP/1.1" 200 0 "-" "meta-externalagent/1.1 (+https://developers.facebook.com/docs/sharing/webmasters/crawler)"
109.234.166.131 - - [27/May/2026:06:13:17 +0200] "GET /wp-includese4d8c2/44/index.php?id=206285 HTTP/1.1" 404 0 "-" "GO"
57.141.20.2 - - [27/May/2026:06:14:59 +0200] "GET /items/K462401998/ HTTP/1.1" 200 0 "-" "meta-externalagent/1.1 (+https://developers.facebook.com/docs/sharing/webmasters/crawler)"
57.141.20.49 - - [27/May/2026:06:15:19 +0200] "GET /items/K461246326/ HTTP/1.1" 200 0 "-" "meta-externalagent/1.1 (+https://developers.facebook.com/docs/sharing/webmasters/crawler)"
109.234.166.131 - - [27/May/2026:06:13:53 +0200] "GET /wp-includese4d8c2/44/index.php?id=622887 HTTP/1.1" 404 0 "-" "GO"
57.141.20.18 - - [27/May/2026:06:14:09 +0200] "GET /items/K464958376/ HTTP/1.1" 200 0 "-" "meta-externalagent/1.1 (+https://developers.facebook.com/docs/sharing/webmasters/crawler)"
57.141.20.59 - - [27/May/2026:06:14:13 +0200] "GET /items/K464314698/ HTTP/1.1" 200 0 "-" "meta-externalagent/1.1 (+https://developers.facebook.com/docs/sharing/webmasters/crawler)"
109.234.166.131 - - [27/May/2026:06:13:01 +0200] "GET /wp-includese4d8c2/44/index.php?id=89223 HTTP/1.1" 404 0 "-" "GO"
57.141.20.10 - - [27/May/2026:06:14:32 +0200] "GET /items/K462384779/ HTTP/1.1" 200 0 "-" "meta-externalagent/1.1 (+https://developers.facebook.com/docs/sharing/webmasters/crawler)"
109.234.166.131 - - [27/May/2026:06:13:12 +0200] "GET /wp-includese4d8c2/44/index.php?id=622088 HTTP/1.1" 404 0 "-" "GO"
