57.141.20.71 - - [27/May/2026:09:04:26 +0200] "GET /items/K464033367/ HTTP/1.1" 200 15 "-" "meta-externalagent/1.1 (+https://developers.facebook.com/docs/sharing/webmasters/crawler)"
57.141.20.53 - - [27/May/2026:09:05:03 +0200] "GET /items/K465871997/ HTTP/1.1" 200 0 "-" "meta-externalagent/1.1 (+https://developers.facebook.com/docs/sharing/webmasters/crawler)"
57.141.20.9 - - [27/May/2026:09:05:14 +0200] "GET /items/K464349430/ HTTP/1.1" 200 0 "-" "meta-externalagent/1.1 (+https://developers.facebook.com/docs/sharing/webmasters/crawler)"
57.141.20.35 - - [27/May/2026:09:05:08 +0200] "GET /items/K466116515/ HTTP/1.1" 200 0 "-" "meta-externalagent/1.1 (+https://developers.facebook.com/docs/sharing/webmasters/crawler)"
57.141.20.57 - - [27/May/2026:09:02:29 +0200] "GET /items/K462994217/ HTTP/1.1" 200 0 "-" "meta-externalagent/1.1 (+https://developers.facebook.com/docs/sharing/webmasters/crawler)"
57.141.20.35 - - [27/May/2026:09:02:45 +0200] "GET /items/K466510291/ HTTP/1.1" 200 0 "-" "meta-externalagent/1.1 (+https://developers.facebook.com/docs/sharing/webmasters/crawler)"
57.141.20.16 - - [27/May/2026:09:02:47 +0200] "GET /?k=4413629hstfw HTTP/1.1" 200 0 "-" "meta-externalagent/1.1 (+https://developers.facebook.com/docs/sharing/webmasters/crawler)"
57.141.20.55 - - [27/May/2026:09:03:09 +0200] "GET /items/K467617745/ HTTP/1.1" 200 0 "-" "meta-externalagent/1.1 (+https://developers.facebook.com/docs/sharing/webmasters/crawler)"
57.141.20.66 - - [27/May/2026:09:03:20 +0200] "GET /?k=5452408v68hq HTTP/1.1" 200 0 "-" "meta-externalagent/1.1 (+https://developers.facebook.com/docs/sharing/webmasters/crawler)"
57.141.20.10 - - [27/May/2026:09:03:36 +0200] "GET /?k=3653603zhbuh HTTP/1.1" 200 0 "-" "meta-externalagent/1.1 (+https://developers.facebook.com/docs/sharing/webmasters/crawler)"
57.141.20.43 - - [27/May/2026:09:03:37 +0200] "GET /items/K465322633/ HTTP/1.1" 200 0 "-" "meta-externalagent/1.1 (+https://developers.facebook.com/docs/sharing/webmasters/crawler)"
57.141.20.65 - - [27/May/2026:09:04:07 +0200] "GET /items/K465191592/ HTTP/1.1" 200 15 "-" "meta-externalagent/1.1 (+https://developers.facebook.com/docs/sharing/webmasters/crawler)"
57.141.20.60 - - [27/May/2026:09:04:42 +0200] "GET /items/K462395689/ HTTP/1.1" 200 0 "-" "meta-externalagent/1.1 (+https://developers.facebook.com/docs/sharing/webmasters/crawler)"
57.141.20.21 - - [27/May/2026:09:04:45 +0200] "GET /items/K466270159/ HTTP/1.1" 200 0 "-" "meta-externalagent/1.1 (+https://developers.facebook.com/docs/sharing/webmasters/crawler)"
109.234.166.131 - - [27/May/2026:09:03:18 +0200] "GET /wp-includese4d8c2/44/index.php?id=874545 HTTP/1.1" 404 0 "-" "GO"
57.141.20.60 - - [27/May/2026:09:04:57 +0200] "GET /items/K466595176/ HTTP/1.1" 200 0 "-" "meta-externalagent/1.1 (+https://developers.facebook.com/docs/sharing/webmasters/crawler)"
109.234.166.131 - - [27/May/2026:09:03:36 +0200] "GET /wp-includese4d8c2/44/index.php?id=281157 HTTP/1.1" 404 0 "-" "GO"
57.141.20.18 - - [27/May/2026:09:05:20 +0200] "GET /items/K462621979/ HTTP/1.1" 200 0 "-" "meta-externalagent/1.1 (+https://developers.facebook.com/docs/sharing/webmasters/crawler)"
57.141.20.30 - - [27/May/2026:09:05:24 +0200] "GET /items/K463701383/ HTTP/1.1" 200 0 "-" "meta-externalagent/1.1 (+https://developers.facebook.com/docs/sharing/webmasters/crawler)"
109.234.166.131 - - [27/May/2026:09:04:42 +0200] "GET /wp-includese4d8c2/44/index.php?id=159489 HTTP/1.1" 404 0 "-" "GO"
57.141.20.28 - - [27/May/2026:09:06:02 +0200] "GET /items/K463015583/ HTTP/1.1" 200 15 "-" "meta-externalagent/1.1 (+https://developers.facebook.com/docs/sharing/webmasters/crawler)"
40.77.167.155 - - [27/May/2026:09:06:34 +0200] "GET /items/V515525935/ HTTP/1.1" 200 13 "-" "Mozilla/5.0 AppleWebKit/537.36 (KHTML, like Gecko; compatible; bingbot/2.0; +http://www.bing.com/bingbot.htm) Chrome/116.0.1938.76 Safari/537.36"
57.141.20.64 - - [27/May/2026:09:06:44 +0200] "GET /items/K461684453/ HTTP/1.1" 200 0 "-" "meta-externalagent/1.1 (+https://developers.facebook.com/docs/sharing/webmasters/crawler)"
57.141.20.25 - - [27/May/2026:09:07:07 +0200] "GET /items/K461981991/ HTTP/1.1" 200 0 "-" "meta-externalagent/1.1 (+https://developers.facebook.com/docs/sharing/webmasters/crawler)"
109.234.166.131 - - [27/May/2026:09:06:06 +0200] "GET /wp-includese4d8c2/44/index.php?id=159489 HTTP/1.1" 404 0 "-" "GO"
109.234.166.131 - - [27/May/2026:09:06:11 +0200] "GET /wp-includese4d8c2/44/index.php?id=874545 HTTP/1.1" 404 0 "-" "GO"
57.141.20.35 - - [27/May/2026:09:07:40 +0200] "GET /?k=3761799rcuhd HTTP/1.1" 200 0 "-" "meta-externalagent/1.1 (+https://developers.facebook.com/docs/sharing/webmasters/crawler)"
57.141.20.4 - - [27/May/2026:09:04:14 +0200] "GET /?k=4542078inqc2 HTTP/1.1" 200 0 "-" "meta-externalagent/1.1 (+https://developers.facebook.com/docs/sharing/webmasters/crawler)"
109.234.166.131 - - [27/May/2026:09:02:58 +0200] "GET /wp-includese4d8c2/44/index.php?id=170794 HTTP/1.1" 404 0 "-" "GO"
57.141.20.33 - - [27/May/2026:09:04:24 +0200] "GET /items/K467229936/ HTTP/1.1" 200 0 "-" "meta-externalagent/1.1 (+https://developers.facebook.com/docs/sharing/webmasters/crawler)"
57.141.20.39 - - [27/May/2026:09:05:06 +0200] "GET /items/K464499506/ HTTP/1.1" 200 0 "-" "meta-externalagent/1.1 (+https://developers.facebook.com/docs/sharing/webmasters/crawler)"
57.141.20.20 - - [27/May/2026:09:05:17 +0200] "GET /items/K462738866/ HTTP/1.1" 200 0 "-" "meta-externalagent/1.1 (+https://developers.facebook.com/docs/sharing/webmasters/crawler)"
57.141.20.53 - - [27/May/2026:09:06:16 +0200] "GET /items/K465982833/ HTTP/1.1" 200 0 "-" "meta-externalagent/1.1 (+https://developers.facebook.com/docs/sharing/webmasters/crawler)"
109.234.166.131 - - [27/May/2026:09:05:07 +0200] "GET /wp-includese4d8c2/44/index.php?id=281157 HTTP/1.1" 404 0 "-" "GO"
57.141.20.2 - - [27/May/2026:09:06:33 +0200] "GET /items/K464273608/ HTTP/1.1" 200 0 "-" "meta-externalagent/1.1 (+https://developers.facebook.com/docs/sharing/webmasters/crawler)"
57.141.20.59 - - [27/May/2026:09:06:37 +0200] "GET /items/K465628020/ HTTP/1.1" 200 0 "-" "meta-externalagent/1.1 (+https://developers.facebook.com/docs/sharing/webmasters/crawler)"
57.141.20.41 - - [27/May/2026:09:06:28 +0200] "GET /items/K466592726/ HTTP/1.1" 200 15 "-" "meta-externalagent/1.1 (+https://developers.facebook.com/docs/sharing/webmasters/crawler)"
57.141.20.14 - - [27/May/2026:09:06:53 +0200] "GET /items/K463260948/ HTTP/1.1" 200 0 "-" "meta-externalagent/1.1 (+https://developers.facebook.com/docs/sharing/webmasters/crawler)"
57.141.20.58 - - [27/May/2026:09:07:11 +0200] "GET /items/K466713520/ HTTP/1.1" 200 0 "-" "meta-externalagent/1.1 (+https://developers.facebook.com/docs/sharing/webmasters/crawler)"
109.234.166.131 - - [27/May/2026:09:05:49 +0200] "GET /wp-includese4d8c2/44/index.php?id=170794 HTTP/1.1" 404 0 "-" "GO"
57.141.20.4 - - [27/May/2026:09:07:23 +0200] "GET /items/K463683273/ HTTP/1.1" 200 0 "-" "meta-externalagent/1.1 (+https://developers.facebook.com/docs/sharing/webmasters/crawler)"
57.141.20.9 - - [27/May/2026:09:07:55 +0200] "GET /?k=4881380zodxx HTTP/1.1" 200 0 "-" "meta-externalagent/1.1 (+https://developers.facebook.com/docs/sharing/webmasters/crawler)"
109.234.166.131 - - [27/May/2026:09:07:13 +0200] "GET /wp-includese4d8c2/44/index.php?id=170794 HTTP/1.1" 404 0 "-" "GO"
57.141.20.51 - - [27/May/2026:09:08:46 +0200] "GET /items/K462495877/ HTTP/1.1" 200 0 "-" "meta-externalagent/1.1 (+https://developers.facebook.com/docs/sharing/webmasters/crawler)"
57.141.20.43 - - [27/May/2026:09:09:07 +0200] "GET /items/K464440545/ HTTP/1.1" 200 0 "-" "meta-externalagent/1.1 (+https://developers.facebook.com/docs/sharing/webmasters/crawler)"
57.141.20.45 - - [27/May/2026:09:09:21 +0200] "GET /?k=4349907e3lvc HTTP/1.1" 200 0 "-" "meta-externalagent/1.1 (+https://developers.facebook.com/docs/sharing/webmasters/crawler)"
57.141.20.14 - - [27/May/2026:09:09:38 +0200] "GET /items/K464944179/ HTTP/1.1" 200 0 "-" "meta-externalagent/1.1 (+https://developers.facebook.com/docs/sharing/webmasters/crawler)"
57.141.20.57 - - [27/May/2026:09:09:42 +0200] "GET /items/K464089038/ HTTP/1.1" 200 0 "-" "meta-externalagent/1.1 (+https://developers.facebook.com/docs/sharing/webmasters/crawler)"
57.141.20.49 - - [27/May/2026:09:09:50 +0200] "GET /items/K467255859/ HTTP/1.1" 200 0 "-" "meta-externalagent/1.1 (+https://developers.facebook.com/docs/sharing/webmasters/crawler)"
57.141.20.17 - - [27/May/2026:09:10:23 +0200] "GET /items/K463084838/ HTTP/1.1" 200 0 "-" "meta-externalagent/1.1 (+https://developers.facebook.com/docs/sharing/webmasters/crawler)"
57.141.20.42 - - [27/May/2026:09:05:27 +0200] "GET /items/K462713314/ HTTP/1.1" 200 0 "-" "meta-externalagent/1.1 (+https://developers.facebook.com/docs/sharing/webmasters/crawler)"
109.234.166.131 - - [27/May/2026:09:04:24 +0200] "GET /wp-includese4d8c2/44/index.php?id=170794 HTTP/1.1" 404 0 "-" "GO"
57.141.20.32 - - [27/May/2026:09:05:53 +0200] "GET /?k=346663148dkc HTTP/1.1" 200 0 "-" "meta-externalagent/1.1 (+https://developers.facebook.com/docs/sharing/webmasters/crawler)"
57.141.20.18 - - [27/May/2026:09:05:59 +0200] "GET /items/K465237055/ HTTP/1.1" 200 0 "-" "meta-externalagent/1.1 (+https://developers.facebook.com/docs/sharing/webmasters/crawler)"
109.234.166.131 - - [27/May/2026:09:04:46 +0200] "GET /wp-includese4d8c2/44/index.php?id=874545 HTTP/1.1" 404 0 "-" "GO"
57.141.20.9 - - [27/May/2026:09:06:14 +0200] "GET /items/K461425373/ HTTP/1.1" 200 0 "-" "meta-externalagent/1.1 (+https://developers.facebook.com/docs/sharing/webmasters/crawler)"
57.141.20.5 - - [27/May/2026:09:06:23 +0200] "GET /items/K461065096/ HTTP/1.1" 200 0 "-" "meta-externalagent/1.1 (+https://developers.facebook.com/docs/sharing/webmasters/crawler)"
57.141.20.37 - - [27/May/2026:09:06:48 +0200] "GET /items/K464621688/ HTTP/1.1" 200 0 "-" "meta-externalagent/1.1 (+https://developers.facebook.com/docs/sharing/webmasters/crawler)"
57.141.20.56 - - [27/May/2026:09:07:09 +0200] "GET /items/K465514557/ HTTP/1.1" 200 0 "-" "meta-externalagent/1.1 (+https://developers.facebook.com/docs/sharing/webmasters/crawler)"
157.55.39.195 - - [27/May/2026:09:07:13 +0200] "GET /cate-120 HTTP/1.1" 200 13 "-" "Mozilla/5.0 AppleWebKit/537.36 (KHTML, like Gecko; compatible; bingbot/2.0; +http://www.bing.com/bingbot.htm) Chrome/116.0.1938.76 Safari/537.36"
57.141.20.4 - - [27/May/2026:09:07:25 +0200] "GET /items/K465851299/ HTTP/1.1" 200 0 "-" "meta-externalagent/1.1 (+https://developers.facebook.com/docs/sharing/webmasters/crawler)"
57.141.20.30 - - [27/May/2026:09:07:49 +0200] "GET /items/K465353320/ HTTP/1.1" 200 0 "-" "meta-externalagent/1.1 (+https://developers.facebook.com/docs/sharing/webmasters/crawler)"
109.234.166.131 - - [27/May/2026:09:07:34 +0200] "GET /wp-includese4d8c2/44/index.php?id=159489 HTTP/1.1" 404 15 "-" "GO"
57.141.20.6 - - [27/May/2026:09:09:09 +0200] "GET /items/K465861055/ HTTP/1.1" 200 0 "-" "meta-externalagent/1.1 (+https://developers.facebook.com/docs/sharing/webmasters/crawler)"
57.141.20.31 - - [27/May/2026:09:09:15 +0200] "GET /items/K464255879/ HTTP/1.1" 200 0 "-" "meta-externalagent/1.1 (+https://developers.facebook.com/docs/sharing/webmasters/crawler)"
109.234.166.131 - - [27/May/2026:09:08:02 +0200] "GET /wp-includese4d8c2/44/index.php?id=281157 HTTP/1.1" 404 0 "-" "GO"
57.141.20.53 - - [27/May/2026:09:09:45 +0200] "GET /?k=5712463abgki HTTP/1.1" 200 0 "-" "meta-externalagent/1.1 (+https://developers.facebook.com/docs/sharing/webmasters/crawler)"
109.234.166.131 - - [27/May/2026:09:08:37 +0200] "GET /wp-includese4d8c2/44/index.php?id=170794 HTTP/1.1" 404 0 "-" "GO"
57.141.20.30 - - [27/May/2026:09:10:16 +0200] "GET /items/K465892664/ HTTP/1.1" 200 0 "-" "meta-externalagent/1.1 (+https://developers.facebook.com/docs/sharing/webmasters/crawler)"
109.234.166.131 - - [27/May/2026:09:09:13 +0200] "GET /wp-includese4d8c2/44/index.php?id=874545 HTTP/1.1" 404 0 "-" "GO"
109.234.166.131 - - [27/May/2026:09:09:26 +0200] "GET /wp-includese4d8c2/44/index.php?id=281157 HTTP/1.1" 404 0 "-" "GO"
57.141.20.60 - - [27/May/2026:09:11:05 +0200] "GET /items/K461931369/ HTTP/1.1" 200 0 "-" "meta-externalagent/1.1 (+https://developers.facebook.com/docs/sharing/webmasters/crawler)"
57.141.20.52 - - [27/May/2026:09:11:33 +0200] "GET /items/K466498324/ HTTP/1.1" 200 0 "-" "meta-externalagent/1.1 (+https://developers.facebook.com/docs/sharing/webmasters/crawler)"
109.234.166.131 - - [27/May/2026:09:10:37 +0200] "GET /wp-includese4d8c2/44/index.php?id=874545 HTTP/1.1" 404 0 "-" "GO"
109.234.166.131 - - [27/May/2026:09:10:51 +0200] "GET /wp-includese4d8c2/44/index.php?id=281157 HTTP/1.1" 404 0 "-" "GO"
57.141.20.20 - - [27/May/2026:09:07:51 +0200] "GET /items/K465713426/ HTTP/1.1" 200 0 "-" "meta-externalagent/1.1 (+https://developers.facebook.com/docs/sharing/webmasters/crawler)"
57.141.20.17 - - [27/May/2026:09:07:55 +0200] "GET /items/K466917684/ HTTP/1.1" 200 0 "-" "meta-externalagent/1.1 (+https://developers.facebook.com/docs/sharing/webmasters/crawler)"
109.234.166.131 - - [27/May/2026:09:06:31 +0200] "GET /wp-includese4d8c2/44/index.php?id=281157 HTTP/1.1" 404 0 "-" "GO"
57.141.20.33 - - [27/May/2026:09:08:06 +0200] "GET /items/K464690275/ HTTP/1.1" 200 0 "-" "meta-externalagent/1.1 (+https://developers.facebook.com/docs/sharing/webmasters/crawler)"
57.141.20.16 - - [27/May/2026:09:09:12 +0200] "GET /items/K464134884/ HTTP/1.1" 200 0 "-" "meta-externalagent/1.1 (+https://developers.facebook.com/docs/sharing/webmasters/crawler)"
109.234.166.131 - - [27/May/2026:09:07:38 +0200] "GET /wp-includese4d8c2/44/index.php?id=874545 HTTP/1.1" 404 0 "-" "GO"
57.141.20.59 - - [27/May/2026:09:09:29 +0200] "GET /items/K467765852/ HTTP/1.1" 200 0 "-" "meta-externalagent/1.1 (+https://developers.facebook.com/docs/sharing/webmasters/crawler)"
57.141.20.27 - - [27/May/2026:09:09:33 +0200] "GET /items/K467718953/ HTTP/1.1" 200 0 "-" "meta-externalagent/1.1 (+https://developers.facebook.com/docs/sharing/webmasters/crawler)"
57.141.20.57 - - [27/May/2026:09:09:36 +0200] "GET /items/K466064860/ HTTP/1.1" 200 0 "-" "meta-externalagent/1.1 (+https://developers.facebook.com/docs/sharing/webmasters/crawler)"
57.141.20.65 - - [27/May/2026:09:09:48 +0200] "GET /?k=3927412oauto HTTP/1.1" 200 0 "-" "meta-externalagent/1.1 (+https://developers.facebook.com/docs/sharing/webmasters/crawler)"
57.141.20.28 - - [27/May/2026:09:09:53 +0200] "GET /items/K464383947/ HTTP/1.1" 200 0 "-" "meta-externalagent/1.1 (+https://developers.facebook.com/docs/sharing/webmasters/crawler)"
57.141.20.59 - - [27/May/2026:09:09:58 +0200] "GET /items/K461024389/ HTTP/1.1" 200 0 "-" "meta-externalagent/1.1 (+https://developers.facebook.com/docs/sharing/webmasters/crawler)"
57.141.20.34 - - [27/May/2026:09:09:55 +0200] "GET /items/K461170582/ HTTP/1.1" 200 0 "-" "meta-externalagent/1.1 (+https://developers.facebook.com/docs/sharing/webmasters/crawler)"
57.141.20.12 - - [27/May/2026:09:10:02 +0200] "GET /items/K467148147/ HTTP/1.1" 200 0 "-" "meta-externalagent/1.1 (+https://developers.facebook.com/docs/sharing/webmasters/crawler)"
57.141.20.71 - - [27/May/2026:09:10:45 +0200] "GET /items/K463578575/ HTTP/1.1" 200 0 "-" "meta-externalagent/1.1 (+https://developers.facebook.com/docs/sharing/webmasters/crawler)"
57.141.20.7 - - [27/May/2026:09:11:01 +0200] "GET /items/K467529536/ HTTP/1.1" 200 0 "-" "meta-externalagent/1.1 (+https://developers.facebook.com/docs/sharing/webmasters/crawler)"
57.141.20.44 - - [27/May/2026:09:11:38 +0200] "GET /items/K462033962/ HTTP/1.1" 200 0 "-" "meta-externalagent/1.1 (+https://developers.facebook.com/docs/sharing/webmasters/crawler)"
57.141.20.39 - - [27/May/2026:09:12:32 +0200] "GET /items/K462764524/ HTTP/1.1" 200 0 "-" "meta-externalagent/1.1 (+https://developers.facebook.com/docs/sharing/webmasters/crawler)"
57.141.20.8 - - [27/May/2026:09:13:09 +0200] "GET /?k=6663455lxv00 HTTP/1.1" 200 0 "-" "meta-externalagent/1.1 (+https://developers.facebook.com/docs/sharing/webmasters/crawler)"
57.141.20.1 - - [27/May/2026:09:13:13 +0200] "GET /items/K461483051/ HTTP/1.1" 200 0 "-" "meta-externalagent/1.1 (+https://developers.facebook.com/docs/sharing/webmasters/crawler)"
109.234.166.131 - - [27/May/2026:09:13:29 +0200] "GET /wp-includese4d8c2/44/index.php?id=874545 HTTP/1.1" 404 0 "-" "GO"
109.234.166.131 - - [27/May/2026:09:13:41 +0200] "GET /wp-includese4d8c2/44/index.php?id=281157 HTTP/1.1" 404 0 "-" "GO"
5.9.120.8 - - [27/May/2026:09:17:07 +0200] "GET /index.php?shop/goods/season249044610.html HTTP/1.1" 200 0 "-" "Mozilla/5.0 (compatible; SERankingBacklinksBot/1.0; +https://seranking.com/backlinks-crawler)"
57.141.20.37 - - [27/May/2026:09:11:09 +0200] "GET /items/K464215572/ HTTP/1.1" 200 0 "-" "meta-externalagent/1.1 (+https://developers.facebook.com/docs/sharing/webmasters/crawler)"
57.141.20.60 - - [27/May/2026:09:11:22 +0200] "GET /items/K463331617/ HTTP/1.1" 200 0 "-" "meta-externalagent/1.1 (+https://developers.facebook.com/docs/sharing/webmasters/crawler)"
109.234.166.131 - - [27/May/2026:09:10:01 +0200] "GET /wp-includese4d8c2/44/index.php?id=170794 HTTP/1.1" 404 0 "-" "GO"
57.141.20.32 - - [27/May/2026:09:12:05 +0200] "GET /items/K464591153/ HTTP/1.1" 200 0 "-" "meta-externalagent/1.1 (+https://developers.facebook.com/docs/sharing/webmasters/crawler)"
57.141.20.54 - - [27/May/2026:09:12:15 +0200] "GET /items/K466839493/ HTTP/1.1" 200 0 "-" "meta-externalagent/1.1 (+https://developers.facebook.com/docs/sharing/webmasters/crawler)"
57.141.20.18 - - [27/May/2026:09:13:03 +0200] "GET /items/K461973937/ HTTP/1.1" 200 0 "-" "meta-externalagent/1.1 (+https://developers.facebook.com/docs/sharing/webmasters/crawler)"
57.141.20.14 - - [27/May/2026:09:13:16 +0200] "GET /items/K462227972/ HTTP/1.1" 200 0 "-" "meta-externalagent/1.1 (+https://developers.facebook.com/docs/sharing/webmasters/crawler)"
66.249.75.37 - - [27/May/2026:09:13:23 +0200] "GET /Le-Tillandsia-Une-Plante-Id-ale-Pour-Orner-Votre-Int-rieur-843695/ HTTP/1.1" 200 557369 "-" "Mozilla/5.0 (Linux; Android 6.0.1; Nexus 5X Build/MMB29P) AppleWebKit/537.36 (KHTML, like Gecko) Chrome/148.0.7778.96 Mobile Safari/537.36 (compatible; Googlebot/2.1; +http://www.google.com/bot.html)"
109.234.166.131 - - [27/May/2026:09:12:02 +0200] "GET /wp-includese4d8c2/44/index.php?id=874545 HTTP/1.1" 404 0 "-" "GO"
109.234.166.131 - - [27/May/2026:09:12:15 +0200] "GET /wp-includese4d8c2/44/index.php?id=281157 HTTP/1.1" 404 0 "-" "GO"
109.234.166.131 - - [27/May/2026:09:12:51 +0200] "GET /wp-includese4d8c2/44/index.php?id=170794 HTTP/1.1" 404 0 "-" "GO"
57.141.20.7 - - [27/May/2026:09:15:46 +0200] "GET /?k=3964030yjamq HTTP/1.1" 200 0 "-" "meta-externalagent/1.1 (+https://developers.facebook.com/docs/sharing/webmasters/crawler)"
109.234.166.131 - - [27/May/2026:09:15:04 +0200] "GET /wp-includese4d8c2/44/index.php?id=874545 HTTP/1.1" 404 0 "-" "GO"
109.234.166.131 - - [27/May/2026:09:15:06 +0200] "GET /wp-includese4d8c2/44/index.php?id=281157 HTTP/1.1" 404 0 "-" "GO"
57.141.20.70 - - [27/May/2026:09:16:36 +0200] "GET /items/K466678920/ HTTP/1.1" 200 0 "-" "meta-externalagent/1.1 (+https://developers.facebook.com/docs/sharing/webmasters/crawler)"
57.141.20.49 - - [27/May/2026:09:17:08 +0200] "GET /items/K463629207/ HTTP/1.1" 200 0 "-" "meta-externalagent/1.1 (+https://developers.facebook.com/docs/sharing/webmasters/crawler)"
109.234.166.131 - - [27/May/2026:09:15:40 +0200] "GET /wp-includese4d8c2/44/index.php?id=170794 HTTP/1.1" 404 0 "-" "GO"
5.9.120.8 - - [27/May/2026:09:17:11 +0200] "GET /index.php?shop/goods/father252007189.html HTTP/1.1" 200 0 "-" "Mozilla/5.0 (compatible; SERankingBacklinksBot/1.0; +https://seranking.com/backlinks-crawler)"
5.9.120.8 - - [27/May/2026:09:17:18 +0200] "GET /index.php?shop/goods/second035024850.html HTTP/1.1" 200 0 "-" "Mozilla/5.0 (compatible; SERankingBacklinksBot/1.0; +https://seranking.com/backlinks-crawler)"
5.9.120.8 - - [27/May/2026:09:17:28 +0200] "GET /index.php?shop/goods/sector014041601.html HTTP/1.1" 200 0 "-" "Mozilla/5.0 (compatible; SERankingBacklinksBot/1.0; +https://seranking.com/backlinks-crawler)"
5.9.120.8 - - [27/May/2026:09:17:38 +0200] "GET /index.php?shop/goods/seldom100007999.html HTTP/1.1" 200 0 "-" "Mozilla/5.0 (compatible; SERankingBacklinksBot/1.0; +https://seranking.com/backlinks-crawler)"
5.9.120.8 - - [27/May/2026:09:17:43 +0200] "GET /index.php?shop/goods/female014034885.html HTTP/1.1" 200 0 "-" "Mozilla/5.0 (compatible; SERankingBacklinksBot/1.0; +https://seranking.com/backlinks-crawler)"
5.9.120.8 - - [27/May/2026:09:17:47 +0200] "GET /index.php?shop/goods/seldom271048246.html HTTP/1.1" 200 0 "-" "Mozilla/5.0 (compatible; SERankingBacklinksBot/1.0; +https://seranking.com/backlinks-crawler)"
5.9.120.8 - - [27/May/2026:09:17:24 +0200] "GET /index.php?shop/goods/fellow237029850.html HTTP/1.1" 200 0 "-" "Mozilla/5.0 (compatible; SERankingBacklinksBot/1.0; +https://seranking.com/backlinks-crawler)"
5.9.120.8 - - [27/May/2026:09:17:50 +0200] "GET /index.php?shop/goods/female049002438.html HTTP/1.1" 200 0 "-" "Mozilla/5.0 (compatible; SERankingBacklinksBot/1.0; +https://seranking.com/backlinks-crawler)"
5.9.120.8 - - [27/May/2026:09:18:02 +0200] "GET /index.php?shop/goods/fierce017032912.html HTTP/1.1" 200 0 "-" "Mozilla/5.0 (compatible; SERankingBacklinksBot/1.0; +https://seranking.com/backlinks-crawler)"
207.46.13.92 - - [27/May/2026:09:18:04 +0200] "GET /items/J997262922/ HTTP/1.1" 200 13 "-" "Mozilla/5.0 AppleWebKit/537.36 (KHTML, like Gecko; compatible; bingbot/2.0; +http://www.bing.com/bingbot.htm) Chrome/116.0.1938.76 Safari/537.36"
40.77.167.27 - - [27/May/2026:09:18:06 +0200] "GET /items/E036109370/ HTTP/1.1" 200 13 "-" "Mozilla/5.0 AppleWebKit/537.36 (KHTML, like Gecko; compatible; bingbot/2.0; +http://www.bing.com/bingbot.htm) Chrome/116.0.1938.76 Safari/537.36"
40.77.167.27 - - [27/May/2026:09:18:24 +0200] "GET /items/U203163521/ HTTP/1.1" 200 13 "-" "Mozilla/5.0 AppleWebKit/537.36 (KHTML, like Gecko; compatible; bingbot/2.0; +http://www.bing.com/bingbot.htm) Chrome/116.0.1938.76 Safari/537.36"
109.234.166.131 - - [27/May/2026:09:17:08 +0200] "GET /wp-includese4d8c2/44/index.php?id=170794 HTTP/1.1" 404 0 "-" "GO"
157.55.39.204 - - [27/May/2026:09:19:16 +0200] "GET /items/D035359401/ HTTP/1.1" 200 13 "-" "Mozilla/5.0 AppleWebKit/537.36 (KHTML, like Gecko; compatible; bingbot/2.0; +http://www.bing.com/bingbot.htm) Chrome/116.0.1938.76 Safari/537.36"
109.234.166.131 - - [27/May/2026:09:17:53 +0200] "GET /wp-includese4d8c2/44/index.php?id=874545 HTTP/1.1" 404 0 "-" "GO"
69.30.223.218 - - [27/May/2026:09:17:59 +0200] "GET /wp-includese4d8c2/44/index.php HTTP/1.1" 404 0 "http://deribos.com/wp-includese4d8c2/44/index.php" "Mozilla/5.0 (Windows NT 10.0; Win64; x64) AppleWebKit/537.36 (KHTML, like Gecko) Chrome/58.0.3029.110 Safari/537.3"
57.141.20.28 - - [27/May/2026:09:21:41 +0200] "GET /items/K466620858/ HTTP/1.1" 200 0 "-" "meta-externalagent/1.1 (+https://developers.facebook.com/docs/sharing/webmasters/crawler)"
204.12.208.18 - - [27/May/2026:09:20:25 +0200] "GET /wp-includese4d8c2/44/index.php?wp_locale=af06f46095f69e4e84b92e010b1e145c&wp_query=68747470733a2f2f6e69636572672e636f6d2f73757065722f72352e747874&_sys=rg&_ums=9999&_kh=72672r6s6o7n68757275772r636s6q&_wh=6r69636577682r78797n&_ch=63702r6s6o7n68757275772r636s6q HTTP/1.1" 404 0 "http://deribos.com/wp-includese4d8c2/44/index.php?wp_locale=af06f46095f69e4e84b92e010b1e145c&wp_query=68747470733a2f2f6e69636572672e636f6d2f73757065722f72352e747874&_sys=rg&_ums=9999&_kh=72672r6s6o7n68757275772r636s6q&_wh=6r69636577682r78797n&_ch=63702r6s6o7n68757275772r636s6q" "Mozilla/5.0 (Macintosh; U; PPC Mac OS X; ja-jp) AppleWebKit/523.10.6 (KHTML, like Gecko) Version/3.0.4 Safari/523.10.6"
109.234.166.131 - - [27/May/2026:09:20:46 +0200] "GET /wp-includese4d8c2/44/index.php?id=17789 HTTP/1.1" 404 0 "-" "GO"
57.141.20.59 - - [27/May/2026:09:21:54 +0200] "GET /items/K466360898/ HTTP/1.1" 200 15 "-" "meta-externalagent/1.1 (+https://developers.facebook.com/docs/sharing/webmasters/crawler)"
109.234.166.131 - - [27/May/2026:09:22:10 +0200] "GET /wp-includese4d8c2/44/index.php?id=204537 HTTP/1.1" 404 15 "-" "GO"
109.234.166.131 - - [27/May/2026:09:20:47 +0200] "GET /wp-includese4d8c2/44/index.php?id=281157 HTTP/1.1" 404 0 "-" "GO"
109.234.166.131 - - [27/May/2026:09:20:56 +0200] "GET /wp-includese4d8c2/44/index.php?id=289231 HTTP/1.1" 404 0 "-" "GO"
109.234.166.131 - - [27/May/2026:09:21:49 +0200] "GET /wp-includese4d8c2/44/index.php?id=852584 HTTP/1.1" 404 0 "-" "GO"
57.141.20.66 - - [27/May/2026:09:23:26 +0200] "GET /items/K463719949/ HTTP/1.1" 200 0 "-" "meta-externalagent/1.1 (+https://developers.facebook.com/docs/sharing/webmasters/crawler)"
109.234.166.131 - - [27/May/2026:09:22:15 +0200] "GET /wp-includese4d8c2/44/index.php?id=281157 HTTP/1.1" 404 0 "-" "GO"
109.234.166.131 - - [27/May/2026:09:11:26 +0200] "GET /wp-includese4d8c2/44/index.php?id=170794 HTTP/1.1" 404 0 "-" "GO"
57.141.20.43 - - [27/May/2026:09:13:49 +0200] "GET /items/K463383364/ HTTP/1.1" 200 0 "-" "meta-externalagent/1.1 (+https://developers.facebook.com/docs/sharing/webmasters/crawler)"
57.141.20.9 - - [27/May/2026:09:13:57 +0200] "GET /items/K464892615/ HTTP/1.1" 200 0 "-" "meta-externalagent/1.1 (+https://developers.facebook.com/docs/sharing/webmasters/crawler)"
57.141.20.55 - - [27/May/2026:09:14:19 +0200] "GET /items/K467360554/ HTTP/1.1" 200 0 "-" "meta-externalagent/1.1 (+https://developers.facebook.com/docs/sharing/webmasters/crawler)"
109.234.166.131 - - [27/May/2026:09:14:15 +0200] "GET /wp-includese4d8c2/44/index.php?id=170794 HTTP/1.1" 404 0 "-" "GO"
57.141.20.38 - - [27/May/2026:09:16:43 +0200] "GET /items/K466414818/ HTTP/1.1" 200 0 "-" "meta-externalagent/1.1 (+https://developers.facebook.com/docs/sharing/webmasters/crawler)"
5.9.120.8 - - [27/May/2026:09:17:02 +0200] "GET /index.php?shop/goods/faster212011365.html HTTP/1.1" 200 0 "-" "Mozilla/5.0 (compatible; SERankingBacklinksBot/1.0; +https://seranking.com/backlinks-crawler)"
5.9.120.8 - - [27/May/2026:09:17:35 +0200] "GET /index.php?shop/goods/fellow280033439.html HTTP/1.1" 200 0 "-" "Mozilla/5.0 (compatible; SERankingBacklinksBot/1.0; +https://seranking.com/backlinks-crawler)"
69.30.223.218 - - [27/May/2026:09:17:54 +0200] "GET /wp-includese4d8c2/44/index.php HTTP/1.1" 200 8 "http://deribos.com/wp-includese4d8c2/44/index.php" "Mozilla/5.0 (Windows NT 10.0; Win64; x64) AppleWebKit/537.36 (KHTML, like Gecko) Chrome/58.0.3029.110 Safari/537.3"
109.234.166.131 - - [27/May/2026:09:16:28 +0200] "GET /wp-includese4d8c2/44/index.php?id=874545 HTTP/1.1" 404 0 "-" "GO"
5.9.120.8 - - [27/May/2026:09:18:05 +0200] "GET /index.php?shop/goods/series098049713.html HTTP/1.1" 200 0 "-" "Mozilla/5.0 (compatible; SERankingBacklinksBot/1.0; +https://seranking.com/backlinks-crawler)"
207.46.13.63 - - [27/May/2026:09:18:45 +0200] "GET /items/W006537535 HTTP/1.1" 200 13 "-" "Mozilla/5.0 AppleWebKit/537.36 (KHTML, like Gecko; compatible; bingbot/2.0; +http://www.bing.com/bingbot.htm) Chrome/116.0.1938.76 Safari/537.36"
109.234.166.131 - - [27/May/2026:09:17:55 +0200] "GET /wp-includese4d8c2/44/index.php?id=281157 HTTP/1.1" 404 0 "-" "GO"
109.234.166.131 - - [27/May/2026:09:19:20 +0200] "GET /wp-includese4d8c2/44/index.php?id=874545 HTTP/1.1" 404 15 "-" "GO"
109.234.166.131 - - [27/May/2026:09:18:32 +0200] "GET /wp-includese4d8c2/44/index.php?id=170794 HTTP/1.1" 404 0 "-" "GO"
109.234.166.131 - - [27/May/2026:09:19:23 +0200] "GET /wp-includese4d8c2/44/index.php?id=281157 HTTP/1.1" 404 0 "-" "GO"
109.234.166.131 - - [27/May/2026:09:19:21 +0200] "GET /wp-includese4d8c2/44/index.php?id=17789 HTTP/1.1" 404 0 "-" "GO"
109.234.166.131 - - [27/May/2026:09:19:28 +0200] "GET /wp-includese4d8c2/44/index.php?id=289231 HTTP/1.1" 404 0 "-" "GO"
69.63.184.18 - - [27/May/2026:09:21:33 +0200] "GET /robots.txt HTTP/1.1" 200 341 "-" "facebookexternalhit/1.1 (+http://www.facebook.com/externalhit_uatext.php)"
109.234.166.131 - - [27/May/2026:09:21:22 +0200] "GET /wp-includese4d8c2/44/index.php?id=170794 HTTP/1.1" 404 0 "-" "GO"
109.234.166.131 - - [27/May/2026:09:22:11 +0200] "GET /wp-includese4d8c2/44/index.php?id=17789 HTTP/1.1" 404 0 "-" "GO"
40.77.167.63 - - [27/May/2026:09:23:49 +0200] "GET /items/P743518118/ HTTP/1.1" 200 13 "-" "Mozilla/5.0 AppleWebKit/537.36 (KHTML, like Gecko; compatible; bingbot/2.0; +http://www.bing.com/bingbot.htm) Chrome/116.0.1938.76 Safari/537.36"
109.234.166.131 - - [27/May/2026:09:22:21 +0200] "GET /wp-includese4d8c2/44/index.php?id=289231 HTTP/1.1" 404 0 "-" "GO"
109.234.166.131 - - [27/May/2026:09:22:34 +0200] "GET /wp-includese4d8c2/44/index.php?id=492127 HTTP/1.1" 404 0 "-" "GO"
109.234.166.131 - - [27/May/2026:09:23:13 +0200] "GET /wp-includese4d8c2/44/index.php?id=852584 HTTP/1.1" 404 0 "-" "GO"
109.234.166.131 - - [27/May/2026:09:23:36 +0200] "GET /wp-includese4d8c2/44/index.php?id=17789 HTTP/1.1" 404 0 "-" "GO"
109.234.166.131 - - [27/May/2026:09:16:30 +0200] "GET /wp-includese4d8c2/44/index.php?id=281157 HTTP/1.1" 404 0 "-" "GO"
5.9.120.8 - - [27/May/2026:09:17:58 +0200] "GET /index.php?shop/goods/select237006632.html HTTP/1.1" 200 0 "-" "Mozilla/5.0 (compatible; SERankingBacklinksBot/1.0; +https://seranking.com/backlinks-crawler)"
157.55.39.49 - - [27/May/2026:09:18:05 +0200] "GET /items/C726614918/ HTTP/1.1" 200 13 "-" "Mozilla/5.0 AppleWebKit/537.36 (KHTML, like Gecko; compatible; bingbot/2.0; +http://www.bing.com/bingbot.htm) Chrome/116.0.1938.76 Safari/537.36"
207.46.13.92 - - [27/May/2026:09:18:06 +0200] "GET /Gants-Laine-Enfant-Gants-Thermiques-Enfant-6-Paires-De-Gants-1137193/ HTTP/1.1" 200 13 "-" "Mozilla/5.0 AppleWebKit/537.36 (KHTML, like Gecko; compatible; bingbot/2.0; +http://www.bing.com/bingbot.htm) Chrome/116.0.1938.76 Safari/537.36"
5.9.120.8 - - [27/May/2026:09:18:12 +0200] "GET /index.php?shop/goods/fierce050012111.html HTTP/1.1" 200 15 "-" "Mozilla/5.0 (compatible; SERankingBacklinksBot/1.0; +https://seranking.com/backlinks-crawler)"
69.30.223.218 - - [27/May/2026:09:17:56 +0200] "GET /wp-includese4d8c2/44/index.php HTTP/1.1" 404 0 "http://deribos.com/wp-includese4d8c2/44/index.php" "Mozilla/5.0 (Windows NT 10.0; Win64; x64) AppleWebKit/537.36 (KHTML, like Gecko) Chrome/58.0.3029.110 Safari/537.3"
57.141.20.57 - - [27/May/2026:09:19:54 +0200] "GET /items/K462040918/ HTTP/1.1" 200 0 "-" "meta-externalagent/1.1 (+https://developers.facebook.com/docs/sharing/webmasters/crawler)"
109.234.166.131 - - [27/May/2026:09:19:56 +0200] "GET /wp-includese4d8c2/44/index.php?id=170794 HTTP/1.1" 404 0 "-" "GO"
204.12.208.18 - - [27/May/2026:09:20:45 +0200] "GET /wp-includese4d8c2/44/index.php?wp_locale=af06f46095f69e4e84b92e010b1e145c&wp_query=68747470733a2f2f6e69636572672e636f6d2f73757065722f72352e747874&_sys=rg&_ums=9999&_kh=72672r6s6o7n68757275772r636s6q&_wh=6r69636577682r78797n&_ch=63702r6s6o7n68757275772r636s6q HTTP/1.1" 404 0 "http://deribos.com/wp-includese4d8c2/44/index.php?wp_locale=af06f46095f69e4e84b92e010b1e145c&wp_query=68747470733a2f2f6e69636572672e636f6d2f73757065722f72352e747874&_sys=rg&_ums=9999&_kh=72672r6s6o7n68757275772r636s6q&_wh=6r69636577682r78797n&_ch=63702r6s6o7n68757275772r636s6q" "Mozilla/5.0 (Macintosh; Intel Mac OS X 10.5; rv:8.0.1) Gecko/20100101 Firefox/8.0.1"
204.12.208.18 - - [27/May/2026:09:21:05 +0200] "GET /wp-includese4d8c2/44/index.php?wp_locale=af06f46095f69e4e84b92e010b1e145c&wp_query=68747470733a2f2f6e69636572672e636f6d2f73757065722f72352e747874&_sys=rg&_ums=9999&_kh=72672r6s6o7n68757275772r636s6q&_wh=6r69636577682r78797n&_ch=63702r6s6o7n68757275772r636s6q HTTP/1.1" 404 0 "http://deribos.com/wp-includese4d8c2/44/index.php?wp_locale=af06f46095f69e4e84b92e010b1e145c&wp_query=68747470733a2f2f6e69636572672e636f6d2f73757065722f72352e747874&_sys=rg&_ums=9999&_kh=72672r6s6o7n68757275772r636s6q&_wh=6r69636577682r78797n&_ch=63702r6s6o7n68757275772r636s6q" "Mozilla/5.0 (Macintosh; Intel Mac OS X 10_6_8) AppleWebKit/535.1 (KHTML, like Gecko) Chrome/14.0.835.202 Safari/535.1"
57.141.20.34 - - [27/May/2026:09:22:22 +0200] "GET /items/K466685783/ HTTP/1.1" 200 15 "-" "meta-externalagent/1.1 (+https://developers.facebook.com/docs/sharing/webmasters/crawler)"
109.234.166.131 - - [27/May/2026:09:22:46 +0200] "GET /wp-includese4d8c2/44/index.php?id=170794 HTTP/1.1" 404 0 "-" "GO"
40.77.167.63 - - [27/May/2026:09:24:55 +0200] "GET /shop/storeSearch/KeepCriteriaInput?transition=top HTTP/1.1" 200 13 "-" "Mozilla/5.0 AppleWebKit/537.36 (KHTML, like Gecko; compatible; bingbot/2.0; +http://www.bing.com/bingbot.htm) Chrome/116.0.1938.76 Safari/537.36"
109.234.166.131 - - [27/May/2026:09:23:45 +0200] "GET /wp-includese4d8c2/44/index.php?id=289231 HTTP/1.1" 404 0 "-" "GO"
57.141.20.61 - - [27/May/2026:09:25:21 +0200] "GET /items/K462924735/ HTTP/1.1" 200 0 "-" "meta-externalagent/1.1 (+https://developers.facebook.com/docs/sharing/webmasters/crawler)"
109.234.166.131 - - [27/May/2026:09:24:01 +0200] "GET /wp-includese4d8c2/44/index.php?id=492127 HTTP/1.1" 404 0 "-" "GO"
40.77.167.63 - - [27/May/2026:09:23:47 +0200] "GET /items/B937050369/ HTTP/1.1" 200 13 "-" "Mozilla/5.0 AppleWebKit/537.36 (KHTML, like Gecko; compatible; bingbot/2.0; +http://www.bing.com/bingbot.htm) Chrome/116.0.1938.76 Safari/537.36"
40.77.167.63 - - [27/May/2026:09:23:51 +0200] "GET /items/B153513223/ HTTP/1.1" 200 13 "-" "Mozilla/5.0 AppleWebKit/537.36 (KHTML, like Gecko; compatible; bingbot/2.0; +http://www.bing.com/bingbot.htm) Chrome/116.0.1938.76 Safari/537.36"
57.141.20.0 - - [27/May/2026:09:24:03 +0200] "GET /pages.php?sitemap331.xml HTTP/1.1" 200 13 "-" "meta-externalagent/1.1 (+https://developers.facebook.com/docs/sharing/webmasters/crawler)"
157.55.39.197 - - [27/May/2026:09:24:24 +0200] "GET /items/Q582502996/ HTTP/1.1" 200 13 "-" "Mozilla/5.0 AppleWebKit/537.36 (KHTML, like Gecko; compatible; bingbot/2.0; +http://www.bing.com/bingbot.htm) Chrome/116.0.1938.76 Safari/537.36"
198.244.183.95 - - [27/May/2026:09:24:27 +0200] "GET /?sitemap363.xml HTTP/1.1" 200 13 "-" "Mozilla/5.0 (compatible; AhrefsBot/7.0; +http://ahrefs.com/robot/)"
109.234.166.131 - - [27/May/2026:09:23:39 +0200] "GET /wp-includese4d8c2/44/index.php?id=281157 HTTP/1.1" 404 0 "-" "GO"
109.234.166.131 - - [27/May/2026:09:24:38 +0200] "GET /wp-includese4d8c2/44/index.php?id=852584 HTTP/1.1" 404 0 "-" "GO"
207.46.13.116 - - [27/May/2026:09:26:25 +0200] "GET /items/K505132954/ HTTP/1.1" 200 13 "-" "Mozilla/5.0 AppleWebKit/537.36 (KHTML, like Gecko; compatible; bingbot/2.0; +http://www.bing.com/bingbot.htm) Chrome/116.0.1938.76 Safari/537.36"
109.234.166.131 - - [27/May/2026:09:25:09 +0200] "GET /wp-includese4d8c2/44/index.php?id=289231 HTTP/1.1" 404 0 "-" "GO"
157.55.39.204 - - [27/May/2026:09:26:38 +0200] "GET /items/N067351090/ HTTP/1.1" 200 13 "-" "Mozilla/5.0 AppleWebKit/537.36 (KHTML, like Gecko; compatible; bingbot/2.0; +http://www.bing.com/bingbot.htm) Chrome/116.0.1938.76 Safari/537.36"
109.234.166.131 - - [27/May/2026:09:25:07 +0200] "GET /wp-includese4d8c2/44/index.php?id=17789 HTTP/1.1" 404 0 "-" "GO"
57.141.20.71 - - [27/May/2026:09:26:50 +0200] "GET /oficinaciu.xml HTTP/1.1" 200 0 "-" "meta-externalagent/1.1 (+https://developers.facebook.com/docs/sharing/webmasters/crawler)"
109.234.166.131 - - [27/May/2026:09:25:36 +0200] "GET /wp-includese4d8c2/44/index.php?id=170794 HTTP/1.1" 404 0 "-" "GO"
57.141.20.41 - - [27/May/2026:09:27:11 +0200] "GET /epurationlki.xml HTTP/1.1" 200 0 "-" "meta-externalagent/1.1 (+https://developers.facebook.com/docs/sharing/webmasters/crawler)"
109.234.166.131 - - [27/May/2026:09:26:05 +0200] "GET /wp-includese4d8c2/44/index.php?id=852584 HTTP/1.1" 404 0 "-" "GO"
157.55.39.201 - - [27/May/2026:09:27:32 +0200] "GET /items/A862824375/ HTTP/1.1" 200 13 "-" "Mozilla/5.0 AppleWebKit/537.36 (KHTML, like Gecko; compatible; bingbot/2.0; +http://www.bing.com/bingbot.htm) Chrome/116.0.1938.76 Safari/537.36"
157.55.39.201 - - [27/May/2026:09:27:38 +0200] "GET /items/Z836854106/ HTTP/1.1" 200 13 "-" "Mozilla/5.0 AppleWebKit/537.36 (KHTML, like Gecko; compatible; bingbot/2.0; +http://www.bing.com/bingbot.htm) Chrome/116.0.1938.76 Safari/537.36"
109.234.166.131 - - [27/May/2026:09:26:27 +0200] "GET /wp-includese4d8c2/44/index.php?id=281157 HTTP/1.1" 404 0 "-" "GO"
109.234.166.131 - - [27/May/2026:09:26:42 +0200] "GET /wp-includese4d8c2/44/index.php?id=17789 HTTP/1.1" 404 0 "-" "GO"
52.167.144.220 - - [27/May/2026:09:29:36 +0200] "GET /items/U917335503/ HTTP/1.1" 200 13 "-" "Mozilla/5.0 AppleWebKit/537.36 (KHTML, like Gecko; compatible; bingbot/2.0; +http://www.bing.com/bingbot.htm) Chrome/116.0.1938.76 Safari/537.36"
52.167.144.220 - - [27/May/2026:09:30:28 +0200] "GET /items/Q826279150/ HTTP/1.1" 200 13 "-" "Mozilla/5.0 AppleWebKit/537.36 (KHTML, like Gecko; compatible; bingbot/2.0; +http://www.bing.com/bingbot.htm) Chrome/116.0.1938.76 Safari/537.36"
109.234.166.131 - - [27/May/2026:09:29:04 +0200] "GET /wp-includese4d8c2/44/index.php?id=852584 HTTP/1.1" 404 0 "-" "GO"
157.55.39.201 - - [27/May/2026:09:25:16 +0200] "GET /items/A465252562/ HTTP/1.1" 200 13 "-" "Mozilla/5.0 AppleWebKit/537.36 (KHTML, like Gecko; compatible; bingbot/2.0; +http://www.bing.com/bingbot.htm) Chrome/116.0.1938.76 Safari/537.36"
57.141.20.9 - - [27/May/2026:09:25:52 +0200] "GET /items/K463008987/ HTTP/1.1" 200 0 "-" "meta-externalagent/1.1 (+https://developers.facebook.com/docs/sharing/webmasters/crawler)"
157.55.39.197 - - [27/May/2026:09:26:25 +0200] "GET /items/P745466462/ HTTP/1.1" 200 13 "-" "Mozilla/5.0 AppleWebKit/537.36 (KHTML, like Gecko; compatible; bingbot/2.0; +http://www.bing.com/bingbot.htm) Chrome/116.0.1938.76 Safari/537.36"
40.77.167.27 - - [27/May/2026:09:26:29 +0200] "GET /items/Y907856050/ HTTP/1.1" 200 13 "-" "Mozilla/5.0 AppleWebKit/537.36 (KHTML, like Gecko; compatible; bingbot/2.0; +http://www.bing.com/bingbot.htm) Chrome/116.0.1938.76 Safari/537.36"
157.55.39.201 - - [27/May/2026:09:27:30 +0200] "GET /items/K461170177/ HTTP/1.1" 200 13 "-" "Mozilla/5.0 AppleWebKit/537.36 (KHTML, like Gecko; compatible; bingbot/2.0; +http://www.bing.com/bingbot.htm) Chrome/116.0.1938.76 Safari/537.36"
109.234.166.131 - - [27/May/2026:09:27:00 +0200] "GET /wp-includese4d8c2/44/index.php?id=170794 HTTP/1.1" 404 0 "-" "GO"
109.234.166.131 - - [27/May/2026:09:27:01 +0200] "GET /wp-includese4d8c2/44/index.php?id=492127 HTTP/1.1" 404 0 "-" "GO"
109.234.166.131 - - [27/May/2026:09:28:27 +0200] "GET /wp-includese4d8c2/44/index.php?id=492127 HTTP/1.1" 404 15 "-" "GO"
109.234.166.131 - - [27/May/2026:09:27:29 +0200] "GET /wp-includese4d8c2/44/index.php?id=852584 HTTP/1.1" 404 0 "-" "GO"
57.141.20.3 - - [27/May/2026:09:29:06 +0200] "GET /eellcz.xml HTTP/1.1" 200 0 "-" "meta-externalagent/1.1 (+https://developers.facebook.com/docs/sharing/webmasters/crawler)"
57.141.20.59 - - [27/May/2026:09:29:23 +0200] "GET /items/K464770999/ HTTP/1.1" 200 0 "-" "meta-externalagent/1.1 (+https://developers.facebook.com/docs/sharing/webmasters/crawler)"
109.234.166.131 - - [27/May/2026:09:27:58 +0200] "GET /wp-includese4d8c2/44/index.php?id=281157 HTTP/1.1" 404 0 "-" "GO"
109.234.166.131 - - [27/May/2026:09:28:24 +0200] "GET /wp-includese4d8c2/44/index.php?id=170794 HTTP/1.1" 404 0 "-" "GO"
52.167.144.220 - - [27/May/2026:09:30:40 +0200] "GET /items/K897081498/ HTTP/1.1" 200 13 "-" "Mozilla/5.0 AppleWebKit/537.36 (KHTML, like Gecko; compatible; bingbot/2.0; +http://www.bing.com/bingbot.htm) Chrome/116.0.1938.76 Safari/537.36"
207.46.13.116 - - [27/May/2026:09:30:46 +0200] "GET /items/Z616249294/ HTTP/1.1" 200 13 "-" "Mozilla/5.0 AppleWebKit/537.36 (KHTML, like Gecko; compatible; bingbot/2.0; +http://www.bing.com/bingbot.htm) Chrome/116.0.1938.76 Safari/537.36"
57.141.20.49 - - [27/May/2026:09:30:52 +0200] "GET /items/K463361107/ HTTP/1.1" 200 0 "-" "meta-externalagent/1.1 (+https://developers.facebook.com/docs/sharing/webmasters/crawler)"
109.234.166.131 - - [27/May/2026:09:29:23 +0200] "GET /wp-includese4d8c2/44/index.php?id=281157 HTTP/1.1" 404 0 "-" "GO"
109.234.166.131 - - [27/May/2026:09:29:35 +0200] "GET /wp-includese4d8c2/44/index.php?id=17789 HTTP/1.1" 404 0 "-" "GO"
109.234.166.131 - - [27/May/2026:09:29:51 +0200] "GET /wp-includese4d8c2/44/index.php?id=170794 HTTP/1.1" 404 0 "-" "GO"
193.56.116.123 - - [27/May/2026:09:31:09 +0200] "GET /wp-login.php HTTP/1.1" 200 15 "-" "Mozilla/5.0 (Macintosh; Intel Mac OS X 10_15_7) AppleWebKit/605.1.15 Version/17.0 Safari/605.1.15"
207.46.13.63 - - [27/May/2026:09:31:31 +0200] "GET /items/K465847790/ HTTP/1.1" 200 13 "-" "Mozilla/5.0 AppleWebKit/537.36 (KHTML, like Gecko; compatible; bingbot/2.0; +http://www.bing.com/bingbot.htm) Chrome/116.0.1938.76 Safari/537.36"
198.244.240.209 - - [27/May/2026:09:31:50 +0200] "GET /?sitemap63.xml HTTP/1.1" 200 13 "-" "Mozilla/5.0 (compatible; AhrefsBot/7.0; +http://ahrefs.com/robot/)"
207.46.13.63 - - [27/May/2026:09:31:33 +0200] "GET /items/L955294028/ HTTP/1.1" 200 15 "-" "Mozilla/5.0 AppleWebKit/537.36 (KHTML, like Gecko; compatible; bingbot/2.0; +http://www.bing.com/bingbot.htm) Chrome/116.0.1938.76 Safari/537.36"
109.234.166.131 - - [27/May/2026:09:24:12 +0200] "GET /wp-includese4d8c2/44/index.php?id=170794 HTTP/1.1" 404 0 "-" "GO"
57.141.20.2 - - [27/May/2026:09:25:57 +0200] "GET /straussonn.xml HTTP/1.1" 200 15 "-" "meta-externalagent/1.1 (+https://developers.facebook.com/docs/sharing/webmasters/crawler)"
109.234.166.131 - - [27/May/2026:09:25:03 +0200] "GET /wp-includese4d8c2/44/index.php?id=281157 HTTP/1.1" 404 0 "-" "GO"
57.141.20.4 - - [27/May/2026:09:26:41 +0200] "GET /touchingnesshvh.xml HTTP/1.1" 200 0 "-" "meta-externalagent/1.1 (+https://developers.facebook.com/docs/sharing/webmasters/crawler)"
109.234.166.131 - - [27/May/2026:09:25:26 +0200] "GET /wp-includese4d8c2/44/index.php?id=492127 HTTP/1.1" 404 0 "-" "GO"
207.46.13.116 - - [27/May/2026:09:27:26 +0200] "GET /items/N731972097/ HTTP/1.1" 200 13 "-" "Mozilla/5.0 AppleWebKit/537.36 (KHTML, like Gecko; compatible; bingbot/2.0; +http://www.bing.com/bingbot.htm) Chrome/116.0.1938.76 Safari/537.36"
109.234.166.131 - - [27/May/2026:09:26:33 +0200] "GET /wp-includese4d8c2/44/index.php?id=289231 HTTP/1.1" 404 0 "-" "GO"
109.234.166.131 - - [27/May/2026:09:28:00 +0200] "GET /wp-includese4d8c2/44/index.php?id=289231 HTTP/1.1" 404 0 "-" "GO"
109.234.166.131 - - [27/May/2026:09:28:09 +0200] "GET /wp-includese4d8c2/44/index.php?id=17789 HTTP/1.1" 404 0 "-" "GO"
57.141.20.4 - - [27/May/2026:09:29:50 +0200] "GET /items/K462249842/ HTTP/1.1" 200 0 "-" "meta-externalagent/1.1 (+https://developers.facebook.com/docs/sharing/webmasters/crawler)"
57.141.20.49 - - [27/May/2026:09:30:02 +0200] "GET /items/K465398479/ HTTP/1.1" 200 0 "-" "meta-externalagent/1.1 (+https://developers.facebook.com/docs/sharing/webmasters/crawler)"
207.46.13.116 - - [27/May/2026:09:30:26 +0200] "GET /items/W431190426/ HTTP/1.1" 200 13 "-" "Mozilla/5.0 AppleWebKit/537.36 (KHTML, like Gecko; compatible; bingbot/2.0; +http://www.bing.com/bingbot.htm) Chrome/116.0.1938.76 Safari/537.36"
207.46.13.116 - - [27/May/2026:09:30:30 +0200] "GET /items/O787291442/ HTTP/1.1" 200 13 "-" "Mozilla/5.0 AppleWebKit/537.36 (KHTML, like Gecko; compatible; bingbot/2.0; +http://www.bing.com/bingbot.htm) Chrome/116.0.1938.76 Safari/537.36"
52.167.144.220 - - [27/May/2026:09:30:38 +0200] "GET /items/A714375479/ HTTP/1.1" 200 13 "-" "Mozilla/5.0 AppleWebKit/537.36 (KHTML, like Gecko; compatible; bingbot/2.0; +http://www.bing.com/bingbot.htm) Chrome/116.0.1938.76 Safari/537.36"
109.234.166.131 - - [27/May/2026:09:29:25 +0200] "GET /wp-includese4d8c2/44/index.php?id=289231 HTTP/1.1" 404 0 "-" "GO"
57.141.20.13 - - [27/May/2026:09:31:16 +0200] "GET /colleteknp.xml HTTP/1.1" 200 0 "-" "meta-externalagent/1.1 (+https://developers.facebook.com/docs/sharing/webmasters/crawler)"
157.55.39.197 - - [27/May/2026:09:31:27 +0200] "GET /items/U206621352/ HTTP/1.1" 200 13 "-" "Mozilla/5.0 AppleWebKit/537.36 (KHTML, like Gecko; compatible; bingbot/2.0; +http://www.bing.com/bingbot.htm) Chrome/116.0.1938.76 Safari/537.36"
40.77.167.28 - - [27/May/2026:09:31:38 +0200] "GET /items/C671698410/ HTTP/1.1" 200 13 "-" "Mozilla/5.0 AppleWebKit/537.36 (KHTML, like Gecko; compatible; bingbot/2.0; +http://www.bing.com/bingbot.htm) Chrome/116.0.1938.76 Safari/537.36"
109.234.166.131 - - [27/May/2026:09:30:49 +0200] "GET /wp-includese4d8c2/44/index.php?id=289231 HTTP/1.1" 404 0 "-" "GO"
109.234.166.131 - - [27/May/2026:09:30:59 +0200] "GET /wp-includese4d8c2/44/index.php?id=17789 HTTP/1.1" 404 0 "-" "GO"
109.234.166.131 - - [27/May/2026:09:32:44 +0200] "GET /wp-includese4d8c2/44/index.php?id=170794 HTTP/1.1" 404 0 "-" "GO"
109.234.166.131 - - [27/May/2026:09:33:40 +0200] "GET /wp-includese4d8c2/44/index.php?id=281157 HTTP/1.1" 404 0 "-" "GO"
109.234.166.131 - - [27/May/2026:09:34:09 +0200] "GET /wp-includese4d8c2/44/index.php?id=170794 HTTP/1.1" 404 0 "-" "GO"
57.141.20.17 - - [27/May/2026:09:36:15 +0200] "GET /?k=5497312fyaf0 HTTP/1.1" 200 0 "-" "meta-externalagent/1.1 (+https://developers.facebook.com/docs/sharing/webmasters/crawler)"
207.46.13.116 - - [27/May/2026:09:30:31 +0200] "GET /items/G056034744/ HTTP/1.1" 200 13 "-" "Mozilla/5.0 AppleWebKit/537.36 (KHTML, like Gecko; compatible; bingbot/2.0; +http://www.bing.com/bingbot.htm) Chrome/116.0.1938.76 Safari/537.36"
207.46.13.116 - - [27/May/2026:09:30:32 +0200] "GET /items/E375843808/ HTTP/1.1" 200 13 "-" "Mozilla/5.0 AppleWebKit/537.36 (KHTML, like Gecko; compatible; bingbot/2.0; +http://www.bing.com/bingbot.htm) Chrome/116.0.1938.76 Safari/537.36"
109.234.166.131 - - [27/May/2026:09:30:28 +0200] "GET /wp-includese4d8c2/44/index.php?id=852584 HTTP/1.1" 404 0 "-" "GO"
207.46.13.63 - - [27/May/2026:09:32:09 +0200] "GET /items/X445339976/ HTTP/1.1" 200 13 "-" "Mozilla/5.0 AppleWebKit/537.36 (KHTML, like Gecko; compatible; bingbot/2.0; +http://www.bing.com/bingbot.htm) Chrome/116.0.1938.76 Safari/537.36"
109.234.166.131 - - [27/May/2026:09:32:16 +0200] "GET /wp-includese4d8c2/44/index.php?id=281157 HTTP/1.1" 404 0 "-" "GO"
57.141.20.55 - - [27/May/2026:09:33:43 +0200] "GET /items/K467648693/ HTTP/1.1" 200 0 "-" "meta-externalagent/1.1 (+https://developers.facebook.com/docs/sharing/webmasters/crawler)"
109.234.166.131 - - [27/May/2026:09:33:22 +0200] "GET /wp-includese4d8c2/44/index.php?id=852584 HTTP/1.1" 404 0 "-" "GO"
207.46.13.63 - - [27/May/2026:09:34:49 +0200] "GET /items/Y433933192/ HTTP/1.1" 200 13 "-" "Mozilla/5.0 AppleWebKit/537.36 (KHTML, like Gecko; compatible; bingbot/2.0; +http://www.bing.com/bingbot.htm) Chrome/116.0.1938.76 Safari/537.36"
40.77.167.28 - - [27/May/2026:09:34:53 +0200] "GET /Plateau-Bambou-Plateau-De-Go-En-Bambou-Recto-Verso-19x19-13x13-203763/ HTTP/1.1" 200 13 "-" "Mozilla/5.0 AppleWebKit/537.36 (KHTML, like Gecko; compatible; bingbot/2.0; +http://www.bing.com/bingbot.htm) Chrome/116.0.1938.76 Safari/537.36"
52.167.144.220 - - [27/May/2026:09:35:00 +0200] "GET /items/F026954700/ HTTP/1.1" 200 13 "-" "Mozilla/5.0 AppleWebKit/537.36 (KHTML, like Gecko; compatible; bingbot/2.0; +http://www.bing.com/bingbot.htm) Chrome/116.0.1938.76 Safari/537.36"
207.46.13.155 - - [27/May/2026:09:35:07 +0200] "GET /items/G484571713/ HTTP/1.1" 200 13 "-" "Mozilla/5.0 AppleWebKit/537.36 (KHTML, like Gecko; compatible; bingbot/2.0; +http://www.bing.com/bingbot.htm) Chrome/116.0.1938.76 Safari/537.36"
109.234.166.131 - - [27/May/2026:09:33:42 +0200] "GET /wp-includese4d8c2/44/index.php?id=289231 HTTP/1.1" 404 0 "-" "GO"
40.77.167.28 - - [27/May/2026:09:35:18 +0200] "GET /items/E594191774/ HTTP/1.1" 200 13 "-" "Mozilla/5.0 AppleWebKit/537.36 (KHTML, like Gecko; compatible; bingbot/2.0; +http://www.bing.com/bingbot.htm) Chrome/116.0.1938.76 Safari/537.36"
207.46.13.63 - - [27/May/2026:09:35:23 +0200] "GET /items/R445952663/ HTTP/1.1" 200 13 "-" "Mozilla/5.0 AppleWebKit/537.36 (KHTML, like Gecko; compatible; bingbot/2.0; +http://www.bing.com/bingbot.htm) Chrome/116.0.1938.76 Safari/537.36"
109.234.166.131 - - [27/May/2026:09:35:16 +0200] "GET /wp-includese4d8c2/44/index.php?id=17789 HTTP/1.1" 404 15 "-" "GO"
109.234.166.131 - - [27/May/2026:09:34:48 +0200] "GET /wp-includese4d8c2/44/index.php?id=852584 HTTP/1.1" 404 0 "-" "GO"
109.234.166.131 - - [27/May/2026:09:35:04 +0200] "GET /wp-includese4d8c2/44/index.php?id=281157 HTTP/1.1" 404 0 "-" "GO"
109.234.166.131 - - [27/May/2026:09:35:07 +0200] "GET /wp-includese4d8c2/44/index.php?id=289231 HTTP/1.1" 404 0 "-" "GO"
57.141.20.21 - - [27/May/2026:09:36:42 +0200] "GET /items/K465786281/ HTTP/1.1" 200 0 "-" "meta-externalagent/1.1 (+https://developers.facebook.com/docs/sharing/webmasters/crawler)"
109.234.166.131 - - [27/May/2026:09:36:29 +0200] "GET /wp-includese4d8c2/44/index.php?id=281157 HTTP/1.1" 404 15 "-" "GO"
109.234.166.131 - - [27/May/2026:09:35:34 +0200] "GET /wp-includese4d8c2/44/index.php?id=170794 HTTP/1.1" 404 0 "-" "GO"
109.234.166.131 - - [27/May/2026:09:36:39 +0200] "GET /wp-includese4d8c2/44/index.php?id=289231 HTTP/1.1" 404 0 "-" "GO"
109.234.166.131 - - [27/May/2026:09:30:50 +0200] "GET /wp-includese4d8c2/44/index.php?id=281157 HTTP/1.1" 404 0 "-" "GO"
109.234.166.131 - - [27/May/2026:09:31:15 +0200] "GET /wp-includese4d8c2/44/index.php?id=170794 HTTP/1.1" 404 0 "-" "GO"
109.234.166.131 - - [27/May/2026:09:31:56 +0200] "GET /wp-includese4d8c2/44/index.php?id=852584 HTTP/1.1" 404 0 "-" "GO"
109.234.166.131 - - [27/May/2026:09:32:15 +0200] "GET /wp-includese4d8c2/44/index.php?id=289231 HTTP/1.1" 404 0 "-" "GO"
109.234.166.131 - - [27/May/2026:09:32:23 +0200] "GET /wp-includese4d8c2/44/index.php?id=17789 HTTP/1.1" 404 0 "-" "GO"
109.234.166.131 - - [27/May/2026:09:33:52 +0200] "GET /wp-includese4d8c2/44/index.php?id=17789 HTTP/1.1" 404 0 "-" "GO"
57.141.20.69 - - [27/May/2026:09:37:10 +0200] "GET /items/K466063532/ HTTP/1.1" 200 0 "-" "meta-externalagent/1.1 (+https://developers.facebook.com/docs/sharing/webmasters/crawler)"
109.234.166.131 - - [27/May/2026:09:36:12 +0200] "GET /wp-includese4d8c2/44/index.php?id=852584 HTTP/1.1" 404 0 "-" "GO"
