57.141.20.3 - - [27/May/2026:07:37:33 +0200] "GET /items/K465422517/ HTTP/1.1" 200 0 "-" "meta-externalagent/1.1 (+https://developers.facebook.com/docs/sharing/webmasters/crawler)"
57.141.20.28 - - [27/May/2026:07:37:29 +0200] "GET /items/K466271488/ HTTP/1.1" 200 15 "-" "meta-externalagent/1.1 (+https://developers.facebook.com/docs/sharing/webmasters/crawler)"
109.234.166.131 - - [27/May/2026:07:37:37 +0200] "GET /wp-includese4d8c2/44/index.php?id=150993 HTTP/1.1" 404 15 "-" "GO"
69.197.179.242 - - [27/May/2026:07:36:22 +0200] "GET /wp-includese4d8c2/44/index.php?id=89223 HTTP/1.1" 404 0 "http://deribos.com/wp-includese4d8c2/44/index.php?id=89223" "Mozilla/5.0"
57.141.20.9 - - [27/May/2026:07:38:15 +0200] "GET /items/K461294555/ HTTP/1.1" 200 0 "-" "meta-externalagent/1.1 (+https://developers.facebook.com/docs/sharing/webmasters/crawler)"
57.141.20.39 - - [27/May/2026:07:38:33 +0200] "GET /items/K461687391/ HTTP/1.1" 200 0 "-" "meta-externalagent/1.1 (+https://developers.facebook.com/docs/sharing/webmasters/crawler)"
57.141.20.61 - - [27/May/2026:07:38:35 +0200] "GET /items/K467339701/ HTTP/1.1" 200 0 "-" "meta-externalagent/1.1 (+https://developers.facebook.com/docs/sharing/webmasters/crawler)"
57.141.20.55 - - [27/May/2026:07:38:58 +0200] "GET /items/K465006292/ HTTP/1.1" 200 0 "-" "meta-externalagent/1.1 (+https://developers.facebook.com/docs/sharing/webmasters/crawler)"
57.141.20.55 - - [27/May/2026:07:38:42 +0200] "GET /items/K462148459/ HTTP/1.1" 200 0 "-" "meta-externalagent/1.1 (+https://developers.facebook.com/docs/sharing/webmasters/crawler)"
57.141.20.9 - - [27/May/2026:07:39:02 +0200] "GET /items/K467652222/ HTTP/1.1" 200 0 "-" "meta-externalagent/1.1 (+https://developers.facebook.com/docs/sharing/webmasters/crawler)"
109.234.166.131 - - [27/May/2026:07:37:34 +0200] "GET /wp-includese4d8c2/44/index.php?id=749368 HTTP/1.1" 404 0 "-" "GO"
109.234.166.131 - - [27/May/2026:07:33:11 +0200] "GET /wp-includese4d8c2/44/index.php?id=749368 HTTP/1.1" 404 0 "-" "GO"
57.141.20.35 - - [27/May/2026:07:34:44 +0200] "GET /items/K466703638/ HTTP/1.1" 200 0 "-" "meta-externalagent/1.1 (+https://developers.facebook.com/docs/sharing/webmasters/crawler)"
109.234.166.131 - - [27/May/2026:07:34:35 +0200] "GET /wp-includese4d8c2/44/index.php?id=749368 HTTP/1.1" 404 0 "-" "GO"
57.141.20.8 - - [27/May/2026:07:36:12 +0200] "GET /items/K461398929/ HTTP/1.1" 200 0 "-" "meta-externalagent/1.1 (+https://developers.facebook.com/docs/sharing/webmasters/crawler)"
57.141.20.42 - - [27/May/2026:07:36:48 +0200] "GET /items/K465142958/ HTTP/1.1" 200 0 "-" "meta-externalagent/1.1 (+https://developers.facebook.com/docs/sharing/webmasters/crawler)"
57.141.20.3 - - [27/May/2026:07:36:54 +0200] "GET /?k=1646008ne6a4 HTTP/1.1" 200 0 "-" "meta-externalagent/1.1 (+https://developers.facebook.com/docs/sharing/webmasters/crawler)"
66.249.75.38 - - [27/May/2026:07:37:01 +0200] "GET /Lits-Et-Couvre-Lits-220x240-Couvre-Lit-Matelass-630653/ HTTP/1.1" 200 574306 "-" "Mozilla/5.0 (Linux; Android 6.0.1; Nexus 5X Build/MMB29P) AppleWebKit/537.36 (KHTML, like Gecko) Chrome/148.0.7778.96 Mobile Safari/537.36 (compatible; Googlebot/2.1; +http://www.google.com/bot.html)"
57.141.20.20 - - [27/May/2026:07:37:11 +0200] "GET /items/K466042688/ HTTP/1.1" 200 0 "-" "meta-externalagent/1.1 (+https://developers.facebook.com/docs/sharing/webmasters/crawler)"
57.141.20.33 - - [27/May/2026:07:37:17 +0200] "GET /items/K462883424/ HTTP/1.1" 200 0 "-" "meta-externalagent/1.1 (+https://developers.facebook.com/docs/sharing/webmasters/crawler)"
57.141.20.58 - - [27/May/2026:07:37:19 +0200] "GET /items/K463503096/ HTTP/1.1" 200 0 "-" "meta-externalagent/1.1 (+https://developers.facebook.com/docs/sharing/webmasters/crawler)"
109.234.166.131 - - [27/May/2026:07:35:59 +0200] "GET /wp-includese4d8c2/44/index.php?id=749368 HTTP/1.1" 404 0 "-" "GO"
57.141.20.26 - - [27/May/2026:07:37:44 +0200] "GET /items/K466249083/ HTTP/1.1" 200 0 "-" "meta-externalagent/1.1 (+https://developers.facebook.com/docs/sharing/webmasters/crawler)"
57.141.20.45 - - [27/May/2026:07:37:59 +0200] "GET /items/K463198697/ HTTP/1.1" 200 0 "-" "meta-externalagent/1.1 (+https://developers.facebook.com/docs/sharing/webmasters/crawler)"
57.141.20.17 - - [27/May/2026:07:38:11 +0200] "GET /items/K462311693/ HTTP/1.1" 200 0 "-" "meta-externalagent/1.1 (+https://developers.facebook.com/docs/sharing/webmasters/crawler)"
57.141.20.33 - - [27/May/2026:07:38:20 +0200] "GET /items/K467731612/ HTTP/1.1" 200 0 "-" "meta-externalagent/1.1 (+https://developers.facebook.com/docs/sharing/webmasters/crawler)"
109.234.166.131 - - [27/May/2026:07:37:32 +0200] "GET /wp-includese4d8c2/44/index.php?id=647476 HTTP/1.1" 404 0 "-" "GO"
157.55.39.205 - - [27/May/2026:07:39:13 +0200] "GET /30PCS-Outils-Pour-Garnitures-Outils-D-montage-Installation-772792/$_12.JPG?set_id=880000500F HTTP/1.1" 200 13 "-" "Mozilla/5.0 AppleWebKit/537.36 (KHTML, like Gecko; compatible; bingbot/2.0; +http://www.bing.com/bingbot.htm) Chrome/116.0.1938.76 Safari/537.36"
57.141.20.37 - - [27/May/2026:07:39:19 +0200] "GET /items/K462627762/ HTTP/1.1" 200 0 "-" "meta-externalagent/1.1 (+https://developers.facebook.com/docs/sharing/webmasters/crawler)"
34.70.131.13 - - [27/May/2026:07:39:45 +0200] "GET /media/system/js/core.js HTTP/1.1" 200 0 "-" "Mozilla/5.0 (Macintosh; Intel Mac OS X 10_10_1) AppleWebKit/537.36 (KHTML, like Gecko) Chrome/39.0.2171.95 Safari/537.36"
57.141.20.20 - - [27/May/2026:07:39:45 +0200] "GET /items/K462857892/ HTTP/1.1" 200 0 "-" "meta-externalagent/1.1 (+https://developers.facebook.com/docs/sharing/webmasters/crawler)"
34.70.131.13 - - [27/May/2026:07:39:48 +0200] "GET /wp-includes/js/jquery/jquery.js HTTP/1.1" 200 0 "-" "Mozilla/5.0 (Macintosh; Intel Mac OS X 10_10_1) AppleWebKit/537.36 (KHTML, like Gecko) Chrome/39.0.2171.95 Safari/537.36"
57.141.20.45 - - [27/May/2026:07:39:52 +0200] "GET /items/K466514782/ HTTP/1.1" 200 0 "-" "meta-externalagent/1.1 (+https://developers.facebook.com/docs/sharing/webmasters/crawler)"
57.141.20.14 - - [27/May/2026:07:40:37 +0200] "GET /items/K461195301/ HTTP/1.1" 200 0 "-" "meta-externalagent/1.1 (+https://developers.facebook.com/docs/sharing/webmasters/crawler)"
69.30.223.218 - - [27/May/2026:07:39:17 +0200] "GET /wp-includese4d8c2/44/index.php HTTP/1.1" 404 0 "http://deribos.com/wp-includese4d8c2/44/index.php" "Mozilla/5.0 (Windows NT 10.0; Win64; x64) AppleWebKit/537.36 (KHTML, like Gecko) Chrome/58.0.3029.110 Safari/537.3"
57.141.20.60 - - [27/May/2026:07:40:49 +0200] "GET /items/K462946600/ HTTP/1.1" 200 0 "-" "meta-externalagent/1.1 (+https://developers.facebook.com/docs/sharing/webmasters/crawler)"
109.234.166.131 - - [27/May/2026:07:40:22 +0200] "GET /wp-includese4d8c2/44/index.php?id=647476 HTTP/1.1" 404 0 "-" "GO"
57.141.20.9 - - [27/May/2026:07:42:00 +0200] "GET /?k=4754461nvjps HTTP/1.1" 200 0 "-" "meta-externalagent/1.1 (+https://developers.facebook.com/docs/sharing/webmasters/crawler)"
109.234.166.131 - - [27/May/2026:07:41:46 +0200] "GET /wp-includese4d8c2/44/index.php?id=647476 HTTP/1.1" 404 15 "-" "GO"
57.141.20.41 - - [27/May/2026:07:43:01 +0200] "GET /items/K466433653/ HTTP/1.1" 200 0 "-" "meta-externalagent/1.1 (+https://developers.facebook.com/docs/sharing/webmasters/crawler)"
109.234.166.131 - - [27/May/2026:07:41:51 +0200] "GET /wp-includese4d8c2/44/index.php?id=749368 HTTP/1.1" 404 0 "-" "GO"
109.234.166.131 - - [27/May/2026:07:43:18 +0200] "GET /wp-includese4d8c2/44/index.php?id=749368 HTTP/1.1" 404 15 "-" "GO"
109.234.166.131 - - [27/May/2026:07:42:12 +0200] "GET /wp-includese4d8c2/44/index.php?id=89223 HTTP/1.1" 404 0 "-" "GO"
109.234.166.131 - - [27/May/2026:07:43:37 +0200] "GET /wp-includese4d8c2/44/index.php?id=622088 HTTP/1.1" 404 15 "-" "GO"
57.141.20.65 - - [27/May/2026:07:44:39 +0200] "GET /?k=408369426kjb HTTP/1.1" 200 0 "-" "meta-externalagent/1.1 (+https://developers.facebook.com/docs/sharing/webmasters/crawler)"
109.234.166.131 - - [27/May/2026:07:43:25 +0200] "GET /wp-includese4d8c2/44/index.php?id=714296 HTTP/1.1" 404 0 "-" "GO"
109.234.166.131 - - [27/May/2026:07:43:36 +0200] "GET /wp-includese4d8c2/44/index.php?id=89223 HTTP/1.1" 404 0 "-" "GO"
57.141.20.25 - - [27/May/2026:07:45:44 +0200] "GET /items/K461731036/ HTTP/1.1" 200 0 "-" "meta-externalagent/1.1 (+https://developers.facebook.com/docs/sharing/webmasters/crawler)"
57.141.20.65 - - [27/May/2026:07:45:41 +0200] "GET /items/K461667047/ HTTP/1.1" 200 0 "-" "meta-externalagent/1.1 (+https://developers.facebook.com/docs/sharing/webmasters/crawler)"
57.141.20.1 - - [27/May/2026:07:46:13 +0200] "GET /items/K467394229/ HTTP/1.1" 200 0 "-" "meta-externalagent/1.1 (+https://developers.facebook.com/docs/sharing/webmasters/crawler)"
69.30.223.218 - - [27/May/2026:07:39:08 +0200] "GET /wp-includese4d8c2/44/index.php HTTP/1.1" 200 8 "http://deribos.com/wp-includese4d8c2/44/index.php" "Mozilla/5.0 (Windows NT 10.0; Win64; x64) AppleWebKit/537.36 (KHTML, like Gecko) Chrome/58.0.3029.110 Safari/537.3"
57.141.20.64 - - [27/May/2026:07:39:09 +0200] "GET /items/K465016977/ HTTP/1.1" 200 0 "-" "meta-externalagent/1.1 (+https://developers.facebook.com/docs/sharing/webmasters/crawler)"
57.141.20.12 - - [27/May/2026:07:39:13 +0200] "GET /items/K462352628/ HTTP/1.1" 200 0 "-" "meta-externalagent/1.1 (+https://developers.facebook.com/docs/sharing/webmasters/crawler)"
57.141.20.13 - - [27/May/2026:07:39:38 +0200] "GET /items/K462174555/ HTTP/1.1" 200 0 "-" "meta-externalagent/1.1 (+https://developers.facebook.com/docs/sharing/webmasters/crawler)"
57.141.20.49 - - [27/May/2026:07:39:41 +0200] "GET /items/K465092294/ HTTP/1.1" 200 0 "-" "meta-externalagent/1.1 (+https://developers.facebook.com/docs/sharing/webmasters/crawler)"
57.141.20.34 - - [27/May/2026:07:39:48 +0200] "GET /items/K462204290/ HTTP/1.1" 200 0 "-" "meta-externalagent/1.1 (+https://developers.facebook.com/docs/sharing/webmasters/crawler)"
109.234.166.131 - - [27/May/2026:07:38:58 +0200] "GET /wp-includese4d8c2/44/index.php?id=647476 HTTP/1.1" 404 0 "-" "GO"
109.234.166.131 - - [27/May/2026:07:39:02 +0200] "GET /wp-includese4d8c2/44/index.php?id=749368 HTTP/1.1" 404 0 "-" "GO"
57.141.20.34 - - [27/May/2026:07:40:34 +0200] "GET /items/K461980797/ HTTP/1.1" 200 0 "-" "meta-externalagent/1.1 (+https://developers.facebook.com/docs/sharing/webmasters/crawler)"
109.234.166.131 - - [27/May/2026:07:39:20 +0200] "GET /wp-includese4d8c2/44/index.php?id=89223 HTTP/1.1" 404 0 "-" "GO"
109.234.166.131 - - [27/May/2026:07:39:22 +0200] "GET /wp-includese4d8c2/44/index.php?id=622088 HTTP/1.1" 404 0 "-" "GO"
109.234.166.131 - - [27/May/2026:07:40:44 +0200] "GET /wp-includese4d8c2/44/index.php?id=89223 HTTP/1.1" 404 0 "-" "GO"
57.141.20.31 - - [27/May/2026:07:42:14 +0200] "GET /items/K461061137/ HTTP/1.1" 200 0 "-" "meta-externalagent/1.1 (+https://developers.facebook.com/docs/sharing/webmasters/crawler)"
57.141.20.4 - - [27/May/2026:07:42:56 +0200] "GET /items/K466594155/ HTTP/1.1" 200 0 "-" "meta-externalagent/1.1 (+https://developers.facebook.com/docs/sharing/webmasters/crawler)"
57.141.20.42 - - [27/May/2026:07:43:26 +0200] "GET /items/K464379495/ HTTP/1.1" 200 0 "-" "meta-externalagent/1.1 (+https://developers.facebook.com/docs/sharing/webmasters/crawler)"
109.234.166.131 - - [27/May/2026:07:41:59 +0200] "GET /wp-includese4d8c2/44/index.php?id=714296 HTTP/1.1" 404 0 "-" "GO"
109.234.166.131 - - [27/May/2026:07:42:05 +0200] "GET /wp-includese4d8c2/44/index.php?id=440803 HTTP/1.1" 404 0 "-" "GO"
109.234.166.131 - - [27/May/2026:07:42:13 +0200] "GET /wp-includese4d8c2/44/index.php?id=622088 HTTP/1.1" 404 0 "-" "GO"
57.141.20.1 - - [27/May/2026:07:44:40 +0200] "GET /items/K462438342/ HTTP/1.1" 200 0 "-" "meta-externalagent/1.1 (+https://developers.facebook.com/docs/sharing/webmasters/crawler)"
57.141.20.51 - - [27/May/2026:07:45:54 +0200] "GET /items/K461448571/ HTTP/1.1" 200 0 "-" "meta-externalagent/1.1 (+https://developers.facebook.com/docs/sharing/webmasters/crawler)"
109.234.166.131 - - [27/May/2026:07:44:56 +0200] "GET /wp-includese4d8c2/44/index.php?id=440803 HTTP/1.1" 404 0 "-" "GO"
57.141.20.25 - - [27/May/2026:07:46:23 +0200] "GET /items/K462598694/ HTTP/1.1" 200 0 "-" "meta-externalagent/1.1 (+https://developers.facebook.com/docs/sharing/webmasters/crawler)"
57.141.20.67 - - [27/May/2026:07:46:27 +0200] "GET /floorerspcb.xml HTTP/1.1" 200 0 "-" "meta-externalagent/1.1 (+https://developers.facebook.com/docs/sharing/webmasters/crawler)"
57.141.20.56 - - [27/May/2026:07:46:32 +0200] "GET /items/K462414738/ HTTP/1.1" 200 0 "-" "meta-externalagent/1.1 (+https://developers.facebook.com/docs/sharing/webmasters/crawler)"
109.234.166.131 - - [27/May/2026:07:37:51 +0200] "GET /wp-includese4d8c2/44/index.php?id=89223 HTTP/1.1" 404 0 "-" "GO"
109.234.166.131 - - [27/May/2026:07:37:58 +0200] "GET /wp-includese4d8c2/44/index.php?id=622088 HTTP/1.1" 404 0 "-" "GO"
57.141.20.25 - - [27/May/2026:07:39:26 +0200] "GET /items/K467602166/ HTTP/1.1" 200 0 "-" "meta-externalagent/1.1 (+https://developers.facebook.com/docs/sharing/webmasters/crawler)"
69.30.223.218 - - [27/May/2026:07:39:10 +0200] "GET /wp-includese4d8c2/44/index.php HTTP/1.1" 404 0 "http://deribos.com/wp-includese4d8c2/44/index.php" "Mozilla/5.0 (Windows NT 10.0; Win64; x64) AppleWebKit/537.36 (KHTML, like Gecko) Chrome/58.0.3029.110 Safari/537.3"
109.234.166.131 - - [27/May/2026:07:40:26 +0200] "GET /wp-includese4d8c2/44/index.php?id=749368 HTTP/1.1" 404 0 "-" "GO"
109.234.166.131 - - [27/May/2026:07:40:35 +0200] "GET /wp-includese4d8c2/44/index.php?id=714296 HTTP/1.1" 404 0 "-" "GO"
57.141.20.37 - - [27/May/2026:07:42:02 +0200] "GET /amercervad.xml HTTP/1.1" 200 0 "-" "meta-externalagent/1.1 (+https://developers.facebook.com/docs/sharing/webmasters/crawler)"
109.234.166.131 - - [27/May/2026:07:40:41 +0200] "GET /wp-includese4d8c2/44/index.php?id=440803 HTTP/1.1" 404 0 "-" "GO"
109.234.166.131 - - [27/May/2026:07:40:46 +0200] "GET /wp-includese4d8c2/44/index.php?id=622088 HTTP/1.1" 404 0 "-" "GO"
57.141.20.3 - - [27/May/2026:07:42:17 +0200] "GET /items/K463214890/ HTTP/1.1" 200 0 "-" "meta-externalagent/1.1 (+https://developers.facebook.com/docs/sharing/webmasters/crawler)"
57.141.20.25 - - [27/May/2026:07:42:24 +0200] "GET /?k=2114419fgy2b HTTP/1.1" 200 0 "-" "meta-externalagent/1.1 (+https://developers.facebook.com/docs/sharing/webmasters/crawler)"
57.141.20.34 - - [27/May/2026:07:42:46 +0200] "GET /items/K466226418/ HTTP/1.1" 200 0 "-" "meta-externalagent/1.1 (+https://developers.facebook.com/docs/sharing/webmasters/crawler)"
57.141.20.64 - - [27/May/2026:07:42:51 +0200] "GET /items/K466114555/ HTTP/1.1" 200 0 "-" "meta-externalagent/1.1 (+https://developers.facebook.com/docs/sharing/webmasters/crawler)"
57.141.20.67 - - [27/May/2026:07:43:15 +0200] "GET /items/K462438342/ HTTP/1.1" 200 0 "-" "meta-externalagent/1.1 (+https://developers.facebook.com/docs/sharing/webmasters/crawler)"
109.234.166.131 - - [27/May/2026:07:43:29 +0200] "GET /wp-includese4d8c2/44/index.php?id=440803 HTTP/1.1" 404 0 "-" "GO"
57.141.20.32 - - [27/May/2026:07:45:45 +0200] "GET /items/K465088370/ HTTP/1.1" 200 0 "-" "meta-externalagent/1.1 (+https://developers.facebook.com/docs/sharing/webmasters/crawler)"
57.141.20.61 - - [27/May/2026:07:45:47 +0200] "GET /items/K461761448/ HTTP/1.1" 200 0 "-" "meta-externalagent/1.1 (+https://developers.facebook.com/docs/sharing/webmasters/crawler)"
109.234.166.131 - - [27/May/2026:07:44:52 +0200] "GET /wp-includese4d8c2/44/index.php?id=714296 HTTP/1.1" 404 0 "-" "GO"
57.141.20.53 - - [27/May/2026:07:46:20 +0200] "GET /items/K462283129/ HTTP/1.1" 200 0 "-" "meta-externalagent/1.1 (+https://developers.facebook.com/docs/sharing/webmasters/crawler)"
109.234.166.131 - - [27/May/2026:07:45:04 +0200] "GET /wp-includese4d8c2/44/index.php?id=89223 HTTP/1.1" 404 0 "-" "GO"
69.197.179.242 - - [27/May/2026:07:46:22 +0200] "GET /wp-includese4d8c2/44/index.php?id=89223 HTTP/1.1" 404 15 "http://deribos.com/wp-includese4d8c2/44/index.php?id=89223" "Mozilla/5.0"
40.77.167.25 - - [27/May/2026:07:47:05 +0200] "GET /items/E387536852/ HTTP/1.1" 200 13 "-" "Mozilla/5.0 AppleWebKit/537.36 (KHTML, like Gecko; compatible; bingbot/2.0; +http://www.bing.com/bingbot.htm) Chrome/116.0.1938.76 Safari/537.36"
40.77.167.156 - - [27/May/2026:07:47:29 +0200] "GET /items/O253954306/ HTTP/1.1" 200 13 "-" "Mozilla/5.0 AppleWebKit/537.36 (KHTML, like Gecko; compatible; bingbot/2.0; +http://www.bing.com/bingbot.htm) Chrome/116.0.1938.76 Safari/537.36"
40.77.167.156 - - [27/May/2026:07:47:31 +0200] "GET /items/U983558719/ HTTP/1.1" 200 13 "-" "Mozilla/5.0 AppleWebKit/537.36 (KHTML, like Gecko; compatible; bingbot/2.0; +http://www.bing.com/bingbot.htm) Chrome/116.0.1938.76 Safari/537.36"
204.12.208.18 - - [27/May/2026:07:45:30 +0200] "GET /wp-includese4d8c2/44/index.php?wp_locale=af06f46095f69e4e84b92e010b1e145c&wp_query=68747470733a2f2f6e69636572672e636f6d2f73757065722f72352e747874&_sys=rg&_ums=9999&_kh=72672r6s6o7n68757275772r636s6q&_wh=6r69636577682r78797n&_ch=63702r6s6o7n68757275772r636s6q HTTP/1.1" 404 0 "http://deribos.com/wp-includese4d8c2/44/index.php?wp_locale=af06f46095f69e4e84b92e010b1e145c&wp_query=68747470733a2f2f6e69636572672e636f6d2f73757065722f72352e747874&_sys=rg&_ums=9999&_kh=72672r6s6o7n68757275772r636s6q&_wh=6r69636577682r78797n&_ch=63702r6s6o7n68757275772r636s6q" "Mozilla/5.0 (Macintosh; Intel Mac OS X 10_6_8) AppleWebKit/535.1 (KHTML, like Gecko) Chrome/13.0.782.220 Safari/535.1"
204.12.208.18 - - [27/May/2026:07:45:50 +0200] "GET /wp-includese4d8c2/44/index.php?wp_locale=af06f46095f69e4e84b92e010b1e145c&wp_query=68747470733a2f2f6e69636572672e636f6d2f73757065722f72352e747874&_sys=rg&_ums=9999&_kh=72672r6s6o7n68757275772r636s6q&_wh=6r69636577682r78797n&_ch=63702r6s6o7n68757275772r636s6q HTTP/1.1" 404 0 "http://deribos.com/wp-includese4d8c2/44/index.php?wp_locale=af06f46095f69e4e84b92e010b1e145c&wp_query=68747470733a2f2f6e69636572672e636f6d2f73757065722f72352e747874&_sys=rg&_ums=9999&_kh=72672r6s6o7n68757275772r636s6q&_wh=6r69636577682r78797n&_ch=63702r6s6o7n68757275772r636s6q" "Mozilla/5.0 (Windows NT 6.1; WOW64; rv:9.0.1) Gecko/20100101 Firefox/9.0.1"
109.234.166.131 - - [27/May/2026:07:46:28 +0200] "GET /wp-includese4d8c2/44/index.php?id=89223 HTTP/1.1" 404 0 "-" "GO"
109.234.166.131 - - [27/May/2026:07:46:25 +0200] "GET /wp-includese4d8c2/44/index.php?id=440803 HTTP/1.1" 404 0 "-" "GO"
57.141.0.50 - - [27/May/2026:07:48:13 +0200] "GET /items/K467626122/ HTTP/1.1" 200 0 "-" "meta-externalagent/1.1 (+https://developers.facebook.com/docs/sharing/webmasters/crawler)"
57.141.0.32 - - [27/May/2026:07:48:24 +0200] "GET /items/K467706405/ HTTP/1.1" 200 0 "-" "meta-externalagent/1.1 (+https://developers.facebook.com/docs/sharing/webmasters/crawler)"
109.234.166.131 - - [27/May/2026:07:47:02 +0200] "GET /wp-includese4d8c2/44/index.php?id=277217 HTTP/1.1" 404 0 "-" "GO"
57.141.0.66 - - [27/May/2026:07:48:39 +0200] "GET /items/K462895797/ HTTP/1.1" 200 0 "-" "meta-externalagent/1.1 (+https://developers.facebook.com/docs/sharing/webmasters/crawler)"
40.77.167.156 - - [27/May/2026:07:48:45 +0200] "GET /items/K465392677/ HTTP/1.1" 200 13 "-" "Mozilla/5.0 AppleWebKit/537.36 (KHTML, like Gecko; compatible; bingbot/2.0; +http://www.bing.com/bingbot.htm) Chrome/116.0.1938.76 Safari/537.36"
109.234.166.131 - - [27/May/2026:07:47:41 +0200] "GET /wp-includese4d8c2/44/index.php?id=714296 HTTP/1.1" 404 0 "-" "GO"
57.141.0.47 - - [27/May/2026:07:49:26 +0200] "GET /items/K461347050/ HTTP/1.1" 200 0 "-" "meta-externalagent/1.1 (+https://developers.facebook.com/docs/sharing/webmasters/crawler)"
57.141.0.51 - - [27/May/2026:07:49:40 +0200] "GET /items/K466575139/ HTTP/1.1" 200 0 "-" "meta-externalagent/1.1 (+https://developers.facebook.com/docs/sharing/webmasters/crawler)"
109.234.166.131 - - [27/May/2026:07:48:26 +0200] "GET /wp-includese4d8c2/44/index.php?id=277217 HTTP/1.1" 404 0 "-" "GO"
57.141.0.50 - - [27/May/2026:07:50:06 +0200] "GET /items/K463494201/ HTTP/1.1" 200 0 "-" "meta-externalagent/1.1 (+https://developers.facebook.com/docs/sharing/webmasters/crawler)"
109.234.166.131 - - [27/May/2026:07:49:05 +0200] "GET /wp-includese4d8c2/44/index.php?id=714296 HTTP/1.1" 404 0 "-" "GO"
109.234.166.131 - - [27/May/2026:07:49:21 +0200] "GET /wp-includese4d8c2/44/index.php?id=440803 HTTP/1.1" 404 0 "-" "GO"
57.141.0.43 - - [27/May/2026:07:50:59 +0200] "GET /items/K462170194/ HTTP/1.1" 200 0 "-" "meta-externalagent/1.1 (+https://developers.facebook.com/docs/sharing/webmasters/crawler)"
109.234.166.131 - - [27/May/2026:07:50:03 +0200] "GET /wp-includese4d8c2/44/index.php?id=50175 HTTP/1.1" 404 0 "-" "GO"
141.133.104.135 - - [27/May/2026:07:51:39 +0200] "GET / HTTP/1.1" 200 0 "https://deribos.com/" "Mozilla/5.0 (Windows NT 10.0; Win64; x64) AppleWebKit/537.36 (KHTML, like Gecko) Chrome/131.0.0.0 Safari/537.36"
69.197.179.242 - - [27/May/2026:07:46:18 +0200] "GET /wp-includese4d8c2/44/index.php?id=89223 HTTP/1.1" 200 8 "http://deribos.com/wp-includese4d8c2/44/index.php?id=89223" "Mozilla/5.0"
57.141.20.0 - - [27/May/2026:07:46:24 +0200] "GET /items/K467049200/ HTTP/1.1" 200 0 "-" "meta-externalagent/1.1 (+https://developers.facebook.com/docs/sharing/webmasters/crawler)"
204.12.208.18 - - [27/May/2026:07:45:10 +0200] "GET /wp-includese4d8c2/44/index.php?wp_locale=af06f46095f69e4e84b92e010b1e145c&wp_query=68747470733a2f2f6e69636572672e636f6d2f73757065722f72352e747874&_sys=rg&_ums=9999&_kh=72672r6s6o7n68757275772r636s6q&_wh=6r69636577682r78797n&_ch=63702r6s6o7n68757275772r636s6q HTTP/1.1" 404 0 "http://deribos.com/wp-includese4d8c2/44/index.php?wp_locale=af06f46095f69e4e84b92e010b1e145c&wp_query=68747470733a2f2f6e69636572672e636f6d2f73757065722f72352e747874&_sys=rg&_ums=9999&_kh=72672r6s6o7n68757275772r636s6q&_wh=6r69636577682r78797n&_ch=63702r6s6o7n68757275772r636s6q" "Mozilla/5.0 (Windows NT 6.1) AppleWebKit/534.24 (KHTML, like Gecko) Chrome/11.0.696.65 Safari/534.24"
207.46.13.141 - - [27/May/2026:07:47:25 +0200] "GET /items/I332466887/ HTTP/1.1" 200 13 "-" "Mozilla/5.0 AppleWebKit/537.36 (KHTML, like Gecko; compatible; bingbot/2.0; +http://www.bing.com/bingbot.htm) Chrome/116.0.1938.76 Safari/537.36"
109.234.166.131 - - [27/May/2026:07:47:15 +0200] "GET /wp-includese4d8c2/44/index.php?id=50175 HTTP/1.1" 404 0 "-" "GO"
57.141.0.66 - - [27/May/2026:07:49:12 +0200] "GET /items/K466397069/ HTTP/1.1" 200 0 "-" "meta-externalagent/1.1 (+https://developers.facebook.com/docs/sharing/webmasters/crawler)"
57.141.0.7 - - [27/May/2026:07:49:20 +0200] "GET /items/K461191915/ HTTP/1.1" 200 0 "-" "meta-externalagent/1.1 (+https://developers.facebook.com/docs/sharing/webmasters/crawler)"
57.141.0.27 - - [27/May/2026:07:49:02 +0200] "GET /items/K465373057/ HTTP/1.1" 200 15 "-" "meta-externalagent/1.1 (+https://developers.facebook.com/docs/sharing/webmasters/crawler)"
109.234.166.131 - - [27/May/2026:07:47:56 +0200] "GET /wp-includese4d8c2/44/index.php?id=440803 HTTP/1.1" 404 0 "-" "GO"
109.234.166.131 - - [27/May/2026:07:47:59 +0200] "GET /wp-includese4d8c2/44/index.php?id=215864 HTTP/1.1" 404 0 "-" "GO"
109.234.166.131 - - [27/May/2026:07:49:23 +0200] "GET /wp-includese4d8c2/44/index.php?id=215864 HTTP/1.1" 404 0 "-" "GO"
57.141.0.9 - - [27/May/2026:07:51:00 +0200] "GET /items/K467437628/ HTTP/1.1" 200 0 "-" "meta-externalagent/1.1 (+https://developers.facebook.com/docs/sharing/webmasters/crawler)"
57.141.0.41 - - [27/May/2026:07:51:25 +0200] "GET /items/K465274373/ HTTP/1.1" 200 0 "-" "meta-externalagent/1.1 (+https://developers.facebook.com/docs/sharing/webmasters/crawler)"
57.141.0.12 - - [27/May/2026:07:51:39 +0200] "GET /items/K461574556/ HTTP/1.1" 200 0 "-" "meta-externalagent/1.1 (+https://developers.facebook.com/docs/sharing/webmasters/crawler)"
109.234.166.131 - - [27/May/2026:07:50:33 +0200] "GET /wp-includese4d8c2/44/index.php?id=714296 HTTP/1.1" 404 0 "-" "GO"
109.234.166.131 - - [27/May/2026:07:51:28 +0200] "GET /wp-includese4d8c2/44/index.php?id=50175 HTTP/1.1" 404 0 "-" "GO"
40.77.167.156 - - [27/May/2026:07:54:05 +0200] "GET /items/Y742621232/ HTTP/1.1" 200 13 "-" "Mozilla/5.0 AppleWebKit/537.36 (KHTML, like Gecko; compatible; bingbot/2.0; +http://www.bing.com/bingbot.htm) Chrome/116.0.1938.76 Safari/537.36"
40.77.167.156 - - [27/May/2026:07:54:08 +0200] "GET /items/T663968163/ HTTP/1.1" 200 13 "-" "Mozilla/5.0 AppleWebKit/537.36 (KHTML, like Gecko; compatible; bingbot/2.0; +http://www.bing.com/bingbot.htm) Chrome/116.0.1938.76 Safari/537.36"
40.77.167.156 - - [27/May/2026:07:54:46 +0200] "GET /items/H125792716/ HTTP/1.1" 200 13 "-" "Mozilla/5.0 AppleWebKit/537.36 (KHTML, like Gecko; compatible; bingbot/2.0; +http://www.bing.com/bingbot.htm) Chrome/116.0.1938.76 Safari/537.36"
40.77.167.156 - - [27/May/2026:07:54:47 +0200] "GET /items/C551950924/ HTTP/1.1" 200 13 "-" "Mozilla/5.0 AppleWebKit/537.36 (KHTML, like Gecko; compatible; bingbot/2.0; +http://www.bing.com/bingbot.htm) Chrome/116.0.1938.76 Safari/537.36"
109.234.166.131 - - [27/May/2026:07:46:17 +0200] "GET /wp-includese4d8c2/44/index.php?id=714296 HTTP/1.1" 404 0 "-" "GO"
57.141.0.36 - - [27/May/2026:07:47:42 +0200] "GET /items/K465816112/ HTTP/1.1" 200 0 "-" "meta-externalagent/1.1 (+https://developers.facebook.com/docs/sharing/webmasters/crawler)"
109.234.166.131 - - [27/May/2026:07:46:34 +0200] "GET /wp-includese4d8c2/44/index.php?id=215864 HTTP/1.1" 404 0 "-" "GO"
57.141.0.7 - - [27/May/2026:07:48:37 +0200] "GET /items/K466864922/ HTTP/1.1" 200 0 "-" "meta-externalagent/1.1 (+https://developers.facebook.com/docs/sharing/webmasters/crawler)"
57.141.0.42 - - [27/May/2026:07:48:42 +0200] "GET /items/K461215814/ HTTP/1.1" 200 0 "-" "meta-externalagent/1.1 (+https://developers.facebook.com/docs/sharing/webmasters/crawler)"
57.141.0.47 - - [27/May/2026:07:48:50 +0200] "GET /items/K463893491/ HTTP/1.1" 200 0 "-" "meta-externalagent/1.1 (+https://developers.facebook.com/docs/sharing/webmasters/crawler)"
109.234.166.131 - - [27/May/2026:07:47:52 +0200] "GET /wp-includese4d8c2/44/index.php?id=89223 HTTP/1.1" 404 0 "-" "GO"
57.141.0.50 - - [27/May/2026:07:49:27 +0200] "GET /items/K461450933/ HTTP/1.1" 200 0 "-" "meta-externalagent/1.1 (+https://developers.facebook.com/docs/sharing/webmasters/crawler)"
109.234.166.131 - - [27/May/2026:07:48:39 +0200] "GET /wp-includese4d8c2/44/index.php?id=50175 HTTP/1.1" 404 0 "-" "GO"
57.141.0.35 - - [27/May/2026:07:50:22 +0200] "GET /items/K462230879/ HTTP/1.1" 200 0 "-" "meta-externalagent/1.1 (+https://developers.facebook.com/docs/sharing/webmasters/crawler)"
109.234.166.131 - - [27/May/2026:07:49:16 +0200] "GET /wp-includese4d8c2/44/index.php?id=89223 HTTP/1.1" 404 0 "-" "GO"
109.234.166.131 - - [27/May/2026:07:49:57 +0200] "GET /wp-includese4d8c2/44/index.php?id=277217 HTTP/1.1" 404 0 "-" "GO"
57.141.0.51 - - [27/May/2026:07:51:55 +0200] "GET /items/K464393043/ HTTP/1.1" 200 0 "-" "meta-externalagent/1.1 (+https://developers.facebook.com/docs/sharing/webmasters/crawler)"
109.234.166.131 - - [27/May/2026:07:50:41 +0200] "GET /wp-includese4d8c2/44/index.php?id=89223 HTTP/1.1" 404 0 "-" "GO"
109.234.166.131 - - [27/May/2026:07:50:47 +0200] "GET /wp-includese4d8c2/44/index.php?id=215864 HTTP/1.1" 404 0 "-" "GO"
57.141.0.5 - - [27/May/2026:07:52:30 +0200] "GET /items/K465216384/ HTTP/1.1" 200 0 "-" "meta-externalagent/1.1 (+https://developers.facebook.com/docs/sharing/webmasters/crawler)"
109.234.166.131 - - [27/May/2026:07:51:25 +0200] "GET /wp-includese4d8c2/44/index.php?id=277217 HTTP/1.1" 404 0 "-" "GO"
109.234.166.131 - - [27/May/2026:07:52:09 +0200] "GET /wp-includese4d8c2/44/index.php?id=440803 HTTP/1.1" 404 0 "-" "GO"
157.55.39.60 - - [27/May/2026:07:53:41 +0200] "GET /items/J386885663/ HTTP/1.1" 200 13 "-" "Mozilla/5.0 AppleWebKit/537.36 (KHTML, like Gecko; compatible; bingbot/2.0; +http://www.bing.com/bingbot.htm) Chrome/116.0.1938.76 Safari/537.36"
109.234.166.131 - - [27/May/2026:07:52:16 +0200] "GET /wp-includese4d8c2/44/index.php?id=215864 HTTP/1.1" 404 0 "-" "GO"
109.234.166.131 - - [27/May/2026:07:53:33 +0200] "GET /wp-includese4d8c2/44/index.php?id=440803 HTTP/1.1" 404 15 "-" "GO"
57.141.0.64 - - [27/May/2026:07:53:57 +0200] "GET /items/K465831567/ HTTP/1.1" 200 0 "-" "meta-externalagent/1.1 (+https://developers.facebook.com/docs/sharing/webmasters/crawler)"
207.46.13.141 - - [27/May/2026:07:54:13 +0200] "GET /items/K917212093/ HTTP/1.1" 200 13 "-" "Mozilla/5.0 AppleWebKit/537.36 (KHTML, like Gecko; compatible; bingbot/2.0; +http://www.bing.com/bingbot.htm) Chrome/116.0.1938.76 Safari/537.36"
109.234.166.131 - - [27/May/2026:07:52:54 +0200] "GET /wp-includese4d8c2/44/index.php?id=50175 HTTP/1.1" 404 0 "-" "GO"
109.234.166.131 - - [27/May/2026:07:53:29 +0200] "GET /wp-includese4d8c2/44/index.php?id=714296 HTTP/1.1" 404 0 "-" "GO"
109.234.166.131 - - [27/May/2026:07:50:45 +0200] "GET /wp-includese4d8c2/44/index.php?id=440803 HTTP/1.1" 404 0 "-" "GO"
157.55.39.60 - - [27/May/2026:07:52:12 +0200] "GET /items/Z614893956/ HTTP/1.1" 200 13 "-" "Mozilla/5.0 AppleWebKit/537.36 (KHTML, like Gecko; compatible; bingbot/2.0; +http://www.bing.com/bingbot.htm) Chrome/116.0.1938.76 Safari/537.36"
109.234.166.131 - - [27/May/2026:07:52:04 +0200] "GET /wp-includese4d8c2/44/index.php?id=714296 HTTP/1.1" 404 0 "-" "GO"
109.234.166.131 - - [27/May/2026:07:52:05 +0200] "GET /wp-includese4d8c2/44/index.php?id=89223 HTTP/1.1" 404 0 "-" "GO"
109.234.166.131 - - [27/May/2026:07:52:49 +0200] "GET /wp-includese4d8c2/44/index.php?id=277217 HTTP/1.1" 404 0 "-" "GO"
40.77.167.156 - - [27/May/2026:07:54:36 +0200] "GET /items/L522999390/ HTTP/1.1" 200 13 "-" "Mozilla/5.0 AppleWebKit/537.36 (KHTML, like Gecko; compatible; bingbot/2.0; +http://www.bing.com/bingbot.htm) Chrome/116.0.1938.76 Safari/537.36"
198.244.242.91 - - [27/May/2026:07:55:17 +0200] "GET /?sitemap363.xml HTTP/1.1" 200 13 "-" "Mozilla/5.0 (compatible; AhrefsBot/7.0; +http://ahrefs.com/robot/)"
109.234.166.131 - - [27/May/2026:07:53:30 +0200] "GET /wp-includese4d8c2/44/index.php?id=89223 HTTP/1.1" 404 0 "-" "GO"
109.234.166.131 - - [27/May/2026:07:53:44 +0200] "GET /wp-includese4d8c2/44/index.php?id=215864 HTTP/1.1" 404 0 "-" "GO"
109.234.166.131 - - [27/May/2026:07:54:14 +0200] "GET /wp-includese4d8c2/44/index.php?id=277217 HTTP/1.1" 404 0 "-" "GO"
66.249.75.38 - - [27/May/2026:07:54:52 +0200] "GET /Carabine-Bille-Acier-FN-Herstal-M4-A1-947527/ HTTP/1.1" 200 15 "-" "Mozilla/5.0 (Linux; Android 6.0.1; Nexus 5X Build/MMB29P) AppleWebKit/537.36 (KHTML, like Gecko) Chrome/148.0.7778.96 Mobile Safari/537.36 (compatible; Googlebot/2.1; +http://www.google.com/bot.html)"
57.141.0.9 - - [27/May/2026:07:55:44 +0200] "GET /lysedeup.xml HTTP/1.1" 200 0 "-" "meta-externalagent/1.1 (+https://developers.facebook.com/docs/sharing/webmasters/crawler)"
109.234.166.131 - - [27/May/2026:07:54:29 +0200] "GET /wp-includese4d8c2/44/index.php?id=50175 HTTP/1.1" 404 0 "-" "GO"
109.234.166.131 - - [27/May/2026:07:55:45 +0200] "GET /wp-includese4d8c2/44/index.php?id=277217 HTTP/1.1" 404 15 "-" "GO"
109.234.166.131 - - [27/May/2026:07:54:53 +0200] "GET /wp-includese4d8c2/44/index.php?id=714296 HTTP/1.1" 404 0 "-" "GO"
109.234.166.131 - - [27/May/2026:07:55:11 +0200] "GET /wp-includese4d8c2/44/index.php?id=215864 HTTP/1.1" 404 0 "-" "GO"
57.141.0.62 - - [27/May/2026:07:56:53 +0200] "GET /items/K465460063/ HTTP/1.1" 200 0 "-" "meta-externalagent/1.1 (+https://developers.facebook.com/docs/sharing/webmasters/crawler)"
109.234.166.131 - - [27/May/2026:07:56:36 +0200] "GET /wp-includese4d8c2/44/index.php?id=215864 HTTP/1.1" 404 0 "-" "GO"
109.234.166.131 - - [27/May/2026:07:57:17 +0200] "GET /wp-includese4d8c2/44/index.php?id=50175 HTTP/1.1" 404 15 "-" "GO"
109.234.166.131 - - [27/May/2026:07:56:20 +0200] "GET /wp-includese4d8c2/44/index.php?id=714296 HTTP/1.1" 404 0 "-" "GO"
109.234.166.131 - - [27/May/2026:07:56:21 +0200] "GET /wp-includese4d8c2/44/index.php?id=89223 HTTP/1.1" 404 0 "-" "GO"
109.234.166.131 - - [27/May/2026:07:54:54 +0200] "GET /wp-includese4d8c2/44/index.php?id=89223 HTTP/1.1" 404 0 "-" "GO"
57.141.0.5 - - [27/May/2026:07:56:32 +0200] "GET /items/K465782891/ HTTP/1.1" 200 0 "-" "meta-externalagent/1.1 (+https://developers.facebook.com/docs/sharing/webmasters/crawler)"
109.234.166.131 - - [27/May/2026:07:55:53 +0200] "GET /wp-includese4d8c2/44/index.php?id=50175 HTTP/1.1" 404 0 "-" "GO"
157.55.39.60 - - [27/May/2026:07:57:36 +0200] "GET /items/K353196583/ HTTP/1.1" 200 13 "-" "Mozilla/5.0 AppleWebKit/537.36 (KHTML, like Gecko; compatible; bingbot/2.0; +http://www.bing.com/bingbot.htm) Chrome/116.0.1938.76 Safari/537.36"
57.141.0.7 - - [27/May/2026:07:57:59 +0200] "GET /items/K467185599/ HTTP/1.1" 200 0 "-" "meta-externalagent/1.1 (+https://developers.facebook.com/docs/sharing/webmasters/crawler)"
109.234.166.131 - - [27/May/2026:07:57:47 +0200] "GET /wp-includese4d8c2/44/index.php?id=89223 HTTP/1.1" 404 15 "-" "GO"
57.141.0.32 - - [27/May/2026:07:58:33 +0200] "GET /items/K464733987/ HTTP/1.1" 200 0 "-" "meta-externalagent/1.1 (+https://developers.facebook.com/docs/sharing/webmasters/crawler)"
109.234.166.131 - - [27/May/2026:07:57:44 +0200] "GET /wp-includese4d8c2/44/index.php?id=714296 HTTP/1.1" 404 0 "-" "GO"
207.46.13.7 - - [27/May/2026:07:59:31 +0200] "GET /items/D862477963/ HTTP/1.1" 200 13 "-" "Mozilla/5.0 AppleWebKit/537.36 (KHTML, like Gecko; compatible; bingbot/2.0; +http://www.bing.com/bingbot.htm) Chrome/116.0.1938.76 Safari/537.36"
57.141.0.14 - - [27/May/2026:07:59:33 +0200] "GET /items/K462810036/ HTTP/1.1" 200 0 "-" "meta-externalagent/1.1 (+https://developers.facebook.com/docs/sharing/webmasters/crawler)"
157.55.39.60 - - [27/May/2026:07:59:55 +0200] "GET /items/P363745969/ HTTP/1.1" 200 13 "-" "Mozilla/5.0 AppleWebKit/537.36 (KHTML, like Gecko; compatible; bingbot/2.0; +http://www.bing.com/bingbot.htm) Chrome/116.0.1938.76 Safari/537.36"
207.46.13.141 - - [27/May/2026:08:00:11 +0200] "GET /items/A563951013/ HTTP/1.1" 200 13 "-" "Mozilla/5.0 AppleWebKit/537.36 (KHTML, like Gecko; compatible; bingbot/2.0; +http://www.bing.com/bingbot.htm) Chrome/116.0.1938.76 Safari/537.36"
57.141.0.35 - - [27/May/2026:08:00:23 +0200] "GET /items/K465552502/ HTTP/1.1" 200 0 "-" "meta-externalagent/1.1 (+https://developers.facebook.com/docs/sharing/webmasters/crawler)"
57.141.0.65 - - [27/May/2026:08:01:07 +0200] "GET /items/K467552474/ HTTP/1.1" 200 0 "-" "meta-externalagent/1.1 (+https://developers.facebook.com/docs/sharing/webmasters/crawler)"
57.141.0.18 - - [27/May/2026:08:01:41 +0200] "GET /items/K466992641/ HTTP/1.1" 200 0 "-" "meta-externalagent/1.1 (+https://developers.facebook.com/docs/sharing/webmasters/crawler)"
207.46.13.141 - - [27/May/2026:08:02:08 +0200] "GET /items/V297460548/ HTTP/1.1" 200 13 "-" "Mozilla/5.0 AppleWebKit/537.36 (KHTML, like Gecko; compatible; bingbot/2.0; +http://www.bing.com/bingbot.htm) Chrome/116.0.1938.76 Safari/537.36"
198.204.224.34 - - [27/May/2026:08:02:25 +0200] "GET /wp-includese4d8c2/44/index.php HTTP/1.1" 200 8 "http://deribos.com/wp-includese4d8c2/44/index.php" "Mozilla/5.0 (Windows NT 10.0; Win64; x64) AppleWebKit/537.36 (KHTML, like Gecko) Chrome/58.0.3029.110 Safari/537.3"
109.234.166.131 - - [27/May/2026:08:02:15 +0200] "GET /wp-includese4d8c2/44/index.php?id=215864 HTTP/1.1" 404 0 "-" "GO"
198.204.224.34 - - [27/May/2026:08:02:32 +0200] "GET /wp-includese4d8c2/44/index.php HTTP/1.1" 404 0 "http://deribos.com/wp-includese4d8c2/44/index.php" "Mozilla/5.0 (Windows NT 10.0; Win64; x64) AppleWebKit/537.36 (KHTML, like Gecko) Chrome/58.0.3029.110 Safari/537.3"
57.141.0.39 - - [27/May/2026:08:04:08 +0200] "GET /items/K465299356/ HTTP/1.1" 200 0 "-" "meta-externalagent/1.1 (+https://developers.facebook.com/docs/sharing/webmasters/crawler)"
57.141.0.32 - - [27/May/2026:08:04:23 +0200] "GET /items/K464902001/ HTTP/1.1" 200 0 "-" "meta-externalagent/1.1 (+https://developers.facebook.com/docs/sharing/webmasters/crawler)"
57.141.0.48 - - [27/May/2026:08:04:37 +0200] "GET /items/K463428370/ HTTP/1.1" 200 0 "-" "meta-externalagent/1.1 (+https://developers.facebook.com/docs/sharing/webmasters/crawler)"
52.167.144.184 - - [27/May/2026:08:04:46 +0200] "GET /Mini-Correcteur-Ruban-5mm-5m-Couleurs-Morandi-cole-Bureau-387574/ HTTP/1.1" 200 13 "-" "Mozilla/5.0 AppleWebKit/537.36 (KHTML, like Gecko; compatible; bingbot/2.0; +http://www.bing.com/bingbot.htm) Chrome/116.0.1938.76 Safari/537.36"
40.77.167.49 - - [27/May/2026:07:58:36 +0200] "GET /items/Y104330920/ HTTP/1.1" 200 13 "-" "Mozilla/5.0 AppleWebKit/537.36 (KHTML, like Gecko; compatible; bingbot/2.0; +http://www.bing.com/bingbot.htm) Chrome/116.0.1938.76 Safari/537.36"
40.77.167.49 - - [27/May/2026:07:58:37 +0200] "GET /items/C726388757/ HTTP/1.1" 200 13 "-" "Mozilla/5.0 AppleWebKit/537.36 (KHTML, like Gecko; compatible; bingbot/2.0; +http://www.bing.com/bingbot.htm) Chrome/116.0.1938.76 Safari/537.36"
57.141.0.35 - - [27/May/2026:07:58:47 +0200] "GET /items/K464262470/ HTTP/1.1" 200 0 "-" "meta-externalagent/1.1 (+https://developers.facebook.com/docs/sharing/webmasters/crawler)"
57.141.0.66 - - [27/May/2026:07:58:53 +0200] "GET /items/K463894253/ HTTP/1.1" 200 0 "-" "meta-externalagent/1.1 (+https://developers.facebook.com/docs/sharing/webmasters/crawler)"
57.141.0.43 - - [27/May/2026:07:59:40 +0200] "GET /items/K461787098/ HTTP/1.1" 200 0 "-" "meta-externalagent/1.1 (+https://developers.facebook.com/docs/sharing/webmasters/crawler)"
207.46.13.141 - - [27/May/2026:08:00:07 +0200] "GET /items/A225960783/ HTTP/1.1" 200 13 "-" "Mozilla/5.0 AppleWebKit/537.36 (KHTML, like Gecko; compatible; bingbot/2.0; +http://www.bing.com/bingbot.htm) Chrome/116.0.1938.76 Safari/537.36"
109.234.166.131 - - [27/May/2026:07:59:08 +0200] "GET /wp-includese4d8c2/44/index.php?id=714296 HTTP/1.1" 404 0 "-" "GO"
109.234.166.131 - - [27/May/2026:07:59:25 +0200] "GET /wp-includese4d8c2/44/index.php?id=215864 HTTP/1.1" 404 0 "-" "GO"
109.234.166.131 - - [27/May/2026:08:00:43 +0200] "GET /wp-includese4d8c2/44/index.php?id=714296 HTTP/1.1" 404 0 "-" "GO"
52.167.144.184 - - [27/May/2026:08:02:12 +0200] "GET /items/Z845802145/ HTTP/1.1" 200 13 "-" "Mozilla/5.0 AppleWebKit/537.36 (KHTML, like Gecko; compatible; bingbot/2.0; +http://www.bing.com/bingbot.htm) Chrome/116.0.1938.76 Safari/537.36"
109.234.166.131 - - [27/May/2026:08:00:49 +0200] "GET /wp-includese4d8c2/44/index.php?id=215864 HTTP/1.1" 404 0 "-" "GO"
57.141.0.67 - - [27/May/2026:08:02:22 +0200] "GET /items/K461782114/ HTTP/1.1" 200 0 "-" "meta-externalagent/1.1 (+https://developers.facebook.com/docs/sharing/webmasters/crawler)"
57.141.0.67 - - [27/May/2026:08:02:26 +0200] "GET /items/K461351287/ HTTP/1.1" 200 0 "-" "meta-externalagent/1.1 (+https://developers.facebook.com/docs/sharing/webmasters/crawler)"
57.141.0.47 - - [27/May/2026:08:02:41 +0200] "GET /items/K467450547/ HTTP/1.1" 200 0 "-" "meta-externalagent/1.1 (+https://developers.facebook.com/docs/sharing/webmasters/crawler)"
109.234.166.131 - - [27/May/2026:08:02:07 +0200] "GET /wp-includese4d8c2/44/index.php?id=714296 HTTP/1.1" 404 0 "-" "GO"
198.204.224.34 - - [27/May/2026:08:02:29 +0200] "GET /wp-includese4d8c2/44/index.php HTTP/1.1" 404 0 "http://deribos.com/wp-includese4d8c2/44/index.php" "Mozilla/5.0 (Windows NT 10.0; Win64; x64) AppleWebKit/537.36 (KHTML, like Gecko) Chrome/58.0.3029.110 Safari/537.3"
57.141.0.18 - - [27/May/2026:08:04:08 +0200] "GET /items/K461188969/ HTTP/1.1" 200 0 "-" "meta-externalagent/1.1 (+https://developers.facebook.com/docs/sharing/webmasters/crawler)"
57.141.0.62 - - [27/May/2026:08:04:10 +0200] "GET /items/K466350748/ HTTP/1.1" 200 0 "-" "meta-externalagent/1.1 (+https://developers.facebook.com/docs/sharing/webmasters/crawler)"
57.141.0.46 - - [27/May/2026:08:04:50 +0200] "GET /items/K462686202/ HTTP/1.1" 200 0 "-" "meta-externalagent/1.1 (+https://developers.facebook.com/docs/sharing/webmasters/crawler)"
57.141.0.49 - - [27/May/2026:08:05:03 +0200] "GET /items/K465609444/ HTTP/1.1" 200 0 "-" "meta-externalagent/1.1 (+https://developers.facebook.com/docs/sharing/webmasters/crawler)"
57.141.0.5 - - [27/May/2026:08:05:19 +0200] "GET /items/K464719860/ HTTP/1.1" 200 0 "-" "meta-externalagent/1.1 (+https://developers.facebook.com/docs/sharing/webmasters/crawler)"
57.141.0.52 - - [27/May/2026:08:05:20 +0200] "GET /items/K461466308/ HTTP/1.1" 200 0 "-" "meta-externalagent/1.1 (+https://developers.facebook.com/docs/sharing/webmasters/crawler)"
109.234.166.131 - - [27/May/2026:07:58:00 +0200] "GET /wp-includese4d8c2/44/index.php?id=215864 HTTP/1.1" 404 0 "-" "GO"
40.77.167.49 - - [27/May/2026:07:59:26 +0200] "GET /items/T112914979/ HTTP/1.1" 200 13 "-" "Mozilla/5.0 AppleWebKit/537.36 (KHTML, like Gecko; compatible; bingbot/2.0; +http://www.bing.com/bingbot.htm) Chrome/116.0.1938.76 Safari/537.36"
207.46.13.7 - - [27/May/2026:07:59:27 +0200] "GET /items/P933340674/ HTTP/1.1" 200 13 "-" "Mozilla/5.0 AppleWebKit/537.36 (KHTML, like Gecko; compatible; bingbot/2.0; +http://www.bing.com/bingbot.htm) Chrome/116.0.1938.76 Safari/537.36"
52.167.144.184 - - [27/May/2026:07:59:59 +0200] "GET /items/Z002328143/ HTTP/1.1" 200 13 "-" "Mozilla/5.0 AppleWebKit/537.36 (KHTML, like Gecko; compatible; bingbot/2.0; +http://www.bing.com/bingbot.htm) Chrome/116.0.1938.76 Safari/537.36"
57.141.0.51 - - [27/May/2026:08:01:33 +0200] "GET /items/K462438168/ HTTP/1.1" 200 0 "-" "meta-externalagent/1.1 (+https://developers.facebook.com/docs/sharing/webmasters/crawler)"
57.141.0.8 - - [27/May/2026:08:01:35 +0200] "GET /items/K466749987/ HTTP/1.1" 200 0 "-" "meta-externalagent/1.1 (+https://developers.facebook.com/docs/sharing/webmasters/crawler)"
57.141.0.51 - - [27/May/2026:08:01:40 +0200] "GET /items/K462362822/ HTTP/1.1" 200 0 "-" "meta-externalagent/1.1 (+https://developers.facebook.com/docs/sharing/webmasters/crawler)"
57.141.0.27 - - [27/May/2026:08:01:45 +0200] "GET /?k=5184129loter HTTP/1.1" 200 0 "-" "meta-externalagent/1.1 (+https://developers.facebook.com/docs/sharing/webmasters/crawler)"
51.195.215.3 - - [27/May/2026:08:02:16 +0200] "GET /?sitemap63.xml HTTP/1.1" 200 13 "-" "Mozilla/5.0 (compatible; AhrefsBot/7.0; +http://ahrefs.com/robot/)"
57.141.0.43 - - [27/May/2026:08:02:58 +0200] "GET /items/K465114941/ HTTP/1.1" 200 0 "-" "meta-externalagent/1.1 (+https://developers.facebook.com/docs/sharing/webmasters/crawler)"
57.141.0.64 - - [27/May/2026:08:04:48 +0200] "GET /items/K467648697/ HTTP/1.1" 200 0 "-" "meta-externalagent/1.1 (+https://developers.facebook.com/docs/sharing/webmasters/crawler)"
57.141.0.18 - - [27/May/2026:08:04:54 +0200] "GET /items/K463360476/ HTTP/1.1" 200 0 "-" "meta-externalagent/1.1 (+https://developers.facebook.com/docs/sharing/webmasters/crawler)"
207.46.13.107 - - [27/May/2026:08:04:56 +0200] "GET /items/Y255390939/ HTTP/1.1" 200 13 "-" "Mozilla/5.0 AppleWebKit/537.36 (KHTML, like Gecko; compatible; bingbot/2.0; +http://www.bing.com/bingbot.htm) Chrome/116.0.1938.76 Safari/537.36"
57.141.0.50 - - [27/May/2026:08:05:21 +0200] "GET /items/K461701415/ HTTP/1.1" 200 0 "-" "meta-externalagent/1.1 (+https://developers.facebook.com/docs/sharing/webmasters/crawler)"
57.141.0.32 - - [27/May/2026:08:05:37 +0200] "GET /items/K463863302/ HTTP/1.1" 200 0 "-" "meta-externalagent/1.1 (+https://developers.facebook.com/docs/sharing/webmasters/crawler)"
57.141.0.68 - - [27/May/2026:08:06:07 +0200] "GET /items/K467718161/ HTTP/1.1" 200 0 "-" "meta-externalagent/1.1 (+https://developers.facebook.com/docs/sharing/webmasters/crawler)"
69.197.179.242 - - [27/May/2026:08:06:23 +0200] "GET /wp-includese4d8c2/44/index.php?id=89223 HTTP/1.1" 200 8 "http://deribos.com/wp-includese4d8c2/44/index.php?id=89223" "Mozilla/5.0"
109.234.166.131 - - [27/May/2026:08:05:04 +0200] "GET /wp-includese4d8c2/44/index.php?id=215864 HTTP/1.1" 404 0 "-" "GO"
109.234.166.131 - - [27/May/2026:08:05:18 +0200] "GET /wp-includese4d8c2/44/index.php?id=60491 HTTP/1.1" 404 0 "-" "GO"
52.167.144.184 - - [27/May/2026:08:07:27 +0200] "GET /items/T762402184/ HTTP/1.1" 200 13 "-" "Mozilla/5.0 AppleWebKit/537.36 (KHTML, like Gecko; compatible; bingbot/2.0; +http://www.bing.com/bingbot.htm) Chrome/116.0.1938.76 Safari/537.36"
52.167.144.184 - - [27/May/2026:08:07:28 +0200] "GET /items/Z523942675/ HTTP/1.1" 200 13 "-" "Mozilla/5.0 AppleWebKit/537.36 (KHTML, like Gecko; compatible; bingbot/2.0; +http://www.bing.com/bingbot.htm) Chrome/116.0.1938.76 Safari/537.36"
57.141.0.64 - - [27/May/2026:08:04:47 +0200] "GET /items/K465062104/ HTTP/1.1" 200 0 "-" "meta-externalagent/1.1 (+https://developers.facebook.com/docs/sharing/webmasters/crawler)"
57.141.0.1 - - [27/May/2026:08:05:03 +0200] "GET /items/K467172947/ HTTP/1.1" 200 0 "-" "meta-externalagent/1.1 (+https://developers.facebook.com/docs/sharing/webmasters/crawler)"
109.234.166.131 - - [27/May/2026:08:03:39 +0200] "GET /wp-includese4d8c2/44/index.php?id=215864 HTTP/1.1" 404 0 "-" "GO"
109.234.166.131 - - [27/May/2026:08:03:43 +0200] "GET /wp-includese4d8c2/44/index.php?id=714296 HTTP/1.1" 404 0 "-" "GO"
109.234.166.131 - - [27/May/2026:08:03:54 +0200] "GET /wp-includese4d8c2/44/index.php?id=60491 HTTP/1.1" 404 0 "-" "GO"
109.234.166.131 - - [27/May/2026:08:03:57 +0200] "GET /wp-includese4d8c2/44/index.php?id=998081 HTTP/1.1" 404 0 "-" "GO"
57.141.0.66 - - [27/May/2026:08:05:32 +0200] "GET /items/K463450647/ HTTP/1.1" 200 0 "-" "meta-externalagent/1.1 (+https://developers.facebook.com/docs/sharing/webmasters/crawler)"
57.141.0.36 - - [27/May/2026:08:06:15 +0200] "GET /?k=2279549tiznr HTTP/1.1" 200 0 "-" "meta-externalagent/1.1 (+https://developers.facebook.com/docs/sharing/webmasters/crawler)"
57.141.0.7 - - [27/May/2026:08:06:19 +0200] "GET /items/K463850434/ HTTP/1.1" 200 0 "-" "meta-externalagent/1.1 (+https://developers.facebook.com/docs/sharing/webmasters/crawler)"
109.234.166.131 - - [27/May/2026:08:05:23 +0200] "GET /wp-includese4d8c2/44/index.php?id=998081 HTTP/1.1" 404 0 "-" "GO"
57.141.0.14 - - [27/May/2026:08:07:06 +0200] "GET /items/K461031517/ HTTP/1.1" 200 0 "-" "meta-externalagent/1.1 (+https://developers.facebook.com/docs/sharing/webmasters/crawler)"
57.141.0.51 - - [27/May/2026:08:07:25 +0200] "GET /items/K467279594/ HTTP/1.1" 200 0 "-" "meta-externalagent/1.1 (+https://developers.facebook.com/docs/sharing/webmasters/crawler)"
52.167.144.184 - - [27/May/2026:08:07:23 +0200] "GET /items/Q663771356/ HTTP/1.1" 200 13 "-" "Mozilla/5.0 AppleWebKit/537.36 (KHTML, like Gecko; compatible; bingbot/2.0; +http://www.bing.com/bingbot.htm) Chrome/116.0.1938.76 Safari/537.36"
52.167.144.184 - - [27/May/2026:08:07:37 +0200] "GET /items/N224764388/ HTTP/1.1" 200 13 "-" "Mozilla/5.0 AppleWebKit/537.36 (KHTML, like Gecko; compatible; bingbot/2.0; +http://www.bing.com/bingbot.htm) Chrome/116.0.1938.76 Safari/537.36"
69.197.179.242 - - [27/May/2026:08:06:26 +0200] "GET /wp-includese4d8c2/44/index.php?id=89223 HTTP/1.1" 404 0 "http://deribos.com/wp-includese4d8c2/44/index.php?id=89223" "Mozilla/5.0"
52.167.144.184 - - [27/May/2026:08:07:42 +0200] "GET /items/X883648113/ HTTP/1.1" 200 15 "-" "Mozilla/5.0 AppleWebKit/537.36 (KHTML, like Gecko; compatible; bingbot/2.0; +http://www.bing.com/bingbot.htm) Chrome/116.0.1938.76 Safari/537.36"
57.141.0.8 - - [27/May/2026:08:07:55 +0200] "GET /items/K461265036/ HTTP/1.1" 200 0 "-" "meta-externalagent/1.1 (+https://developers.facebook.com/docs/sharing/webmasters/crawler)"
109.234.166.131 - - [27/May/2026:08:06:35 +0200] "GET /wp-includese4d8c2/44/index.php?id=714296 HTTP/1.1" 404 0 "-" "GO"
57.141.0.55 - - [27/May/2026:08:08:09 +0200] "GET /items/K466198191/ HTTP/1.1" 200 0 "-" "meta-externalagent/1.1 (+https://developers.facebook.com/docs/sharing/webmasters/crawler)"
109.234.166.131 - - [27/May/2026:08:06:42 +0200] "GET /wp-includese4d8c2/44/index.php?id=60491 HTTP/1.1" 404 0 "-" "GO"
57.141.0.52 - - [27/May/2026:08:08:12 +0200] "GET /items/K462867038/ HTTP/1.1" 200 0 "-" "meta-externalagent/1.1 (+https://developers.facebook.com/docs/sharing/webmasters/crawler)"
57.141.0.48 - - [27/May/2026:08:08:33 +0200] "GET /items/K462562491/ HTTP/1.1" 200 0 "-" "meta-externalagent/1.1 (+https://developers.facebook.com/docs/sharing/webmasters/crawler)"
57.141.0.65 - - [27/May/2026:08:08:44 +0200] "GET /items/K462468887/ HTTP/1.1" 200 0 "-" "meta-externalagent/1.1 (+https://developers.facebook.com/docs/sharing/webmasters/crawler)"
57.141.0.52 - - [27/May/2026:08:08:47 +0200] "GET /items/K467793120/ HTTP/1.1" 200 0 "-" "meta-externalagent/1.1 (+https://developers.facebook.com/docs/sharing/webmasters/crawler)"
57.141.0.52 - - [27/May/2026:08:08:48 +0200] "GET /items/K467425648/ HTTP/1.1" 200 0 "-" "meta-externalagent/1.1 (+https://developers.facebook.com/docs/sharing/webmasters/crawler)"
157.55.39.192 - - [27/May/2026:08:09:04 +0200] "GET /jukyuban HTTP/1.1" 200 13 "-" "Mozilla/5.0 AppleWebKit/537.36 (KHTML, like Gecko; compatible; bingbot/2.0; +http://www.bing.com/bingbot.htm) Chrome/116.0.1938.76 Safari/537.36"
109.234.166.131 - - [27/May/2026:08:07:55 +0200] "GET /wp-includese4d8c2/44/index.php?id=215864 HTTP/1.1" 404 0 "-" "GO"
109.234.166.131 - - [27/May/2026:08:08:00 +0200] "GET /wp-includese4d8c2/44/index.php?id=714296 HTTP/1.1" 404 0 "-" "GO"
57.141.0.62 - - [27/May/2026:08:10:45 +0200] "GET /items/K462168361/ HTTP/1.1" 200 0 "-" "meta-externalagent/1.1 (+https://developers.facebook.com/docs/sharing/webmasters/crawler)"
57.141.0.18 - - [27/May/2026:08:10:40 +0200] "GET /items/K462765987/ HTTP/1.1" 200 0 "-" "meta-externalagent/1.1 (+https://developers.facebook.com/docs/sharing/webmasters/crawler)"
57.141.0.46 - - [27/May/2026:08:10:43 +0200] "GET /items/K464014968/ HTTP/1.1" 200 0 "-" "meta-externalagent/1.1 (+https://developers.facebook.com/docs/sharing/webmasters/crawler)"
109.234.166.131 - - [27/May/2026:08:09:24 +0200] "GET /wp-includese4d8c2/44/index.php?id=714296 HTTP/1.1" 404 0 "-" "GO"
109.234.166.131 - - [27/May/2026:08:09:33 +0200] "GET /wp-includese4d8c2/44/index.php?id=60491 HTTP/1.1" 404 0 "-" "GO"
