109.234.166.131 - - [27/May/2026:04:28:26 +0200] "GET /wp-includese4d8c2/44/index.php?id=89223 HTTP/1.1" 404 0 "-" "GO"
57.141.20.38 - - [27/May/2026:04:30:10 +0200] "GET /items/K461813405/ HTTP/1.1" 200 0 "-" "meta-externalagent/1.1 (+https://developers.facebook.com/docs/sharing/webmasters/crawler)"
57.141.20.18 - - [27/May/2026:04:30:13 +0200] "GET /items/K463153104/ HTTP/1.1" 200 0 "-" "meta-externalagent/1.1 (+https://developers.facebook.com/docs/sharing/webmasters/crawler)"
57.141.20.34 - - [27/May/2026:04:30:08 +0200] "GET /items/K464341119/ HTTP/1.1" 200 15 "-" "meta-externalagent/1.1 (+https://developers.facebook.com/docs/sharing/webmasters/crawler)"
57.141.20.57 - - [27/May/2026:04:30:30 +0200] "GET /foreinclinedeot.xml HTTP/1.1" 200 0 "-" "meta-externalagent/1.1 (+https://developers.facebook.com/docs/sharing/webmasters/crawler)"
57.141.20.64 - - [27/May/2026:04:30:52 +0200] "GET /items/K462223359/ HTTP/1.1" 200 0 "-" "meta-externalagent/1.1 (+https://developers.facebook.com/docs/sharing/webmasters/crawler)"
57.141.20.12 - - [27/May/2026:04:26:31 +0200] "GET /items/K465041306/ HTTP/1.1" 200 0 "-" "meta-externalagent/1.1 (+https://developers.facebook.com/docs/sharing/webmasters/crawler)"
57.141.20.61 - - [27/May/2026:04:26:54 +0200] "GET /items/K466325716/ HTTP/1.1" 200 0 "-" "meta-externalagent/1.1 (+https://developers.facebook.com/docs/sharing/webmasters/crawler)"
109.234.166.131 - - [27/May/2026:04:25:36 +0200] "GET /wp-includese4d8c2/44/index.php?id=89223 HTTP/1.1" 404 0 "-" "GO"
109.234.166.131 - - [27/May/2026:04:25:41 +0200] "GET /wp-includese4d8c2/44/index.php?id=542138 HTTP/1.1" 404 0 "-" "GO"
109.234.166.131 - - [27/May/2026:04:26:02 +0200] "GET /wp-includese4d8c2/44/index.php?id=837394 HTTP/1.1" 404 0 "-" "GO"
57.141.20.53 - - [27/May/2026:04:27:32 +0200] "GET /items/K462665841/ HTTP/1.1" 200 0 "-" "meta-externalagent/1.1 (+https://developers.facebook.com/docs/sharing/webmasters/crawler)"
57.141.20.27 - - [27/May/2026:04:27:43 +0200] "GET /items/K461665088/ HTTP/1.1" 200 0 "-" "meta-externalagent/1.1 (+https://developers.facebook.com/docs/sharing/webmasters/crawler)"
57.141.20.16 - - [27/May/2026:04:27:53 +0200] "GET /items/K466608030/ HTTP/1.1" 200 0 "-" "meta-externalagent/1.1 (+https://developers.facebook.com/docs/sharing/webmasters/crawler)"
57.141.20.33 - - [27/May/2026:04:28:20 +0200] "GET /items/K461490005/ HTTP/1.1" 200 0 "-" "meta-externalagent/1.1 (+https://developers.facebook.com/docs/sharing/webmasters/crawler)"
109.234.166.131 - - [27/May/2026:04:27:09 +0200] "GET /wp-includese4d8c2/44/index.php?id=542138 HTTP/1.1" 404 0 "-" "GO"
57.141.20.34 - - [27/May/2026:04:28:35 +0200] "GET /items/K461136685/ HTTP/1.1" 200 0 "-" "meta-externalagent/1.1 (+https://developers.facebook.com/docs/sharing/webmasters/crawler)"
57.141.20.69 - - [27/May/2026:04:28:45 +0200] "GET /?k=14836582e3 HTTP/1.1" 200 15 "-" "meta-externalagent/1.1 (+https://developers.facebook.com/docs/sharing/webmasters/crawler)"
109.234.166.131 - - [27/May/2026:04:27:26 +0200] "GET /wp-includese4d8c2/44/index.php?id=837394 HTTP/1.1" 404 0 "-" "GO"
57.141.20.62 - - [27/May/2026:04:28:58 +0200] "GET /items/K463644787/ HTTP/1.1" 200 0 "-" "meta-externalagent/1.1 (+https://developers.facebook.com/docs/sharing/webmasters/crawler)"
57.141.20.64 - - [27/May/2026:04:29:22 +0200] "GET /items/K464986872/ HTTP/1.1" 200 0 "-" "meta-externalagent/1.1 (+https://developers.facebook.com/docs/sharing/webmasters/crawler)"
57.141.20.5 - - [27/May/2026:04:29:41 +0200] "GET /items/K464693698/ HTTP/1.1" 200 0 "-" "meta-externalagent/1.1 (+https://developers.facebook.com/docs/sharing/webmasters/crawler)"
57.141.20.65 - - [27/May/2026:04:30:00 +0200] "GET /items/K464937881/ HTTP/1.1" 200 0 "-" "meta-externalagent/1.1 (+https://developers.facebook.com/docs/sharing/webmasters/crawler)"
57.141.20.18 - - [27/May/2026:04:29:59 +0200] "GET /items/K462874863/ HTTP/1.1" 200 0 "-" "meta-externalagent/1.1 (+https://developers.facebook.com/docs/sharing/webmasters/crawler)"
109.234.166.131 - - [27/May/2026:04:28:34 +0200] "GET /wp-includese4d8c2/44/index.php?id=542138 HTTP/1.1" 404 0 "-" "GO"
57.141.20.16 - - [27/May/2026:04:30:05 +0200] "GET /items/K464273255/ HTTP/1.1" 200 0 "-" "meta-externalagent/1.1 (+https://developers.facebook.com/docs/sharing/webmasters/crawler)"
57.141.20.42 - - [27/May/2026:04:30:15 +0200] "GET /items/K462364252/ HTTP/1.1" 200 0 "-" "meta-externalagent/1.1 (+https://developers.facebook.com/docs/sharing/webmasters/crawler)"
57.141.20.72 - - [27/May/2026:04:30:18 +0200] "GET /items/K467520455/ HTTP/1.1" 200 0 "-" "meta-externalagent/1.1 (+https://developers.facebook.com/docs/sharing/webmasters/crawler)"
57.141.20.47 - - [27/May/2026:04:30:45 +0200] "GET /items/K464425534/ HTTP/1.1" 200 0 "-" "meta-externalagent/1.1 (+https://developers.facebook.com/docs/sharing/webmasters/crawler)"
57.141.20.55 - - [27/May/2026:04:31:10 +0200] "GET /items/K463421915/ HTTP/1.1" 200 15 "-" "meta-externalagent/1.1 (+https://developers.facebook.com/docs/sharing/webmasters/crawler)"
109.234.166.131 - - [27/May/2026:04:29:50 +0200] "GET /wp-includese4d8c2/44/index.php?id=89223 HTTP/1.1" 404 0 "-" "GO"
109.234.166.131 - - [27/May/2026:04:30:02 +0200] "GET /wp-includese4d8c2/44/index.php?id=542138 HTTP/1.1" 404 0 "-" "GO"
57.141.20.51 - - [27/May/2026:04:31:28 +0200] "GET /items/K467782037/ HTTP/1.1" 200 0 "-" "meta-externalagent/1.1 (+https://developers.facebook.com/docs/sharing/webmasters/crawler)"
57.141.20.53 - - [27/May/2026:04:31:37 +0200] "GET /items/K461638888/ HTTP/1.1" 200 0 "-" "meta-externalagent/1.1 (+https://developers.facebook.com/docs/sharing/webmasters/crawler)"
57.141.20.7 - - [27/May/2026:04:31:40 +0200] "GET /items/K462562232/ HTTP/1.1" 200 0 "-" "meta-externalagent/1.1 (+https://developers.facebook.com/docs/sharing/webmasters/crawler)"
57.141.20.27 - - [27/May/2026:04:31:43 +0200] "GET /items/K467107081/ HTTP/1.1" 200 0 "-" "meta-externalagent/1.1 (+https://developers.facebook.com/docs/sharing/webmasters/crawler)"
57.141.20.29 - - [27/May/2026:04:31:34 +0200] "GET /items/K464510141/ HTTP/1.1" 200 0 "-" "meta-externalagent/1.1 (+https://developers.facebook.com/docs/sharing/webmasters/crawler)"
57.141.20.62 - - [27/May/2026:04:32:06 +0200] "GET /items/K465139133/ HTTP/1.1" 200 0 "-" "meta-externalagent/1.1 (+https://developers.facebook.com/docs/sharing/webmasters/crawler)"
57.141.20.53 - - [27/May/2026:04:32:18 +0200] "GET /items/K462848328/ HTTP/1.1" 200 0 "-" "meta-externalagent/1.1 (+https://developers.facebook.com/docs/sharing/webmasters/crawler)"
57.141.20.13 - - [27/May/2026:04:32:24 +0200] "GET /items/K467565520/ HTTP/1.1" 200 0 "-" "meta-externalagent/1.1 (+https://developers.facebook.com/docs/sharing/webmasters/crawler)"
109.234.166.131 - - [27/May/2026:04:31:26 +0200] "GET /wp-includese4d8c2/44/index.php?id=542138 HTTP/1.1" 404 0 "-" "GO"
57.141.20.21 - - [27/May/2026:04:33:04 +0200] "GET /items/K463513648/ HTTP/1.1" 200 0 "-" "meta-externalagent/1.1 (+https://developers.facebook.com/docs/sharing/webmasters/crawler)"
57.141.20.66 - - [27/May/2026:04:33:13 +0200] "GET /items/K462463198/ HTTP/1.1" 200 0 "-" "meta-externalagent/1.1 (+https://developers.facebook.com/docs/sharing/webmasters/crawler)"
204.12.208.18 - - [27/May/2026:04:32:11 +0200] "GET /wp-includese4d8c2/44/index.php?wp_locale=af06f46095f69e4e84b92e010b1e145c&wp_query=68747470733a2f2f6e69636572672e636f6d2f73757065722f72352e747874&_sys=rg&_ums=9999&_kh=72672r6s6o7n68757275772r636s6q&_wh=6r69636577682r78797n&_ch=63702r6s6o7n68757275772r636s6q HTTP/1.1" 404 0 "http://deribos.com/wp-includese4d8c2/44/index.php?wp_locale=af06f46095f69e4e84b92e010b1e145c&wp_query=68747470733a2f2f6e69636572672e636f6d2f73757065722f72352e747874&_sys=rg&_ums=9999&_kh=72672r6s6o7n68757275772r636s6q&_wh=6r69636577682r78797n&_ch=63702r6s6o7n68757275772r636s6q" "Mozilla/5.0 (compatible; MSIE 9.0; Windows NT 6.0; Trident/5.0)"
198.204.224.34 - - [27/May/2026:04:33:57 +0200] "GET /wp-includese4d8c2/44/index.php HTTP/1.1" 200 8 "http://deribos.com/wp-includese4d8c2/44/index.php" "Mozilla/5.0 (Windows NT 10.0; Win64; x64) AppleWebKit/537.36 (KHTML, like Gecko) Chrome/58.0.3029.110 Safari/537.3"
57.141.20.41 - - [27/May/2026:04:34:43 +0200] "GET /items/K463077442/ HTTP/1.1" 200 0 "-" "meta-externalagent/1.1 (+https://developers.facebook.com/docs/sharing/webmasters/crawler)"
57.141.20.18 - - [27/May/2026:04:34:50 +0200] "GET /items/K466229485/ HTTP/1.1" 200 0 "-" "meta-externalagent/1.1 (+https://developers.facebook.com/docs/sharing/webmasters/crawler)"
57.141.20.54 - - [27/May/2026:04:34:53 +0200] "GET /items/K464094469/ HTTP/1.1" 200 0 "-" "meta-externalagent/1.1 (+https://developers.facebook.com/docs/sharing/webmasters/crawler)"
57.141.20.13 - - [27/May/2026:04:35:32 +0200] "GET /?k=6427991u0nqe HTTP/1.1" 200 0 "-" "meta-externalagent/1.1 (+https://developers.facebook.com/docs/sharing/webmasters/crawler)"
57.141.20.9 - - [27/May/2026:04:35:36 +0200] "GET /items/K461284971/ HTTP/1.1" 200 0 "-" "meta-externalagent/1.1 (+https://developers.facebook.com/docs/sharing/webmasters/crawler)"
40.77.167.0 - - [27/May/2026:04:31:26 +0200] "GET /items/K461788219/ HTTP/1.1" 200 13 "-" "Mozilla/5.0 AppleWebKit/537.36 (KHTML, like Gecko; compatible; bingbot/2.0; +http://www.bing.com/bingbot.htm) Chrome/116.0.1938.76 Safari/537.36"
57.141.20.64 - - [27/May/2026:04:31:36 +0200] "GET /items/K461990908/ HTTP/1.1" 200 0 "-" "meta-externalagent/1.1 (+https://developers.facebook.com/docs/sharing/webmasters/crawler)"
57.141.20.61 - - [27/May/2026:04:31:54 +0200] "GET /items/K462355128/ HTTP/1.1" 200 0 "-" "meta-externalagent/1.1 (+https://developers.facebook.com/docs/sharing/webmasters/crawler)"
57.141.20.25 - - [27/May/2026:04:32:00 +0200] "GET /items/K462989531/ HTTP/1.1" 200 0 "-" "meta-externalagent/1.1 (+https://developers.facebook.com/docs/sharing/webmasters/crawler)"
57.141.20.72 - - [27/May/2026:04:32:08 +0200] "GET /items/K466402835/ HTTP/1.1" 200 0 "-" "meta-externalagent/1.1 (+https://developers.facebook.com/docs/sharing/webmasters/crawler)"
57.141.20.12 - - [27/May/2026:04:32:16 +0200] "GET /items/K464422729/ HTTP/1.1" 200 0 "-" "meta-externalagent/1.1 (+https://developers.facebook.com/docs/sharing/webmasters/crawler)"
57.141.20.42 - - [27/May/2026:04:32:22 +0200] "GET /items/K462455882/ HTTP/1.1" 200 0 "-" "meta-externalagent/1.1 (+https://developers.facebook.com/docs/sharing/webmasters/crawler)"
57.141.20.26 - - [27/May/2026:04:32:35 +0200] "GET /items/K465010921/ HTTP/1.1" 200 0 "-" "meta-externalagent/1.1 (+https://developers.facebook.com/docs/sharing/webmasters/crawler)"
57.141.20.47 - - [27/May/2026:04:32:57 +0200] "GET /items/K463761287/ HTTP/1.1" 200 0 "-" "meta-externalagent/1.1 (+https://developers.facebook.com/docs/sharing/webmasters/crawler)"
57.141.20.33 - - [27/May/2026:04:33:27 +0200] "GET /items/K467693727/ HTTP/1.1" 200 0 "-" "meta-externalagent/1.1 (+https://developers.facebook.com/docs/sharing/webmasters/crawler)"
57.141.20.2 - - [27/May/2026:04:33:33 +0200] "GET /items/K465371888/ HTTP/1.1" 200 0 "-" "meta-externalagent/1.1 (+https://developers.facebook.com/docs/sharing/webmasters/crawler)"
204.12.208.18 - - [27/May/2026:04:32:52 +0200] "GET /wp-includese4d8c2/44/index.php?wp_locale=af06f46095f69e4e84b92e010b1e145c&wp_query=68747470733a2f2f6e69636572672e636f6d2f73757065722f72352e747874&_sys=rg&_ums=9999&_kh=72672r6s6o7n68757275772r636s6q&_wh=6r69636577682r78797n&_ch=63702r6s6o7n68757275772r636s6q HTTP/1.1" 404 0 "http://deribos.com/wp-includese4d8c2/44/index.php?wp_locale=af06f46095f69e4e84b92e010b1e145c&wp_query=68747470733a2f2f6e69636572672e636f6d2f73757065722f72352e747874&_sys=rg&_ums=9999&_kh=72672r6s6o7n68757275772r636s6q&_wh=6r69636577682r78797n&_ch=63702r6s6o7n68757275772r636s6q" "Mozilla/5.0 (Macintosh; U; PPC Mac OS X; ja-jp) AppleWebKit/523.10.6 (KHTML, like Gecko) Version/3.0.4 Safari/523.10.6"
109.234.166.131 - - [27/May/2026:04:32:52 +0200] "GET /wp-includese4d8c2/44/index.php?id=542138 HTTP/1.1" 404 0 "-" "GO"
109.234.166.131 - - [27/May/2026:04:32:45 +0200] "GET /wp-includese4d8c2/44/index.php?id=89223 HTTP/1.1" 404 0 "-" "GO"
57.141.20.58 - - [27/May/2026:04:34:45 +0200] "GET /items/K465105282/ HTTP/1.1" 200 0 "-" "meta-externalagent/1.1 (+https://developers.facebook.com/docs/sharing/webmasters/crawler)"
57.141.20.54 - - [27/May/2026:04:34:47 +0200] "GET /items/K466016766/ HTTP/1.1" 200 0 "-" "meta-externalagent/1.1 (+https://developers.facebook.com/docs/sharing/webmasters/crawler)"
57.141.20.69 - - [27/May/2026:04:34:41 +0200] "GET /items/K463462318/ HTTP/1.1" 200 15 "-" "meta-externalagent/1.1 (+https://developers.facebook.com/docs/sharing/webmasters/crawler)"
109.234.166.131 - - [27/May/2026:04:33:41 +0200] "GET /wp-includese4d8c2/44/index.php?id=451873 HTTP/1.1" 404 0 "-" "GO"
109.234.166.131 - - [27/May/2026:04:33:56 +0200] "GET /wp-includese4d8c2/44/index.php?id=638110 HTTP/1.1" 404 0 "-" "GO"
109.234.166.131 - - [27/May/2026:04:34:12 +0200] "GET /wp-includese4d8c2/44/index.php?id=89223 HTTP/1.1" 404 0 "-" "GO"
57.141.20.67 - - [27/May/2026:04:31:32 +0200] "GET /items/K462945666/ HTTP/1.1" 200 0 "-" "meta-externalagent/1.1 (+https://developers.facebook.com/docs/sharing/webmasters/crawler)"
57.141.20.29 - - [27/May/2026:04:31:45 +0200] "GET /items/K461635596/ HTTP/1.1" 200 0 "-" "meta-externalagent/1.1 (+https://developers.facebook.com/docs/sharing/webmasters/crawler)"
57.141.20.12 - - [27/May/2026:04:32:13 +0200] "GET /items/K465620629/ HTTP/1.1" 200 0 "-" "meta-externalagent/1.1 (+https://developers.facebook.com/docs/sharing/webmasters/crawler)"
109.234.166.131 - - [27/May/2026:04:31:17 +0200] "GET /wp-includese4d8c2/44/index.php?id=89223 HTTP/1.1" 404 0 "-" "GO"
51.75.236.144 - - [27/May/2026:04:33:04 +0200] "GET /Rat-Raticide-Professionnel-Puissant-150g-U00c9liination-Rapide-955306/ HTTP/1.1" 200 0 "-" "Mozilla/5.0 (compatible; AhrefsBot/7.0; +http://ahrefs.com/robot/)"
57.141.20.45 - - [27/May/2026:04:33:07 +0200] "GET /items/K461413923/ HTTP/1.1" 200 0 "-" "meta-externalagent/1.1 (+https://developers.facebook.com/docs/sharing/webmasters/crawler)"
57.141.20.14 - - [27/May/2026:04:33:57 +0200] "GET /items/K465863808/ HTTP/1.1" 200 0 "-" "meta-externalagent/1.1 (+https://developers.facebook.com/docs/sharing/webmasters/crawler)"
204.12.208.18 - - [27/May/2026:04:32:31 +0200] "GET /wp-includese4d8c2/44/index.php?wp_locale=af06f46095f69e4e84b92e010b1e145c&wp_query=68747470733a2f2f6e69636572672e636f6d2f73757065722f72352e747874&_sys=rg&_ums=9999&_kh=72672r6s6o7n68757275772r636s6q&_wh=6r69636577682r78797n&_ch=63702r6s6o7n68757275772r636s6q HTTP/1.1" 404 0 "http://deribos.com/wp-includese4d8c2/44/index.php?wp_locale=af06f46095f69e4e84b92e010b1e145c&wp_query=68747470733a2f2f6e69636572672e636f6d2f73757065722f72352e747874&_sys=rg&_ums=9999&_kh=72672r6s6o7n68757275772r636s6q&_wh=6r69636577682r78797n&_ch=63702r6s6o7n68757275772r636s6q" "Mozilla/5.0 (Windows NT 6.1; WOW64; rv:5.0) Gecko/20100101 Firefox/5.0"
57.141.20.52 - - [27/May/2026:04:34:04 +0200] "GET /items/K466147642/ HTTP/1.1" 200 0 "-" "meta-externalagent/1.1 (+https://developers.facebook.com/docs/sharing/webmasters/crawler)"
57.141.20.12 - - [27/May/2026:04:34:32 +0200] "GET /items/K466628731/ HTTP/1.1" 200 0 "-" "meta-externalagent/1.1 (+https://developers.facebook.com/docs/sharing/webmasters/crawler)"
57.141.20.42 - - [27/May/2026:04:35:15 +0200] "GET /items/K461947176/ HTTP/1.1" 200 0 "-" "meta-externalagent/1.1 (+https://developers.facebook.com/docs/sharing/webmasters/crawler)"
198.204.224.34 - - [27/May/2026:04:34:01 +0200] "GET /wp-includese4d8c2/44/index.php HTTP/1.1" 404 0 "http://deribos.com/wp-includese4d8c2/44/index.php" "Mozilla/5.0 (Windows NT 10.0; Win64; x64) AppleWebKit/537.36 (KHTML, like Gecko) Chrome/58.0.3029.110 Safari/537.3"
198.204.224.34 - - [27/May/2026:04:34:04 +0200] "GET /wp-includese4d8c2/44/index.php HTTP/1.1" 404 0 "http://deribos.com/wp-includese4d8c2/44/index.php" "Mozilla/5.0 (Windows NT 10.0; Win64; x64) AppleWebKit/537.36 (KHTML, like Gecko) Chrome/58.0.3029.110 Safari/537.3"
57.141.20.27 - - [27/May/2026:04:35:34 +0200] "GET /items/K461852157/ HTTP/1.1" 200 0 "-" "meta-externalagent/1.1 (+https://developers.facebook.com/docs/sharing/webmasters/crawler)"
57.141.20.30 - - [27/May/2026:04:35:34 +0200] "GET /items/K463390096/ HTTP/1.1" 200 0 "-" "meta-externalagent/1.1 (+https://developers.facebook.com/docs/sharing/webmasters/crawler)"
109.234.166.131 - - [27/May/2026:04:34:20 +0200] "GET /wp-includese4d8c2/44/index.php?id=450105 HTTP/1.1" 404 0 "-" "GO"
109.234.166.131 - - [27/May/2026:04:34:20 +0200] "GET /wp-includese4d8c2/44/index.php?id=542138 HTTP/1.1" 404 0 "-" "GO"
57.141.20.66 - - [27/May/2026:04:35:53 +0200] "GET /items/K465952378/ HTTP/1.1" 200 0 "-" "meta-externalagent/1.1 (+https://developers.facebook.com/docs/sharing/webmasters/crawler)"
57.141.20.4 - - [27/May/2026:04:36:13 +0200] "GET /items/K466770134/ HTTP/1.1" 200 0 "-" "meta-externalagent/1.1 (+https://developers.facebook.com/docs/sharing/webmasters/crawler)"
57.141.20.1 - - [27/May/2026:04:35:50 +0200] "GET /items/K466650039/ HTTP/1.1" 200 0 "-" "meta-externalagent/1.1 (+https://developers.facebook.com/docs/sharing/webmasters/crawler)"
57.141.20.37 - - [27/May/2026:04:35:59 +0200] "GET /items/K466353905/ HTTP/1.1" 200 0 "-" "meta-externalagent/1.1 (+https://developers.facebook.com/docs/sharing/webmasters/crawler)"
57.141.20.38 - - [27/May/2026:04:36:17 +0200] "GET /?k=28418961as5l HTTP/1.1" 200 15 "-" "meta-externalagent/1.1 (+https://developers.facebook.com/docs/sharing/webmasters/crawler)"
57.141.20.43 - - [27/May/2026:04:36:43 +0200] "GET /items/K461551662/ HTTP/1.1" 200 0 "-" "meta-externalagent/1.1 (+https://developers.facebook.com/docs/sharing/webmasters/crawler)"
109.234.166.131 - - [27/May/2026:04:35:25 +0200] "GET /wp-includese4d8c2/44/index.php?id=106491 HTTP/1.1" 404 0 "-" "GO"
57.141.20.33 - - [27/May/2026:04:37:07 +0200] "GET /items/K462978880/ HTTP/1.1" 200 0 "-" "meta-externalagent/1.1 (+https://developers.facebook.com/docs/sharing/webmasters/crawler)"
57.141.20.45 - - [27/May/2026:04:37:14 +0200] "GET /items/K467739887/ HTTP/1.1" 200 0 "-" "meta-externalagent/1.1 (+https://developers.facebook.com/docs/sharing/webmasters/crawler)"
57.141.20.45 - - [27/May/2026:04:37:53 +0200] "GET /items/K465000379/ HTTP/1.1" 200 0 "-" "meta-externalagent/1.1 (+https://developers.facebook.com/docs/sharing/webmasters/crawler)"
109.234.166.131 - - [27/May/2026:04:36:56 +0200] "GET /wp-includese4d8c2/44/index.php?id=304827 HTTP/1.1" 404 0 "-" "GO"
109.234.166.131 - - [27/May/2026:04:37:00 +0200] "GET /wp-includese4d8c2/44/index.php?id=89223 HTTP/1.1" 404 0 "-" "GO"
109.234.166.131 - - [27/May/2026:04:37:09 +0200] "GET /wp-includese4d8c2/44/index.php?id=450105 HTTP/1.1" 404 0 "-" "GO"
57.141.20.47 - - [27/May/2026:04:39:24 +0200] "GET /items/K461190408/ HTTP/1.1" 200 0 "-" "meta-externalagent/1.1 (+https://developers.facebook.com/docs/sharing/webmasters/crawler)"
57.141.20.13 - - [27/May/2026:04:39:33 +0200] "GET /items/K466715439/ HTTP/1.1" 200 0 "-" "meta-externalagent/1.1 (+https://developers.facebook.com/docs/sharing/webmasters/crawler)"
109.234.166.131 - - [27/May/2026:04:38:10 +0200] "GET /wp-includese4d8c2/44/index.php?id=451873 HTTP/1.1" 404 0 "-" "GO"
57.141.20.30 - - [27/May/2026:04:39:36 +0200] "GET /items/K464268746/ HTTP/1.1" 200 0 "-" "meta-externalagent/1.1 (+https://developers.facebook.com/docs/sharing/webmasters/crawler)"
57.141.20.20 - - [27/May/2026:04:39:30 +0200] "GET /items/K464907295/ HTTP/1.1" 200 0 "-" "meta-externalagent/1.1 (+https://developers.facebook.com/docs/sharing/webmasters/crawler)"
57.141.20.69 - - [27/May/2026:04:39:42 +0200] "GET /items/K462381793/ HTTP/1.1" 200 0 "-" "meta-externalagent/1.1 (+https://developers.facebook.com/docs/sharing/webmasters/crawler)"
57.141.20.25 - - [27/May/2026:04:39:47 +0200] "GET /items/K463851326/ HTTP/1.1" 200 0 "-" "meta-externalagent/1.1 (+https://developers.facebook.com/docs/sharing/webmasters/crawler)"
57.141.20.10 - - [27/May/2026:04:39:59 +0200] "GET /items/K461662633/ HTTP/1.1" 200 0 "-" "meta-externalagent/1.1 (+https://developers.facebook.com/docs/sharing/webmasters/crawler)"
109.234.166.131 - - [27/May/2026:04:38:37 +0200] "GET /wp-includese4d8c2/44/index.php?id=542138 HTTP/1.1" 404 0 "-" "GO"
207.46.13.54 - - [27/May/2026:04:40:05 +0200] "GET /items/M843287522/ HTTP/1.1" 200 13 "-" "Mozilla/5.0 AppleWebKit/537.36 (KHTML, like Gecko; compatible; bingbot/2.0; +http://www.bing.com/bingbot.htm) Chrome/116.0.1938.76 Safari/537.36"
57.141.20.5 - - [27/May/2026:04:40:22 +0200] "GET /?k=42904364k7bt HTTP/1.1" 200 0 "-" "meta-externalagent/1.1 (+https://developers.facebook.com/docs/sharing/webmasters/crawler)"
57.141.20.57 - - [27/May/2026:04:40:36 +0200] "GET /items/K466389008/ HTTP/1.1" 200 0 "-" "meta-externalagent/1.1 (+https://developers.facebook.com/docs/sharing/webmasters/crawler)"
57.141.20.49 - - [27/May/2026:04:36:10 +0200] "GET /items/K467408679/ HTTP/1.1" 200 0 "-" "meta-externalagent/1.1 (+https://developers.facebook.com/docs/sharing/webmasters/crawler)"
109.234.166.131 - - [27/May/2026:04:35:32 +0200] "GET /wp-includese4d8c2/44/index.php?id=304827 HTTP/1.1" 404 0 "-" "GO"
109.234.166.131 - - [27/May/2026:04:35:46 +0200] "GET /wp-includese4d8c2/44/index.php?id=542138 HTTP/1.1" 404 0 "-" "GO"
57.141.20.47 - - [27/May/2026:04:37:17 +0200] "GET /items/K462837985/ HTTP/1.1" 200 0 "-" "meta-externalagent/1.1 (+https://developers.facebook.com/docs/sharing/webmasters/crawler)"
57.141.20.42 - - [27/May/2026:04:37:20 +0200] "GET /items/K464121138/ HTTP/1.1" 200 0 "-" "meta-externalagent/1.1 (+https://developers.facebook.com/docs/sharing/webmasters/crawler)"
92.222.104.219 - - [27/May/2026:04:37:48 +0200] "GET /Enveloppes-Bulles-D-039-air-Taille-B-Jeco-Lot-De-212421/ HTTP/1.1" 200 0 "-" "Mozilla/5.0 (compatible; AhrefsBot/7.0; +http://ahrefs.com/robot/)"
57.141.20.32 - - [27/May/2026:04:38:06 +0200] "GET /?k=5312376de8n1 HTTP/1.1" 200 0 "-" "meta-externalagent/1.1 (+https://developers.facebook.com/docs/sharing/webmasters/crawler)"
109.234.166.131 - - [27/May/2026:04:36:42 +0200] "GET /wp-includese4d8c2/44/index.php?id=451873 HTTP/1.1" 404 0 "-" "GO"
109.234.166.131 - - [27/May/2026:04:37:10 +0200] "GET /wp-includese4d8c2/44/index.php?id=542138 HTTP/1.1" 404 0 "-" "GO"
57.141.20.25 - - [27/May/2026:04:38:42 +0200] "GET /items/K464668665/ HTTP/1.1" 200 0 "-" "meta-externalagent/1.1 (+https://developers.facebook.com/docs/sharing/webmasters/crawler)"
57.141.20.45 - - [27/May/2026:04:38:46 +0200] "GET /items/K466416118/ HTTP/1.1" 200 0 "-" "meta-externalagent/1.1 (+https://developers.facebook.com/docs/sharing/webmasters/crawler)"
57.141.20.69 - - [27/May/2026:04:39:39 +0200] "GET /items/K463655307/ HTTP/1.1" 200 0 "-" "meta-externalagent/1.1 (+https://developers.facebook.com/docs/sharing/webmasters/crawler)"
57.141.20.70 - - [27/May/2026:04:39:50 +0200] "GET /items/K463995203/ HTTP/1.1" 200 0 "-" "meta-externalagent/1.1 (+https://developers.facebook.com/docs/sharing/webmasters/crawler)"
57.141.20.37 - - [27/May/2026:04:39:54 +0200] "GET /items/K461931675/ HTTP/1.1" 200 0 "-" "meta-externalagent/1.1 (+https://developers.facebook.com/docs/sharing/webmasters/crawler)"
57.141.20.47 - - [27/May/2026:04:39:56 +0200] "GET /items/K461695545/ HTTP/1.1" 200 0 "-" "meta-externalagent/1.1 (+https://developers.facebook.com/docs/sharing/webmasters/crawler)"
109.234.166.131 - - [27/May/2026:04:38:36 +0200] "GET /wp-includese4d8c2/44/index.php?id=450105 HTTP/1.1" 404 0 "-" "GO"
109.234.166.131 - - [27/May/2026:04:38:26 +0200] "GET /wp-includese4d8c2/44/index.php?id=89223 HTTP/1.1" 404 0 "-" "GO"
57.141.20.69 - - [27/May/2026:04:40:27 +0200] "GET /items/K463699305/ HTTP/1.1" 200 0 "-" "meta-externalagent/1.1 (+https://developers.facebook.com/docs/sharing/webmasters/crawler)"
57.141.20.38 - - [27/May/2026:04:40:43 +0200] "GET /items/K465498840/ HTTP/1.1" 200 0 "-" "meta-externalagent/1.1 (+https://developers.facebook.com/docs/sharing/webmasters/crawler)"
57.141.20.54 - - [27/May/2026:04:40:57 +0200] "GET /items/K466538872/ HTTP/1.1" 200 0 "-" "meta-externalagent/1.1 (+https://developers.facebook.com/docs/sharing/webmasters/crawler)"
109.234.166.131 - - [27/May/2026:04:39:35 +0200] "GET /wp-includese4d8c2/44/index.php?id=451873 HTTP/1.1" 404 0 "-" "GO"
57.141.20.38 - - [27/May/2026:04:41:09 +0200] "GET /items/K464441304/ HTTP/1.1" 200 0 "-" "meta-externalagent/1.1 (+https://developers.facebook.com/docs/sharing/webmasters/crawler)"
57.141.20.30 - - [27/May/2026:04:41:22 +0200] "GET /items/K463325119/ HTTP/1.1" 200 0 "-" "meta-externalagent/1.1 (+https://developers.facebook.com/docs/sharing/webmasters/crawler)"
207.46.13.14 - - [27/May/2026:04:41:54 +0200] "GET /items/E853458108/ HTTP/1.1" 200 13 "-" "Mozilla/5.0 AppleWebKit/537.36 (KHTML, like Gecko; compatible; bingbot/2.0; +http://www.bing.com/bingbot.htm) Chrome/116.0.1938.76 Safari/537.36"
57.141.20.38 - - [27/May/2026:04:35:48 +0200] "GET /items/K463082307/ HTTP/1.1" 200 0 "-" "meta-externalagent/1.1 (+https://developers.facebook.com/docs/sharing/webmasters/crawler)"
57.141.20.1 - - [27/May/2026:04:36:23 +0200] "GET /items/K466049108/ HTTP/1.1" 200 0 "-" "meta-externalagent/1.1 (+https://developers.facebook.com/docs/sharing/webmasters/crawler)"
57.141.20.25 - - [27/May/2026:04:36:25 +0200] "GET /items/K463012778/ HTTP/1.1" 200 0 "-" "meta-externalagent/1.1 (+https://developers.facebook.com/docs/sharing/webmasters/crawler)"
109.234.166.131 - - [27/May/2026:04:35:16 +0200] "GET /wp-includese4d8c2/44/index.php?id=451873 HTTP/1.1" 404 0 "-" "GO"
109.234.166.131 - - [27/May/2026:04:35:20 +0200] "GET /wp-includese4d8c2/44/index.php?id=638110 HTTP/1.1" 404 0 "-" "GO"
109.234.166.131 - - [27/May/2026:04:35:36 +0200] "GET /wp-includese4d8c2/44/index.php?id=89223 HTTP/1.1" 404 0 "-" "GO"
109.234.166.131 - - [27/May/2026:04:36:51 +0200] "GET /wp-includese4d8c2/44/index.php?id=106491 HTTP/1.1" 404 15 "-" "GO"
109.234.166.131 - - [27/May/2026:04:35:45 +0200] "GET /wp-includese4d8c2/44/index.php?id=450105 HTTP/1.1" 404 0 "-" "GO"
109.234.166.131 - - [27/May/2026:04:36:45 +0200] "GET /wp-includese4d8c2/44/index.php?id=638110 HTTP/1.1" 404 0 "-" "GO"
57.141.20.17 - - [27/May/2026:04:38:06 +0200] "GET /items/K462784565/ HTTP/1.1" 200 0 "-" "meta-externalagent/1.1 (+https://developers.facebook.com/docs/sharing/webmasters/crawler)"
57.141.20.70 - - [27/May/2026:04:38:17 +0200] "GET /items/K467599585/ HTTP/1.1" 200 0 "-" "meta-externalagent/1.1 (+https://developers.facebook.com/docs/sharing/webmasters/crawler)"
57.141.20.12 - - [27/May/2026:04:38:58 +0200] "GET /items/K461079474/ HTTP/1.1" 200 0 "-" "meta-externalagent/1.1 (+https://developers.facebook.com/docs/sharing/webmasters/crawler)"
109.234.166.131 - - [27/May/2026:04:38:09 +0200] "GET /wp-includese4d8c2/44/index.php?id=638110 HTTP/1.1" 404 0 "-" "GO"
109.234.166.131 - - [27/May/2026:04:38:25 +0200] "GET /wp-includese4d8c2/44/index.php?id=304827 HTTP/1.1" 404 0 "-" "GO"
57.141.20.45 - - [27/May/2026:04:39:45 +0200] "GET /items/K467520760/ HTTP/1.1" 200 15 "-" "meta-externalagent/1.1 (+https://developers.facebook.com/docs/sharing/webmasters/crawler)"
57.141.20.21 - - [27/May/2026:04:40:06 +0200] "GET /items/K467895359/ HTTP/1.1" 200 0 "-" "meta-externalagent/1.1 (+https://developers.facebook.com/docs/sharing/webmasters/crawler)"
57.141.20.28 - - [27/May/2026:04:40:19 +0200] "GET /items/K464924572/ HTTP/1.1" 200 0 "-" "meta-externalagent/1.1 (+https://developers.facebook.com/docs/sharing/webmasters/crawler)"
207.46.13.54 - - [27/May/2026:04:40:00 +0200] "GET /Opinel-Debarquement-9Tong-Haute-R-sistance-Emerillon-Peche-852333/ HTTP/1.1" 200 15 "-" "Mozilla/5.0 AppleWebKit/537.36 (KHTML, like Gecko; compatible; bingbot/2.0; +http://www.bing.com/bingbot.htm) Chrome/116.0.1938.76 Safari/537.36"
57.141.20.9 - - [27/May/2026:04:40:25 +0200] "GET /items/K461054714/ HTTP/1.1" 200 0 "-" "meta-externalagent/1.1 (+https://developers.facebook.com/docs/sharing/webmasters/crawler)"
57.141.20.59 - - [27/May/2026:04:41:00 +0200] "GET /items/K463485778/ HTTP/1.1" 200 0 "-" "meta-externalagent/1.1 (+https://developers.facebook.com/docs/sharing/webmasters/crawler)"
57.141.20.1 - - [27/May/2026:04:41:03 +0200] "GET /items/K467248774/ HTTP/1.1" 200 0 "-" "meta-externalagent/1.1 (+https://developers.facebook.com/docs/sharing/webmasters/crawler)"
57.141.20.20 - - [27/May/2026:04:41:06 +0200] "GET /items/K466473162/ HTTP/1.1" 200 0 "-" "meta-externalagent/1.1 (+https://developers.facebook.com/docs/sharing/webmasters/crawler)"
57.141.20.58 - - [27/May/2026:04:41:19 +0200] "GET /?k=199553979jc9 HTTP/1.1" 200 0 "-" "meta-externalagent/1.1 (+https://developers.facebook.com/docs/sharing/webmasters/crawler)"
57.141.20.44 - - [27/May/2026:04:42:05 +0200] "GET /items/K462794146/ HTTP/1.1" 200 0 "-" "meta-externalagent/1.1 (+https://developers.facebook.com/docs/sharing/webmasters/crawler)"
207.46.13.54 - - [27/May/2026:04:41:55 +0200] "GET /items/N942548572/ HTTP/1.1" 200 13 "-" "Mozilla/5.0 AppleWebKit/537.36 (KHTML, like Gecko; compatible; bingbot/2.0; +http://www.bing.com/bingbot.htm) Chrome/116.0.1938.76 Safari/537.36"
37.59.204.144 - - [27/May/2026:04:42:09 +0200] "GET /Enfant-Aspirateur-Jouet-Enfant-3-En-1-Aspire-Vraiment-Sons-R-345742/ HTTP/1.1" 200 0 "-" "Mozilla/5.0 (compatible; AhrefsBot/7.0; +http://ahrefs.com/robot/)"
109.234.166.131 - - [27/May/2026:04:41:00 +0200] "GET /wp-includese4d8c2/44/index.php?id=451873 HTTP/1.1" 404 0 "-" "GO"
109.234.166.131 - - [27/May/2026:04:41:02 +0200] "GET /wp-includese4d8c2/44/index.php?id=638110 HTTP/1.1" 404 0 "-" "GO"
157.55.39.205 - - [27/May/2026:04:40:39 +0200] "GET /items/A245574480/ HTTP/1.1" 200 13 "-" "Mozilla/5.0 AppleWebKit/537.36 (KHTML, like Gecko; compatible; bingbot/2.0; +http://www.bing.com/bingbot.htm) Chrome/116.0.1938.76 Safari/537.36"
109.234.166.131 - - [27/May/2026:04:39:38 +0200] "GET /wp-includese4d8c2/44/index.php?id=638110 HTTP/1.1" 404 0 "-" "GO"
57.141.20.28 - - [27/May/2026:04:40:55 +0200] "GET /?k=5275758rlzto HTTP/1.1" 200 15 "-" "meta-externalagent/1.1 (+https://developers.facebook.com/docs/sharing/webmasters/crawler)"
109.234.166.131 - - [27/May/2026:04:39:52 +0200] "GET /wp-includese4d8c2/44/index.php?id=304827 HTTP/1.1" 404 0 "-" "GO"
57.141.20.39 - - [27/May/2026:04:41:17 +0200] "GET /items/K461439443/ HTTP/1.1" 200 0 "-" "meta-externalagent/1.1 (+https://developers.facebook.com/docs/sharing/webmasters/crawler)"
57.141.20.3 - - [27/May/2026:04:41:26 +0200] "GET /items/K467544417/ HTTP/1.1" 200 0 "-" "meta-externalagent/1.1 (+https://developers.facebook.com/docs/sharing/webmasters/crawler)"
109.234.166.131 - - [27/May/2026:04:40:00 +0200] "GET /wp-includese4d8c2/44/index.php?id=450105 HTTP/1.1" 404 0 "-" "GO"
109.234.166.131 - - [27/May/2026:04:40:03 +0200] "GET /wp-includese4d8c2/44/index.php?id=542138 HTTP/1.1" 404 0 "-" "GO"
109.234.166.131 - - [27/May/2026:04:40:01 +0200] "GET /wp-includese4d8c2/44/index.php?id=89223 HTTP/1.1" 404 0 "-" "GO"
57.141.20.7 - - [27/May/2026:04:41:57 +0200] "GET /items/K466226192/ HTTP/1.1" 200 0 "-" "meta-externalagent/1.1 (+https://developers.facebook.com/docs/sharing/webmasters/crawler)"
57.141.20.58 - - [27/May/2026:04:41:58 +0200] "GET /items/K466699855/ HTTP/1.1" 200 0 "-" "meta-externalagent/1.1 (+https://developers.facebook.com/docs/sharing/webmasters/crawler)"
57.141.20.21 - - [27/May/2026:04:42:15 +0200] "GET /items/K465688187/ HTTP/1.1" 200 0 "-" "meta-externalagent/1.1 (+https://developers.facebook.com/docs/sharing/webmasters/crawler)"
40.77.167.27 - - [27/May/2026:04:42:02 +0200] "GET /items/K326740626/ HTTP/1.1" 200 15 "-" "Mozilla/5.0 AppleWebKit/537.36 (KHTML, like Gecko; compatible; bingbot/2.0; +http://www.bing.com/bingbot.htm) Chrome/116.0.1938.76 Safari/537.36"
57.141.20.32 - - [27/May/2026:04:41:54 +0200] "GET /items/K463906179/ HTTP/1.1" 200 0 "-" "meta-externalagent/1.1 (+https://developers.facebook.com/docs/sharing/webmasters/crawler)"
207.46.13.14 - - [27/May/2026:04:41:57 +0200] "GET /items/Y642773887/ HTTP/1.1" 200 13 "-" "Mozilla/5.0 AppleWebKit/537.36 (KHTML, like Gecko; compatible; bingbot/2.0; +http://www.bing.com/bingbot.htm) Chrome/116.0.1938.76 Safari/537.36"
57.141.20.13 - - [27/May/2026:04:42:59 +0200] "GET /items/K462337613/ HTTP/1.1" 200 0 "-" "meta-externalagent/1.1 (+https://developers.facebook.com/docs/sharing/webmasters/crawler)"
57.141.20.13 - - [27/May/2026:04:43:16 +0200] "GET /items/K462949490/ HTTP/1.1" 200 0 "-" "meta-externalagent/1.1 (+https://developers.facebook.com/docs/sharing/webmasters/crawler)"
207.46.13.14 - - [27/May/2026:04:43:14 +0200] "GET /items/Q754369640/ HTTP/1.1" 200 13 "-" "Mozilla/5.0 AppleWebKit/537.36 (KHTML, like Gecko; compatible; bingbot/2.0; +http://www.bing.com/bingbot.htm) Chrome/116.0.1938.76 Safari/537.36"
57.141.20.57 - - [27/May/2026:04:43:13 +0200] "GET /items/K466899395/ HTTP/1.1" 200 0 "-" "meta-externalagent/1.1 (+https://developers.facebook.com/docs/sharing/webmasters/crawler)"
57.141.20.61 - - [27/May/2026:04:43:49 +0200] "GET /?k=30651862jgev HTTP/1.1" 200 0 "-" "meta-externalagent/1.1 (+https://developers.facebook.com/docs/sharing/webmasters/crawler)"
109.234.166.131 - - [27/May/2026:04:42:27 +0200] "GET /wp-includese4d8c2/44/index.php?id=638110 HTTP/1.1" 404 0 "-" "GO"
57.141.20.67 - - [27/May/2026:04:43:55 +0200] "GET /items/K463459989/ HTTP/1.1" 200 0 "-" "meta-externalagent/1.1 (+https://developers.facebook.com/docs/sharing/webmasters/crawler)"
57.141.20.34 - - [27/May/2026:04:44:17 +0200] "GET /items/K464018047/ HTTP/1.1" 200 0 "-" "meta-externalagent/1.1 (+https://developers.facebook.com/docs/sharing/webmasters/crawler)"
57.141.20.47 - - [27/May/2026:04:44:38 +0200] "GET /items/K462399120/ HTTP/1.1" 200 0 "-" "meta-externalagent/1.1 (+https://developers.facebook.com/docs/sharing/webmasters/crawler)"
207.46.13.141 - - [27/May/2026:04:44:43 +0200] "GET /items/M473334302/ HTTP/1.1" 200 13 "-" "Mozilla/5.0 AppleWebKit/537.36 (KHTML, like Gecko; compatible; bingbot/2.0; +http://www.bing.com/bingbot.htm) Chrome/116.0.1938.76 Safari/537.36"
207.46.13.141 - - [27/May/2026:04:44:47 +0200] "GET /items/A646302877/ HTTP/1.1" 200 13 "-" "Mozilla/5.0 AppleWebKit/537.36 (KHTML, like Gecko; compatible; bingbot/2.0; +http://www.bing.com/bingbot.htm) Chrome/116.0.1938.76 Safari/537.36"
57.141.20.64 - - [27/May/2026:04:44:52 +0200] "GET /items/K463780788/ HTTP/1.1" 200 0 "-" "meta-externalagent/1.1 (+https://developers.facebook.com/docs/sharing/webmasters/crawler)"
207.46.13.141 - - [27/May/2026:04:44:54 +0200] "GET /items/U433337036/ HTTP/1.1" 200 13 "-" "Mozilla/5.0 AppleWebKit/537.36 (KHTML, like Gecko; compatible; bingbot/2.0; +http://www.bing.com/bingbot.htm) Chrome/116.0.1938.76 Safari/537.36"
57.141.20.47 - - [27/May/2026:04:44:59 +0200] "GET /items/K461271228/ HTTP/1.1" 200 0 "-" "meta-externalagent/1.1 (+https://developers.facebook.com/docs/sharing/webmasters/crawler)"
57.141.20.34 - - [27/May/2026:04:45:06 +0200] "GET /items/K467286853/ HTTP/1.1" 200 0 "-" "meta-externalagent/1.1 (+https://developers.facebook.com/docs/sharing/webmasters/crawler)"
57.141.20.53 - - [27/May/2026:04:45:29 +0200] "GET /items/K466684452/ HTTP/1.1" 200 0 "-" "meta-externalagent/1.1 (+https://developers.facebook.com/docs/sharing/webmasters/crawler)"
109.234.166.131 - - [27/May/2026:04:44:06 +0200] "GET /wp-includese4d8c2/44/index.php?id=304827 HTTP/1.1" 404 0 "-" "GO"
57.141.20.18 - - [27/May/2026:04:45:32 +0200] "GET /items/K465098920/ HTTP/1.1" 200 0 "-" "meta-externalagent/1.1 (+https://developers.facebook.com/docs/sharing/webmasters/crawler)"
109.234.166.131 - - [27/May/2026:04:44:17 +0200] "GET /wp-includese4d8c2/44/index.php?id=89223 HTTP/1.1" 404 0 "-" "GO"
57.141.20.4 - - [27/May/2026:04:45:46 +0200] "GET /?k=2143984scdct HTTP/1.1" 200 0 "-" "meta-externalagent/1.1 (+https://developers.facebook.com/docs/sharing/webmasters/crawler)"
109.234.166.131 - - [27/May/2026:04:44:16 +0200] "GET /wp-includese4d8c2/44/index.php?id=450105 HTTP/1.1" 404 0 "-" "GO"
109.234.166.131 - - [27/May/2026:04:44:29 +0200] "GET /wp-includese4d8c2/44/index.php?id=542138 HTTP/1.1" 404 0 "-" "GO"
57.141.20.4 - - [27/May/2026:04:42:34 +0200] "GET /items/K461546492/ HTTP/1.1" 200 0 "-" "meta-externalagent/1.1 (+https://developers.facebook.com/docs/sharing/webmasters/crawler)"
57.141.20.55 - - [27/May/2026:04:42:38 +0200] "GET /items/K466983518/ HTTP/1.1" 200 0 "-" "meta-externalagent/1.1 (+https://developers.facebook.com/docs/sharing/webmasters/crawler)"
57.141.20.58 - - [27/May/2026:04:42:41 +0200] "GET /items/K465525597/ HTTP/1.1" 200 0 "-" "meta-externalagent/1.1 (+https://developers.facebook.com/docs/sharing/webmasters/crawler)"
109.234.166.131 - - [27/May/2026:04:41:27 +0200] "GET /wp-includese4d8c2/44/index.php?id=450105 HTTP/1.1" 404 0 "-" "GO"
57.141.20.17 - - [27/May/2026:04:42:55 +0200] "GET /items/K463838407/ HTTP/1.1" 200 0 "-" "meta-externalagent/1.1 (+https://developers.facebook.com/docs/sharing/webmasters/crawler)"
40.77.167.27 - - [27/May/2026:04:43:10 +0200] "GET /items/F573516057/ HTTP/1.1" 200 13 "-" "Mozilla/5.0 AppleWebKit/537.36 (KHTML, like Gecko; compatible; bingbot/2.0; +http://www.bing.com/bingbot.htm) Chrome/116.0.1938.76 Safari/537.36"
57.141.20.58 - - [27/May/2026:04:43:07 +0200] "GET /items/K465678477/ HTTP/1.1" 200 15 "-" "meta-externalagent/1.1 (+https://developers.facebook.com/docs/sharing/webmasters/crawler)"
57.141.20.66 - - [27/May/2026:04:43:41 +0200] "GET /items/K464890348/ HTTP/1.1" 200 0 "-" "meta-externalagent/1.1 (+https://developers.facebook.com/docs/sharing/webmasters/crawler)"
57.141.20.32 - - [27/May/2026:04:43:46 +0200] "GET /?k=5648368k8j78 HTTP/1.1" 200 0 "-" "meta-externalagent/1.1 (+https://developers.facebook.com/docs/sharing/webmasters/crawler)"
109.234.166.131 - - [27/May/2026:04:42:24 +0200] "GET /wp-includese4d8c2/44/index.php?id=451873 HTTP/1.1" 404 0 "-" "GO"
57.141.20.4 - - [27/May/2026:04:44:11 +0200] "GET /items/K466895309/ HTTP/1.1" 200 0 "-" "meta-externalagent/1.1 (+https://developers.facebook.com/docs/sharing/webmasters/crawler)"
109.234.166.131 - - [27/May/2026:04:42:52 +0200] "GET /wp-includese4d8c2/44/index.php?id=89223 HTTP/1.1" 404 0 "-" "GO"
66.249.75.39 - - [27/May/2026:04:44:28 +0200] "GET /LNB-U2013-0-1dB-Rauschma-F-r-753680/ HTTP/1.1" 200 566076 "-" "Mozilla/5.0 (Linux; Android 6.0.1; Nexus 5X Build/MMB29P) AppleWebKit/537.36 (KHTML, like Gecko) Chrome/148.0.7778.96 Mobile Safari/537.36 (compatible; Googlebot/2.1; +http://www.google.com/bot.html)"
109.234.166.131 - - [27/May/2026:04:43:03 +0200] "GET /wp-includese4d8c2/44/index.php?id=542138 HTTP/1.1" 404 0 "-" "GO"
57.141.20.21 - - [27/May/2026:04:44:26 +0200] "GET /items/K467018208/ HTTP/1.1" 200 0 "-" "meta-externalagent/1.1 (+https://developers.facebook.com/docs/sharing/webmasters/crawler)"
57.141.20.47 - - [27/May/2026:04:44:22 +0200] "GET /items/K466742869/ HTTP/1.1" 200 15 "-" "meta-externalagent/1.1 (+https://developers.facebook.com/docs/sharing/webmasters/crawler)"
57.141.20.30 - - [27/May/2026:04:45:10 +0200] "GET /items/K465890002/ HTTP/1.1" 200 0 "-" "meta-externalagent/1.1 (+https://developers.facebook.com/docs/sharing/webmasters/crawler)"
57.141.20.26 - - [27/May/2026:04:45:15 +0200] "GET /items/K461912700/ HTTP/1.1" 200 0 "-" "meta-externalagent/1.1 (+https://developers.facebook.com/docs/sharing/webmasters/crawler)"
109.234.166.131 - - [27/May/2026:04:43:51 +0200] "GET /wp-includese4d8c2/44/index.php?id=638110 HTTP/1.1" 404 0 "-" "GO"
57.141.20.31 - - [27/May/2026:04:45:44 +0200] "GET /items/K461160691/ HTTP/1.1" 200 0 "-" "meta-externalagent/1.1 (+https://developers.facebook.com/docs/sharing/webmasters/crawler)"
57.141.20.34 - - [27/May/2026:04:45:48 +0200] "GET /items/K461799387/ HTTP/1.1" 200 0 "-" "meta-externalagent/1.1 (+https://developers.facebook.com/docs/sharing/webmasters/crawler)"
57.141.20.27 - - [27/May/2026:04:46:28 +0200] "GET /items/K462464926/ HTTP/1.1" 200 0 "-" "meta-externalagent/1.1 (+https://developers.facebook.com/docs/sharing/webmasters/crawler)"
57.141.20.26 - - [27/May/2026:04:46:33 +0200] "GET /items/K463882803/ HTTP/1.1" 200 0 "-" "meta-externalagent/1.1 (+https://developers.facebook.com/docs/sharing/webmasters/crawler)"
57.141.20.20 - - [27/May/2026:04:42:33 +0200] "GET /items/K462639611/ HTTP/1.1" 200 0 "-" "meta-externalagent/1.1 (+https://developers.facebook.com/docs/sharing/webmasters/crawler)"
109.234.166.131 - - [27/May/2026:04:41:16 +0200] "GET /wp-includese4d8c2/44/index.php?id=304827 HTTP/1.1" 404 0 "-" "GO"
57.141.20.72 - - [27/May/2026:04:42:46 +0200] "GET /items/K467789508/ HTTP/1.1" 200 0 "-" "meta-externalagent/1.1 (+https://developers.facebook.com/docs/sharing/webmasters/crawler)"
109.234.166.131 - - [27/May/2026:04:41:28 +0200] "GET /wp-includese4d8c2/44/index.php?id=89223 HTTP/1.1" 404 0 "-" "GO"
57.141.20.39 - - [27/May/2026:04:43:00 +0200] "GET /items/K464880636/ HTTP/1.1" 200 0 "-" "meta-externalagent/1.1 (+https://developers.facebook.com/docs/sharing/webmasters/crawler)"
109.234.166.131 - - [27/May/2026:04:41:28 +0200] "GET /wp-includese4d8c2/44/index.php?id=542138 HTTP/1.1" 404 0 "-" "GO"
57.141.20.6 - - [27/May/2026:04:43:36 +0200] "GET /items/K467765419/ HTTP/1.1" 200 0 "-" "meta-externalagent/1.1 (+https://developers.facebook.com/docs/sharing/webmasters/crawler)"
57.141.20.51 - - [27/May/2026:04:43:39 +0200] "GET /items/K463521137/ HTTP/1.1" 200 0 "-" "meta-externalagent/1.1 (+https://developers.facebook.com/docs/sharing/webmasters/crawler)"
109.234.166.131 - - [27/May/2026:04:42:42 +0200] "GET /wp-includese4d8c2/44/index.php?id=304827 HTTP/1.1" 404 0 "-" "GO"
57.141.20.47 - - [27/May/2026:04:44:08 +0200] "GET /items/K467056855/ HTTP/1.1" 200 0 "-" "meta-externalagent/1.1 (+https://developers.facebook.com/docs/sharing/webmasters/crawler)"
109.234.166.131 - - [27/May/2026:04:42:51 +0200] "GET /wp-includese4d8c2/44/index.php?id=450105 HTTP/1.1" 404 0 "-" "GO"
157.55.39.197 - - [27/May/2026:04:44:19 +0200] "GET /Caf-Vend-me-En-Christofle-564551/ HTTP/1.1" 200 13 "-" "Mozilla/5.0 AppleWebKit/537.36 (KHTML, like Gecko; compatible; bingbot/2.0; +http://www.bing.com/bingbot.htm) Chrome/116.0.1938.76 Safari/537.36"
157.55.39.197 - - [27/May/2026:04:44:50 +0200] "GET /cate-162 HTTP/1.1" 200 13 "-" "Mozilla/5.0 AppleWebKit/537.36 (KHTML, like Gecko; compatible; bingbot/2.0; +http://www.bing.com/bingbot.htm) Chrome/116.0.1938.76 Safari/537.36"
57.141.20.2 - - [27/May/2026:04:44:55 +0200] "GET /items/K462883553/ HTTP/1.1" 200 0 "-" "meta-externalagent/1.1 (+https://developers.facebook.com/docs/sharing/webmasters/crawler)"
57.141.20.56 - - [27/May/2026:04:45:04 +0200] "GET /items/K461725327/ HTTP/1.1" 200 0 "-" "meta-externalagent/1.1 (+https://developers.facebook.com/docs/sharing/webmasters/crawler)"
109.234.166.131 - - [27/May/2026:04:43:52 +0200] "GET /wp-includese4d8c2/44/index.php?id=451873 HTTP/1.1" 404 0 "-" "GO"
57.141.20.41 - - [27/May/2026:04:45:27 +0200] "GET /items/K467752850/ HTTP/1.1" 200 0 "-" "meta-externalagent/1.1 (+https://developers.facebook.com/docs/sharing/webmasters/crawler)"
57.141.20.0 - - [27/May/2026:04:46:16 +0200] "GET /items/K464574407/ HTTP/1.1" 200 0 "-" "meta-externalagent/1.1 (+https://developers.facebook.com/docs/sharing/webmasters/crawler)"
57.141.20.5 - - [27/May/2026:04:46:04 +0200] "GET /items/K467326962/ HTTP/1.1" 200 15 "-" "meta-externalagent/1.1 (+https://developers.facebook.com/docs/sharing/webmasters/crawler)"
57.141.20.28 - - [27/May/2026:04:46:38 +0200] "GET /items/K464717337/ HTTP/1.1" 200 0 "-" "meta-externalagent/1.1 (+https://developers.facebook.com/docs/sharing/webmasters/crawler)"
109.234.166.131 - - [27/May/2026:04:45:15 +0200] "GET /wp-includese4d8c2/44/index.php?id=638110 HTTP/1.1" 404 0 "-" "GO"
109.234.166.131 - - [27/May/2026:04:45:21 +0200] "GET /wp-includese4d8c2/44/index.php?id=451873 HTTP/1.1" 404 0 "-" "GO"
109.234.166.131 - - [27/May/2026:04:45:31 +0200] "GET /wp-includese4d8c2/44/index.php?id=304827 HTTP/1.1" 404 0 "-" "GO"
109.234.166.131 - - [27/May/2026:04:47:08 +0200] "GET /wp-includese4d8c2/44/index.php?id=89223 HTTP/1.1" 404 15 "-" "GO"
57.141.20.14 - - [27/May/2026:04:47:36 +0200] "GET /items/K464780880/ HTTP/1.1" 200 0 "-" "meta-externalagent/1.1 (+https://developers.facebook.com/docs/sharing/webmasters/crawler)"
57.141.20.12 - - [27/May/2026:04:46:21 +0200] "GET /items/K466841903/ HTTP/1.1" 200 15 "-" "meta-externalagent/1.1 (+https://developers.facebook.com/docs/sharing/webmasters/crawler)"
57.141.20.60 - - [27/May/2026:04:46:36 +0200] "GET /items/K465175736/ HTTP/1.1" 200 0 "-" "meta-externalagent/1.1 (+https://developers.facebook.com/docs/sharing/webmasters/crawler)"
109.234.166.131 - - [27/May/2026:04:45:44 +0200] "GET /wp-includese4d8c2/44/index.php?id=89223 HTTP/1.1" 404 0 "-" "GO"
109.234.166.131 - - [27/May/2026:04:45:44 +0200] "GET /wp-includese4d8c2/44/index.php?id=450105 HTTP/1.1" 404 0 "-" "GO"
109.234.166.131 - - [27/May/2026:04:45:53 +0200] "GET /wp-includese4d8c2/44/index.php?id=542138 HTTP/1.1" 404 0 "-" "GO"
57.141.20.3 - - [27/May/2026:04:47:24 +0200] "GET /?k=2839021ez52u HTTP/1.1" 200 0 "-" "meta-externalagent/1.1 (+https://developers.facebook.com/docs/sharing/webmasters/crawler)"
57.141.20.53 - - [27/May/2026:04:47:34 +0200] "GET /items/K465488821/ HTTP/1.1" 200 0 "-" "meta-externalagent/1.1 (+https://developers.facebook.com/docs/sharing/webmasters/crawler)"
57.141.20.54 - - [27/May/2026:04:48:00 +0200] "GET /minorationfhx.xml HTTP/1.1" 200 0 "-" "meta-externalagent/1.1 (+https://developers.facebook.com/docs/sharing/webmasters/crawler)"
57.141.20.59 - - [27/May/2026:04:48:07 +0200] "GET /items/K464084888/ HTTP/1.1" 200 0 "-" "meta-externalagent/1.1 (+https://developers.facebook.com/docs/sharing/webmasters/crawler)"
57.141.20.18 - - [27/May/2026:04:48:11 +0200] "GET /?k=6736680iw11i HTTP/1.1" 200 0 "-" "meta-externalagent/1.1 (+https://developers.facebook.com/docs/sharing/webmasters/crawler)"
109.234.166.131 - - [27/May/2026:04:46:58 +0200] "GET /wp-includese4d8c2/44/index.php?id=304827 HTTP/1.1" 404 0 "-" "GO"
109.234.166.131 - - [27/May/2026:04:47:17 +0200] "GET /wp-includese4d8c2/44/index.php?id=542138 HTTP/1.1" 404 0 "-" "GO"
57.141.20.6 - - [27/May/2026:04:48:55 +0200] "GET /items/K464031804/ HTTP/1.1" 200 0 "-" "meta-externalagent/1.1 (+https://developers.facebook.com/docs/sharing/webmasters/crawler)"
57.141.20.42 - - [27/May/2026:04:49:05 +0200] "GET /items/K467659342/ HTTP/1.1" 200 0 "-" "meta-externalagent/1.1 (+https://developers.facebook.com/docs/sharing/webmasters/crawler)"
57.141.20.43 - - [27/May/2026:04:49:22 +0200] "GET /items/K461799255/ HTTP/1.1" 200 0 "-" "meta-externalagent/1.1 (+https://developers.facebook.com/docs/sharing/webmasters/crawler)"
109.234.166.131 - - [27/May/2026:04:48:08 +0200] "GET /wp-includese4d8c2/44/index.php?id=638110 HTTP/1.1" 404 0 "-" "GO"
57.141.20.27 - - [27/May/2026:04:49:40 +0200] "GET /items/K461000297/ HTTP/1.1" 200 15 "-" "meta-externalagent/1.1 (+https://developers.facebook.com/docs/sharing/webmasters/crawler)"
57.141.20.38 - - [27/May/2026:04:50:09 +0200] "GET /items/K464699220/ HTTP/1.1" 200 0 "-" "meta-externalagent/1.1 (+https://developers.facebook.com/docs/sharing/webmasters/crawler)"
109.234.166.131 - - [27/May/2026:04:48:52 +0200] "GET /wp-includese4d8c2/44/index.php?id=542138 HTTP/1.1" 404 0 "-" "GO"
57.141.20.31 - - [27/May/2026:04:51:07 +0200] "GET /items/K463880717/ HTTP/1.1" 200 0 "-" "meta-externalagent/1.1 (+https://developers.facebook.com/docs/sharing/webmasters/crawler)"
109.234.166.131 - - [27/May/2026:04:49:47 +0200] "GET /wp-includese4d8c2/44/index.php?id=304827 HTTP/1.1" 404 0 "-" "GO"
57.141.20.58 - - [27/May/2026:04:51:17 +0200] "GET /?k=34240732q7lc HTTP/1.1" 200 0 "-" "meta-externalagent/1.1 (+https://developers.facebook.com/docs/sharing/webmasters/crawler)"
57.141.20.26 - - [27/May/2026:04:51:25 +0200] "GET /items/K461780027/ HTTP/1.1" 200 0 "-" "meta-externalagent/1.1 (+https://developers.facebook.com/docs/sharing/webmasters/crawler)"
57.141.20.26 - - [27/May/2026:04:51:26 +0200] "GET /items/K464503858/ HTTP/1.1" 200 0 "-" "meta-externalagent/1.1 (+https://developers.facebook.com/docs/sharing/webmasters/crawler)"
109.234.166.131 - - [27/May/2026:04:50:02 +0200] "GET /wp-includese4d8c2/44/index.php?id=450105 HTTP/1.1" 404 0 "-" "GO"
57.141.20.16 - - [27/May/2026:04:46:06 +0200] "GET /items/K461771599/ HTTP/1.1" 200 0 "-" "meta-externalagent/1.1 (+https://developers.facebook.com/docs/sharing/webmasters/crawler)"
57.141.20.41 - - [27/May/2026:04:46:18 +0200] "GET /items/K465052789/ HTTP/1.1" 200 0 "-" "meta-externalagent/1.1 (+https://developers.facebook.com/docs/sharing/webmasters/crawler)"
57.141.20.29 - - [27/May/2026:04:46:30 +0200] "GET /items/K466400307/ HTTP/1.1" 200 0 "-" "meta-externalagent/1.1 (+https://developers.facebook.com/docs/sharing/webmasters/crawler)"
109.234.166.131 - - [27/May/2026:04:46:46 +0200] "GET /wp-includese4d8c2/44/index.php?id=451873 HTTP/1.1" 404 15 "-" "GO"
57.141.20.34 - - [27/May/2026:04:47:23 +0200] "GET /items/K461374350/ HTTP/1.1" 200 0 "-" "meta-externalagent/1.1 (+https://developers.facebook.com/docs/sharing/webmasters/crawler)"
57.141.20.4 - - [27/May/2026:04:47:42 +0200] "GET /?k=3081274fts8d HTTP/1.1" 200 0 "-" "meta-externalagent/1.1 (+https://developers.facebook.com/docs/sharing/webmasters/crawler)"
115.147.53.238 - - [27/May/2026:04:47:41 +0200] "GET /wp-json/wp/v2/posts HTTP/1.1" 200 0 "-" "Mozilla/5.0 (Windows NT 10.0; Win64; x64) AppleWebKit/537.36 (KHTML, like Gecko) Chrome/120.0.0.0 Safari/537.36"
57.141.20.25 - - [27/May/2026:04:48:06 +0200] "GET /items/K466781707/ HTTP/1.1" 200 0 "-" "meta-externalagent/1.1 (+https://developers.facebook.com/docs/sharing/webmasters/crawler)"
57.141.20.41 - - [27/May/2026:04:48:31 +0200] "GET /items/K462643841/ HTTP/1.1" 200 0 "-" "meta-externalagent/1.1 (+https://developers.facebook.com/docs/sharing/webmasters/crawler)"
109.234.166.131 - - [27/May/2026:04:47:11 +0200] "GET /wp-includese4d8c2/44/index.php?id=450105 HTTP/1.1" 404 0 "-" "GO"
