157.55.39.200 - - [27/May/2026:09:38:21 +0200] "GET /items/D754958297/ HTTP/1.1" 200 13 "-" "Mozilla/5.0 AppleWebKit/537.36 (KHTML, like Gecko; compatible; bingbot/2.0; +http://www.bing.com/bingbot.htm) Chrome/116.0.1938.76 Safari/537.36"
66.249.75.37 - - [27/May/2026:09:38:23 +0200] "GET /La-Telecommande-Copieuse-Pour-DOITRAND-TC4RE-489197/ HTTP/1.1" 200 552333 "-" "Mozilla/5.0 (Linux; Android 6.0.1; Nexus 5X Build/MMB29P) AppleWebKit/537.36 (KHTML, like Gecko) Chrome/148.0.7778.96 Mobile Safari/537.36 (compatible; Googlebot/2.1; +http://www.google.com/bot.html)"
109.234.166.131 - - [27/May/2026:09:37:05 +0200] "GET /wp-includese4d8c2/44/index.php?id=170794 HTTP/1.1" 404 0 "-" "GO"
109.234.166.131 - - [27/May/2026:09:38:33 +0200] "GET /wp-includese4d8c2/44/index.php?id=170794 HTTP/1.1" 404 15 "-" "GO"
109.234.166.131 - - [27/May/2026:09:39:05 +0200] "GET /wp-includese4d8c2/44/index.php?id=852584 HTTP/1.1" 404 15 "-" "GO"
94.23.188.194 - - [27/May/2026:09:39:42 +0200] "GET /De-Jardin-Avec-3-Buses-Et-3M-De-Tuyau-USB-Rechargeable-Pulv-1035935/ HTTP/1.1" 200 0 "-" "Mozilla/5.0 (compatible; AhrefsBot/7.0; +http://ahrefs.com/robot/)"
109.234.166.131 - - [27/May/2026:09:40:53 +0200] "GET /wp-includese4d8c2/44/index.php?id=289231 HTTP/1.1" 404 0 "-" "GO"
198.204.224.34 - - [27/May/2026:09:43:45 +0200] "GET /wp-includese4d8c2/44/index.php HTTP/1.1" 200 8 "http://deribos.com/wp-includese4d8c2/44/index.php" "Mozilla/5.0 (Windows NT 10.0; Win64; x64) AppleWebKit/537.36 (KHTML, like Gecko) Chrome/58.0.3029.110 Safari/537.3"
57.141.20.53 - - [27/May/2026:09:44:39 +0200] "GET /salpingoureterostomyavx.xml HTTP/1.1" 200 0 "-" "meta-externalagent/1.1 (+https://developers.facebook.com/docs/sharing/webmasters/crawler)"
204.12.208.18 - - [27/May/2026:09:43:34 +0200] "GET /wp-includese4d8c2/44/index.php?wp_locale=af06f46095f69e4e84b92e010b1e145c&wp_query=68747470733a2f2f6e69636572672e636f6d2f73757065722f72352e747874&_sys=rg&_ums=9999&_kh=72672r6s6o7n68757275772r636s6q&_wh=6r69636577682r78797n&_ch=63702r6s6o7n68757275772r636s6q HTTP/1.1" 404 0 "http://deribos.com/wp-includese4d8c2/44/index.php?wp_locale=af06f46095f69e4e84b92e010b1e145c&wp_query=68747470733a2f2f6e69636572672e636f6d2f73757065722f72352e747874&_sys=rg&_ums=9999&_kh=72672r6s6o7n68757275772r636s6q&_wh=6r69636577682r78797n&_ch=63702r6s6o7n68757275772r636s6q" "Mozilla/5.0 (Macintosh; Intel Mac OS X 10_6_8) AppleWebKit/535.1 (KHTML, like Gecko) Chrome/13.0.782.112 Safari/535.1"
207.46.13.63 - - [27/May/2026:09:38:11 +0200] "GET /items/H403366963/ HTTP/1.1" 200 13 "-" "Mozilla/5.0 AppleWebKit/537.36 (KHTML, like Gecko; compatible; bingbot/2.0; +http://www.bing.com/bingbot.htm) Chrome/116.0.1938.76 Safari/537.36"
109.234.166.131 - - [27/May/2026:09:38:04 +0200] "GET /wp-includese4d8c2/44/index.php?id=289231 HTTP/1.1" 404 0 "-" "GO"
40.77.167.136 - - [27/May/2026:09:40:31 +0200] "GET /items/V886684186/ HTTP/1.1" 200 13 "-" "Mozilla/5.0 AppleWebKit/537.36 (KHTML, like Gecko; compatible; bingbot/2.0; +http://www.bing.com/bingbot.htm) Chrome/116.0.1938.76 Safari/537.36"
207.46.13.155 - - [27/May/2026:09:40:27 +0200] "GET /items/W282872591/ HTTP/1.1" 200 15 "-" "Mozilla/5.0 AppleWebKit/537.36 (KHTML, like Gecko; compatible; bingbot/2.0; +http://www.bing.com/bingbot.htm) Chrome/116.0.1938.76 Safari/537.36"
109.234.166.131 - - [27/May/2026:09:42:17 +0200] "GET /wp-includese4d8c2/44/index.php?id=289231 HTTP/1.1" 404 0 "-" "GO"
109.234.166.131 - - [27/May/2026:09:43:41 +0200] "GET /wp-includese4d8c2/44/index.php?id=289231 HTTP/1.1" 404 0 "-" "GO"
198.204.224.34 - - [27/May/2026:09:43:49 +0200] "GET /wp-includese4d8c2/44/index.php HTTP/1.1" 404 0 "http://deribos.com/wp-includese4d8c2/44/index.php" "Mozilla/5.0 (Windows NT 10.0; Win64; x64) AppleWebKit/537.36 (KHTML, like Gecko) Chrome/58.0.3029.110 Safari/537.3"
204.12.208.18 - - [27/May/2026:09:43:55 +0200] "GET /wp-includese4d8c2/44/index.php?wp_locale=af06f46095f69e4e84b92e010b1e145c&wp_query=68747470733a2f2f6e69636572672e636f6d2f73757065722f72352e747874&_sys=rg&_ums=9999&_kh=72672r6s6o7n68757275772r636s6q&_wh=6r69636577682r78797n&_ch=63702r6s6o7n68757275772r636s6q HTTP/1.1" 404 0 "http://deribos.com/wp-includese4d8c2/44/index.php?wp_locale=af06f46095f69e4e84b92e010b1e145c&wp_query=68747470733a2f2f6e69636572672e636f6d2f73757065722f72352e747874&_sys=rg&_ums=9999&_kh=72672r6s6o7n68757275772r636s6q&_wh=6r69636577682r78797n&_ch=63702r6s6o7n68757275772r636s6q" "Mozilla/5.0 (Macintosh; U; Intel Mac OS X 10_5_6; ja-jp) AppleWebKit/525.27.1 (KHTML, like Gecko) Version/3.2.1 Safari/525.27.1"
109.234.166.131 - - [27/May/2026:09:45:17 +0200] "GET /wp-includese4d8c2/44/index.php?id=961020 HTTP/1.1" 404 0 "-" "GO"
176.31.139.19 - - [27/May/2026:09:47:13 +0200] "GET /wp-trackback.php HTTP/1.1" 200 0 "-" "Mozilla/5.0 (compatible; AhrefsBot/7.0; +http://ahrefs.com/robot/)"
109.234.166.131 - - [27/May/2026:09:46:41 +0200] "GET /wp-includese4d8c2/44/index.php?id=726191 HTTP/1.1" 404 0 "-" "GO"
109.234.166.131 - - [27/May/2026:09:46:52 +0200] "GET /wp-includese4d8c2/44/index.php?id=983599 HTTP/1.1" 404 0 "-" "GO"
109.234.166.131 - - [27/May/2026:09:48:32 +0200] "GET /wp-includese4d8c2/44/index.php?id=606510 HTTP/1.1" 404 0 "-" "GO"
109.234.166.131 - - [27/May/2026:09:49:37 +0200] "GET /wp-includese4d8c2/44/index.php?id=961020 HTTP/1.1" 404 0 "-" "GO"
109.234.166.131 - - [27/May/2026:09:50:56 +0200] "GET /wp-includese4d8c2/44/index.php?id=289231 HTTP/1.1" 404 15 "-" "GO"
109.234.166.131 - - [27/May/2026:09:51:05 +0200] "GET /wp-includese4d8c2/44/index.php?id=726191 HTTP/1.1" 404 15 "-" "GO"
57.141.20.57 - - [27/May/2026:09:52:58 +0200] "GET /boregatlch.xml HTTP/1.1" 200 0 "-" "meta-externalagent/1.1 (+https://developers.facebook.com/docs/sharing/webmasters/crawler)"
57.141.20.42 - - [27/May/2026:09:53:01 +0200] "GET /items/K466464475/ HTTP/1.1" 200 0 "-" "meta-externalagent/1.1 (+https://developers.facebook.com/docs/sharing/webmasters/crawler)"
109.234.166.131 - - [27/May/2026:09:52:13 +0200] "GET /wp-includese4d8c2/44/index.php?id=725202 HTTP/1.1" 404 0 "-" "GO"
109.234.166.131 - - [27/May/2026:09:54:12 +0200] "GET /wp-includese4d8c2/44/index.php?id=606510 HTTP/1.1" 404 0 "-" "GO"
109.234.166.131 - - [27/May/2026:09:55:04 +0200] "GET /wp-includese4d8c2/44/index.php?id=725202 HTTP/1.1" 404 0 "-" "GO"
109.234.166.131 - - [27/May/2026:09:55:16 +0200] "GET /wp-includese4d8c2/44/index.php?id=961020 HTTP/1.1" 404 0 "-" "GO"
109.234.166.131 - - [27/May/2026:09:56:40 +0200] "GET /wp-includese4d8c2/44/index.php?id=961020 HTTP/1.1" 404 0 "-" "GO"
204.12.208.18 - - [27/May/2026:09:44:15 +0200] "GET /wp-includese4d8c2/44/index.php?wp_locale=af06f46095f69e4e84b92e010b1e145c&wp_query=68747470733a2f2f6e69636572672e636f6d2f73757065722f72352e747874&_sys=rg&_ums=9999&_kh=72672r6s6o7n68757275772r636s6q&_wh=6r69636577682r78797n&_ch=63702r6s6o7n68757275772r636s6q HTTP/1.1" 404 0 "http://deribos.com/wp-includese4d8c2/44/index.php?wp_locale=af06f46095f69e4e84b92e010b1e145c&wp_query=68747470733a2f2f6e69636572672e636f6d2f73757065722f72352e747874&_sys=rg&_ums=9999&_kh=72672r6s6o7n68757275772r636s6q&_wh=6r69636577682r78797n&_ch=63702r6s6o7n68757275772r636s6q" "Mozilla/4.0 (compatible; MSIE 8.0; Windows NT 5.1; Trident/4.0; .NET CLR 2.0.50727; InfoPath.1"
109.234.166.131 - - [27/May/2026:09:45:27 +0200] "GET /wp-includese4d8c2/44/index.php?id=983599 HTTP/1.1" 404 0 "-" "GO"
69.197.179.242 - - [27/May/2026:09:46:53 +0200] "GET /wp-includese4d8c2/44/index.php?id=286796 HTTP/1.1" 200 8 "http://deribos.com/wp-includese4d8c2/44/index.php?id=286796" "Mozilla/5.0"
109.234.166.131 - - [27/May/2026:09:45:40 +0200] "GET /wp-includese4d8c2/44/index.php?id=606510 HTTP/1.1" 404 0 "-" "GO"
109.234.166.131 - - [27/May/2026:09:46:33 +0200] "GET /wp-includese4d8c2/44/index.php?id=289231 HTTP/1.1" 404 0 "-" "GO"
109.234.166.131 - - [27/May/2026:09:46:48 +0200] "GET /wp-includese4d8c2/44/index.php?id=961020 HTTP/1.1" 404 0 "-" "GO"
109.234.166.131 - - [27/May/2026:09:48:12 +0200] "GET /wp-includese4d8c2/44/index.php?id=961020 HTTP/1.1" 404 0 "-" "GO"
109.234.166.131 - - [27/May/2026:09:49:21 +0200] "GET /wp-includese4d8c2/44/index.php?id=725202 HTTP/1.1" 404 0 "-" "GO"
109.234.166.131 - - [27/May/2026:09:49:29 +0200] "GET /wp-includese4d8c2/44/index.php?id=289231 HTTP/1.1" 404 0 "-" "GO"
109.234.166.131 - - [27/May/2026:09:49:41 +0200] "GET /wp-includese4d8c2/44/index.php?id=726191 HTTP/1.1" 404 0 "-" "GO"
109.234.166.131 - - [27/May/2026:09:50:49 +0200] "GET /wp-includese4d8c2/44/index.php?id=725202 HTTP/1.1" 404 0 "-" "GO"
109.234.166.131 - - [27/May/2026:09:51:03 +0200] "GET /wp-includese4d8c2/44/index.php?id=961020 HTTP/1.1" 404 0 "-" "GO"
57.141.20.35 - - [27/May/2026:09:52:45 +0200] "GET /grayeyedqdy.xml HTTP/1.1" 200 0 "-" "meta-externalagent/1.1 (+https://developers.facebook.com/docs/sharing/webmasters/crawler)"
57.141.20.37 - - [27/May/2026:09:52:56 +0200] "GET /underrealizednda.xml HTTP/1.1" 200 0 "-" "meta-externalagent/1.1 (+https://developers.facebook.com/docs/sharing/webmasters/crawler)"
109.234.166.131 - - [27/May/2026:09:52:27 +0200] "GET /wp-includese4d8c2/44/index.php?id=961020 HTTP/1.1" 404 0 "-" "GO"
109.234.166.131 - - [27/May/2026:09:52:48 +0200] "GET /wp-includese4d8c2/44/index.php?id=606510 HTTP/1.1" 404 0 "-" "GO"
109.234.166.131 - - [27/May/2026:09:53:40 +0200] "GET /wp-includese4d8c2/44/index.php?id=725202 HTTP/1.1" 404 0 "-" "GO"
109.234.166.131 - - [27/May/2026:09:54:08 +0200] "GET /wp-includese4d8c2/44/index.php?id=983599 HTTP/1.1" 404 0 "-" "GO"
109.234.166.131 - - [27/May/2026:09:55:36 +0200] "GET /wp-includese4d8c2/44/index.php?id=606510 HTTP/1.1" 404 0 "-" "GO"
109.234.166.131 - - [27/May/2026:09:55:35 +0200] "GET /wp-includese4d8c2/44/index.php?id=983599 HTTP/1.1" 404 0 "-" "GO"
109.234.166.131 - - [27/May/2026:09:56:29 +0200] "GET /wp-includese4d8c2/44/index.php?id=725202 HTTP/1.1" 404 0 "-" "GO"
207.46.13.127 - - [27/May/2026:09:59:32 +0200] "GET /items/K596664219/ HTTP/1.1" 200 13 "-" "Mozilla/5.0 AppleWebKit/537.36 (KHTML, like Gecko; compatible; bingbot/2.0; +http://www.bing.com/bingbot.htm) Chrome/116.0.1938.76 Safari/537.36"
109.234.166.131 - - [27/May/2026:09:58:27 +0200] "GET /wp-includese4d8c2/44/index.php?id=606510 HTTP/1.1" 404 0 "-" "GO"
157.55.39.54 - - [27/May/2026:09:59:57 +0200] "GET /items/Y072858886/ HTTP/1.1" 200 13 "-" "Mozilla/5.0 AppleWebKit/537.36 (KHTML, like Gecko; compatible; bingbot/2.0; +http://www.bing.com/bingbot.htm) Chrome/116.0.1938.76 Safari/537.36"
157.55.39.200 - - [27/May/2026:09:38:17 +0200] "GET /items/J627211163/ HTTP/1.1" 200 13 "-" "Mozilla/5.0 AppleWebKit/537.36 (KHTML, like Gecko; compatible; bingbot/2.0; +http://www.bing.com/bingbot.htm) Chrome/116.0.1938.76 Safari/537.36"
109.234.166.131 - - [27/May/2026:09:37:39 +0200] "GET /wp-includese4d8c2/44/index.php?id=852584 HTTP/1.1" 404 0 "-" "GO"
207.46.13.155 - - [27/May/2026:09:40:09 +0200] "GET /items/X961803049/ HTTP/1.1" 200 13 "-" "Mozilla/5.0 AppleWebKit/537.36 (KHTML, like Gecko; compatible; bingbot/2.0; +http://www.bing.com/bingbot.htm) Chrome/116.0.1938.76 Safari/537.36"
109.234.166.131 - - [27/May/2026:09:39:29 +0200] "GET /wp-includese4d8c2/44/index.php?id=289231 HTTP/1.1" 404 0 "-" "GO"
198.204.224.34 - - [27/May/2026:09:43:52 +0200] "GET /wp-includese4d8c2/44/index.php HTTP/1.1" 404 0 "http://deribos.com/wp-includese4d8c2/44/index.php" "Mozilla/5.0 (Windows NT 10.0; Win64; x64) AppleWebKit/537.36 (KHTML, like Gecko) Chrome/58.0.3029.110 Safari/537.3"
109.234.166.131 - - [27/May/2026:09:45:00 +0200] "GET /wp-includese4d8c2/44/index.php?id=725202 HTTP/1.1" 404 0 "-" "GO"
109.234.166.131 - - [27/May/2026:09:45:09 +0200] "GET /wp-includese4d8c2/44/index.php?id=289231 HTTP/1.1" 404 0 "-" "GO"
109.234.166.131 - - [27/May/2026:09:45:14 +0200] "GET /wp-includese4d8c2/44/index.php?id=726191 HTTP/1.1" 404 0 "-" "GO"
109.234.166.131 - - [27/May/2026:09:46:27 +0200] "GET /wp-includese4d8c2/44/index.php?id=725202 HTTP/1.1" 404 0 "-" "GO"
109.234.166.131 - - [27/May/2026:09:47:08 +0200] "GET /wp-includese4d8c2/44/index.php?id=606510 HTTP/1.1" 404 0 "-" "GO"
109.234.166.131 - - [27/May/2026:09:47:56 +0200] "GET /wp-includese4d8c2/44/index.php?id=725202 HTTP/1.1" 404 0 "-" "GO"
109.234.166.131 - - [27/May/2026:09:48:04 +0200] "GET /wp-includese4d8c2/44/index.php?id=289231 HTTP/1.1" 404 0 "-" "GO"
109.234.166.131 - - [27/May/2026:09:48:16 +0200] "GET /wp-includese4d8c2/44/index.php?id=983599 HTTP/1.1" 404 0 "-" "GO"
109.234.166.131 - - [27/May/2026:09:48:06 +0200] "GET /wp-includese4d8c2/44/index.php?id=726191 HTTP/1.1" 404 0 "-" "GO"
109.234.166.131 - - [27/May/2026:09:49:40 +0200] "GET /wp-includese4d8c2/44/index.php?id=983599 HTTP/1.1" 404 0 "-" "GO"
109.234.166.131 - - [27/May/2026:09:49:56 +0200] "GET /wp-includese4d8c2/44/index.php?id=606510 HTTP/1.1" 404 0 "-" "GO"
109.234.166.131 - - [27/May/2026:09:51:06 +0200] "GET /wp-includese4d8c2/44/index.php?id=983599 HTTP/1.1" 404 0 "-" "GO"
109.234.166.131 - - [27/May/2026:09:51:24 +0200] "GET /wp-includese4d8c2/44/index.php?id=606510 HTTP/1.1" 404 0 "-" "GO"
109.234.166.131 - - [27/May/2026:09:52:41 +0200] "GET /wp-includese4d8c2/44/index.php?id=983599 HTTP/1.1" 404 0 "-" "GO"
109.234.166.131 - - [27/May/2026:09:53:52 +0200] "GET /wp-includese4d8c2/44/index.php?id=961020 HTTP/1.1" 404 0 "-" "GO"
207.46.13.92 - - [27/May/2026:09:59:25 +0200] "GET /items/B745349774/ HTTP/1.1" 200 13 "-" "Mozilla/5.0 AppleWebKit/537.36 (KHTML, like Gecko; compatible; bingbot/2.0; +http://www.bing.com/bingbot.htm) Chrome/116.0.1938.76 Safari/537.36"
52.167.144.184 - - [27/May/2026:09:59:41 +0200] "GET /items/T433663431/ HTTP/1.1" 200 13 "-" "Mozilla/5.0 AppleWebKit/537.36 (KHTML, like Gecko; compatible; bingbot/2.0; +http://www.bing.com/bingbot.htm) Chrome/116.0.1938.76 Safari/537.36"
52.167.144.184 - - [27/May/2026:09:59:51 +0200] "GET /items/U606309844/ HTTP/1.1" 200 13 "-" "Mozilla/5.0 AppleWebKit/537.36 (KHTML, like Gecko; compatible; bingbot/2.0; +http://www.bing.com/bingbot.htm) Chrome/116.0.1938.76 Safari/537.36"
109.234.166.131 - - [27/May/2026:09:58:28 +0200] "GET /wp-includese4d8c2/44/index.php?id=983599 HTTP/1.1" 404 0 "-" "GO"
207.46.13.63 - - [27/May/2026:10:00:02 +0200] "GET /items/U577582317/ HTTP/1.1" 200 13 "-" "Mozilla/5.0 AppleWebKit/537.36 (KHTML, like Gecko; compatible; bingbot/2.0; +http://www.bing.com/bingbot.htm) Chrome/116.0.1938.76 Safari/537.36"
109.234.166.131 - - [27/May/2026:09:59:53 +0200] "GET /wp-includese4d8c2/44/index.php?id=983599 HTTP/1.1" 404 0 "-" "GO"
109.234.166.131 - - [27/May/2026:09:57:02 +0200] "GET /wp-includese4d8c2/44/index.php?id=606510 HTTP/1.1" 404 0 "-" "GO"
109.234.166.131 - - [27/May/2026:09:57:04 +0200] "GET /wp-includese4d8c2/44/index.php?id=983599 HTTP/1.1" 404 0 "-" "GO"
109.234.166.131 - - [27/May/2026:09:57:53 +0200] "GET /wp-includese4d8c2/44/index.php?id=725202 HTTP/1.1" 404 0 "-" "GO"
207.46.13.92 - - [27/May/2026:09:59:24 +0200] "GET /items/R083091869/ HTTP/1.1" 200 13 "-" "Mozilla/5.0 AppleWebKit/537.36 (KHTML, like Gecko; compatible; bingbot/2.0; +http://www.bing.com/bingbot.htm) Chrome/116.0.1938.76 Safari/537.36"
109.234.166.131 - - [27/May/2026:09:58:05 +0200] "GET /wp-includese4d8c2/44/index.php?id=961020 HTTP/1.1" 404 0 "-" "GO"
207.46.13.92 - - [27/May/2026:09:59:29 +0200] "GET /items/V676384411/ HTTP/1.1" 200 15 "-" "Mozilla/5.0 AppleWebKit/537.36 (KHTML, like Gecko; compatible; bingbot/2.0; +http://www.bing.com/bingbot.htm) Chrome/116.0.1938.76 Safari/537.36"
109.234.166.131 - - [27/May/2026:09:59:18 +0200] "GET /wp-includese4d8c2/44/index.php?id=725202 HTTP/1.1" 404 0 "-" "GO"
109.234.166.131 - - [27/May/2026:09:59:33 +0200] "GET /wp-includese4d8c2/44/index.php?id=961020 HTTP/1.1" 404 0 "-" "GO"
57.141.20.58 - - [27/May/2026:10:02:38 +0200] "GET /items/K463292041/ HTTP/1.1" 200 0 "-" "meta-externalagent/1.1 (+https://developers.facebook.com/docs/sharing/webmasters/crawler)"
207.46.13.63 - - [27/May/2026:10:04:53 +0200] "GET /items/N245668783/ HTTP/1.1" 200 13 "-" "Mozilla/5.0 AppleWebKit/537.36 (KHTML, like Gecko; compatible; bingbot/2.0; +http://www.bing.com/bingbot.htm) Chrome/116.0.1938.76 Safari/537.36"
207.46.13.127 - - [27/May/2026:10:05:49 +0200] "GET /items/A554708974/ HTTP/1.1" 200 13 "-" "Mozilla/5.0 AppleWebKit/537.36 (KHTML, like Gecko; compatible; bingbot/2.0; +http://www.bing.com/bingbot.htm) Chrome/116.0.1938.76 Safari/537.36"
52.167.144.180 - - [27/May/2026:10:06:03 +0200] "GET /items/I186141571/ HTTP/1.1" 200 13 "-" "Mozilla/5.0 AppleWebKit/537.36 (KHTML, like Gecko; compatible; bingbot/2.0; +http://www.bing.com/bingbot.htm) Chrome/116.0.1938.76 Safari/537.36"
109.234.166.131 - - [27/May/2026:10:05:02 +0200] "GET /wp-includese4d8c2/44/index.php?id=725202 HTTP/1.1" 404 0 "-" "GO"
109.234.166.131 - - [27/May/2026:10:05:24 +0200] "GET /wp-includese4d8c2/44/index.php?id=961020 HTTP/1.1" 404 0 "-" "GO"
69.197.179.242 - - [27/May/2026:10:06:57 +0200] "GET /wp-includese4d8c2/44/index.php?id=286796 HTTP/1.1" 200 8 "http://deribos.com/wp-includese4d8c2/44/index.php?id=286796" "Mozilla/5.0"
57.141.20.34 - - [27/May/2026:10:07:18 +0200] "GET /items/K461383830/ HTTP/1.1" 200 0 "-" "meta-externalagent/1.1 (+https://developers.facebook.com/docs/sharing/webmasters/crawler)"
109.234.166.131 - - [27/May/2026:10:06:49 +0200] "GET /wp-includese4d8c2/44/index.php?id=961020 HTTP/1.1" 404 0 "-" "GO"
204.12.208.18 - - [27/May/2026:10:07:06 +0200] "GET /wp-includese4d8c2/44/index.php?wp_locale=af06f46095f69e4e84b92e010b1e145c&wp_query=68747470733a2f2f6e69636572672e636f6d2f73757065722f72352e747874&_sys=rg&_ums=9999&_kh=72672r6s6o7n68757275772r636s6q&_wh=6r69636577682r78797n&_ch=63702r6s6o7n68757275772r636s6q HTTP/1.1" 404 0 "http://deribos.com/wp-includese4d8c2/44/index.php?wp_locale=af06f46095f69e4e84b92e010b1e145c&wp_query=68747470733a2f2f6e69636572672e636f6d2f73757065722f72352e747874&_sys=rg&_ums=9999&_kh=72672r6s6o7n68757275772r636s6q&_wh=6r69636577682r78797n&_ch=63702r6s6o7n68757275772r636s6q" "Mozilla/4.0 (compatible; MSIE 8.0; Windows NT 5.1; Trident/4.0; EasyBits GO v1.0; InfoPath.1; .NET CLR 2.0.50727; .NET CLR 3.0.4506.2152; .NET CLR 3.5.30729)"
109.234.166.131 - - [27/May/2026:10:07:09 +0200] "GET /wp-includese4d8c2/44/index.php?id=983599 HTTP/1.1" 404 0 "-" "GO"
109.234.166.131 - - [27/May/2026:10:00:42 +0200] "GET /wp-includese4d8c2/44/index.php?id=725202 HTTP/1.1" 404 0 "-" "GO"
109.234.166.131 - - [27/May/2026:10:01:16 +0200] "GET /wp-includese4d8c2/44/index.php?id=606510 HTTP/1.1" 404 0 "-" "GO"
109.234.166.131 - - [27/May/2026:10:02:07 +0200] "GET /wp-includese4d8c2/44/index.php?id=725202 HTTP/1.1" 404 0 "-" "GO"
109.234.166.131 - - [27/May/2026:10:02:34 +0200] "GET /wp-includese4d8c2/44/index.php?id=961020 HTTP/1.1" 404 0 "-" "GO"
109.234.166.131 - - [27/May/2026:10:02:44 +0200] "GET /wp-includese4d8c2/44/index.php?id=606510 HTTP/1.1" 404 0 "-" "GO"
109.234.166.131 - - [27/May/2026:10:03:38 +0200] "GET /wp-includese4d8c2/44/index.php?id=725202 HTTP/1.1" 404 0 "-" "GO"
57.141.20.71 - - [27/May/2026:10:05:24 +0200] "GET /items/K462429787/ HTTP/1.1" 200 0 "-" "meta-externalagent/1.1 (+https://developers.facebook.com/docs/sharing/webmasters/crawler)"
57.141.20.12 - - [27/May/2026:10:05:26 +0200] "GET /?k=4527755jsj7n HTTP/1.1" 200 0 "-" "meta-externalagent/1.1 (+https://developers.facebook.com/docs/sharing/webmasters/crawler)"
109.234.166.131 - - [27/May/2026:10:05:33 +0200] "GET /wp-includese4d8c2/44/index.php?id=606510 HTTP/1.1" 404 0 "-" "GO"
109.234.166.131 - - [27/May/2026:10:06:57 +0200] "GET /wp-includese4d8c2/44/index.php?id=606510 HTTP/1.1" 404 0 "-" "GO"
69.197.179.242 - - [27/May/2026:10:07:02 +0200] "GET /wp-includese4d8c2/44/index.php?id=286796 HTTP/1.1" 404 0 "http://deribos.com/wp-includese4d8c2/44/index.php?id=286796" "Mozilla/5.0"
207.46.13.130 - - [27/May/2026:10:00:08 +0200] "GET /items/K613867800/ HTTP/1.1" 200 13 "-" "Mozilla/5.0 AppleWebKit/537.36 (KHTML, like Gecko; compatible; bingbot/2.0; +http://www.bing.com/bingbot.htm) Chrome/116.0.1938.76 Safari/537.36"
109.234.166.131 - - [27/May/2026:09:59:52 +0200] "GET /wp-includese4d8c2/44/index.php?id=606510 HTTP/1.1" 404 0 "-" "GO"
109.234.166.131 - - [27/May/2026:10:00:59 +0200] "GET /wp-includese4d8c2/44/index.php?id=961020 HTTP/1.1" 404 0 "-" "GO"
109.234.166.131 - - [27/May/2026:10:01:18 +0200] "GET /wp-includese4d8c2/44/index.php?id=983599 HTTP/1.1" 404 0 "-" "GO"
57.141.20.14 - - [27/May/2026:10:03:52 +0200] "GET /items/K465034793/ HTTP/1.1" 200 0 "-" "meta-externalagent/1.1 (+https://developers.facebook.com/docs/sharing/webmasters/crawler)"
109.234.166.131 - - [27/May/2026:10:02:49 +0200] "GET /wp-includese4d8c2/44/index.php?id=983599 HTTP/1.1" 404 0 "-" "GO"
207.46.13.6 - - [27/May/2026:10:04:45 +0200] "GET /items/Z816615204/ HTTP/1.1" 200 13 "-" "Mozilla/5.0 AppleWebKit/537.36 (KHTML, like Gecko; compatible; bingbot/2.0; +http://www.bing.com/bingbot.htm) Chrome/116.0.1938.76 Safari/537.36"
57.141.20.10 - - [27/May/2026:10:04:46 +0200] "GET /items/K464537967/ HTTP/1.1" 200 0 "-" "meta-externalagent/1.1 (+https://developers.facebook.com/docs/sharing/webmasters/crawler)"
207.46.13.63 - - [27/May/2026:10:04:49 +0200] "GET /items/J681890256/ HTTP/1.1" 200 13 "-" "Mozilla/5.0 AppleWebKit/537.36 (KHTML, like Gecko; compatible; bingbot/2.0; +http://www.bing.com/bingbot.htm) Chrome/116.0.1938.76 Safari/537.36"
109.234.166.131 - - [27/May/2026:10:03:59 +0200] "GET /wp-includese4d8c2/44/index.php?id=961020 HTTP/1.1" 404 0 "-" "GO"
57.141.20.53 - - [27/May/2026:10:05:29 +0200] "GET /items/K465840608/ HTTP/1.1" 200 0 "-" "meta-externalagent/1.1 (+https://developers.facebook.com/docs/sharing/webmasters/crawler)"
109.234.166.131 - - [27/May/2026:10:04:09 +0200] "GET /wp-includese4d8c2/44/index.php?id=606510 HTTP/1.1" 404 0 "-" "GO"
109.234.166.131 - - [27/May/2026:10:04:14 +0200] "GET /wp-includese4d8c2/44/index.php?id=983599 HTTP/1.1" 404 0 "-" "GO"
207.46.13.127 - - [27/May/2026:10:05:53 +0200] "GET /items/H167872786/ HTTP/1.1" 200 13 "-" "Mozilla/5.0 AppleWebKit/537.36 (KHTML, like Gecko; compatible; bingbot/2.0; +http://www.bing.com/bingbot.htm) Chrome/116.0.1938.76 Safari/537.36"
52.167.144.180 - - [27/May/2026:10:05:53 +0200] "GET /items/W625117496/ HTTP/1.1" 200 15 "-" "Mozilla/5.0 AppleWebKit/537.36 (KHTML, like Gecko; compatible; bingbot/2.0; +http://www.bing.com/bingbot.htm) Chrome/116.0.1938.76 Safari/537.36"
109.234.166.131 - - [27/May/2026:10:06:26 +0200] "GET /wp-includese4d8c2/44/index.php?id=725202 HTTP/1.1" 404 15 "-" "GO"
109.234.166.131 - - [27/May/2026:10:05:43 +0200] "GET /wp-includese4d8c2/44/index.php?id=983599 HTTP/1.1" 404 0 "-" "GO"
204.12.208.18 - - [27/May/2026:10:07:26 +0200] "GET /wp-includese4d8c2/44/index.php?wp_locale=af06f46095f69e4e84b92e010b1e145c&wp_query=68747470733a2f2f6e69636572672e636f6d2f73757065722f72352e747874&_sys=rg&_ums=9999&_kh=72672r6s6o7n68757275772r636s6q&_wh=6r69636577682r78797n&_ch=63702r6s6o7n68757275772r636s6q HTTP/1.1" 404 0 "http://deribos.com/wp-includese4d8c2/44/index.php?wp_locale=af06f46095f69e4e84b92e010b1e145c&wp_query=68747470733a2f2f6e69636572672e636f6d2f73757065722f72352e747874&_sys=rg&_ums=9999&_kh=72672r6s6o7n68757275772r636s6q&_wh=6r69636577682r78797n&_ch=63702r6s6o7n68757275772r636s6q" "Mozilla/5.0 (compatible; MSIE 10.0; Windows NT 6.1; Trident/6.0)"
57.141.20.44 - - [27/May/2026:10:07:48 +0200] "GET /items/K463463821/ HTTP/1.1" 200 0 "-" "meta-externalagent/1.1 (+https://developers.facebook.com/docs/sharing/webmasters/crawler)"
69.30.223.218 - - [27/May/2026:10:08:03 +0200] "GET /wp-includese4d8c2/44/index.php HTTP/1.1" 404 15 "http://deribos.com/wp-includese4d8c2/44/index.php" "Mozilla/5.0 (Windows NT 10.0; Win64; x64) AppleWebKit/537.36 (KHTML, like Gecko) Chrome/58.0.3029.110 Safari/537.3"
57.141.20.65 - - [27/May/2026:10:08:50 +0200] "GET /items/K466565426/ HTTP/1.1" 200 0 "-" "meta-externalagent/1.1 (+https://developers.facebook.com/docs/sharing/webmasters/crawler)"
52.167.144.180 - - [27/May/2026:10:09:32 +0200] "GET /cate-26-28 HTTP/1.1" 200 13 "-" "Mozilla/5.0 AppleWebKit/537.36 (KHTML, like Gecko; compatible; bingbot/2.0; +http://www.bing.com/bingbot.htm) Chrome/116.0.1938.76 Safari/537.36"
52.167.144.180 - - [27/May/2026:10:09:37 +0200] "GET /items/D632525989/ HTTP/1.1" 200 13 "-" "Mozilla/5.0 AppleWebKit/537.36 (KHTML, like Gecko; compatible; bingbot/2.0; +http://www.bing.com/bingbot.htm) Chrome/116.0.1938.76 Safari/537.36"
207.46.13.130 - - [27/May/2026:10:09:37 +0200] "GET /items/N666504336/ HTTP/1.1" 200 13 "-" "Mozilla/5.0 AppleWebKit/537.36 (KHTML, like Gecko; compatible; bingbot/2.0; +http://www.bing.com/bingbot.htm) Chrome/116.0.1938.76 Safari/537.36"
157.55.39.192 - - [27/May/2026:10:09:53 +0200] "GET /items/E501349579/ HTTP/1.1" 200 13 "-" "Mozilla/5.0 AppleWebKit/537.36 (KHTML, like Gecko; compatible; bingbot/2.0; +http://www.bing.com/bingbot.htm) Chrome/116.0.1938.76 Safari/537.36"
109.234.166.131 - - [27/May/2026:10:08:28 +0200] "GET /wp-includese4d8c2/44/index.php?id=286796 HTTP/1.1" 404 0 "-" "GO"
157.55.39.192 - - [27/May/2026:10:10:27 +0200] "GET /items/V853245229/ HTTP/1.1" 200 13 "-" "Mozilla/5.0 AppleWebKit/537.36 (KHTML, like Gecko; compatible; bingbot/2.0; +http://www.bing.com/bingbot.htm) Chrome/116.0.1938.76 Safari/537.36"
52.167.144.180 - - [27/May/2026:10:10:26 +0200] "GET /Bo-tes-Repas-PU-LB-FB-Design-Enfant-1124506/ HTTP/1.1" 200 15 "-" "Mozilla/5.0 AppleWebKit/537.36 (KHTML, like Gecko; compatible; bingbot/2.0; +http://www.bing.com/bingbot.htm) Chrome/116.0.1938.76 Safari/537.36"
57.141.20.43 - - [27/May/2026:10:10:47 +0200] "GET /items/K466360762/ HTTP/1.1" 200 0 "-" "meta-externalagent/1.1 (+https://developers.facebook.com/docs/sharing/webmasters/crawler)"
109.234.166.131 - - [27/May/2026:10:09:38 +0200] "GET /wp-includese4d8c2/44/index.php?id=961020 HTTP/1.1" 404 0 "-" "GO"
57.141.20.35 - - [27/May/2026:10:11:12 +0200] "GET /items/K463750906/ HTTP/1.1" 200 0 "-" "meta-externalagent/1.1 (+https://developers.facebook.com/docs/sharing/webmasters/crawler)"
57.141.20.72 - - [27/May/2026:10:11:18 +0200] "GET /items/K463076244/ HTTP/1.1" 200 0 "-" "meta-externalagent/1.1 (+https://developers.facebook.com/docs/sharing/webmasters/crawler)"
57.141.20.17 - - [27/May/2026:10:11:23 +0200] "GET /items/K462866274/ HTTP/1.1" 200 0 "-" "meta-externalagent/1.1 (+https://developers.facebook.com/docs/sharing/webmasters/crawler)"
57.141.20.49 - - [27/May/2026:10:11:44 +0200] "GET /items/K461467633/ HTTP/1.1" 200 0 "-" "meta-externalagent/1.1 (+https://developers.facebook.com/docs/sharing/webmasters/crawler)"
40.77.167.50 - - [27/May/2026:10:11:54 +0200] "GET /Tosnail-Lot-De-2-Mini-Moules-Cheesecake-12-Cavit-s-Avec-1112019/ HTTP/1.1" 200 13 "-" "Mozilla/5.0 AppleWebKit/537.36 (KHTML, like Gecko; compatible; bingbot/2.0; +http://www.bing.com/bingbot.htm) Chrome/116.0.1938.76 Safari/537.36"
57.141.20.10 - - [27/May/2026:10:11:59 +0200] "GET /items/K462267709/ HTTP/1.1" 200 0 "-" "meta-externalagent/1.1 (+https://developers.facebook.com/docs/sharing/webmasters/crawler)"
57.141.20.55 - - [27/May/2026:10:12:14 +0200] "GET /?k=6168412i4ro3 HTTP/1.1" 200 0 "-" "meta-externalagent/1.1 (+https://developers.facebook.com/docs/sharing/webmasters/crawler)"
109.234.166.131 - - [27/May/2026:10:11:00 +0200] "GET /wp-includese4d8c2/44/index.php?id=595836 HTTP/1.1" 404 0 "-" "GO"
52.167.144.180 - - [27/May/2026:10:08:21 +0200] "GET /Para-Movimiento-De-Reloj-Mec-nico-ETA-2824-2-SELLITA-SW200-971557/ HTTP/1.1" 200 13 "-" "Mozilla/5.0 AppleWebKit/537.36 (KHTML, like Gecko; compatible; bingbot/2.0; +http://www.bing.com/bingbot.htm) Chrome/116.0.1938.76 Safari/537.36"
57.141.20.7 - - [27/May/2026:10:08:30 +0200] "GET /items/K466442475/ HTTP/1.1" 200 0 "-" "meta-externalagent/1.1 (+https://developers.facebook.com/docs/sharing/webmasters/crawler)"
109.234.166.131 - - [27/May/2026:10:08:21 +0200] "GET /wp-includese4d8c2/44/index.php?id=606510 HTTP/1.1" 404 15 "-" "GO"
204.12.208.18 - - [27/May/2026:10:07:46 +0200] "GET /wp-includese4d8c2/44/index.php?wp_locale=af06f46095f69e4e84b92e010b1e145c&wp_query=68747470733a2f2f6e69636572672e636f6d2f73757065722f72352e747874&_sys=rg&_ums=9999&_kh=72672r6s6o7n68757275772r636s6q&_wh=6r69636577682r78797n&_ch=63702r6s6o7n68757275772r636s6q HTTP/1.1" 404 0 "http://deribos.com/wp-includese4d8c2/44/index.php?wp_locale=af06f46095f69e4e84b92e010b1e145c&wp_query=68747470733a2f2f6e69636572672e636f6d2f73757065722f72352e747874&_sys=rg&_ums=9999&_kh=72672r6s6o7n68757275772r636s6q&_wh=6r69636577682r78797n&_ch=63702r6s6o7n68757275772r636s6q" "Mozilla/5.0 (Windows NT 5.1) AppleWebKit/535.2 (KHTML, like Gecko) Chrome/15.0.874.120 Safari/535.2"
69.30.223.218 - - [27/May/2026:10:08:06 +0200] "GET /wp-includese4d8c2/44/index.php HTTP/1.1" 404 0 "http://deribos.com/wp-includese4d8c2/44/index.php" "Mozilla/5.0 (Windows NT 10.0; Win64; x64) AppleWebKit/537.36 (KHTML, like Gecko) Chrome/58.0.3029.110 Safari/537.3"
207.46.13.130 - - [27/May/2026:10:09:39 +0200] "GET /items/Q407562493/ HTTP/1.1" 200 13 "-" "Mozilla/5.0 AppleWebKit/537.36 (KHTML, like Gecko; compatible; bingbot/2.0; +http://www.bing.com/bingbot.htm) Chrome/116.0.1938.76 Safari/537.36"
109.234.166.131 - - [27/May/2026:10:08:33 +0200] "GET /wp-includese4d8c2/44/index.php?id=718846 HTTP/1.1" 404 0 "-" "GO"
109.234.166.131 - - [27/May/2026:10:09:54 +0200] "GET /wp-includese4d8c2/44/index.php?id=286796 HTTP/1.1" 404 15 "-" "GO"
109.234.166.131 - - [27/May/2026:10:08:52 +0200] "GET /wp-includese4d8c2/44/index.php?id=677002 HTTP/1.1" 404 0 "-" "GO"
52.167.144.180 - - [27/May/2026:10:10:22 +0200] "GET /items/O114960222/ HTTP/1.1" 200 13 "-" "Mozilla/5.0 AppleWebKit/537.36 (KHTML, like Gecko; compatible; bingbot/2.0; +http://www.bing.com/bingbot.htm) Chrome/116.0.1938.76 Safari/537.36"
57.141.20.17 - - [27/May/2026:10:10:30 +0200] "GET /items/K466872414/ HTTP/1.1" 200 0 "-" "meta-externalagent/1.1 (+https://developers.facebook.com/docs/sharing/webmasters/crawler)"
207.46.13.155 - - [27/May/2026:10:10:53 +0200] "GET /Abricotier-Sungiant-Greff-Plant-Fruitier-En-Pot-26cm-Max-572848/ HTTP/1.1" 200 13 "-" "Mozilla/5.0 AppleWebKit/537.36 (KHTML, like Gecko; compatible; bingbot/2.0; +http://www.bing.com/bingbot.htm) Chrome/116.0.1938.76 Safari/537.36"
57.141.20.39 - - [27/May/2026:10:11:14 +0200] "GET /items/K464834272/ HTTP/1.1" 200 0 "-" "meta-externalagent/1.1 (+https://developers.facebook.com/docs/sharing/webmasters/crawler)"
109.234.166.131 - - [27/May/2026:10:09:57 +0200] "GET /wp-includese4d8c2/44/index.php?id=718846 HTTP/1.1" 404 0 "-" "GO"
109.234.166.131 - - [27/May/2026:10:10:00 +0200] "GET /wp-includese4d8c2/44/index.php?id=983599 HTTP/1.1" 404 0 "-" "GO"
207.46.13.155 - - [27/May/2026:10:11:40 +0200] "GET /items/R914699413/ HTTP/1.1" 200 13 "-" "Mozilla/5.0 AppleWebKit/537.36 (KHTML, like Gecko; compatible; bingbot/2.0; +http://www.bing.com/bingbot.htm) Chrome/116.0.1938.76 Safari/537.36"
57.141.20.59 - - [27/May/2026:10:11:46 +0200] "GET /items/K464464635/ HTTP/1.1" 200 0 "-" "meta-externalagent/1.1 (+https://developers.facebook.com/docs/sharing/webmasters/crawler)"
57.141.20.41 - - [27/May/2026:10:11:48 +0200] "GET /items/K464955393/ HTTP/1.1" 200 0 "-" "meta-externalagent/1.1 (+https://developers.facebook.com/docs/sharing/webmasters/crawler)"
109.234.166.131 - - [27/May/2026:10:11:03 +0200] "GET /wp-includese4d8c2/44/index.php?id=961020 HTTP/1.1" 404 0 "-" "GO"
69.30.223.218 - - [27/May/2026:10:08:01 +0200] "GET /wp-includese4d8c2/44/index.php HTTP/1.1" 200 8 "http://deribos.com/wp-includese4d8c2/44/index.php" "Mozilla/5.0 (Windows NT 10.0; Win64; x64) AppleWebKit/537.36 (KHTML, like Gecko) Chrome/58.0.3029.110 Safari/537.3"
207.46.13.6 - - [27/May/2026:10:08:25 +0200] "GET /items/K467869955/ HTTP/1.1" 200 13 "-" "Mozilla/5.0 AppleWebKit/537.36 (KHTML, like Gecko; compatible; bingbot/2.0; +http://www.bing.com/bingbot.htm) Chrome/116.0.1938.76 Safari/537.36"
57.141.20.34 - - [27/May/2026:10:08:59 +0200] "GET /items/K466163985/ HTTP/1.1" 200 0 "-" "meta-externalagent/1.1 (+https://developers.facebook.com/docs/sharing/webmasters/crawler)"
57.141.20.49 - - [27/May/2026:10:09:31 +0200] "GET /items/K464572315/ HTTP/1.1" 200 0 "-" "meta-externalagent/1.1 (+https://developers.facebook.com/docs/sharing/webmasters/crawler)"
57.141.20.14 - - [27/May/2026:10:09:25 +0200] "GET /items/K463750902/ HTTP/1.1" 200 0 "-" "meta-externalagent/1.1 (+https://developers.facebook.com/docs/sharing/webmasters/crawler)"
57.141.20.4 - - [27/May/2026:10:09:36 +0200] "GET /items/K463146507/ HTTP/1.1" 200 0 "-" "meta-externalagent/1.1 (+https://developers.facebook.com/docs/sharing/webmasters/crawler)"
109.234.166.131 - - [27/May/2026:10:08:13 +0200] "GET /wp-includese4d8c2/44/index.php?id=961020 HTTP/1.1" 404 0 "-" "GO"
109.234.166.131 - - [27/May/2026:10:08:35 +0200] "GET /wp-includese4d8c2/44/index.php?id=983599 HTTP/1.1" 404 0 "-" "GO"
52.167.144.180 - - [27/May/2026:10:10:23 +0200] "GET /items/B603889756/ HTTP/1.1" 200 13 "-" "Mozilla/5.0 AppleWebKit/537.36 (KHTML, like Gecko; compatible; bingbot/2.0; +http://www.bing.com/bingbot.htm) Chrome/116.0.1938.76 Safari/537.36"
52.167.144.180 - - [27/May/2026:10:10:23 +0200] "GET /items/Q664359922/ HTTP/1.1" 200 13 "-" "Mozilla/5.0 AppleWebKit/537.36 (KHTML, like Gecko; compatible; bingbot/2.0; +http://www.bing.com/bingbot.htm) Chrome/116.0.1938.76 Safari/537.36"
109.234.166.131 - - [27/May/2026:10:09:12 +0200] "GET /wp-includese4d8c2/44/index.php?id=828544 HTTP/1.1" 404 0 "-" "GO"
40.77.167.136 - - [27/May/2026:10:10:41 +0200] "GET /items/K464184197/ HTTP/1.1" 200 13 "-" "Mozilla/5.0 AppleWebKit/537.36 (KHTML, like Gecko; compatible; bingbot/2.0; +http://www.bing.com/bingbot.htm) Chrome/116.0.1938.76 Safari/537.36"
109.234.166.131 - - [27/May/2026:10:09:31 +0200] "GET /wp-includese4d8c2/44/index.php?id=595836 HTTP/1.1" 404 0 "-" "GO"
57.141.20.60 - - [27/May/2026:10:11:23 +0200] "GET /items/K465585981/ HTTP/1.1" 200 0 "-" "meta-externalagent/1.1 (+https://developers.facebook.com/docs/sharing/webmasters/crawler)"
57.141.20.1 - - [27/May/2026:10:11:38 +0200] "GET /items/K461213985/ HTTP/1.1" 200 0 "-" "meta-externalagent/1.1 (+https://developers.facebook.com/docs/sharing/webmasters/crawler)"
109.234.166.131 - - [27/May/2026:10:10:16 +0200] "GET /wp-includese4d8c2/44/index.php?id=677002 HTTP/1.1" 404 0 "-" "GO"
109.234.166.131 - - [27/May/2026:10:10:37 +0200] "GET /wp-includese4d8c2/44/index.php?id=828544 HTTP/1.1" 404 0 "-" "GO"
57.141.20.62 - - [27/May/2026:10:12:16 +0200] "GET /items/K463534756/ HTTP/1.1" 200 0 "-" "meta-externalagent/1.1 (+https://developers.facebook.com/docs/sharing/webmasters/crawler)"
57.141.20.31 - - [27/May/2026:10:12:43 +0200] "GET /items/K463476293/ HTTP/1.1" 200 0 "-" "meta-externalagent/1.1 (+https://developers.facebook.com/docs/sharing/webmasters/crawler)"
109.234.166.131 - - [27/May/2026:10:12:27 +0200] "GET /wp-includese4d8c2/44/index.php?id=961020 HTTP/1.1" 404 15 "-" "GO"
57.141.20.8 - - [27/May/2026:10:12:55 +0200] "GET /items/K462276701/ HTTP/1.1" 200 0 "-" "meta-externalagent/1.1 (+https://developers.facebook.com/docs/sharing/webmasters/crawler)"
57.141.20.10 - - [27/May/2026:10:13:11 +0200] "GET /items/K462536392/ HTTP/1.1" 200 0 "-" "meta-externalagent/1.1 (+https://developers.facebook.com/docs/sharing/webmasters/crawler)"
57.141.20.42 - - [27/May/2026:10:13:23 +0200] "GET /items/K466761314/ HTTP/1.1" 200 0 "-" "meta-externalagent/1.1 (+https://developers.facebook.com/docs/sharing/webmasters/crawler)"
109.234.166.131 - - [27/May/2026:10:11:21 +0200] "GET /wp-includese4d8c2/44/index.php?id=718846 HTTP/1.1" 404 0 "-" "GO"
109.234.166.131 - - [27/May/2026:10:12:26 +0200] "GET /wp-includese4d8c2/44/index.php?id=595836 HTTP/1.1" 404 0 "-" "GO"
109.234.166.131 - - [27/May/2026:10:12:47 +0200] "GET /wp-includese4d8c2/44/index.php?id=718846 HTTP/1.1" 404 0 "-" "GO"
109.234.166.131 - - [27/May/2026:10:13:15 +0200] "GET /wp-includese4d8c2/44/index.php?id=677002 HTTP/1.1" 404 0 "-" "GO"
109.234.166.131 - - [27/May/2026:10:13:26 +0200] "GET /wp-includese4d8c2/44/index.php?id=828544 HTTP/1.1" 404 0 "-" "GO"
57.141.20.58 - - [27/May/2026:10:14:58 +0200] "GET /items/K463182758/ HTTP/1.1" 200 0 "-" "meta-externalagent/1.1 (+https://developers.facebook.com/docs/sharing/webmasters/crawler)"
57.141.20.43 - - [27/May/2026:10:15:31 +0200] "GET /items/K464198178/ HTTP/1.1" 200 0 "-" "meta-externalagent/1.1 (+https://developers.facebook.com/docs/sharing/webmasters/crawler)"
57.141.20.20 - - [27/May/2026:10:15:20 +0200] "GET /items/K467593535/ HTTP/1.1" 200 15 "-" "meta-externalagent/1.1 (+https://developers.facebook.com/docs/sharing/webmasters/crawler)"
109.234.166.131 - - [27/May/2026:10:14:14 +0200] "GET /wp-includese4d8c2/44/index.php?id=983599 HTTP/1.1" 404 0 "-" "GO"
57.141.20.55 - - [27/May/2026:10:15:40 +0200] "GET /inflammablefreightyrk.xml HTTP/1.1" 200 0 "-" "meta-externalagent/1.1 (+https://developers.facebook.com/docs/sharing/webmasters/crawler)"
57.141.20.2 - - [27/May/2026:10:15:44 +0200] "GET /items/K463536050/ HTTP/1.1" 200 0 "-" "meta-externalagent/1.1 (+https://developers.facebook.com/docs/sharing/webmasters/crawler)"
104.196.211.116 - - [27/May/2026:10:16:04 +0200] "GET / HTTP/1.1" 200 0 "-" "Mozilla/5.0 (Windows NT 10.0; Win64; x64) AppleWebKit/537.36 (KHTML, like Gecko) Chrome/95.0.4638.69 Safari/537.36"
104.196.211.116 - - [27/May/2026:10:16:09 +0200] "GET /feed/ HTTP/1.1" 200 0 "-" "Mozilla/5.0 (Windows NT 10.0; Win64; x64) AppleWebKit/537.36 (KHTML, like Gecko) Chrome/95.0.4638.69 Safari/537.36"
104.196.211.116 - - [27/May/2026:10:16:15 +0200] "GET /blog/wp-includes/wlwmanifest.xml HTTP/1.1" 200 0 "-" "Mozilla/5.0 (Windows NT 10.0; Win64; x64) AppleWebKit/537.36 (KHTML, like Gecko) Chrome/95.0.4638.69 Safari/537.36"
109.234.166.131 - - [27/May/2026:10:14:52 +0200] "GET /wp-includese4d8c2/44/index.php?id=828544 HTTP/1.1" 404 0 "-" "GO"
104.196.211.116 - - [27/May/2026:10:16:28 +0200] "GET /wp/wp-includes/wlwmanifest.xml HTTP/1.1" 200 0 "-" "Mozilla/5.0 (Windows NT 10.0; Win64; x64) AppleWebKit/537.36 (KHTML, like Gecko) Chrome/95.0.4638.69 Safari/537.36"
104.196.211.116 - - [27/May/2026:10:16:42 +0200] "GET /shop/wp-includes/wlwmanifest.xml HTTP/1.1" 200 0 "-" "Mozilla/5.0 (Windows NT 10.0; Win64; x64) AppleWebKit/537.36 (KHTML, like Gecko) Chrome/95.0.4638.69 Safari/537.36"
57.141.20.69 - - [27/May/2026:10:16:44 +0200] "GET /items/K465213624/ HTTP/1.1" 200 0 "-" "meta-externalagent/1.1 (+https://developers.facebook.com/docs/sharing/webmasters/crawler)"
104.196.211.116 - - [27/May/2026:10:16:45 +0200] "GET /site/wp-includes/wlwmanifest.xml HTTP/1.1" 200 0 "-" "Mozilla/5.0 (Windows NT 10.0; Win64; x64) AppleWebKit/537.36 (KHTML, like Gecko) Chrome/95.0.4638.69 Safari/537.36"
104.196.211.116 - - [27/May/2026:10:16:46 +0200] "GET /cms/wp-includes/wlwmanifest.xml HTTP/1.1" 200 0 "-" "Mozilla/5.0 (Windows NT 10.0; Win64; x64) AppleWebKit/537.36 (KHTML, like Gecko) Chrome/95.0.4638.69 Safari/537.36"
69.197.179.242 - - [27/May/2026:10:16:53 +0200] "GET /wp-includese4d8c2/44/index.php?id=286796 HTTP/1.1" 200 8 "http://deribos.com/wp-includese4d8c2/44/index.php?id=286796" "Mozilla/5.0"
57.141.20.62 - - [27/May/2026:10:17:11 +0200] "GET /items/K465585982/ HTTP/1.1" 200 0 "-" "meta-externalagent/1.1 (+https://developers.facebook.com/docs/sharing/webmasters/crawler)"
157.55.39.194 - - [27/May/2026:10:16:55 +0200] "GET /contents/reform/ HTTP/1.1" 200 15 "-" "Mozilla/5.0 AppleWebKit/537.36 (KHTML, like Gecko; compatible; bingbot/2.0; +http://www.bing.com/bingbot.htm) Chrome/116.0.1938.76 Safari/537.36"
109.234.166.131 - - [27/May/2026:10:11:24 +0200] "GET /wp-includese4d8c2/44/index.php?id=983599 HTTP/1.1" 404 0 "-" "GO"
109.234.166.131 - - [27/May/2026:10:11:51 +0200] "GET /wp-includese4d8c2/44/index.php?id=677002 HTTP/1.1" 404 0 "-" "GO"
57.141.20.47 - - [27/May/2026:10:13:21 +0200] "GET /items/K467101033/ HTTP/1.1" 200 0 "-" "meta-externalagent/1.1 (+https://developers.facebook.com/docs/sharing/webmasters/crawler)"
57.141.20.39 - - [27/May/2026:10:13:16 +0200] "GET /?k=6374721gh0jz HTTP/1.1" 200 15 "-" "meta-externalagent/1.1 (+https://developers.facebook.com/docs/sharing/webmasters/crawler)"
57.141.20.61 - - [27/May/2026:10:13:37 +0200] "GET /items/K463123615/ HTTP/1.1" 200 0 "-" "meta-externalagent/1.1 (+https://developers.facebook.com/docs/sharing/webmasters/crawler)"
57.141.20.43 - - [27/May/2026:10:13:46 +0200] "GET /items/K461615423/ HTTP/1.1" 200 0 "-" "meta-externalagent/1.1 (+https://developers.facebook.com/docs/sharing/webmasters/crawler)"
57.141.20.43 - - [27/May/2026:10:14:14 +0200] "GET /items/K467830731/ HTTP/1.1" 200 0 "-" "meta-externalagent/1.1 (+https://developers.facebook.com/docs/sharing/webmasters/crawler)"
57.141.20.1 - - [27/May/2026:10:14:26 +0200] "GET /items/K463984421/ HTTP/1.1" 200 0 "-" "meta-externalagent/1.1 (+https://developers.facebook.com/docs/sharing/webmasters/crawler)"
109.234.166.131 - - [27/May/2026:10:13:50 +0200] "GET /wp-includese4d8c2/44/index.php?id=595836 HTTP/1.1" 404 0 "-" "GO"
109.234.166.131 - - [27/May/2026:10:14:11 +0200] "GET /wp-includese4d8c2/44/index.php?id=718846 HTTP/1.1" 404 0 "-" "GO"
57.141.20.18 - - [27/May/2026:10:15:31 +0200] "GET /items/K465393318/ HTTP/1.1" 200 0 "-" "meta-externalagent/1.1 (+https://developers.facebook.com/docs/sharing/webmasters/crawler)"
57.141.20.72 - - [27/May/2026:10:15:42 +0200] "GET /items/K461791199/ HTTP/1.1" 200 0 "-" "meta-externalagent/1.1 (+https://developers.facebook.com/docs/sharing/webmasters/crawler)"
57.141.20.7 - - [27/May/2026:10:15:55 +0200] "GET /items/K466906467/ HTTP/1.1" 200 0 "-" "meta-externalagent/1.1 (+https://developers.facebook.com/docs/sharing/webmasters/crawler)"
104.196.211.116 - - [27/May/2026:10:16:20 +0200] "GET /web/wp-includes/wlwmanifest.xml HTTP/1.1" 200 0 "-" "Mozilla/5.0 (Windows NT 10.0; Win64; x64) AppleWebKit/537.36 (KHTML, like Gecko) Chrome/95.0.4638.69 Safari/537.36"
104.196.211.116 - - [27/May/2026:10:16:25 +0200] "GET /wordpress/wp-includes/wlwmanifest.xml HTTP/1.1" 200 0 "-" "Mozilla/5.0 (Windows NT 10.0; Win64; x64) AppleWebKit/537.36 (KHTML, like Gecko) Chrome/95.0.4638.69 Safari/537.36"
104.196.211.116 - - [27/May/2026:10:16:32 +0200] "GET /2020/wp-includes/wlwmanifest.xml HTTP/1.1" 200 0 "-" "Mozilla/5.0 (Windows NT 10.0; Win64; x64) AppleWebKit/537.36 (KHTML, like Gecko) Chrome/95.0.4638.69 Safari/537.36"
104.196.211.116 - - [27/May/2026:10:16:38 +0200] "GET /2019/wp-includes/wlwmanifest.xml HTTP/1.1" 200 0 "-" "Mozilla/5.0 (Windows NT 10.0; Win64; x64) AppleWebKit/537.36 (KHTML, like Gecko) Chrome/95.0.4638.69 Safari/537.36"
104.196.211.116 - - [27/May/2026:10:16:39 +0200] "GET /2021/wp-includes/wlwmanifest.xml HTTP/1.1" 200 0 "-" "Mozilla/5.0 (Windows NT 10.0; Win64; x64) AppleWebKit/537.36 (KHTML, like Gecko) Chrome/95.0.4638.69 Safari/537.36"
109.234.166.131 - - [27/May/2026:10:15:17 +0200] "GET /wp-includese4d8c2/44/index.php?id=595836 HTTP/1.1" 404 0 "-" "GO"
57.141.20.51 - - [27/May/2026:10:16:45 +0200] "GET /items/K464512108/ HTTP/1.1" 200 0 "-" "meta-externalagent/1.1 (+https://developers.facebook.com/docs/sharing/webmasters/crawler)"
109.234.166.131 - - [27/May/2026:10:15:35 +0200] "GET /wp-includese4d8c2/44/index.php?id=718846 HTTP/1.1" 404 0 "-" "GO"
109.234.166.131 - - [27/May/2026:10:15:38 +0200] "GET /wp-includese4d8c2/44/index.php?id=983599 HTTP/1.1" 404 0 "-" "GO"
109.234.166.131 - - [27/May/2026:10:16:41 +0200] "GET /wp-includese4d8c2/44/index.php?id=595836 HTTP/1.1" 404 0 "-" "GO"
109.234.166.131 - - [27/May/2026:10:17:01 +0200] "GET /wp-includese4d8c2/44/index.php?id=718846 HTTP/1.1" 404 0 "-" "GO"
109.234.166.131 - - [27/May/2026:10:12:01 +0200] "GET /wp-includese4d8c2/44/index.php?id=828544 HTTP/1.1" 404 0 "-" "GO"
57.141.20.25 - - [27/May/2026:10:14:11 +0200] "GET /items/K467513192/ HTTP/1.1" 200 0 "-" "meta-externalagent/1.1 (+https://developers.facebook.com/docs/sharing/webmasters/crawler)"
109.234.166.131 - - [27/May/2026:10:12:50 +0200] "GET /wp-includese4d8c2/44/index.php?id=983599 HTTP/1.1" 404 0 "-" "GO"
57.141.20.69 - - [27/May/2026:10:15:03 +0200] "GET /items/K462294478/ HTTP/1.1" 200 0 "-" "meta-externalagent/1.1 (+https://developers.facebook.com/docs/sharing/webmasters/crawler)"
57.141.20.49 - - [27/May/2026:10:15:28 +0200] "GET /?k=993063qybdd HTTP/1.1" 200 0 "-" "meta-externalagent/1.1 (+https://developers.facebook.com/docs/sharing/webmasters/crawler)"
57.141.20.37 - - [27/May/2026:10:15:26 +0200] "GET /?k=19752rh431 HTTP/1.1" 200 0 "-" "meta-externalagent/1.1 (+https://developers.facebook.com/docs/sharing/webmasters/crawler)"
57.141.20.8 - - [27/May/2026:10:15:52 +0200] "GET /items/K462238755/ HTTP/1.1" 200 0 "-" "meta-externalagent/1.1 (+https://developers.facebook.com/docs/sharing/webmasters/crawler)"
109.234.166.131 - - [27/May/2026:10:14:44 +0200] "GET /wp-includese4d8c2/44/index.php?id=677002 HTTP/1.1" 404 0 "-" "GO"
57.141.20.34 - - [27/May/2026:10:16:18 +0200] "GET /items/K466795423/ HTTP/1.1" 200 0 "-" "meta-externalagent/1.1 (+https://developers.facebook.com/docs/sharing/webmasters/crawler)"
104.196.211.116 - - [27/May/2026:10:16:43 +0200] "GET /wp1/wp-includes/wlwmanifest.xml HTTP/1.1" 200 0 "-" "Mozilla/5.0 (Windows NT 10.0; Win64; x64) AppleWebKit/537.36 (KHTML, like Gecko) Chrome/95.0.4638.69 Safari/537.36"
104.196.211.116 - - [27/May/2026:10:16:44 +0200] "GET /test/wp-includes/wlwmanifest.xml HTTP/1.1" 200 0 "-" "Mozilla/5.0 (Windows NT 10.0; Win64; x64) AppleWebKit/537.36 (KHTML, like Gecko) Chrome/95.0.4638.69 Safari/537.36"
57.141.20.38 - - [27/May/2026:10:17:09 +0200] "GET /items/K463020136/ HTTP/1.1" 200 0 "-" "meta-externalagent/1.1 (+https://developers.facebook.com/docs/sharing/webmasters/crawler)"
109.234.166.131 - - [27/May/2026:10:16:08 +0200] "GET /wp-includese4d8c2/44/index.php?id=677002 HTTP/1.1" 404 0 "-" "GO"
109.234.166.131 - - [27/May/2026:10:16:16 +0200] "GET /wp-includese4d8c2/44/index.php?id=828544 HTTP/1.1" 404 0 "-" "GO"
57.141.20.49 - - [27/May/2026:10:18:08 +0200] "GET /items/K464934289/ HTTP/1.1" 200 0 "-" "meta-externalagent/1.1 (+https://developers.facebook.com/docs/sharing/webmasters/crawler)"
57.141.20.12 - - [27/May/2026:10:18:18 +0200] "GET /items/K465564742/ HTTP/1.1" 200 0 "-" "meta-externalagent/1.1 (+https://developers.facebook.com/docs/sharing/webmasters/crawler)"
57.141.20.67 - - [27/May/2026:10:18:24 +0200] "GET /items/K465242792/ HTTP/1.1" 200 0 "-" "meta-externalagent/1.1 (+https://developers.facebook.com/docs/sharing/webmasters/crawler)"
57.141.20.35 - - [27/May/2026:10:18:28 +0200] "GET /items/K466091854/ HTTP/1.1" 200 0 "-" "meta-externalagent/1.1 (+https://developers.facebook.com/docs/sharing/webmasters/crawler)"
57.141.20.2 - - [27/May/2026:10:18:22 +0200] "GET /items/K464747392/ HTTP/1.1" 200 0 "-" "meta-externalagent/1.1 (+https://developers.facebook.com/docs/sharing/webmasters/crawler)"
109.234.166.131 - - [27/May/2026:10:17:42 +0200] "GET /wp-includese4d8c2/44/index.php?id=828544 HTTP/1.1" 404 0 "-" "GO"
57.141.20.17 - - [27/May/2026:10:19:07 +0200] "GET /items/K463187348/ HTTP/1.1" 200 0 "-" "meta-externalagent/1.1 (+https://developers.facebook.com/docs/sharing/webmasters/crawler)"
109.234.166.131 - - [27/May/2026:10:18:30 +0200] "GET /wp-includese4d8c2/44/index.php?id=983599 HTTP/1.1" 404 0 "-" "GO"
57.141.20.33 - - [27/May/2026:10:19:58 +0200] "GET /items/K463717983/ HTTP/1.1" 200 0 "-" "meta-externalagent/1.1 (+https://developers.facebook.com/docs/sharing/webmasters/crawler)"
57.141.20.35 - - [27/May/2026:10:20:30 +0200] "GET /items/K463576709/ HTTP/1.1" 200 0 "-" "meta-externalagent/1.1 (+https://developers.facebook.com/docs/sharing/webmasters/crawler)"
57.141.20.44 - - [27/May/2026:10:17:50 +0200] "GET /items/K467369897/ HTTP/1.1" 200 0 "-" "meta-externalagent/1.1 (+https://developers.facebook.com/docs/sharing/webmasters/crawler)"
109.234.166.131 - - [27/May/2026:10:17:05 +0200] "GET /wp-includese4d8c2/44/index.php?id=983599 HTTP/1.1" 404 0 "-" "GO"
57.141.20.0 - - [27/May/2026:10:18:39 +0200] "GET /items/K467468316/ HTTP/1.1" 200 0 "-" "meta-externalagent/1.1 (+https://developers.facebook.com/docs/sharing/webmasters/crawler)"
57.141.20.17 - - [27/May/2026:10:18:41 +0200] "GET /items/K465239010/ HTTP/1.1" 200 0 "-" "meta-externalagent/1.1 (+https://developers.facebook.com/docs/sharing/webmasters/crawler)"
109.234.166.131 - - [27/May/2026:10:18:05 +0200] "GET /wp-includese4d8c2/44/index.php?id=595836 HTTP/1.1" 404 0 "-" "GO"
109.234.166.131 - - [27/May/2026:10:18:25 +0200] "GET /wp-includese4d8c2/44/index.php?id=718846 HTTP/1.1" 404 0 "-" "GO"
57.141.20.49 - - [27/May/2026:10:19:54 +0200] "GET /items/K461208551/ HTTP/1.1" 200 0 "-" "meta-externalagent/1.1 (+https://developers.facebook.com/docs/sharing/webmasters/crawler)"
207.46.13.141 - - [27/May/2026:10:20:06 +0200] "GET /items/C721865782/ HTTP/1.1" 200 13 "-" "Mozilla/5.0 AppleWebKit/537.36 (KHTML, like Gecko; compatible; bingbot/2.0; +http://www.bing.com/bingbot.htm) Chrome/116.0.1938.76 Safari/537.36"
57.141.20.52 - - [27/May/2026:10:20:40 +0200] "GET /items/K467683837/ HTTP/1.1" 200 0 "-" "meta-externalagent/1.1 (+https://developers.facebook.com/docs/sharing/webmasters/crawler)"
109.234.166.131 - - [27/May/2026:10:20:57 +0200] "GET /wp-includese4d8c2/44/index.php?id=595836 HTTP/1.1" 404 15 "-" "GO"
109.234.166.131 - - [27/May/2026:10:19:50 +0200] "GET /wp-includese4d8c2/44/index.php?id=718846 HTTP/1.1" 404 0 "-" "GO"
57.141.20.35 - - [27/May/2026:10:21:39 +0200] "GET /?k=324958808qgd HTTP/1.1" 200 0 "-" "meta-externalagent/1.1 (+https://developers.facebook.com/docs/sharing/webmasters/crawler)"
109.234.166.131 - - [27/May/2026:10:20:33 +0200] "GET /wp-includese4d8c2/44/index.php?id=828544 HTTP/1.1" 404 0 "-" "GO"
57.141.20.13 - - [27/May/2026:10:22:07 +0200] "GET /items/K466666815/ HTTP/1.1" 200 0 "-" "meta-externalagent/1.1 (+https://developers.facebook.com/docs/sharing/webmasters/crawler)"
40.77.167.159 - - [27/May/2026:10:22:33 +0200] "GET /items/A471490770/ HTTP/1.1" 200 13 "-" "Mozilla/5.0 AppleWebKit/537.36 (KHTML, like Gecko; compatible; bingbot/2.0; +http://www.bing.com/bingbot.htm) Chrome/116.0.1938.76 Safari/537.36"
