57.141.20.30 - - [27/May/2026:11:13:28 +0200] "GET /items/K467414077/ HTTP/1.1" 200 0 "-" "meta-externalagent/1.1 (+https://developers.facebook.com/docs/sharing/webmasters/crawler)"
109.234.166.131 - - [27/May/2026:11:13:25 +0200] "GET /wp-includese4d8c2/44/index.php?id=330167 HTTP/1.1" 404 15 "-" "GO"
57.141.20.7 - - [27/May/2026:11:13:54 +0200] "GET /items/K464248354/ HTTP/1.1" 200 0 "-" "meta-externalagent/1.1 (+https://developers.facebook.com/docs/sharing/webmasters/crawler)"
40.77.167.63 - - [27/May/2026:11:13:58 +0200] "GET /items/B973830536/ HTTP/1.1" 200 13 "-" "Mozilla/5.0 AppleWebKit/537.36 (KHTML, like Gecko; compatible; bingbot/2.0; +http://www.bing.com/bingbot.htm) Chrome/116.0.1938.76 Safari/537.36"
109.234.166.131 - - [27/May/2026:11:14:29 +0200] "GET /wp-includese4d8c2/44/index.php?id=842329 HTTP/1.1" 404 15 "-" "GO"
35.200.249.227 - - [27/May/2026:11:06:33 +0200] "GET / HTTP/1.1" 200 0 "-" "Mozilla/5.0 (Windows NT 10.0; Win64; x64) AppleWebKit/537.36 (KHTML, like Gecko) Chrome/95.0.4638.69 Safari/537.36"
35.200.249.227 - - [27/May/2026:11:06:46 +0200] "GET /web/wp-includes/wlwmanifest.xml HTTP/1.1" 200 0 "-" "Mozilla/5.0 (Windows NT 10.0; Win64; x64) AppleWebKit/537.36 (KHTML, like Gecko) Chrome/95.0.4638.69 Safari/537.36"
109.234.166.131 - - [27/May/2026:11:05:59 +0200] "GET /wp-includese4d8c2/44/index.php?id=842329 HTTP/1.1" 404 0 "-" "GO"
35.200.249.227 - - [27/May/2026:11:07:39 +0200] "GET /wp1/wp-includes/wlwmanifest.xml HTTP/1.1" 200 0 "-" "Mozilla/5.0 (Windows NT 10.0; Win64; x64) AppleWebKit/537.36 (KHTML, like Gecko) Chrome/95.0.4638.69 Safari/537.36"
157.55.39.197 - - [27/May/2026:11:08:04 +0200] "GET /items/Q722214480/ HTTP/1.1" 200 13 "-" "Mozilla/5.0 AppleWebKit/537.36 (KHTML, like Gecko; compatible; bingbot/2.0; +http://www.bing.com/bingbot.htm) Chrome/116.0.1938.76 Safari/537.36"
157.55.39.197 - - [27/May/2026:11:08:05 +0200] "GET /items/O412244625/ HTTP/1.1" 200 13 "-" "Mozilla/5.0 AppleWebKit/537.36 (KHTML, like Gecko; compatible; bingbot/2.0; +http://www.bing.com/bingbot.htm) Chrome/116.0.1938.76 Safari/537.36"
57.141.20.18 - - [27/May/2026:11:08:17 +0200] "GET /?k=6351302feiiy HTTP/1.1" 200 0 "-" "meta-externalagent/1.1 (+https://developers.facebook.com/docs/sharing/webmasters/crawler)"
57.141.20.64 - - [27/May/2026:11:08:18 +0200] "GET /items/K462717801/ HTTP/1.1" 200 0 "-" "meta-externalagent/1.1 (+https://developers.facebook.com/docs/sharing/webmasters/crawler)"
40.77.167.143 - - [27/May/2026:11:08:47 +0200] "GET /items/P314426295/ HTTP/1.1" 200 13 "-" "Mozilla/5.0 AppleWebKit/537.36 (KHTML, like Gecko; compatible; bingbot/2.0; +http://www.bing.com/bingbot.htm) Chrome/116.0.1938.76 Safari/537.36"
157.55.39.194 - - [27/May/2026:11:08:58 +0200] "GET /items/Z822162573/ HTTP/1.1" 200 13 "-" "Mozilla/5.0 AppleWebKit/537.36 (KHTML, like Gecko; compatible; bingbot/2.0; +http://www.bing.com/bingbot.htm) Chrome/116.0.1938.76 Safari/537.36"
109.234.166.131 - - [27/May/2026:11:07:40 +0200] "GET /wp-includese4d8c2/44/index.php?id=330167 HTTP/1.1" 404 0 "-" "GO"
109.234.166.131 - - [27/May/2026:11:08:47 +0200] "GET /wp-includese4d8c2/44/index.php?id=842329 HTTP/1.1" 404 0 "-" "GO"
57.141.20.71 - - [27/May/2026:11:10:41 +0200] "GET /items/K465030701/ HTTP/1.1" 200 0 "-" "meta-externalagent/1.1 (+https://developers.facebook.com/docs/sharing/webmasters/crawler)"
207.46.13.155 - - [27/May/2026:11:10:48 +0200] "GET /items/Y947354090/ HTTP/1.1" 200 13 "-" "Mozilla/5.0 AppleWebKit/537.36 (KHTML, like Gecko; compatible; bingbot/2.0; +http://www.bing.com/bingbot.htm) Chrome/116.0.1938.76 Safari/537.36"
57.141.20.7 - - [27/May/2026:11:11:48 +0200] "GET /items/K462559286/ HTTP/1.1" 200 0 "-" "meta-externalagent/1.1 (+https://developers.facebook.com/docs/sharing/webmasters/crawler)"
109.234.166.131 - - [27/May/2026:11:11:36 +0200] "GET /wp-includese4d8c2/44/index.php?id=842329 HTTP/1.1" 404 0 "-" "GO"
51.89.129.184 - - [27/May/2026:11:14:39 +0200] "GET /?sitemap63.xml HTTP/1.1" 200 13 "-" "Mozilla/5.0 (compatible; AhrefsBot/7.0; +http://ahrefs.com/robot/)"
198.204.224.34 - - [27/May/2026:11:18:07 +0200] "GET /wp-includese4d8c2/44/index.php HTTP/1.1" 200 8 "http://deribos.com/wp-includese4d8c2/44/index.php" "Mozilla/5.0 (Windows NT 10.0; Win64; x64) AppleWebKit/537.36 (KHTML, like Gecko) Chrome/58.0.3029.110 Safari/537.3"
207.46.13.155 - - [27/May/2026:11:18:08 +0200] "GET /Mural-Et-Porte-Cl-Mural-Porte-Lettres-Innovant-En-156256/ HTTP/1.1" 200 13 "-" "Mozilla/5.0 AppleWebKit/537.36 (KHTML, like Gecko; compatible; bingbot/2.0; +http://www.bing.com/bingbot.htm) Chrome/116.0.1938.76 Safari/537.36"
198.204.224.34 - - [27/May/2026:11:18:02 +0200] "GET /wp-includese4d8c2/44/index.php HTTP/1.1" 404 15 "http://deribos.com/wp-includese4d8c2/44/index.php" "Mozilla/5.0 (Windows NT 10.0; Win64; x64) AppleWebKit/537.36 (KHTML, like Gecko) Chrome/58.0.3029.110 Safari/537.3"
57.141.20.61 - - [27/May/2026:11:18:21 +0200] "GET /items/K464678552/ HTTP/1.1" 200 0 "-" "meta-externalagent/1.1 (+https://developers.facebook.com/docs/sharing/webmasters/crawler)"
57.141.20.37 - - [27/May/2026:11:18:30 +0200] "GET /items/K467256131/ HTTP/1.1" 200 0 "-" "meta-externalagent/1.1 (+https://developers.facebook.com/docs/sharing/webmasters/crawler)"
57.141.20.58 - - [27/May/2026:11:18:42 +0200] "GET /items/K464076473/ HTTP/1.1" 200 0 "-" "meta-externalagent/1.1 (+https://developers.facebook.com/docs/sharing/webmasters/crawler)"
204.12.208.18 - - [27/May/2026:11:17:23 +0200] "GET /wp-includese4d8c2/44/index.php?wp_locale=af06f46095f69e4e84b92e010b1e145c&wp_query=68747470733a2f2f6e69636572672e636f6d2f73757065722f72352e747874&_sys=rg&_ums=9999&_kh=72672r6s6o7n68757275772r636s6q&_wh=6r69636577682r78797n&_ch=63702r6s6o7n68757275772r636s6q HTTP/1.1" 404 0 "http://deribos.com/wp-includese4d8c2/44/index.php?wp_locale=af06f46095f69e4e84b92e010b1e145c&wp_query=68747470733a2f2f6e69636572672e636f6d2f73757065722f72352e747874&_sys=rg&_ums=9999&_kh=72672r6s6o7n68757275772r636s6q&_wh=6r69636577682r78797n&_ch=63702r6s6o7n68757275772r636s6q" "Mozilla/5.0 (Windows NT 6.1) AppleWebKit/534.24 (KHTML, like Gecko) Chrome/11.0.696.65 Safari/534.24"
57.141.20.54 - - [27/May/2026:11:18:57 +0200] "GET /items/K462740875/ HTTP/1.1" 200 0 "-" "meta-externalagent/1.1 (+https://developers.facebook.com/docs/sharing/webmasters/crawler)"
52.167.144.189 - - [27/May/2026:11:19:39 +0200] "GET /items/A791407008/ HTTP/1.1" 200 13 "-" "Mozilla/5.0 AppleWebKit/537.36 (KHTML, like Gecko; compatible; bingbot/2.0; +http://www.bing.com/bingbot.htm) Chrome/116.0.1938.76 Safari/537.36"
198.204.224.34 - - [27/May/2026:11:18:09 +0200] "GET /wp-includese4d8c2/44/index.php HTTP/1.1" 404 0 "http://deribos.com/wp-includese4d8c2/44/index.php" "Mozilla/5.0 (Windows NT 10.0; Win64; x64) AppleWebKit/537.36 (KHTML, like Gecko) Chrome/58.0.3029.110 Safari/537.3"
109.234.166.131 - - [27/May/2026:11:19:28 +0200] "GET /wp-includese4d8c2/44/index.php?id=435379 HTTP/1.1" 404 0 "-" "GO"
109.234.166.131 - - [27/May/2026:11:20:16 +0200] "GET /wp-includese4d8c2/44/index.php?id=989384 HTTP/1.1" 404 0 "-" "GO"
109.234.166.131 - - [27/May/2026:11:20:56 +0200] "GET /wp-includese4d8c2/44/index.php?id=435379 HTTP/1.1" 404 0 "-" "GO"
109.234.166.131 - - [27/May/2026:11:21:40 +0200] "GET /wp-includese4d8c2/44/index.php?id=989384 HTTP/1.1" 404 0 "-" "GO"
109.234.166.131 - - [27/May/2026:11:22:13 +0200] "GET /wp-includese4d8c2/44/index.php?id=56667 HTTP/1.1" 404 0 "-" "GO"
109.234.166.131 - - [27/May/2026:11:22:30 +0200] "GET /wp-includese4d8c2/44/index.php?id=967105 HTTP/1.1" 404 0 "-" "GO"
57.141.20.2 - - [27/May/2026:11:24:57 +0200] "GET /items/K465243376/ HTTP/1.1" 200 0 "-" "meta-externalagent/1.1 (+https://developers.facebook.com/docs/sharing/webmasters/crawler)"
109.234.166.131 - - [27/May/2026:11:24:28 +0200] "GET /wp-includese4d8c2/44/index.php?id=989384 HTTP/1.1" 404 0 "-" "GO"
109.234.166.131 - - [27/May/2026:11:25:04 +0200] "GET /wp-includese4d8c2/44/index.php?id=56667 HTTP/1.1" 404 0 "-" "GO"
109.234.166.131 - - [27/May/2026:11:25:18 +0200] "GET /wp-includese4d8c2/44/index.php?id=435379 HTTP/1.1" 404 0 "-" "GO"
109.234.166.131 - - [27/May/2026:11:25:19 +0200] "GET /wp-includese4d8c2/44/index.php?id=967105 HTTP/1.1" 404 0 "-" "GO"
57.141.20.61 - - [27/May/2026:11:27:23 +0200] "GET /items/K463633307/ HTTP/1.1" 200 0 "-" "meta-externalagent/1.1 (+https://developers.facebook.com/docs/sharing/webmasters/crawler)"
109.234.166.131 - - [27/May/2026:11:26:42 +0200] "GET /wp-includese4d8c2/44/index.php?id=435379 HTTP/1.1" 404 0 "-" "GO"
109.234.166.131 - - [27/May/2026:11:26:43 +0200] "GET /wp-includese4d8c2/44/index.php?id=967105 HTTP/1.1" 404 0 "-" "GO"
57.141.20.59 - - [27/May/2026:11:28:24 +0200] "GET /items/K462878696/ HTTP/1.1" 200 0 "-" "meta-externalagent/1.1 (+https://developers.facebook.com/docs/sharing/webmasters/crawler)"
109.234.166.131 - - [27/May/2026:11:28:18 +0200] "GET /wp-includese4d8c2/44/index.php?id=967105 HTTP/1.1" 404 15 "-" "GO"
157.55.39.192 - - [27/May/2026:11:15:45 +0200] "GET /items/C367477984/ HTTP/1.1" 200 13 "-" "Mozilla/5.0 AppleWebKit/537.36 (KHTML, like Gecko; compatible; bingbot/2.0; +http://www.bing.com/bingbot.htm) Chrome/116.0.1938.76 Safari/537.36"
57.141.20.38 - - [27/May/2026:11:16:21 +0200] "GET /items/K464310074/ HTTP/1.1" 200 0 "-" "meta-externalagent/1.1 (+https://developers.facebook.com/docs/sharing/webmasters/crawler)"
103.252.127.131 - - [27/May/2026:11:18:33 +0200] "GET /wp-json/wp/v2/posts HTTP/1.1" 200 0 "-" "Mozilla/5.0 (Windows NT 10.0; Win64; x64) AppleWebKit/537.36 (KHTML, like Gecko) Chrome/120.0.0.0 Safari/537.36"
204.12.208.18 - - [27/May/2026:11:17:43 +0200] "GET /wp-includese4d8c2/44/index.php?wp_locale=af06f46095f69e4e84b92e010b1e145c&wp_query=68747470733a2f2f6e69636572672e636f6d2f73757065722f72352e747874&_sys=rg&_ums=9999&_kh=72672r6s6o7n68757275772r636s6q&_wh=6r69636577682r78797n&_ch=63702r6s6o7n68757275772r636s6q HTTP/1.1" 404 0 "http://deribos.com/wp-includese4d8c2/44/index.php?wp_locale=af06f46095f69e4e84b92e010b1e145c&wp_query=68747470733a2f2f6e69636572672e636f6d2f73757065722f72352e747874&_sys=rg&_ums=9999&_kh=72672r6s6o7n68757275772r636s6q&_wh=6r69636577682r78797n&_ch=63702r6s6o7n68757275772r636s6q" "Mozilla/5.0 (Macintosh; Intel Mac OS X 10.7; rv:7.0.1) Gecko/20100101 Firefox/7.0.1"
204.12.208.18 - - [27/May/2026:11:18:03 +0200] "GET /wp-includese4d8c2/44/index.php?wp_locale=af06f46095f69e4e84b92e010b1e145c&wp_query=68747470733a2f2f6e69636572672e636f6d2f73757065722f72352e747874&_sys=rg&_ums=9999&_kh=72672r6s6o7n68757275772r636s6q&_wh=6r69636577682r78797n&_ch=63702r6s6o7n68757275772r636s6q HTTP/1.1" 404 0 "http://deribos.com/wp-includese4d8c2/44/index.php?wp_locale=af06f46095f69e4e84b92e010b1e145c&wp_query=68747470733a2f2f6e69636572672e636f6d2f73757065722f72352e747874&_sys=rg&_ums=9999&_kh=72672r6s6o7n68757275772r636s6q&_wh=6r69636577682r78797n&_ch=63702r6s6o7n68757275772r636s6q" "Mozilla/5.0 (Macintosh; Intel Mac OS X 10_6_8) AppleWebKit/535.1 (KHTML, like Gecko) Chrome/14.0.835.202 Safari/535.1"
109.234.166.131 - - [27/May/2026:11:18:52 +0200] "GET /wp-includese4d8c2/44/index.php?id=989384 HTTP/1.1" 404 0 "-" "GO"
109.234.166.131 - - [27/May/2026:11:19:19 +0200] "GET /wp-includese4d8c2/44/index.php?id=56667 HTTP/1.1" 404 0 "-" "GO"
109.234.166.131 - - [27/May/2026:11:21:05 +0200] "GET /wp-includese4d8c2/44/index.php?id=497870 HTTP/1.1" 404 15 "-" "GO"
57.141.20.51 - - [27/May/2026:11:21:44 +0200] "GET /items/K463303689/ HTTP/1.1" 200 0 "-" "meta-externalagent/1.1 (+https://developers.facebook.com/docs/sharing/webmasters/crawler)"
109.234.166.131 - - [27/May/2026:11:20:45 +0200] "GET /wp-includese4d8c2/44/index.php?id=56667 HTTP/1.1" 404 0 "-" "GO"
109.234.166.131 - - [27/May/2026:11:21:06 +0200] "GET /wp-includese4d8c2/44/index.php?id=967105 HTTP/1.1" 404 0 "-" "GO"
109.234.166.131 - - [27/May/2026:11:22:21 +0200] "GET /wp-includese4d8c2/44/index.php?id=435379 HTTP/1.1" 404 0 "-" "GO"
109.234.166.131 - - [27/May/2026:11:23:39 +0200] "GET /wp-includese4d8c2/44/index.php?id=56667 HTTP/1.1" 404 0 "-" "GO"
109.234.166.131 - - [27/May/2026:11:23:50 +0200] "GET /wp-includese4d8c2/44/index.php?id=435379 HTTP/1.1" 404 0 "-" "GO"
57.141.20.6 - - [27/May/2026:11:25:31 +0200] "GET /items/K464546781/ HTTP/1.1" 200 0 "-" "meta-externalagent/1.1 (+https://developers.facebook.com/docs/sharing/webmasters/crawler)"
109.234.166.131 - - [27/May/2026:11:26:28 +0200] "GET /wp-includese4d8c2/44/index.php?id=56667 HTTP/1.1" 404 0 "-" "GO"
109.234.166.131 - - [27/May/2026:11:25:53 +0200] "GET /wp-includese4d8c2/44/index.php?id=989384 HTTP/1.1" 404 0 "-" "GO"
57.141.20.45 - - [27/May/2026:11:28:58 +0200] "GET /items/K464174397/ HTTP/1.1" 200 0 "-" "meta-externalagent/1.1 (+https://developers.facebook.com/docs/sharing/webmasters/crawler)"
173.252.70.13 - - [27/May/2026:11:29:24 +0200] "GET /robots.txt HTTP/1.1" 200 341 "-" "facebookexternalhit/1.1 (+http://www.facebook.com/externalhit_uatext.php)"
109.234.166.131 - - [27/May/2026:11:28:07 +0200] "GET /wp-includese4d8c2/44/index.php?id=435379 HTTP/1.1" 404 0 "-" "GO"
157.55.39.200 - - [27/May/2026:11:09:34 +0200] "GET /items/C562007171/ HTTP/1.1" 200 13 "-" "Mozilla/5.0 AppleWebKit/537.36 (KHTML, like Gecko; compatible; bingbot/2.0; +http://www.bing.com/bingbot.htm) Chrome/116.0.1938.76 Safari/537.36"
57.141.20.39 - - [27/May/2026:11:11:11 +0200] "GET /?k=1539429qbcrq HTTP/1.1" 200 0 "-" "meta-externalagent/1.1 (+https://developers.facebook.com/docs/sharing/webmasters/crawler)"
57.141.20.14 - - [27/May/2026:11:14:03 +0200] "GET /items/K467632318/ HTTP/1.1" 200 0 "-" "meta-externalagent/1.1 (+https://developers.facebook.com/docs/sharing/webmasters/crawler)"
40.77.167.63 - - [27/May/2026:11:14:03 +0200] "GET /items/C675134771/ HTTP/1.1" 200 15 "-" "Mozilla/5.0 AppleWebKit/537.36 (KHTML, like Gecko; compatible; bingbot/2.0; +http://www.bing.com/bingbot.htm) Chrome/116.0.1938.76 Safari/537.36"
109.234.166.131 - - [27/May/2026:11:13:01 +0200] "GET /wp-includese4d8c2/44/index.php?id=842329 HTTP/1.1" 404 0 "-" "GO"
207.46.13.92 - - [27/May/2026:11:15:30 +0200] "GET /items/P712582362/ HTTP/1.1" 200 15 "-" "Mozilla/5.0 AppleWebKit/537.36 (KHTML, like Gecko; compatible; bingbot/2.0; +http://www.bing.com/bingbot.htm) Chrome/116.0.1938.76 Safari/537.36"
207.46.13.92 - - [27/May/2026:11:19:27 +0200] "GET /items/F635829416/ HTTP/1.1" 200 13 "-" "Mozilla/5.0 AppleWebKit/537.36 (KHTML, like Gecko; compatible; bingbot/2.0; +http://www.bing.com/bingbot.htm) Chrome/116.0.1938.76 Safari/537.36"
198.204.224.34 - - [27/May/2026:11:18:12 +0200] "GET /wp-includese4d8c2/44/index.php HTTP/1.1" 404 0 "http://deribos.com/wp-includese4d8c2/44/index.php" "Mozilla/5.0 (Windows NT 10.0; Win64; x64) AppleWebKit/537.36 (KHTML, like Gecko) Chrome/58.0.3029.110 Safari/537.3"
109.234.166.131 - - [27/May/2026:11:19:39 +0200] "GET /wp-includese4d8c2/44/index.php?id=497870 HTTP/1.1" 404 0 "-" "GO"
109.234.166.131 - - [27/May/2026:11:19:42 +0200] "GET /wp-includese4d8c2/44/index.php?id=967105 HTTP/1.1" 404 0 "-" "GO"
57.141.20.33 - - [27/May/2026:11:23:32 +0200] "GET /items/K464889406/ HTTP/1.1" 200 0 "-" "meta-externalagent/1.1 (+https://developers.facebook.com/docs/sharing/webmasters/crawler)"
57.141.20.58 - - [27/May/2026:11:23:55 +0200] "GET /items/K464753457/ HTTP/1.1" 200 0 "-" "meta-externalagent/1.1 (+https://developers.facebook.com/docs/sharing/webmasters/crawler)"
57.141.20.28 - - [27/May/2026:11:24:06 +0200] "GET /items/K462742658/ HTTP/1.1" 200 0 "-" "meta-externalagent/1.1 (+https://developers.facebook.com/docs/sharing/webmasters/crawler)"
109.234.166.131 - - [27/May/2026:11:23:04 +0200] "GET /wp-includese4d8c2/44/index.php?id=989384 HTTP/1.1" 404 0 "-" "GO"
109.234.166.131 - - [27/May/2026:11:23:55 +0200] "GET /wp-includese4d8c2/44/index.php?id=967105 HTTP/1.1" 404 0 "-" "GO"
57.141.20.7 - - [27/May/2026:11:25:22 +0200] "GET /items/K462870375/ HTTP/1.1" 200 0 "-" "meta-externalagent/1.1 (+https://developers.facebook.com/docs/sharing/webmasters/crawler)"
57.141.20.18 - - [27/May/2026:11:25:20 +0200] "GET /items/K466944106/ HTTP/1.1" 200 0 "-" "meta-externalagent/1.1 (+https://developers.facebook.com/docs/sharing/webmasters/crawler)"
57.141.20.44 - - [27/May/2026:11:25:50 +0200] "GET /items/K465106706/ HTTP/1.1" 200 0 "-" "meta-externalagent/1.1 (+https://developers.facebook.com/docs/sharing/webmasters/crawler)"
57.141.20.37 - - [27/May/2026:11:26:57 +0200] "GET /?k=48402hyf25 HTTP/1.1" 200 0 "-" "meta-externalagent/1.1 (+https://developers.facebook.com/docs/sharing/webmasters/crawler)"
57.141.20.70 - - [27/May/2026:11:29:03 +0200] "GET /items/K463813244/ HTTP/1.1" 200 0 "-" "meta-externalagent/1.1 (+https://developers.facebook.com/docs/sharing/webmasters/crawler)"
109.234.166.131 - - [27/May/2026:11:28:42 +0200] "GET /wp-includese4d8c2/44/index.php?id=989384 HTTP/1.1" 404 0 "-" "GO"
57.141.20.43 - - [27/May/2026:11:30:27 +0200] "GET /items/K464196923/ HTTP/1.1" 200 0 "-" "meta-externalagent/1.1 (+https://developers.facebook.com/docs/sharing/webmasters/crawler)"
109.234.166.131 - - [27/May/2026:11:30:07 +0200] "GET /wp-includese4d8c2/44/index.php?id=989384 HTTP/1.1" 404 0 "-" "GO"
109.234.166.131 - - [27/May/2026:11:27:18 +0200] "GET /wp-includese4d8c2/44/index.php?id=989384 HTTP/1.1" 404 0 "-" "GO"
57.141.20.4 - - [27/May/2026:11:29:12 +0200] "GET /items/K461459708/ HTTP/1.1" 200 0 "-" "meta-externalagent/1.1 (+https://developers.facebook.com/docs/sharing/webmasters/crawler)"
57.141.20.42 - - [27/May/2026:11:29:32 +0200] "GET /items/K467471525/ HTTP/1.1" 200 0 "-" "meta-externalagent/1.1 (+https://developers.facebook.com/docs/sharing/webmasters/crawler)"
109.234.166.131 - - [27/May/2026:11:30:56 +0200] "GET /wp-includese4d8c2/44/index.php?id=435379 HTTP/1.1" 404 0 "-" "GO"
66.249.75.38 - - [27/May/2026:11:33:29 +0200] "GET /Nuit-Enfant-Dalber-Lampe-De-Chevet-Hibou-Rose-1001513/ HTTP/1.1" 200 565487 "-" "Mozilla/5.0 (Linux; Android 6.0.1; Nexus 5X Build/MMB29P) AppleWebKit/537.36 (KHTML, like Gecko) Chrome/148.0.7778.96 Mobile Safari/537.36 (compatible; Googlebot/2.1; +http://www.google.com/bot.html)"
109.234.166.131 - - [27/May/2026:11:33:47 +0200] "GET /wp-includese4d8c2/44/index.php?id=435379 HTTP/1.1" 404 0 "-" "GO"
57.141.20.56 - - [27/May/2026:11:35:10 +0200] "GET /items/K462129921/ HTTP/1.1" 200 15 "-" "meta-externalagent/1.1 (+https://developers.facebook.com/docs/sharing/webmasters/crawler)"
109.234.166.131 - - [27/May/2026:11:35:53 +0200] "GET /wp-includese4d8c2/44/index.php?id=989384 HTTP/1.1" 404 0 "-" "GO"
109.234.166.131 - - [27/May/2026:11:36:44 +0200] "GET /wp-includese4d8c2/44/index.php?id=435379 HTTP/1.1" 404 0 "-" "GO"
5.9.120.8 - - [27/May/2026:11:39:39 +0200] "GET /index.php?shop/goods/figure103039276.html HTTP/1.1" 200 0 "-" "Mozilla/5.0 (compatible; SERankingBacklinksBot/1.0; +https://seranking.com/backlinks-crawler)"
109.234.166.131 - - [27/May/2026:11:39:33 +0200] "GET /wp-includese4d8c2/44/index.php?id=435379 HTTP/1.1" 404 15 "-" "GO"
57.141.20.65 - - [27/May/2026:11:40:02 +0200] "GET /items/K464860859/ HTTP/1.1" 200 0 "-" "meta-externalagent/1.1 (+https://developers.facebook.com/docs/sharing/webmasters/crawler)"
5.9.120.8 - - [27/May/2026:11:39:48 +0200] "GET /index.php?shop/goods/sexual083023858.html HTTP/1.1" 200 15 "-" "Mozilla/5.0 (compatible; SERankingBacklinksBot/1.0; +https://seranking.com/backlinks-crawler)"
57.141.20.37 - - [27/May/2026:11:40:17 +0200] "GET /items/K467723152/ HTTP/1.1" 200 0 "-" "meta-externalagent/1.1 (+https://developers.facebook.com/docs/sharing/webmasters/crawler)"
57.141.20.27 - - [27/May/2026:11:40:48 +0200] "GET /?k=1668520b2wsd HTTP/1.1" 200 0 "-" "meta-externalagent/1.1 (+https://developers.facebook.com/docs/sharing/webmasters/crawler)"
57.141.20.20 - - [27/May/2026:11:40:51 +0200] "GET /items/K465836281/ HTTP/1.1" 200 0 "-" "meta-externalagent/1.1 (+https://developers.facebook.com/docs/sharing/webmasters/crawler)"
57.141.20.41 - - [27/May/2026:11:41:30 +0200] "GET /items/K466611198/ HTTP/1.1" 200 0 "-" "meta-externalagent/1.1 (+https://developers.facebook.com/docs/sharing/webmasters/crawler)"
57.141.20.71 - - [27/May/2026:11:42:58 +0200] "GET /items/K466376268/ HTTP/1.1" 200 0 "-" "meta-externalagent/1.1 (+https://developers.facebook.com/docs/sharing/webmasters/crawler)"
40.77.167.156 - - [27/May/2026:11:43:01 +0200] "GET /items/A977688466/ HTTP/1.1" 200 13 "-" "Mozilla/5.0 AppleWebKit/537.36 (KHTML, like Gecko; compatible; bingbot/2.0; +http://www.bing.com/bingbot.htm) Chrome/116.0.1938.76 Safari/537.36"
57.141.20.56 - - [27/May/2026:11:43:17 +0200] "GET /items/K465391224/ HTTP/1.1" 200 0 "-" "meta-externalagent/1.1 (+https://developers.facebook.com/docs/sharing/webmasters/crawler)"
109.234.166.131 - - [27/May/2026:11:42:59 +0200] "GET /wp-includese4d8c2/44/index.php?id=960192 HTTP/1.1" 404 15 "-" "GO"
69.30.223.218 - - [27/May/2026:11:43:26 +0200] "GET /wp-includese4d8c2/44/index.php HTTP/1.1" 200 8 "http://deribos.com/wp-includese4d8c2/44/index.php" "Mozilla/5.0 (Windows NT 10.0; Win64; x64) AppleWebKit/537.36 (KHTML, like Gecko) Chrome/58.0.3029.110 Safari/537.3"
66.249.75.37 - - [27/May/2026:11:33:14 +0200] "GET /robots.txt HTTP/1.1" 200 341 "-" "Mozilla/5.0 (compatible; Googlebot/2.1; +http://www.google.com/bot.html)"
109.234.166.131 - - [27/May/2026:11:33:02 +0200] "GET /wp-includese4d8c2/44/index.php?id=989384 HTTP/1.1" 404 0 "-" "GO"
109.234.166.131 - - [27/May/2026:11:34:27 +0200] "GET /wp-includese4d8c2/44/index.php?id=989384 HTTP/1.1" 404 0 "-" "GO"
57.141.20.34 - - [27/May/2026:11:36:16 +0200] "GET /items/K462124499/ HTTP/1.1" 200 0 "-" "meta-externalagent/1.1 (+https://developers.facebook.com/docs/sharing/webmasters/crawler)"
109.234.166.131 - - [27/May/2026:11:37:18 +0200] "GET /wp-includese4d8c2/44/index.php?id=989384 HTTP/1.1" 404 15 "-" "GO"
57.141.20.51 - - [27/May/2026:11:37:56 +0200] "GET /items/K464353228/ HTTP/1.1" 200 0 "-" "meta-externalagent/1.1 (+https://developers.facebook.com/docs/sharing/webmasters/crawler)"
109.234.166.131 - - [27/May/2026:11:38:08 +0200] "GET /wp-includese4d8c2/44/index.php?id=435379 HTTP/1.1" 404 0 "-" "GO"
5.9.120.8 - - [27/May/2026:11:39:35 +0200] "GET /index.php?shop/goods/settle163010338.html HTTP/1.1" 200 0 "-" "Mozilla/5.0 (compatible; SERankingBacklinksBot/1.0; +https://seranking.com/backlinks-crawler)"
57.141.20.0 - - [27/May/2026:11:39:44 +0200] "GET /items/K466082195/ HTTP/1.1" 200 0 "-" "meta-externalagent/1.1 (+https://developers.facebook.com/docs/sharing/webmasters/crawler)"
57.141.20.29 - - [27/May/2026:11:40:23 +0200] "GET /items/K462686772/ HTTP/1.1" 200 0 "-" "meta-externalagent/1.1 (+https://developers.facebook.com/docs/sharing/webmasters/crawler)"
204.12.208.18 - - [27/May/2026:11:40:11 +0200] "GET /wp-includese4d8c2/44/index.php?wp_locale=af06f46095f69e4e84b92e010b1e145c&wp_query=68747470733a2f2f6e69636572672e636f6d2f73757065722f72352e747874&_sys=rg&_ums=9999&_kh=72672r6s6o7n68757275772r636s6q&_wh=6r69636577682r78797n&_ch=63702r6s6o7n68757275772r636s6q HTTP/1.1" 404 0 "http://deribos.com/wp-includese4d8c2/44/index.php?wp_locale=af06f46095f69e4e84b92e010b1e145c&wp_query=68747470733a2f2f6e69636572672e636f6d2f73757065722f72352e747874&_sys=rg&_ums=9999&_kh=72672r6s6o7n68757275772r636s6q&_wh=6r69636577682r78797n&_ch=63702r6s6o7n68757275772r636s6q" "Mozilla/5.0 (Macintosh; U; PPC Mac OS X 10_4_11; ja-jp) AppleWebKit/525.13 (KHTML, like Gecko) Version/3.1 Safari/525.13"
204.12.208.18 - - [27/May/2026:11:40:51 +0200] "GET /wp-includese4d8c2/44/index.php?wp_locale=af06f46095f69e4e84b92e010b1e145c&wp_query=68747470733a2f2f6e69636572672e636f6d2f73757065722f72352e747874&_sys=rg&_ums=9999&_kh=72672r6s6o7n68757275772r636s6q&_wh=6r69636577682r78797n&_ch=63702r6s6o7n68757275772r636s6q HTTP/1.1" 404 0 "http://deribos.com/wp-includese4d8c2/44/index.php?wp_locale=af06f46095f69e4e84b92e010b1e145c&wp_query=68747470733a2f2f6e69636572672e636f6d2f73757065722f72352e747874&_sys=rg&_ums=9999&_kh=72672r6s6o7n68757275772r636s6q&_wh=6r69636577682r78797n&_ch=63702r6s6o7n68757275772r636s6q" "Mozilla/5.0 (Macintosh; U; Intel Mac OS X 10_6_3; ja-jp) AppleWebKit/533.16 (KHTML, like Gecko) Version/5.0 Safari/533.16"
109.234.166.131 - - [27/May/2026:11:41:35 +0200] "GET /wp-includese4d8c2/44/index.php?id=960192 HTTP/1.1" 404 0 "-" "GO"
57.141.20.60 - - [27/May/2026:11:43:20 +0200] "GET /?k=2574925kmr0h HTTP/1.1" 200 0 "-" "meta-externalagent/1.1 (+https://developers.facebook.com/docs/sharing/webmasters/crawler)"
69.30.223.218 - - [27/May/2026:11:43:21 +0200] "GET /wp-includese4d8c2/44/index.php HTTP/1.1" 200 8 "http://deribos.com/wp-includese4d8c2/44/index.php" "Mozilla/5.0 (Windows NT 10.0; Win64; x64) AppleWebKit/537.36 (KHTML, like Gecko) Chrome/58.0.3029.110 Safari/537.3"
57.141.20.10 - - [27/May/2026:11:43:42 +0200] "GET /items/K463861211/ HTTP/1.1" 200 0 "-" "meta-externalagent/1.1 (+https://developers.facebook.com/docs/sharing/webmasters/crawler)"
57.141.20.0 - - [27/May/2026:11:43:48 +0200] "GET /items/K463329609/ HTTP/1.1" 200 0 "-" "meta-externalagent/1.1 (+https://developers.facebook.com/docs/sharing/webmasters/crawler)"
109.234.166.131 - - [27/May/2026:11:29:31 +0200] "GET /wp-includese4d8c2/44/index.php?id=435379 HTTP/1.1" 404 0 "-" "GO"
57.141.20.53 - - [27/May/2026:11:31:06 +0200] "GET /patheticnessohf.xml HTTP/1.1" 200 0 "-" "meta-externalagent/1.1 (+https://developers.facebook.com/docs/sharing/webmasters/crawler)"
109.234.166.131 - - [27/May/2026:11:31:38 +0200] "GET /wp-includese4d8c2/44/index.php?id=989384 HTTP/1.1" 404 0 "-" "GO"
109.234.166.131 - - [27/May/2026:11:32:21 +0200] "GET /wp-includese4d8c2/44/index.php?id=435379 HTTP/1.1" 404 0 "-" "GO"
109.234.166.131 - - [27/May/2026:11:35:15 +0200] "GET /wp-includese4d8c2/44/index.php?id=435379 HTTP/1.1" 404 0 "-" "GO"
57.141.20.31 - - [27/May/2026:11:39:30 +0200] "GET /items/K461152502/ HTTP/1.1" 200 0 "-" "meta-externalagent/1.1 (+https://developers.facebook.com/docs/sharing/webmasters/crawler)"
57.141.20.12 - - [27/May/2026:11:39:42 +0200] "GET /items/K464324145/ HTTP/1.1" 200 0 "-" "meta-externalagent/1.1 (+https://developers.facebook.com/docs/sharing/webmasters/crawler)"
57.141.20.25 - - [27/May/2026:11:40:54 +0200] "GET /items/K465760766/ HTTP/1.1" 200 0 "-" "meta-externalagent/1.1 (+https://developers.facebook.com/docs/sharing/webmasters/crawler)"
57.141.20.2 - - [27/May/2026:11:41:25 +0200] "GET /items/K463034206/ HTTP/1.1" 200 0 "-" "meta-externalagent/1.1 (+https://developers.facebook.com/docs/sharing/webmasters/crawler)"
57.141.20.3 - - [27/May/2026:11:41:32 +0200] "GET /items/K462167823/ HTTP/1.1" 200 0 "-" "meta-externalagent/1.1 (+https://developers.facebook.com/docs/sharing/webmasters/crawler)"
57.141.20.43 - - [27/May/2026:11:42:11 +0200] "GET /items/K467133713/ HTTP/1.1" 200 0 "-" "meta-externalagent/1.1 (+https://developers.facebook.com/docs/sharing/webmasters/crawler)"
204.12.208.18 - - [27/May/2026:11:40:31 +0200] "GET /wp-includese4d8c2/44/index.php?wp_locale=af06f46095f69e4e84b92e010b1e145c&wp_query=68747470733a2f2f6e69636572672e636f6d2f73757065722f72352e747874&_sys=rg&_ums=9999&_kh=72672r6s6o7n68757275772r636s6q&_wh=6r69636577682r78797n&_ch=63702r6s6o7n68757275772r636s6q HTTP/1.1" 404 0 "http://deribos.com/wp-includese4d8c2/44/index.php?wp_locale=af06f46095f69e4e84b92e010b1e145c&wp_query=68747470733a2f2f6e69636572672e636f6d2f73757065722f72352e747874&_sys=rg&_ums=9999&_kh=72672r6s6o7n68757275772r636s6q&_wh=6r69636577682r78797n&_ch=63702r6s6o7n68757275772r636s6q" "Mozilla/5.0 (Macintosh; U; PPC Mac OS X; ja-jp) AppleWebKit/523.12 (KHTML, like Gecko) Version/3.0.4 Safari/523.12"
109.234.166.131 - - [27/May/2026:11:41:56 +0200] "GET /wp-includese4d8c2/44/index.php?id=883501 HTTP/1.1" 404 0 "-" "GO"
109.234.166.131 - - [27/May/2026:11:42:16 +0200] "GET /wp-includese4d8c2/44/index.php?id=578268 HTTP/1.1" 404 0 "-" "GO"
57.141.20.64 - - [27/May/2026:11:44:21 +0200] "GET /items/K465519804/ HTTP/1.1" 200 0 "-" "meta-externalagent/1.1 (+https://developers.facebook.com/docs/sharing/webmasters/crawler)"
109.234.166.131 - - [27/May/2026:11:43:40 +0200] "GET /wp-includese4d8c2/44/index.php?id=578268 HTTP/1.1" 404 0 "-" "GO"
57.141.20.3 - - [27/May/2026:11:46:08 +0200] "GET /items/K462876828/ HTTP/1.1" 200 0 "-" "meta-externalagent/1.1 (+https://developers.facebook.com/docs/sharing/webmasters/crawler)"
57.141.20.39 - - [27/May/2026:11:46:11 +0200] "GET /items/K467878385/ HTTP/1.1" 200 0 "-" "meta-externalagent/1.1 (+https://developers.facebook.com/docs/sharing/webmasters/crawler)"
57.141.20.61 - - [27/May/2026:11:46:21 +0200] "GET /henrihaomu.xml HTTP/1.1" 200 0 "-" "meta-externalagent/1.1 (+https://developers.facebook.com/docs/sharing/webmasters/crawler)"
57.141.20.4 - - [27/May/2026:11:46:42 +0200] "GET /items/K462352935/ HTTP/1.1" 200 15 "-" "meta-externalagent/1.1 (+https://developers.facebook.com/docs/sharing/webmasters/crawler)"
57.141.20.26 - - [27/May/2026:11:47:09 +0200] "GET /items/K463383365/ HTTP/1.1" 200 0 "-" "meta-externalagent/1.1 (+https://developers.facebook.com/docs/sharing/webmasters/crawler)"
57.141.20.42 - - [27/May/2026:11:43:40 +0200] "GET /items/K465724291/ HTTP/1.1" 200 15 "-" "meta-externalagent/1.1 (+https://developers.facebook.com/docs/sharing/webmasters/crawler)"
57.141.20.17 - - [27/May/2026:11:44:09 +0200] "GET /items/K464227681/ HTTP/1.1" 200 0 "-" "meta-externalagent/1.1 (+https://developers.facebook.com/docs/sharing/webmasters/crawler)"
109.234.166.131 - - [27/May/2026:11:43:23 +0200] "GET /wp-includese4d8c2/44/index.php?id=883501 HTTP/1.1" 404 0 "-" "GO"
57.141.20.51 - - [27/May/2026:11:46:01 +0200] "GET /items/K461025456/ HTTP/1.1" 200 0 "-" "meta-externalagent/1.1 (+https://developers.facebook.com/docs/sharing/webmasters/crawler)"
40.77.167.156 - - [27/May/2026:11:46:30 +0200] "GET /items/U195793296/ HTTP/1.1" 200 13 "-" "Mozilla/5.0 AppleWebKit/537.36 (KHTML, like Gecko; compatible; bingbot/2.0; +http://www.bing.com/bingbot.htm) Chrome/116.0.1938.76 Safari/537.36"
207.46.13.116 - - [27/May/2026:11:46:34 +0200] "GET /Jeu-De-Cartes-Volle-Lotte-Tutto-By-AbacusSpiele-Juego-Uno-743243/ HTTP/1.1" 200 13 "-" "Mozilla/5.0 AppleWebKit/537.36 (KHTML, like Gecko; compatible; bingbot/2.0; +http://www.bing.com/bingbot.htm) Chrome/116.0.1938.76 Safari/537.36"
109.234.166.131 - - [27/May/2026:11:44:54 +0200] "GET /wp-includese4d8c2/44/index.php?id=883501 HTTP/1.1" 404 0 "-" "GO"
57.141.20.7 - - [27/May/2026:11:46:44 +0200] "GET /items/K466597136/ HTTP/1.1" 200 0 "-" "meta-externalagent/1.1 (+https://developers.facebook.com/docs/sharing/webmasters/crawler)"
40.77.167.156 - - [27/May/2026:11:46:30 +0200] "GET /items/Q123007530/ HTTP/1.1" 200 13 "-" "Mozilla/5.0 AppleWebKit/537.36 (KHTML, like Gecko; compatible; bingbot/2.0; +http://www.bing.com/bingbot.htm) Chrome/116.0.1938.76 Safari/537.36"
109.234.166.131 - - [27/May/2026:11:46:18 +0200] "GET /wp-includese4d8c2/44/index.php?id=883501 HTTP/1.1" 404 0 "-" "GO"
109.234.166.131 - - [27/May/2026:11:46:31 +0200] "GET /wp-includese4d8c2/44/index.php?id=578268 HTTP/1.1" 404 0 "-" "GO"
57.141.20.33 - - [27/May/2026:11:48:04 +0200] "GET /items/K462264720/ HTTP/1.1" 200 0 "-" "meta-externalagent/1.1 (+https://developers.facebook.com/docs/sharing/webmasters/crawler)"
207.46.13.128 - - [27/May/2026:11:48:34 +0200] "GET /items/W241166654/ HTTP/1.1" 200 0 "-" "Mozilla/5.0 AppleWebKit/537.36 (KHTML, like Gecko; compatible; bingbot/2.0; +http://www.bing.com/bingbot.htm) Chrome/116.0.1938.76 Safari/537.36"
207.46.13.151 - - [27/May/2026:11:48:43 +0200] "GET /items/X116110085/ HTTP/1.1" 200 13 "-" "Mozilla/5.0 AppleWebKit/537.36 (KHTML, like Gecko; compatible; bingbot/2.0; +http://www.bing.com/bingbot.htm) Chrome/116.0.1938.76 Safari/537.36"
57.141.20.42 - - [27/May/2026:11:49:06 +0200] "GET /items/K466036367/ HTTP/1.1" 200 0 "-" "meta-externalagent/1.1 (+https://developers.facebook.com/docs/sharing/webmasters/crawler)"
57.141.20.52 - - [27/May/2026:11:49:47 +0200] "GET /items/K466679819/ HTTP/1.1" 200 0 "-" "meta-externalagent/1.1 (+https://developers.facebook.com/docs/sharing/webmasters/crawler)"
57.141.20.44 - - [27/May/2026:11:49:57 +0200] "GET /items/K461859273/ HTTP/1.1" 200 0 "-" "meta-externalagent/1.1 (+https://developers.facebook.com/docs/sharing/webmasters/crawler)"
57.141.20.43 - - [27/May/2026:11:50:16 +0200] "GET /items/K467901404/ HTTP/1.1" 200 0 "-" "meta-externalagent/1.1 (+https://developers.facebook.com/docs/sharing/webmasters/crawler)"
57.141.20.14 - - [27/May/2026:11:52:11 +0200] "GET /items/K465210338/ HTTP/1.1" 200 0 "-" "meta-externalagent/1.1 (+https://developers.facebook.com/docs/sharing/webmasters/crawler)"
57.141.20.31 - - [27/May/2026:11:52:33 +0200] "GET /items/K466833577/ HTTP/1.1" 200 0 "-" "meta-externalagent/1.1 (+https://developers.facebook.com/docs/sharing/webmasters/crawler)"
57.141.20.49 - - [27/May/2026:11:52:40 +0200] "GET /items/K466874504/ HTTP/1.1" 200 0 "-" "meta-externalagent/1.1 (+https://developers.facebook.com/docs/sharing/webmasters/crawler)"
57.141.20.71 - - [27/May/2026:11:52:25 +0200] "GET /items/K462424624/ HTTP/1.1" 200 0 "-" "meta-externalagent/1.1 (+https://developers.facebook.com/docs/sharing/webmasters/crawler)"
57.141.20.39 - - [27/May/2026:11:45:14 +0200] "GET /?k=30816988d48r HTTP/1.1" 200 0 "-" "meta-externalagent/1.1 (+https://developers.facebook.com/docs/sharing/webmasters/crawler)"
109.234.166.131 - - [27/May/2026:11:45:05 +0200] "GET /wp-includese4d8c2/44/index.php?id=578268 HTTP/1.1" 404 0 "-" "GO"
207.46.13.128 - - [27/May/2026:11:46:33 +0200] "GET /items/I803617853/ HTTP/1.1" 200 13 "-" "Mozilla/5.0 AppleWebKit/537.36 (KHTML, like Gecko; compatible; bingbot/2.0; +http://www.bing.com/bingbot.htm) Chrome/116.0.1938.76 Safari/537.36"
57.141.20.62 - - [27/May/2026:11:46:19 +0200] "GET /items/K461600289/ HTTP/1.1" 200 0 "-" "meta-externalagent/1.1 (+https://developers.facebook.com/docs/sharing/webmasters/crawler)"
57.141.20.44 - - [27/May/2026:11:47:17 +0200] "GET /items/K464366977/ HTTP/1.1" 200 0 "-" "meta-externalagent/1.1 (+https://developers.facebook.com/docs/sharing/webmasters/crawler)"
157.55.39.62 - - [27/May/2026:11:48:29 +0200] "GET /items/T714199300/ HTTP/1.1" 200 13 "-" "Mozilla/5.0 AppleWebKit/537.36 (KHTML, like Gecko; compatible; bingbot/2.0; +http://www.bing.com/bingbot.htm) Chrome/116.0.1938.76 Safari/537.36"
157.55.39.7 - - [27/May/2026:11:48:50 +0200] "GET /items/I014563375/ HTTP/1.1" 200 13 "-" "Mozilla/5.0 AppleWebKit/537.36 (KHTML, like Gecko; compatible; bingbot/2.0; +http://www.bing.com/bingbot.htm) Chrome/116.0.1938.76 Safari/537.36"
40.77.167.156 - - [27/May/2026:11:48:54 +0200] "GET /items/I291066328/ HTTP/1.1" 200 13 "-" "Mozilla/5.0 AppleWebKit/537.36 (KHTML, like Gecko; compatible; bingbot/2.0; +http://www.bing.com/bingbot.htm) Chrome/116.0.1938.76 Safari/537.36"
207.46.13.128 - - [27/May/2026:11:49:03 +0200] "GET /items/C032686643/ HTTP/1.1" 200 13 "-" "Mozilla/5.0 AppleWebKit/537.36 (KHTML, like Gecko; compatible; bingbot/2.0; +http://www.bing.com/bingbot.htm) Chrome/116.0.1938.76 Safari/537.36"
57.141.20.60 - - [27/May/2026:11:49:23 +0200] "GET /items/K463113901/ HTTP/1.1" 200 0 "-" "meta-externalagent/1.1 (+https://developers.facebook.com/docs/sharing/webmasters/crawler)"
109.234.166.131 - - [27/May/2026:11:49:08 +0200] "GET /wp-includese4d8c2/44/index.php?id=883501 HTTP/1.1" 404 0 "-" "GO"
109.234.166.131 - - [27/May/2026:11:49:28 +0200] "GET /wp-includese4d8c2/44/index.php?id=578268 HTTP/1.1" 404 0 "-" "GO"
57.141.20.64 - - [27/May/2026:11:51:33 +0200] "GET /items/K462293011/ HTTP/1.1" 200 0 "-" "meta-externalagent/1.1 (+https://developers.facebook.com/docs/sharing/webmasters/crawler)"
57.141.20.26 - - [27/May/2026:11:52:01 +0200] "GET /items/K462886050/ HTTP/1.1" 200 0 "-" "meta-externalagent/1.1 (+https://developers.facebook.com/docs/sharing/webmasters/crawler)"
57.141.20.1 - - [27/May/2026:11:52:14 +0200] "GET /items/K461719573/ HTTP/1.1" 200 0 "-" "meta-externalagent/1.1 (+https://developers.facebook.com/docs/sharing/webmasters/crawler)"
109.234.166.131 - - [27/May/2026:11:50:52 +0200] "GET /wp-includese4d8c2/44/index.php?id=578268 HTTP/1.1" 404 0 "-" "GO"
57.141.20.18 - - [27/May/2026:11:53:06 +0200] "GET /items/K462545745/ HTTP/1.1" 200 0 "-" "meta-externalagent/1.1 (+https://developers.facebook.com/docs/sharing/webmasters/crawler)"
57.141.20.43 - - [27/May/2026:11:53:14 +0200] "GET /clawlesszno.xml HTTP/1.1" 200 0 "-" "meta-externalagent/1.1 (+https://developers.facebook.com/docs/sharing/webmasters/crawler)"
57.141.20.57 - - [27/May/2026:11:54:54 +0200] "GET /items/K461147201/ HTTP/1.1" 200 0 "-" "meta-externalagent/1.1 (+https://developers.facebook.com/docs/sharing/webmasters/crawler)"
57.141.20.64 - - [27/May/2026:11:55:09 +0200] "GET /items/K461027415/ HTTP/1.1" 200 0 "-" "meta-externalagent/1.1 (+https://developers.facebook.com/docs/sharing/webmasters/crawler)"
109.234.166.131 - - [27/May/2026:11:53:47 +0200] "GET /wp-includese4d8c2/44/index.php?id=578268 HTTP/1.1" 404 0 "-" "GO"
57.141.20.30 - - [27/May/2026:11:55:29 +0200] "GET /items/K464527945/ HTTP/1.1" 200 0 "-" "meta-externalagent/1.1 (+https://developers.facebook.com/docs/sharing/webmasters/crawler)"
57.141.20.2 - - [27/May/2026:11:48:53 +0200] "GET /items/K467687533/ HTTP/1.1" 200 0 "-" "meta-externalagent/1.1 (+https://developers.facebook.com/docs/sharing/webmasters/crawler)"
57.141.20.53 - - [27/May/2026:11:49:03 +0200] "GET /items/K465166256/ HTTP/1.1" 200 0 "-" "meta-externalagent/1.1 (+https://developers.facebook.com/docs/sharing/webmasters/crawler)"
109.234.166.131 - - [27/May/2026:11:47:43 +0200] "GET /wp-includese4d8c2/44/index.php?id=883501 HTTP/1.1" 404 0 "-" "GO"
109.234.166.131 - - [27/May/2026:11:47:57 +0200] "GET /wp-includese4d8c2/44/index.php?id=578268 HTTP/1.1" 404 0 "-" "GO"
57.141.20.52 - - [27/May/2026:11:49:54 +0200] "GET /items/K466076842/ HTTP/1.1" 200 0 "-" "meta-externalagent/1.1 (+https://developers.facebook.com/docs/sharing/webmasters/crawler)"
57.141.20.61 - - [27/May/2026:11:50:04 +0200] "GET /items/K462796676/ HTTP/1.1" 200 0 "-" "meta-externalagent/1.1 (+https://developers.facebook.com/docs/sharing/webmasters/crawler)"
57.141.20.13 - - [27/May/2026:11:50:17 +0200] "GET /items/K462658276/ HTTP/1.1" 200 15 "-" "meta-externalagent/1.1 (+https://developers.facebook.com/docs/sharing/webmasters/crawler)"
57.141.20.67 - - [27/May/2026:11:52:05 +0200] "GET /items/K466479308/ HTTP/1.1" 200 0 "-" "meta-externalagent/1.1 (+https://developers.facebook.com/docs/sharing/webmasters/crawler)"
57.141.20.34 - - [27/May/2026:11:52:42 +0200] "GET /items/K465200883/ HTTP/1.1" 200 0 "-" "meta-externalagent/1.1 (+https://developers.facebook.com/docs/sharing/webmasters/crawler)"
57.141.20.16 - - [27/May/2026:11:52:54 +0200] "GET /items/K462752546/ HTTP/1.1" 200 0 "-" "meta-externalagent/1.1 (+https://developers.facebook.com/docs/sharing/webmasters/crawler)"
57.141.20.62 - - [27/May/2026:11:52:47 +0200] "GET /items/K462742525/ HTTP/1.1" 200 0 "-" "meta-externalagent/1.1 (+https://developers.facebook.com/docs/sharing/webmasters/crawler)"
109.234.166.131 - - [27/May/2026:11:52:21 +0200] "GET /wp-includese4d8c2/44/index.php?id=578268 HTTP/1.1" 404 0 "-" "GO"
57.141.20.18 - - [27/May/2026:11:53:52 +0200] "GET /items/K461843597/ HTTP/1.1" 200 0 "-" "meta-externalagent/1.1 (+https://developers.facebook.com/docs/sharing/webmasters/crawler)"
57.141.20.1 - - [27/May/2026:11:54:13 +0200] "GET /items/K463448632/ HTTP/1.1" 200 0 "-" "meta-externalagent/1.1 (+https://developers.facebook.com/docs/sharing/webmasters/crawler)"
57.141.20.71 - - [27/May/2026:11:54:23 +0200] "GET /items/K465126748/ HTTP/1.1" 200 0 "-" "meta-externalagent/1.1 (+https://developers.facebook.com/docs/sharing/webmasters/crawler)"
57.141.20.7 - - [27/May/2026:11:54:33 +0200] "GET /items/K464709715/ HTTP/1.1" 200 0 "-" "meta-externalagent/1.1 (+https://developers.facebook.com/docs/sharing/webmasters/crawler)"
57.141.20.34 - - [27/May/2026:11:55:12 +0200] "GET /items/K462878252/ HTTP/1.1" 200 0 "-" "meta-externalagent/1.1 (+https://developers.facebook.com/docs/sharing/webmasters/crawler)"
57.141.20.2 - - [27/May/2026:11:56:02 +0200] "GET /items/K467523615/ HTTP/1.1" 200 0 "-" "meta-externalagent/1.1 (+https://developers.facebook.com/docs/sharing/webmasters/crawler)"
57.141.20.67 - - [27/May/2026:11:56:20 +0200] "GET /items/K465384801/ HTTP/1.1" 200 0 "-" "meta-externalagent/1.1 (+https://developers.facebook.com/docs/sharing/webmasters/crawler)"
57.141.20.32 - - [27/May/2026:11:57:02 +0200] "GET /items/K462656056/ HTTP/1.1" 200 0 "-" "meta-externalagent/1.1 (+https://developers.facebook.com/docs/sharing/webmasters/crawler)"
109.234.166.131 - - [27/May/2026:11:56:37 +0200] "GET /wp-includese4d8c2/44/index.php?id=578268 HTTP/1.1" 404 0 "-" "GO"
57.141.20.1 - - [27/May/2026:11:58:07 +0200] "GET /patriarchessmxx.xml HTTP/1.1" 200 0 "-" "meta-externalagent/1.1 (+https://developers.facebook.com/docs/sharing/webmasters/crawler)"
57.141.20.30 - - [27/May/2026:11:58:48 +0200] "GET /items/K464059987/ HTTP/1.1" 200 0 "-" "meta-externalagent/1.1 (+https://developers.facebook.com/docs/sharing/webmasters/crawler)"
57.141.20.58 - - [27/May/2026:11:52:54 +0200] "GET /items/K465430881/ HTTP/1.1" 200 0 "-" "meta-externalagent/1.1 (+https://developers.facebook.com/docs/sharing/webmasters/crawler)"
57.141.20.13 - - [27/May/2026:11:52:44 +0200] "GET /items/K462277727/ HTTP/1.1" 200 0 "-" "meta-externalagent/1.1 (+https://developers.facebook.com/docs/sharing/webmasters/crawler)"
57.141.20.10 - - [27/May/2026:11:53:44 +0200] "GET /items/K461119582/ HTTP/1.1" 200 0 "-" "meta-externalagent/1.1 (+https://developers.facebook.com/docs/sharing/webmasters/crawler)"
57.141.20.33 - - [27/May/2026:11:53:50 +0200] "GET /items/K466626777/ HTTP/1.1" 200 0 "-" "meta-externalagent/1.1 (+https://developers.facebook.com/docs/sharing/webmasters/crawler)"
57.141.20.39 - - [27/May/2026:11:57:23 +0200] "GET /items/K464868073/ HTTP/1.1" 200 0 "-" "meta-externalagent/1.1 (+https://developers.facebook.com/docs/sharing/webmasters/crawler)"
57.141.20.70 - - [27/May/2026:11:57:45 +0200] "GET /items/K466798408/ HTTP/1.1" 200 0 "-" "meta-externalagent/1.1 (+https://developers.facebook.com/docs/sharing/webmasters/crawler)"
57.141.20.55 - - [27/May/2026:11:59:01 +0200] "GET /items/K464889973/ HTTP/1.1" 200 0 "-" "meta-externalagent/1.1 (+https://developers.facebook.com/docs/sharing/webmasters/crawler)"
57.141.20.54 - - [27/May/2026:11:59:56 +0200] "GET /universalahr.xml HTTP/1.1" 200 0 "-" "meta-externalagent/1.1 (+https://developers.facebook.com/docs/sharing/webmasters/crawler)"
157.55.39.192 - - [27/May/2026:12:00:27 +0200] "GET /items/G922263834/ HTTP/1.1" 200 13 "-" "Mozilla/5.0 AppleWebKit/537.36 (KHTML, like Gecko; compatible; bingbot/2.0; +http://www.bing.com/bingbot.htm) Chrome/116.0.1938.76 Safari/537.36"
57.141.20.71 - - [27/May/2026:12:00:32 +0200] "GET /?k=5819996xo5eq HTTP/1.1" 200 0 "-" "meta-externalagent/1.1 (+https://developers.facebook.com/docs/sharing/webmasters/crawler)"
157.55.39.10 - - [27/May/2026:12:01:02 +0200] "GET /items/J893047718/ HTTP/1.1" 200 13 "-" "Mozilla/5.0 AppleWebKit/537.36 (KHTML, like Gecko; compatible; bingbot/2.0; +http://www.bing.com/bingbot.htm) Chrome/116.0.1938.76 Safari/537.36"
109.234.166.131 - - [27/May/2026:11:59:36 +0200] "GET /wp-includese4d8c2/44/index.php?id=578268 HTTP/1.1" 404 0 "-" "GO"
57.141.20.37 - - [27/May/2026:12:01:29 +0200] "GET /glossectomybxi.xml HTTP/1.1" 200 0 "-" "meta-externalagent/1.1 (+https://developers.facebook.com/docs/sharing/webmasters/crawler)"
207.46.13.7 - - [27/May/2026:12:01:53 +0200] "GET /Fraise-Rainurer-4D-404-Carbure-Angle-D-039-h-lice-30-396087/ HTTP/1.1" 200 13 "-" "Mozilla/5.0 AppleWebKit/537.36 (KHTML, like Gecko; compatible; bingbot/2.0; +http://www.bing.com/bingbot.htm) Chrome/116.0.1938.76 Safari/537.36"
57.141.20.18 - - [27/May/2026:12:02:27 +0200] "GET /items/K464784931/ HTTP/1.1" 200 0 "-" "meta-externalagent/1.1 (+https://developers.facebook.com/docs/sharing/webmasters/crawler)"
57.141.20.21 - - [27/May/2026:12:02:34 +0200] "GET /?k=2764480u2sf4 HTTP/1.1" 200 0 "-" "meta-externalagent/1.1 (+https://developers.facebook.com/docs/sharing/webmasters/crawler)"
57.141.20.17 - - [27/May/2026:12:02:55 +0200] "GET /items/K462899185/ HTTP/1.1" 200 0 "-" "meta-externalagent/1.1 (+https://developers.facebook.com/docs/sharing/webmasters/crawler)"
57.141.20.59 - - [27/May/2026:12:03:03 +0200] "GET /fumarateeho.xml HTTP/1.1" 200 0 "-" "meta-externalagent/1.1 (+https://developers.facebook.com/docs/sharing/webmasters/crawler)"
157.55.39.192 - - [27/May/2026:12:03:18 +0200] "GET /items/D041620646/ HTTP/1.1" 200 13 "-" "Mozilla/5.0 AppleWebKit/537.36 (KHTML, like Gecko; compatible; bingbot/2.0; +http://www.bing.com/bingbot.htm) Chrome/116.0.1938.76 Safari/537.36"
52.167.144.161 - - [27/May/2026:12:03:23 +0200] "GET /items/P246945703/ HTTP/1.1" 200 13 "-" "Mozilla/5.0 AppleWebKit/537.36 (KHTML, like Gecko; compatible; bingbot/2.0; +http://www.bing.com/bingbot.htm) Chrome/116.0.1938.76 Safari/537.36"
57.141.20.28 - - [27/May/2026:12:03:29 +0200] "GET /items/K466135223/ HTTP/1.1" 200 0 "-" "meta-externalagent/1.1 (+https://developers.facebook.com/docs/sharing/webmasters/crawler)"
57.141.20.53 - - [27/May/2026:11:55:57 +0200] "GET /items/K465069792/ HTTP/1.1" 200 0 "-" "meta-externalagent/1.1 (+https://developers.facebook.com/docs/sharing/webmasters/crawler)"
57.141.20.33 - - [27/May/2026:11:56:00 +0200] "GET /items/K465944625/ HTTP/1.1" 200 0 "-" "meta-externalagent/1.1 (+https://developers.facebook.com/docs/sharing/webmasters/crawler)"
57.141.20.62 - - [27/May/2026:11:56:05 +0200] "GET /items/K466983290/ HTTP/1.1" 200 0 "-" "meta-externalagent/1.1 (+https://developers.facebook.com/docs/sharing/webmasters/crawler)"
57.141.20.20 - - [27/May/2026:11:56:23 +0200] "GET /items/K467654579/ HTTP/1.1" 200 15 "-" "meta-externalagent/1.1 (+https://developers.facebook.com/docs/sharing/webmasters/crawler)"
109.234.166.131 - - [27/May/2026:11:55:13 +0200] "GET /wp-includese4d8c2/44/index.php?id=578268 HTTP/1.1" 404 0 "-" "GO"
57.141.20.2 - - [27/May/2026:11:56:43 +0200] "GET /items/K462367366/ HTTP/1.1" 200 0 "-" "meta-externalagent/1.1 (+https://developers.facebook.com/docs/sharing/webmasters/crawler)"
57.141.20.71 - - [27/May/2026:11:57:06 +0200] "GET /items/K463931604/ HTTP/1.1" 200 0 "-" "meta-externalagent/1.1 (+https://developers.facebook.com/docs/sharing/webmasters/crawler)"
57.141.20.7 - - [27/May/2026:11:57:28 +0200] "GET /nonarchitecturalbyw.xml HTTP/1.1" 200 0 "-" "meta-externalagent/1.1 (+https://developers.facebook.com/docs/sharing/webmasters/crawler)"
57.141.20.28 - - [27/May/2026:11:58:30 +0200] "GET /items/K465454537/ HTTP/1.1" 200 15 "-" "meta-externalagent/1.1 (+https://developers.facebook.com/docs/sharing/webmasters/crawler)"
109.234.166.131 - - [27/May/2026:11:58:01 +0200] "GET /wp-includese4d8c2/44/index.php?id=578268 HTTP/1.1" 404 0 "-" "GO"
57.141.20.33 - - [27/May/2026:12:00:38 +0200] "GET /variationsyes.xml HTTP/1.1" 200 0 "-" "meta-externalagent/1.1 (+https://developers.facebook.com/docs/sharing/webmasters/crawler)"
157.55.39.10 - - [27/May/2026:12:00:34 +0200] "GET /items/S651082379/ HTTP/1.1" 200 15 "-" "Mozilla/5.0 AppleWebKit/537.36 (KHTML, like Gecko; compatible; bingbot/2.0; +http://www.bing.com/bingbot.htm) Chrome/116.0.1938.76 Safari/537.36"
157.55.39.10 - - [27/May/2026:12:01:14 +0200] "GET /items/X481163670/ HTTP/1.1" 200 13 "-" "Mozilla/5.0 AppleWebKit/537.36 (KHTML, like Gecko; compatible; bingbot/2.0; +http://www.bing.com/bingbot.htm) Chrome/116.0.1938.76 Safari/537.36"
40.77.167.28 - - [27/May/2026:12:01:33 +0200] "GET /items/H244178594/ HTTP/1.1" 200 13 "-" "Mozilla/5.0 AppleWebKit/537.36 (KHTML, like Gecko; compatible; bingbot/2.0; +http://www.bing.com/bingbot.htm) Chrome/116.0.1938.76 Safari/537.36"
57.141.20.45 - - [27/May/2026:12:01:40 +0200] "GET /items/K462647100/ HTTP/1.1" 200 15 "-" "meta-externalagent/1.1 (+https://developers.facebook.com/docs/sharing/webmasters/crawler)"
57.141.20.43 - - [27/May/2026:12:01:57 +0200] "GET /guayulesjzt.xml HTTP/1.1" 200 0 "-" "meta-externalagent/1.1 (+https://developers.facebook.com/docs/sharing/webmasters/crawler)"
57.141.20.59 - - [27/May/2026:12:02:30 +0200] "GET /items/K463420494/ HTTP/1.1" 200 0 "-" "meta-externalagent/1.1 (+https://developers.facebook.com/docs/sharing/webmasters/crawler)"
109.234.166.131 - - [27/May/2026:12:01:11 +0200] "GET /wp-includese4d8c2/44/index.php?id=578268 HTTP/1.1" 404 0 "-" "GO"
57.141.20.0 - - [27/May/2026:12:02:53 +0200] "GET /canceledeaf.xml HTTP/1.1" 200 0 "-" "meta-externalagent/1.1 (+https://developers.facebook.com/docs/sharing/webmasters/crawler)"
52.167.144.161 - - [27/May/2026:12:03:29 +0200] "GET /items/H227661115/ HTTP/1.1" 200 13 "-" "Mozilla/5.0 AppleWebKit/537.36 (KHTML, like Gecko; compatible; bingbot/2.0; +http://www.bing.com/bingbot.htm) Chrome/116.0.1938.76 Safari/537.36"
57.141.20.67 - - [27/May/2026:12:03:32 +0200] "GET /items/K466071021/ HTTP/1.1" 200 0 "-" "meta-externalagent/1.1 (+https://developers.facebook.com/docs/sharing/webmasters/crawler)"
57.141.20.32 - - [27/May/2026:11:59:28 +0200] "GET /items/K464832535/ HTTP/1.1" 200 0 "-" "meta-externalagent/1.1 (+https://developers.facebook.com/docs/sharing/webmasters/crawler)"
57.141.20.44 - - [27/May/2026:11:59:34 +0200] "GET /items/K463877150/ HTTP/1.1" 200 0 "-" "meta-externalagent/1.1 (+https://developers.facebook.com/docs/sharing/webmasters/crawler)"
57.141.20.57 - - [27/May/2026:12:00:29 +0200] "GET /items/K462336723/ HTTP/1.1" 200 0 "-" "meta-externalagent/1.1 (+https://developers.facebook.com/docs/sharing/webmasters/crawler)"
57.141.20.10 - - [27/May/2026:12:00:35 +0200] "GET /items/K462889210/ HTTP/1.1" 200 0 "-" "meta-externalagent/1.1 (+https://developers.facebook.com/docs/sharing/webmasters/crawler)"
57.141.20.70 - - [27/May/2026:12:01:04 +0200] "GET /items/K467648386/ HTTP/1.1" 200 0 "-" "meta-externalagent/1.1 (+https://developers.facebook.com/docs/sharing/webmasters/crawler)"
57.141.20.42 - - [27/May/2026:12:01:36 +0200] "GET /items/K463781197/ HTTP/1.1" 200 0 "-" "meta-externalagent/1.1 (+https://developers.facebook.com/docs/sharing/webmasters/crawler)"
