78.125.61.82 - - [29/Apr/2026:06:16:33 +0200] "GET /wp-content/cache/min/1/wp-content/uploads/the7-css/media.css?ver=1777417205 HTTP/1.1" 200 62378 "https://www.liftsecurity.net/easy-meca/?utm_source=Pinterest&utm_medium=organic" "Mozilla/5.0 (Linux; Android 10; K) AppleWebKit/537.36 (KHTML, like Gecko) Chrome/147.0.0.0 Mobile Safari/537.36"
78.125.61.82 - - [29/Apr/2026:06:16:33 +0200] "GET /wp-content/cache/min/1/wp-content/uploads/the7-css/the7-elements-albums-portfolio.css?ver=1777417205 HTTP/1.1" 200 21032 "https://www.liftsecurity.net/easy-meca/?utm_source=Pinterest&utm_medium=organic" "Mozilla/5.0 (Linux; Android 10; K) AppleWebKit/537.36 (KHTML, like Gecko) Chrome/147.0.0.0 Mobile Safari/537.36"
5.133.192.160 - - [29/Apr/2026:06:16:14 +0200] "GET / HTTP/1.1" 200 287492 "-" "Mozilla/5.0 (Windows NT 10.0; Win64; x64) AppleWebKit/537.36 (KHTML, like Gecko) Chrome/105.0.0.0 Safari/537.36"
5.133.192.160 - - [29/Apr/2026:06:16:15 +0200] "GET /wp-content/uploads/2020/05/cropped-lift_Fotor-32x32.png HTTP/1.1" 200 1594 "-" "Mozilla/5.0 (Windows NT 10.0; Win64; x64) AppleWebKit/537.36 (KHTML, like Gecko) Chrome/105.0.0.0 Safari/537.36"
109.234.166.131 - - [29/Apr/2026:06:16:21 +0200] "POST /wp-cron.php?doing_wp_cron=1777436181.2496170997619628906250 HTTP/1.1" 200 0 "-" "WordPress/6.9.4; https://www.liftsecurity.net"
78.125.61.82 - - [29/Apr/2026:06:16:33 +0200] "GET /wp-content/cache/fonts/1/google-fonts/fonts/s/roboto/v51/KFO7CnqEu92Fr1ME7kSn66aGLdTylUAMa3yUBA.woff2 HTTP/1.1" 200 43136 "https://www.liftsecurity.net/easy-meca/?utm_source=Pinterest&utm_medium=organic" "Mozilla/5.0 (Linux; Android 10; K) AppleWebKit/537.36 (KHTML, like Gecko) Chrome/147.0.0.0 Mobile Safari/537.36"
78.125.61.82 - - [29/Apr/2026:06:16:33 +0200] "GET /wp-content/cache/min/1/wp-content/plugins/cookie-law-info/legacy/public/css/cookie-law-info-public.css?ver=1777417204 HTTP/1.1" 200 2593 "https://www.liftsecurity.net/easy-meca/?utm_source=Pinterest&utm_medium=organic" "Mozilla/5.0 (Linux; Android 10; K) AppleWebKit/537.36 (KHTML, like Gecko) Chrome/147.0.0.0 Mobile Safari/537.36"
78.125.61.82 - - [29/Apr/2026:06:16:33 +0200] "GET /wp-content/themes/dt-the7/fonts/FontAwesome/back-compat.min.css?ver=12.1.1 HTTP/1.1" 200 19124 "https://www.liftsecurity.net/easy-meca/?utm_source=Pinterest&utm_medium=organic" "Mozilla/5.0 (Linux; Android 10; K) AppleWebKit/537.36 (KHTML, like Gecko) Chrome/147.0.0.0 Mobile Safari/537.36"
78.125.61.82 - - [29/Apr/2026:06:16:33 +0200] "GET /wp-content/cache/min/1/wp-content/uploads/the7-css/custom.css?ver=1777417205 HTTP/1.1" 200 254322 "https://www.liftsecurity.net/easy-meca/?utm_source=Pinterest&utm_medium=organic" "Mozilla/5.0 (Linux; Android 10; K) AppleWebKit/537.36 (KHTML, like Gecko) Chrome/147.0.0.0 Mobile Safari/537.36"
78.125.61.82 - - [29/Apr/2026:06:16:33 +0200] "GET /wp-content/themes/dt-the7/style.css?ver=12.1.1 HTTP/1.1" 200 1423 "https://www.liftsecurity.net/easy-meca/?utm_source=Pinterest&utm_medium=organic" "Mozilla/5.0 (Linux; Android 10; K) AppleWebKit/537.36 (KHTML, like Gecko) Chrome/147.0.0.0 Mobile Safari/537.36"
78.125.61.82 - - [29/Apr/2026:06:16:33 +0200] "GET /wp-content/plugins/Ultimate_VC_Addons/assets/min-css/style.min.css?ver=3.19.19 HTTP/1.1" 200 13362 "https://www.liftsecurity.net/easy-meca/?utm_source=Pinterest&utm_medium=organic" "Mozilla/5.0 (Linux; Android 10; K) AppleWebKit/537.36 (KHTML, like Gecko) Chrome/147.0.0.0 Mobile Safari/537.36"
78.125.61.82 - - [29/Apr/2026:06:16:33 +0200] "GET /wp-content/plugins/Ultimate_VC_Addons/assets/min-css/info-box.min.css?ver=3.19.19 HTTP/1.1" 200 4226 "https://www.liftsecurity.net/easy-meca/?utm_source=Pinterest&utm_medium=organic" "Mozilla/5.0 (Linux; Android 10; K) AppleWebKit/537.36 (KHTML, like Gecko) Chrome/147.0.0.0 Mobile Safari/537.36"
78.125.61.82 - - [29/Apr/2026:06:16:33 +0200] "GET /wp-content/cache/background-css/1/www.liftsecurity.net/wp-content/cache/min/1/wp-content/plugins/mailin/css/mailin-front.css?ver=1777417205&wpr_t=1777424534 HTTP/1.1" 200 2076 "https://www.liftsecurity.net/easy-meca/?utm_source=Pinterest&utm_medium=organic" "Mozilla/5.0 (Linux; Android 10; K) AppleWebKit/537.36 (KHTML, like Gecko) Chrome/147.0.0.0 Mobile Safari/537.36"
78.125.61.82 - - [29/Apr/2026:06:16:33 +0200] "GET /wp-content/themes/dt-the7/fonts/icomoon-the7-font/icomoon-the7-font.ttf?wi57p5 HTTP/1.1" 200 47776 "https://www.liftsecurity.net/wp-content/cache/min/1/wp-content/themes/dt-the7/fonts/icomoon-the7-font/icomoon-the7-font.min.css?ver=1777417205" "Mozilla/5.0 (Linux; Android 10; K) AppleWebKit/537.36 (KHTML, like Gecko) Chrome/147.0.0.0 Mobile Safari/537.36"
78.125.61.82 - - [29/Apr/2026:06:16:33 +0200] "GET /wp-content/cache/min/1/wp-content/uploads/the7-css/post-type-dynamic.css?ver=1777417205 HTTP/1.1" 200 8974 "https://www.liftsecurity.net/easy-meca/?utm_source=Pinterest&utm_medium=organic" "Mozilla/5.0 (Linux; Android 10; K) AppleWebKit/537.36 (KHTML, like Gecko) Chrome/147.0.0.0 Mobile Safari/537.36"
78.125.61.82 - - [29/Apr/2026:06:16:33 +0200] "GET /wp-content/plugins/Ultimate_VC_Addons/assets/min-css/headings.min.css?ver=3.19.19 HTTP/1.1" 200 1255 "https://www.liftsecurity.net/easy-meca/?utm_source=Pinterest&utm_medium=organic" "Mozilla/5.0 (Linux; Android 10; K) AppleWebKit/537.36 (KHTML, like Gecko) Chrome/147.0.0.0 Mobile Safari/537.36"
78.125.61.82 - - [29/Apr/2026:06:16:33 +0200] "GET /wp-content/plugins/Ultimate_VC_Addons/assets/min-css/background-style.min.css?ver=3.19.19 HTTP/1.1" 200 9228 "https://www.liftsecurity.net/easy-meca/?utm_source=Pinterest&utm_medium=organic" "Mozilla/5.0 (Linux; Android 10; K) AppleWebKit/537.36 (KHTML, like Gecko) Chrome/147.0.0.0 Mobile Safari/537.36"
78.125.61.82 - - [29/Apr/2026:06:16:33 +0200] "GET /wp-content/cache/background-css/1/www.liftsecurity.net/wp-content/cache/min/1/wp-content/plugins/revslider/sr6/assets/css/rs6.css?ver=1777417205&wpr_t=1777424534 HTTP/1.1" 200 50371 "https://www.liftsecurity.net/easy-meca/?utm_source=Pinterest&utm_medium=organic" "Mozilla/5.0 (Linux; Android 10; K) AppleWebKit/537.36 (KHTML, like Gecko) Chrome/147.0.0.0 Mobile Safari/537.36"
78.125.61.82 - - [29/Apr/2026:06:16:33 +0200] "GET //wp-content/uploads/2020/04/lit-ouvert-avec-meuble.png?id=2622 HTTP/1.1" 200 49483 "https://www.liftsecurity.net/easy-meca/?utm_source=Pinterest&utm_medium=organic" "Mozilla/5.0 (Linux; Android 10; K) AppleWebKit/537.36 (KHTML, like Gecko) Chrome/147.0.0.0 Mobile Safari/537.36"
78.125.61.82 - - [29/Apr/2026:06:16:33 +0200] "GET /wp-content/plugins/wp-rocket/assets/js/lazyload/17.8.3/lazyload.min.js HTTP/1.1" 200 8892 "https://www.liftsecurity.net/easy-meca/?utm_source=Pinterest&utm_medium=organic" "Mozilla/5.0 (Linux; Android 10; K) AppleWebKit/537.36 (KHTML, like Gecko) Chrome/147.0.0.0 Mobile Safari/537.36"
78.125.61.82 - - [29/Apr/2026:06:16:34 +0200] "GET /wp-content/uploads/2020/05/cropped-lift_Fotor-192x192.png HTTP/1.1" 200 19975 "https://www.liftsecurity.net/easy-meca/?utm_source=Pinterest&utm_medium=organic" "Mozilla/5.0 (Linux; Android 10; K) AppleWebKit/537.36 (KHTML, like Gecko) Chrome/147.0.0.0 Mobile Safari/537.36"
78.125.61.82 - - [29/Apr/2026:06:16:42 +0200] "GET /wp-includes/js/jquery/jquery.min.js?ver=3.7.1 HTTP/1.1" 200 87553 "https://www.liftsecurity.net/easy-meca/?utm_source=Pinterest&utm_medium=organic" "Mozilla/5.0 (Linux; Android 10; K) AppleWebKit/537.36 (KHTML, like Gecko) Chrome/147.0.0.0 Mobile Safari/537.36"
78.125.61.82 - - [29/Apr/2026:06:16:42 +0200] "GET /wp-content/cache/min/1/wp-content/plugins/cookie-law-info/legacy/public/js/cookie-law-info-public.js?ver=1772922479 HTTP/1.1" 200 27238 "https://www.liftsecurity.net/easy-meca/?utm_source=Pinterest&utm_medium=organic" "Mozilla/5.0 (Linux; Android 10; K) AppleWebKit/537.36 (KHTML, like Gecko) Chrome/147.0.0.0 Mobile Safari/537.36"
78.125.61.82 - - [29/Apr/2026:06:16:42 +0200] "GET /wp-content/cache/min/1/ajax/libs/gsap/1.11.2/TweenMax.min.js?ver=1772922479 HTTP/1.1" 200 93791 "https://www.liftsecurity.net/easy-meca/?utm_source=Pinterest&utm_medium=organic" "Mozilla/5.0 (Linux; Android 10; K) AppleWebKit/537.36 (KHTML, like Gecko) Chrome/147.0.0.0 Mobile Safari/537.36"
78.125.61.82 - - [29/Apr/2026:06:16:42 +0200] "GET /wp-content/cache/min/1/wp-content/plugins/wonderplugin-video-embed/engine/wonderpluginvideoembed.js?ver=1772922479 HTTP/1.1" 200 19204 "https://www.liftsecurity.net/easy-meca/?utm_source=Pinterest&utm_medium=organic" "Mozilla/5.0 (Linux; Android 10; K) AppleWebKit/537.36 (KHTML, like Gecko) Chrome/147.0.0.0 Mobile Safari/537.36"
78.125.61.82 - - [29/Apr/2026:06:16:33 +0200] "GET /wp-content/themes/dt-the7/css/compatibility/elementor/elementor-global.min.css?ver=12.1.1 HTTP/1.1" 200 50285 "https://www.liftsecurity.net/easy-meca/?utm_source=Pinterest&utm_medium=organic" "Mozilla/5.0 (Linux; Android 10; K) AppleWebKit/537.36 (KHTML, like Gecko) Chrome/147.0.0.0 Mobile Safari/537.36"
78.125.61.82 - - [29/Apr/2026:06:16:33 +0200] "GET /wp-content/plugins/Ultimate_VC_Addons/assets/min-css/animate.min.css?ver=3.19.19 HTTP/1.1" 200 70192 "https://www.liftsecurity.net/easy-meca/?utm_source=Pinterest&utm_medium=organic" "Mozilla/5.0 (Linux; Android 10; K) AppleWebKit/537.36 (KHTML, like Gecko) Chrome/147.0.0.0 Mobile Safari/537.36"
78.125.61.82 - - [29/Apr/2026:06:16:33 +0200] "GET /wp-content/cache/fonts/1/google-fonts/fonts/s/robotocondensed/v31/ieVl2ZhZI2eCN5jzbjEETS9weq8-19K7DQ.woff2 HTTP/1.1" 200 51412 "https://www.liftsecurity.net/easy-meca/?utm_source=Pinterest&utm_medium=organic" "Mozilla/5.0 (Linux; Android 10; K) AppleWebKit/537.36 (KHTML, like Gecko) Chrome/147.0.0.0 Mobile Safari/537.36"
78.125.61.82 - - [29/Apr/2026:06:16:33 +0200] "GET /wp-content/uploads/smile_fonts/icomoon-elegent-line-icons-32x32/icomoon-elegent-line-icons-32x32.ttf?8p1dye HTTP/1.1" 200 46252 "https://www.liftsecurity.net/wp-content/cache/min/1/wp-content/uploads/smile_fonts/icomoon-elegent-line-icons-32x32/icomoon-elegent-line-icons-32x32.css?ver=1777417205" "Mozilla/5.0 (Linux; Android 10; K) AppleWebKit/537.36 (KHTML, like Gecko) Chrome/147.0.0.0 Mobile Safari/537.36"
78.125.61.82 - - [29/Apr/2026:06:16:34 +0200] "GET /wp-content/uploads/2020/05/cropped-lift_Fotor-180x180.png HTTP/1.1" 200 23105 "https://www.liftsecurity.net/easy-meca/?utm_source=Pinterest&utm_medium=organic" "Mozilla/5.0 (Linux; Android 10; K) AppleWebKit/537.36 (KHTML, like Gecko) Chrome/147.0.0.0 Mobile Safari/537.36"
78.125.61.82 - - [29/Apr/2026:06:16:42 +0200] "GET /wp-content/themes/dt-the7/js/compatibility/elementor/frontend-common.min.js?ver=12.1.1 HTTP/1.1" 200 4982 "https://www.liftsecurity.net/easy-meca/?utm_source=Pinterest&utm_medium=organic" "Mozilla/5.0 (Linux; Android 10; K) AppleWebKit/537.36 (KHTML, like Gecko) Chrome/147.0.0.0 Mobile Safari/537.36"
78.125.61.82 - - [29/Apr/2026:06:16:42 +0200] "GET /wp-content/themes/dt-the7/js/legacy.min.js?ver=12.1.1 HTTP/1.1" 200 1368 "https://www.liftsecurity.net/easy-meca/?utm_source=Pinterest&utm_medium=organic" "Mozilla/5.0 (Linux; Android 10; K) AppleWebKit/537.36 (KHTML, like Gecko) Chrome/147.0.0.0 Mobile Safari/537.36"
78.125.61.82 - - [29/Apr/2026:06:16:42 +0200] "GET /wp-content/themes/dt-the7/lib/jquery-mousewheel/jquery-mousewheel.min.js?ver=12.1.1 HTTP/1.1" 200 2703 "https://www.liftsecurity.net/easy-meca/?utm_source=Pinterest&utm_medium=organic" "Mozilla/5.0 (Linux; Android 10; K) AppleWebKit/537.36 (KHTML, like Gecko) Chrome/147.0.0.0 Mobile Safari/537.36"
78.125.61.82 - - [29/Apr/2026:06:16:42 +0200] "GET /wp-content/themes/dt-the7/lib/custom-scrollbar/custom-scrollbar.min.js?ver=12.1.1 HTTP/1.1" 200 40085 "https://www.liftsecurity.net/easy-meca/?utm_source=Pinterest&utm_medium=organic" "Mozilla/5.0 (Linux; Android 10; K) AppleWebKit/537.36 (KHTML, like Gecko) Chrome/147.0.0.0 Mobile Safari/537.36"
78.125.61.82 - - [29/Apr/2026:06:16:42 +0200] "GET /wp-content/plugins/Ultimate_VC_Addons/assets/min-js/custom.min.js?ver=3.19.19 HTTP/1.1" 200 21152 "https://www.liftsecurity.net/easy-meca/?utm_source=Pinterest&utm_medium=organic" "Mozilla/5.0 (Linux; Android 10; K) AppleWebKit/537.36 (KHTML, like Gecko) Chrome/147.0.0.0 Mobile Safari/537.36"
78.125.61.82 - - [29/Apr/2026:06:16:43 +0200] "GET /wp-content/plugins/js_composer/assets/js/dist/js_composer_front.min.js?ver=7.4 HTTP/1.1" 200 20757 "https://www.liftsecurity.net/easy-meca/?utm_source=Pinterest&utm_medium=organic" "Mozilla/5.0 (Linux; Android 10; K) AppleWebKit/537.36 (KHTML, like Gecko) Chrome/147.0.0.0 Mobile Safari/537.36"
78.125.61.82 - - [29/Apr/2026:06:16:33 +0200] "GET /wp-content/themes/dt-the7/fonts/FontAwesome/webfonts/fa-solid-900.woff2 HTTP/1.1" 200 78212 "https://www.liftsecurity.net/wp-content/cache/min/1/wp-content/themes/dt-the7/fonts/FontAwesome/css/all.min.css?ver=1777417205" "Mozilla/5.0 (Linux; Android 10; K) AppleWebKit/537.36 (KHTML, like Gecko) Chrome/147.0.0.0 Mobile Safari/537.36"
78.125.61.82 - - [29/Apr/2026:06:16:42 +0200] "GET /wp-content/cache/min/1/wp-content/plugins/mailin/js/mailin-front.js?ver=1772922479 HTTP/1.1" 200 9130 "https://www.liftsecurity.net/easy-meca/?utm_source=Pinterest&utm_medium=organic" "Mozilla/5.0 (Linux; Android 10; K) AppleWebKit/537.36 (KHTML, like Gecko) Chrome/147.0.0.0 Mobile Safari/537.36"
78.125.61.82 - - [29/Apr/2026:06:16:42 +0200] "GET /wp-content/themes/dt-the7/js/main.min.js?ver=12.1.1 HTTP/1.1" 200 362002 "https://www.liftsecurity.net/easy-meca/?utm_source=Pinterest&utm_medium=organic" "Mozilla/5.0 (Linux; Android 10; K) AppleWebKit/537.36 (KHTML, like Gecko) Chrome/147.0.0.0 Mobile Safari/537.36"
78.125.61.82 - - [29/Apr/2026:06:16:42 +0200] "GET /wp-content/cache/min/1/wp-content/plugins/go_pricing/assets/js/go_pricing_scripts.js?ver=1772922479 HTTP/1.1" 200 16214 "https://www.liftsecurity.net/easy-meca/?utm_source=Pinterest&utm_medium=organic" "Mozilla/5.0 (Linux; Android 10; K) AppleWebKit/537.36 (KHTML, like Gecko) Chrome/147.0.0.0 Mobile Safari/537.36"
78.125.61.82 - - [29/Apr/2026:06:16:42 +0200] "GET /wp-content/plugins/Ultimate_VC_Addons/assets/min-js/ultimate_bg.min.js?ver=3.19.19 HTTP/1.1" 200 45147 "https://www.liftsecurity.net/easy-meca/?utm_source=Pinterest&utm_medium=organic" "Mozilla/5.0 (Linux; Android 10; K) AppleWebKit/537.36 (KHTML, like Gecko) Chrome/147.0.0.0 Mobile Safari/537.36"
78.125.61.82 - - [29/Apr/2026:06:16:42 +0200] "GET /wp-includes/js/jquery/jquery-migrate.min.js?ver=3.4.1 HTTP/1.1" 200 13577 "https://www.liftsecurity.net/easy-meca/?utm_source=Pinterest&utm_medium=organic" "Mozilla/5.0 (Linux; Android 10; K) AppleWebKit/537.36 (KHTML, like Gecko) Chrome/147.0.0.0 Mobile Safari/537.36"
78.125.61.82 - - [29/Apr/2026:06:16:42 +0200] "GET /wp-content/plugins/Ultimate_VC_Addons/assets/min-js/jquery-appear.min.js?ver=3.19.19 HTTP/1.1" 200 1355 "https://www.liftsecurity.net/easy-meca/?utm_source=Pinterest&utm_medium=organic" "Mozilla/5.0 (Linux; Android 10; K) AppleWebKit/537.36 (KHTML, like Gecko) Chrome/147.0.0.0 Mobile Safari/537.36"
78.125.61.82 - - [29/Apr/2026:06:16:42 +0200] "GET /wp-content/plugins/Ultimate_VC_Addons/assets/min-js/info-box.min.js?ver=3.19.19 HTTP/1.1" 200 463 "https://www.liftsecurity.net/easy-meca/?utm_source=Pinterest&utm_medium=organic" "Mozilla/5.0 (Linux; Android 10; K) AppleWebKit/537.36 (KHTML, like Gecko) Chrome/147.0.0.0 Mobile Safari/537.36"
78.125.61.82 - - [29/Apr/2026:06:16:43 +0200] "GET /wp-content/plugins/dt-the7-core/assets/js/post-type.min.js?ver=2.7.9 HTTP/1.1" 200 25147 "https://www.liftsecurity.net/easy-meca/?utm_source=Pinterest&utm_medium=organic" "Mozilla/5.0 (Linux; Android 10; K) AppleWebKit/537.36 (KHTML, like Gecko) Chrome/147.0.0.0 Mobile Safari/537.36"
78.125.61.82 - - [29/Apr/2026:06:16:43 +0200] "GET /wp-content/uploads/2020/03/architecture-1857175_1920.jpg HTTP/1.1" 200 240178 "https://www.liftsecurity.net/easy-meca/?utm_source=Pinterest&utm_medium=organic" "Mozilla/5.0 (Linux; Android 10; K) AppleWebKit/537.36 (KHTML, like Gecko) Chrome/147.0.0.0 Mobile Safari/537.36"
78.125.61.82 - - [29/Apr/2026:06:17:01 +0200] "GET /wp-content/uploads/2020/04/lit-ferme%CC%81-avec-meuble-532x398.png HTTP/1.1" 200 37545 "https://www.liftsecurity.net/easy-meca/?utm_source=Pinterest&utm_medium=organic" "Mozilla/5.0 (Linux; Android 10; K) AppleWebKit/537.36 (KHTML, like Gecko) Chrome/147.0.0.0 Mobile Safari/537.36"
109.234.166.131 - - [29/Apr/2026:06:17:01 +0200] "POST /wp-cron.php?doing_wp_cron=1777436221.7048809528350830078125 HTTP/1.1" 200 0 "-" "WordPress/6.9.4; https://www.liftsecurity.net"
78.125.61.82 - - [29/Apr/2026:06:16:42 +0200] "GET /wp-content/themes/dt-the7/js/above-the-fold.min.js?ver=12.1.1 HTTP/1.1" 200 12481 "https://www.liftsecurity.net/easy-meca/?utm_source=Pinterest&utm_medium=organic" "Mozilla/5.0 (Linux; Android 10; K) AppleWebKit/537.36 (KHTML, like Gecko) Chrome/147.0.0.0 Mobile Safari/537.36"
78.125.61.82 - - [29/Apr/2026:06:16:42 +0200] "GET /wp-content/plugins/revslider/sr6/assets/js/rbtools.min.js?ver=6.7.11 HTTP/1.1" 200 165339 "https://www.liftsecurity.net/easy-meca/?utm_source=Pinterest&utm_medium=organic" "Mozilla/5.0 (Linux; Android 10; K) AppleWebKit/537.36 (KHTML, like Gecko) Chrome/147.0.0.0 Mobile Safari/537.36"
78.125.61.82 - - [29/Apr/2026:06:16:42 +0200] "GET /wp-content/plugins/revslider/sr6/assets/js/rs6.min.js?ver=6.7.11 HTTP/1.1" 200 415889 "https://www.liftsecurity.net/easy-meca/?utm_source=Pinterest&utm_medium=organic" "Mozilla/5.0 (Linux; Android 10; K) AppleWebKit/537.36 (KHTML, like Gecko) Chrome/147.0.0.0 Mobile Safari/537.36"
78.125.61.82 - - [29/Apr/2026:06:16:42 +0200] "GET /wp-content/plugins/Ultimate_VC_Addons/assets/min-js/ultimate-params.min.js?ver=3.19.19 HTTP/1.1" 200 1107 "https://www.liftsecurity.net/easy-meca/?utm_source=Pinterest&utm_medium=organic" "Mozilla/5.0 (Linux; Android 10; K) AppleWebKit/537.36 (KHTML, like Gecko) Chrome/147.0.0.0 Mobile Safari/537.36"
78.125.61.82 - - [29/Apr/2026:06:16:42 +0200] "GET /wp-content/plugins/Ultimate_VC_Addons/assets/min-js/headings.min.js?ver=3.19.19 HTTP/1.1" 200 2704 "https://www.liftsecurity.net/easy-meca/?utm_source=Pinterest&utm_medium=organic" "Mozilla/5.0 (Linux; Android 10; K) AppleWebKit/537.36 (KHTML, like Gecko) Chrome/147.0.0.0 Mobile Safari/537.36"
78.125.61.82 - - [29/Apr/2026:06:16:43 +0200] "GET /wp-content/uploads/2022/06/Logo-liftsecurity-fond-transparent.png HTTP/1.1" 200 12313 "https://www.liftsecurity.net/easy-meca/?utm_source=Pinterest&utm_medium=organic" "Mozilla/5.0 (Linux; Android 10; K) AppleWebKit/537.36 (KHTML, like Gecko) Chrome/147.0.0.0 Mobile Safari/537.36"
109.234.166.131 - - [29/Apr/2026:06:16:58 +0200] "POST /wp-cron.php?doing_wp_cron=1777436218.2732579708099365234375 HTTP/1.1" 200 0 "-" "WordPress/6.9.4; https://www.liftsecurity.net"
109.234.166.131 - - [29/Apr/2026:06:17:01 +0200] "POST /wp-cron.php?doing_wp_cron=1777436221.2365341186523437500000 HTTP/1.1" 200 0 "-" "WordPress/6.9.4; https://www.liftsecurity.net"
78.125.61.82 - - [29/Apr/2026:06:17:01 +0200] "GET /wp-content/uploads/2020/04/easy-601x451.png HTTP/1.1" 200 203760 "https://www.liftsecurity.net/easy-meca/?utm_source=Pinterest&utm_medium=organic" "Mozilla/5.0 (Linux; Android 10; K) AppleWebKit/537.36 (KHTML, like Gecko) Chrome/147.0.0.0 Mobile Safari/537.36"
40.77.167.26 - - [29/Apr/2026:06:17:01 +0200] "GET /items/G624877900/ HTTP/1.1" 404 96843 "-" "Mozilla/5.0 AppleWebKit/537.36 (KHTML, like Gecko; compatible; bingbot/2.0; +http://www.bing.com/bingbot.htm) Chrome/116.0.1938.76 Safari/537.36"
40.77.167.26 - - [29/Apr/2026:06:17:01 +0200] "GET /items/M321273126/ HTTP/1.1" 404 96843 "-" "Mozilla/5.0 AppleWebKit/537.36 (KHTML, like Gecko; compatible; bingbot/2.0; +http://www.bing.com/bingbot.htm) Chrome/116.0.1938.76 Safari/537.36"
78.125.61.82 - - [29/Apr/2026:06:17:02 +0200] "GET /wp-content/uploads/2020/04/20200305-LIT-EASY-002-nelles-dimensions-731x548.jpeg HTTP/1.1" 200 40354 "https://www.liftsecurity.net/easy-meca/?utm_source=Pinterest&utm_medium=organic" "Mozilla/5.0 (Linux; Android 10; K) AppleWebKit/537.36 (KHTML, like Gecko) Chrome/147.0.0.0 Mobile Safari/537.36"
157.55.39.202 - - [29/Apr/2026:06:17:07 +0200] "GET /items/P067118581/ HTTP/1.1" 404 96843 "-" "Mozilla/5.0 AppleWebKit/537.36 (KHTML, like Gecko; compatible; bingbot/2.0; +http://www.bing.com/bingbot.htm) Chrome/116.0.1938.76 Safari/537.36"
52.167.144.157 - - [29/Apr/2026:06:17:10 +0200] "GET /detail/36586838645194 HTTP/1.1" 404 96843 "-" "Mozilla/5.0 AppleWebKit/537.36 (KHTML, like Gecko; compatible; bingbot/2.0; +http://www.bing.com/bingbot.htm) Chrome/116.0.1938.76 Safari/537.36"
78.125.61.82 - - [29/Apr/2026:06:16:43 +0200] "GET /wp-content/plugins/Ultimate_VC_Addons/assets/images/patterns/01.png HTTP/1.1" 200 71 "https://www.liftsecurity.net/easy-meca/?utm_source=Pinterest&utm_medium=organic" "Mozilla/5.0 (Linux; Android 10; K) AppleWebKit/537.36 (KHTML, like Gecko) Chrome/147.0.0.0 Mobile Safari/537.36"
78.125.61.82 - - [29/Apr/2026:06:16:43 +0200] "GET /wp-content/uploads/2020/05/woman-2197947_1920-v2.jpg HTTP/1.1" 200 80801 "https://www.liftsecurity.net/easy-meca/?utm_source=Pinterest&utm_medium=organic" "Mozilla/5.0 (Linux; Android 10; K) AppleWebKit/537.36 (KHTML, like Gecko) Chrome/147.0.0.0 Mobile Safari/537.36"
57.141.18.10 - - [29/Apr/2026:06:16:57 +0200] "GET /items/P066131536/ HTTP/1.1" 404 96843 "-" "meta-externalagent/1.1 (+https://developers.facebook.com/docs/sharing/webmasters/crawler)"
40.77.167.26 - - [29/Apr/2026:06:17:00 +0200] "GET /items/D241973224/ HTTP/1.1" 404 96843 "-" "Mozilla/5.0 AppleWebKit/537.36 (KHTML, like Gecko; compatible; bingbot/2.0; +http://www.bing.com/bingbot.htm) Chrome/116.0.1938.76 Safari/537.36"
78.125.61.82 - - [29/Apr/2026:06:17:02 +0200] "GET /wp-content/uploads/2020/03/e%CC%81clate%CC%81-easy-meca.png HTTP/1.1" 200 346046 "https://www.liftsecurity.net/easy-meca/?utm_source=Pinterest&utm_medium=organic" "Mozilla/5.0 (Linux; Android 10; K) AppleWebKit/537.36 (KHTML, like Gecko) Chrome/147.0.0.0 Mobile Safari/537.36"
40.77.167.26 - - [29/Apr/2026:06:17:02 +0200] "GET /items/N245182523/ HTTP/1.1" 404 96843 "-" "Mozilla/5.0 AppleWebKit/537.36 (KHTML, like Gecko; compatible; bingbot/2.0; +http://www.bing.com/bingbot.htm) Chrome/116.0.1938.76 Safari/537.36"
40.77.167.26 - - [29/Apr/2026:06:17:03 +0200] "GET /items/U306594340/ HTTP/1.1" 404 96843 "-" "Mozilla/5.0 AppleWebKit/537.36 (KHTML, like Gecko; compatible; bingbot/2.0; +http://www.bing.com/bingbot.htm) Chrome/116.0.1938.76 Safari/537.36"
157.55.39.202 - - [29/Apr/2026:06:17:05 +0200] "GET /items/X205338513/ HTTP/1.1" 404 96843 "-" "Mozilla/5.0 AppleWebKit/537.36 (KHTML, like Gecko; compatible; bingbot/2.0; +http://www.bing.com/bingbot.htm) Chrome/116.0.1938.76 Safari/537.36"
157.55.39.202 - - [29/Apr/2026:06:17:06 +0200] "GET /items/P064959621/ HTTP/1.1" 404 96843 "-" "Mozilla/5.0 AppleWebKit/537.36 (KHTML, like Gecko; compatible; bingbot/2.0; +http://www.bing.com/bingbot.htm) Chrome/116.0.1938.76 Safari/537.36"
78.125.61.82 - - [29/Apr/2026:06:17:20 +0200] "GET /wp-content/uploads/2020/04/20200305-LIT-EASY-002-nelles-dimensions.jpeg HTTP/1.1" 200 39250 "-" "Mozilla/5.0 (Linux; Android 10; K) AppleWebKit/537.36 (KHTML, like Gecko) Chrome/147.0.0.0 Mobile Safari/537.36"
52.167.144.157 - - [29/Apr/2026:06:17:05 +0200] "GET /items/C394495911/ HTTP/1.1" 404 96843 "-" "Mozilla/5.0 AppleWebKit/537.36 (KHTML, like Gecko; compatible; bingbot/2.0; +http://www.bing.com/bingbot.htm) Chrome/116.0.1938.76 Safari/537.36"
52.167.144.157 - - [29/Apr/2026:06:17:09 +0200] "GET /items/P066590806/ HTTP/1.1" 404 96843 "-" "Mozilla/5.0 AppleWebKit/537.36 (KHTML, like Gecko; compatible; bingbot/2.0; +http://www.bing.com/bingbot.htm) Chrome/116.0.1938.76 Safari/537.36"
52.167.144.157 - - [29/Apr/2026:06:17:12 +0200] "GET /items/P062673787/ HTTP/1.1" 404 96843 "-" "Mozilla/5.0 AppleWebKit/537.36 (KHTML, like Gecko; compatible; bingbot/2.0; +http://www.bing.com/bingbot.htm) Chrome/116.0.1938.76 Safari/537.36"
78.125.61.82 - - [29/Apr/2026:06:17:20 +0200] "GET /favicon.ico HTTP/1.1" 404 1251 "https://www.liftsecurity.net/wp-content/uploads/2020/04/20200305-LIT-EASY-002-nelles-dimensions.jpeg" "Mozilla/5.0 (Linux; Android 10; K) AppleWebKit/537.36 (KHTML, like Gecko) Chrome/147.0.0.0 Mobile Safari/537.36"
78.125.61.82 - - [29/Apr/2026:06:19:23 +0200] "GET /wp-content/uploads/2020/04/easy-meca1024-1-569x569.png HTTP/1.1" 200 264598 "https://www.liftsecurity.net/easy-meca/?utm_source=Pinterest&utm_medium=organic" "Mozilla/5.0 (Linux; Android 10; K) AppleWebKit/537.36 (KHTML, like Gecko) Chrome/147.0.0.0 Mobile Safari/537.36"
78.125.61.82 - - [29/Apr/2026:06:19:23 +0200] "GET /wp-content/uploads/2020/04/lit-ferme%CC%81-avec-meuble-532x532.png HTTP/1.1" 200 47280 "https://www.liftsecurity.net/easy-meca/?utm_source=Pinterest&utm_medium=organic" "Mozilla/5.0 (Linux; Android 10; K) AppleWebKit/537.36 (KHTML, like Gecko) Chrome/147.0.0.0 Mobile Safari/537.36"
78.125.61.82 - - [29/Apr/2026:06:19:46 +0200] "GET /wp-content/themes/dt-the7/images/x-lg.svg HTTP/1.1" 200 320 "https://www.liftsecurity.net/wp-content/themes/dt-the7/css/main.min.css?ver=12.1.1" "Mozilla/5.0 (Linux; Android 10; K) AppleWebKit/537.36 (KHTML, like Gecko) Chrome/147.0.0.0 Mobile Safari/537.36"
78.125.61.82 - - [29/Apr/2026:06:19:46 +0200] "GET /wp-content/themes/dt-the7/images/the7-chevron-left.svg HTTP/1.1" 200 649 "https://www.liftsecurity.net/wp-content/themes/dt-the7/css/main.min.css?ver=12.1.1" "Mozilla/5.0 (Linux; Android 10; K) AppleWebKit/537.36 (KHTML, like Gecko) Chrome/147.0.0.0 Mobile Safari/537.36"
78.125.61.82 - - [29/Apr/2026:06:20:30 +0200] "GET /wp-content/themes/dt-the7/images/fullscreen-exit.svg HTTP/1.1" 200 546 "https://www.liftsecurity.net/wp-content/themes/dt-the7/css/main.min.css?ver=12.1.1" "Mozilla/5.0 (Linux; Android 10; K) AppleWebKit/537.36 (KHTML, like Gecko) Chrome/147.0.0.0 Mobile Safari/537.36"
57.141.18.0 - - [29/Apr/2026:06:21:20 +0200] "GET /items/P062044063/ HTTP/1.1" 404 96843 "-" "meta-externalagent/1.1 (+https://developers.facebook.com/docs/sharing/webmasters/crawler)"
216.244.66.241 - - [29/Apr/2026:06:22:04 +0200] "GET /robots.txt HTTP/1.1" 200 1834 "-" "Mozilla/5.0 (compatible; DotBot/1.2; +https://opensiteexplorer.org/dotbot; help@moz.com)"
109.234.166.131 - - [29/Apr/2026:06:22:38 +0200] "POST /wp-cron.php?doing_wp_cron=1777436558.4773039817810058593750 HTTP/1.1" 200 0 "-" "WordPress/6.9.4; https://www.liftsecurity.net"
108.177.2.41 - - [29/Apr/2026:06:22:42 +0200] "GET /wp-content/themes/dt-the7/fonts/FontAwesome/back-compat.min.css?ver=12.1.1 HTTP/1.1" 200 19124 "https://www.liftsecurity.net/items/A093987085/" "Mozilla/5.0 (X11; Linux x86_64) AppleWebKit/537.36 (KHTML, like Gecko) Chrome/146.0.7680.177 Safari/537.36"
108.177.2.41 - - [29/Apr/2026:06:22:43 +0200] "GET /wp-content/themes/dt-the7/fonts/FontAwesome/css/all.min.css?ver=12.1.1 HTTP/1.1" 200 59162 "https://www.liftsecurity.net/items/A093987085/" "Mozilla/5.0 (X11; Linux x86_64) AppleWebKit/537.36 (KHTML, like Gecko) Chrome/146.0.7680.177 Safari/537.36"
108.177.2.32 - - [29/Apr/2026:06:22:43 +0200] "GET /wp-content/plugins/go_pricing/assets/css/go_pricing_styles.css?ver=3.4 HTTP/1.1" 200 71986 "https://www.liftsecurity.net/items/A093987085/" "Mozilla/5.0 (X11; Linux x86_64) AppleWebKit/537.36 (KHTML, like Gecko) Chrome/146.0.7680.177 Safari/537.36"
108.177.2.41 - - [29/Apr/2026:06:22:47 +0200] "GET /wp-content/themes/dt-the7/css/compatibility/elementor/elementor-global.min.css?ver=12.1.1 HTTP/1.1" 200 50285 "https://www.liftsecurity.net/items/A093987085/" "Mozilla/5.0 (X11; Linux x86_64) AppleWebKit/537.36 (KHTML, like Gecko) Chrome/146.0.7680.177 Safari/537.36"
108.177.2.41 - - [29/Apr/2026:06:22:47 +0200] "GET /wp-content/themes/dt-the7/style.css?ver=12.1.1 HTTP/1.1" 200 1423 "https://www.liftsecurity.net/items/A093987085/" "Mozilla/5.0 (X11; Linux x86_64) AppleWebKit/537.36 (KHTML, like Gecko) Chrome/146.0.7680.177 Safari/537.36"
108.177.2.41 - - [29/Apr/2026:06:22:48 +0200] "GET /wp-content/themes/dt-the7/css/wpbakery.min.css?ver=12.1.1 HTTP/1.1" 200 25752 "https://www.liftsecurity.net/items/A093987085/" "Mozilla/5.0 (X11; Linux x86_64) AppleWebKit/537.36 (KHTML, like Gecko) Chrome/146.0.7680.177 Safari/537.36"
78.125.61.82 - - [29/Apr/2026:06:19:23 +0200] "GET /wp-content/uploads/2020/04/easy-451x451.png HTTP/1.1" 200 172769 "https://www.liftsecurity.net/easy-meca/?utm_source=Pinterest&utm_medium=organic" "Mozilla/5.0 (Linux; Android 10; K) AppleWebKit/537.36 (KHTML, like Gecko) Chrome/147.0.0.0 Mobile Safari/537.36"
78.125.61.82 - - [29/Apr/2026:06:19:23 +0200] "GET /wp-content/uploads/2020/04/lit-ouvert-avec-meuble-569x569.png HTTP/1.1" 200 178850 "https://www.liftsecurity.net/easy-meca/?utm_source=Pinterest&utm_medium=organic" "Mozilla/5.0 (Linux; Android 10; K) AppleWebKit/537.36 (KHTML, like Gecko) Chrome/147.0.0.0 Mobile Safari/537.36"
78.125.61.82 - - [29/Apr/2026:06:19:23 +0200] "GET /wp-content/uploads/2020/04/vue-e%CC%81clate%CC%81e-berceau-569x569.png HTTP/1.1" 200 330782 "https://www.liftsecurity.net/easy-meca/?utm_source=Pinterest&utm_medium=organic" "Mozilla/5.0 (Linux; Android 10; K) AppleWebKit/537.36 (KHTML, like Gecko) Chrome/147.0.0.0 Mobile Safari/537.36"
78.125.61.82 - - [29/Apr/2026:06:19:46 +0200] "GET /wp-content/themes/dt-the7/images/the7-chevron-right.svg HTTP/1.1" 200 643 "https://www.liftsecurity.net/wp-content/themes/dt-the7/css/main.min.css?ver=12.1.1" "Mozilla/5.0 (Linux; Android 10; K) AppleWebKit/537.36 (KHTML, like Gecko) Chrome/147.0.0.0 Mobile Safari/537.36"
78.125.61.82 - - [29/Apr/2026:06:19:46 +0200] "GET /wp-content/uploads/2020/04/easy.png HTTP/1.1" 200 71640 "https://www.liftsecurity.net/easy-meca/?utm_source=Pinterest&utm_medium=organic" "Mozilla/5.0 (Linux; Android 10; K) AppleWebKit/537.36 (KHTML, like Gecko) Chrome/147.0.0.0 Mobile Safari/537.36"
109.234.166.131 - - [29/Apr/2026:06:21:15 +0200] "POST /wp-cron.php?doing_wp_cron=1777436475.1463539600372314453125 HTTP/1.1" 200 0 "-" "WordPress/6.9.4; https://www.liftsecurity.net"
57.141.18.101 - - [29/Apr/2026:06:21:14 +0200] "GET /items/P066140589/ HTTP/1.1" 404 96843 "-" "meta-externalagent/1.1 (+https://developers.facebook.com/docs/sharing/webmasters/crawler)"
108.177.2.41 - - [29/Apr/2026:06:22:37 +0200] "GET /items/A093987085/ HTTP/1.1" 404 96843 "-" "Mozilla/5.0 (X11; Linux x86_64) AppleWebKit/537.36 (KHTML, like Gecko) Chrome/146.0.7680.177 Safari/537.36"
108.177.2.32 - - [29/Apr/2026:06:22:43 +0200] "GET /wp-content/plugins/cookie-law-info/legacy/public/css/cookie-law-info-gdpr.css?ver=3.4.2 HTTP/1.1" 200 27249 "https://www.liftsecurity.net/items/A093987085/" "Mozilla/5.0 (X11; Linux x86_64) AppleWebKit/537.36 (KHTML, like Gecko) Chrome/146.0.7680.177 Safari/537.36"
108.177.2.32 - - [29/Apr/2026:06:22:44 +0200] "GET /wp-content/plugins/dt-the7-core/assets/css/post-type.min.css?ver=2.7.9 HTTP/1.1" 200 43933 "https://www.liftsecurity.net/items/A093987085/" "Mozilla/5.0 (X11; Linux x86_64) AppleWebKit/537.36 (KHTML, like Gecko) Chrome/146.0.7680.177 Safari/537.36"
108.177.2.41 - - [29/Apr/2026:06:22:47 +0200] "GET /wp-content/uploads/the7-css/media.css?ver=a1ab083d3585 HTTP/1.1" 200 73539 "https://www.liftsecurity.net/items/A093987085/" "Mozilla/5.0 (X11; Linux x86_64) AppleWebKit/537.36 (KHTML, like Gecko) Chrome/146.0.7680.177 Safari/537.36"
108.177.2.41 - - [29/Apr/2026:06:22:48 +0200] "GET /wp-content/uploads/the7-css/the7-elements-albums-portfolio.css?ver=a1ab083d3585 HTTP/1.1" 200 23284 "https://www.liftsecurity.net/items/A093987085/" "Mozilla/5.0 (X11; Linux x86_64) AppleWebKit/537.36 (KHTML, like Gecko) Chrome/146.0.7680.177 Safari/537.36"
108.177.2.41 - - [29/Apr/2026:06:22:51 +0200] "GET /wp-content/plugins/Ultimate_VC_Addons/assets/min-css/ultimate.min.css?ver=3.19.19 HTTP/1.1" 200 459949 "https://www.liftsecurity.net/items/A093987085/" "Mozilla/5.0 (X11; Linux x86_64) AppleWebKit/537.36 (KHTML, like Gecko) Chrome/146.0.7680.177 Safari/537.36"
108.177.2.41 - - [29/Apr/2026:06:22:52 +0200] "GET /wp-content/plugins/cookie-law-info/legacy/public/js/cookie-law-info-public.js?ver=3.4.2 HTTP/1.1" 200 34149 "https://www.liftsecurity.net/items/A093987085/" "Mozilla/5.0 (X11; Linux x86_64) AppleWebKit/537.36 (KHTML, like Gecko) Chrome/146.0.7680.177 Safari/537.36"
78.125.61.82 - - [29/Apr/2026:06:19:46 +0200] "GET /wp-content/themes/dt-the7/images/fullscreen.svg HTTP/1.1" 200 542 "https://www.liftsecurity.net/wp-content/themes/dt-the7/css/main.min.css?ver=12.1.1" "Mozilla/5.0 (Linux; Android 10; K) AppleWebKit/537.36 (KHTML, like Gecko) Chrome/147.0.0.0 Mobile Safari/537.36"
78.125.61.82 - - [29/Apr/2026:06:19:46 +0200] "GET /wp-content/uploads/2020/04/20200305-LIT-EASY-002-nelles-dimensions.jpeg HTTP/1.1" 200 39250 "https://www.liftsecurity.net/easy-meca/?utm_source=Pinterest&utm_medium=organic" "Mozilla/5.0 (Linux; Android 10; K) AppleWebKit/537.36 (KHTML, like Gecko) Chrome/147.0.0.0 Mobile Safari/537.36"
78.125.61.82 - - [29/Apr/2026:06:19:46 +0200] "GET /wp-content/uploads/2020/04/lit-ferme%CC%81-avec-meuble.png HTTP/1.1" 200 37029 "https://www.liftsecurity.net/easy-meca/?utm_source=Pinterest&utm_medium=organic" "Mozilla/5.0 (Linux; Android 10; K) AppleWebKit/537.36 (KHTML, like Gecko) Chrome/147.0.0.0 Mobile Safari/537.36"
109.234.166.131 - - [29/Apr/2026:06:22:23 +0200] "POST /wp-cron.php?doing_wp_cron=1777436543.6004669666290283203125 HTTP/1.1" 200 0 "-" "WordPress/6.9.4; https://www.liftsecurity.net"
57.141.18.122 - - [29/Apr/2026:06:22:23 +0200] "GET /items/P064768696/ HTTP/1.1" 404 96843 "-" "meta-externalagent/1.1 (+https://developers.facebook.com/docs/sharing/webmasters/crawler)"
108.177.2.41 - - [29/Apr/2026:06:22:41 +0200] "GET /wp-includes/css/dist/block-library/style.min.css?ver=6.9.4 HTTP/1.1" 200 119358 "https://www.liftsecurity.net/items/A093987085/" "Mozilla/5.0 (X11; Linux x86_64) AppleWebKit/537.36 (KHTML, like Gecko) Chrome/146.0.7680.177 Safari/537.36"
108.177.2.41 - - [29/Apr/2026:06:22:41 +0200] "GET /wp-content/themes/dt-the7/fonts/icomoon-the7-font/icomoon-the7-font.min.css?ver=12.1.1 HTTP/1.1" 200 20019 "https://www.liftsecurity.net/items/A093987085/" "Mozilla/5.0 (X11; Linux x86_64) AppleWebKit/537.36 (KHTML, like Gecko) Chrome/146.0.7680.177 Safari/537.36"
108.177.2.41 - - [29/Apr/2026:06:22:42 +0200] "GET /wp-content/plugins/recent-tweets-widget/tp_twitter_plugin.css?ver=1.0 HTTP/1.1" 200 529 "https://www.liftsecurity.net/items/A093987085/" "Mozilla/5.0 (X11; Linux x86_64) AppleWebKit/537.36 (KHTML, like Gecko) Chrome/146.0.7680.177 Safari/537.36"
108.177.2.41 - - [29/Apr/2026:06:22:44 +0200] "GET /wp-content/themes/dt-the7/css/main.min.css?ver=12.1.1 HTTP/1.1" 200 247661 "https://www.liftsecurity.net/items/A093987085/" "Mozilla/5.0 (X11; Linux x86_64) AppleWebKit/537.36 (KHTML, like Gecko) Chrome/146.0.7680.177 Safari/537.36"
108.177.2.32 - - [29/Apr/2026:06:22:45 +0200] "GET /wp-content/themes/dt-the7/lib/custom-scrollbar/custom-scrollbar.min.css?ver=12.1.1 HTTP/1.1" 200 10755 "https://www.liftsecurity.net/items/A093987085/" "Mozilla/5.0 (X11; Linux x86_64) AppleWebKit/537.36 (KHTML, like Gecko) Chrome/146.0.7680.177 Safari/537.36"
108.177.2.41 - - [29/Apr/2026:06:22:46 +0200] "GET /wp-content/uploads/the7-css/mega-menu.css?ver=a1ab083d3585 HTTP/1.1" 200 18658 "https://www.liftsecurity.net/items/A093987085/" "Mozilla/5.0 (X11; Linux x86_64) AppleWebKit/537.36 (KHTML, like Gecko) Chrome/146.0.7680.177 Safari/537.36"
108.177.2.41 - - [29/Apr/2026:06:22:46 +0200] "GET /wp-includes/js/jquery/jquery.min.js?ver=3.7.1 HTTP/1.1" 200 87553 "https://www.liftsecurity.net/items/A093987085/" "Mozilla/5.0 (X11; Linux x86_64) AppleWebKit/537.36 (KHTML, like Gecko) Chrome/146.0.7680.177 Safari/537.36"
108.177.2.41 - - [29/Apr/2026:06:22:49 +0200] "GET /wp-content/uploads/smile_fonts/icomoon-free-social-contact-16x16/icomoon-free-social-contact-16x16.css?ver=6.9.4 HTTP/1.1" 200 8523 "https://www.liftsecurity.net/items/A093987085/" "Mozilla/5.0 (X11; Linux x86_64) AppleWebKit/537.36 (KHTML, like Gecko) Chrome/146.0.7680.177 Safari/537.36"
108.177.2.41 - - [29/Apr/2026:06:22:50 +0200] "GET /wp-content/uploads/the7-css/post-type-dynamic.css?ver=a1ab083d3585 HTTP/1.1" 200 10172 "https://www.liftsecurity.net/items/A093987085/" "Mozilla/5.0 (X11; Linux x86_64) AppleWebKit/537.36 (KHTML, like Gecko) Chrome/146.0.7680.177 Safari/537.36"
108.177.2.41 - - [29/Apr/2026:06:22:48 +0200] "GET /wp-content/plugins/cookie-law-info/legacy/public/css/cookie-law-info-public.css?ver=3.4.2 HTTP/1.1" 200 3106 "https://www.liftsecurity.net/items/A093987085/" "Mozilla/5.0 (X11; Linux x86_64) AppleWebKit/537.36 (KHTML, like Gecko) Chrome/146.0.7680.177 Safari/537.36"
108.177.2.41 - - [29/Apr/2026:06:22:49 +0200] "GET /wp-includes/js/jquery/jquery-migrate.min.js?ver=3.4.1 HTTP/1.1" 200 13577 "https://www.liftsecurity.net/items/A093987085/" "Mozilla/5.0 (X11; Linux x86_64) AppleWebKit/537.36 (KHTML, like Gecko) Chrome/146.0.7680.177 Safari/537.36"
108.177.2.41 - - [29/Apr/2026:06:22:50 +0200] "GET /wp-content/plugins/Ultimate_VC_Addons/assets/css/icons.css?ver=3.19.19 HTTP/1.1" 200 1523 "https://www.liftsecurity.net/items/A093987085/" "Mozilla/5.0 (X11; Linux x86_64) AppleWebKit/537.36 (KHTML, like Gecko) Chrome/146.0.7680.177 Safari/537.36"
108.177.2.41 - - [29/Apr/2026:06:22:52 +0200] "GET /wp-content/plugins/wonderplugin-video-embed/engine/wonderpluginvideoembed.js?ver=2.4 HTTP/1.1" 200 19463 "https://www.liftsecurity.net/items/A093987085/" "Mozilla/5.0 (X11; Linux x86_64) AppleWebKit/537.36 (KHTML, like Gecko) Chrome/146.0.7680.177 Safari/537.36"
108.177.2.41 - - [29/Apr/2026:06:22:53 +0200] "GET /wp-content/plugins/Ultimate_VC_Addons/assets/min-js/vhparallax.min.js?ver=3.19.19 HTTP/1.1" 200 3293 "https://www.liftsecurity.net/items/A093987085/" "Mozilla/5.0 (X11; Linux x86_64) AppleWebKit/537.36 (KHTML, like Gecko) Chrome/146.0.7680.177 Safari/537.36"
108.177.2.41 - - [29/Apr/2026:06:22:54 +0200] "GET /wp-content/uploads/the7-css/css-vars.css?ver=a1ab083d3585 HTTP/1.1" 200 32350 "https://www.liftsecurity.net/items/A093987085/" "Mozilla/5.0 (X11; Linux x86_64) AppleWebKit/537.36 (KHTML, like Gecko) Chrome/146.0.7680.177 Safari/537.36"
93.181.213.25 - - [29/Apr/2026:06:22:53 +0200] "GET /en/flex-sofa/ HTTP/1.1" 301 0 "https://pinterest.com/" "Mozilla/5.0 (Linux; Android 12; ABR-LX9 Build/HUAWEIABR-L29; wv) AppleWebKit/537.36 (KHTML, like Gecko) Version/4.0 Chrome/114.0.5735.196 Mobile Safari/537.36 [Pinterest/Android]"
93.181.213.25 - - [29/Apr/2026:06:22:54 +0200] "GET /wp-includes/css/dist/block-library/style.min.css?ver=6.9.4 HTTP/1.1" 200 119358 "https://www.liftsecurity.net/flex-sofa/" "Mozilla/5.0 (Linux; Android 12; ABR-LX9 Build/HUAWEIABR-L29; wv) AppleWebKit/537.36 (KHTML, like Gecko) Version/4.0 Chrome/114.0.5735.196 Mobile Safari/537.36 [Pinterest/Android]"
93.181.213.25 - - [29/Apr/2026:06:22:54 +0200] "GET /wp-content/uploads/2020/03/102010_000_MECA_FLEX_CANAPE_1400_MECANIQUE-SEULE-OUVERT-RENDU-3D.466-1064x700.jpg HTTP/1.1" 200 67728 "https://www.liftsecurity.net/flex-sofa/" "Mozilla/5.0 (Linux; Android 12; ABR-LX9 Build/HUAWEIABR-L29; wv) AppleWebKit/537.36 (KHTML, like Gecko) Version/4.0 Chrome/114.0.5735.196 Mobile Safari/537.36 [Pinterest/Android]"
93.181.213.25 - - [29/Apr/2026:06:22:54 +0200] "GET /wp-content/cache/min/1/wp-content/plugins/cookie-law-info/legacy/public/css/cookie-law-info-public.css?ver=1777417204 HTTP/1.1" 200 2593 "https://www.liftsecurity.net/flex-sofa/" "Mozilla/5.0 (Linux; Android 12; ABR-LX9 Build/HUAWEIABR-L29; wv) AppleWebKit/537.36 (KHTML, like Gecko) Version/4.0 Chrome/114.0.5735.196 Mobile Safari/537.36 [Pinterest/Android]"
93.181.213.25 - - [29/Apr/2026:06:22:54 +0200] "GET /wp-content/themes/dt-the7/fonts/FontAwesome/back-compat.min.css?ver=12.1.1 HTTP/1.1" 200 19124 "https://www.liftsecurity.net/flex-sofa/" "Mozilla/5.0 (Linux; Android 12; ABR-LX9 Build/HUAWEIABR-L29; wv) AppleWebKit/537.36 (KHTML, like Gecko) Version/4.0 Chrome/114.0.5735.196 Mobile Safari/537.36 [Pinterest/Android]"
93.181.213.25 - - [29/Apr/2026:06:22:54 +0200] "GET /wp-content/cache/min/1/wp-content/uploads/smile_fonts/icomoon-elegent-line-icons-32x32/icomoon-elegent-line-icons-32x32.css?ver=1777417205 HTTP/1.1" 200 7681 "https://www.liftsecurity.net/flex-sofa/" "Mozilla/5.0 (Linux; Android 12; ABR-LX9 Build/HUAWEIABR-L29; wv) AppleWebKit/537.36 (KHTML, like Gecko) Version/4.0 Chrome/114.0.5735.196 Mobile Safari/537.36 [Pinterest/Android]"
108.177.2.41 - - [29/Apr/2026:06:22:52 +0200] "GET /wp-content/uploads/smile_fonts/icomoon-elegent-line-icons-32x32/icomoon-elegent-line-icons-32x32.css?ver=6.9.4 HTTP/1.1" 200 7623 "https://www.liftsecurity.net/items/A093987085/" "Mozilla/5.0 (X11; Linux x86_64) AppleWebKit/537.36 (KHTML, like Gecko) Chrome/146.0.7680.177 Safari/537.36"
108.177.2.41 - - [29/Apr/2026:06:22:53 +0200] "GET /wp-content/plugins/Ultimate_VC_Addons/assets/min-js/jquery-ui.min.js?ver=3.19.19 HTTP/1.1" 200 90266 "https://www.liftsecurity.net/items/A093987085/" "Mozilla/5.0 (X11; Linux x86_64) AppleWebKit/537.36 (KHTML, like Gecko) Chrome/146.0.7680.177 Safari/537.36"
109.234.166.131 - - [29/Apr/2026:06:22:54 +0200] "POST /wp-cron.php?doing_wp_cron=1777436574.2264399528503417968750 HTTP/1.1" 200 0 "-" "WordPress/6.9.4; https://www.liftsecurity.net"
93.181.213.25 - - [29/Apr/2026:06:22:54 +0200] "GET /wp-content/cache/fonts/1/google-fonts/fonts/s/robotocondensed/v31/ieVl2ZhZI2eCN5jzbjEETS9weq8-19K7DQ.woff2 HTTP/1.1" 200 51412 "https://www.liftsecurity.net/flex-sofa/" "Mozilla/5.0 (Linux; Android 12; ABR-LX9 Build/HUAWEIABR-L29; wv) AppleWebKit/537.36 (KHTML, like Gecko) Version/4.0 Chrome/114.0.5735.196 Mobile Safari/537.36 [Pinterest/Android]"
93.181.213.25 - - [29/Apr/2026:06:22:54 +0200] "GET /wp-content/cache/min/1/wp-content/plugins/cookie-law-info/legacy/public/css/cookie-law-info-gdpr.css?ver=1777417204 HTTP/1.1" 200 22966 "https://www.liftsecurity.net/flex-sofa/" "Mozilla/5.0 (Linux; Android 12; ABR-LX9 Build/HUAWEIABR-L29; wv) AppleWebKit/537.36 (KHTML, like Gecko) Version/4.0 Chrome/114.0.5735.196 Mobile Safari/537.36 [Pinterest/Android]"
93.181.213.25 - - [29/Apr/2026:06:22:54 +0200] "GET /wp-content/cache/min/1/wp-content/themes/dt-the7/fonts/icomoon-the7-font/icomoon-the7-font.min.css?ver=1777417205 HTTP/1.1" 200 20163 "https://www.liftsecurity.net/flex-sofa/" "Mozilla/5.0 (Linux; Android 12; ABR-LX9 Build/HUAWEIABR-L29; wv) AppleWebKit/537.36 (KHTML, like Gecko) Version/4.0 Chrome/114.0.5735.196 Mobile Safari/537.36 [Pinterest/Android]"
93.181.213.25 - - [29/Apr/2026:06:22:54 +0200] "GET /wp-content/cache/min/1/wp-content/themes/dt-the7/fonts/FontAwesome/css/all.min.css?ver=1777417205 HTTP/1.1" 200 60013 "https://www.liftsecurity.net/flex-sofa/" "Mozilla/5.0 (Linux; Android 12; ABR-LX9 Build/HUAWEIABR-L29; wv) AppleWebKit/537.36 (KHTML, like Gecko) Version/4.0 Chrome/114.0.5735.196 Mobile Safari/537.36 [Pinterest/Android]"
93.181.213.25 - - [29/Apr/2026:06:22:54 +0200] "GET /wp-content/cache/background-css/1/www.liftsecurity.net/wp-content/cache/min/1/wp-content/uploads/js_composer/js_composer_front_custom.css?ver=1777417205&wpr_t=1777424614 HTTP/1.1" 200 492899 "https://www.liftsecurity.net/flex-sofa/" "Mozilla/5.0 (Linux; Android 12; ABR-LX9 Build/HUAWEIABR-L29; wv) AppleWebKit/537.36 (KHTML, like Gecko) Version/4.0 Chrome/114.0.5735.196 Mobile Safari/537.36 [Pinterest/Android]"
93.181.213.25 - - [29/Apr/2026:06:22:54 +0200] "GET /wp-content/themes/dt-the7/lib/custom-scrollbar/custom-scrollbar.min.css?ver=12.1.1 HTTP/1.1" 200 10755 "https://www.liftsecurity.net/flex-sofa/" "Mozilla/5.0 (Linux; Android 12; ABR-LX9 Build/HUAWEIABR-L29; wv) AppleWebKit/537.36 (KHTML, like Gecko) Version/4.0 Chrome/114.0.5735.196 Mobile Safari/537.36 [Pinterest/Android]"
93.181.213.25 - - [29/Apr/2026:06:22:54 +0200] "GET /wp-content/plugins/dt-the7-core/assets/css/post-type.min.css?ver=2.7.9 HTTP/1.1" 200 43933 "https://www.liftsecurity.net/flex-sofa/" "Mozilla/5.0 (Linux; Android 12; ABR-LX9 Build/HUAWEIABR-L29; wv) AppleWebKit/537.36 (KHTML, like Gecko) Version/4.0 Chrome/114.0.5735.196 Mobile Safari/537.36 [Pinterest/Android]"
93.181.213.25 - - [29/Apr/2026:06:22:54 +0200] "GET /wp-content/cache/min/1/wp-content/uploads/the7-css/css-vars.css?ver=1777417205 HTTP/1.1" 200 29390 "https://www.liftsecurity.net/flex-sofa/" "Mozilla/5.0 (Linux; Android 12; ABR-LX9 Build/HUAWEIABR-L29; wv) AppleWebKit/537.36 (KHTML, like Gecko) Version/4.0 Chrome/114.0.5735.196 Mobile Safari/537.36 [Pinterest/Android]"
93.181.213.25 - - [29/Apr/2026:06:22:54 +0200] "GET /flex-sofa/ HTTP/1.1" 200 305407 "https://pinterest.com/" "Mozilla/5.0 (Linux; Android 12; ABR-LX9 Build/HUAWEIABR-L29; wv) AppleWebKit/537.36 (KHTML, like Gecko) Version/4.0 Chrome/114.0.5735.196 Mobile Safari/537.36 [Pinterest/Android]"
93.181.213.25 - - [29/Apr/2026:06:22:54 +0200] "GET /wp-content/cache/fonts/1/google-fonts/css/8/6/7/bc9280b72a6459f5026e784588956.css HTTP/1.1" 200 30077 "https://www.liftsecurity.net/flex-sofa/" "Mozilla/5.0 (Linux; Android 12; ABR-LX9 Build/HUAWEIABR-L29; wv) AppleWebKit/537.36 (KHTML, like Gecko) Version/4.0 Chrome/114.0.5735.196 Mobile Safari/537.36 [Pinterest/Android]"
108.177.2.41 - - [29/Apr/2026:06:22:54 +0200] "GET /wp-content/plugins/Ultimate_VC_Addons/assets/min-js/ultimate_bg.min.js?ver=3.19.19 HTTP/1.1" 200 45147 "https://www.liftsecurity.net/items/A093987085/" "Mozilla/5.0 (X11; Linux x86_64) AppleWebKit/537.36 (KHTML, like Gecko) Chrome/146.0.7680.177 Safari/537.36"
93.181.213.25 - - [29/Apr/2026:06:22:54 +0200] "GET /wp-content/cache/background-css/1/www.liftsecurity.net/wp-content/cache/min/1/wp-content/plugins/go_pricing/assets/css/go_pricing_styles.css?ver=1777417205&wpr_t=1777424614 HTTP/1.1" 200 53846 "https://www.liftsecurity.net/flex-sofa/" "Mozilla/5.0 (Linux; Android 12; ABR-LX9 Build/HUAWEIABR-L29; wv) AppleWebKit/537.36 (KHTML, like Gecko) Version/4.0 Chrome/114.0.5735.196 Mobile Safari/537.36 [Pinterest/Android]"
93.181.213.25 - - [29/Apr/2026:06:22:54 +0200] "GET /wp-content/cache/background-css/1/www.liftsecurity.net/wp-content/cache/min/1/wp-content/plugins/recent-tweets-widget/tp_twitter_plugin.css?ver=1777417205&wpr_t=1777424614 HTTP/1.1" 200 364 "https://www.liftsecurity.net/flex-sofa/" "Mozilla/5.0 (Linux; Android 12; ABR-LX9 Build/HUAWEIABR-L29; wv) AppleWebKit/537.36 (KHTML, like Gecko) Version/4.0 Chrome/114.0.5735.196 Mobile Safari/537.36 [Pinterest/Android]"
93.181.213.25 - - [29/Apr/2026:06:22:55 +0200] "GET /wp-content/plugins/Ultimate_VC_Addons/assets/min-css/animate.min.css?ver=3.19.19 HTTP/1.1" 200 70192 "https://www.liftsecurity.net/flex-sofa/" "Mozilla/5.0 (Linux; Android 12; ABR-LX9 Build/HUAWEIABR-L29; wv) AppleWebKit/537.36 (KHTML, like Gecko) Version/4.0 Chrome/114.0.5735.196 Mobile Safari/537.36 [Pinterest/Android]"
93.181.213.25 - - [29/Apr/2026:06:22:55 +0200] "GET /wp-content/plugins/Ultimate_VC_Addons/assets/min-css/info-box.min.css?ver=3.19.19 HTTP/1.1" 200 4226 "https://www.liftsecurity.net/flex-sofa/" "Mozilla/5.0 (Linux; Android 12; ABR-LX9 Build/HUAWEIABR-L29; wv) AppleWebKit/537.36 (KHTML, like Gecko) Version/4.0 Chrome/114.0.5735.196 Mobile Safari/537.36 [Pinterest/Android]"
93.181.213.25 - - [29/Apr/2026:06:22:55 +0200] "GET /wp-content/plugins/wp-rocket/assets/js/lazyload/17.8.3/lazyload.min.js HTTP/1.1" 200 8892 "https://www.liftsecurity.net/flex-sofa/" "Mozilla/5.0 (Linux; Android 12; ABR-LX9 Build/HUAWEIABR-L29; wv) AppleWebKit/537.36 (KHTML, like Gecko) Version/4.0 Chrome/114.0.5735.196 Mobile Safari/537.36 [Pinterest/Android]"
108.177.2.41 - - [29/Apr/2026:06:22:55 +0200] "GET /wp-includes/js/jquery/ui/mouse.min.js?ver=1.13.3 HTTP/1.1" 200 3428 "https://www.liftsecurity.net/items/A093987085/" "Mozilla/5.0 (X11; Linux x86_64) AppleWebKit/537.36 (KHTML, like Gecko) Chrome/146.0.7680.177 Safari/537.36"
93.181.213.25 - - [29/Apr/2026:06:22:55 +0200] "GET /wp-content/cache/fonts/1/google-fonts/fonts/s/roboto/v51/KFO7CnqEu92Fr1ME7kSn66aGLdTylUAMa3yUBA.woff2 HTTP/1.1" 200 43136 "https://www.liftsecurity.net/wp-content/cache/fonts/1/google-fonts/css/8/6/7/bc9280b72a6459f5026e784588956.css" "Mozilla/5.0 (Linux; Android 12; ABR-LX9 Build/HUAWEIABR-L29; wv) AppleWebKit/537.36 (KHTML, like Gecko) Version/4.0 Chrome/114.0.5735.196 Mobile Safari/537.36 [Pinterest/Android]"
93.181.213.25 - - [29/Apr/2026:06:22:54 +0200] "GET /wp-content/cache/min/1/wp-content/uploads/smile_fonts/icomoon-free-social-contact-16x16/icomoon-free-social-contact-16x16.css?ver=1777417205 HTTP/1.1" 200 8550 "https://www.liftsecurity.net/flex-sofa/" "Mozilla/5.0 (Linux; Android 12; ABR-LX9 Build/HUAWEIABR-L29; wv) AppleWebKit/537.36 (KHTML, like Gecko) Version/4.0 Chrome/114.0.5735.196 Mobile Safari/537.36 [Pinterest/Android]"
93.181.213.25 - - [29/Apr/2026:06:22:54 +0200] "GET /wp-content/themes/dt-the7/css/main.min.css?ver=12.1.1 HTTP/1.1" 200 247661 "https://www.liftsecurity.net/flex-sofa/" "Mozilla/5.0 (Linux; Android 12; ABR-LX9 Build/HUAWEIABR-L29; wv) AppleWebKit/537.36 (KHTML, like Gecko) Version/4.0 Chrome/114.0.5735.196 Mobile Safari/537.36 [Pinterest/Android]"
93.181.213.25 - - [29/Apr/2026:06:22:54 +0200] "GET /wp-content/themes/dt-the7/css/wpbakery.min.css?ver=12.1.1 HTTP/1.1" 200 25752 "https://www.liftsecurity.net/flex-sofa/" "Mozilla/5.0 (Linux; Android 12; ABR-LX9 Build/HUAWEIABR-L29; wv) AppleWebKit/537.36 (KHTML, like Gecko) Version/4.0 Chrome/114.0.5735.196 Mobile Safari/537.36 [Pinterest/Android]"
93.181.213.25 - - [29/Apr/2026:06:22:54 +0200] "GET /wp-content/cache/min/1/wp-content/uploads/the7-css/custom.css?ver=1777417205 HTTP/1.1" 200 254322 "https://www.liftsecurity.net/flex-sofa/" "Mozilla/5.0 (Linux; Android 12; ABR-LX9 Build/HUAWEIABR-L29; wv) AppleWebKit/537.36 (KHTML, like Gecko) Version/4.0 Chrome/114.0.5735.196 Mobile Safari/537.36 [Pinterest/Android]"
