109.234.166.131 - - [29/Apr/2026:08:24:46 +0200] "POST /wp-cron.php?doing_wp_cron=1777443886.3803689479827880859375 HTTP/1.1" 200 0 "-" "WordPress/6.9.4; https://www.liftsecurity.net"
207.46.13.141 - - [29/Apr/2026:08:24:53 +0200] "GET /items/P065894305/ HTTP/1.1" 301 0 "-" "Mozilla/5.0 AppleWebKit/537.36 (KHTML, like Gecko; compatible; bingbot/2.0; +http://www.bing.com/bingbot.htm) Chrome/116.0.1938.76 Safari/537.36"
41.41.137.143 - - [29/Apr/2026:08:18:27 +0200] "GET /wp-content/uploads/elementor/google-fonts/fonts/roboto-kfo5cnqeu92fr1mu53zec9_vu3r1gihoszmkbnka.woff2 HTTP/1.1" 200 44192 "https://www.liftsecurity.net/wp-content/cache/min/1/wp-content/uploads/elementor/google-fonts/css/roboto.css?ver=1777417523" "Mozilla/5.0 (Windows NT 10.0; Win64; x64) AppleWebKit/537.36 (KHTML, like Gecko) Chrome/109.0.0.0 Safari/537.36"
41.41.137.143 - - [29/Apr/2026:08:18:28 +0200] "GET /wp-content/plugins/elementor-pro/assets/js/webpack-pro.runtime.min.js?ver=3.26.0 HTTP/1.1" 200 6263 "https://www.liftsecurity.net/contact/" "Mozilla/5.0 (Windows NT 10.0; Win64; x64) AppleWebKit/537.36 (KHTML, like Gecko) Chrome/109.0.0.0 Safari/537.36"
41.41.137.143 - - [29/Apr/2026:08:18:28 +0200] "GET /wp-content/plugins/elementor-pro/assets/js/frontend.min.js?ver=3.26.0 HTTP/1.1" 200 24210 "https://www.liftsecurity.net/contact/" "Mozilla/5.0 (Windows NT 10.0; Win64; x64) AppleWebKit/537.36 (KHTML, like Gecko) Chrome/109.0.0.0 Safari/537.36"
109.234.166.131 - - [29/Apr/2026:08:18:32 +0200] "POST /wp-cron.php?doing_wp_cron=1777443512.8350870609283447265625 HTTP/1.1" 200 0 "-" "WordPress/6.9.4; https://www.liftsecurity.net"
57.141.20.59 - - [29/Apr/2026:08:18:32 +0200] "GET /items/P064603707/ HTTP/1.1" 404 96843 "-" "meta-externalagent/1.1 (+https://developers.facebook.com/docs/sharing/webmasters/crawler)"
172.252.31.126 - - [29/Apr/2026:08:20:41 +0200] "GET / HTTP/1.1" 301 0 "https://www.liftsecurity.net/" "Mozilla/5.0 (Macintosh; Intel Mac OS X 10_12_5; rv:132.280.822) Gecko/20100101 Firefox/132.280.822"
109.234.166.131 - - [29/Apr/2026:08:21:39 +0200] "POST /wp-cron.php?doing_wp_cron=1777443699.3713099956512451171875 HTTP/1.1" 200 0 "-" "WordPress/6.9.4; https://www.liftsecurity.net"
109.234.166.131 - - [29/Apr/2026:08:21:53 +0200] "POST /wp-cron.php?doing_wp_cron=1777443713.2114078998565673828125 HTTP/1.1" 200 0 "-" "WordPress/6.9.4; https://www.liftsecurity.net"
57.141.20.47 - - [29/Apr/2026:08:22:42 +0200] "GET /items/P063573830/ HTTP/1.1" 404 96843 "-" "meta-externalagent/1.1 (+https://developers.facebook.com/docs/sharing/webmasters/crawler)"
41.41.137.143 - - [29/Apr/2026:08:22:52 +0200] "GET /project/etudiant/ HTTP/1.1" 301 0 "https://www.liftsecurity.net/contact/" "Mozilla/5.0 (Windows NT 10.0; Win64; x64) AppleWebKit/537.36 (KHTML, like Gecko) Chrome/109.0.0.0 Safari/537.36"
41.41.137.143 - - [29/Apr/2026:08:23:15 +0200] "GET /linnovation-liftsecurity/ HTTP/1.1" 200 252600 "https://www.liftsecurity.net/contact/" "Mozilla/5.0 (Windows NT 10.0; Win64; x64) AppleWebKit/537.36 (KHTML, like Gecko) Chrome/109.0.0.0 Safari/537.36"
41.41.137.143 - - [29/Apr/2026:08:23:16 +0200] "GET /linnovation-liftsecurity HTTP/1.1" 301 0 "https://www.liftsecurity.net/contact/" "Mozilla/5.0 (Windows NT 10.0; Win64; x64) AppleWebKit/537.36 (KHTML, like Gecko) Chrome/109.0.0.0 Safari/537.36"
52.167.144.204 - - [29/Apr/2026:08:23:46 +0200] "GET /items/J467796199/ HTTP/1.1" 404 96843 "-" "Mozilla/5.0 AppleWebKit/537.36 (KHTML, like Gecko; compatible; bingbot/2.0; +http://www.bing.com/bingbot.htm) Chrome/116.0.1938.76 Safari/537.36"
109.234.166.131 - - [29/Apr/2026:08:24:08 +0200] "POST /wp-cron.php?doing_wp_cron=1777443848.3163781166076660156250 HTTP/1.1" 200 0 "-" "WordPress/6.9.4; https://www.liftsecurity.net"
52.167.144.187 - - [29/Apr/2026:08:24:46 +0200] "GET /items/P063077797/ HTTP/1.1" 301 0 "-" "Mozilla/5.0 AppleWebKit/537.36 (KHTML, like Gecko; compatible; bingbot/2.0; +http://www.bing.com/bingbot.htm) Chrome/116.0.1938.76 Safari/537.36"
52.167.144.187 - - [29/Apr/2026:08:24:46 +0200] "GET /items/P065336138/ HTTP/1.1" 301 0 "-" "Mozilla/5.0 AppleWebKit/537.36 (KHTML, like Gecko; compatible; bingbot/2.0; +http://www.bing.com/bingbot.htm) Chrome/116.0.1938.76 Safari/537.36"
109.234.166.131 - - [29/Apr/2026:08:25:03 +0200] "POST /wp-cron.php?doing_wp_cron=1777443903.1002690792083740234375 HTTP/1.1" 200 0 "-" "WordPress/6.9.4; https://www.liftsecurity.net"
109.234.166.131 - - [29/Apr/2026:08:20:42 +0200] "POST /wp-cron.php?doing_wp_cron=1777443642.2511279582977294921875 HTTP/1.1" 200 0 "-" "WordPress/6.9.4; https://www.liftsecurity.net"
57.141.20.62 - - [29/Apr/2026:08:21:52 +0200] "GET /items/P064625443/ HTTP/1.1" 404 96843 "-" "meta-externalagent/1.1 (+https://developers.facebook.com/docs/sharing/webmasters/crawler)"
109.234.166.131 - - [29/Apr/2026:08:21:59 +0200] "POST /wp-cron.php?doing_wp_cron=1777443719.0169930458068847656250 HTTP/1.1" 200 0 "-" "WordPress/6.9.4; https://www.liftsecurity.net"
192.178.6.41 - - [29/Apr/2026:08:21:58 +0200] "GET /detail/51628902011018 HTTP/1.1" 404 96843 "-" "Mozilla/5.0 (Linux; Android 6.0.1; Nexus 5X Build/MMB29P) AppleWebKit/537.36 (KHTML, like Gecko) Chrome/147.0.7727.116 Mobile Safari/537.36 (compatible; Googlebot/2.1; +http://www.google.com/bot.html)"
109.234.166.131 - - [29/Apr/2026:08:22:23 +0200] "POST /wp-cron.php?doing_wp_cron=1777443743.1400818824768066406250 HTTP/1.1" 200 0 "-" "WordPress/6.9.4; https://www.liftsecurity.net"
41.41.137.143 - - [29/Apr/2026:08:22:52 +0200] "GET /lit/etudiant/ HTTP/1.1" 200 240859 "https://www.liftsecurity.net/contact/" "Mozilla/5.0 (Windows NT 10.0; Win64; x64) AppleWebKit/537.36 (KHTML, like Gecko) Chrome/109.0.0.0 Safari/537.36"
54.236.1.13 - - [29/Apr/2026:08:22:58 +0200] "GET /wp-content/uploads/2020/05/IMG_0096-e1529961829772-1.jpg HTTP/1.1" 200 103895 "-" "Mozilla/5.0 (compatible; Pinterestbot/1.0; +http://www.pinterest.com/bot.html)"
109.234.166.131 - - [29/Apr/2026:08:23:16 +0200] "POST /wp-cron.php?doing_wp_cron=1777443796.3693809509277343750000 HTTP/1.1" 200 0 "-" "WordPress/6.9.4; https://www.liftsecurity.net"
207.46.13.52 - - [29/Apr/2026:08:23:33 +0200] "GET /items/H032960760/ HTTP/1.1" 404 96843 "-" "Mozilla/5.0 AppleWebKit/537.36 (KHTML, like Gecko; compatible; bingbot/2.0; +http://www.bing.com/bingbot.htm) Chrome/116.0.1938.76 Safari/537.36"
109.234.166.131 - - [29/Apr/2026:08:24:24 +0200] "POST /wp-cron.php?doing_wp_cron=1777443864.5364379882812500000000 HTTP/1.1" 200 0 "-" "WordPress/6.9.4; https://www.liftsecurity.net"
57.141.20.67 - - [29/Apr/2026:08:24:23 +0200] "GET /items/P061949745/ HTTP/1.1" 404 96843 "-" "meta-externalagent/1.1 (+https://developers.facebook.com/docs/sharing/webmasters/crawler)"
109.234.166.131 - - [29/Apr/2026:08:24:38 +0200] "POST /wp-cron.php?doing_wp_cron=1777443878.0602190494537353515625 HTTP/1.1" 200 0 "-" "WordPress/6.9.4; https://www.liftsecurity.net"
77.75.78.165 - - [29/Apr/2026:08:25:02 +0200] "GET /items/P062609942/ HTTP/1.1" 404 96843 "-" "Mozilla/5.0 (compatible; SeznamBot/4.0; +https://o-seznam.cz/napoveda/vyhledavani/en/seznambot-crawler/)"
109.234.166.131 - - [29/Apr/2026:08:26:32 +0200] "POST /wp-cron.php?doing_wp_cron=1777443992.8566200733184814453125 HTTP/1.1" 200 0 "-" "WordPress/6.9.4; https://www.liftsecurity.net"
109.234.166.131 - - [29/Apr/2026:08:27:14 +0200] "POST /wp-cron.php?doing_wp_cron=1777444034.4458110332489013671875 HTTP/1.1" 200 0 "-" "WordPress/6.9.4; https://www.liftsecurity.net"
207.46.13.52 - - [29/Apr/2026:08:27:14 +0200] "GET /items/P064853911/ HTTP/1.1" 404 96843 "-" "Mozilla/5.0 AppleWebKit/537.36 (KHTML, like Gecko; compatible; bingbot/2.0; +http://www.bing.com/bingbot.htm) Chrome/116.0.1938.76 Safari/537.36"
207.46.13.52 - - [29/Apr/2026:08:27:15 +0200] "GET /items/M355147377/ HTTP/1.1" 404 96843 "-" "Mozilla/5.0 AppleWebKit/537.36 (KHTML, like Gecko; compatible; bingbot/2.0; +http://www.bing.com/bingbot.htm) Chrome/116.0.1938.76 Safari/537.36"
52.167.144.138 - - [29/Apr/2026:08:27:18 +0200] "GET /items/B984474205/ HTTP/1.1" 404 96843 "-" "Mozilla/5.0 AppleWebKit/537.36 (KHTML, like Gecko; compatible; bingbot/2.0; +http://www.bing.com/bingbot.htm) Chrome/116.0.1938.76 Safari/537.36"
52.167.144.138 - - [29/Apr/2026:08:27:19 +0200] "GET /items/P066688359/ HTTP/1.1" 404 96843 "-" "Mozilla/5.0 AppleWebKit/537.36 (KHTML, like Gecko; compatible; bingbot/2.0; +http://www.bing.com/bingbot.htm) Chrome/116.0.1938.76 Safari/537.36"
109.234.166.131 - - [29/Apr/2026:08:25:24 +0200] "POST /wp-cron.php?doing_wp_cron=1777443924.1613700389862060546875 HTTP/1.1" 200 0 "-" "WordPress/6.9.4; https://www.liftsecurity.net"
57.141.20.8 - - [29/Apr/2026:08:25:23 +0200] "GET /items/P066798277/ HTTP/1.1" 404 96843 "-" "meta-externalagent/1.1 (+https://developers.facebook.com/docs/sharing/webmasters/crawler)"
57.141.20.33 - - [29/Apr/2026:08:26:32 +0200] "GET /items/P066473020/ HTTP/1.1" 404 96843 "-" "meta-externalagent/1.1 (+https://developers.facebook.com/docs/sharing/webmasters/crawler)"
57.141.20.54 - - [29/Apr/2026:08:26:36 +0200] "GET /items/P067220876/ HTTP/1.1" 404 96843 "-" "meta-externalagent/1.1 (+https://developers.facebook.com/docs/sharing/webmasters/crawler)"
109.234.166.131 - - [29/Apr/2026:08:27:16 +0200] "POST /wp-cron.php?doing_wp_cron=1777444036.1821300983428955078125 HTTP/1.1" 200 0 "-" "WordPress/6.9.4; https://www.liftsecurity.net"
52.167.144.138 - - [29/Apr/2026:08:27:16 +0200] "GET /items/P064843688/ HTTP/1.1" 404 96787 "-" "Mozilla/5.0 AppleWebKit/537.36 (KHTML, like Gecko; compatible; bingbot/2.0; +http://www.bing.com/bingbot.htm) Chrome/116.0.1938.76 Safari/537.36"
52.167.144.138 - - [29/Apr/2026:08:27:18 +0200] "GET /detail/1294958914333 HTTP/1.1" 404 96843 "-" "Mozilla/5.0 AppleWebKit/537.36 (KHTML, like Gecko; compatible; bingbot/2.0; +http://www.bing.com/bingbot.htm) Chrome/116.0.1938.76 Safari/537.36"
52.167.144.138 - - [29/Apr/2026:08:27:43 +0200] "GET /lit-escamotable/?searchWordHeader= HTTP/1.1" 200 180564 "-" "Mozilla/5.0 AppleWebKit/537.36 (KHTML, like Gecko; compatible; bingbot/2.0; +http://www.bing.com/bingbot.htm) Chrome/116.0.1938.76 Safari/537.36"
41.41.137.143 - - [29/Apr/2026:08:27:48 +0200] "GET /wp-content/uploads/2020/04/vue-e%CC%81clate%CC%81e-berceau-379x379.png HTTP/1.1" 200 124505 "https://www.liftsecurity.net/easy-meca/?utm_source=Pinterest&utm_medium=organic" "Mozilla/5.0 (Windows NT 10.0; Win64; x64) AppleWebKit/537.36 (KHTML, like Gecko) Chrome/109.0.0.0 Safari/537.36"
41.41.137.143 - - [29/Apr/2026:08:27:48 +0200] "GET /wp-content/uploads/2020/04/lit-ouvert-avec-meuble-379x379.png HTTP/1.1" 200 78851 "https://www.liftsecurity.net/easy-meca/?utm_source=Pinterest&utm_medium=organic" "Mozilla/5.0 (Windows NT 10.0; Win64; x64) AppleWebKit/537.36 (KHTML, like Gecko) Chrome/109.0.0.0 Safari/537.36"
52.167.144.192 - - [29/Apr/2026:08:27:58 +0200] "GET /items/P063809016/ HTTP/1.1" 301 0 "-" "Mozilla/5.0 AppleWebKit/537.36 (KHTML, like Gecko; compatible; bingbot/2.0; +http://www.bing.com/bingbot.htm) Chrome/116.0.1938.76 Safari/537.36"
109.234.166.131 - - [29/Apr/2026:08:28:50 +0200] "POST /wp-cron.php?doing_wp_cron=1777444130.3801720142364501953125 HTTP/1.1" 200 0 "-" "WordPress/6.9.4; https://www.liftsecurity.net"
109.234.166.131 - - [29/Apr/2026:08:29:57 +0200] "POST /wp-cron.php?doing_wp_cron=1777444197.9579069614410400390625 HTTP/1.1" 200 0 "-" "WordPress/6.9.4; https://www.liftsecurity.net"
40.77.167.230 - - [29/Apr/2026:08:27:22 +0200] "GET /items/C882025349/ HTTP/1.1" 404 96843 "-" "Mozilla/5.0 AppleWebKit/537.36 (KHTML, like Gecko; compatible; bingbot/2.0; +http://www.bing.com/bingbot.htm) Chrome/116.0.1938.76 Safari/537.36"
41.41.137.143 - - [29/Apr/2026:08:27:23 +0200] "GET /project/etudiant/ HTTP/1.1" 301 0 "https://www.liftsecurity.net/easy-meca/?utm_source=Pinterest&utm_medium=organic" "Mozilla/5.0 (Windows NT 10.0; Win64; x64) AppleWebKit/537.36 (KHTML, like Gecko) Chrome/109.0.0.0 Safari/537.36"
109.234.166.131 - - [29/Apr/2026:08:27:33 +0200] "POST /wp-cron.php?doing_wp_cron=1777444053.9826118946075439453125 HTTP/1.1" 200 0 "-" "WordPress/6.9.4; https://www.liftsecurity.net"
57.141.20.54 - - [29/Apr/2026:08:27:43 +0200] "GET /items/P062744832/ HTTP/1.1" 404 96843 "-" "meta-externalagent/1.1 (+https://developers.facebook.com/docs/sharing/webmasters/crawler)"
41.41.137.143 - - [29/Apr/2026:08:27:48 +0200] "GET /wp-content/uploads/2020/04/easy-meca1024-1-379x379.png HTTP/1.1" 200 147281 "https://www.liftsecurity.net/easy-meca/?utm_source=Pinterest&utm_medium=organic" "Mozilla/5.0 (Windows NT 10.0; Win64; x64) AppleWebKit/537.36 (KHTML, like Gecko) Chrome/109.0.0.0 Safari/537.36"
41.41.137.143 - - [29/Apr/2026:08:27:48 +0200] "GET /wp-content/uploads/2020/04/lit-ferme%CC%81-avec-meuble-379x379.png HTTP/1.1" 200 94891 "https://www.liftsecurity.net/easy-meca/?utm_source=Pinterest&utm_medium=organic" "Mozilla/5.0 (Windows NT 10.0; Win64; x64) AppleWebKit/537.36 (KHTML, like Gecko) Chrome/109.0.0.0 Safari/537.36"
41.41.137.143 - - [29/Apr/2026:08:27:48 +0200] "GET /wp-content/uploads/2020/04/easy-379x379.png HTTP/1.1" 200 208272 "https://www.liftsecurity.net/easy-meca/?utm_source=Pinterest&utm_medium=organic" "Mozilla/5.0 (Windows NT 10.0; Win64; x64) AppleWebKit/537.36 (KHTML, like Gecko) Chrome/109.0.0.0 Safari/537.36"
52.167.144.192 - - [29/Apr/2026:08:27:57 +0200] "GET /items/P066712466/ HTTP/1.1" 301 0 "-" "Mozilla/5.0 AppleWebKit/537.36 (KHTML, like Gecko; compatible; bingbot/2.0; +http://www.bing.com/bingbot.htm) Chrome/116.0.1938.76 Safari/537.36"
57.141.20.61 - - [29/Apr/2026:08:28:49 +0200] "GET /items/P067552228/ HTTP/1.1" 404 96843 "-" "meta-externalagent/1.1 (+https://developers.facebook.com/docs/sharing/webmasters/crawler)"
109.234.166.131 - - [29/Apr/2026:08:32:10 +0200] "POST /wp-cron.php?doing_wp_cron=1777444330.5740940570831298828125 HTTP/1.1" 200 0 "-" "WordPress/6.9.4; https://www.liftsecurity.net"
57.141.20.62 - - [29/Apr/2026:08:32:10 +0200] "GET /items/P066648699/ HTTP/1.1" 404 96843 "-" "meta-externalagent/1.1 (+https://developers.facebook.com/docs/sharing/webmasters/crawler)"
207.46.13.52 - - [29/Apr/2026:08:27:17 +0200] "GET /items/P066570706/ HTTP/1.1" 404 96843 "-" "Mozilla/5.0 AppleWebKit/537.36 (KHTML, like Gecko; compatible; bingbot/2.0; +http://www.bing.com/bingbot.htm) Chrome/116.0.1938.76 Safari/537.36"
41.41.137.143 - - [29/Apr/2026:08:27:24 +0200] "GET /lit/etudiant/ HTTP/1.1" 200 240859 "https://www.liftsecurity.net/easy-meca/?utm_source=Pinterest&utm_medium=organic" "Mozilla/5.0 (Windows NT 10.0; Win64; x64) AppleWebKit/537.36 (KHTML, like Gecko) Chrome/109.0.0.0 Safari/537.36"
52.167.144.187 - - [29/Apr/2026:08:27:33 +0200] "GET /lit-escamotable?searchWordHeader= HTTP/1.1" 301 0 "-" "Mozilla/5.0 AppleWebKit/537.36 (KHTML, like Gecko; compatible; bingbot/2.0; +http://www.bing.com/bingbot.htm) Chrome/116.0.1938.76 Safari/537.36"
109.234.166.131 - - [29/Apr/2026:08:27:43 +0200] "POST /wp-cron.php?doing_wp_cron=1777444063.7621970176696777343750 HTTP/1.1" 200 0 "-" "WordPress/6.9.4; https://www.liftsecurity.net"
207.46.13.141 - - [29/Apr/2026:08:27:52 +0200] "GET /items/P063791430/ HTTP/1.1" 301 0 "-" "Mozilla/5.0 AppleWebKit/537.36 (KHTML, like Gecko; compatible; bingbot/2.0; +http://www.bing.com/bingbot.htm) Chrome/116.0.1938.76 Safari/537.36"
57.141.20.12 - - [29/Apr/2026:08:29:57 +0200] "GET /items/P061977030/ HTTP/1.1" 404 96843 "-" "meta-externalagent/1.1 (+https://developers.facebook.com/docs/sharing/webmasters/crawler)"
109.234.166.131 - - [29/Apr/2026:08:31:03 +0200] "POST /wp-cron.php?doing_wp_cron=1777444263.2135760784149169921875 HTTP/1.1" 200 0 "-" "WordPress/6.9.4; https://www.liftsecurity.net"
77.75.78.165 - - [29/Apr/2026:08:31:02 +0200] "GET /items/P061989137/ HTTP/1.1" 404 96843 "-" "Mozilla/5.0 (compatible; SeznamBot/4.0; +https://o-seznam.cz/napoveda/vyhledavani/en/seznambot-crawler/)"
109.234.166.131 - - [29/Apr/2026:08:33:16 +0200] "POST /wp-cron.php?doing_wp_cron=1777444396.4933450222015380859375 HTTP/1.1" 200 0 "-" "WordPress/6.9.4; https://www.liftsecurity.net"
109.234.166.131 - - [29/Apr/2026:08:33:40 +0200] "POST /wp-cron.php?doing_wp_cron=1777444420.6341118812561035156250 HTTP/1.1" 200 0 "-" "WordPress/6.9.4; https://www.liftsecurity.net"
14.191.7.217 - - [29/Apr/2026:08:33:40 +0200] "GET /sitemap-8.xml HTTP/1.1" 301 0 "-" "Mozilla/5.0 (Macintosh; Intel Mac OS X 12_7_2) AppleWebKit/537.36 (KHTML, like Gecko) Chrome/126.0.6478.182 Safari/537.36"
109.234.166.131 - - [29/Apr/2026:08:35:30 +0200] "POST /wp-cron.php?doing_wp_cron=1777444530.2967989444732666015625 HTTP/1.1" 200 0 "-" "WordPress/6.9.4; https://www.liftsecurity.net"
14.169.184.150 - - [29/Apr/2026:08:36:56 +0200] "GET /account.php?sitemap-14.xml HTTP/1.1" 301 0 "-" "Mozilla/5.0 (Windows NT 10.0; Win64; x64) AppleWebKit/537.36 (KHTML, like Gecko) Chrome/127.0.6533.120 Safari/537.36"
109.234.166.131 - - [29/Apr/2026:08:37:26 +0200] "POST /wp-cron.php?doing_wp_cron=1777444646.5239939689636230468750 HTTP/1.1" 200 0 "-" "WordPress/6.9.4; https://www.liftsecurity.net"
109.234.166.131 - - [29/Apr/2026:08:37:32 +0200] "POST /wp-cron.php?doing_wp_cron=1777444652.2795469760894775390625 HTTP/1.1" 200 0 "-" "WordPress/6.9.4; https://www.liftsecurity.net"
57.141.20.8 - - [29/Apr/2026:08:37:31 +0200] "GET /items/P066725212/ HTTP/1.1" 404 96843 "-" "meta-externalagent/1.1 (+https://developers.facebook.com/docs/sharing/webmasters/crawler)"
77.75.76.165 - - [29/Apr/2026:08:38:28 +0200] "GET /items/P061659739/ HTTP/1.1" 404 96843 "-" "Mozilla/5.0 (compatible; SeznamBot/4.0; +https://o-seznam.cz/napoveda/vyhledavani/en/seznambot-crawler/)"
57.141.20.68 - - [29/Apr/2026:08:40:30 +0200] "GET /items/P063120837/ HTTP/1.1" 301 0 "-" "meta-externalagent/1.1 (+https://developers.facebook.com/docs/sharing/webmasters/crawler)"
57.141.20.6 - - [29/Apr/2026:08:40:36 +0200] "GET /items/P064021653/ HTTP/1.1" 404 96843 "-" "meta-externalagent/1.1 (+https://developers.facebook.com/docs/sharing/webmasters/crawler)"
109.234.166.131 - - [29/Apr/2026:08:42:16 +0200] "POST /wp-cron.php?doing_wp_cron=1777444936.2262129783630371093750 HTTP/1.1" 200 0 "-" "WordPress/6.9.4; https://www.liftsecurity.net"
109.234.166.131 - - [29/Apr/2026:08:43:51 +0200] "POST /wp-cron.php?doing_wp_cron=1777445031.4301059246063232421875 HTTP/1.1" 200 0 "-" "WordPress/6.9.4; https://www.liftsecurity.net"
57.141.20.42 - - [29/Apr/2026:08:43:55 +0200] "GET /items/P066471080/ HTTP/1.1" 404 96843 "-" "meta-externalagent/1.1 (+https://developers.facebook.com/docs/sharing/webmasters/crawler)"
40.77.167.243 - - [29/Apr/2026:08:45:21 +0200] "GET /items/D984044230/ HTTP/1.1" 404 96843 "-" "Mozilla/5.0 AppleWebKit/537.36 (KHTML, like Gecko; compatible; bingbot/2.0; +http://www.bing.com/bingbot.htm) Chrome/116.0.1938.76 Safari/537.36"
207.46.13.150 - - [29/Apr/2026:08:45:28 +0200] "GET /detail/45368658957442 HTTP/1.1" 404 96843 "-" "Mozilla/5.0 AppleWebKit/537.36 (KHTML, like Gecko; compatible; bingbot/2.0; +http://www.bing.com/bingbot.htm) Chrome/116.0.1938.76 Safari/537.36"
207.46.13.150 - - [29/Apr/2026:08:45:29 +0200] "GET /items/D533184202/ HTTP/1.1" 404 96843 "-" "Mozilla/5.0 AppleWebKit/537.36 (KHTML, like Gecko; compatible; bingbot/2.0; +http://www.bing.com/bingbot.htm) Chrome/116.0.1938.76 Safari/537.36"
207.46.13.150 - - [29/Apr/2026:08:45:30 +0200] "GET /items/Q644330221/ HTTP/1.1" 404 96843 "-" "Mozilla/5.0 AppleWebKit/537.36 (KHTML, like Gecko; compatible; bingbot/2.0; +http://www.bing.com/bingbot.htm) Chrome/116.0.1938.76 Safari/537.36"
40.77.167.121 - - [29/Apr/2026:08:45:33 +0200] "GET /items/B847279034/ HTTP/1.1" 404 96843 "-" "Mozilla/5.0 AppleWebKit/537.36 (KHTML, like Gecko; compatible; bingbot/2.0; +http://www.bing.com/bingbot.htm) Chrome/116.0.1938.76 Safari/537.36"
57.141.20.31 - - [29/Apr/2026:08:34:23 +0200] "GET /items/P065269922/ HTTP/1.1" 404 96843 "-" "meta-externalagent/1.1 (+https://developers.facebook.com/docs/sharing/webmasters/crawler)"
109.234.166.131 - - [29/Apr/2026:08:36:59 +0200] "POST /wp-cron.php?doing_wp_cron=1777444619.0651860237121582031250 HTTP/1.1" 200 0 "-" "WordPress/6.9.4; https://www.liftsecurity.net"
109.234.166.131 - - [29/Apr/2026:08:38:29 +0200] "POST /wp-cron.php?doing_wp_cron=1777444709.3309090137481689453125 HTTP/1.1" 200 0 "-" "WordPress/6.9.4; https://www.liftsecurity.net"
109.234.166.131 - - [29/Apr/2026:08:39:24 +0200] "POST /wp-cron.php?doing_wp_cron=1777444764.2012119293212890625000 HTTP/1.1" 200 0 "-" "WordPress/6.9.4; https://www.liftsecurity.net"
57.141.20.35 - - [29/Apr/2026:08:39:23 +0200] "GET /items/P067577933/ HTTP/1.1" 404 96843 "-" "meta-externalagent/1.1 (+https://developers.facebook.com/docs/sharing/webmasters/crawler)"
216.244.66.241 - - [29/Apr/2026:08:41:25 +0200] "GET /robots.txt HTTP/1.1" 200 1834 "-" "Mozilla/5.0 (compatible; DotBot/1.2; +https://opensiteexplorer.org/dotbot; help@moz.com)"
109.234.166.131 - - [29/Apr/2026:08:41:26 +0200] "POST /wp-cron.php?doing_wp_cron=1777444886.6557118892669677734375 HTTP/1.1" 200 0 "-" "WordPress/6.9.4; https://www.liftsecurity.net"
57.141.20.28 - - [29/Apr/2026:08:41:26 +0200] "GET /items/P061279376/ HTTP/1.1" 404 96843 "-" "meta-externalagent/1.1 (+https://developers.facebook.com/docs/sharing/webmasters/crawler)"
109.234.166.131 - - [29/Apr/2026:08:44:45 +0200] "POST /wp-cron.php?doing_wp_cron=1777445085.1479868888854980468750 HTTP/1.1" 200 0 "-" "WordPress/6.9.4; https://www.liftsecurity.net"
57.141.20.1 - - [29/Apr/2026:08:44:44 +0200] "GET /items/P063883208/ HTTP/1.1" 301 0 "-" "meta-externalagent/1.1 (+https://developers.facebook.com/docs/sharing/webmasters/crawler)"
109.234.166.131 - - [29/Apr/2026:08:45:21 +0200] "POST /wp-cron.php?doing_wp_cron=1777445121.5554859638214111328125 HTTP/1.1" 200 0 "-" "WordPress/6.9.4; https://www.liftsecurity.net"
109.234.166.131 - - [29/Apr/2026:08:45:26 +0200] "POST /wp-cron.php?doing_wp_cron=1777445126.5117449760437011718750 HTTP/1.1" 200 0 "-" "WordPress/6.9.4; https://www.liftsecurity.net"
207.46.13.150 - - [29/Apr/2026:08:45:26 +0200] "GET /items/D071007130/ HTTP/1.1" 404 96843 "-" "Mozilla/5.0 AppleWebKit/537.36 (KHTML, like Gecko; compatible; bingbot/2.0; +http://www.bing.com/bingbot.htm) Chrome/116.0.1938.76 Safari/537.36"
207.46.13.150 - - [29/Apr/2026:08:45:27 +0200] "GET /items/G615043987/ HTTP/1.1" 404 96843 "-" "Mozilla/5.0 AppleWebKit/537.36 (KHTML, like Gecko; compatible; bingbot/2.0; +http://www.bing.com/bingbot.htm) Chrome/116.0.1938.76 Safari/537.36"
109.234.166.131 - - [29/Apr/2026:08:45:29 +0200] "POST /wp-cron.php?doing_wp_cron=1777445129.0373079776763916015625 HTTP/1.1" 200 0 "-" "WordPress/6.9.4; https://www.liftsecurity.net"
40.77.167.121 - - [29/Apr/2026:08:45:32 +0200] "GET /items/D002958433/ HTTP/1.1" 404 96843 "-" "Mozilla/5.0 AppleWebKit/537.36 (KHTML, like Gecko; compatible; bingbot/2.0; +http://www.bing.com/bingbot.htm) Chrome/116.0.1938.76 Safari/537.36"
40.77.167.121 - - [29/Apr/2026:08:45:33 +0200] "GET /items/P066023882/ HTTP/1.1" 404 96843 "-" "Mozilla/5.0 AppleWebKit/537.36 (KHTML, like Gecko; compatible; bingbot/2.0; +http://www.bing.com/bingbot.htm) Chrome/116.0.1938.76 Safari/537.36"
40.77.167.121 - - [29/Apr/2026:08:45:34 +0200] "GET /detail/42534326762344 HTTP/1.1" 404 96843 "-" "Mozilla/5.0 AppleWebKit/537.36 (KHTML, like Gecko; compatible; bingbot/2.0; +http://www.bing.com/bingbot.htm) Chrome/116.0.1938.76 Safari/537.36"
52.167.144.172 - - [29/Apr/2026:08:46:02 +0200] "GET /items/P064277633/ HTTP/1.1" 301 0 "-" "Mozilla/5.0 AppleWebKit/537.36 (KHTML, like Gecko; compatible; bingbot/2.0; +http://www.bing.com/bingbot.htm) Chrome/116.0.1938.76 Safari/537.36"
57.141.20.69 - - [29/Apr/2026:08:46:18 +0200] "GET /items/P067160886/ HTTP/1.1" 404 96843 "-" "meta-externalagent/1.1 (+https://developers.facebook.com/docs/sharing/webmasters/crawler)"
57.141.20.39 - - [29/Apr/2026:08:33:16 +0200] "GET /items/P064476892/ HTTP/1.1" 404 96843 "-" "meta-externalagent/1.1 (+https://developers.facebook.com/docs/sharing/webmasters/crawler)"
90.73.162.129 - - [29/Apr/2026:08:33:42 +0200] "GET /sitemap-8.xml HTTP/1.1" 404 90736 "-" "Mozilla/5.0 (Macintosh; Intel Mac OS X 12_7_2) AppleWebKit/537.36 (KHTML, like Gecko) Chrome/126.0.6478.182 Safari/537.36"
109.234.166.131 - - [29/Apr/2026:08:34:23 +0200] "POST /wp-cron.php?doing_wp_cron=1777444463.8619539737701416015625 HTTP/1.1" 200 0 "-" "WordPress/6.9.4; https://www.liftsecurity.net"
57.141.20.52 - - [29/Apr/2026:08:35:29 +0200] "GET /items/P061263340/ HTTP/1.1" 301 0 "-" "meta-externalagent/1.1 (+https://developers.facebook.com/docs/sharing/webmasters/crawler)"
109.234.166.131 - - [29/Apr/2026:08:36:56 +0200] "POST /wp-cron.php?doing_wp_cron=1777444616.5987520217895507812500 HTTP/1.1" 200 0 "-" "WordPress/6.9.4; https://www.liftsecurity.net"
14.229.114.83 - - [29/Apr/2026:08:36:58 +0200] "GET /account.php?sitemap-14.xml HTTP/1.1" 404 90736 "-" "Mozilla/5.0 (Windows NT 10.0; Win64; x64) AppleWebKit/537.36 (KHTML, like Gecko) Chrome/127.0.6533.120 Safari/537.36"
57.141.20.0 - - [29/Apr/2026:08:37:26 +0200] "GET /items/P066072714/ HTTP/1.1" 404 96843 "-" "meta-externalagent/1.1 (+https://developers.facebook.com/docs/sharing/webmasters/crawler)"
109.234.166.131 - - [29/Apr/2026:08:40:31 +0200] "POST /wp-cron.php?doing_wp_cron=1777444831.2783479690551757812500 HTTP/1.1" 200 0 "-" "WordPress/6.9.4; https://www.liftsecurity.net"
54.236.1.52 - - [29/Apr/2026:08:41:53 +0200] "GET /wp-content/uploads/2020/03/IMG_4732-e1580416245944.jpg HTTP/1.1" 200 50275 "-" "Mozilla/5.0 (compatible; Pinterestbot/1.0; +http://www.pinterest.com/bot.html)"
57.141.20.28 - - [29/Apr/2026:08:42:15 +0200] "GET /items/P065496012/ HTTP/1.1" 301 0 "-" "meta-externalagent/1.1 (+https://developers.facebook.com/docs/sharing/webmasters/crawler)"
57.141.20.60 - - [29/Apr/2026:08:43:50 +0200] "GET /items/P062944460/ HTTP/1.1" 404 96843 "-" "meta-externalagent/1.1 (+https://developers.facebook.com/docs/sharing/webmasters/crawler)"
40.77.167.121 - - [29/Apr/2026:08:45:35 +0200] "GET /items/P061829261/ HTTP/1.1" 404 96787 "-" "Mozilla/5.0 AppleWebKit/537.36 (KHTML, like Gecko; compatible; bingbot/2.0; +http://www.bing.com/bingbot.htm) Chrome/116.0.1938.76 Safari/537.36"
109.234.166.131 - - [29/Apr/2026:08:46:02 +0200] "POST /wp-cron.php?doing_wp_cron=1777445162.9319829940795898437500 HTTP/1.1" 200 0 "-" "WordPress/6.9.4; https://www.liftsecurity.net"
57.141.20.14 - - [29/Apr/2026:08:46:13 +0200] "GET /items/P063906566/ HTTP/1.1" 404 96843 "-" "meta-externalagent/1.1 (+https://developers.facebook.com/docs/sharing/webmasters/crawler)"
207.46.13.36 - - [29/Apr/2026:08:46:14 +0200] "GET /items/P063967321/ HTTP/1.1" 301 0 "-" "Mozilla/5.0 AppleWebKit/537.36 (KHTML, like Gecko; compatible; bingbot/2.0; +http://www.bing.com/bingbot.htm) Chrome/116.0.1938.76 Safari/537.36"
40.77.167.254 - - [29/Apr/2026:08:46:19 +0200] "GET /items/P065794829/ HTTP/1.1" 301 0 "-" "Mozilla/5.0 AppleWebKit/537.36 (KHTML, like Gecko; compatible; bingbot/2.0; +http://www.bing.com/bingbot.htm) Chrome/116.0.1938.76 Safari/537.36"
14.183.240.222 - - [29/Apr/2026:08:46:50 +0200] "GET /sitemap-5.xml HTTP/1.1" 301 0 "-" "Mozilla/5.0 (Macintosh; Intel Mac OS X 13_4_1) AppleWebKit/537.36 (KHTML, like Gecko) Chrome/130.0.6723.116 Safari/537.36"
92.211.173.91 - - [29/Apr/2026:08:47:12 +0200] "GET /sitemap-7.xml HTTP/1.1" 404 90736 "-" "Mozilla/5.0 (Macintosh; Intel Mac OS X 12_4_0) AppleWebKit/537.36 (KHTML, like Gecko) Chrome/126.0.6478.126 Safari/537.36"
109.234.166.131 - - [29/Apr/2026:08:47:24 +0200] "POST /wp-cron.php?doing_wp_cron=1777445244.6417710781097412109375 HTTP/1.1" 200 0 "-" "WordPress/6.9.4; https://www.liftsecurity.net"
157.32.215.182 - - [29/Apr/2026:08:47:35 +0200] "GET /sitemap-6.xml HTTP/1.1" 404 90736 "-" "Mozilla/5.0 (Windows NT 10.0; Win64; x64) AppleWebKit/537.36 (KHTML, like Gecko) Chrome/127.0.6533.17 Safari/537.36"
109.234.166.131 - - [29/Apr/2026:08:46:50 +0200] "POST /wp-cron.php?doing_wp_cron=1777445210.6229710578918457031250 HTTP/1.1" 200 0 "-" "WordPress/6.9.4; https://www.liftsecurity.net"
123.17.81.157 - - [29/Apr/2026:08:46:53 +0200] "GET /sitemap-5.xml HTTP/1.1" 404 90736 "-" "Mozilla/5.0 (Macintosh; Intel Mac OS X 13_4_1) AppleWebKit/537.36 (KHTML, like Gecko) Chrome/130.0.6723.116 Safari/537.36"
31.48.54.92 - - [29/Apr/2026:08:47:11 +0200] "GET /sitemap-7.xml HTTP/1.1" 301 0 "-" "Mozilla/5.0 (Macintosh; Intel Mac OS X 12_4_0) AppleWebKit/537.36 (KHTML, like Gecko) Chrome/126.0.6478.126 Safari/537.36"
109.234.166.131 - - [29/Apr/2026:08:48:25 +0200] "POST /wp-cron.php?doing_wp_cron=1777445305.6633799076080322265625 HTTP/1.1" 200 0 "-" "WordPress/6.9.4; https://www.liftsecurity.net"
202.76.183.204 - - [29/Apr/2026:08:48:25 +0200] "GET /account.php?sitemap-8.xml HTTP/1.1" 301 0 "-" "Mozilla/5.0 (Windows NT 10.0; WOW64; rv:132.0) Gecko/20100101 Firefox/132.0"
146.174.181.26 - - [29/Apr/2026:08:48:26 +0200] "GET /account.php?sitemap-8.xml HTTP/1.1" 404 90736 "-" "Mozilla/5.0 (Windows NT 10.0; WOW64; rv:132.0) Gecko/20100101 Firefox/132.0"
207.46.13.150 - - [29/Apr/2026:08:45:37 +0200] "GET /items/P062595388/ HTTP/1.1" 404 96843 "-" "Mozilla/5.0 AppleWebKit/537.36 (KHTML, like Gecko; compatible; bingbot/2.0; +http://www.bing.com/bingbot.htm) Chrome/116.0.1938.76 Safari/537.36"
109.234.166.131 - - [29/Apr/2026:08:45:42 +0200] "POST /wp-cron.php?doing_wp_cron=1777445142.8231689929962158203125 HTTP/1.1" 200 0 "-" "WordPress/6.9.4; https://www.liftsecurity.net"
40.77.167.243 - - [29/Apr/2026:08:45:42 +0200] "GET /items/T436658420/ HTTP/1.1" 404 96843 "-" "Mozilla/5.0 AppleWebKit/537.36 (KHTML, like Gecko; compatible; bingbot/2.0; +http://www.bing.com/bingbot.htm) Chrome/116.0.1938.76 Safari/537.36"
40.77.167.243 - - [29/Apr/2026:08:45:43 +0200] "GET /items/P067594375/ HTTP/1.1" 404 96787 "-" "Mozilla/5.0 AppleWebKit/537.36 (KHTML, like Gecko; compatible; bingbot/2.0; +http://www.bing.com/bingbot.htm) Chrome/116.0.1938.76 Safari/537.36"
52.167.144.172 - - [29/Apr/2026:08:46:04 +0200] "GET /items/P065810478/ HTTP/1.1" 301 0 "-" "Mozilla/5.0 AppleWebKit/537.36 (KHTML, like Gecko; compatible; bingbot/2.0; +http://www.bing.com/bingbot.htm) Chrome/116.0.1938.76 Safari/537.36"
109.234.166.131 - - [29/Apr/2026:08:46:15 +0200] "POST /wp-cron.php?doing_wp_cron=1777445175.1473119258880615234375 HTTP/1.1" 200 0 "-" "WordPress/6.9.4; https://www.liftsecurity.net"
109.234.166.131 - - [29/Apr/2026:08:47:03 +0200] "POST /wp-cron.php?doing_wp_cron=1777445223.0479490756988525390625 HTTP/1.1" 200 0 "-" "WordPress/6.9.4; https://www.liftsecurity.net"
57.141.20.38 - - [29/Apr/2026:08:47:02 +0200] "GET /items/P065460984/ HTTP/1.1" 404 96843 "-" "meta-externalagent/1.1 (+https://developers.facebook.com/docs/sharing/webmasters/crawler)"
40.77.167.2 - - [29/Apr/2026:08:47:24 +0200] "GET /detail/30305946884937 HTTP/1.1" 404 96843 "-" "Mozilla/5.0 AppleWebKit/537.36 (KHTML, like Gecko; compatible; bingbot/2.0; +http://www.bing.com/bingbot.htm) Chrome/116.0.1938.76 Safari/537.36"
109.234.166.131 - - [29/Apr/2026:08:47:31 +0200] "POST /wp-cron.php?doing_wp_cron=1777445251.5708489418029785156250 HTTP/1.1" 200 0 "-" "WordPress/6.9.4; https://www.liftsecurity.net"
97.242.180.39 - - [29/Apr/2026:08:47:31 +0200] "GET /sitemap-6.xml HTTP/1.1" 301 0 "-" "Mozilla/5.0 (Windows NT 10.0; Win64; x64) AppleWebKit/537.36 (KHTML, like Gecko) Chrome/127.0.6533.17 Safari/537.36"
57.141.20.49 - - [29/Apr/2026:08:49:19 +0200] "GET /items/P066893153/ HTTP/1.1" 301 0 "-" "meta-externalagent/1.1 (+https://developers.facebook.com/docs/sharing/webmasters/crawler)"
216.244.66.241 - - [29/Apr/2026:08:49:27 +0200] "GET /wp-content/uploads/2022/07/LIT-JULIA-SIMPLE-1600-FERME-md.jpg HTTP/1.1" 200 19791 "-" "Mozilla/5.0 (compatible; DotBot/1.2; +https://opensiteexplorer.org/dotbot; help@moz.com)"
109.234.166.131 - - [29/Apr/2026:08:47:47 +0200] "POST /wp-cron.php?doing_wp_cron=1777445267.2837359905242919921875 HTTP/1.1" 200 0 "-" "WordPress/6.9.4; https://www.liftsecurity.net"
57.141.20.2 - - [29/Apr/2026:08:47:46 +0200] "GET /items/P062723487/ HTTP/1.1" 404 96843 "-" "meta-externalagent/1.1 (+https://developers.facebook.com/docs/sharing/webmasters/crawler)"
109.234.166.131 - - [29/Apr/2026:08:49:19 +0200] "POST /wp-cron.php?doing_wp_cron=1777445359.8191730976104736328125 HTTP/1.1" 200 0 "-" "WordPress/6.9.4; https://www.liftsecurity.net"
57.141.20.54 - - [29/Apr/2026:08:49:24 +0200] "GET /items/P061008243/ HTTP/1.1" 404 96843 "-" "meta-externalagent/1.1 (+https://developers.facebook.com/docs/sharing/webmasters/crawler)"
40.77.167.42 - - [29/Apr/2026:08:49:55 +0200] "GET /items/P063719672/ HTTP/1.1" 301 0 "-" "Mozilla/5.0 AppleWebKit/537.36 (KHTML, like Gecko; compatible; bingbot/2.0; +http://www.bing.com/bingbot.htm) Chrome/116.0.1938.76 Safari/537.36"
40.77.167.42 - - [29/Apr/2026:08:49:55 +0200] "GET /items/P061742084/ HTTP/1.1" 301 0 "-" "Mozilla/5.0 AppleWebKit/537.36 (KHTML, like Gecko; compatible; bingbot/2.0; +http://www.bing.com/bingbot.htm) Chrome/116.0.1938.76 Safari/537.36"
40.77.167.42 - - [29/Apr/2026:08:49:56 +0200] "GET /items/P064658255/ HTTP/1.1" 301 0 "-" "Mozilla/5.0 AppleWebKit/537.36 (KHTML, like Gecko; compatible; bingbot/2.0; +http://www.bing.com/bingbot.htm) Chrome/116.0.1938.76 Safari/537.36"
40.77.167.74 - - [29/Apr/2026:08:50:46 +0200] "GET /items/I933343247/ HTTP/1.1" 404 96843 "-" "Mozilla/5.0 AppleWebKit/537.36 (KHTML, like Gecko; compatible; bingbot/2.0; +http://www.bing.com/bingbot.htm) Chrome/116.0.1938.76 Safari/537.36"
109.234.166.131 - - [29/Apr/2026:08:51:00 +0200] "POST /wp-cron.php?doing_wp_cron=1777445460.4094660282135009765625 HTTP/1.1" 200 0 "-" "WordPress/6.9.4; https://www.liftsecurity.net"
40.77.167.2 - - [29/Apr/2026:08:51:15 +0200] "GET /items/P065410462/ HTTP/1.1" 404 96843 "-" "Mozilla/5.0 AppleWebKit/537.36 (KHTML, like Gecko; compatible; bingbot/2.0; +http://www.bing.com/bingbot.htm) Chrome/116.0.1938.76 Safari/537.36"
40.77.167.2 - - [29/Apr/2026:08:51:17 +0200] "GET /items/C923224585/ HTTP/1.1" 404 96843 "-" "Mozilla/5.0 AppleWebKit/537.36 (KHTML, like Gecko; compatible; bingbot/2.0; +http://www.bing.com/bingbot.htm) Chrome/116.0.1938.76 Safari/537.36"
40.77.167.2 - - [29/Apr/2026:08:51:17 +0200] "GET /items/J305136529/ HTTP/1.1" 404 96843 "-" "Mozilla/5.0 AppleWebKit/537.36 (KHTML, like Gecko; compatible; bingbot/2.0; +http://www.bing.com/bingbot.htm) Chrome/116.0.1938.76 Safari/537.36"
157.55.39.54 - - [29/Apr/2026:08:51:19 +0200] "GET /items/L207228778/ HTTP/1.1" 404 96843 "-" "Mozilla/5.0 AppleWebKit/537.36 (KHTML, like Gecko; compatible; bingbot/2.0; +http://www.bing.com/bingbot.htm) Chrome/116.0.1938.76 Safari/537.36"
109.234.166.131 - - [29/Apr/2026:08:51:38 +0200] "POST /wp-cron.php?doing_wp_cron=1777445498.2143170833587646484375 HTTP/1.1" 200 0 "-" "WordPress/6.9.4; https://www.liftsecurity.net"
109.234.166.131 - - [29/Apr/2026:08:51:42 +0200] "POST /wp-cron.php?doing_wp_cron=1777445502.1939840316772460937500 HTTP/1.1" 200 0 "-" "WordPress/6.9.4; https://www.liftsecurity.net"
40.77.167.74 - - [29/Apr/2026:08:51:56 +0200] "GET /items/P064439859/ HTTP/1.1" 404 96843 "-" "Mozilla/5.0 AppleWebKit/537.36 (KHTML, like Gecko; compatible; bingbot/2.0; +http://www.bing.com/bingbot.htm) Chrome/116.0.1938.76 Safari/537.36"
40.77.167.2 - - [29/Apr/2026:08:52:01 +0200] "GET /items/D856788603/ HTTP/1.1" 404 96843 "-" "Mozilla/5.0 AppleWebKit/537.36 (KHTML, like Gecko; compatible; bingbot/2.0; +http://www.bing.com/bingbot.htm) Chrome/116.0.1938.76 Safari/537.36"
40.77.167.74 - - [29/Apr/2026:08:52:19 +0200] "GET /items/P065437152/ HTTP/1.1" 404 96843 "-" "Mozilla/5.0 AppleWebKit/537.36 (KHTML, like Gecko; compatible; bingbot/2.0; +http://www.bing.com/bingbot.htm) Chrome/116.0.1938.76 Safari/537.36"
57.141.20.64 - - [29/Apr/2026:08:52:24 +0200] "GET /items/P062582208/ HTTP/1.1" 404 96843 "-" "meta-externalagent/1.1 (+https://developers.facebook.com/docs/sharing/webmasters/crawler)"
40.77.167.2 - - [29/Apr/2026:08:52:25 +0200] "GET /items/P062854819/ HTTP/1.1" 404 96843 "-" "Mozilla/5.0 AppleWebKit/537.36 (KHTML, like Gecko; compatible; bingbot/2.0; +http://www.bing.com/bingbot.htm) Chrome/116.0.1938.76 Safari/537.36"
40.77.167.2 - - [29/Apr/2026:08:52:26 +0200] "GET /detail/37245224772592 HTTP/1.1" 404 96843 "-" "Mozilla/5.0 AppleWebKit/537.36 (KHTML, like Gecko; compatible; bingbot/2.0; +http://www.bing.com/bingbot.htm) Chrome/116.0.1938.76 Safari/537.36"
157.55.39.54 - - [29/Apr/2026:08:49:34 +0200] "GET /items/P063287785/ HTTP/1.1" 301 0 "-" "Mozilla/5.0 AppleWebKit/537.36 (KHTML, like Gecko; compatible; bingbot/2.0; +http://www.bing.com/bingbot.htm) Chrome/116.0.1938.76 Safari/537.36"
40.77.167.74 - - [29/Apr/2026:08:50:46 +0200] "GET /items/P061936374/ HTTP/1.1" 404 96843 "-" "Mozilla/5.0 AppleWebKit/537.36 (KHTML, like Gecko; compatible; bingbot/2.0; +http://www.bing.com/bingbot.htm) Chrome/116.0.1938.76 Safari/537.36"
57.141.20.26 - - [29/Apr/2026:08:50:54 +0200] "GET /items/P065536950/ HTTP/1.1" 301 0 "-" "meta-externalagent/1.1 (+https://developers.facebook.com/docs/sharing/webmasters/crawler)"
57.141.20.35 - - [29/Apr/2026:08:50:59 +0200] "GET /items/P065785887/ HTTP/1.1" 404 96843 "-" "meta-externalagent/1.1 (+https://developers.facebook.com/docs/sharing/webmasters/crawler)"
109.234.166.131 - - [29/Apr/2026:08:51:15 +0200] "POST /wp-cron.php?doing_wp_cron=1777445475.0884160995483398437500 HTTP/1.1" 200 0 "-" "WordPress/6.9.4; https://www.liftsecurity.net"
157.55.39.54 - - [29/Apr/2026:08:51:21 +0200] "GET /detail/67963096482248 HTTP/1.1" 404 96843 "-" "Mozilla/5.0 AppleWebKit/537.36 (KHTML, like Gecko; compatible; bingbot/2.0; +http://www.bing.com/bingbot.htm) Chrome/116.0.1938.76 Safari/537.36"
157.55.39.54 - - [29/Apr/2026:08:51:22 +0200] "GET /items/N175827859/ HTTP/1.1" 404 96843 "-" "Mozilla/5.0 AppleWebKit/537.36 (KHTML, like Gecko; compatible; bingbot/2.0; +http://www.bing.com/bingbot.htm) Chrome/116.0.1938.76 Safari/537.36"
40.77.167.74 - - [29/Apr/2026:08:51:27 +0200] "GET /detail/53804981220671 HTTP/1.1" 404 96843 "-" "Mozilla/5.0 AppleWebKit/537.36 (KHTML, like Gecko; compatible; bingbot/2.0; +http://www.bing.com/bingbot.htm) Chrome/116.0.1938.76 Safari/537.36"
57.141.20.68 - - [29/Apr/2026:08:51:41 +0200] "GET /items/P065109452/ HTTP/1.1" 404 96843 "-" "meta-externalagent/1.1 (+https://developers.facebook.com/docs/sharing/webmasters/crawler)"
40.77.167.74 - - [29/Apr/2026:08:51:57 +0200] "GET /items/P067384797/ HTTP/1.1" 404 96843 "-" "Mozilla/5.0 AppleWebKit/537.36 (KHTML, like Gecko; compatible; bingbot/2.0; +http://www.bing.com/bingbot.htm) Chrome/116.0.1938.76 Safari/537.36"
109.234.166.131 - - [29/Apr/2026:08:52:00 +0200] "POST /wp-cron.php?doing_wp_cron=1777445520.4912290573120117187500 HTTP/1.1" 200 0 "-" "WordPress/6.9.4; https://www.liftsecurity.net"
40.77.167.2 - - [29/Apr/2026:08:52:00 +0200] "GET /detail/26639443082018 HTTP/1.1" 404 96843 "-" "Mozilla/5.0 AppleWebKit/537.36 (KHTML, like Gecko; compatible; bingbot/2.0; +http://www.bing.com/bingbot.htm) Chrome/116.0.1938.76 Safari/537.36"
207.46.13.155 - - [29/Apr/2026:08:52:15 +0200] "GET /items/L747117032/ HTTP/1.1" 404 96843 "-" "Mozilla/5.0 AppleWebKit/537.36 (KHTML, like Gecko; compatible; bingbot/2.0; +http://www.bing.com/bingbot.htm) Chrome/116.0.1938.76 Safari/537.36"
207.46.13.155 - - [29/Apr/2026:08:52:16 +0200] "GET /items/P064281356/ HTTP/1.1" 404 96843 "-" "Mozilla/5.0 AppleWebKit/537.36 (KHTML, like Gecko; compatible; bingbot/2.0; +http://www.bing.com/bingbot.htm) Chrome/116.0.1938.76 Safari/537.36"
40.77.167.74 - - [29/Apr/2026:08:52:18 +0200] "GET /items/P067434537/ HTTP/1.1" 404 96843 "-" "Mozilla/5.0 AppleWebKit/537.36 (KHTML, like Gecko; compatible; bingbot/2.0; +http://www.bing.com/bingbot.htm) Chrome/116.0.1938.76 Safari/537.36"
109.234.166.131 - - [29/Apr/2026:08:52:33 +0200] "POST /wp-cron.php?doing_wp_cron=1777445553.0500929355621337890625 HTTP/1.1" 200 0 "-" "WordPress/6.9.4; https://www.liftsecurity.net"
109.234.166.131 - - [29/Apr/2026:08:53:06 +0200] "POST /wp-cron.php?doing_wp_cron=1777445586.2328300476074218750000 HTTP/1.1" 200 0 "-" "WordPress/6.9.4; https://www.liftsecurity.net"
109.234.166.131 - - [29/Apr/2026:08:53:26 +0200] "POST /wp-cron.php?doing_wp_cron=1777445605.9903440475463867187500 HTTP/1.1" 200 0 "-" "WordPress/6.9.4; https://www.liftsecurity.net"
109.234.166.131 - - [29/Apr/2026:08:49:35 +0200] "POST /wp-cron.php?doing_wp_cron=1777445375.3981170654296875000000 HTTP/1.1" 200 0 "-" "WordPress/6.9.4; https://www.liftsecurity.net"
109.234.166.131 - - [29/Apr/2026:08:49:55 +0200] "POST /wp-cron.php?doing_wp_cron=1777445395.6378340721130371093750 HTTP/1.1" 200 0 "-" "WordPress/6.9.4; https://www.liftsecurity.net"
109.234.166.131 - - [29/Apr/2026:08:50:45 +0200] "POST /wp-cron.php?doing_wp_cron=1777445445.7756240367889404296875 HTTP/1.1" 200 0 "-" "WordPress/6.9.4; https://www.liftsecurity.net"
40.77.167.74 - - [29/Apr/2026:08:50:45 +0200] "GET /detail/7652708020068 HTTP/1.1" 404 96843 "-" "Mozilla/5.0 AppleWebKit/537.36 (KHTML, like Gecko; compatible; bingbot/2.0; +http://www.bing.com/bingbot.htm) Chrome/116.0.1938.76 Safari/537.36"
157.55.39.54 - - [29/Apr/2026:08:50:55 +0200] "GET /items/P065871283/ HTTP/1.1" 301 0 "-" "Mozilla/5.0 AppleWebKit/537.36 (KHTML, like Gecko; compatible; bingbot/2.0; +http://www.bing.com/bingbot.htm) Chrome/116.0.1938.76 Safari/537.36"
157.55.39.54 - - [29/Apr/2026:08:50:55 +0200] "GET /items/P061294056/ HTTP/1.1" 404 96843 "-" "Mozilla/5.0 AppleWebKit/537.36 (KHTML, like Gecko; compatible; bingbot/2.0; +http://www.bing.com/bingbot.htm) Chrome/116.0.1938.76 Safari/537.36"
40.77.167.2 - - [29/Apr/2026:08:51:14 +0200] "GET /items/P064368773/ HTTP/1.1" 404 96843 "-" "Mozilla/5.0 AppleWebKit/537.36 (KHTML, like Gecko; compatible; bingbot/2.0; +http://www.bing.com/bingbot.htm) Chrome/116.0.1938.76 Safari/537.36"
40.77.167.74 - - [29/Apr/2026:08:51:37 +0200] "GET /items/P066372251/ HTTP/1.1" 404 96843 "-" "Mozilla/5.0 AppleWebKit/537.36 (KHTML, like Gecko; compatible; bingbot/2.0; +http://www.bing.com/bingbot.htm) Chrome/116.0.1938.76 Safari/537.36"
40.77.167.74 - - [29/Apr/2026:08:51:38 +0200] "GET /detail/5833722643778 HTTP/1.1" 404 96843 "-" "Mozilla/5.0 AppleWebKit/537.36 (KHTML, like Gecko; compatible; bingbot/2.0; +http://www.bing.com/bingbot.htm) Chrome/116.0.1938.76 Safari/537.36"
40.77.167.74 - - [29/Apr/2026:08:51:55 +0200] "GET /items/P362121713/ HTTP/1.1" 404 96843 "-" "Mozilla/5.0 AppleWebKit/537.36 (KHTML, like Gecko; compatible; bingbot/2.0; +http://www.bing.com/bingbot.htm) Chrome/116.0.1938.76 Safari/537.36"
40.77.167.2 - - [29/Apr/2026:08:52:02 +0200] "GET /detail/12235506077391 HTTP/1.1" 404 96843 "-" "Mozilla/5.0 AppleWebKit/537.36 (KHTML, like Gecko; compatible; bingbot/2.0; +http://www.bing.com/bingbot.htm) Chrome/116.0.1938.76 Safari/537.36"
109.234.166.131 - - [29/Apr/2026:08:52:16 +0200] "POST /wp-cron.php?doing_wp_cron=1777445536.2651650905609130859375 HTTP/1.1" 200 0 "-" "WordPress/6.9.4; https://www.liftsecurity.net"
192.178.6.32 - - [29/Apr/2026:08:52:34 +0200] "GET /detail/30939053264123 HTTP/1.1" 404 96843 "-" "Mozilla/5.0 (Linux; Android 6.0.1; Nexus 5X Build/MMB29P) AppleWebKit/537.36 (KHTML, like Gecko) Chrome/147.0.7727.116 Mobile Safari/537.36 (compatible; Googlebot/2.1; +http://www.google.com/bot.html)"
40.77.167.74 - - [29/Apr/2026:08:52:42 +0200] "GET /items/P061947680/ HTTP/1.1" 404 96787 "-" "Mozilla/5.0 AppleWebKit/537.36 (KHTML, like Gecko; compatible; bingbot/2.0; +http://www.bing.com/bingbot.htm) Chrome/116.0.1938.76 Safari/537.36"
57.141.20.52 - - [29/Apr/2026:08:53:05 +0200] "GET /items/P067731088/ HTTP/1.1" 404 96843 "-" "meta-externalagent/1.1 (+https://developers.facebook.com/docs/sharing/webmasters/crawler)"
109.234.166.131 - - [29/Apr/2026:08:53:47 +0200] "POST /wp-cron.php?doing_wp_cron=1777445627.7517559528350830078125 HTTP/1.1" 200 0 "-" "WordPress/6.9.4; https://www.liftsecurity.net"
40.77.167.2 - - [29/Apr/2026:08:54:22 +0200] "GET /items/P063169910/ HTTP/1.1" 404 96843 "-" "Mozilla/5.0 AppleWebKit/537.36 (KHTML, like Gecko; compatible; bingbot/2.0; +http://www.bing.com/bingbot.htm) Chrome/116.0.1938.76 Safari/537.36"
103.214.23.106 - - [29/Apr/2026:08:54:28 +0200] "GET / HTTP/1.1" 301 0 "-" "Go-http-client/1.1"
40.77.167.2 - - [29/Apr/2026:08:52:27 +0200] "GET /items/P067289698/ HTTP/1.1" 404 96787 "-" "Mozilla/5.0 AppleWebKit/537.36 (KHTML, like Gecko; compatible; bingbot/2.0; +http://www.bing.com/bingbot.htm) Chrome/116.0.1938.76 Safari/537.36"
40.77.167.2 - - [29/Apr/2026:08:52:32 +0200] "GET /items/P061242252/ HTTP/1.1" 404 96843 "-" "Mozilla/5.0 AppleWebKit/537.36 (KHTML, like Gecko; compatible; bingbot/2.0; +http://www.bing.com/bingbot.htm) Chrome/116.0.1938.76 Safari/537.36"
109.234.166.131 - - [29/Apr/2026:08:52:43 +0200] "POST /wp-cron.php?doing_wp_cron=1777445563.3139250278472900390625 HTTP/1.1" 200 0 "-" "WordPress/6.9.4; https://www.liftsecurity.net"
157.55.39.54 - - [29/Apr/2026:08:52:47 +0200] "GET /items/P067222512/ HTTP/1.1" 404 96787 "-" "Mozilla/5.0 AppleWebKit/537.36 (KHTML, like Gecko; compatible; bingbot/2.0; +http://www.bing.com/bingbot.htm) Chrome/116.0.1938.76 Safari/537.36"
57.141.20.30 - - [29/Apr/2026:08:53:47 +0200] "GET /items/P063026222/ HTTP/1.1" 301 0 "-" "meta-externalagent/1.1 (+https://developers.facebook.com/docs/sharing/webmasters/crawler)"
157.55.39.54 - - [29/Apr/2026:08:54:15 +0200] "GET /items/P212345148/ HTTP/1.1" 404 96843 "-" "Mozilla/5.0 AppleWebKit/537.36 (KHTML, like Gecko; compatible; bingbot/2.0; +http://www.bing.com/bingbot.htm) Chrome/116.0.1938.76 Safari/537.36"
40.77.167.2 - - [29/Apr/2026:08:54:20 +0200] "GET /detail/64410794066611 HTTP/1.1" 404 96843 "-" "Mozilla/5.0 AppleWebKit/537.36 (KHTML, like Gecko; compatible; bingbot/2.0; +http://www.bing.com/bingbot.htm) Chrome/116.0.1938.76 Safari/537.36"
40.77.167.2 - - [29/Apr/2026:08:54:21 +0200] "GET /detail/7847287013251 HTTP/1.1" 404 96843 "-" "Mozilla/5.0 AppleWebKit/537.36 (KHTML, like Gecko; compatible; bingbot/2.0; +http://www.bing.com/bingbot.htm) Chrome/116.0.1938.76 Safari/537.36"
40.77.167.2 - - [29/Apr/2026:08:54:23 +0200] "GET /items/P067332271/ HTTP/1.1" 404 96843 "-" "Mozilla/5.0 AppleWebKit/537.36 (KHTML, like Gecko; compatible; bingbot/2.0; +http://www.bing.com/bingbot.htm) Chrome/116.0.1938.76 Safari/537.36"
157.55.39.54 - - [29/Apr/2026:08:54:25 +0200] "GET /items/P063025051/ HTTP/1.1" 404 96843 "-" "Mozilla/5.0 AppleWebKit/537.36 (KHTML, like Gecko; compatible; bingbot/2.0; +http://www.bing.com/bingbot.htm) Chrome/116.0.1938.76 Safari/537.36"
40.77.167.2 - - [29/Apr/2026:08:54:28 +0200] "GET /detail/26706812984741 HTTP/1.1" 404 96843 "-" "Mozilla/5.0 AppleWebKit/537.36 (KHTML, like Gecko; compatible; bingbot/2.0; +http://www.bing.com/bingbot.htm) Chrome/116.0.1938.76 Safari/537.36"
40.77.167.74 - - [29/Apr/2026:08:54:34 +0200] "GET /items/P065634869/ HTTP/1.1" 404 96787 "-" "Mozilla/5.0 AppleWebKit/537.36 (KHTML, like Gecko; compatible; bingbot/2.0; +http://www.bing.com/bingbot.htm) Chrome/116.0.1938.76 Safari/537.36"
57.141.20.16 - - [29/Apr/2026:08:55:07 +0200] "GET /items/P064910367/ HTTP/1.1" 404 96843 "-" "meta-externalagent/1.1 (+https://developers.facebook.com/docs/sharing/webmasters/crawler)"
192.178.6.41 - - [29/Apr/2026:08:56:08 +0200] "GET /detail/50325470711775 HTTP/1.1" 404 96843 "-" "Mozilla/5.0 (Linux; Android 6.0.1; Nexus 5X Build/MMB29P) AppleWebKit/537.36 (KHTML, like Gecko) Chrome/147.0.7727.116 Mobile Safari/537.36 (compatible; Googlebot/2.1; +http://www.google.com/bot.html)"
109.234.166.131 - - [29/Apr/2026:08:56:33 +0200] "POST /wp-cron.php?doing_wp_cron=1777445793.2217969894409179687500 HTTP/1.1" 200 0 "-" "WordPress/6.9.4; https://www.liftsecurity.net"
57.141.20.64 - - [29/Apr/2026:08:56:32 +0200] "GET /items/P067869654/ HTTP/1.1" 301 0 "-" "meta-externalagent/1.1 (+https://developers.facebook.com/docs/sharing/webmasters/crawler)"
109.234.166.131 - - [29/Apr/2026:08:57:44 +0200] "POST /wp-cron.php?doing_wp_cron=1777445864.1762900352478027343750 HTTP/1.1" 200 0 "-" "WordPress/6.9.4; https://www.liftsecurity.net"
57.141.20.57 - - [29/Apr/2026:08:58:15 +0200] "GET /items/P066295436/ HTTP/1.1" 301 0 "-" "meta-externalagent/1.1 (+https://developers.facebook.com/docs/sharing/webmasters/crawler)"
157.55.39.54 - - [29/Apr/2026:08:53:25 +0200] "GET /items/P067201541/ HTTP/1.1" 301 0 "-" "Mozilla/5.0 AppleWebKit/537.36 (KHTML, like Gecko; compatible; bingbot/2.0; +http://www.bing.com/bingbot.htm) Chrome/116.0.1938.76 Safari/537.36"
157.55.39.54 - - [29/Apr/2026:08:53:26 +0200] "GET /items/P062881793/ HTTP/1.1" 301 0 "-" "Mozilla/5.0 AppleWebKit/537.36 (KHTML, like Gecko; compatible; bingbot/2.0; +http://www.bing.com/bingbot.htm) Chrome/116.0.1938.76 Safari/537.36"
157.55.39.54 - - [29/Apr/2026:08:53:27 +0200] "GET /items/N864895149/ HTTP/1.1" 301 0 "-" "Mozilla/5.0 AppleWebKit/537.36 (KHTML, like Gecko; compatible; bingbot/2.0; +http://www.bing.com/bingbot.htm) Chrome/116.0.1938.76 Safari/537.36"
194.5.53.7 - - [29/Apr/2026:08:53:30 +0200] "GET /favicon.ico HTTP/1.1" 404 1251 "https://www.liftsecurity.net/wp-content/uploads/2022/07/Presentation-CONCEPT-LIFTSECURITY-FR-220719.pdf" "Mozilla/5.0 (Windows NT 10.0; Win64; x64) AppleWebKit/537.36 (KHTML, like Gecko) Chrome/147.0.0.0 Safari/537.36"
109.234.166.131 - - [29/Apr/2026:08:54:15 +0200] "POST /wp-cron.php?doing_wp_cron=1777445655.9602379798889160156250 HTTP/1.1" 200 0 "-" "WordPress/6.9.4; https://www.liftsecurity.net"
40.77.167.2 - - [29/Apr/2026:08:54:22 +0200] "GET /detail/28876426275317 HTTP/1.1" 404 96843 "-" "Mozilla/5.0 AppleWebKit/537.36 (KHTML, like Gecko; compatible; bingbot/2.0; +http://www.bing.com/bingbot.htm) Chrome/116.0.1938.76 Safari/537.36"
157.55.39.54 - - [29/Apr/2026:08:54:24 +0200] "GET /items/P066637717/ HTTP/1.1" 404 96843 "-" "Mozilla/5.0 AppleWebKit/537.36 (KHTML, like Gecko; compatible; bingbot/2.0; +http://www.bing.com/bingbot.htm) Chrome/116.0.1938.76 Safari/537.36"
40.77.167.2 - - [29/Apr/2026:08:54:29 +0200] "GET /items/P061016017/ HTTP/1.1" 404 96843 "-" "Mozilla/5.0 AppleWebKit/537.36 (KHTML, like Gecko; compatible; bingbot/2.0; +http://www.bing.com/bingbot.htm) Chrome/116.0.1938.76 Safari/537.36"
