57.141.14.92 - - [29/Apr/2026:11:11:24 +0200] "GET /items/P062786052/ HTTP/1.1" 301 0 "-" "meta-externalagent/1.1 (+https://developers.facebook.com/docs/sharing/webmasters/crawler)"
57.141.14.104 - - [29/Apr/2026:11:11:36 +0200] "GET /items/P066942960/ HTTP/1.1" 404 96843 "-" "meta-externalagent/1.1 (+https://developers.facebook.com/docs/sharing/webmasters/crawler)"
57.141.14.53 - - [29/Apr/2026:11:11:36 +0200] "GET /items/P061891790/ HTTP/1.1" 301 0 "-" "meta-externalagent/1.1 (+https://developers.facebook.com/docs/sharing/webmasters/crawler)"
109.234.166.131 - - [29/Apr/2026:11:11:44 +0200] "POST /wp-cron.php?doing_wp_cron=1777453904.1079990863800048828125 HTTP/1.1" 200 0 "-" "WordPress/6.9.4; https://www.liftsecurity.net"
57.141.14.48 - - [29/Apr/2026:11:11:56 +0200] "GET /items/P066378357/ HTTP/1.1" 404 96843 "-" "meta-externalagent/1.1 (+https://developers.facebook.com/docs/sharing/webmasters/crawler)"
109.234.166.131 - - [29/Apr/2026:11:12:05 +0200] "POST /wp-cron.php?doing_wp_cron=1777453925.0940389633178710937500 HTTP/1.1" 200 0 "-" "WordPress/6.9.4; https://www.liftsecurity.net"
109.234.166.131 - - [29/Apr/2026:11:12:31 +0200] "POST /wp-cron.php?doing_wp_cron=1777453951.4787850379943847656250 HTTP/1.1" 200 0 "-" "WordPress/6.9.4; https://www.liftsecurity.net"
57.141.14.94 - - [29/Apr/2026:11:12:36 +0200] "GET /items/P065627195/ HTTP/1.1" 301 0 "-" "meta-externalagent/1.1 (+https://developers.facebook.com/docs/sharing/webmasters/crawler)"
109.234.166.131 - - [29/Apr/2026:11:12:49 +0200] "POST /wp-cron.php?doing_wp_cron=1777453969.1611039638519287109375 HTTP/1.1" 200 0 "-" "WordPress/6.9.4; https://www.liftsecurity.net"
57.141.14.78 - - [29/Apr/2026:11:12:50 +0200] "GET /items/P063321847/ HTTP/1.1" 301 0 "-" "meta-externalagent/1.1 (+https://developers.facebook.com/docs/sharing/webmasters/crawler)"
57.141.14.47 - - [29/Apr/2026:11:12:56 +0200] "GET /items/P062360799/ HTTP/1.1" 404 96843 "-" "meta-externalagent/1.1 (+https://developers.facebook.com/docs/sharing/webmasters/crawler)"
57.141.14.107 - - [29/Apr/2026:11:13:03 +0200] "GET /items/P061887467/ HTTP/1.1" 301 0 "-" "meta-externalagent/1.1 (+https://developers.facebook.com/docs/sharing/webmasters/crawler)"
57.141.14.75 - - [29/Apr/2026:11:13:09 +0200] "GET /items/P066102092/ HTTP/1.1" 301 0 "-" "meta-externalagent/1.1 (+https://developers.facebook.com/docs/sharing/webmasters/crawler)"
57.141.14.31 - - [29/Apr/2026:11:13:27 +0200] "GET /items/P063640807/ HTTP/1.1" 404 96843 "-" "meta-externalagent/1.1 (+https://developers.facebook.com/docs/sharing/webmasters/crawler)"
57.141.14.110 - - [29/Apr/2026:11:13:38 +0200] "GET /items/P065435545/ HTTP/1.1" 301 0 "-" "meta-externalagent/1.1 (+https://developers.facebook.com/docs/sharing/webmasters/crawler)"
109.234.166.131 - - [29/Apr/2026:11:13:44 +0200] "POST /wp-cron.php?doing_wp_cron=1777454024.6403570175170898437500 HTTP/1.1" 200 0 "-" "WordPress/6.9.4; https://www.liftsecurity.net"
192.178.6.41 - - [29/Apr/2026:11:13:57 +0200] "GET /items/W327642066/ HTTP/1.1" 404 96843 "-" "Mozilla/5.0 (Linux; Android 6.0.1; Nexus 5X Build/MMB29P) AppleWebKit/537.36 (KHTML, like Gecko) Chrome/147.0.7727.116 Mobile Safari/537.36 (compatible; Googlebot/2.1; +http://www.google.com/bot.html)"
57.141.14.101 - - [29/Apr/2026:11:09:59 +0200] "GET /items/P065088593/ HTTP/1.1" 404 96843 "-" "meta-externalagent/1.1 (+https://developers.facebook.com/docs/sharing/webmasters/crawler)"
52.167.144.225 - - [29/Apr/2026:11:10:03 +0200] "GET /items/X745321709/ HTTP/1.1" 404 96843 "-" "Mozilla/5.0 AppleWebKit/537.36 (KHTML, like Gecko; compatible; bingbot/2.0; +http://www.bing.com/bingbot.htm) Chrome/116.0.1938.76 Safari/537.36"
52.167.144.225 - - [29/Apr/2026:11:10:04 +0200] "GET /items/P724829647/ HTTP/1.1" 404 96843 "-" "Mozilla/5.0 AppleWebKit/537.36 (KHTML, like Gecko; compatible; bingbot/2.0; +http://www.bing.com/bingbot.htm) Chrome/116.0.1938.76 Safari/537.36"
57.141.14.19 - - [29/Apr/2026:11:10:43 +0200] "GET /items/P067391175/ HTTP/1.1" 404 96843 "-" "meta-externalagent/1.1 (+https://developers.facebook.com/docs/sharing/webmasters/crawler)"
109.234.166.131 - - [29/Apr/2026:11:11:24 +0200] "POST /wp-cron.php?doing_wp_cron=1777453884.5160698890686035156250 HTTP/1.1" 200 0 "-" "WordPress/6.9.4; https://www.liftsecurity.net"
109.234.166.131 - - [29/Apr/2026:11:11:36 +0200] "POST /wp-cron.php?doing_wp_cron=1777453896.9225950241088867187500 HTTP/1.1" 200 0 "-" "WordPress/6.9.4; https://www.liftsecurity.net"
57.141.14.3 - - [29/Apr/2026:11:12:04 +0200] "GET /items/P061006160/ HTTP/1.1" 404 96843 "-" "meta-externalagent/1.1 (+https://developers.facebook.com/docs/sharing/webmasters/crawler)"
57.141.14.102 - - [29/Apr/2026:11:12:10 +0200] "GET /items/P062336809/ HTTP/1.1" 301 0 "-" "meta-externalagent/1.1 (+https://developers.facebook.com/docs/sharing/webmasters/crawler)"
109.234.166.131 - - [29/Apr/2026:11:12:18 +0200] "POST /wp-cron.php?doing_wp_cron=1777453938.9191699028015136718750 HTTP/1.1" 200 0 "-" "WordPress/6.9.4; https://www.liftsecurity.net"
57.141.14.41 - - [29/Apr/2026:11:12:18 +0200] "GET /items/P066279425/ HTTP/1.1" 301 0 "-" "meta-externalagent/1.1 (+https://developers.facebook.com/docs/sharing/webmasters/crawler)"
57.141.14.13 - - [29/Apr/2026:11:12:48 +0200] "GET /items/P066411461/ HTTP/1.1" 301 0 "-" "meta-externalagent/1.1 (+https://developers.facebook.com/docs/sharing/webmasters/crawler)"
109.234.166.131 - - [29/Apr/2026:11:13:15 +0200] "POST /wp-cron.php?doing_wp_cron=1777453995.3957519531250000000000 HTTP/1.1" 200 0 "-" "WordPress/6.9.4; https://www.liftsecurity.net"
57.141.14.20 - - [29/Apr/2026:11:13:15 +0200] "GET /items/P062894471/ HTTP/1.1" 404 96843 "-" "meta-externalagent/1.1 (+https://developers.facebook.com/docs/sharing/webmasters/crawler)"
57.141.14.59 - - [29/Apr/2026:11:13:20 +0200] "GET /items/P063328758/ HTTP/1.1" 301 0 "-" "meta-externalagent/1.1 (+https://developers.facebook.com/docs/sharing/webmasters/crawler)"
192.178.6.32 - - [29/Apr/2026:11:13:23 +0200] "GET /items/J757749018/ HTTP/1.1" 404 96843 "-" "Mozilla/5.0 (Linux; Android 6.0.1; Nexus 5X Build/MMB29P) AppleWebKit/537.36 (KHTML, like Gecko) Chrome/147.0.7727.116 Mobile Safari/537.36 (compatible; Googlebot/2.1; +http://www.google.com/bot.html)"
57.141.14.97 - - [29/Apr/2026:11:13:32 +0200] "GET /items/P061908408/ HTTP/1.1" 301 0 "-" "meta-externalagent/1.1 (+https://developers.facebook.com/docs/sharing/webmasters/crawler)"
57.141.14.6 - - [29/Apr/2026:11:13:48 +0200] "GET /items/P067858839/ HTTP/1.1" 301 0 "-" "meta-externalagent/1.1 (+https://developers.facebook.com/docs/sharing/webmasters/crawler)"
57.141.14.28 - - [29/Apr/2026:11:13:54 +0200] "GET /items/P067898318/ HTTP/1.1" 301 0 "-" "meta-externalagent/1.1 (+https://developers.facebook.com/docs/sharing/webmasters/crawler)"
109.234.166.131 - - [29/Apr/2026:11:14:08 +0200] "GET /cgv/ HTTP/1.1" 200 228127 "-" "WP Rocket/Preload"
109.234.166.131 - - [29/Apr/2026:11:14:10 +0200] "GET /cgv/ HTTP/1.1" 200 228123 "-" "WP Rocket/Preload Mozilla/5.0 (iPhone; CPU iPhone OS 9_1 like Mac OS X) AppleWebKit/601.1.46 (KHTML, like Gecko) Version/9.0 Mobile/13B143 Safari/601.1"
57.141.14.110 - - [29/Apr/2026:11:14:11 +0200] "GET /items/P062641910/ HTTP/1.1" 301 0 "-" "meta-externalagent/1.1 (+https://developers.facebook.com/docs/sharing/webmasters/crawler)"
109.234.166.131 - - [29/Apr/2026:11:14:05 +0200] "POST /wp-cron.php?doing_wp_cron=1777454045.4320869445800781250000 HTTP/1.1" 200 0 "-" "WordPress/6.9.4; https://www.liftsecurity.net"
57.141.14.9 - - [29/Apr/2026:11:14:06 +0200] "GET /items/P065260305/ HTTP/1.1" 301 0 "-" "meta-externalagent/1.1 (+https://developers.facebook.com/docs/sharing/webmasters/crawler)"
109.234.166.131 - - [29/Apr/2026:11:14:05 +0200] "GET /lit/studio/ HTTP/1.1" 200 268397 "-" "WP Rocket/Preload"
109.234.166.131 - - [29/Apr/2026:11:14:12 +0200] "GET /mentions-legales/ HTTP/1.1" 200 216349 "-" "WP Rocket/Preload Mozilla/5.0 (iPhone; CPU iPhone OS 9_1 like Mac OS X) AppleWebKit/601.1.46 (KHTML, like Gecko) Version/9.0 Mobile/13B143 Safari/601.1"
109.234.166.131 - - [29/Apr/2026:11:14:14 +0200] "GET /terms-of-sales/ HTTP/1.1" 200 229416 "-" "WP Rocket/Preload"
109.234.166.131 - - [29/Apr/2026:11:14:15 +0200] "GET /terms-of-sales/ HTTP/1.1" 200 229413 "-" "WP Rocket/Preload Mozilla/5.0 (iPhone; CPU iPhone OS 9_1 like Mac OS X) AppleWebKit/601.1.46 (KHTML, like Gecko) Version/9.0 Mobile/13B143 Safari/601.1"
57.141.14.95 - - [29/Apr/2026:11:14:16 +0200] "GET /items/P064599348/ HTTP/1.1" 404 96843 "-" "meta-externalagent/1.1 (+https://developers.facebook.com/docs/sharing/webmasters/crawler)"
57.141.14.79 - - [29/Apr/2026:11:14:22 +0200] "GET /items/P065346433/ HTTP/1.1" 404 96843 "-" "meta-externalagent/1.1 (+https://developers.facebook.com/docs/sharing/webmasters/crawler)"
57.141.14.17 - - [29/Apr/2026:11:14:33 +0200] "GET /items/P062258345/ HTTP/1.1" 404 96843 "-" "meta-externalagent/1.1 (+https://developers.facebook.com/docs/sharing/webmasters/crawler)"
192.178.6.41 - - [29/Apr/2026:11:14:33 +0200] "GET /items/S982830864/ HTTP/1.1" 404 96843 "-" "Mozilla/5.0 (Linux; Android 6.0.1; Nexus 5X Build/MMB29P) AppleWebKit/537.36 (KHTML, like Gecko) Chrome/147.0.7727.116 Mobile Safari/537.36 (compatible; Googlebot/2.1; +http://www.google.com/bot.html)"
57.141.14.39 - - [29/Apr/2026:11:14:34 +0200] "GET /items/P065305277/ HTTP/1.1" 404 96843 "-" "meta-externalagent/1.1 (+https://developers.facebook.com/docs/sharing/webmasters/crawler)"
57.141.14.40 - - [29/Apr/2026:11:14:40 +0200] "GET /items/P066386771/ HTTP/1.1" 404 96843 "-" "meta-externalagent/1.1 (+https://developers.facebook.com/docs/sharing/webmasters/crawler)"
57.141.14.38 - - [29/Apr/2026:11:14:57 +0200] "GET /items/P067821899/ HTTP/1.1" 404 96843 "-" "meta-externalagent/1.1 (+https://developers.facebook.com/docs/sharing/webmasters/crawler)"
57.141.14.112 - - [29/Apr/2026:11:15:03 +0200] "GET /items/P067750942/ HTTP/1.1" 404 96843 "-" "meta-externalagent/1.1 (+https://developers.facebook.com/docs/sharing/webmasters/crawler)"
109.234.166.131 - - [29/Apr/2026:11:15:07 +0200] "GET /politique-de-confidentialite/ HTTP/1.1" 200 227713 "-" "WP Rocket/Preload"
57.141.14.26 - - [29/Apr/2026:11:15:09 +0200] "GET /items/P067837842/ HTTP/1.1" 404 96843 "-" "meta-externalagent/1.1 (+https://developers.facebook.com/docs/sharing/webmasters/crawler)"
109.234.166.131 - - [29/Apr/2026:11:15:11 +0200] "GET /promo/ HTTP/1.1" 200 209308 "-" "WP Rocket/Preload Mozilla/5.0 (iPhone; CPU iPhone OS 9_1 like Mac OS X) AppleWebKit/601.1.46 (KHTML, like Gecko) Version/9.0 Mobile/13B143 Safari/601.1"
109.234.166.131 - - [29/Apr/2026:11:15:13 +0200] "GET /espace2en1/ HTTP/1.1" 200 239653 "-" "WP Rocket/Preload"
109.234.166.131 - - [29/Apr/2026:11:15:16 +0200] "GET /2-in-1-space/ HTTP/1.1" 200 240008 "-" "WP Rocket/Preload"
109.234.166.131 - - [29/Apr/2026:11:15:17 +0200] "GET /2-in-1-space/ HTTP/1.1" 200 240005 "-" "WP Rocket/Preload Mozilla/5.0 (iPhone; CPU iPhone OS 9_1 like Mac OS X) AppleWebKit/601.1.46 (KHTML, like Gecko) Version/9.0 Mobile/13B143 Safari/601.1"
109.234.166.131 - - [29/Apr/2026:11:15:20 +0200] "GET /confirmation-sending-question/ HTTP/1.1" 200 212013 "-" "WP Rocket/Preload Mozilla/5.0 (iPhone; CPU iPhone OS 9_1 like Mac OS X) AppleWebKit/601.1.46 (KHTML, like Gecko) Version/9.0 Mobile/13B143 Safari/601.1"
57.141.14.67 - - [29/Apr/2026:11:12:31 +0200] "GET /items/P066198941/ HTTP/1.1" 404 96843 "-" "meta-externalagent/1.1 (+https://developers.facebook.com/docs/sharing/webmasters/crawler)"
109.234.166.131 - - [29/Apr/2026:11:13:03 +0200] "POST /wp-cron.php?doing_wp_cron=1777453983.3049440383911132812500 HTTP/1.1" 200 0 "-" "WordPress/6.9.4; https://www.liftsecurity.net"
109.234.166.131 - - [29/Apr/2026:11:13:33 +0200] "POST /wp-cron.php?doing_wp_cron=1777454012.9964380264282226562500 HTTP/1.1" 200 0 "-" "WordPress/6.9.4; https://www.liftsecurity.net"
57.141.14.42 - - [29/Apr/2026:11:13:44 +0200] "GET /items/P061538399/ HTTP/1.1" 404 96843 "-" "meta-externalagent/1.1 (+https://developers.facebook.com/docs/sharing/webmasters/crawler)"
57.141.14.110 - - [29/Apr/2026:11:14:04 +0200] "GET /items/P064061412/ HTTP/1.1" 404 96843 "-" "meta-externalagent/1.1 (+https://developers.facebook.com/docs/sharing/webmasters/crawler)"
109.234.166.131 - - [29/Apr/2026:11:14:07 +0200] "GET /lit/studio/ HTTP/1.1" 200 265988 "-" "WP Rocket/Preload Mozilla/5.0 (iPhone; CPU iPhone OS 9_1 like Mac OS X) AppleWebKit/601.1.46 (KHTML, like Gecko) Version/9.0 Mobile/13B143 Safari/601.1"
109.234.166.131 - - [29/Apr/2026:11:14:17 +0200] "GET /privacy-policy/ HTTP/1.1" 200 232298 "-" "WP Rocket/Preload"
109.234.166.131 - - [29/Apr/2026:11:14:18 +0200] "GET /privacy-policy/ HTTP/1.1" 200 232294 "-" "WP Rocket/Preload Mozilla/5.0 (iPhone; CPU iPhone OS 9_1 like Mac OS X) AppleWebKit/601.1.46 (KHTML, like Gecko) Version/9.0 Mobile/13B143 Safari/601.1"
109.234.166.131 - - [29/Apr/2026:11:14:23 +0200] "POST /wp-cron.php?doing_wp_cron=1777454063.0208630561828613281250 HTTP/1.1" 200 0 "-" "WordPress/6.9.4; https://www.liftsecurity.net"
109.234.166.131 - - [29/Apr/2026:11:15:04 +0200] "POST /wp-cron.php?doing_wp_cron=1777454104.2800030708312988281250 HTTP/1.1" 200 0 "-" "WordPress/6.9.4; https://www.liftsecurity.net"
109.234.166.131 - - [29/Apr/2026:11:15:04 +0200] "GET /legal-notice/ HTTP/1.1" 200 218523 "-" "WP Rocket/Preload"
109.234.166.131 - - [29/Apr/2026:11:15:05 +0200] "GET /legal-notice/ HTTP/1.1" 200 218524 "-" "WP Rocket/Preload Mozilla/5.0 (iPhone; CPU iPhone OS 9_1 like Mac OS X) AppleWebKit/601.1.46 (KHTML, like Gecko) Version/9.0 Mobile/13B143 Safari/601.1"
109.234.166.131 - - [29/Apr/2026:11:15:10 +0200] "GET /promo/ HTTP/1.1" 200 209311 "-" "WP Rocket/Preload"
109.234.166.131 - - [29/Apr/2026:11:15:14 +0200] "GET /espace2en1/ HTTP/1.1" 200 239160 "-" "WP Rocket/Preload Mozilla/5.0 (iPhone; CPU iPhone OS 9_1 like Mac OS X) AppleWebKit/601.1.46 (KHTML, like Gecko) Version/9.0 Mobile/13B143 Safari/601.1"
109.234.166.131 - - [29/Apr/2026:11:15:21 +0200] "GET /confirmation-request/ HTTP/1.1" 200 211809 "-" "WP Rocket/Preload"
109.234.166.131 - - [29/Apr/2026:11:15:23 +0200] "GET /confirmation-request/ HTTP/1.1" 200 211806 "-" "WP Rocket/Preload Mozilla/5.0 (iPhone; CPU iPhone OS 9_1 like Mac OS X) AppleWebKit/601.1.46 (KHTML, like Gecko) Version/9.0 Mobile/13B143 Safari/601.1"
192.178.6.41 - - [29/Apr/2026:11:15:25 +0200] "GET /items/J643182115/ HTTP/1.1" 404 96843 "-" "Mozilla/5.0 (Linux; Android 6.0.1; Nexus 5X Build/MMB29P) AppleWebKit/537.36 (KHTML, like Gecko) Chrome/147.0.7727.116 Mobile Safari/537.36 (compatible; Googlebot/2.1; +http://www.google.com/bot.html)"
109.234.166.131 - - [29/Apr/2026:11:15:33 +0200] "POST /wp-cron.php?doing_wp_cron=1777454133.9545180797576904296875 HTTP/1.1" 200 0 "-" "WordPress/6.9.4; https://www.liftsecurity.net"
57.141.14.38 - - [29/Apr/2026:11:15:33 +0200] "GET /items/P062612471/ HTTP/1.1" 404 96843 "-" "meta-externalagent/1.1 (+https://developers.facebook.com/docs/sharing/webmasters/crawler)"
109.234.166.131 - - [29/Apr/2026:11:15:45 +0200] "POST /wp-cron.php?doing_wp_cron=1777454145.9542100429534912109375 HTTP/1.1" 200 0 "-" "WordPress/6.9.4; https://www.liftsecurity.net"
57.141.14.20 - - [29/Apr/2026:11:15:50 +0200] "GET /items/P067253098/ HTTP/1.1" 301 0 "-" "meta-externalagent/1.1 (+https://developers.facebook.com/docs/sharing/webmasters/crawler)"
109.234.166.131 - - [29/Apr/2026:11:14:11 +0200] "GET /mentions-legales/ HTTP/1.1" 200 215286 "-" "WP Rocket/Preload"
109.234.166.131 - - [29/Apr/2026:11:14:33 +0200] "POST /wp-cron.php?doing_wp_cron=1777454073.5874080657958984375000 HTTP/1.1" 200 0 "-" "WordPress/6.9.4; https://www.liftsecurity.net"
109.234.166.131 - - [29/Apr/2026:11:14:40 +0200] "POST /wp-cron.php?doing_wp_cron=1777454080.5114219188690185546875 HTTP/1.1" 200 0 "-" "WordPress/6.9.4; https://www.liftsecurity.net"
57.141.14.108 - - [29/Apr/2026:11:14:45 +0200] "GET /items/P064505094/ HTTP/1.1" 404 96843 "-" "meta-externalagent/1.1 (+https://developers.facebook.com/docs/sharing/webmasters/crawler)"
216.244.66.241 - - [29/Apr/2026:11:14:47 +0200] "GET /wp-content/uploads/2020/03/IMG_8091-1.jpg HTTP/1.1" 200 72452 "-" "Mozilla/5.0 (compatible; DotBot/1.2; +https://opensiteexplorer.org/dotbot; help@moz.com)"
57.141.14.99 - - [29/Apr/2026:11:14:51 +0200] "GET /items/P065139802/ HTTP/1.1" 404 96843 "-" "meta-externalagent/1.1 (+https://developers.facebook.com/docs/sharing/webmasters/crawler)"
216.244.66.241 - - [29/Apr/2026:11:14:56 +0200] "GET /wp-content/uploads/2022/07/IMG_7039-md.jpg HTTP/1.1" 200 114733 "-" "Mozilla/5.0 (compatible; DotBot/1.2; +https://opensiteexplorer.org/dotbot; help@moz.com)"
109.234.166.131 - - [29/Apr/2026:11:15:08 +0200] "GET /politique-de-confidentialite/ HTTP/1.1" 200 227710 "-" "WP Rocket/Preload Mozilla/5.0 (iPhone; CPU iPhone OS 9_1 like Mac OS X) AppleWebKit/601.1.46 (KHTML, like Gecko) Version/9.0 Mobile/13B143 Safari/601.1"
57.141.14.109 - - [29/Apr/2026:11:15:15 +0200] "GET /items/P063244681/ HTTP/1.1" 404 96843 "-" "meta-externalagent/1.1 (+https://developers.facebook.com/docs/sharing/webmasters/crawler)"
109.234.166.131 - - [29/Apr/2026:11:15:19 +0200] "GET /confirmation-sending-question/ HTTP/1.1" 200 212016 "-" "WP Rocket/Preload"
57.141.14.76 - - [29/Apr/2026:11:15:22 +0200] "GET /items/P067275913/ HTTP/1.1" 404 96843 "-" "meta-externalagent/1.1 (+https://developers.facebook.com/docs/sharing/webmasters/crawler)"
57.141.14.12 - - [29/Apr/2026:11:15:39 +0200] "GET /sitemap2026-04-09.xml HTTP/1.1" 301 0 "-" "meta-externalagent/1.1 (+https://developers.facebook.com/docs/sharing/webmasters/crawler)"
57.141.14.48 - - [29/Apr/2026:11:15:45 +0200] "GET /fitzroyavyf.xml HTTP/1.1" 404 92779 "-" "meta-externalagent/1.1 (+https://developers.facebook.com/docs/sharing/webmasters/crawler)"
109.234.166.131 - - [29/Apr/2026:11:16:07 +0200] "GET /easy-meca/ HTTP/1.1" 200 286596 "-" "WP Rocket/Preload Mozilla/5.0 (iPhone; CPU iPhone OS 9_1 like Mac OS X) AppleWebKit/601.1.46 (KHTML, like Gecko) Version/9.0 Mobile/13B143 Safari/601.1"
109.234.166.131 - - [29/Apr/2026:11:16:10 +0200] "GET /horizontal/ HTTP/1.1" 200 299020 "-" "WP Rocket/Preload Mozilla/5.0 (iPhone; CPU iPhone OS 9_1 like Mac OS X) AppleWebKit/601.1.46 (KHTML, like Gecko) Version/9.0 Mobile/13B143 Safari/601.1"
109.234.166.131 - - [29/Apr/2026:11:16:11 +0200] "GET /wellness-mattress/ HTTP/1.1" 200 298414 "-" "WP Rocket/Preload"
109.234.166.131 - - [29/Apr/2026:11:16:18 +0200] "GET /confirmation-denvoi-de-question/ HTTP/1.1" 200 212182 "-" "WP Rocket/Preload Mozilla/5.0 (iPhone; CPU iPhone OS 9_1 like Mac OS X) AppleWebKit/601.1.46 (KHTML, like Gecko) Version/9.0 Mobile/13B143 Safari/601.1"
109.234.166.131 - - [29/Apr/2026:11:16:23 +0200] "GET /linnovation-liftsecurity/ HTTP/1.1" 200 252569 "-" "WP Rocket/Preload"
109.234.166.131 - - [29/Apr/2026:11:16:24 +0200] "GET /linnovation-liftsecurity/ HTTP/1.1" 200 253451 "-" "WP Rocket/Preload Mozilla/5.0 (iPhone; CPU iPhone OS 9_1 like Mac OS X) AppleWebKit/601.1.46 (KHTML, like Gecko) Version/9.0 Mobile/13B143 Safari/601.1"
109.234.166.131 - - [29/Apr/2026:11:16:34 +0200] "POST /wp-cron.php?doing_wp_cron=1777454194.2276659011840820312500 HTTP/1.1" 200 0 "-" "WordPress/6.9.4; https://www.liftsecurity.net"
109.234.166.131 - - [29/Apr/2026:11:16:40 +0200] "POST /wp-cron.php?doing_wp_cron=1777454200.8254909515380859375000 HTTP/1.1" 200 0 "-" "WordPress/6.9.4; https://www.liftsecurity.net"
109.234.166.131 - - [29/Apr/2026:11:15:24 +0200] "GET /lit-escamotable-easy-meca/ HTTP/1.1" 200 285398 "-" "WP Rocket/Preload"
109.234.166.131 - - [29/Apr/2026:11:15:25 +0200] "GET /lit-escamotable-easy-meca/ HTTP/1.1" 200 286660 "-" "WP Rocket/Preload Mozilla/5.0 (iPhone; CPU iPhone OS 9_1 like Mac OS X) AppleWebKit/601.1.46 (KHTML, like Gecko) Version/9.0 Mobile/13B143 Safari/601.1"
57.141.14.88 - - [29/Apr/2026:11:15:27 +0200] "GET /items/P064246256/ HTTP/1.1" 301 0 "-" "meta-externalagent/1.1 (+https://developers.facebook.com/docs/sharing/webmasters/crawler)"
57.141.14.26 - - [29/Apr/2026:11:15:56 +0200] "GET /items/P065294512/ HTTP/1.1" 404 96843 "-" "meta-externalagent/1.1 (+https://developers.facebook.com/docs/sharing/webmasters/crawler)"
109.234.166.131 - - [29/Apr/2026:11:16:02 +0200] "POST /wp-cron.php?doing_wp_cron=1777454162.3395400047302246093750 HTTP/1.1" 200 0 "-" "WordPress/6.9.4; https://www.liftsecurity.net"
109.234.166.131 - - [29/Apr/2026:11:16:02 +0200] "GET /matelas-lit-escamotable/ HTTP/1.1" 200 305034 "-" "WP Rocket/Preload"
109.234.166.131 - - [29/Apr/2026:11:16:04 +0200] "GET /matelas-lit-escamotable/ HTTP/1.1" 200 305034 "-" "WP Rocket/Preload Mozilla/5.0 (iPhone; CPU iPhone OS 9_1 like Mac OS X) AppleWebKit/601.1.46 (KHTML, like Gecko) Version/9.0 Mobile/13B143 Safari/601.1"
57.141.14.77 - - [29/Apr/2026:11:16:08 +0200] "GET /items/P061780036/ HTTP/1.1" 404 96843 "-" "meta-externalagent/1.1 (+https://developers.facebook.com/docs/sharing/webmasters/crawler)"
109.234.166.131 - - [29/Apr/2026:11:16:08 +0200] "GET /horizontal/ HTTP/1.1" 200 298897 "-" "WP Rocket/Preload"
57.141.14.19 - - [29/Apr/2026:11:16:18 +0200] "GET /items/P065462280/ HTTP/1.1" 301 0 "-" "meta-externalagent/1.1 (+https://developers.facebook.com/docs/sharing/webmasters/crawler)"
109.234.166.131 - - [29/Apr/2026:11:16:21 +0200] "GET /confirmation-demande-de-documentation/ HTTP/1.1" 200 210531 "-" "WP Rocket/Preload Mozilla/5.0 (iPhone; CPU iPhone OS 9_1 like Mac OS X) AppleWebKit/601.1.46 (KHTML, like Gecko) Version/9.0 Mobile/13B143 Safari/601.1"
57.141.14.16 - - [29/Apr/2026:11:16:33 +0200] "GET /items/P065293997/ HTTP/1.1" 404 96843 "-" "meta-externalagent/1.1 (+https://developers.facebook.com/docs/sharing/webmasters/crawler)"
57.141.14.26 - - [29/Apr/2026:11:16:40 +0200] "GET /items/P066256406/ HTTP/1.1" 404 96843 "-" "meta-externalagent/1.1 (+https://developers.facebook.com/docs/sharing/webmasters/crawler)"
57.141.14.80 - - [29/Apr/2026:11:16:52 +0200] "GET /items/P065595103/ HTTP/1.1" 301 0 "-" "meta-externalagent/1.1 (+https://developers.facebook.com/docs/sharing/webmasters/crawler)"
109.234.166.131 - - [29/Apr/2026:11:17:04 +0200] "POST /wp-cron.php?doing_wp_cron=1777454224.8462150096893310546875 HTTP/1.1" 200 0 "-" "WordPress/6.9.4; https://www.liftsecurity.net"
109.234.166.131 - - [29/Apr/2026:11:17:06 +0200] "GET /contact-us/ HTTP/1.1" 200 231227 "-" "WP Rocket/Preload Mozilla/5.0 (iPhone; CPU iPhone OS 9_1 like Mac OS X) AppleWebKit/601.1.46 (KHTML, like Gecko) Version/9.0 Mobile/13B143 Safari/601.1"
109.234.166.131 - - [29/Apr/2026:11:17:10 +0200] "GET /videos/ HTTP/1.1" 200 213572 "-" "WP Rocket/Preload"
109.234.166.131 - - [29/Apr/2026:11:17:12 +0200] "GET /videos/ HTTP/1.1" 200 213472 "-" "WP Rocket/Preload Mozilla/5.0 (iPhone; CPU iPhone OS 9_1 like Mac OS X) AppleWebKit/601.1.46 (KHTML, like Gecko) Version/9.0 Mobile/13B143 Safari/601.1"
109.234.166.131 - - [29/Apr/2026:11:17:13 +0200] "GET /faq/ HTTP/1.1" 200 254400 "-" "WP Rocket/Preload"
109.234.166.131 - - [29/Apr/2026:11:17:17 +0200] "GET /our-history/ HTTP/1.1" 200 257697 "-" "WP Rocket/Preload Mozilla/5.0 (iPhone; CPU iPhone OS 9_1 like Mac OS X) AppleWebKit/601.1.46 (KHTML, like Gecko) Version/9.0 Mobile/13B143 Safari/601.1"
109.234.166.131 - - [29/Apr/2026:11:17:20 +0200] "GET /hybrid-sofa/ HTTP/1.1" 200 322724 "-" "WP Rocket/Preload Mozilla/5.0 (iPhone; CPU iPhone OS 9_1 like Mac OS X) AppleWebKit/601.1.46 (KHTML, like Gecko) Version/9.0 Mobile/13B143 Safari/601.1"
57.141.14.33 - - [29/Apr/2026:11:16:02 +0200] "GET /items/P064597350/ HTTP/1.1" 301 0 "-" "meta-externalagent/1.1 (+https://developers.facebook.com/docs/sharing/webmasters/crawler)"
109.234.166.131 - - [29/Apr/2026:11:16:05 +0200] "GET /easy-meca/ HTTP/1.1" 200 286610 "-" "WP Rocket/Preload"
57.141.14.63 - - [29/Apr/2026:11:16:13 +0200] "GET /items/P063836237/ HTTP/1.1" 301 0 "-" "meta-externalagent/1.1 (+https://developers.facebook.com/docs/sharing/webmasters/crawler)"
109.234.166.131 - - [29/Apr/2026:11:16:13 +0200] "GET /wellness-mattress/ HTTP/1.1" 200 298411 "-" "WP Rocket/Preload Mozilla/5.0 (iPhone; CPU iPhone OS 9_1 like Mac OS X) AppleWebKit/601.1.46 (KHTML, like Gecko) Version/9.0 Mobile/13B143 Safari/601.1"
109.234.166.131 - - [29/Apr/2026:11:16:14 +0200] "GET /confirmation-envoi-contact/ HTTP/1.1" 200 212097 "-" "WP Rocket/Preload"
192.178.6.41 - - [29/Apr/2026:11:16:15 +0200] "GET /items/A475685642/ HTTP/1.1" 404 96843 "-" "Mozilla/5.0 (Linux; Android 6.0.1; Nexus 5X Build/MMB29P) AppleWebKit/537.36 (KHTML, like Gecko) Chrome/147.0.7727.116 Mobile Safari/537.36 (compatible; Googlebot/2.1; +http://www.google.com/bot.html)"
109.234.166.131 - - [29/Apr/2026:11:16:15 +0200] "GET /confirmation-envoi-contact/ HTTP/1.1" 200 212094 "-" "WP Rocket/Preload Mozilla/5.0 (iPhone; CPU iPhone OS 9_1 like Mac OS X) AppleWebKit/601.1.46 (KHTML, like Gecko) Version/9.0 Mobile/13B143 Safari/601.1"
109.234.166.131 - - [29/Apr/2026:11:16:17 +0200] "GET /confirmation-denvoi-de-question/ HTTP/1.1" 200 212185 "-" "WP Rocket/Preload"
109.234.166.131 - - [29/Apr/2026:11:16:20 +0200] "GET /confirmation-demande-de-documentation/ HTTP/1.1" 200 210597 "-" "WP Rocket/Preload"
57.141.14.104 - - [29/Apr/2026:11:16:23 +0200] "GET /items/P066887135/ HTTP/1.1" 301 0 "-" "meta-externalagent/1.1 (+https://developers.facebook.com/docs/sharing/webmasters/crawler)"
192.178.6.41 - - [29/Apr/2026:11:16:35 +0200] "GET /items/J622320470/ HTTP/1.1" 404 96843 "-" "Mozilla/5.0 (Linux; Android 6.0.1; Nexus 5X Build/MMB29P) AppleWebKit/537.36 (KHTML, like Gecko) Chrome/147.0.7727.116 Mobile Safari/537.36 (compatible; Googlebot/2.1; +http://www.google.com/bot.html)"
57.141.14.67 - - [29/Apr/2026:11:16:40 +0200] "GET /items/P067655886/ HTTP/1.1" 404 96843 "-" "meta-externalagent/1.1 (+https://developers.facebook.com/docs/sharing/webmasters/crawler)"
57.141.14.98 - - [29/Apr/2026:11:16:46 +0200] "GET /items/P066956498/ HTTP/1.1" 301 0 "-" "meta-externalagent/1.1 (+https://developers.facebook.com/docs/sharing/webmasters/crawler)"
57.141.14.84 - - [29/Apr/2026:11:17:04 +0200] "GET /items/P066911132/ HTTP/1.1" 404 96843 "-" "meta-externalagent/1.1 (+https://developers.facebook.com/docs/sharing/webmasters/crawler)"
109.234.166.131 - - [29/Apr/2026:11:17:08 +0200] "GET /confirmation-of-documentation-request/ HTTP/1.1" 200 211974 "-" "WP Rocket/Preload"
192.178.6.41 - - [29/Apr/2026:11:17:13 +0200] "GET /items/A533002798/ HTTP/1.1" 404 96843 "-" "Mozilla/5.0 (Linux; Android 6.0.1; Nexus 5X Build/MMB29P) AppleWebKit/537.36 (KHTML, like Gecko) Chrome/147.0.7727.116 Mobile Safari/537.36 (compatible; Googlebot/2.1; +http://www.google.com/bot.html)"
109.234.166.131 - - [29/Apr/2026:11:17:14 +0200] "GET /faq/ HTTP/1.1" 200 255968 "-" "WP Rocket/Preload Mozilla/5.0 (iPhone; CPU iPhone OS 9_1 like Mac OS X) AppleWebKit/601.1.46 (KHTML, like Gecko) Version/9.0 Mobile/13B143 Safari/601.1"
109.234.166.131 - - [29/Apr/2026:11:17:16 +0200] "GET /our-history/ HTTP/1.1" 200 255999 "-" "WP Rocket/Preload"
57.141.14.11 - - [29/Apr/2026:11:17:19 +0200] "GET /items/P063494461/ HTTP/1.1" 404 96843 "-" "meta-externalagent/1.1 (+https://developers.facebook.com/docs/sharing/webmasters/crawler)"
109.234.166.131 - - [29/Apr/2026:11:17:19 +0200] "GET /hybrid-sofa/ HTTP/1.1" 200 322827 "-" "WP Rocket/Preload"
109.234.166.131 - - [29/Apr/2026:11:17:25 +0200] "GET /flex-sofa/ HTTP/1.1" 200 305387 "-" "WP Rocket/Preload"
57.141.14.99 - - [29/Apr/2026:11:17:32 +0200] "GET /items/P064559617/ HTTP/1.1" 301 0 "-" "meta-externalagent/1.1 (+https://developers.facebook.com/docs/sharing/webmasters/crawler)"
57.141.14.6 - - [29/Apr/2026:11:17:46 +0200] "GET /items/P066732498/ HTTP/1.1" 301 0 "-" "meta-externalagent/1.1 (+https://developers.facebook.com/docs/sharing/webmasters/crawler)"
192.178.6.41 - - [29/Apr/2026:11:17:48 +0200] "GET /items/Z762078566/ HTTP/1.1" 404 96843 "-" "Mozilla/5.0 (Linux; Android 6.0.1; Nexus 5X Build/MMB29P) AppleWebKit/537.36 (KHTML, like Gecko) Chrome/147.0.7727.116 Mobile Safari/537.36 (compatible; Googlebot/2.1; +http://www.google.com/bot.html)"
57.141.14.18 - - [29/Apr/2026:11:17:54 +0200] "GET /items/P066371000/ HTTP/1.1" 301 0 "-" "meta-externalagent/1.1 (+https://developers.facebook.com/docs/sharing/webmasters/crawler)"
109.234.166.131 - - [29/Apr/2026:11:18:05 +0200] "GET /home-page/ HTTP/1.1" 200 288240 "-" "WP Rocket/Preload Mozilla/5.0 (iPhone; CPU iPhone OS 9_1 like Mac OS X) AppleWebKit/601.1.46 (KHTML, like Gecko) Version/9.0 Mobile/13B143 Safari/601.1"
57.141.14.38 - - [29/Apr/2026:11:18:07 +0200] "GET /items/P062324006/ HTTP/1.1" 404 96843 "-" "meta-externalagent/1.1 (+https://developers.facebook.com/docs/sharing/webmasters/crawler)"
109.234.166.131 - - [29/Apr/2026:11:18:07 +0200] "GET /decouvrez-les-cles-du-bien-etre/ HTTP/1.1" 200 218606 "-" "WP Rocket/Preload"
109.234.166.131 - - [29/Apr/2026:11:18:08 +0200] "GET /decouvrez-les-cles-du-bien-etre/ HTTP/1.1" 200 221608 "-" "WP Rocket/Preload Mozilla/5.0 (iPhone; CPU iPhone OS 9_1 like Mac OS X) AppleWebKit/601.1.46 (KHTML, like Gecko) Version/9.0 Mobile/13B143 Safari/601.1"
109.234.166.131 - - [29/Apr/2026:11:18:11 +0200] "GET /demande-tarifs-concept-bien-etre/ HTTP/1.1" 200 212231 "-" "WP Rocket/Preload Mozilla/5.0 (iPhone; CPU iPhone OS 9_1 like Mac OS X) AppleWebKit/601.1.46 (KHTML, like Gecko) Version/9.0 Mobile/13B143 Safari/601.1"
57.141.14.27 - - [29/Apr/2026:11:18:13 +0200] "GET /items/P067026934/ HTTP/1.1" 404 96843 "-" "meta-externalagent/1.1 (+https://developers.facebook.com/docs/sharing/webmasters/crawler)"
109.234.166.131 - - [29/Apr/2026:11:18:22 +0200] "GET /lit-escamotable/ HTTP/1.1" 200 300214 "-" "WP Rocket/Preload"
109.234.166.131 - - [29/Apr/2026:11:18:32 +0200] "POST /wp-cron.php?doing_wp_cron=1777454312.9086670875549316406250 HTTP/1.1" 200 0 "-" "WordPress/6.9.4; https://www.liftsecurity.net"
57.141.14.76 - - [29/Apr/2026:11:18:39 +0200] "GET /items/P064540601/ HTTP/1.1" 404 96843 "-" "meta-externalagent/1.1 (+https://developers.facebook.com/docs/sharing/webmasters/crawler)"
109.234.166.131 - - [29/Apr/2026:11:18:40 +0200] "POST /wp-cron.php?doing_wp_cron=1777454320.2540669441223144531250 HTTP/1.1" 200 0 "-" "WordPress/6.9.4; https://www.liftsecurity.net"
57.141.14.16 - - [29/Apr/2026:11:18:51 +0200] "GET /items/P067431989/ HTTP/1.1" 301 0 "-" "meta-externalagent/1.1 (+https://developers.facebook.com/docs/sharing/webmasters/crawler)"
57.141.14.89 - - [29/Apr/2026:11:18:58 +0200] "GET /items/P061435002/ HTTP/1.1" 404 96843 "-" "meta-externalagent/1.1 (+https://developers.facebook.com/docs/sharing/webmasters/crawler)"
57.141.14.102 - - [29/Apr/2026:11:19:04 +0200] "GET /items/P064883915/ HTTP/1.1" 301 0 "-" "meta-externalagent/1.1 (+https://developers.facebook.com/docs/sharing/webmasters/crawler)"
109.234.166.131 - - [29/Apr/2026:11:19:04 +0200] "GET /lit-escamotable-canape/ HTTP/1.1" 200 332977 "-" "WP Rocket/Preload"
109.234.166.131 - - [29/Apr/2026:11:19:06 +0200] "GET /lit-escamotable-canape/ HTTP/1.1" 200 332216 "-" "WP Rocket/Preload Mozilla/5.0 (iPhone; CPU iPhone OS 9_1 like Mac OS X) AppleWebKit/601.1.46 (KHTML, like Gecko) Version/9.0 Mobile/13B143 Safari/601.1"
109.234.166.131 - - [29/Apr/2026:11:19:09 +0200] "GET /lit-escamotable-electrique-julia-canape/ HTTP/1.1" 200 257795 "-" "WP Rocket/Preload Mozilla/5.0 (iPhone; CPU iPhone OS 9_1 like Mac OS X) AppleWebKit/601.1.46 (KHTML, like Gecko) Version/9.0 Mobile/13B143 Safari/601.1"
109.234.166.131 - - [29/Apr/2026:11:17:05 +0200] "GET /contact-us/ HTTP/1.1" 200 230411 "-" "WP Rocket/Preload"
109.234.166.131 - - [29/Apr/2026:11:17:09 +0200] "GET /confirmation-of-documentation-request/ HTTP/1.1" 200 211971 "-" "WP Rocket/Preload Mozilla/5.0 (iPhone; CPU iPhone OS 9_1 like Mac OS X) AppleWebKit/601.1.46 (KHTML, like Gecko) Version/9.0 Mobile/13B143 Safari/601.1"
57.141.14.103 - - [29/Apr/2026:11:17:11 +0200] "GET /items/P065201110/ HTTP/1.1" 404 96843 "-" "meta-externalagent/1.1 (+https://developers.facebook.com/docs/sharing/webmasters/crawler)"
57.141.14.61 - - [29/Apr/2026:11:17:12 +0200] "GET /items/P067221010/ HTTP/1.1" 301 0 "-" "meta-externalagent/1.1 (+https://developers.facebook.com/docs/sharing/webmasters/crawler)"
192.178.6.32 - - [29/Apr/2026:11:17:22 +0200] "GET /items/J713998525/ HTTP/1.1" 404 96843 "-" "Mozilla/5.0 (Linux; Android 6.0.1; Nexus 5X Build/MMB29P) AppleWebKit/537.36 (KHTML, like Gecko) Chrome/147.0.7727.116 Mobile Safari/537.36 (compatible; Googlebot/2.1; +http://www.google.com/bot.html)"
109.234.166.131 - - [29/Apr/2026:11:17:22 +0200] "GET /hybrid-single/ HTTP/1.1" 200 325706 "-" "WP Rocket/Preload"
57.141.14.98 - - [29/Apr/2026:11:17:26 +0200] "GET /items/P062962924/ HTTP/1.1" 301 0 "-" "meta-externalagent/1.1 (+https://developers.facebook.com/docs/sharing/webmasters/crawler)"
109.234.166.131 - - [29/Apr/2026:11:17:33 +0200] "POST /wp-cron.php?doing_wp_cron=1777454253.2808139324188232421875 HTTP/1.1" 200 0 "-" "WordPress/6.9.4; https://www.liftsecurity.net"
109.234.166.131 - - [29/Apr/2026:11:18:04 +0200] "GET /home-page/ HTTP/1.1" 200 285633 "-" "WP Rocket/Preload"
109.234.166.131 - - [29/Apr/2026:11:18:13 +0200] "GET /catalog/ HTTP/1.1" 200 211684 "-" "WP Rocket/Preload"
109.234.166.131 - - [29/Apr/2026:11:18:14 +0200] "GET /catalog/ HTTP/1.1" 200 211681 "-" "WP Rocket/Preload Mozilla/5.0 (iPhone; CPU iPhone OS 9_1 like Mac OS X) AppleWebKit/601.1.46 (KHTML, like Gecko) Version/9.0 Mobile/13B143 Safari/601.1"
192.178.6.32 - - [29/Apr/2026:11:18:15 +0200] "GET /items/F583011707/ HTTP/1.1" 404 96843 "-" "Mozilla/5.0 (Linux; Android 6.0.1; Nexus 5X Build/MMB29P) AppleWebKit/537.36 (KHTML, like Gecko) Chrome/147.0.7727.116 Mobile Safari/537.36 (compatible; Googlebot/2.1; +http://www.google.com/bot.html)"
109.234.166.131 - - [29/Apr/2026:11:18:19 +0200] "GET /lit-escamotable-electrique-julia-simple/ HTTP/1.1" 200 244865 "-" "WP Rocket/Preload"
109.234.166.131 - - [29/Apr/2026:11:18:27 +0200] "POST /wp-cron.php?doing_wp_cron=1777454307.4126749038696289062500 HTTP/1.1" 200 0 "-" "WordPress/6.9.4; https://www.liftsecurity.net"
192.178.6.41 - - [29/Apr/2026:11:18:39 +0200] "GET /items/Z947150382/ HTTP/1.1" 404 96843 "-" "Mozilla/5.0 (Linux; Android 6.0.1; Nexus 5X Build/MMB29P) AppleWebKit/537.36 (KHTML, like Gecko) Chrome/147.0.7727.116 Mobile Safari/537.36 (compatible; Googlebot/2.1; +http://www.google.com/bot.html)"
109.234.166.131 - - [29/Apr/2026:11:19:07 +0200] "GET /lit-escamotable-electrique-julia-canape/ HTTP/1.1" 200 258695 "-" "WP Rocket/Preload"
109.234.166.131 - - [29/Apr/2026:11:19:13 +0200] "GET /lit-escamotable-electrique-canape/ HTTP/1.1" 200 339466 "-" "WP Rocket/Preload"
57.141.14.56 - - [29/Apr/2026:11:19:15 +0200] "GET /items/P061770081/ HTTP/1.1" 404 96843 "-" "meta-externalagent/1.1 (+https://developers.facebook.com/docs/sharing/webmasters/crawler)"
109.234.166.131 - - [29/Apr/2026:11:19:21 +0200] "GET /contact/ HTTP/1.1" 200 251392 "-" "WP Rocket/Preload Mozilla/5.0 (iPhone; CPU iPhone OS 9_1 like Mac OS X) AppleWebKit/601.1.46 (KHTML, like Gecko) Version/9.0 Mobile/13B143 Safari/601.1"
57.141.14.71 - - [29/Apr/2026:11:19:23 +0200] "GET /items/P064914675/ HTTP/1.1" 301 0 "-" "meta-externalagent/1.1 (+https://developers.facebook.com/docs/sharing/webmasters/crawler)"
109.234.166.131 - - [29/Apr/2026:11:19:24 +0200] "GET /lit/ HTTP/1.1" 200 232853 "-" "WP Rocket/Preload Mozilla/5.0 (iPhone; CPU iPhone OS 9_1 like Mac OS X) AppleWebKit/601.1.46 (KHTML, like Gecko) Version/9.0 Mobile/13B143 Safari/601.1"
109.234.166.131 - - [29/Apr/2026:11:17:23 +0200] "GET /hybrid-single/ HTTP/1.1" 200 325709 "-" "WP Rocket/Preload Mozilla/5.0 (iPhone; CPU iPhone OS 9_1 like Mac OS X) AppleWebKit/601.1.46 (KHTML, like Gecko) Version/9.0 Mobile/13B143 Safari/601.1"
109.234.166.131 - - [29/Apr/2026:11:17:26 +0200] "GET /flex-sofa/ HTTP/1.1" 200 305388 "-" "WP Rocket/Preload Mozilla/5.0 (iPhone; CPU iPhone OS 9_1 like Mac OS X) AppleWebKit/601.1.46 (KHTML, like Gecko) Version/9.0 Mobile/13B143 Safari/601.1"
109.234.166.131 - - [29/Apr/2026:11:17:46 +0200] "POST /wp-cron.php?doing_wp_cron=1777454266.3432281017303466796875 HTTP/1.1" 200 0 "-" "WordPress/6.9.4; https://www.liftsecurity.net"
57.141.14.14 - - [29/Apr/2026:11:17:47 +0200] "GET /items/P064440977/ HTTP/1.1" 301 0 "-" "meta-externalagent/1.1 (+https://developers.facebook.com/docs/sharing/webmasters/crawler)"
109.234.166.131 - - [29/Apr/2026:11:18:01 +0200] "POST /wp-cron.php?doing_wp_cron=1777454281.1751470565795898437500 HTTP/1.1" 200 0 "-" "WordPress/6.9.4; https://www.liftsecurity.net"
57.141.14.61 - - [29/Apr/2026:11:18:00 +0200] "GET /items/P063080889/ HTTP/1.1" 404 96843 "-" "meta-externalagent/1.1 (+https://developers.facebook.com/docs/sharing/webmasters/crawler)"
109.234.166.131 - - [29/Apr/2026:11:18:01 +0200] "GET /single-flex/ HTTP/1.1" 200 304344 "-" "WP Rocket/Preload"
109.234.166.131 - - [29/Apr/2026:11:18:02 +0200] "GET /single-flex/ HTTP/1.1" 200 304346 "-" "WP Rocket/Preload Mozilla/5.0 (iPhone; CPU iPhone OS 9_1 like Mac OS X) AppleWebKit/601.1.46 (KHTML, like Gecko) Version/9.0 Mobile/13B143 Safari/601.1"
109.234.166.131 - - [29/Apr/2026:11:18:10 +0200] "GET /demande-tarifs-concept-bien-etre/ HTTP/1.1" 200 212234 "-" "WP Rocket/Preload"
109.234.166.131 - - [29/Apr/2026:11:18:16 +0200] "GET /catalogue/ HTTP/1.1" 200 210332 "-" "WP Rocket/Preload"
109.234.166.131 - - [29/Apr/2026:11:18:17 +0200] "GET /catalogue/ HTTP/1.1" 200 210331 "-" "WP Rocket/Preload Mozilla/5.0 (iPhone; CPU iPhone OS 9_1 like Mac OS X) AppleWebKit/601.1.46 (KHTML, like Gecko) Version/9.0 Mobile/13B143 Safari/601.1"
57.141.14.44 - - [29/Apr/2026:11:18:19 +0200] "GET /items/P061308561/ HTTP/1.1" 404 96843 "-" "meta-externalagent/1.1 (+https://developers.facebook.com/docs/sharing/webmasters/crawler)"
109.234.166.131 - - [29/Apr/2026:11:18:20 +0200] "GET /lit-escamotable-electrique-julia-simple/ HTTP/1.1" 200 244889 "-" "WP Rocket/Preload Mozilla/5.0 (iPhone; CPU iPhone OS 9_1 like Mac OS X) AppleWebKit/601.1.46 (KHTML, like Gecko) Version/9.0 Mobile/13B143 Safari/601.1"
109.234.166.131 - - [29/Apr/2026:11:18:23 +0200] "GET /lit-escamotable/ HTTP/1.1" 200 300086 "-" "WP Rocket/Preload Mozilla/5.0 (iPhone; CPU iPhone OS 9_1 like Mac OS X) AppleWebKit/601.1.46 (KHTML, like Gecko) Version/9.0 Mobile/13B143 Safari/601.1"
57.141.14.19 - - [29/Apr/2026:11:18:27 +0200] "GET /items/P063516063/ HTTP/1.1" 301 0 "-" "meta-externalagent/1.1 (+https://developers.facebook.com/docs/sharing/webmasters/crawler)"
57.141.14.75 - - [29/Apr/2026:11:18:32 +0200] "GET /items/P067703457/ HTTP/1.1" 404 96843 "-" "meta-externalagent/1.1 (+https://developers.facebook.com/docs/sharing/webmasters/crawler)"
57.141.14.72 - - [29/Apr/2026:11:18:45 +0200] "GET /items/P064955114/ HTTP/1.1" 404 96843 "-" "meta-externalagent/1.1 (+https://developers.facebook.com/docs/sharing/webmasters/crawler)"
109.234.166.131 - - [29/Apr/2026:11:19:04 +0200] "POST /wp-cron.php?doing_wp_cron=1777454344.4107270240783691406250 HTTP/1.1" 200 0 "-" "WordPress/6.9.4; https://www.liftsecurity.net"
109.234.166.131 - - [29/Apr/2026:11:19:16 +0200] "GET /lit-escamotable-superpose/ HTTP/1.1" 200 315830 "-" "WP Rocket/Preload"
109.234.166.131 - - [29/Apr/2026:11:19:19 +0200] "GET /contact/ HTTP/1.1" 200 252168 "-" "WP Rocket/Preload"
109.234.166.131 - - [29/Apr/2026:11:19:22 +0200] "GET /lit/ HTTP/1.1" 200 232856 "-" "WP Rocket/Preload"
57.141.14.24 - - [29/Apr/2026:11:19:30 +0200] "GET /items/P061871173/ HTTP/1.1" 404 96843 "-" "meta-externalagent/1.1 (+https://developers.facebook.com/docs/sharing/webmasters/crawler)"
109.234.166.131 - - [29/Apr/2026:11:19:10 +0200] "GET /lit-escamotable-electrique/ HTTP/1.1" 200 335389 "-" "WP Rocket/Preload"
109.234.166.131 - - [29/Apr/2026:11:19:12 +0200] "GET /lit-escamotable-electrique/ HTTP/1.1" 200 335254 "-" "WP Rocket/Preload Mozilla/5.0 (iPhone; CPU iPhone OS 9_1 like Mac OS X) AppleWebKit/601.1.46 (KHTML, like Gecko) Version/9.0 Mobile/13B143 Safari/601.1"
109.234.166.131 - - [29/Apr/2026:11:19:15 +0200] "GET /lit-escamotable-electrique-canape/ HTTP/1.1" 200 339030 "-" "WP Rocket/Preload Mozilla/5.0 (iPhone; CPU iPhone OS 9_1 like Mac OS X) AppleWebKit/601.1.46 (KHTML, like Gecko) Version/9.0 Mobile/13B143 Safari/601.1"
57.141.18.103 - - [29/Apr/2026:11:19:17 +0200] "GET /items/P061765972/ HTTP/1.1" 301 0 "-" "meta-externalagent/1.1 (+https://developers.facebook.com/docs/sharing/webmasters/crawler)"
109.234.166.131 - - [29/Apr/2026:11:19:18 +0200] "GET /lit-escamotable-superpose/ HTTP/1.1" 200 315819 "-" "WP Rocket/Preload Mozilla/5.0 (iPhone; CPU iPhone OS 9_1 like Mac OS X) AppleWebKit/601.1.46 (KHTML, like Gecko) Version/9.0 Mobile/13B143 Safari/601.1"
77.75.79.109 - - [29/Apr/2026:11:19:19 +0200] "GET /items/P062061756/ HTTP/1.1" 404 96843 "-" "Mozilla/5.0 (compatible; SeznamBot/4.0; +https://o-seznam.cz/napoveda/vyhledavani/en/seznambot-crawler/)"
57.141.14.76 - - [29/Apr/2026:11:19:36 +0200] "GET /items/P062098519/ HTTP/1.1" 404 96843 "-" "meta-externalagent/1.1 (+https://developers.facebook.com/docs/sharing/webmasters/crawler)"
57.141.14.74 - - [29/Apr/2026:11:19:42 +0200] "GET /items/P067100884/ HTTP/1.1" 404 96843 "-" "meta-externalagent/1.1 (+https://developers.facebook.com/docs/sharing/webmasters/crawler)"
109.234.166.131 - - [29/Apr/2026:11:20:02 +0200] "GET /lit/teletravail/ HTTP/1.1" 200 238400 "-" "WP Rocket/Preload Mozilla/5.0 (iPhone; CPU iPhone OS 9_1 like Mac OS X) AppleWebKit/601.1.46 (KHTML, like Gecko) Version/9.0 Mobile/13B143 Safari/601.1"
109.234.166.131 - - [29/Apr/2026:11:20:04 +0200] "GET /lit/etudiant/ HTTP/1.1" 200 240833 "-" "WP Rocket/Preload"
109.234.166.131 - - [29/Apr/2026:11:20:07 +0200] "GET /lit/hotel/ HTTP/1.1" 200 268900 "-" "WP Rocket/Preload"
109.234.166.131 - - [29/Apr/2026:11:20:11 +0200] "GET /lit/student-room/ HTTP/1.1" 200 242556 "-" "WP Rocket/Preload Mozilla/5.0 (iPhone; CPU iPhone OS 9_1 like Mac OS X) AppleWebKit/601.1.46 (KHTML, like Gecko) Version/9.0 Mobile/13B143 Safari/601.1"
109.234.166.131 - - [29/Apr/2026:11:20:13 +0200] "GET /lit/homeworking/ HTTP/1.1" 200 239094 "-" "WP Rocket/Preload"
109.234.166.131 - - [29/Apr/2026:11:20:15 +0200] "GET /dt_gallery/ HTTP/1.1" 200 169891 "-" "WP Rocket/Preload"
57.141.18.59 - - [29/Apr/2026:11:20:17 +0200] "GET /items/P067381793/ HTTP/1.1" 404 96843 "-" "meta-externalagent/1.1 (+https://developers.facebook.com/docs/sharing/webmasters/crawler)"
109.234.166.131 - - [29/Apr/2026:11:20:19 +0200] "GET /confirmation-demande-tarifs-concept-bien-etre/ HTTP/1.1" 200 212763 "-" "WP Rocket/Preload"
109.234.166.131 - - [29/Apr/2026:11:20:24 +0200] "POST /wp-cron.php?doing_wp_cron=1777454424.2654719352722167968750 HTTP/1.1" 200 0 "-" "WordPress/6.9.4; https://www.liftsecurity.net"
109.234.166.131 - - [29/Apr/2026:11:20:30 +0200] "POST /wp-cron.php?doing_wp_cron=1777454430.3455181121826171875000 HTTP/1.1" 200 0 "-" "WordPress/6.9.4; https://www.liftsecurity.net"
109.234.166.131 - - [29/Apr/2026:11:20:59 +0200] "POST /wp-cron.php?doing_wp_cron=1777454459.6725649833679199218750 HTTP/1.1" 200 0 "-" "WordPress/6.9.4; https://www.liftsecurity.net"
57.141.18.124 - - [29/Apr/2026:11:20:59 +0200] "GET /items/P061745566/ HTTP/1.1" 404 96843 "-" "meta-externalagent/1.1 (+https://developers.facebook.com/docs/sharing/webmasters/crawler)"
109.234.166.131 - - [29/Apr/2026:11:21:01 +0200] "GET /dt_team/ HTTP/1.1" 200 166359 "-" "WP Rocket/Preload Mozilla/5.0 (iPhone; CPU iPhone OS 9_1 like Mac OS X) AppleWebKit/601.1.46 (KHTML, like Gecko) Version/9.0 Mobile/13B143 Safari/601.1"
109.234.166.131 - - [29/Apr/2026:11:19:30 +0200] "POST /wp-cron.php?doing_wp_cron=1777454370.5918879508972167968750 HTTP/1.1" 200 0 "-" "WordPress/6.9.4; https://www.liftsecurity.net"
109.234.166.131 - - [29/Apr/2026:11:19:42 +0200] "POST /wp-cron.php?doing_wp_cron=1777454382.5858740806579589843750 HTTP/1.1" 200 0 "-" "WordPress/6.9.4; https://www.liftsecurity.net"
57.141.18.114 - - [29/Apr/2026:11:19:47 +0200] "GET /items/P067732646/ HTTP/1.1" 301 0 "-" "meta-externalagent/1.1 (+https://developers.facebook.com/docs/sharing/webmasters/crawler)"
109.234.166.131 - - [29/Apr/2026:11:20:00 +0200] "POST /wp-cron.php?doing_wp_cron=1777454400.8227488994598388671875 HTTP/1.1" 200 0 "-" "WordPress/6.9.4; https://www.liftsecurity.net"
57.141.18.121 - - [29/Apr/2026:11:20:00 +0200] "GET /items/P063103215/ HTTP/1.1" 404 96843 "-" "meta-externalagent/1.1 (+https://developers.facebook.com/docs/sharing/webmasters/crawler)"
109.234.166.131 - - [29/Apr/2026:11:20:01 +0200] "GET /lit/teletravail/ HTTP/1.1" 200 235885 "-" "WP Rocket/Preload"
57.141.18.28 - - [29/Apr/2026:11:20:05 +0200] "GET /items/P064234615/ HTTP/1.1" 404 96843 "-" "meta-externalagent/1.1 (+https://developers.facebook.com/docs/sharing/webmasters/crawler)"
109.234.166.131 - - [29/Apr/2026:11:20:08 +0200] "GET /lit/hotel/ HTTP/1.1" 200 268897 "-" "WP Rocket/Preload Mozilla/5.0 (iPhone; CPU iPhone OS 9_1 like Mac OS X) AppleWebKit/601.1.46 (KHTML, like Gecko) Version/9.0 Mobile/13B143 Safari/601.1"
109.234.166.131 - - [29/Apr/2026:11:20:10 +0200] "GET /lit/student-room/ HTTP/1.1" 200 242559 "-" "WP Rocket/Preload"
57.141.18.96 - - [29/Apr/2026:11:20:12 +0200] "GET /items/P063169922/ HTTP/1.1" 404 96843 "-" "meta-externalagent/1.1 (+https://developers.facebook.com/docs/sharing/webmasters/crawler)"
57.141.18.106 - - [29/Apr/2026:11:20:23 +0200] "GET /items/P061670760/ HTTP/1.1" 404 96843 "-" "meta-externalagent/1.1 (+https://developers.facebook.com/docs/sharing/webmasters/crawler)"
57.141.18.66 - - [29/Apr/2026:11:20:36 +0200] "GET /items/P065416916/ HTTP/1.1" 404 96843 "-" "meta-externalagent/1.1 (+https://developers.facebook.com/docs/sharing/webmasters/crawler)"
109.234.166.131 - - [29/Apr/2026:11:20:42 +0200] "POST /wp-cron.php?doing_wp_cron=1777454442.3117721080780029296875 HTTP/1.1" 200 0 "-" "WordPress/6.9.4; https://www.liftsecurity.net"
57.141.18.90 - - [29/Apr/2026:11:20:48 +0200] "GET /items/P061231585/ HTTP/1.1" 301 0 "-" "meta-externalagent/1.1 (+https://developers.facebook.com/docs/sharing/webmasters/crawler)"
109.234.166.131 - - [29/Apr/2026:11:20:59 +0200] "GET /dt_team/ HTTP/1.1" 200 166362 "-" "WP Rocket/Preload"
109.234.166.131 - - [29/Apr/2026:11:21:02 +0200] "GET /category/non-classifiee/ HTTP/1.1" 200 166725 "-" "WP Rocket/Preload"
109.234.166.131 - - [29/Apr/2026:11:21:05 +0200] "GET /dt_gallery/gallery/ HTTP/1.1" 200 164174 "-" "WP Rocket/Preload"
109.234.166.131 - - [29/Apr/2026:11:21:07 +0200] "GET /dt_gallery/gallery/ HTTP/1.1" 200 164171 "-" "WP Rocket/Preload Mozilla/5.0 (iPhone; CPU iPhone OS 9_1 like Mac OS X) AppleWebKit/601.1.46 (KHTML, like Gecko) Version/9.0 Mobile/13B143 Safari/601.1"
109.234.166.131 - - [29/Apr/2026:11:21:08 +0200] "GET /dt_slideshow/ HTTP/1.1" 200 166438 "-" "WP Rocket/Preload"
109.234.166.131 - - [29/Apr/2026:11:21:16 +0200] "GET / HTTP/1.1" 200 288790 "-" "WP Rocket/Preload Mozilla/5.0 (iPhone; CPU iPhone OS 9_1 like Mac OS X) AppleWebKit/601.1.46 (KHTML, like Gecko) Version/9.0 Mobile/13B143 Safari/601.1"
57.141.18.30 - - [29/Apr/2026:11:21:16 +0200] "GET /items/P061016484/ HTTP/1.1" 404 96843 "-" "meta-externalagent/1.1 (+https://developers.facebook.com/docs/sharing/webmasters/crawler)"
192.178.6.32 - - [29/Apr/2026:11:21:18 +0200] "GET /items/U093328189/ HTTP/1.1" 404 96843 "-" "Mozilla/5.0 (Linux; Android 6.0.1; Nexus 5X Build/MMB29P) AppleWebKit/537.36 (KHTML, like Gecko) Chrome/147.0.7727.116 Mobile Safari/537.36 (compatible; Googlebot/2.1; +http://www.google.com/bot.html)"
57.141.18.1 - - [29/Apr/2026:11:19:54 +0200] "GET /items/P061824982/ HTTP/1.1" 404 96843 "-" "meta-externalagent/1.1 (+https://developers.facebook.com/docs/sharing/webmasters/crawler)"
109.234.166.131 - - [29/Apr/2026:11:20:05 +0200] "GET /lit/etudiant/ HTTP/1.1" 200 242645 "-" "WP Rocket/Preload Mozilla/5.0 (iPhone; CPU iPhone OS 9_1 like Mac OS X) AppleWebKit/601.1.46 (KHTML, like Gecko) Version/9.0 Mobile/13B143 Safari/601.1"
109.234.166.131 - - [29/Apr/2026:11:20:14 +0200] "GET /lit/homeworking/ HTTP/1.1" 200 239091 "-" "WP Rocket/Preload Mozilla/5.0 (iPhone; CPU iPhone OS 9_1 like Mac OS X) AppleWebKit/601.1.46 (KHTML, like Gecko) Version/9.0 Mobile/13B143 Safari/601.1"
109.234.166.131 - - [29/Apr/2026:11:20:17 +0200] "GET /dt_gallery/ HTTP/1.1" 200 169888 "-" "WP Rocket/Preload Mozilla/5.0 (iPhone; CPU iPhone OS 9_1 like Mac OS X) AppleWebKit/601.1.46 (KHTML, like Gecko) Version/9.0 Mobile/13B143 Safari/601.1"
109.234.166.131 - - [29/Apr/2026:11:20:20 +0200] "GET /confirmation-demande-tarifs-concept-bien-etre/ HTTP/1.1" 200 212760 "-" "WP Rocket/Preload Mozilla/5.0 (iPhone; CPU iPhone OS 9_1 like Mac OS X) AppleWebKit/601.1.46 (KHTML, like Gecko) Version/9.0 Mobile/13B143 Safari/601.1"
57.141.18.114 - - [29/Apr/2026:11:20:29 +0200] "GET /items/P061933238/ HTTP/1.1" 404 96843 "-" "meta-externalagent/1.1 (+https://developers.facebook.com/docs/sharing/webmasters/crawler)"
57.141.18.118 - - [29/Apr/2026:11:20:41 +0200] "GET /items/P066588316/ HTTP/1.1" 404 96843 "-" "meta-externalagent/1.1 (+https://developers.facebook.com/docs/sharing/webmasters/crawler)"
57.141.18.122 - - [29/Apr/2026:11:20:53 +0200] "GET /items/P067516153/ HTTP/1.1" 301 0 "-" "meta-externalagent/1.1 (+https://developers.facebook.com/docs/sharing/webmasters/crawler)"
109.234.166.131 - - [29/Apr/2026:11:21:10 +0200] "GET /dt_slideshow/ HTTP/1.1" 200 166435 "-" "WP Rocket/Preload Mozilla/5.0 (iPhone; CPU iPhone OS 9_1 like Mac OS X) AppleWebKit/601.1.46 (KHTML, like Gecko) Version/9.0 Mobile/13B143 Safari/601.1"
109.234.166.131 - - [29/Apr/2026:11:21:11 +0200] "GET /category/uncategorized/ HTTP/1.1" 200 166695 "-" "WP Rocket/Preload"
109.234.166.131 - - [29/Apr/2026:11:21:13 +0200] "GET /category/uncategorized/ HTTP/1.1" 200 166692 "-" "WP Rocket/Preload Mozilla/5.0 (iPhone; CPU iPhone OS 9_1 like Mac OS X) AppleWebKit/601.1.46 (KHTML, like Gecko) Version/9.0 Mobile/13B143 Safari/601.1"
109.234.166.131 - - [29/Apr/2026:11:21:19 +0200] "POST /wp-cron.php?doing_wp_cron=1777454479.5065319538116455078125 HTTP/1.1" 200 0 "-" "WordPress/6.9.4; https://www.liftsecurity.net"
