192.178.6.33 - - [29/Apr/2026:04:37:52 +0200] "GET /items/F643074519/ HTTP/1.1" 404 96843 "-" "Mozilla/5.0 (Linux; Android 6.0.1; Nexus 5X Build/MMB29P) AppleWebKit/537.36 (KHTML, like Gecko) Chrome/147.0.7727.116 Mobile Safari/537.36 (compatible; Googlebot/2.1; +http://www.google.com/bot.html)"
109.234.166.131 - - [29/Apr/2026:04:38:39 +0200] "POST /wp-cron.php?doing_wp_cron=1777430319.8886790275573730468750 HTTP/1.1" 200 0 "-" "WordPress/6.9.4; https://www.liftsecurity.net"
57.141.20.52 - - [29/Apr/2026:04:32:34 +0200] "GET /items/P064959827/ HTTP/1.1" 404 96843 "-" "meta-externalagent/1.1 (+https://developers.facebook.com/docs/sharing/webmasters/crawler)"
109.234.166.131 - - [29/Apr/2026:04:32:45 +0200] "POST /wp-cron.php?doing_wp_cron=1777429965.5928270816802978515625 HTTP/1.1" 200 0 "-" "WordPress/6.9.4; https://www.liftsecurity.net"
109.234.166.131 - - [29/Apr/2026:04:33:20 +0200] "POST /wp-cron.php?doing_wp_cron=1777430000.4496030807495117187500 HTTP/1.1" 200 0 "-" "WordPress/6.9.4; https://www.liftsecurity.net"
192.178.6.33 - - [29/Apr/2026:04:34:24 +0200] "GET /items/B237094658/ HTTP/1.1" 404 96843 "-" "Mozilla/5.0 (Linux; Android 6.0.1; Nexus 5X Build/MMB29P) AppleWebKit/537.36 (KHTML, like Gecko) Chrome/147.0.7727.116 Mobile Safari/537.36 (compatible; Googlebot/2.1; +http://www.google.com/bot.html)"
192.178.6.32 - - [29/Apr/2026:04:34:54 +0200] "GET /items/R022191844/ HTTP/1.1" 404 96843 "-" "Mozilla/5.0 (Linux; Android 6.0.1; Nexus 5X Build/MMB29P) AppleWebKit/537.36 (KHTML, like Gecko) Chrome/147.0.7727.116 Mobile Safari/537.36 (compatible; Googlebot/2.1; +http://www.google.com/bot.html)"
192.178.6.41 - - [29/Apr/2026:04:35:30 +0200] "GET /items/J253946732/ HTTP/1.1" 404 96843 "-" "Mozilla/5.0 (Linux; Android 6.0.1; Nexus 5X Build/MMB29P) AppleWebKit/537.36 (KHTML, like Gecko) Chrome/147.0.7727.116 Mobile Safari/537.36 (compatible; Googlebot/2.1; +http://www.google.com/bot.html)"
57.141.20.58 - - [29/Apr/2026:04:35:51 +0200] "GET /items/P064418205/ HTTP/1.1" 301 0 "-" "meta-externalagent/1.1 (+https://developers.facebook.com/docs/sharing/webmasters/crawler)"
109.234.166.131 - - [29/Apr/2026:04:36:31 +0200] "POST /wp-cron.php?doing_wp_cron=1777430191.1420779228210449218750 HTTP/1.1" 200 0 "-" "WordPress/6.9.4; https://www.liftsecurity.net"
109.234.166.131 - - [29/Apr/2026:04:37:39 +0200] "POST /wp-cron.php?doing_wp_cron=1777430259.7482030391693115234375 HTTP/1.1" 200 0 "-" "WordPress/6.9.4; https://www.liftsecurity.net"
57.141.20.52 - - [29/Apr/2026:04:37:39 +0200] "GET /items/P066181858/ HTTP/1.1" 301 0 "-" "meta-externalagent/1.1 (+https://developers.facebook.com/docs/sharing/webmasters/crawler)"
109.234.166.131 - - [29/Apr/2026:04:38:08 +0200] "POST /wp-cron.php?doing_wp_cron=1777430288.5840530395507812500000 HTTP/1.1" 200 0 "-" "WordPress/6.9.4; https://www.liftsecurity.net"
198.235.24.22 - - [29/Apr/2026:04:38:08 +0200] "GET / HTTP/1.1" 301 0 "-" "Hello from Palo Alto Networks, find out more about our scans in https://docs-cortex.paloaltonetworks.com/r/1/Cortex-Xpanse/Scanning-activity"
192.178.6.32 - - [29/Apr/2026:04:39:11 +0200] "GET /items/O644386151/ HTTP/1.1" 404 96843 "-" "Mozilla/5.0 (Linux; Android 6.0.1; Nexus 5X Build/MMB29P) AppleWebKit/537.36 (KHTML, like Gecko) Chrome/147.0.7727.116 Mobile Safari/537.36 (compatible; Googlebot/2.1; +http://www.google.com/bot.html)"
57.141.20.13 - - [29/Apr/2026:04:39:34 +0200] "GET /items/P064817356/ HTTP/1.1" 404 96843 "-" "meta-externalagent/1.1 (+https://developers.facebook.com/docs/sharing/webmasters/crawler)"
109.234.166.131 - - [29/Apr/2026:04:39:58 +0200] "POST /wp-cron.php?doing_wp_cron=1777430398.5279800891876220703125 HTTP/1.1" 200 0 "-" "WordPress/6.9.4; https://www.liftsecurity.net"
109.234.166.131 - - [29/Apr/2026:04:41:09 +0200] "POST /wp-cron.php?doing_wp_cron=1777430469.0733261108398437500000 HTTP/1.1" 200 0 "-" "WordPress/6.9.4; https://www.liftsecurity.net"
192.178.6.33 - - [29/Apr/2026:04:42:04 +0200] "GET /items/A871242971/ HTTP/1.1" 404 96843 "-" "Mozilla/5.0 (Linux; Android 6.0.1; Nexus 5X Build/MMB29P) AppleWebKit/537.36 (KHTML, like Gecko) Chrome/147.0.7727.116 Mobile Safari/537.36 (compatible; Googlebot/2.1; +http://www.google.com/bot.html)"
77.75.76.167 - - [29/Apr/2026:04:42:05 +0200] "GET /items/P063444619/ HTTP/1.1" 404 96843 "-" "Mozilla/5.0 (compatible; SeznamBot/4.0; +https://o-seznam.cz/napoveda/vyhledavani/en/seznambot-crawler/)"
109.234.166.131 - - [29/Apr/2026:04:42:54 +0200] "POST /wp-cron.php?doing_wp_cron=1777430574.3154120445251464843750 HTTP/1.1" 200 0 "-" "WordPress/6.9.4; https://www.liftsecurity.net"
57.141.20.29 - - [29/Apr/2026:04:42:53 +0200] "GET /items/P067549536/ HTTP/1.1" 404 96843 "-" "meta-externalagent/1.1 (+https://developers.facebook.com/docs/sharing/webmasters/crawler)"
192.178.6.32 - - [29/Apr/2026:04:43:55 +0200] "GET /items/P043981293/ HTTP/1.1" 404 96843 "-" "Mozilla/5.0 (Linux; Android 6.0.1; Nexus 5X Build/MMB29P) AppleWebKit/537.36 (KHTML, like Gecko) Chrome/147.0.7727.116 Mobile Safari/537.36 (compatible; Googlebot/2.1; +http://www.google.com/bot.html)"
57.141.20.56 - - [29/Apr/2026:04:44:17 +0200] "GET /items/P065411007/ HTTP/1.1" 404 96843 "-" "meta-externalagent/1.1 (+https://developers.facebook.com/docs/sharing/webmasters/crawler)"
57.141.20.65 - - [29/Apr/2026:04:44:22 +0200] "GET /items/P066581279/ HTTP/1.1" 404 96843 "-" "meta-externalagent/1.1 (+https://developers.facebook.com/docs/sharing/webmasters/crawler)"
109.234.166.131 - - [29/Apr/2026:04:45:12 +0200] "POST /wp-cron.php?doing_wp_cron=1777430712.1945059299468994140625 HTTP/1.1" 200 0 "-" "WordPress/6.9.4; https://www.liftsecurity.net"
109.234.166.131 - - [29/Apr/2026:04:46:45 +0200] "POST /wp-cron.php?doing_wp_cron=1777430805.6140859127044677734375 HTTP/1.1" 200 0 "-" "WordPress/6.9.4; https://www.liftsecurity.net"
52.167.144.192 - - [29/Apr/2026:04:47:12 +0200] "GET /items/P061804026/ HTTP/1.1" 301 0 "-" "Mozilla/5.0 AppleWebKit/537.36 (KHTML, like Gecko; compatible; bingbot/2.0; +http://www.bing.com/bingbot.htm) Chrome/116.0.1938.76 Safari/537.36"
109.234.166.131 - - [29/Apr/2026:04:47:33 +0200] "POST /wp-cron.php?doing_wp_cron=1777430853.6733040809631347656250 HTTP/1.1" 200 0 "-" "WordPress/6.9.4; https://www.liftsecurity.net"
109.234.166.131 - - [29/Apr/2026:04:47:43 +0200] "POST /wp-cron.php?doing_wp_cron=1777430863.4897320270538330078125 HTTP/1.1" 200 0 "-" "WordPress/6.9.4; https://www.liftsecurity.net"
109.234.166.131 - - [29/Apr/2026:04:49:28 +0200] "POST /wp-cron.php?doing_wp_cron=1777430968.7723019123077392578125 HTTP/1.1" 200 0 "-" "WordPress/6.9.4; https://www.liftsecurity.net"
77.75.76.167 - - [29/Apr/2026:04:49:45 +0200] "GET /items/P064289307/ HTTP/1.1" 404 96843 "-" "Mozilla/5.0 (compatible; SeznamBot/4.0; +https://o-seznam.cz/napoveda/vyhledavani/en/seznambot-crawler/)"
109.234.166.131 - - [29/Apr/2026:04:50:41 +0200] "POST /wp-cron.php?doing_wp_cron=1777431041.0517549514770507812500 HTTP/1.1" 200 0 "-" "WordPress/6.9.4; https://www.liftsecurity.net"
109.234.166.131 - - [29/Apr/2026:04:52:54 +0200] "POST /wp-cron.php?doing_wp_cron=1777431174.3002140522003173828125 HTTP/1.1" 200 0 "-" "WordPress/6.9.4; https://www.liftsecurity.net"
109.234.166.131 - - [29/Apr/2026:04:53:45 +0200] "POST /wp-cron.php?doing_wp_cron=1777431225.5069699287414550781250 HTTP/1.1" 200 0 "-" "WordPress/6.9.4; https://www.liftsecurity.net"
109.234.166.131 - - [29/Apr/2026:04:39:34 +0200] "POST /wp-cron.php?doing_wp_cron=1777430374.6777989864349365234375 HTTP/1.1" 200 0 "-" "WordPress/6.9.4; https://www.liftsecurity.net"
77.75.76.167 - - [29/Apr/2026:04:39:58 +0200] "GET /items/P062570770/ HTTP/1.1" 404 96843 "-" "Mozilla/5.0 (compatible; SeznamBot/4.0; +https://o-seznam.cz/napoveda/vyhledavani/en/seznambot-crawler/)"
57.141.20.44 - - [29/Apr/2026:04:41:08 +0200] "GET /items/P062444859/ HTTP/1.1" 404 96843 "-" "meta-externalagent/1.1 (+https://developers.facebook.com/docs/sharing/webmasters/crawler)"
57.141.20.47 - - [29/Apr/2026:04:41:14 +0200] "GET /items/P064522483/ HTTP/1.1" 404 96843 "-" "meta-externalagent/1.1 (+https://developers.facebook.com/docs/sharing/webmasters/crawler)"
109.234.166.131 - - [29/Apr/2026:04:42:03 +0200] "POST /wp-cron.php?doing_wp_cron=1777430523.6425540447235107421875 HTTP/1.1" 200 0 "-" "WordPress/6.9.4; https://www.liftsecurity.net"
57.141.20.26 - - [29/Apr/2026:04:46:45 +0200] "GET /items/P063897913/ HTTP/1.1" 404 96843 "-" "meta-externalagent/1.1 (+https://developers.facebook.com/docs/sharing/webmasters/crawler)"
57.141.20.39 - - [29/Apr/2026:04:46:50 +0200] "GET /items/P067547779/ HTTP/1.1" 404 96843 "-" "meta-externalagent/1.1 (+https://developers.facebook.com/docs/sharing/webmasters/crawler)"
109.234.166.131 - - [29/Apr/2026:04:47:24 +0200] "POST /wp-cron.php?doing_wp_cron=1777430844.0244579315185546875000 HTTP/1.1" 200 0 "-" "WordPress/6.9.4; https://www.liftsecurity.net"
52.167.144.16 - - [29/Apr/2026:04:47:23 +0200] "GET /items/P062950134/ HTTP/1.1" 301 0 "-" "Mozilla/5.0 AppleWebKit/537.36 (KHTML, like Gecko; compatible; bingbot/2.0; +http://www.bing.com/bingbot.htm) Chrome/116.0.1938.76 Safari/537.36"
52.167.144.161 - - [29/Apr/2026:04:47:34 +0200] "GET /items/W487356923/ HTTP/1.1" 404 96843 "-" "Mozilla/5.0 AppleWebKit/537.36 (KHTML, like Gecko; compatible; bingbot/2.0; +http://www.bing.com/bingbot.htm) Chrome/116.0.1938.76 Safari/537.36"
57.141.20.35 - - [29/Apr/2026:04:47:38 +0200] "GET /items/P061720448/ HTTP/1.1" 404 96843 "-" "meta-externalagent/1.1 (+https://developers.facebook.com/docs/sharing/webmasters/crawler)"
40.77.167.143 - - [29/Apr/2026:04:47:42 +0200] "GET /items/R264447801/ HTTP/1.1" 404 96843 "-" "Mozilla/5.0 AppleWebKit/537.36 (KHTML, like Gecko; compatible; bingbot/2.0; +http://www.bing.com/bingbot.htm) Chrome/116.0.1938.76 Safari/537.36"
216.244.66.241 - - [29/Apr/2026:04:48:54 +0200] "GET /robots.txt HTTP/1.1" 200 1834 "-" "Mozilla/5.0 (compatible; DotBot/1.2; +https://opensiteexplorer.org/dotbot; help@moz.com)"
57.141.20.64 - - [29/Apr/2026:04:49:28 +0200] "GET /items/P066061335/ HTTP/1.1" 404 96843 "-" "meta-externalagent/1.1 (+https://developers.facebook.com/docs/sharing/webmasters/crawler)"
57.141.20.28 - - [29/Apr/2026:04:49:34 +0200] "GET /items/P063105903/ HTTP/1.1" 404 96843 "-" "meta-externalagent/1.1 (+https://developers.facebook.com/docs/sharing/webmasters/crawler)"
109.234.166.131 - - [29/Apr/2026:04:49:46 +0200] "POST /wp-cron.php?doing_wp_cron=1777430986.0459609031677246093750 HTTP/1.1" 200 0 "-" "WordPress/6.9.4; https://www.liftsecurity.net"
57.141.20.20 - - [29/Apr/2026:04:50:40 +0200] "GET /items/P063334281/ HTTP/1.1" 404 96843 "-" "meta-externalagent/1.1 (+https://developers.facebook.com/docs/sharing/webmasters/crawler)"
216.244.66.241 - - [29/Apr/2026:04:53:45 +0200] "GET /flex-simple/ HTTP/1.1" 301 0 "-" "Mozilla/5.0 (compatible; DotBot/1.2; +https://opensiteexplorer.org/dotbot; help@moz.com)"
57.141.20.68 - - [29/Apr/2026:04:54:00 +0200] "GET /items/P062143854/ HTTP/1.1" 404 96843 "-" "meta-externalagent/1.1 (+https://developers.facebook.com/docs/sharing/webmasters/crawler)"
192.178.6.33 - - [29/Apr/2026:04:55:49 +0200] "GET /cate-1-2 HTTP/1.1" 404 96843 "-" "Mozilla/5.0 (Linux; Android 6.0.1; Nexus 5X Build/MMB29P) AppleWebKit/537.36 (KHTML, like Gecko) Chrome/147.0.7727.116 Mobile Safari/537.36 (compatible; Googlebot/2.1; +http://www.google.com/bot.html)"
109.234.166.131 - - [29/Apr/2026:04:54:01 +0200] "POST /wp-cron.php?doing_wp_cron=1777431241.3508429527282714843750 HTTP/1.1" 200 0 "-" "WordPress/6.9.4; https://www.liftsecurity.net"
57.141.20.10 - - [29/Apr/2026:04:55:06 +0200] "GET /items/P065380796/ HTTP/1.1" 404 96843 "-" "meta-externalagent/1.1 (+https://developers.facebook.com/docs/sharing/webmasters/crawler)"
57.141.20.12 - - [29/Apr/2026:04:39:39 +0200] "GET /items/P067509856/ HTTP/1.1" 404 96843 "-" "meta-externalagent/1.1 (+https://developers.facebook.com/docs/sharing/webmasters/crawler)"
144.31.35.237 - - [29/Apr/2026:04:41:23 +0200] "GET /wp-content/uploads/2023/06/Presentation-CONCEPT-LIFTSECURITY-FR-10-2022.pdf HTTP/1.1" 200 2881411 "-" "Mozilla/5.0 (Macintosh; Intel Mac OS X 10_15_7) AppleWebKit/537.36 (KHTML, like Gecko) Chrome/135.0.0.0 Safari/537.36"
57.141.20.39 - - [29/Apr/2026:04:42:03 +0200] "GET /items/P066860498/ HTTP/1.1" 301 0 "-" "meta-externalagent/1.1 (+https://developers.facebook.com/docs/sharing/webmasters/crawler)"
109.234.166.131 - - [29/Apr/2026:04:43:56 +0200] "POST /wp-cron.php?doing_wp_cron=1777430636.3049221038818359375000 HTTP/1.1" 200 0 "-" "WordPress/6.9.4; https://www.liftsecurity.net"
109.234.166.131 - - [29/Apr/2026:04:44:18 +0200] "POST /wp-cron.php?doing_wp_cron=1777430658.2865030765533447265625 HTTP/1.1" 200 0 "-" "WordPress/6.9.4; https://www.liftsecurity.net"
57.141.20.43 - - [29/Apr/2026:04:45:11 +0200] "GET /items/P061457333/ HTTP/1.1" 301 0 "-" "meta-externalagent/1.1 (+https://developers.facebook.com/docs/sharing/webmasters/crawler)"
109.234.166.131 - - [29/Apr/2026:04:47:13 +0200] "POST /wp-cron.php?doing_wp_cron=1777430833.1550750732421875000000 HTTP/1.1" 200 0 "-" "WordPress/6.9.4; https://www.liftsecurity.net"
52.167.144.161 - - [29/Apr/2026:04:47:33 +0200] "GET /items/M015436131/ HTTP/1.1" 404 96843 "-" "Mozilla/5.0 AppleWebKit/537.36 (KHTML, like Gecko; compatible; bingbot/2.0; +http://www.bing.com/bingbot.htm) Chrome/116.0.1938.76 Safari/537.36"
57.141.20.57 - - [29/Apr/2026:04:52:53 +0200] "GET /items/P067067592/ HTTP/1.1" 404 96843 "-" "meta-externalagent/1.1 (+https://developers.facebook.com/docs/sharing/webmasters/crawler)"
109.234.166.131 - - [29/Apr/2026:04:55:07 +0200] "POST /wp-cron.php?doing_wp_cron=1777431307.3815820217132568359375 HTTP/1.1" 200 0 "-" "WordPress/6.9.4; https://www.liftsecurity.net"
109.234.166.131 - - [29/Apr/2026:04:55:50 +0200] "POST /wp-cron.php?doing_wp_cron=1777431350.1887550354003906250000 HTTP/1.1" 200 0 "-" "WordPress/6.9.4; https://www.liftsecurity.net"
216.244.66.241 - - [29/Apr/2026:04:55:52 +0200] "GET /wp-content/uploads/2020/03/Lit30.jpg HTTP/1.1" 200 33183 "-" "Mozilla/5.0 (compatible; DotBot/1.2; +https://opensiteexplorer.org/dotbot; help@moz.com)"
157.55.39.62 - - [29/Apr/2026:04:56:22 +0200] "GET /detail/65349668525985 HTTP/1.1" 404 96843 "-" "Mozilla/5.0 AppleWebKit/537.36 (KHTML, like Gecko; compatible; bingbot/2.0; +http://www.bing.com/bingbot.htm) Chrome/116.0.1938.76 Safari/537.36"
109.234.166.131 - - [29/Apr/2026:04:56:27 +0200] "POST /wp-cron.php?doing_wp_cron=1777431387.8641519546508789062500 HTTP/1.1" 200 0 "-" "WordPress/6.9.4; https://www.liftsecurity.net"
52.167.144.161 - - [29/Apr/2026:04:56:32 +0200] "GET /items/T983857751/ HTTP/1.1" 404 96843 "-" "Mozilla/5.0 AppleWebKit/537.36 (KHTML, like Gecko; compatible; bingbot/2.0; +http://www.bing.com/bingbot.htm) Chrome/116.0.1938.76 Safari/537.36"
40.77.167.3 - - [29/Apr/2026:04:56:43 +0200] "GET /items/P064627726/ HTTP/1.1" 404 96843 "-" "Mozilla/5.0 AppleWebKit/537.36 (KHTML, like Gecko; compatible; bingbot/2.0; +http://www.bing.com/bingbot.htm) Chrome/116.0.1938.76 Safari/537.36"
77.75.76.167 - - [29/Apr/2026:04:56:58 +0200] "GET /items/P067739670/ HTTP/1.1" 404 96843 "-" "Mozilla/5.0 (compatible; SeznamBot/4.0; +https://o-seznam.cz/napoveda/vyhledavani/en/seznambot-crawler/)"
109.234.166.131 - - [29/Apr/2026:04:57:20 +0200] "POST /wp-cron.php?doing_wp_cron=1777431440.5079140663146972656250 HTTP/1.1" 200 0 "-" "WordPress/6.9.4; https://www.liftsecurity.net"
157.55.39.62 - - [29/Apr/2026:04:57:23 +0200] "GET /en/hybrid-single/ HTTP/1.1" 301 0 "-" "Mozilla/5.0 AppleWebKit/537.36 (KHTML, like Gecko; compatible; bingbot/2.0; +http://www.bing.com/bingbot.htm) Chrome/116.0.1938.76 Safari/537.36"
207.46.13.18 - - [29/Apr/2026:04:57:23 +0200] "GET /items/P061315469/ HTTP/1.1" 301 0 "-" "Mozilla/5.0 AppleWebKit/537.36 (KHTML, like Gecko; compatible; bingbot/2.0; +http://www.bing.com/bingbot.htm) Chrome/116.0.1938.76 Safari/537.36"
157.55.39.62 - - [29/Apr/2026:04:57:35 +0200] "GET /detail/33215103876725 HTTP/1.1" 404 96843 "-" "Mozilla/5.0 AppleWebKit/537.36 (KHTML, like Gecko; compatible; bingbot/2.0; +http://www.bing.com/bingbot.htm) Chrome/116.0.1938.76 Safari/537.36"
40.77.167.8 - - [29/Apr/2026:04:57:35 +0200] "GET /items/P066440386/ HTTP/1.1" 301 0 "-" "Mozilla/5.0 AppleWebKit/537.36 (KHTML, like Gecko; compatible; bingbot/2.0; +http://www.bing.com/bingbot.htm) Chrome/116.0.1938.76 Safari/537.36"
52.167.144.173 - - [29/Apr/2026:04:57:48 +0200] "GET /items/P065865471/ HTTP/1.1" 404 96843 "-" "Mozilla/5.0 AppleWebKit/537.36 (KHTML, like Gecko; compatible; bingbot/2.0; +http://www.bing.com/bingbot.htm) Chrome/116.0.1938.76 Safari/537.36"
52.167.144.173 - - [29/Apr/2026:04:57:49 +0200] "GET /detail/38919421173977 HTTP/1.1" 404 96843 "-" "Mozilla/5.0 AppleWebKit/537.36 (KHTML, like Gecko; compatible; bingbot/2.0; +http://www.bing.com/bingbot.htm) Chrome/116.0.1938.76 Safari/537.36"
216.244.66.241 - - [29/Apr/2026:05:00:00 +0200] "GET /wp-content/uploads/2023/11/LIT-FLEX-HORIZONTAL-E6-min.jpg HTTP/1.1" 200 101988 "-" "Mozilla/5.0 (compatible; DotBot/1.2; +https://opensiteexplorer.org/dotbot; help@moz.com)"
157.55.39.62 - - [29/Apr/2026:05:00:37 +0200] "GET /items/P065683691/ HTTP/1.1" 404 96843 "-" "Mozilla/5.0 AppleWebKit/537.36 (KHTML, like Gecko; compatible; bingbot/2.0; +http://www.bing.com/bingbot.htm) Chrome/116.0.1938.76 Safari/537.36"
52.167.144.173 - - [29/Apr/2026:05:00:38 +0200] "GET /detail/55970285777136 HTTP/1.1" 404 96843 "-" "Mozilla/5.0 AppleWebKit/537.36 (KHTML, like Gecko; compatible; bingbot/2.0; +http://www.bing.com/bingbot.htm) Chrome/116.0.1938.76 Safari/537.36"
109.234.166.131 - - [29/Apr/2026:05:01:47 +0200] "POST /wp-cron.php?doing_wp_cron=1777431707.4301021099090576171875 HTTP/1.1" 200 0 "-" "WordPress/6.9.4; https://www.liftsecurity.net"
57.141.20.1 - - [29/Apr/2026:05:01:46 +0200] "GET /items/P064817856/ HTTP/1.1" 404 96843 "-" "meta-externalagent/1.1 (+https://developers.facebook.com/docs/sharing/webmasters/crawler)"
109.234.166.131 - - [29/Apr/2026:05:02:55 +0200] "POST /wp-cron.php?doing_wp_cron=1777431775.3112299442291259765625 HTTP/1.1" 200 0 "-" "WordPress/6.9.4; https://www.liftsecurity.net"
109.234.166.131 - - [29/Apr/2026:04:56:14 +0200] "POST /wp-cron.php?doing_wp_cron=1777431374.5104050636291503906250 HTTP/1.1" 200 0 "-" "WordPress/6.9.4; https://www.liftsecurity.net"
57.141.20.63 - - [29/Apr/2026:04:56:14 +0200] "GET /items/P067182418/ HTTP/1.1" 404 96843 "-" "meta-externalagent/1.1 (+https://developers.facebook.com/docs/sharing/webmasters/crawler)"
40.77.167.3 - - [29/Apr/2026:04:56:27 +0200] "GET /items/P066457725/ HTTP/1.1" 404 96843 "-" "Mozilla/5.0 AppleWebKit/537.36 (KHTML, like Gecko; compatible; bingbot/2.0; +http://www.bing.com/bingbot.htm) Chrome/116.0.1938.76 Safari/537.36"
109.234.166.131 - - [29/Apr/2026:04:56:44 +0200] "POST /wp-cron.php?doing_wp_cron=1777431404.3940260410308837890625 HTTP/1.1" 200 0 "-" "WordPress/6.9.4; https://www.liftsecurity.net"
157.55.39.62 - - [29/Apr/2026:04:57:24 +0200] "GET /items/P066426200/ HTTP/1.1" 404 96843 "-" "Mozilla/5.0 AppleWebKit/537.36 (KHTML, like Gecko; compatible; bingbot/2.0; +http://www.bing.com/bingbot.htm) Chrome/116.0.1938.76 Safari/537.36"
157.55.39.62 - - [29/Apr/2026:04:57:33 +0200] "GET /detail/10748871418839 HTTP/1.1" 404 96843 "-" "Mozilla/5.0 AppleWebKit/537.36 (KHTML, like Gecko; compatible; bingbot/2.0; +http://www.bing.com/bingbot.htm) Chrome/116.0.1938.76 Safari/537.36"
157.55.39.62 - - [29/Apr/2026:04:57:42 +0200] "GET /detail/27882337560211 HTTP/1.1" 404 96843 "-" "Mozilla/5.0 AppleWebKit/537.36 (KHTML, like Gecko; compatible; bingbot/2.0; +http://www.bing.com/bingbot.htm) Chrome/116.0.1938.76 Safari/537.36"
40.77.167.3 - - [29/Apr/2026:04:57:45 +0200] "GET /detail/66950570101998 HTTP/1.1" 404 96843 "-" "Mozilla/5.0 AppleWebKit/537.36 (KHTML, like Gecko; compatible; bingbot/2.0; +http://www.bing.com/bingbot.htm) Chrome/116.0.1938.76 Safari/537.36"
52.167.144.173 - - [29/Apr/2026:04:57:47 +0200] "GET /detail/4070111004506 HTTP/1.1" 404 96843 "-" "Mozilla/5.0 AppleWebKit/537.36 (KHTML, like Gecko; compatible; bingbot/2.0; +http://www.bing.com/bingbot.htm) Chrome/116.0.1938.76 Safari/537.36"
216.244.66.241 - - [29/Apr/2026:04:58:30 +0200] "GET /wp-content/uploads/2020/03/Config-01.jpg HTTP/1.1" 200 52191 "-" "Mozilla/5.0 (compatible; DotBot/1.2; +https://opensiteexplorer.org/dotbot; help@moz.com)"
57.141.20.3 - - [29/Apr/2026:04:59:33 +0200] "GET /items/P064926942/ HTTP/1.1" 404 96843 "-" "meta-externalagent/1.1 (+https://developers.facebook.com/docs/sharing/webmasters/crawler)"
157.55.39.62 - - [29/Apr/2026:05:00:36 +0200] "GET /detail/54340887066159 HTTP/1.1" 404 96843 "-" "Mozilla/5.0 AppleWebKit/537.36 (KHTML, like Gecko; compatible; bingbot/2.0; +http://www.bing.com/bingbot.htm) Chrome/116.0.1938.76 Safari/537.36"
52.167.144.173 - - [29/Apr/2026:05:00:39 +0200] "GET /items/L751228284/ HTTP/1.1" 404 96843 "-" "Mozilla/5.0 AppleWebKit/537.36 (KHTML, like Gecko; compatible; bingbot/2.0; +http://www.bing.com/bingbot.htm) Chrome/116.0.1938.76 Safari/537.36"
109.234.166.131 - - [29/Apr/2026:05:00:40 +0200] "POST /wp-cron.php?doing_wp_cron=1777431640.8311951160430908203125 HTTP/1.1" 200 0 "-" "WordPress/6.9.4; https://www.liftsecurity.net"
52.167.144.173 - - [29/Apr/2026:05:00:41 +0200] "GET /items/P067554946/ HTTP/1.1" 404 96787 "-" "Mozilla/5.0 AppleWebKit/537.36 (KHTML, like Gecko; compatible; bingbot/2.0; +http://www.bing.com/bingbot.htm) Chrome/116.0.1938.76 Safari/537.36"
57.141.20.30 - - [29/Apr/2026:05:02:54 +0200] "GET /items/P063859418/ HTTP/1.1" 404 96843 "-" "meta-externalagent/1.1 (+https://developers.facebook.com/docs/sharing/webmasters/crawler)"
109.234.166.131 - - [29/Apr/2026:05:04:00 +0200] "POST /wp-cron.php?doing_wp_cron=1777431840.8363220691680908203125 HTTP/1.1" 200 0 "-" "WordPress/6.9.4; https://www.liftsecurity.net"
57.141.20.10 - - [29/Apr/2026:05:04:00 +0200] "GET /items/P063963497/ HTTP/1.1" 404 96843 "-" "meta-externalagent/1.1 (+https://developers.facebook.com/docs/sharing/webmasters/crawler)"
109.234.166.131 - - [29/Apr/2026:05:05:07 +0200] "POST /wp-cron.php?doing_wp_cron=1777431907.0661680698394775390625 HTTP/1.1" 200 0 "-" "WordPress/6.9.4; https://www.liftsecurity.net"
109.234.166.131 - - [29/Apr/2026:04:56:23 +0200] "POST /wp-cron.php?doing_wp_cron=1777431383.2882690429687500000000 HTTP/1.1" 200 0 "-" "WordPress/6.9.4; https://www.liftsecurity.net"
157.55.39.62 - - [29/Apr/2026:04:56:24 +0200] "GET /items/P066349975/ HTTP/1.1" 404 96843 "-" "Mozilla/5.0 AppleWebKit/537.36 (KHTML, like Gecko; compatible; bingbot/2.0; +http://www.bing.com/bingbot.htm) Chrome/116.0.1938.76 Safari/537.36"
40.77.167.3 - - [29/Apr/2026:04:56:28 +0200] "GET /detail/53852407394436 HTTP/1.1" 404 96843 "-" "Mozilla/5.0 AppleWebKit/537.36 (KHTML, like Gecko; compatible; bingbot/2.0; +http://www.bing.com/bingbot.htm) Chrome/116.0.1938.76 Safari/537.36"
109.234.166.131 - - [29/Apr/2026:04:56:33 +0200] "POST /wp-cron.php?doing_wp_cron=1777431393.1863200664520263671875 HTTP/1.1" 200 0 "-" "WordPress/6.9.4; https://www.liftsecurity.net"
52.167.144.161 - - [29/Apr/2026:04:56:33 +0200] "GET /items/C732446939/ HTTP/1.1" 404 96843 "-" "Mozilla/5.0 AppleWebKit/537.36 (KHTML, like Gecko; compatible; bingbot/2.0; +http://www.bing.com/bingbot.htm) Chrome/116.0.1938.76 Safari/537.36"
57.141.20.47 - - [29/Apr/2026:04:57:20 +0200] "GET /items/P067859444/ HTTP/1.1" 404 96843 "-" "meta-externalagent/1.1 (+https://developers.facebook.com/docs/sharing/webmasters/crawler)"
109.234.166.131 - - [29/Apr/2026:04:57:33 +0200] "POST /wp-cron.php?doing_wp_cron=1777431453.8679258823394775390625 HTTP/1.1" 200 0 "-" "WordPress/6.9.4; https://www.liftsecurity.net"
109.234.166.131 - - [29/Apr/2026:04:57:43 +0200] "POST /wp-cron.php?doing_wp_cron=1777431463.1066839694976806640625 HTTP/1.1" 200 0 "-" "WordPress/6.9.4; https://www.liftsecurity.net"
109.234.166.131 - - [29/Apr/2026:04:59:32 +0200] "POST /wp-cron.php?doing_wp_cron=1777431572.0847489833831787109375 HTTP/1.1" 200 0 "-" "WordPress/6.9.4; https://www.liftsecurity.net"
52.167.144.173 - - [29/Apr/2026:04:59:31 +0200] "GET /items/P063219329/ HTTP/1.1" 404 96787 "-" "Mozilla/5.0 AppleWebKit/537.36 (KHTML, like Gecko; compatible; bingbot/2.0; +http://www.bing.com/bingbot.htm) Chrome/116.0.1938.76 Safari/537.36"
109.234.166.131 - - [29/Apr/2026:05:00:33 +0200] "POST /wp-cron.php?doing_wp_cron=1777431633.8290610313415527343750 HTTP/1.1" 200 0 "-" "WordPress/6.9.4; https://www.liftsecurity.net"
157.55.39.62 - - [29/Apr/2026:05:00:33 +0200] "GET /detail/42361446245471 HTTP/1.1" 404 96843 "-" "Mozilla/5.0 AppleWebKit/537.36 (KHTML, like Gecko; compatible; bingbot/2.0; +http://www.bing.com/bingbot.htm) Chrome/116.0.1938.76 Safari/537.36"
157.55.39.62 - - [29/Apr/2026:05:00:34 +0200] "GET /items/C202702873/ HTTP/1.1" 404 96843 "-" "Mozilla/5.0 AppleWebKit/537.36 (KHTML, like Gecko; compatible; bingbot/2.0; +http://www.bing.com/bingbot.htm) Chrome/116.0.1938.76 Safari/537.36"
157.55.39.62 - - [29/Apr/2026:05:00:35 +0200] "GET /items/O812060156/ HTTP/1.1" 404 96843 "-" "Mozilla/5.0 AppleWebKit/537.36 (KHTML, like Gecko; compatible; bingbot/2.0; +http://www.bing.com/bingbot.htm) Chrome/116.0.1938.76 Safari/537.36"
52.167.144.173 - - [29/Apr/2026:05:00:37 +0200] "GET /detail/14545427958639 HTTP/1.1" 404 96843 "-" "Mozilla/5.0 AppleWebKit/537.36 (KHTML, like Gecko; compatible; bingbot/2.0; +http://www.bing.com/bingbot.htm) Chrome/116.0.1938.76 Safari/537.36"
109.234.166.131 - - [29/Apr/2026:05:00:40 +0200] "POST /wp-cron.php?doing_wp_cron=1777431640.3683869838714599609375 HTTP/1.1" 200 0 "-" "WordPress/6.9.4; https://www.liftsecurity.net"
57.141.20.33 - - [29/Apr/2026:05:00:40 +0200] "GET /items/P064140799/ HTTP/1.1" 404 96843 "-" "meta-externalagent/1.1 (+https://developers.facebook.com/docs/sharing/webmasters/crawler)"
52.167.144.173 - - [29/Apr/2026:05:00:40 +0200] "GET /items/R036850373/ HTTP/1.1" 404 96843 "-" "Mozilla/5.0 AppleWebKit/537.36 (KHTML, like Gecko; compatible; bingbot/2.0; +http://www.bing.com/bingbot.htm) Chrome/116.0.1938.76 Safari/537.36"
109.234.166.131 - - [29/Apr/2026:05:07:04 +0200] "POST /wp-cron.php?doing_wp_cron=1777432024.1333820819854736328125 HTTP/1.1" 200 0 "-" "WordPress/6.9.4; https://www.liftsecurity.net"
40.77.167.55 - - [29/Apr/2026:05:10:13 +0200] "GET /items/P061194912/ HTTP/1.1" 404 96843 "-" "Mozilla/5.0 AppleWebKit/537.36 (KHTML, like Gecko; compatible; bingbot/2.0; +http://www.bing.com/bingbot.htm) Chrome/116.0.1938.76 Safari/537.36"
109.234.166.131 - - [29/Apr/2026:05:10:44 +0200] "POST /wp-cron.php?doing_wp_cron=1777432244.0253651142120361328125 HTTP/1.1" 200 0 "-" "WordPress/6.9.4; https://www.liftsecurity.net"
157.55.39.10 - - [29/Apr/2026:05:11:55 +0200] "GET /items/P063079244/ HTTP/1.1" 301 0 "-" "Mozilla/5.0 AppleWebKit/537.36 (KHTML, like Gecko; compatible; bingbot/2.0; +http://www.bing.com/bingbot.htm) Chrome/116.0.1938.76 Safari/537.36"
57.141.20.47 - - [29/Apr/2026:05:10:02 +0200] "GET /items/P062161524/ HTTP/1.1" 404 96843 "-" "meta-externalagent/1.1 (+https://developers.facebook.com/docs/sharing/webmasters/crawler)"
40.77.167.76 - - [29/Apr/2026:05:10:08 +0200] "GET /detail/4589858654468 HTTP/1.1" 404 96843 "-" "Mozilla/5.0 AppleWebKit/537.36 (KHTML, like Gecko; compatible; bingbot/2.0; +http://www.bing.com/bingbot.htm) Chrome/116.0.1938.76 Safari/537.36"
40.77.167.55 - - [29/Apr/2026:05:10:13 +0200] "GET /items/E694028413/ HTTP/1.1" 404 96843 "-" "Mozilla/5.0 AppleWebKit/537.36 (KHTML, like Gecko; compatible; bingbot/2.0; +http://www.bing.com/bingbot.htm) Chrome/116.0.1938.76 Safari/537.36"
40.77.167.55 - - [29/Apr/2026:05:10:33 +0200] "GET /detail/60350624669777 HTTP/1.1" 404 96843 "-" "Mozilla/5.0 AppleWebKit/537.36 (KHTML, like Gecko; compatible; bingbot/2.0; +http://www.bing.com/bingbot.htm) Chrome/116.0.1938.76 Safari/537.36"
40.77.167.55 - - [29/Apr/2026:05:10:34 +0200] "GET /detail/59777707396574 HTTP/1.1" 404 96843 "-" "Mozilla/5.0 AppleWebKit/537.36 (KHTML, like Gecko; compatible; bingbot/2.0; +http://www.bing.com/bingbot.htm) Chrome/116.0.1938.76 Safari/537.36"
109.234.166.131 - - [29/Apr/2026:05:11:55 +0200] "POST /wp-cron.php?doing_wp_cron=1777432315.3790400028228759765625 HTTP/1.1" 200 0 "-" "WordPress/6.9.4; https://www.liftsecurity.net"
109.234.166.131 - - [29/Apr/2026:05:10:03 +0200] "POST /wp-cron.php?doing_wp_cron=1777432203.5312609672546386718750 HTTP/1.1" 200 0 "-" "WordPress/6.9.4; https://www.liftsecurity.net"
109.234.166.131 - - [29/Apr/2026:05:10:20 +0200] "POST /wp-cron.php?doing_wp_cron=1777432220.7063510417938232421875 HTTP/1.1" 200 0 "-" "WordPress/6.9.4; https://www.liftsecurity.net"
40.77.167.76 - - [29/Apr/2026:05:10:20 +0200] "GET /detail/53291155751356 HTTP/1.1" 404 96843 "-" "Mozilla/5.0 AppleWebKit/537.36 (KHTML, like Gecko; compatible; bingbot/2.0; +http://www.bing.com/bingbot.htm) Chrome/116.0.1938.76 Safari/537.36"
207.46.13.9 - - [29/Apr/2026:05:10:24 +0200] "GET /items/J474707393/ HTTP/1.1" 404 96843 "-" "Mozilla/5.0 AppleWebKit/537.36 (KHTML, like Gecko; compatible; bingbot/2.0; +http://www.bing.com/bingbot.htm) Chrome/116.0.1938.76 Safari/537.36"
109.234.166.131 - - [29/Apr/2026:05:10:33 +0200] "POST /wp-cron.php?doing_wp_cron=1777432233.9486620426177978515625 HTTP/1.1" 200 0 "-" "WordPress/6.9.4; https://www.liftsecurity.net"
57.141.20.54 - - [29/Apr/2026:05:10:43 +0200] "GET /items/P062156166/ HTTP/1.1" 404 96843 "-" "meta-externalagent/1.1 (+https://developers.facebook.com/docs/sharing/webmasters/crawler)"
109.234.166.131 - - [29/Apr/2026:05:11:23 +0200] "POST /wp-cron.php?doing_wp_cron=1777432283.6475510597229003906250 HTTP/1.1" 200 0 "-" "WordPress/6.9.4; https://www.liftsecurity.net"
57.141.20.60 - - [29/Apr/2026:05:11:23 +0200] "GET /items/P066641224/ HTTP/1.1" 301 0 "-" "meta-externalagent/1.1 (+https://developers.facebook.com/docs/sharing/webmasters/crawler)"
109.234.166.131 - - [29/Apr/2026:05:12:31 +0200] "POST /wp-cron.php?doing_wp_cron=1777432351.5511729717254638671875 HTTP/1.1" 200 0 "-" "WordPress/6.9.4; https://www.liftsecurity.net"
52.167.144.229 - - [29/Apr/2026:05:12:31 +0200] "GET /items/P066915579/ HTTP/1.1" 301 0 "-" "Mozilla/5.0 AppleWebKit/537.36 (KHTML, like Gecko; compatible; bingbot/2.0; +http://www.bing.com/bingbot.htm) Chrome/116.0.1938.76 Safari/537.36"
57.141.20.69 - - [29/Apr/2026:05:06:13 +0200] "GET /items/P066370726/ HTTP/1.1" 404 96843 "-" "meta-externalagent/1.1 (+https://developers.facebook.com/docs/sharing/webmasters/crawler)"
109.234.166.131 - - [29/Apr/2026:05:08:43 +0200] "POST /wp-cron.php?doing_wp_cron=1777432123.9429619312286376953125 HTTP/1.1" 200 0 "-" "WordPress/6.9.4; https://www.liftsecurity.net"
57.141.20.16 - - [29/Apr/2026:05:08:43 +0200] "GET /items/P067125192/ HTTP/1.1" 404 96843 "-" "meta-externalagent/1.1 (+https://developers.facebook.com/docs/sharing/webmasters/crawler)"
109.234.166.131 - - [29/Apr/2026:05:09:24 +0200] "POST /wp-cron.php?doing_wp_cron=1777432164.2604310512542724609375 HTTP/1.1" 200 0 "-" "WordPress/6.9.4; https://www.liftsecurity.net"
57.141.20.51 - - [29/Apr/2026:05:09:23 +0200] "GET /items/P066622072/ HTTP/1.1" 404 96843 "-" "meta-externalagent/1.1 (+https://developers.facebook.com/docs/sharing/webmasters/crawler)"
57.141.20.55 - - [29/Apr/2026:05:07:03 +0200] "GET /items/P067843382/ HTTP/1.1" 404 96843 "-" "meta-externalagent/1.1 (+https://developers.facebook.com/docs/sharing/webmasters/crawler)"
57.141.20.44 - - [29/Apr/2026:05:05:06 +0200] "GET /items/P062455856/ HTTP/1.1" 301 0 "-" "meta-externalagent/1.1 (+https://developers.facebook.com/docs/sharing/webmasters/crawler)"
216.244.66.241 - - [29/Apr/2026:05:05:26 +0200] "GET /wp-content/uploads/2020/05/IMG_4732-e1580416245944.jpg HTTP/1.1" 200 50275 "-" "Mozilla/5.0 (compatible; DotBot/1.2; +https://opensiteexplorer.org/dotbot; help@moz.com)"
109.234.166.131 - - [29/Apr/2026:05:06:13 +0200] "POST /wp-cron.php?doing_wp_cron=1777431973.6048760414123535156250 HTTP/1.1" 200 0 "-" "WordPress/6.9.4; https://www.liftsecurity.net"
109.234.166.131 - - [29/Apr/2026:05:07:53 +0200] "POST /wp-cron.php?doing_wp_cron=1777432073.9145009517669677734375 HTTP/1.1" 200 0 "-" "WordPress/6.9.4; https://www.liftsecurity.net"
57.141.20.3 - - [29/Apr/2026:05:07:53 +0200] "GET /items/P066882901/ HTTP/1.1" 301 0 "-" "meta-externalagent/1.1 (+https://developers.facebook.com/docs/sharing/webmasters/crawler)"
109.234.166.131 - - [29/Apr/2026:05:12:41 +0200] "POST /wp-cron.php?doing_wp_cron=1777432361.1654410362243652343750 HTTP/1.1" 200 0 "-" "WordPress/6.9.4; https://www.liftsecurity.net"
57.141.20.10 - - [29/Apr/2026:05:12:40 +0200] "GET /items/P062378578/ HTTP/1.1" 404 96843 "-" "meta-externalagent/1.1 (+https://developers.facebook.com/docs/sharing/webmasters/crawler)"
109.234.166.131 - - [29/Apr/2026:05:13:02 +0200] "POST /wp-cron.php?doing_wp_cron=1777432382.3938848972320556640625 HTTP/1.1" 200 0 "-" "WordPress/6.9.4; https://www.liftsecurity.net"
40.77.167.76 - - [29/Apr/2026:05:13:01 +0200] "GET /items/P062548830/ HTTP/1.1" 404 96843 "-" "Mozilla/5.0 AppleWebKit/537.36 (KHTML, like Gecko; compatible; bingbot/2.0; +http://www.bing.com/bingbot.htm) Chrome/116.0.1938.76 Safari/537.36"
109.234.166.131 - - [29/Apr/2026:05:13:17 +0200] "POST /wp-cron.php?doing_wp_cron=1777432397.8445289134979248046875 HTTP/1.1" 200 0 "-" "WordPress/6.9.4; https://www.liftsecurity.net"
57.141.20.53 - - [29/Apr/2026:05:13:55 +0200] "GET /items/P063562728/ HTTP/1.1" 301 0 "-" "meta-externalagent/1.1 (+https://developers.facebook.com/docs/sharing/webmasters/crawler)"
207.46.13.9 - - [29/Apr/2026:05:14:47 +0200] "GET /detail/24110742770309 HTTP/1.1" 404 96843 "-" "Mozilla/5.0 AppleWebKit/537.36 (KHTML, like Gecko; compatible; bingbot/2.0; +http://www.bing.com/bingbot.htm) Chrome/116.0.1938.76 Safari/537.36"
207.46.13.9 - - [29/Apr/2026:05:14:47 +0200] "GET /detail/7341801426150 HTTP/1.1" 404 96843 "-" "Mozilla/5.0 AppleWebKit/537.36 (KHTML, like Gecko; compatible; bingbot/2.0; +http://www.bing.com/bingbot.htm) Chrome/116.0.1938.76 Safari/537.36"
207.46.13.9 - - [29/Apr/2026:05:14:48 +0200] "GET /items/P061279288/ HTTP/1.1" 404 96843 "-" "Mozilla/5.0 AppleWebKit/537.36 (KHTML, like Gecko; compatible; bingbot/2.0; +http://www.bing.com/bingbot.htm) Chrome/116.0.1938.76 Safari/537.36"
207.46.13.9 - - [29/Apr/2026:05:14:50 +0200] "GET /items/G986092566/ HTTP/1.1" 404 96843 "-" "Mozilla/5.0 AppleWebKit/537.36 (KHTML, like Gecko; compatible; bingbot/2.0; +http://www.bing.com/bingbot.htm) Chrome/116.0.1938.76 Safari/537.36"
57.141.20.30 - - [29/Apr/2026:05:15:09 +0200] "GET /items/P062980253/ HTTP/1.1" 404 96843 "-" "meta-externalagent/1.1 (+https://developers.facebook.com/docs/sharing/webmasters/crawler)"
157.55.39.10 - - [29/Apr/2026:05:15:15 +0200] "GET /items/P062265262/ HTTP/1.1" 301 0 "-" "Mozilla/5.0 AppleWebKit/537.36 (KHTML, like Gecko; compatible; bingbot/2.0; +http://www.bing.com/bingbot.htm) Chrome/116.0.1938.76 Safari/537.36"
52.167.144.234 - - [29/Apr/2026:05:15:19 +0200] "GET /items/P066892738/ HTTP/1.1" 301 0 "-" "Mozilla/5.0 AppleWebKit/537.36 (KHTML, like Gecko; compatible; bingbot/2.0; +http://www.bing.com/bingbot.htm) Chrome/116.0.1938.76 Safari/537.36"
108.177.2.41 - - [29/Apr/2026:05:15:54 +0200] "GET /items/L134152784/ HTTP/1.1" 404 96843 "-" "Mozilla/5.0 (Linux; Android 6.0.1; Nexus 5X Build/MMB29P) AppleWebKit/537.36 (KHTML, like Gecko) Chrome/147.0.7727.116 Mobile Safari/537.36 (compatible; AdsBot-Google-Mobile; +http://www.google.com/mobile/adsbot.html)"
57.141.20.41 - - [29/Apr/2026:05:15:57 +0200] "GET /items/P061201412/ HTTP/1.1" 404 96843 "-" "meta-externalagent/1.1 (+https://developers.facebook.com/docs/sharing/webmasters/crawler)"
57.141.20.0 - - [29/Apr/2026:05:16:01 +0200] "GET /items/P064158881/ HTTP/1.1" 404 96843 "-" "meta-externalagent/1.1 (+https://developers.facebook.com/docs/sharing/webmasters/crawler)"
57.141.20.30 - - [29/Apr/2026:05:16:49 +0200] "GET /items/P061788324/ HTTP/1.1" 404 96843 "-" "meta-externalagent/1.1 (+https://developers.facebook.com/docs/sharing/webmasters/crawler)"
57.141.20.21 - - [29/Apr/2026:05:18:30 +0200] "GET /items/P066893792/ HTTP/1.1" 301 0 "-" "meta-externalagent/1.1 (+https://developers.facebook.com/docs/sharing/webmasters/crawler)"
109.234.166.131 - - [29/Apr/2026:05:19:47 +0200] "POST /wp-cron.php?doing_wp_cron=1777432787.7178919315338134765625 HTTP/1.1" 200 0 "-" "WordPress/6.9.4; https://www.liftsecurity.net"
57.141.20.47 - - [29/Apr/2026:05:12:37 +0200] "GET /items/P061977023/ HTTP/1.1" 404 96843 "-" "meta-externalagent/1.1 (+https://developers.facebook.com/docs/sharing/webmasters/crawler)"
40.77.167.76 - - [29/Apr/2026:05:13:02 +0200] "GET /detail/37558999117275 HTTP/1.1" 404 96843 "-" "Mozilla/5.0 AppleWebKit/537.36 (KHTML, like Gecko; compatible; bingbot/2.0; +http://www.bing.com/bingbot.htm) Chrome/116.0.1938.76 Safari/537.36"
40.77.167.76 - - [29/Apr/2026:05:13:03 +0200] "GET /items/Q086734599/ HTTP/1.1" 404 96843 "-" "Mozilla/5.0 AppleWebKit/537.36 (KHTML, like Gecko; compatible; bingbot/2.0; +http://www.bing.com/bingbot.htm) Chrome/116.0.1938.76 Safari/537.36"
40.77.167.55 - - [29/Apr/2026:05:13:13 +0200] "GET /detail/38648050444872 HTTP/1.1" 404 96843 "-" "Mozilla/5.0 AppleWebKit/537.36 (KHTML, like Gecko; compatible; bingbot/2.0; +http://www.bing.com/bingbot.htm) Chrome/116.0.1938.76 Safari/537.36"
57.141.20.56 - - [29/Apr/2026:05:13:17 +0200] "GET /items/P062196440/ HTTP/1.1" 404 96843 "-" "meta-externalagent/1.1 (+https://developers.facebook.com/docs/sharing/webmasters/crawler)"
109.234.166.131 - - [29/Apr/2026:05:14:42 +0200] "POST /wp-cron.php?doing_wp_cron=1777432482.6269578933715820312500 HTTP/1.1" 200 0 "-" "WordPress/6.9.4; https://www.liftsecurity.net"
40.77.167.55 - - [29/Apr/2026:05:14:44 +0200] "GET /items/P065856236/ HTTP/1.1" 404 96843 "-" "Mozilla/5.0 AppleWebKit/537.36 (KHTML, like Gecko; compatible; bingbot/2.0; +http://www.bing.com/bingbot.htm) Chrome/116.0.1938.76 Safari/537.36"
40.77.167.55 - - [29/Apr/2026:05:14:56 +0200] "GET /detail/17040524343270 HTTP/1.1" 404 96843 "-" "Mozilla/5.0 AppleWebKit/537.36 (KHTML, like Gecko; compatible; bingbot/2.0; +http://www.bing.com/bingbot.htm) Chrome/116.0.1938.76 Safari/537.36"
109.234.166.131 - - [29/Apr/2026:05:15:15 +0200] "POST /wp-cron.php?doing_wp_cron=1777432515.3097538948059082031250 HTTP/1.1" 200 0 "-" "WordPress/6.9.4; https://www.liftsecurity.net"
109.234.166.131 - - [29/Apr/2026:05:15:15 +0200] "POST /wp-cron.php?doing_wp_cron=1777432515.7519938945770263671875 HTTP/1.1" 200 0 "-" "WordPress/6.9.4; https://www.liftsecurity.net"
109.234.166.131 - - [29/Apr/2026:05:18:25 +0200] "POST /wp-cron.php?doing_wp_cron=1777432705.1058859825134277343750 HTTP/1.1" 200 0 "-" "WordPress/6.9.4; https://www.liftsecurity.net"
109.234.166.131 - - [29/Apr/2026:05:18:30 +0200] "POST /wp-cron.php?doing_wp_cron=1777432710.6109099388122558593750 HTTP/1.1" 200 0 "-" "WordPress/6.9.4; https://www.liftsecurity.net"
109.234.166.131 - - [29/Apr/2026:05:18:43 +0200] "POST /wp-cron.php?doing_wp_cron=1777432723.7218399047851562500000 HTTP/1.1" 200 0 "-" "WordPress/6.9.4; https://www.liftsecurity.net"
192.178.6.41 - - [29/Apr/2026:05:18:43 +0200] "GET /items/R025187516/ HTTP/1.1" 404 96843 "-" "Mozilla/5.0 (Linux; Android 6.0.1; Nexus 5X Build/MMB29P) AppleWebKit/537.36 (KHTML, like Gecko) Chrome/147.0.7727.116 Mobile Safari/537.36 (compatible; Googlebot/2.1; +http://www.google.com/bot.html)"
57.141.20.39 - - [29/Apr/2026:05:21:07 +0200] "GET /items/P067368113/ HTTP/1.1" 404 96843 "-" "meta-externalagent/1.1 (+https://developers.facebook.com/docs/sharing/webmasters/crawler)"
109.234.166.131 - - [29/Apr/2026:05:21:15 +0200] "POST /wp-cron.php?doing_wp_cron=1777432875.9405159950256347656250 HTTP/1.1" 200 0 "-" "WordPress/6.9.4; https://www.liftsecurity.net"
57.141.20.49 - - [29/Apr/2026:05:21:39 +0200] "GET /items/P061865605/ HTTP/1.1" 404 96843 "-" "meta-externalagent/1.1 (+https://developers.facebook.com/docs/sharing/webmasters/crawler)"
57.141.20.53 - - [29/Apr/2026:05:23:24 +0200] "GET /items/P064525773/ HTTP/1.1" 404 96843 "-" "meta-externalagent/1.1 (+https://developers.facebook.com/docs/sharing/webmasters/crawler)"
109.234.166.131 - - [29/Apr/2026:05:23:53 +0200] "POST /wp-cron.php?doing_wp_cron=1777433033.8795549869537353515625 HTTP/1.1" 200 0 "-" "WordPress/6.9.4; https://www.liftsecurity.net"
52.167.144.234 - - [29/Apr/2026:05:12:45 +0200] "GET /items/P065067857/ HTTP/1.1" 301 0 "-" "Mozilla/5.0 AppleWebKit/537.36 (KHTML, like Gecko; compatible; bingbot/2.0; +http://www.bing.com/bingbot.htm) Chrome/116.0.1938.76 Safari/537.36"
207.46.13.9 - - [29/Apr/2026:05:13:04 +0200] "GET /items/Y871938544/ HTTP/1.1" 404 96843 "-" "Mozilla/5.0 AppleWebKit/537.36 (KHTML, like Gecko; compatible; bingbot/2.0; +http://www.bing.com/bingbot.htm) Chrome/116.0.1938.76 Safari/537.36"
40.77.167.55 - - [29/Apr/2026:05:13:04 +0200] "GET /items/P062097846/ HTTP/1.1" 404 96843 "-" "Mozilla/5.0 AppleWebKit/537.36 (KHTML, like Gecko; compatible; bingbot/2.0; +http://www.bing.com/bingbot.htm) Chrome/116.0.1938.76 Safari/537.36"
109.234.166.131 - - [29/Apr/2026:05:13:55 +0200] "POST /wp-cron.php?doing_wp_cron=1777432435.5230379104614257812500 HTTP/1.1" 200 0 "-" "WordPress/6.9.4; https://www.liftsecurity.net"
40.77.167.76 - - [29/Apr/2026:05:14:42 +0200] "GET /detail/68224974454016 HTTP/1.1" 404 96843 "-" "Mozilla/5.0 AppleWebKit/537.36 (KHTML, like Gecko; compatible; bingbot/2.0; +http://www.bing.com/bingbot.htm) Chrome/116.0.1938.76 Safari/537.36"
207.46.13.9 - - [29/Apr/2026:05:14:49 +0200] "GET /items/P061104398/ HTTP/1.1" 404 96787 "-" "Mozilla/5.0 AppleWebKit/537.36 (KHTML, like Gecko; compatible; bingbot/2.0; +http://www.bing.com/bingbot.htm) Chrome/116.0.1938.76 Safari/537.36"
109.234.166.131 - - [29/Apr/2026:05:15:10 +0200] "POST /wp-cron.php?doing_wp_cron=1777432510.5253760814666748046875 HTTP/1.1" 200 0 "-" "WordPress/6.9.4; https://www.liftsecurity.net"
207.46.13.9 - - [29/Apr/2026:05:15:15 +0200] "GET /items/P064691442/ HTTP/1.1" 404 96843 "-" "Mozilla/5.0 AppleWebKit/537.36 (KHTML, like Gecko; compatible; bingbot/2.0; +http://www.bing.com/bingbot.htm) Chrome/116.0.1938.76 Safari/537.36"
109.234.166.131 - - [29/Apr/2026:05:16:50 +0200] "POST /wp-cron.php?doing_wp_cron=1777432609.9980039596557617187500 HTTP/1.1" 200 0 "-" "WordPress/6.9.4; https://www.liftsecurity.net"
57.141.20.54 - - [29/Apr/2026:05:18:24 +0200] "GET /items/P063926722/ HTTP/1.1" 301 0 "-" "meta-externalagent/1.1 (+https://developers.facebook.com/docs/sharing/webmasters/crawler)"
57.141.20.32 - - [29/Apr/2026:05:19:50 +0200] "GET /items/P067684153/ HTTP/1.1" 404 96843 "-" "meta-externalagent/1.1 (+https://developers.facebook.com/docs/sharing/webmasters/crawler)"
57.141.20.0 - - [29/Apr/2026:05:20:28 +0200] "GET /items/P062983605/ HTTP/1.1" 301 0 "-" "meta-externalagent/1.1 (+https://developers.facebook.com/docs/sharing/webmasters/crawler)"
109.234.166.131 - - [29/Apr/2026:05:21:08 +0200] "POST /wp-cron.php?doing_wp_cron=1777432868.0389308929443359375000 HTTP/1.1" 200 0 "-" "WordPress/6.9.4; https://www.liftsecurity.net"
192.178.6.33 - - [29/Apr/2026:05:21:15 +0200] "GET /items/S073644325/ HTTP/1.1" 404 96843 "-" "Mozilla/5.0 (Linux; Android 6.0.1; Nexus 5X Build/MMB29P) AppleWebKit/537.36 (KHTML, like Gecko) Chrome/147.0.7727.116 Mobile Safari/537.36 (compatible; Googlebot/2.1; +http://www.google.com/bot.html)"
57.141.20.21 - - [29/Apr/2026:05:22:44 +0200] "GET /items/P067129732/ HTTP/1.1" 404 96843 "-" "meta-externalagent/1.1 (+https://developers.facebook.com/docs/sharing/webmasters/crawler)"
109.234.166.131 - - [29/Apr/2026:05:23:24 +0200] "POST /wp-cron.php?doing_wp_cron=1777433004.5331990718841552734375 HTTP/1.1" 200 0 "-" "WordPress/6.9.4; https://www.liftsecurity.net"
40.77.167.230 - - [29/Apr/2026:05:23:53 +0200] "GET /items/P064413920/ HTTP/1.1" 404 96787 "-" "Mozilla/5.0 AppleWebKit/537.36 (KHTML, like Gecko; compatible; bingbot/2.0; +http://www.bing.com/bingbot.htm) Chrome/116.0.1938.76 Safari/537.36"
109.234.166.131 - - [29/Apr/2026:05:25:41 +0200] "POST /wp-cron.php?doing_wp_cron=1777433141.4572539329528808593750 HTTP/1.1" 200 0 "-" "WordPress/6.9.4; https://www.liftsecurity.net"
109.234.166.131 - - [29/Apr/2026:05:27:29 +0200] "POST /wp-cron.php?doing_wp_cron=1777433249.6674339771270751953125 HTTP/1.1" 200 0 "-" "WordPress/6.9.4; https://www.liftsecurity.net"
57.141.20.21 - - [29/Apr/2026:05:19:47 +0200] "GET /items/P067034148/ HTTP/1.1" 404 96843 "-" "meta-externalagent/1.1 (+https://developers.facebook.com/docs/sharing/webmasters/crawler)"
192.178.6.33 - - [29/Apr/2026:05:19:49 +0200] "GET /items/R025374096/ HTTP/1.1" 404 96843 "-" "Mozilla/5.0 (Linux; Android 6.0.1; Nexus 5X Build/MMB29P) AppleWebKit/537.36 (KHTML, like Gecko) Chrome/147.0.7727.116 Mobile Safari/537.36 (compatible; Googlebot/2.1; +http://www.google.com/bot.html)"
109.234.166.131 - - [29/Apr/2026:05:20:29 +0200] "POST /wp-cron.php?doing_wp_cron=1777432829.0100219249725341796875 HTTP/1.1" 200 0 "-" "WordPress/6.9.4; https://www.liftsecurity.net"
109.234.166.131 - - [29/Apr/2026:05:21:40 +0200] "POST /wp-cron.php?doing_wp_cron=1777432900.0934560298919677734375 HTTP/1.1" 200 0 "-" "WordPress/6.9.4; https://www.liftsecurity.net"
109.234.166.131 - - [29/Apr/2026:05:22:44 +0200] "POST /wp-cron.php?doing_wp_cron=1777432964.8732509613037109375000 HTTP/1.1" 200 0 "-" "WordPress/6.9.4; https://www.liftsecurity.net"
77.75.79.54 - - [29/Apr/2026:05:24:05 +0200] "GET /items/P065241738/ HTTP/1.1" 404 96843 "-" "Mozilla/5.0 (compatible; SeznamBot/4.0; +https://o-seznam.cz/napoveda/vyhledavani/en/seznambot-crawler/)"
109.234.166.131 - - [29/Apr/2026:05:24:56 +0200] "POST /wp-cron.php?doing_wp_cron=1777433096.1945960521697998046875 HTTP/1.1" 200 0 "-" "WordPress/6.9.4; https://www.liftsecurity.net"
57.141.20.14 - - [29/Apr/2026:05:24:55 +0200] "GET /items/P067305124/ HTTP/1.1" 301 0 "-" "meta-externalagent/1.1 (+https://developers.facebook.com/docs/sharing/webmasters/crawler)"
57.141.20.0 - - [29/Apr/2026:05:25:40 +0200] "GET /items/P066074910/ HTTP/1.1" 404 96843 "-" "meta-externalagent/1.1 (+https://developers.facebook.com/docs/sharing/webmasters/crawler)"
109.234.166.131 - - [29/Apr/2026:05:26:17 +0200] "POST /wp-cron.php?doing_wp_cron=1777433177.8067569732666015625000 HTTP/1.1" 200 0 "-" "WordPress/6.9.4; https://www.liftsecurity.net"
57.141.20.37 - - [29/Apr/2026:05:26:17 +0200] "GET /items/P063542569/ HTTP/1.1" 404 96843 "-" "meta-externalagent/1.1 (+https://developers.facebook.com/docs/sharing/webmasters/crawler)"
109.234.166.131 - - [29/Apr/2026:05:28:06 +0200] "POST /wp-cron.php?doing_wp_cron=1777433286.8709731101989746093750 HTTP/1.1" 200 0 "-" "WordPress/6.9.4; https://www.liftsecurity.net"
57.141.20.37 - - [29/Apr/2026:05:28:06 +0200] "GET /items/P067762203/ HTTP/1.1" 404 96843 "-" "meta-externalagent/1.1 (+https://developers.facebook.com/docs/sharing/webmasters/crawler)"
51.68.111.242 - - [29/Apr/2026:05:28:16 +0200] "GET / HTTP/1.1" 200 287492 "-" "Mozilla/5.0 (compatible; MJ12bot/v2.0.5; http://mj12bot.com/)"
109.234.166.131 - - [29/Apr/2026:05:28:26 +0200] "POST /wp-cron.php?doing_wp_cron=1777433306.0482139587402343750000 HTTP/1.1" 200 0 "-" "WordPress/6.9.4; https://www.liftsecurity.net"
109.234.166.131 - - [29/Apr/2026:05:28:56 +0200] "POST /wp-cron.php?doing_wp_cron=1777433336.4332709312438964843750 HTTP/1.1" 200 0 "-" "WordPress/6.9.4; https://www.liftsecurity.net"
109.234.166.131 - - [29/Apr/2026:05:29:00 +0200] "POST /wp-cron.php?doing_wp_cron=1777433340.9143431186676025390625 HTTP/1.1" 200 0 "-" "WordPress/6.9.4; https://www.liftsecurity.net"
40.77.167.55 - - [29/Apr/2026:05:29:00 +0200] "GET /items/P064585194/ HTTP/1.1" 301 0 "-" "Mozilla/5.0 AppleWebKit/537.36 (KHTML, like Gecko; compatible; bingbot/2.0; +http://www.bing.com/bingbot.htm) Chrome/116.0.1938.76 Safari/537.36"
51.68.111.242 - - [29/Apr/2026:05:28:16 +0200] "GET /robots.txt HTTP/1.1" 200 1834 "-" "Mozilla/5.0 (compatible; MJ12bot/v2.0.5; http://mj12bot.com/)"
40.77.167.75 - - [29/Apr/2026:05:28:27 +0200] "GET /items/P065373124/ HTTP/1.1" 404 96843 "-" "Mozilla/5.0 AppleWebKit/537.36 (KHTML, like Gecko; compatible; bingbot/2.0; +http://www.bing.com/bingbot.htm) Chrome/116.0.1938.76 Safari/537.36"
109.234.166.131 - - [29/Apr/2026:05:28:31 +0200] "POST /wp-cron.php?doing_wp_cron=1777433311.3400099277496337890625 HTTP/1.1" 200 0 "-" "WordPress/6.9.4; https://www.liftsecurity.net"
207.46.13.127 - - [29/Apr/2026:05:28:56 +0200] "GET /items/P066303023/ HTTP/1.1" 301 0 "-" "Mozilla/5.0 AppleWebKit/537.36 (KHTML, like Gecko; compatible; bingbot/2.0; +http://www.bing.com/bingbot.htm) Chrome/116.0.1938.76 Safari/537.36"
109.234.166.131 - - [29/Apr/2026:05:24:06 +0200] "POST /wp-cron.php?doing_wp_cron=1777433046.2480831146240234375000 HTTP/1.1" 200 0 "-" "WordPress/6.9.4; https://www.liftsecurity.net"
57.141.20.28 - - [29/Apr/2026:05:24:07 +0200] "GET /items/P066428655/ HTTP/1.1" 404 96843 "-" "meta-externalagent/1.1 (+https://developers.facebook.com/docs/sharing/webmasters/crawler)"
57.141.20.12 - - [29/Apr/2026:05:24:11 +0200] "GET /items/P061536287/ HTTP/1.1" 404 96843 "-" "meta-externalagent/1.1 (+https://developers.facebook.com/docs/sharing/webmasters/crawler)"
109.234.166.131 - - [29/Apr/2026:05:26:53 +0200] "POST /wp-cron.php?doing_wp_cron=1777433213.3249049186706542968750 HTTP/1.1" 200 0 "-" "WordPress/6.9.4; https://www.liftsecurity.net"
57.141.20.52 - - [29/Apr/2026:05:26:52 +0200] "GET /items/P066896744/ HTTP/1.1" 404 96843 "-" "meta-externalagent/1.1 (+https://developers.facebook.com/docs/sharing/webmasters/crawler)"
57.141.20.63 - - [29/Apr/2026:05:27:29 +0200] "GET /items/P063424654/ HTTP/1.1" 404 96843 "-" "meta-externalagent/1.1 (+https://developers.facebook.com/docs/sharing/webmasters/crawler)"
40.77.167.78 - - [29/Apr/2026:05:28:25 +0200] "GET /items/P061885882/ HTTP/1.1" 404 96843 "-" "Mozilla/5.0 AppleWebKit/537.36 (KHTML, like Gecko; compatible; bingbot/2.0; +http://www.bing.com/bingbot.htm) Chrome/116.0.1938.76 Safari/537.36"
