109.234.166.131 - - [29/Apr/2026:02:01:02 +0200] "POST /wp-cron.php?doing_wp_cron=1777420862.0379669666290283203125 HTTP/1.1" 200 0 "-" "WordPress/6.9.4; https://www.liftsecurity.net"
109.234.166.131 - - [29/Apr/2026:02:02:30 +0200] "POST /wp-cron.php?doing_wp_cron=1777420950.1869869232177734375000 HTTP/1.1" 200 0 "-" "WordPress/6.9.4; https://www.liftsecurity.net"
109.234.166.131 - - [29/Apr/2026:02:02:40 +0200] "POST /wp-cron.php?doing_wp_cron=1777420960.5406808853149414062500 HTTP/1.1" 200 0 "-" "WordPress/6.9.4; https://www.liftsecurity.net"
57.141.20.42 - - [29/Apr/2026:02:03:12 +0200] "GET /items/P066362139/ HTTP/1.1" 301 0 "-" "meta-externalagent/1.1 (+https://developers.facebook.com/docs/sharing/webmasters/crawler)"
57.141.20.57 - - [29/Apr/2026:02:03:14 +0200] "GET /items/P061575927/ HTTP/1.1" 404 96843 "-" "meta-externalagent/1.1 (+https://developers.facebook.com/docs/sharing/webmasters/crawler)"
57.141.20.30 - - [29/Apr/2026:02:03:52 +0200] "GET /items/P064750145/ HTTP/1.1" 404 96843 "-" "meta-externalagent/1.1 (+https://developers.facebook.com/docs/sharing/webmasters/crawler)"
109.234.166.131 - - [29/Apr/2026:02:04:13 +0200] "POST /wp-cron.php?doing_wp_cron=1777421053.1010730266571044921875 HTTP/1.1" 200 0 "-" "WordPress/6.9.4; https://www.liftsecurity.net"
109.234.166.131 - - [29/Apr/2026:02:04:31 +0200] "POST /wp-cron.php?doing_wp_cron=1777421071.6570239067077636718750 HTTP/1.1" 200 0 "-" "WordPress/6.9.4; https://www.liftsecurity.net"
57.141.20.20 - - [29/Apr/2026:02:07:12 +0200] "GET /items/P063855206/ HTTP/1.1" 404 96843 "-" "meta-externalagent/1.1 (+https://developers.facebook.com/docs/sharing/webmasters/crawler)"
109.234.166.131 - - [29/Apr/2026:02:07:18 +0200] "POST /wp-cron.php?doing_wp_cron=1777421238.9618940353393554687500 HTTP/1.1" 200 0 "-" "WordPress/6.9.4; https://www.liftsecurity.net"
57.141.20.26 - - [29/Apr/2026:02:07:30 +0200] "GET /items/P067707646/ HTTP/1.1" 301 0 "-" "meta-externalagent/1.1 (+https://developers.facebook.com/docs/sharing/webmasters/crawler)"
57.141.20.69 - - [29/Apr/2026:02:08:04 +0200] "GET /items/P066380917/ HTTP/1.1" 301 0 "-" "meta-externalagent/1.1 (+https://developers.facebook.com/docs/sharing/webmasters/crawler)"
109.234.166.131 - - [29/Apr/2026:02:08:23 +0200] "POST /wp-cron.php?doing_wp_cron=1777421303.1753919124603271484375 HTTP/1.1" 200 0 "-" "WordPress/6.9.4; https://www.liftsecurity.net"
57.141.20.4 - - [29/Apr/2026:02:08:53 +0200] "GET /items/P064604055/ HTTP/1.1" 301 0 "-" "meta-externalagent/1.1 (+https://developers.facebook.com/docs/sharing/webmasters/crawler)"
57.141.20.55 - - [29/Apr/2026:02:06:51 +0200] "GET /items/P067145202/ HTTP/1.1" 301 0 "-" "meta-externalagent/1.1 (+https://developers.facebook.com/docs/sharing/webmasters/crawler)"
109.234.166.131 - - [29/Apr/2026:02:07:49 +0200] "POST /wp-cron.php?doing_wp_cron=1777421269.0185580253601074218750 HTTP/1.1" 200 0 "-" "WordPress/6.9.4; https://www.liftsecurity.net"
57.141.20.59 - - [29/Apr/2026:02:08:22 +0200] "GET /items/P063912189/ HTTP/1.1" 404 96843 "-" "meta-externalagent/1.1 (+https://developers.facebook.com/docs/sharing/webmasters/crawler)"
109.234.166.131 - - [29/Apr/2026:02:08:38 +0200] "POST /wp-cron.php?doing_wp_cron=1777421318.7854909896850585937500 HTTP/1.1" 200 0 "-" "WordPress/6.9.4; https://www.liftsecurity.net"
109.234.166.131 - - [29/Apr/2026:02:08:53 +0200] "POST /wp-cron.php?doing_wp_cron=1777421333.7911651134490966796875 HTTP/1.1" 200 0 "-" "WordPress/6.9.4; https://www.liftsecurity.net"
109.234.166.131 - - [29/Apr/2026:02:06:27 +0200] "POST /wp-cron.php?doing_wp_cron=1777421187.0581409931182861328125 HTTP/1.1" 200 0 "-" "WordPress/6.9.4; https://www.liftsecurity.net"
57.141.20.9 - - [29/Apr/2026:02:06:28 +0200] "GET /items/P062705281/ HTTP/1.1" 301 0 "-" "meta-externalagent/1.1 (+https://developers.facebook.com/docs/sharing/webmasters/crawler)"
109.234.166.131 - - [29/Apr/2026:02:06:58 +0200] "POST /wp-cron.php?doing_wp_cron=1777421218.6651260852813720703125 HTTP/1.1" 200 0 "-" "WordPress/6.9.4; https://www.liftsecurity.net"
52.167.144.171 - - [29/Apr/2026:02:07:18 +0200] "GET /items/P066125142/ HTTP/1.1" 404 96787 "-" "Mozilla/5.0 AppleWebKit/537.36 (KHTML, like Gecko; compatible; bingbot/2.0; +http://www.bing.com/bingbot.htm) Chrome/116.0.1938.76 Safari/537.36"
109.234.166.131 - - [29/Apr/2026:02:07:30 +0200] "POST /wp-cron.php?doing_wp_cron=1777421250.6247279644012451171875 HTTP/1.1" 200 0 "-" "WordPress/6.9.4; https://www.liftsecurity.net"
57.141.20.59 - - [29/Apr/2026:02:07:48 +0200] "GET /items/P067445394/ HTTP/1.1" 404 96843 "-" "meta-externalagent/1.1 (+https://developers.facebook.com/docs/sharing/webmasters/crawler)"
109.234.166.131 - - [29/Apr/2026:02:08:05 +0200] "POST /wp-cron.php?doing_wp_cron=1777421285.2578411102294921875000 HTTP/1.1" 200 0 "-" "WordPress/6.9.4; https://www.liftsecurity.net"
57.141.20.4 - - [29/Apr/2026:02:08:38 +0200] "GET /items/P063725816/ HTTP/1.1" 404 96843 "-" "meta-externalagent/1.1 (+https://developers.facebook.com/docs/sharing/webmasters/crawler)"
57.141.20.29 - - [29/Apr/2026:02:09:09 +0200] "GET /items/P065770943/ HTTP/1.1" 301 0 "-" "meta-externalagent/1.1 (+https://developers.facebook.com/docs/sharing/webmasters/crawler)"
57.141.20.61 - - [29/Apr/2026:02:11:03 +0200] "GET /items/P063318146/ HTTP/1.1" 404 96843 "-" "meta-externalagent/1.1 (+https://developers.facebook.com/docs/sharing/webmasters/crawler)"
57.141.20.16 - - [29/Apr/2026:02:11:05 +0200] "GET /items/P061031012/ HTTP/1.1" 301 0 "-" "meta-externalagent/1.1 (+https://developers.facebook.com/docs/sharing/webmasters/crawler)"
109.234.166.131 - - [29/Apr/2026:02:11:22 +0200] "POST /wp-cron.php?doing_wp_cron=1777421482.3664360046386718750000 HTTP/1.1" 200 0 "-" "WordPress/6.9.4; https://www.liftsecurity.net"
57.141.20.18 - - [29/Apr/2026:02:11:37 +0200] "GET /items/P063990730/ HTTP/1.1" 404 96843 "-" "meta-externalagent/1.1 (+https://developers.facebook.com/docs/sharing/webmasters/crawler)"
109.234.166.131 - - [29/Apr/2026:02:11:52 +0200] "POST /wp-cron.php?doing_wp_cron=1777421512.5633189678192138671875 HTTP/1.1" 200 0 "-" "WordPress/6.9.4; https://www.liftsecurity.net"
109.234.166.131 - - [29/Apr/2026:02:12:13 +0200] "POST /wp-cron.php?doing_wp_cron=1777421533.6558721065521240234375 HTTP/1.1" 200 0 "-" "WordPress/6.9.4; https://www.liftsecurity.net"
109.234.166.131 - - [29/Apr/2026:02:12:21 +0200] "POST /wp-cron.php?doing_wp_cron=1777421541.9404740333557128906250 HTTP/1.1" 200 0 "-" "WordPress/6.9.4; https://www.liftsecurity.net"
40.77.167.8 - - [29/Apr/2026:02:12:25 +0200] "GET /detail/42272188307287 HTTP/1.1" 404 96843 "-" "Mozilla/5.0 AppleWebKit/537.36 (KHTML, like Gecko; compatible; bingbot/2.0; +http://www.bing.com/bingbot.htm) Chrome/116.0.1938.76 Safari/537.36"
109.234.166.131 - - [29/Apr/2026:02:12:38 +0200] "POST /wp-cron.php?doing_wp_cron=1777421558.0155160427093505859375 HTTP/1.1" 200 0 "-" "WordPress/6.9.4; https://www.liftsecurity.net"
57.141.20.69 - - [29/Apr/2026:02:12:37 +0200] "GET /items/P062395454/ HTTP/1.1" 404 96843 "-" "meta-externalagent/1.1 (+https://developers.facebook.com/docs/sharing/webmasters/crawler)"
57.141.20.35 - - [29/Apr/2026:02:12:52 +0200] "GET /items/P066382040/ HTTP/1.1" 301 0 "-" "meta-externalagent/1.1 (+https://developers.facebook.com/docs/sharing/webmasters/crawler)"
57.141.20.65 - - [29/Apr/2026:02:13:07 +0200] "GET /items/P065728855/ HTTP/1.1" 301 0 "-" "meta-externalagent/1.1 (+https://developers.facebook.com/docs/sharing/webmasters/crawler)"
109.234.166.131 - - [29/Apr/2026:02:13:34 +0200] "POST /wp-cron.php?doing_wp_cron=1777421614.4853119850158691406250 HTTP/1.1" 200 0 "-" "WordPress/6.9.4; https://www.liftsecurity.net"
57.141.20.2 - - [29/Apr/2026:02:13:34 +0200] "GET /items/P067805257/ HTTP/1.1" 301 0 "-" "meta-externalagent/1.1 (+https://developers.facebook.com/docs/sharing/webmasters/crawler)"
57.141.20.62 - - [29/Apr/2026:02:13:58 +0200] "GET /items/P061030661/ HTTP/1.1" 301 0 "-" "meta-externalagent/1.1 (+https://developers.facebook.com/docs/sharing/webmasters/crawler)"
20.12.186.23 - - [29/Apr/2026:02:14:02 +0200] "GET /wp-content/plugins/admin.php HTTP/1.1" 400 52 "-" "Mozilla/5.0 (Windows NT 10.0; Win64; x64) AppleWebKit/537.36 (KHTML, like Gecko) Chrome/120.0.0.0 Safari/537.36"
20.12.186.23 - - [29/Apr/2026:02:14:02 +0200] "GET /wp-content/plugins/admin.php HTTP/1.1" 301 0 "-" "Mozilla/5.0 (Windows NT 10.0; Win64; x64) AppleWebKit/537.36 (KHTML, like Gecko) Chrome/120.0.0.0 Safari/537.36"
57.141.20.39 - - [29/Apr/2026:02:14:09 +0200] "GET /items/P064707576/ HTTP/1.1" 301 0 "-" "meta-externalagent/1.1 (+https://developers.facebook.com/docs/sharing/webmasters/crawler)"
109.234.166.131 - - [29/Apr/2026:02:14:21 +0200] "POST /wp-cron.php?doing_wp_cron=1777421661.2210168838500976562500 HTTP/1.1" 200 0 "-" "WordPress/6.9.4; https://www.liftsecurity.net"
109.234.166.131 - - [29/Apr/2026:02:14:31 +0200] "POST /wp-cron.php?doing_wp_cron=1777421671.1445889472961425781250 HTTP/1.1" 200 0 "-" "WordPress/6.9.4; https://www.liftsecurity.net"
57.141.20.1 - - [29/Apr/2026:02:09:23 +0200] "GET /items/P061651988/ HTTP/1.1" 404 96843 "-" "meta-externalagent/1.1 (+https://developers.facebook.com/docs/sharing/webmasters/crawler)"
109.234.166.131 - - [29/Apr/2026:02:09:50 +0200] "POST /wp-cron.php?doing_wp_cron=1777421390.8473401069641113281250 HTTP/1.1" 200 0 "-" "WordPress/6.9.4; https://www.liftsecurity.net"
57.141.20.68 - - [29/Apr/2026:02:09:50 +0200] "GET /items/P061438518/ HTTP/1.1" 404 96843 "-" "meta-externalagent/1.1 (+https://developers.facebook.com/docs/sharing/webmasters/crawler)"
57.141.20.64 - - [29/Apr/2026:02:10:19 +0200] "GET /items/P062491199/ HTTP/1.1" 404 96843 "-" "meta-externalagent/1.1 (+https://developers.facebook.com/docs/sharing/webmasters/crawler)"
109.234.166.131 - - [29/Apr/2026:02:10:34 +0200] "POST /wp-cron.php?doing_wp_cron=1777421434.0569128990173339843750 HTTP/1.1" 200 0 "-" "WordPress/6.9.4; https://www.liftsecurity.net"
57.141.20.61 - - [29/Apr/2026:02:10:33 +0200] "GET /items/P061509290/ HTTP/1.1" 404 96843 "-" "meta-externalagent/1.1 (+https://developers.facebook.com/docs/sharing/webmasters/crawler)"
57.141.20.26 - - [29/Apr/2026:02:11:22 +0200] "GET /items/P064489710/ HTTP/1.1" 301 0 "-" "meta-externalagent/1.1 (+https://developers.facebook.com/docs/sharing/webmasters/crawler)"
109.234.166.131 - - [29/Apr/2026:02:11:38 +0200] "POST /wp-cron.php?doing_wp_cron=1777421498.3218629360198974609375 HTTP/1.1" 200 0 "-" "WordPress/6.9.4; https://www.liftsecurity.net"
57.141.20.43 - - [29/Apr/2026:02:11:52 +0200] "GET /items/P064158581/ HTTP/1.1" 404 96843 "-" "meta-externalagent/1.1 (+https://developers.facebook.com/docs/sharing/webmasters/crawler)"
157.55.39.201 - - [29/Apr/2026:02:12:14 +0200] "GET /detail/18278249805100 HTTP/1.1" 404 96843 "-" "Mozilla/5.0 AppleWebKit/537.36 (KHTML, like Gecko; compatible; bingbot/2.0; +http://www.bing.com/bingbot.htm) Chrome/116.0.1938.76 Safari/537.36"
40.77.167.8 - - [29/Apr/2026:02:12:22 +0200] "GET /detail/16779067192238 HTTP/1.1" 404 96843 "-" "Mozilla/5.0 AppleWebKit/537.36 (KHTML, like Gecko; compatible; bingbot/2.0; +http://www.bing.com/bingbot.htm) Chrome/116.0.1938.76 Safari/537.36"
109.234.166.131 - - [29/Apr/2026:02:12:51 +0200] "POST /wp-cron.php?doing_wp_cron=1777421571.0476489067077636718750 HTTP/1.1" 200 0 "-" "WordPress/6.9.4; https://www.liftsecurity.net"
40.77.167.230 - - [29/Apr/2026:02:12:50 +0200] "GET /items/P064435787/ HTTP/1.1" 301 0 "-" "Mozilla/5.0 AppleWebKit/537.36 (KHTML, like Gecko; compatible; bingbot/2.0; +http://www.bing.com/bingbot.htm) Chrome/116.0.1938.76 Safari/537.36"
109.234.166.131 - - [29/Apr/2026:02:13:08 +0200] "POST /wp-cron.php?doing_wp_cron=1777421588.1339359283447265625000 HTTP/1.1" 200 0 "-" "WordPress/6.9.4; https://www.liftsecurity.net"
57.141.20.21 - - [29/Apr/2026:02:13:20 +0200] "GET /items/P061471845/ HTTP/1.1" 404 96843 "-" "meta-externalagent/1.1 (+https://developers.facebook.com/docs/sharing/webmasters/crawler)"
57.141.20.37 - - [29/Apr/2026:02:13:46 +0200] "GET /items/P065712839/ HTTP/1.1" 301 0 "-" "meta-externalagent/1.1 (+https://developers.facebook.com/docs/sharing/webmasters/crawler)"
109.234.166.131 - - [29/Apr/2026:02:13:59 +0200] "POST /wp-cron.php?doing_wp_cron=1777421639.0063910484313964843750 HTTP/1.1" 200 0 "-" "WordPress/6.9.4; https://www.liftsecurity.net"
57.141.20.4 - - [29/Apr/2026:02:14:20 +0200] "GET /items/P065705579/ HTTP/1.1" 404 96843 "-" "meta-externalagent/1.1 (+https://developers.facebook.com/docs/sharing/webmasters/crawler)"
109.234.166.131 - - [29/Apr/2026:02:14:41 +0200] "POST /wp-cron.php?doing_wp_cron=1777421681.5894429683685302734375 HTTP/1.1" 200 0 "-" "WordPress/6.9.4; https://www.liftsecurity.net"
57.141.20.14 - - [29/Apr/2026:02:14:51 +0200] "GET /items/P062582080/ HTTP/1.1" 404 96843 "-" "meta-externalagent/1.1 (+https://developers.facebook.com/docs/sharing/webmasters/crawler)"
109.234.166.131 - - [29/Apr/2026:02:15:01 +0200] "POST /wp-cron.php?doing_wp_cron=1777421701.8809509277343750000000 HTTP/1.1" 200 0 "-" "WordPress/6.9.4; https://www.liftsecurity.net"
109.234.166.131 - - [29/Apr/2026:02:09:09 +0200] "POST /wp-cron.php?doing_wp_cron=1777421349.3231239318847656250000 HTTP/1.1" 200 0 "-" "WordPress/6.9.4; https://www.liftsecurity.net"
109.234.166.131 - - [29/Apr/2026:02:09:24 +0200] "POST /wp-cron.php?doing_wp_cron=1777421364.3681719303131103515625 HTTP/1.1" 200 0 "-" "WordPress/6.9.4; https://www.liftsecurity.net"
109.234.166.131 - - [29/Apr/2026:02:09:37 +0200] "POST /wp-cron.php?doing_wp_cron=1777421377.9894130229949951171875 HTTP/1.1" 200 0 "-" "WordPress/6.9.4; https://www.liftsecurity.net"
57.141.20.29 - - [29/Apr/2026:02:09:37 +0200] "GET /items/P064300743/ HTTP/1.1" 404 96843 "-" "meta-externalagent/1.1 (+https://developers.facebook.com/docs/sharing/webmasters/crawler)"
109.234.166.131 - - [29/Apr/2026:02:10:17 +0200] "POST /wp-cron.php?doing_wp_cron=1777421417.9765040874481201171875 HTTP/1.1" 200 0 "-" "WordPress/6.9.4; https://www.liftsecurity.net"
57.141.20.3 - - [29/Apr/2026:02:10:17 +0200] "GET /items/P063616754/ HTTP/1.1" 404 96843 "-" "meta-externalagent/1.1 (+https://developers.facebook.com/docs/sharing/webmasters/crawler)"
109.234.166.131 - - [29/Apr/2026:02:11:04 +0200] "POST /wp-cron.php?doing_wp_cron=1777421464.0703370571136474609375 HTTP/1.1" 200 0 "-" "WordPress/6.9.4; https://www.liftsecurity.net"
157.55.39.201 - - [29/Apr/2026:02:12:13 +0200] "GET /detail/208229253279 HTTP/1.1" 404 96843 "-" "Mozilla/5.0 AppleWebKit/537.36 (KHTML, like Gecko; compatible; bingbot/2.0; +http://www.bing.com/bingbot.htm) Chrome/116.0.1938.76 Safari/537.36"
57.141.20.30 - - [29/Apr/2026:02:12:20 +0200] "GET /items/P064893385/ HTTP/1.1" 404 96843 "-" "meta-externalagent/1.1 (+https://developers.facebook.com/docs/sharing/webmasters/crawler)"
57.141.20.51 - - [29/Apr/2026:02:12:22 +0200] "GET /items/P067645774/ HTTP/1.1" 301 0 "-" "meta-externalagent/1.1 (+https://developers.facebook.com/docs/sharing/webmasters/crawler)"
109.234.166.131 - - [29/Apr/2026:02:13:21 +0200] "POST /wp-cron.php?doing_wp_cron=1777421601.3862280845642089843750 HTTP/1.1" 200 0 "-" "WordPress/6.9.4; https://www.liftsecurity.net"
109.234.166.131 - - [29/Apr/2026:02:13:46 +0200] "POST /wp-cron.php?doing_wp_cron=1777421626.8910648822784423828125 HTTP/1.1" 200 0 "-" "WordPress/6.9.4; https://www.liftsecurity.net"
57.141.20.1 - - [29/Apr/2026:02:14:30 +0200] "GET /items/P063892148/ HTTP/1.1" 404 96843 "-" "meta-externalagent/1.1 (+https://developers.facebook.com/docs/sharing/webmasters/crawler)"
57.141.20.14 - - [29/Apr/2026:02:14:41 +0200] "GET /items/P062107728/ HTTP/1.1" 301 0 "-" "meta-externalagent/1.1 (+https://developers.facebook.com/docs/sharing/webmasters/crawler)"
57.141.20.27 - - [29/Apr/2026:02:15:48 +0200] "GET /items/P064464640/ HTTP/1.1" 301 0 "-" "meta-externalagent/1.1 (+https://developers.facebook.com/docs/sharing/webmasters/crawler)"
57.141.20.47 - - [29/Apr/2026:02:16:00 +0200] "GET /items/P067640653/ HTTP/1.1" 404 96843 "-" "meta-externalagent/1.1 (+https://developers.facebook.com/docs/sharing/webmasters/crawler)"
57.141.20.69 - - [29/Apr/2026:02:16:13 +0200] "GET /items/P064086973/ HTTP/1.1" 404 96843 "-" "meta-externalagent/1.1 (+https://developers.facebook.com/docs/sharing/webmasters/crawler)"
109.234.166.131 - - [29/Apr/2026:02:16:27 +0200] "POST /wp-cron.php?doing_wp_cron=1777421787.4990789890289306640625 HTTP/1.1" 200 0 "-" "WordPress/6.9.4; https://www.liftsecurity.net"
57.141.20.55 - - [29/Apr/2026:02:16:27 +0200] "GET /items/P062407148/ HTTP/1.1" 301 0 "-" "meta-externalagent/1.1 (+https://developers.facebook.com/docs/sharing/webmasters/crawler)"
109.234.166.131 - - [29/Apr/2026:02:16:40 +0200] "POST /wp-cron.php?doing_wp_cron=1777421800.3299210071563720703125 HTTP/1.1" 200 0 "-" "WordPress/6.9.4; https://www.liftsecurity.net"
40.77.167.8 - - [29/Apr/2026:02:18:06 +0200] "GET /detail/46319067712969 HTTP/1.1" 404 96843 "-" "Mozilla/5.0 AppleWebKit/537.36 (KHTML, like Gecko; compatible; bingbot/2.0; +http://www.bing.com/bingbot.htm) Chrome/116.0.1938.76 Safari/537.36"
57.141.20.4 - - [29/Apr/2026:02:15:01 +0200] "GET /items/P061460542/ HTTP/1.1" 404 96843 "-" "meta-externalagent/1.1 (+https://developers.facebook.com/docs/sharing/webmasters/crawler)"
57.141.20.17 - - [29/Apr/2026:02:15:20 +0200] "GET /items/P061090909/ HTTP/1.1" 301 0 "-" "meta-externalagent/1.1 (+https://developers.facebook.com/docs/sharing/webmasters/crawler)"
109.234.166.131 - - [29/Apr/2026:02:15:30 +0200] "POST /wp-cron.php?doing_wp_cron=1777421730.8922009468078613281250 HTTP/1.1" 200 0 "-" "WordPress/6.9.4; https://www.liftsecurity.net"
109.234.166.131 - - [29/Apr/2026:02:15:49 +0200] "POST /wp-cron.php?doing_wp_cron=1777421749.2316169738769531250000 HTTP/1.1" 200 0 "-" "WordPress/6.9.4; https://www.liftsecurity.net"
109.234.166.131 - - [29/Apr/2026:02:16:00 +0200] "POST /wp-cron.php?doing_wp_cron=1777421760.5869030952453613281250 HTTP/1.1" 200 0 "-" "WordPress/6.9.4; https://www.liftsecurity.net"
57.141.20.70 - - [29/Apr/2026:02:16:14 +0200] "GET /items/P067246948/ HTTP/1.1" 301 0 "-" "meta-externalagent/1.1 (+https://developers.facebook.com/docs/sharing/webmasters/crawler)"
57.141.20.29 - - [29/Apr/2026:02:16:40 +0200] "GET /items/P065629043/ HTTP/1.1" 301 0 "-" "meta-externalagent/1.1 (+https://developers.facebook.com/docs/sharing/webmasters/crawler)"
57.141.20.52 - - [29/Apr/2026:02:17:35 +0200] "GET /items/P063916205/ HTTP/1.1" 404 96843 "-" "meta-externalagent/1.1 (+https://developers.facebook.com/docs/sharing/webmasters/crawler)"
109.234.166.131 - - [29/Apr/2026:02:17:47 +0200] "POST /wp-cron.php?doing_wp_cron=1777421867.0652379989624023437500 HTTP/1.1" 200 0 "-" "WordPress/6.9.4; https://www.liftsecurity.net"
57.141.20.16 - - [29/Apr/2026:02:17:46 +0200] "GET /items/P065262084/ HTTP/1.1" 301 0 "-" "meta-externalagent/1.1 (+https://developers.facebook.com/docs/sharing/webmasters/crawler)"
57.141.20.45 - - [29/Apr/2026:02:18:00 +0200] "GET /items/P066134765/ HTTP/1.1" 404 96843 "-" "meta-externalagent/1.1 (+https://developers.facebook.com/docs/sharing/webmasters/crawler)"
57.141.20.1 - - [29/Apr/2026:02:18:01 +0200] "GET /items/P062032762/ HTTP/1.1" 404 96843 "-" "meta-externalagent/1.1 (+https://developers.facebook.com/docs/sharing/webmasters/crawler)"
40.77.167.8 - - [29/Apr/2026:02:18:02 +0200] "GET /detail/49761261390039 HTTP/1.1" 404 96843 "-" "Mozilla/5.0 AppleWebKit/537.36 (KHTML, like Gecko; compatible; bingbot/2.0; +http://www.bing.com/bingbot.htm) Chrome/116.0.1938.76 Safari/537.36"
40.77.167.8 - - [29/Apr/2026:02:18:05 +0200] "GET /detail/37728513933131 HTTP/1.1" 404 96843 "-" "Mozilla/5.0 AppleWebKit/537.36 (KHTML, like Gecko; compatible; bingbot/2.0; +http://www.bing.com/bingbot.htm) Chrome/116.0.1938.76 Safari/537.36"
109.234.166.131 - - [29/Apr/2026:02:18:27 +0200] "POST /wp-cron.php?doing_wp_cron=1777421907.4287149906158447265625 HTTP/1.1" 200 0 "-" "WordPress/6.9.4; https://www.liftsecurity.net"
57.141.20.70 - - [29/Apr/2026:02:18:26 +0200] "GET /items/P061627164/ HTTP/1.1" 404 96843 "-" "meta-externalagent/1.1 (+https://developers.facebook.com/docs/sharing/webmasters/crawler)"
52.167.144.156 - - [29/Apr/2026:02:18:28 +0200] "GET /items/P067275566/ HTTP/1.1" 404 96787 "-" "Mozilla/5.0 AppleWebKit/537.36 (KHTML, like Gecko; compatible; bingbot/2.0; +http://www.bing.com/bingbot.htm) Chrome/116.0.1938.76 Safari/537.36"
40.77.167.8 - - [29/Apr/2026:02:18:39 +0200] "GET /items/P065698915/ HTTP/1.1" 404 96843 "-" "Mozilla/5.0 AppleWebKit/537.36 (KHTML, like Gecko; compatible; bingbot/2.0; +http://www.bing.com/bingbot.htm) Chrome/116.0.1938.76 Safari/537.36"
109.234.166.131 - - [29/Apr/2026:02:19:10 +0200] "POST /wp-cron.php?doing_wp_cron=1777421950.3932468891143798828125 HTTP/1.1" 200 0 "-" "WordPress/6.9.4; https://www.liftsecurity.net"
57.141.20.16 - - [29/Apr/2026:02:19:11 +0200] "GET /items/P065019763/ HTTP/1.1" 404 96843 "-" "meta-externalagent/1.1 (+https://developers.facebook.com/docs/sharing/webmasters/crawler)"
57.141.20.3 - - [29/Apr/2026:02:15:10 +0200] "GET /items/P064068015/ HTTP/1.1" 404 96843 "-" "meta-externalagent/1.1 (+https://developers.facebook.com/docs/sharing/webmasters/crawler)"
109.234.166.131 - - [29/Apr/2026:02:15:20 +0200] "POST /wp-cron.php?doing_wp_cron=1777421720.8932070732116699218750 HTTP/1.1" 200 0 "-" "WordPress/6.9.4; https://www.liftsecurity.net"
57.141.20.43 - - [29/Apr/2026:02:15:30 +0200] "GET /items/P061167470/ HTTP/1.1" 404 96843 "-" "meta-externalagent/1.1 (+https://developers.facebook.com/docs/sharing/webmasters/crawler)"
57.141.20.18 - - [29/Apr/2026:02:16:51 +0200] "GET /items/P061938367/ HTTP/1.1" 404 96843 "-" "meta-externalagent/1.1 (+https://developers.facebook.com/docs/sharing/webmasters/crawler)"
109.234.166.131 - - [29/Apr/2026:02:17:03 +0200] "POST /wp-cron.php?doing_wp_cron=1777421823.3507370948791503906250 HTTP/1.1" 200 0 "-" "WordPress/6.9.4; https://www.liftsecurity.net"
57.141.20.59 - - [29/Apr/2026:02:17:02 +0200] "GET /items/P061990555/ HTTP/1.1" 301 0 "-" "meta-externalagent/1.1 (+https://developers.facebook.com/docs/sharing/webmasters/crawler)"
57.141.20.58 - - [29/Apr/2026:02:17:13 +0200] "GET /items/P066841446/ HTTP/1.1" 301 0 "-" "meta-externalagent/1.1 (+https://developers.facebook.com/docs/sharing/webmasters/crawler)"
109.234.166.131 - - [29/Apr/2026:02:17:35 +0200] "POST /wp-cron.php?doing_wp_cron=1777421855.9081389904022216796875 HTTP/1.1" 200 0 "-" "WordPress/6.9.4; https://www.liftsecurity.net"
109.234.166.131 - - [29/Apr/2026:02:18:00 +0200] "POST /wp-cron.php?doing_wp_cron=1777421880.7930788993835449218750 HTTP/1.1" 200 0 "-" "WordPress/6.9.4; https://www.liftsecurity.net"
207.46.13.170 - - [29/Apr/2026:02:18:10 +0200] "GET /detail/49899956217443 HTTP/1.1" 404 96843 "-" "Mozilla/5.0 AppleWebKit/537.36 (KHTML, like Gecko; compatible; bingbot/2.0; +http://www.bing.com/bingbot.htm) Chrome/116.0.1938.76 Safari/537.36"
109.234.166.131 - - [29/Apr/2026:02:18:39 +0200] "POST /wp-cron.php?doing_wp_cron=1777421919.5573740005493164062500 HTTP/1.1" 200 0 "-" "WordPress/6.9.4; https://www.liftsecurity.net"
109.234.166.131 - - [29/Apr/2026:02:18:42 +0200] "POST /wp-cron.php?doing_wp_cron=1777421922.0896840095520019531250 HTTP/1.1" 200 0 "-" "WordPress/6.9.4; https://www.liftsecurity.net"
57.141.20.8 - - [29/Apr/2026:02:18:41 +0200] "GET /items/P061748079/ HTTP/1.1" 301 0 "-" "meta-externalagent/1.1 (+https://developers.facebook.com/docs/sharing/webmasters/crawler)"
57.141.20.25 - - [29/Apr/2026:02:20:03 +0200] "GET /items/P067481625/ HTTP/1.1" 301 0 "-" "meta-externalagent/1.1 (+https://developers.facebook.com/docs/sharing/webmasters/crawler)"
57.141.20.14 - - [29/Apr/2026:02:20:21 +0200] "GET /items/P065459702/ HTTP/1.1" 301 0 "-" "meta-externalagent/1.1 (+https://developers.facebook.com/docs/sharing/webmasters/crawler)"
57.141.20.34 - - [29/Apr/2026:02:20:36 +0200] "GET /items/P064295746/ HTTP/1.1" 404 96843 "-" "meta-externalagent/1.1 (+https://developers.facebook.com/docs/sharing/webmasters/crawler)"
40.77.167.73 - - [29/Apr/2026:02:21:28 +0200] "GET /detail/17896858912104 HTTP/1.1" 404 96843 "-" "Mozilla/5.0 AppleWebKit/537.36 (KHTML, like Gecko; compatible; bingbot/2.0; +http://www.bing.com/bingbot.htm) Chrome/116.0.1938.76 Safari/537.36"
109.234.166.131 - - [29/Apr/2026:02:22:20 +0200] "POST /wp-cron.php?doing_wp_cron=1777422140.0096440315246582031250 HTTP/1.1" 200 0 "-" "WordPress/6.9.4; https://www.liftsecurity.net"
57.141.20.54 - - [29/Apr/2026:02:22:19 +0200] "GET /items/P067483929/ HTTP/1.1" 404 96843 "-" "meta-externalagent/1.1 (+https://developers.facebook.com/docs/sharing/webmasters/crawler)"
109.234.166.131 - - [29/Apr/2026:02:22:53 +0200] "POST /wp-cron.php?doing_wp_cron=1777422173.1205968856811523437500 HTTP/1.1" 200 0 "-" "WordPress/6.9.4; https://www.liftsecurity.net"
57.141.20.52 - - [29/Apr/2026:02:22:52 +0200] "GET /items/P063056477/ HTTP/1.1" 404 96843 "-" "meta-externalagent/1.1 (+https://developers.facebook.com/docs/sharing/webmasters/crawler)"
109.234.166.131 - - [29/Apr/2026:02:19:43 +0200] "POST /wp-cron.php?doing_wp_cron=1777421982.9994308948516845703125 HTTP/1.1" 200 0 "-" "WordPress/6.9.4; https://www.liftsecurity.net"
109.234.166.131 - - [29/Apr/2026:02:20:01 +0200] "POST /wp-cron.php?doing_wp_cron=1777422001.7781798839569091796875 HTTP/1.1" 200 0 "-" "WordPress/6.9.4; https://www.liftsecurity.net"
57.141.20.14 - - [29/Apr/2026:02:20:01 +0200] "GET /items/P066794365/ HTTP/1.1" 301 0 "-" "meta-externalagent/1.1 (+https://developers.facebook.com/docs/sharing/webmasters/crawler)"
109.234.166.131 - - [29/Apr/2026:02:20:21 +0200] "POST /wp-cron.php?doing_wp_cron=1777422021.3095080852508544921875 HTTP/1.1" 200 0 "-" "WordPress/6.9.4; https://www.liftsecurity.net"
109.234.166.131 - - [29/Apr/2026:02:20:37 +0200] "POST /wp-cron.php?doing_wp_cron=1777422037.4379839897155761718750 HTTP/1.1" 200 0 "-" "WordPress/6.9.4; https://www.liftsecurity.net"
109.234.166.131 - - [29/Apr/2026:02:20:52 +0200] "POST /wp-cron.php?doing_wp_cron=1777422052.1338460445404052734375 HTTP/1.1" 200 0 "-" "WordPress/6.9.4; https://www.liftsecurity.net"
109.234.166.131 - - [29/Apr/2026:02:21:21 +0200] "POST /wp-cron.php?doing_wp_cron=1777422081.8477859497070312500000 HTTP/1.1" 200 0 "-" "WordPress/6.9.4; https://www.liftsecurity.net"
57.141.20.7 - - [29/Apr/2026:02:21:21 +0200] "GET /items/P063242505/ HTTP/1.1" 301 0 "-" "meta-externalagent/1.1 (+https://developers.facebook.com/docs/sharing/webmasters/crawler)"
109.234.166.131 - - [29/Apr/2026:02:21:29 +0200] "POST /wp-cron.php?doing_wp_cron=1777422089.2353448867797851562500 HTTP/1.1" 200 0 "-" "WordPress/6.9.4; https://www.liftsecurity.net"
109.234.166.131 - - [29/Apr/2026:02:22:03 +0200] "POST /wp-cron.php?doing_wp_cron=1777422123.2803061008453369140625 HTTP/1.1" 200 0 "-" "WordPress/6.9.4; https://www.liftsecurity.net"
109.234.166.131 - - [29/Apr/2026:02:22:35 +0200] "POST /wp-cron.php?doing_wp_cron=1777422155.0343780517578125000000 HTTP/1.1" 200 0 "-" "WordPress/6.9.4; https://www.liftsecurity.net"
57.141.20.4 - - [29/Apr/2026:02:22:34 +0200] "GET /items/P065546297/ HTTP/1.1" 301 0 "-" "meta-externalagent/1.1 (+https://developers.facebook.com/docs/sharing/webmasters/crawler)"
109.234.166.131 - - [29/Apr/2026:02:23:10 +0200] "POST /wp-cron.php?doing_wp_cron=1777422190.7503960132598876953125 HTTP/1.1" 200 0 "-" "WordPress/6.9.4; https://www.liftsecurity.net"
109.234.166.131 - - [29/Apr/2026:02:23:50 +0200] "POST /wp-cron.php?doing_wp_cron=1777422230.5509231090545654296875 HTTP/1.1" 200 0 "-" "WordPress/6.9.4; https://www.liftsecurity.net"
57.141.20.25 - - [29/Apr/2026:02:23:50 +0200] "GET /items/P061241668/ HTTP/1.1" 404 96843 "-" "meta-externalagent/1.1 (+https://developers.facebook.com/docs/sharing/webmasters/crawler)"
51.68.107.149 - - [29/Apr/2026:02:24:11 +0200] "GET / HTTP/1.1" 200 287492 "-" "Mozilla/5.0 (compatible; MJ12bot/v2.0.5; http://mj12bot.com/)"
40.77.167.73 - - [29/Apr/2026:02:24:53 +0200] "GET /detail/66749419194619 HTTP/1.1" 404 96843 "-" "Mozilla/5.0 AppleWebKit/537.36 (KHTML, like Gecko; compatible; bingbot/2.0; +http://www.bing.com/bingbot.htm) Chrome/116.0.1938.76 Safari/537.36"
207.46.13.170 - - [29/Apr/2026:02:24:56 +0200] "GET /detail/28268959293275 HTTP/1.1" 404 96843 "-" "Mozilla/5.0 AppleWebKit/537.36 (KHTML, like Gecko; compatible; bingbot/2.0; +http://www.bing.com/bingbot.htm) Chrome/116.0.1938.76 Safari/537.36"
109.234.166.131 - - [29/Apr/2026:02:25:08 +0200] "POST /wp-cron.php?doing_wp_cron=1777422308.1009080410003662109375 HTTP/1.1" 200 0 "-" "WordPress/6.9.4; https://www.liftsecurity.net"
57.141.20.13 - - [29/Apr/2026:02:23:51 +0200] "GET /items/P062687471/ HTTP/1.1" 301 0 "-" "meta-externalagent/1.1 (+https://developers.facebook.com/docs/sharing/webmasters/crawler)"
51.68.107.149 - - [29/Apr/2026:02:24:10 +0200] "GET /robots.txt HTTP/1.1" 200 1834 "-" "Mozilla/5.0 (compatible; MJ12bot/v2.0.5; http://mj12bot.com/)"
51.68.107.149 - - [29/Apr/2026:02:24:10 +0200] "GET / HTTP/1.1" 301 0 "-" "Mozilla/5.0 (compatible; MJ12bot/v2.0.5; http://mj12bot.com/)"
57.141.20.62 - - [29/Apr/2026:02:24:14 +0200] "GET /items/P062201356/ HTTP/1.1" 301 0 "-" "meta-externalagent/1.1 (+https://developers.facebook.com/docs/sharing/webmasters/crawler)"
109.234.166.131 - - [29/Apr/2026:02:24:52 +0200] "POST /wp-cron.php?doing_wp_cron=1777422292.5345880985260009765625 HTTP/1.1" 200 0 "-" "WordPress/6.9.4; https://www.liftsecurity.net"
40.77.167.73 - - [29/Apr/2026:02:24:52 +0200] "GET /detail/17210389747442 HTTP/1.1" 404 96843 "-" "Mozilla/5.0 AppleWebKit/537.36 (KHTML, like Gecko; compatible; bingbot/2.0; +http://www.bing.com/bingbot.htm) Chrome/116.0.1938.76 Safari/537.36"
40.77.167.73 - - [29/Apr/2026:02:24:53 +0200] "GET /detail/57905970996136 HTTP/1.1" 404 96843 "-" "Mozilla/5.0 AppleWebKit/537.36 (KHTML, like Gecko; compatible; bingbot/2.0; +http://www.bing.com/bingbot.htm) Chrome/116.0.1938.76 Safari/537.36"
40.77.167.73 - - [29/Apr/2026:02:25:10 +0200] "GET /items/P062523370/ HTTP/1.1" 404 96843 "-" "Mozilla/5.0 AppleWebKit/537.36 (KHTML, like Gecko; compatible; bingbot/2.0; +http://www.bing.com/bingbot.htm) Chrome/116.0.1938.76 Safari/537.36"
40.77.167.8 - - [29/Apr/2026:02:18:07 +0200] "GET /detail/65867027897234 HTTP/1.1" 404 96843 "-" "Mozilla/5.0 AppleWebKit/537.36 (KHTML, like Gecko; compatible; bingbot/2.0; +http://www.bing.com/bingbot.htm) Chrome/116.0.1938.76 Safari/537.36"
207.46.13.170 - - [29/Apr/2026:02:18:09 +0200] "GET /detail/2776817541782 HTTP/1.1" 404 96843 "-" "Mozilla/5.0 AppleWebKit/537.36 (KHTML, like Gecko; compatible; bingbot/2.0; +http://www.bing.com/bingbot.htm) Chrome/116.0.1938.76 Safari/537.36"
57.141.20.13 - - [29/Apr/2026:02:18:28 +0200] "GET /items/P066433503/ HTTP/1.1" 301 0 "-" "meta-externalagent/1.1 (+https://developers.facebook.com/docs/sharing/webmasters/crawler)"
57.141.20.20 - - [29/Apr/2026:02:19:09 +0200] "GET /items/P065850600/ HTTP/1.1" 404 96843 "-" "meta-externalagent/1.1 (+https://developers.facebook.com/docs/sharing/webmasters/crawler)"
57.141.20.60 - - [29/Apr/2026:02:19:42 +0200] "GET /items/P063989289/ HTTP/1.1" 404 96843 "-" "meta-externalagent/1.1 (+https://developers.facebook.com/docs/sharing/webmasters/crawler)"
57.141.20.29 - - [29/Apr/2026:02:20:51 +0200] "GET /items/P065033952/ HTTP/1.1" 404 96843 "-" "meta-externalagent/1.1 (+https://developers.facebook.com/docs/sharing/webmasters/crawler)"
109.234.166.131 - - [29/Apr/2026:02:21:07 +0200] "POST /wp-cron.php?doing_wp_cron=1777422067.5105791091918945312500 HTTP/1.1" 200 0 "-" "WordPress/6.9.4; https://www.liftsecurity.net"
57.141.20.67 - - [29/Apr/2026:02:21:07 +0200] "GET /items/P066515082/ HTTP/1.1" 404 96843 "-" "meta-externalagent/1.1 (+https://developers.facebook.com/docs/sharing/webmasters/crawler)"
40.77.167.73 - - [29/Apr/2026:02:21:30 +0200] "GET /items/P063869984/ HTTP/1.1" 404 96843 "-" "Mozilla/5.0 AppleWebKit/537.36 (KHTML, like Gecko; compatible; bingbot/2.0; +http://www.bing.com/bingbot.htm) Chrome/116.0.1938.76 Safari/537.36"
57.141.20.42 - - [29/Apr/2026:02:21:36 +0200] "GET /items/P063506499/ HTTP/1.1" 301 0 "-" "meta-externalagent/1.1 (+https://developers.facebook.com/docs/sharing/webmasters/crawler)"
57.141.20.3 - - [29/Apr/2026:02:22:02 +0200] "GET /items/P066008428/ HTTP/1.1" 301 0 "-" "meta-externalagent/1.1 (+https://developers.facebook.com/docs/sharing/webmasters/crawler)"
57.141.20.6 - - [29/Apr/2026:02:23:10 +0200] "GET /items/P062249024/ HTTP/1.1" 301 0 "-" "meta-externalagent/1.1 (+https://developers.facebook.com/docs/sharing/webmasters/crawler)"
57.141.20.32 - - [29/Apr/2026:02:23:11 +0200] "GET /items/P064083209/ HTTP/1.1" 301 0 "-" "meta-externalagent/1.1 (+https://developers.facebook.com/docs/sharing/webmasters/crawler)"
109.234.166.131 - - [29/Apr/2026:02:24:11 +0200] "POST /wp-cron.php?doing_wp_cron=1777422251.0018589496612548828125 HTTP/1.1" 200 0 "-" "WordPress/6.9.4; https://www.liftsecurity.net"
51.68.107.149 - - [29/Apr/2026:02:24:11 +0200] "GET /robots.txt HTTP/1.1" 200 1834 "-" "Mozilla/5.0 (compatible; MJ12bot/v2.0.5; http://mj12bot.com/)"
40.77.167.73 - - [29/Apr/2026:02:24:52 +0200] "GET /detail/53515088104970 HTTP/1.1" 404 96843 "-" "Mozilla/5.0 AppleWebKit/537.36 (KHTML, like Gecko; compatible; bingbot/2.0; +http://www.bing.com/bingbot.htm) Chrome/116.0.1938.76 Safari/537.36"
40.77.167.73 - - [29/Apr/2026:02:24:54 +0200] "GET /detail/5539036124096 HTTP/1.1" 404 96843 "-" "Mozilla/5.0 AppleWebKit/537.36 (KHTML, like Gecko; compatible; bingbot/2.0; +http://www.bing.com/bingbot.htm) Chrome/116.0.1938.76 Safari/537.36"
57.141.20.26 - - [29/Apr/2026:02:25:07 +0200] "GET /items/P067137193/ HTTP/1.1" 404 96843 "-" "meta-externalagent/1.1 (+https://developers.facebook.com/docs/sharing/webmasters/crawler)"
57.141.20.3 - - [29/Apr/2026:02:25:53 +0200] "GET /items/P062953246/ HTTP/1.1" 404 96843 "-" "meta-externalagent/1.1 (+https://developers.facebook.com/docs/sharing/webmasters/crawler)"
77.75.78.169 - - [29/Apr/2026:02:26:45 +0200] "GET /items/P063414472/ HTTP/1.1" 404 96843 "-" "Mozilla/5.0 (compatible; SeznamBot/4.0; +https://o-seznam.cz/napoveda/vyhledavani/en/seznambot-crawler/)"
57.141.20.45 - - [29/Apr/2026:02:27:30 +0200] "GET /items/P065146055/ HTTP/1.1" 301 0 "-" "meta-externalagent/1.1 (+https://developers.facebook.com/docs/sharing/webmasters/crawler)"
57.141.20.34 - - [29/Apr/2026:02:28:08 +0200] "GET /items/P061705266/ HTTP/1.1" 404 96843 "-" "meta-externalagent/1.1 (+https://developers.facebook.com/docs/sharing/webmasters/crawler)"
109.234.166.131 - - [29/Apr/2026:02:28:50 +0200] "POST /wp-cron.php?doing_wp_cron=1777422530.6256020069122314453125 HTTP/1.1" 200 0 "-" "WordPress/6.9.4; https://www.liftsecurity.net"
77.75.76.169 - - [29/Apr/2026:02:28:50 +0200] "GET /items/P062967369/ HTTP/1.1" 404 96843 "-" "Mozilla/5.0 (compatible; SeznamBot/4.0; +https://o-seznam.cz/napoveda/vyhledavani/en/seznambot-crawler/)"
109.234.166.131 - - [29/Apr/2026:02:29:14 +0200] "POST /wp-cron.php?doing_wp_cron=1777422554.7534480094909667968750 HTTP/1.1" 200 0 "-" "WordPress/6.9.4; https://www.liftsecurity.net"
109.234.166.131 - - [29/Apr/2026:02:29:34 +0200] "POST /wp-cron.php?doing_wp_cron=1777422574.3006360530853271484375 HTTP/1.1" 200 0 "-" "WordPress/6.9.4; https://www.liftsecurity.net"
109.234.166.131 - - [29/Apr/2026:02:30:11 +0200] "POST /wp-cron.php?doing_wp_cron=1777422611.5398108959197998046875 HTTP/1.1" 200 0 "-" "WordPress/6.9.4; https://www.liftsecurity.net"
57.141.20.44 - - [29/Apr/2026:02:30:31 +0200] "GET /items/P061156753/ HTTP/1.1" 301 0 "-" "meta-externalagent/1.1 (+https://developers.facebook.com/docs/sharing/webmasters/crawler)"
57.141.20.43 - - [29/Apr/2026:02:30:34 +0200] "GET /items/P066063166/ HTTP/1.1" 404 96843 "-" "meta-externalagent/1.1 (+https://developers.facebook.com/docs/sharing/webmasters/crawler)"
109.234.166.131 - - [29/Apr/2026:02:31:21 +0200] "POST /wp-cron.php?doing_wp_cron=1777422681.4919419288635253906250 HTTP/1.1" 200 0 "-" "WordPress/6.9.4; https://www.liftsecurity.net"
57.141.20.34 - - [29/Apr/2026:02:31:41 +0200] "GET /items/P062195770/ HTTP/1.1" 404 96843 "-" "meta-externalagent/1.1 (+https://developers.facebook.com/docs/sharing/webmasters/crawler)"
109.234.166.131 - - [29/Apr/2026:02:32:23 +0200] "POST /wp-cron.php?doing_wp_cron=1777422743.2411060333251953125000 HTTP/1.1" 200 0 "-" "WordPress/6.9.4; https://www.liftsecurity.net"
57.141.20.62 - - [29/Apr/2026:02:32:22 +0200] "GET /items/P064376836/ HTTP/1.1" 404 96843 "-" "meta-externalagent/1.1 (+https://developers.facebook.com/docs/sharing/webmasters/crawler)"
109.234.166.131 - - [29/Apr/2026:02:32:51 +0200] "POST /wp-cron.php?doing_wp_cron=1777422771.1670908927917480468750 HTTP/1.1" 200 0 "-" "WordPress/6.9.4; https://www.liftsecurity.net"
51.68.111.215 - - [29/Apr/2026:02:33:02 +0200] "GET /robots.txt HTTP/1.1" 200 1834 "-" "Mozilla/5.0 (compatible; MJ12bot/v2.0.5; http://mj12bot.com/)"
109.234.166.131 - - [29/Apr/2026:02:33:18 +0200] "POST /wp-cron.php?doing_wp_cron=1777422798.5755729675292968750000 HTTP/1.1" 200 0 "-" "WordPress/6.9.4; https://www.liftsecurity.net"
192.178.6.41 - - [29/Apr/2026:02:33:21 +0200] "GET /items/Y192722645/ HTTP/1.1" 404 96843 "-" "Mozilla/5.0 (Linux; Android 6.0.1; Nexus 5X Build/MMB29P) AppleWebKit/537.36 (KHTML, like Gecko) Chrome/147.0.7727.116 Mobile Safari/537.36 (compatible; Googlebot/2.1; +http://www.google.com/bot.html)"
192.178.6.41 - - [29/Apr/2026:02:34:17 +0200] "GET /items/O735927862/ HTTP/1.1" 404 96843 "-" "Mozilla/5.0 (Linux; Android 6.0.1; Nexus 5X Build/MMB29P) AppleWebKit/537.36 (KHTML, like Gecko) Chrome/147.0.7727.116 Mobile Safari/537.36 (compatible; Googlebot/2.1; +http://www.google.com/bot.html)"
109.234.166.131 - - [29/Apr/2026:02:25:53 +0200] "POST /wp-cron.php?doing_wp_cron=1777422353.7681028842926025390625 HTTP/1.1" 200 0 "-" "WordPress/6.9.4; https://www.liftsecurity.net"
57.141.20.44 - - [29/Apr/2026:02:25:57 +0200] "GET /items/P066493100/ HTTP/1.1" 404 96843 "-" "meta-externalagent/1.1 (+https://developers.facebook.com/docs/sharing/webmasters/crawler)"
109.234.166.131 - - [29/Apr/2026:02:27:30 +0200] "POST /wp-cron.php?doing_wp_cron=1777422450.5489120483398437500000 HTTP/1.1" 200 0 "-" "WordPress/6.9.4; https://www.liftsecurity.net"
109.234.166.131 - - [29/Apr/2026:02:28:08 +0200] "POST /wp-cron.php?doing_wp_cron=1777422488.5002698898315429687500 HTTP/1.1" 200 0 "-" "WordPress/6.9.4; https://www.liftsecurity.net"
57.141.20.65 - - [29/Apr/2026:02:29:14 +0200] "GET /items/P063381584/ HTTP/1.1" 301 0 "-" "meta-externalagent/1.1 (+https://developers.facebook.com/docs/sharing/webmasters/crawler)"
109.234.166.131 - - [29/Apr/2026:02:29:45 +0200] "POST /wp-cron.php?doing_wp_cron=1777422585.1234500408172607421875 HTTP/1.1" 200 0 "-" "WordPress/6.9.4; https://www.liftsecurity.net"
192.178.6.33 - - [29/Apr/2026:02:30:11 +0200] "GET /items/T901927837 HTTP/1.1" 404 96843 "-" "Mozilla/5.0 (Linux; Android 6.0.1; Nexus 5X Build/MMB29P) AppleWebKit/537.36 (KHTML, like Gecko) Chrome/147.0.7727.116 Mobile Safari/537.36 (compatible; Googlebot/2.1; +http://www.google.com/bot.html)"
109.234.166.131 - - [29/Apr/2026:02:30:42 +0200] "POST /wp-cron.php?doing_wp_cron=1777422642.0042231082916259765625 HTTP/1.1" 200 0 "-" "WordPress/6.9.4; https://www.liftsecurity.net"
192.178.6.32 - - [29/Apr/2026:02:30:41 +0200] "GET /items/S003513941/ HTTP/1.1" 404 96843 "-" "Mozilla/5.0 (Linux; Android 6.0.1; Nexus 5X Build/MMB29P) AppleWebKit/537.36 (KHTML, like Gecko) Chrome/147.0.7727.116 Mobile Safari/537.36 (compatible; Googlebot/2.1; +http://www.google.com/bot.html)"
216.244.66.241 - - [29/Apr/2026:02:31:24 +0200] "GET /robots.txt HTTP/1.1" 200 1834 "-" "Mozilla/5.0 (compatible; DotBot/1.2; +https://opensiteexplorer.org/dotbot; help@moz.com)"
192.178.6.33 - - [29/Apr/2026:02:31:58 +0200] "GET /items/H584503194/ HTTP/1.1" 404 96843 "-" "Mozilla/5.0 (Linux; Android 6.0.1; Nexus 5X Build/MMB29P) AppleWebKit/537.36 (KHTML, like Gecko) Chrome/147.0.7727.116 Mobile Safari/537.36 (compatible; Googlebot/2.1; +http://www.google.com/bot.html)"
192.178.6.32 - - [29/Apr/2026:02:32:34 +0200] "GET /items/I254921018/ HTTP/1.1" 404 96843 "-" "Mozilla/5.0 (Linux; Android 6.0.1; Nexus 5X Build/MMB29P) AppleWebKit/537.36 (KHTML, like Gecko) Chrome/147.0.7727.116 Mobile Safari/537.36 (compatible; Googlebot/2.1; +http://www.google.com/bot.html)"
54.211.108.114 - - [29/Apr/2026:02:32:49 +0200] "GET /robots.txt HTTP/1.1" 200 1834 "-" "Mozilla/5.0 (Macintosh; Intel Mac OS X 10_10_1) AppleWebKit/600.2.5 (KHTML, like Gecko) Version/8.0.2 Safari/600.2.5 (Gort)"
192.178.6.32 - - [29/Apr/2026:02:32:50 +0200] "GET /items/M361172695/ HTTP/1.1" 404 96843 "-" "Mozilla/5.0 (Linux; Android 6.0.1; Nexus 5X Build/MMB29P) AppleWebKit/537.36 (KHTML, like Gecko) Chrome/147.0.7727.116 Mobile Safari/537.36 (compatible; Googlebot/2.1; +http://www.google.com/bot.html)"
109.234.166.131 - - [29/Apr/2026:02:33:47 +0200] "POST /wp-cron.php?doing_wp_cron=1777422827.2186760902404785156250 HTTP/1.1" 200 0 "-" "WordPress/6.9.4; https://www.liftsecurity.net"
207.46.13.150 - - [29/Apr/2026:02:33:52 +0200] "GET /items/P066672847/ HTTP/1.1" 404 96787 "-" "Mozilla/5.0 AppleWebKit/537.36 (KHTML, like Gecko; compatible; bingbot/2.0; +http://www.bing.com/bingbot.htm) Chrome/116.0.1938.76 Safari/537.36"
57.141.20.7 - - [29/Apr/2026:02:34:21 +0200] "GET /items/P063862712/ HTTP/1.1" 404 96843 "-" "meta-externalagent/1.1 (+https://developers.facebook.com/docs/sharing/webmasters/crawler)"
207.46.13.150 - - [29/Apr/2026:02:35:03 +0200] "GET /2-in-1-space/ HTTP/1.1" 200 240035 "-" "Mozilla/5.0 AppleWebKit/537.36 (KHTML, like Gecko; compatible; bingbot/2.0; +http://www.bing.com/bingbot.htm) Chrome/116.0.1938.76 Safari/537.36"
109.234.166.131 - - [29/Apr/2026:02:26:44 +0200] "POST /wp-cron.php?doing_wp_cron=1777422404.4852359294891357421875 HTTP/1.1" 200 0 "-" "WordPress/6.9.4; https://www.liftsecurity.net"
57.141.20.60 - - [29/Apr/2026:02:26:44 +0200] "GET /items/P065211516/ HTTP/1.1" 301 0 "-" "meta-externalagent/1.1 (+https://developers.facebook.com/docs/sharing/webmasters/crawler)"
77.75.78.169 - - [29/Apr/2026:02:29:33 +0200] "GET /items/P063550516/ HTTP/1.1" 404 96843 "-" "Mozilla/5.0 (compatible; SeznamBot/4.0; +https://o-seznam.cz/napoveda/vyhledavani/en/seznambot-crawler/)"
192.178.6.41 - - [29/Apr/2026:02:29:44 +0200] "GET /items/B183629278/ HTTP/1.1" 404 96843 "-" "Mozilla/5.0 (Linux; Android 6.0.1; Nexus 5X Build/MMB29P) AppleWebKit/537.36 (KHTML, like Gecko) Chrome/147.0.7727.116 Mobile Safari/537.36 (compatible; Googlebot/2.1; +http://www.google.com/bot.html)"
57.141.20.45 - - [29/Apr/2026:02:29:50 +0200] "GET /items/P062769361/ HTTP/1.1" 404 96843 "-" "meta-externalagent/1.1 (+https://developers.facebook.com/docs/sharing/webmasters/crawler)"
109.234.166.131 - - [29/Apr/2026:02:30:31 +0200] "POST /wp-cron.php?doing_wp_cron=1777422631.4090321063995361328125 HTTP/1.1" 200 0 "-" "WordPress/6.9.4; https://www.liftsecurity.net"
192.178.6.33 - - [29/Apr/2026:02:31:21 +0200] "GET /items/N634409474/ HTTP/1.1" 404 96843 "-" "Mozilla/5.0 (Linux; Android 6.0.1; Nexus 5X Build/MMB29P) AppleWebKit/537.36 (KHTML, like Gecko) Chrome/147.0.7727.116 Mobile Safari/537.36 (compatible; Googlebot/2.1; +http://www.google.com/bot.html)"
109.234.166.131 - - [29/Apr/2026:02:31:42 +0200] "POST /wp-cron.php?doing_wp_cron=1777422702.0246620178222656250000 HTTP/1.1" 200 0 "-" "WordPress/6.9.4; https://www.liftsecurity.net"
109.234.166.131 - - [29/Apr/2026:02:32:34 +0200] "POST /wp-cron.php?doing_wp_cron=1777422754.9247291088104248046875 HTTP/1.1" 200 0 "-" "WordPress/6.9.4; https://www.liftsecurity.net"
51.68.111.215 - - [29/Apr/2026:02:33:02 +0200] "GET /lit-escamotable-electrique-canape/ HTTP/1.1" 200 339489 "-" "Mozilla/5.0 (compatible; MJ12bot/v2.0.5; http://mj12bot.com/)"
57.141.20.20 - - [29/Apr/2026:02:33:18 +0200] "GET /items/P061340342/ HTTP/1.1" 404 96843 "-" "meta-externalagent/1.1 (+https://developers.facebook.com/docs/sharing/webmasters/crawler)"
57.141.20.14 - - [29/Apr/2026:02:33:24 +0200] "GET /items/P062708357/ HTTP/1.1" 301 0 "-" "meta-externalagent/1.1 (+https://developers.facebook.com/docs/sharing/webmasters/crawler)"
192.178.6.41 - - [29/Apr/2026:02:33:46 +0200] "GET /items/K372170324/ HTTP/1.1" 404 96843 "-" "Mozilla/5.0 (Linux; Android 6.0.1; Nexus 5X Build/MMB29P) AppleWebKit/537.36 (KHTML, like Gecko) Chrome/147.0.7727.116 Mobile Safari/537.36 (compatible; Googlebot/2.1; +http://www.google.com/bot.html)"
109.234.166.131 - - [29/Apr/2026:02:34:17 +0200] "POST /wp-cron.php?doing_wp_cron=1777422857.9490740299224853515625 HTTP/1.1" 200 0 "-" "WordPress/6.9.4; https://www.liftsecurity.net"
192.178.6.41 - - [29/Apr/2026:02:34:49 +0200] "GET /items/N181173641/ HTTP/1.1" 404 96843 "-" "Mozilla/5.0 (Linux; Android 6.0.1; Nexus 5X Build/MMB29P) AppleWebKit/537.36 (KHTML, like Gecko) Chrome/147.0.7727.116 Mobile Safari/537.36 (compatible; Googlebot/2.1; +http://www.google.com/bot.html)"
109.234.166.131 - - [29/Apr/2026:02:35:05 +0200] "POST /wp-cron.php?doing_wp_cron=1777422905.4724080562591552734375 HTTP/1.1" 200 0 "-" "WordPress/6.9.4; https://www.liftsecurity.net"
109.234.166.131 - - [29/Apr/2026:02:35:49 +0200] "POST /wp-cron.php?doing_wp_cron=1777422949.6948199272155761718750 HTTP/1.1" 200 0 "-" "WordPress/6.9.4; https://www.liftsecurity.net"
192.178.6.41 - - [29/Apr/2026:02:35:49 +0200] "GET /items/D161166636/ HTTP/1.1" 404 96843 "-" "Mozilla/5.0 (Linux; Android 6.0.1; Nexus 5X Build/MMB29P) AppleWebKit/537.36 (KHTML, like Gecko) Chrome/147.0.7727.116 Mobile Safari/537.36 (compatible; Googlebot/2.1; +http://www.google.com/bot.html)"
109.234.166.131 - - [29/Apr/2026:02:34:50 +0200] "POST /wp-cron.php?doing_wp_cron=1777422890.0816700458526611328125 HTTP/1.1" 200 0 "-" "WordPress/6.9.4; https://www.liftsecurity.net"
109.234.166.131 - - [29/Apr/2026:02:35:35 +0200] "POST /wp-cron.php?doing_wp_cron=1777422935.1433780193328857421875 HTTP/1.1" 200 0 "-" "WordPress/6.9.4; https://www.liftsecurity.net"
109.234.166.131 - - [29/Apr/2026:02:36:02 +0200] "POST /wp-cron.php?doing_wp_cron=1777422962.4626219272613525390625 HTTP/1.1" 200 0 "-" "WordPress/6.9.4; https://www.liftsecurity.net"
57.141.20.25 - - [29/Apr/2026:02:36:26 +0200] "GET /items/P063213567/ HTTP/1.1" 404 96843 "-" "meta-externalagent/1.1 (+https://developers.facebook.com/docs/sharing/webmasters/crawler)"
109.234.166.131 - - [29/Apr/2026:02:36:31 +0200] "POST /wp-cron.php?doing_wp_cron=1777422991.7672679424285888671875 HTTP/1.1" 200 0 "-" "WordPress/6.9.4; https://www.liftsecurity.net"
103.216.51.2 - - [29/Apr/2026:02:36:31 +0200] "GET //wp-json/wp/v2/posts HTTP/1.1" 200 2 "-" "Mozilla/5.0 (Windows NT 10.0; Win64; x64) AppleWebKit/537.36 (KHTML, like Gecko) Chrome/120.0.0.0 Safari/537.36"
216.244.66.241 - - [29/Apr/2026:02:37:07 +0200] "GET /index.php/2014/03/19/ HTTP/1.1" 301 0 "-" "Mozilla/5.0 (compatible; DotBot/1.2; +https://opensiteexplorer.org/dotbot; help@moz.com)"
109.234.166.131 - - [29/Apr/2026:02:37:16 +0200] "POST /wp-cron.php?doing_wp_cron=1777423036.0437009334564208984375 HTTP/1.1" 200 0 "-" "WordPress/6.9.4; https://www.liftsecurity.net"
216.244.66.241 - - [29/Apr/2026:02:37:22 +0200] "GET /wp-content/uploads/2020/03/Image3.jpg HTTP/1.1" 200 11892 "-" "Mozilla/5.0 (compatible; DotBot/1.2; +https://opensiteexplorer.org/dotbot; help@moz.com)"
57.141.20.49 - - [29/Apr/2026:02:37:24 +0200] "GET /items/P066832336/ HTTP/1.1" 404 96843 "-" "meta-externalagent/1.1 (+https://developers.facebook.com/docs/sharing/webmasters/crawler)"
109.234.166.131 - - [29/Apr/2026:02:38:03 +0200] "POST /wp-cron.php?doing_wp_cron=1777423083.1833319664001464843750 HTTP/1.1" 200 0 "-" "WordPress/6.9.4; https://www.liftsecurity.net"
192.178.6.32 - - [29/Apr/2026:02:38:02 +0200] "GET /items/S873013981/ HTTP/1.1" 404 96843 "-" "Mozilla/5.0 (Linux; Android 6.0.1; Nexus 5X Build/MMB29P) AppleWebKit/537.36 (KHTML, like Gecko) Chrome/147.0.7727.116 Mobile Safari/537.36 (compatible; Googlebot/2.1; +http://www.google.com/bot.html)"
109.234.166.131 - - [29/Apr/2026:02:38:15 +0200] "POST /wp-cron.php?doing_wp_cron=1777423095.2197968959808349609375 HTTP/1.1" 200 0 "-" "WordPress/6.9.4; https://www.liftsecurity.net"
40.77.167.41 - - [29/Apr/2026:02:38:18 +0200] "GET /detail/31439473072604 HTTP/1.1" 404 96843 "-" "Mozilla/5.0 AppleWebKit/537.36 (KHTML, like Gecko; compatible; bingbot/2.0; +http://www.bing.com/bingbot.htm) Chrome/116.0.1938.76 Safari/537.36"
77.75.78.169 - - [29/Apr/2026:02:38:36 +0200] "GET /items/P066299779/ HTTP/1.1" 404 96843 "-" "Mozilla/5.0 (compatible; SeznamBot/4.0; +https://o-seznam.cz/napoveda/vyhledavani/en/seznambot-crawler/)"
57.141.20.34 - - [29/Apr/2026:02:38:37 +0200] "GET /items/P064193315/ HTTP/1.1" 404 96843 "-" "meta-externalagent/1.1 (+https://developers.facebook.com/docs/sharing/webmasters/crawler)"
109.234.166.131 - - [29/Apr/2026:02:38:45 +0200] "POST /wp-cron.php?doing_wp_cron=1777423125.7319030761718750000000 HTTP/1.1" 200 0 "-" "WordPress/6.9.4; https://www.liftsecurity.net"
192.178.6.41 - - [29/Apr/2026:02:38:45 +0200] "GET /items/A324663426/ HTTP/1.1" 404 96843 "-" "Mozilla/5.0 (Linux; Android 6.0.1; Nexus 5X Build/MMB29P) AppleWebKit/537.36 (KHTML, like Gecko) Chrome/147.0.7727.116 Mobile Safari/537.36 (compatible; Googlebot/2.1; +http://www.google.com/bot.html)"
109.234.166.131 - - [29/Apr/2026:02:39:25 +0200] "POST /wp-cron.php?doing_wp_cron=1777423165.0134561061859130859375 HTTP/1.1" 200 0 "-" "WordPress/6.9.4; https://www.liftsecurity.net"
57.141.20.39 - - [29/Apr/2026:02:35:05 +0200] "GET /items/P067439554/ HTTP/1.1" 301 0 "-" "meta-externalagent/1.1 (+https://developers.facebook.com/docs/sharing/webmasters/crawler)"
216.244.66.241 - - [29/Apr/2026:02:35:06 +0200] "GET /index.php/category/lifestyle-hobby/ HTTP/1.1" 301 0 "-" "Mozilla/5.0 (compatible; DotBot/1.2; +https://opensiteexplorer.org/dotbot; help@moz.com)"
77.75.76.169 - - [29/Apr/2026:02:35:34 +0200] "GET /items/P061131951/ HTTP/1.1" 404 96843 "-" "Mozilla/5.0 (compatible; SeznamBot/4.0; +https://o-seznam.cz/napoveda/vyhledavani/en/seznambot-crawler/)"
