|
Server IP : 109.234.166.131 / Your IP : 216.73.216.44 Web Server : LiteSpeed System : Linux garfish.o2switch.net 4.18.0-553.62.1.lve.el8.x86_64 #1 SMP Mon Jul 21 17:50:35 UTC 2025 x86_64 User : bean7936 ( 1010) PHP Version : 8.3.31 Disable Function : NONE MySQL : OFF | cURL : ON | WGET : ON | Perl : ON | Python : ON Directory (0750) : /home/bean7936/access-logs/ |
| [ Home ] | [ C0mmand ] | [ Upload File ] |
|---|
109.234.166.131 - - [29/Apr/2026:00:08:20 +0200] "POST /wp-cron.php?doing_wp_cron=1777414100.8970000743865966796875 HTTP/1.1" 200 0 "-" "WordPress/6.9.4; https://www.liftsecurity.net"
57.141.20.44 - - [29/Apr/2026:00:08:17 +0200] "GET /items/P062338887/ HTTP/1.1" 404 96843 "-" "meta-externalagent/1.1 (+https://developers.facebook.com/docs/sharing/webmasters/crawler)"
207.46.13.156 - - [29/Apr/2026:00:09:19 +0200] "GET /detail/34656786220926 HTTP/1.1" 404 96843 "-" "Mozilla/5.0 AppleWebKit/537.36 (KHTML, like Gecko; compatible; bingbot/2.0; +http://www.bing.com/bingbot.htm) Chrome/116.0.1938.76 Safari/537.36"
57.141.20.39 - - [29/Apr/2026:00:09:31 +0200] "GET /items/P066011847/ HTTP/1.1" 301 0 "-" "meta-externalagent/1.1 (+https://developers.facebook.com/docs/sharing/webmasters/crawler)"
77.75.78.172 - - [29/Apr/2026:00:09:28 +0200] "GET /items/P063145894/ HTTP/1.1" 404 96843 "-" "Mozilla/5.0 (compatible; SeznamBot/4.0; +https://o-seznam.cz/napoveda/vyhledavani/en/seznambot-crawler/)"
207.46.13.156 - - [29/Apr/2026:00:09:52 +0200] "GET /items/P065416471/ HTTP/1.1" 404 96787 "-" "Mozilla/5.0 AppleWebKit/537.36 (KHTML, like Gecko; compatible; bingbot/2.0; +http://www.bing.com/bingbot.htm) Chrome/116.0.1938.76 Safari/537.36"
109.234.166.131 - - [29/Apr/2026:00:11:10 +0200] "POST /wp-cron.php?doing_wp_cron=1777414270.7243099212646484375000 HTTP/1.1" 200 0 "-" "WordPress/6.9.4; https://www.liftsecurity.net"
57.141.20.69 - - [29/Apr/2026:00:11:07 +0200] "GET /items/P061693403/ HTTP/1.1" 404 96843 "-" "meta-externalagent/1.1 (+https://developers.facebook.com/docs/sharing/webmasters/crawler)"
57.141.20.0 - - [29/Apr/2026:00:11:11 +0200] "GET /items/P061211082/ HTTP/1.1" 404 96843 "-" "meta-externalagent/1.1 (+https://developers.facebook.com/docs/sharing/webmasters/crawler)"
192.178.6.33 - - [29/Apr/2026:00:11:31 +0200] "GET /items/S765396309/ HTTP/1.1" 404 96843 "-" "Mozilla/5.0 (Linux; Android 6.0.1; Nexus 5X Build/MMB29P) AppleWebKit/537.36 (KHTML, like Gecko) Chrome/147.0.7727.116 Mobile Safari/537.36 (compatible; Googlebot/2.1; +http://www.google.com/bot.html)"
109.234.166.131 - - [29/Apr/2026:00:13:00 +0200] "POST /wp-cron.php?doing_wp_cron=1777414380.6865339279174804687500 HTTP/1.1" 200 0 "-" "WordPress/6.9.4; https://www.liftsecurity.net"
57.141.20.25 - - [29/Apr/2026:00:12:57 +0200] "GET /items/P063208266/ HTTP/1.1" 301 0 "-" "meta-externalagent/1.1 (+https://developers.facebook.com/docs/sharing/webmasters/crawler)"
109.234.166.131 - - [29/Apr/2026:00:13:50 +0200] "POST /wp-cron.php?doing_wp_cron=1777414430.9251899719238281250000 HTTP/1.1" 200 0 "-" "WordPress/6.9.4; https://www.liftsecurity.net"
109.234.166.131 - - [29/Apr/2026:00:14:15 +0200] "POST /wp-cron.php?doing_wp_cron=1777414455.6926178932189941406250 HTTP/1.1" 200 0 "-" "WordPress/6.9.4; https://www.liftsecurity.net"
192.178.6.32 - - [29/Apr/2026:00:14:40 +0200] "GET /items/Y326924090/ HTTP/1.1" 404 96843 "-" "Mozilla/5.0 (Linux; Android 6.0.1; Nexus 5X Build/MMB29P) AppleWebKit/537.36 (KHTML, like Gecko) Chrome/147.0.7727.116 Mobile Safari/537.36 (compatible; Googlebot/2.1; +http://www.google.com/bot.html)"
109.234.166.131 - - [29/Apr/2026:00:15:05 +0200] "POST /wp-cron.php?doing_wp_cron=1777414504.9912409782409667968750 HTTP/1.1" 200 0 "-" "WordPress/6.9.4; https://www.liftsecurity.net"
57.141.20.34 - - [29/Apr/2026:00:15:04 +0200] "GET /items/P065350521/ HTTP/1.1" 404 96843 "-" "meta-externalagent/1.1 (+https://developers.facebook.com/docs/sharing/webmasters/crawler)"
57.141.20.9 - - [29/Apr/2026:00:15:07 +0200] "GET /items/P062491392/ HTTP/1.1" 301 0 "-" "meta-externalagent/1.1 (+https://developers.facebook.com/docs/sharing/webmasters/crawler)"
109.234.166.131 - - [29/Apr/2026:00:15:34 +0200] "POST /wp-cron.php?doing_wp_cron=1777414534.7234280109405517578125 HTTP/1.1" 200 0 "-" "WordPress/6.9.4; https://www.liftsecurity.net"
109.234.166.131 - - [29/Apr/2026:00:16:22 +0200] "POST /wp-cron.php?doing_wp_cron=1777414582.6695709228515625000000 HTTP/1.1" 200 0 "-" "WordPress/6.9.4; https://www.liftsecurity.net"
192.178.6.41 - - [29/Apr/2026:00:06:58 +0200] "GET /items/I604383811/ HTTP/1.1" 404 96843 "-" "Mozilla/5.0 (Linux; Android 6.0.1; Nexus 5X Build/MMB29P) AppleWebKit/537.36 (KHTML, like Gecko) Chrome/147.0.7727.116 Mobile Safari/537.36 (compatible; Googlebot/2.1; +http://www.google.com/bot.html)"
34.35.186.19 - - [29/Apr/2026:00:07:02 +0200] "GET / HTTP/1.1" 301 0 "-" "Mozilla/5.0 (Windows NT 10.0; WOW64) AppleWebKit/537.36 (KHTML, like Gecko) Chrome/75.0.3730.0 Safari/537.36"
57.141.20.16 - - [29/Apr/2026:00:07:08 +0200] "GET /items/P063667661/ HTTP/1.1" 301 0 "-" "meta-externalagent/1.1 (+https://developers.facebook.com/docs/sharing/webmasters/crawler)"
57.141.20.42 - - [29/Apr/2026:00:07:32 +0200] "GET /items/P063257728/ HTTP/1.1" 404 96843 "-" "meta-externalagent/1.1 (+https://developers.facebook.com/docs/sharing/webmasters/crawler)"
109.234.166.131 - - [29/Apr/2026:00:08:08 +0200] "POST /wp-cron.php?doing_wp_cron=1777414088.9122889041900634765625 HTTP/1.1" 200 0 "-" "WordPress/6.9.4; https://www.liftsecurity.net"
109.234.166.131 - - [29/Apr/2026:00:08:21 +0200] "POST /wp-cron.php?doing_wp_cron=1777414101.2589221000671386718750 HTTP/1.1" 200 0 "-" "WordPress/6.9.4; https://www.liftsecurity.net"
57.141.20.12 - - [29/Apr/2026:00:08:45 +0200] "GET /items/P065980830/ HTTP/1.1" 404 96843 "-" "meta-externalagent/1.1 (+https://developers.facebook.com/docs/sharing/webmasters/crawler)"
57.141.20.26 - - [29/Apr/2026:00:09:34 +0200] "GET /items/P066377491/ HTTP/1.1" 404 96843 "-" "meta-externalagent/1.1 (+https://developers.facebook.com/docs/sharing/webmasters/crawler)"
109.234.166.131 - - [29/Apr/2026:00:10:29 +0200] "POST /wp-cron.php?doing_wp_cron=1777414229.1930069923400878906250 HTTP/1.1" 200 0 "-" "WordPress/6.9.4; https://www.liftsecurity.net"
192.178.6.33 - - [29/Apr/2026:00:10:26 +0200] "GET /items/W912983700/ HTTP/1.1" 404 96843 "-" "Mozilla/5.0 (Linux; Android 6.0.1; Nexus 5X Build/MMB29P) AppleWebKit/537.36 (KHTML, like Gecko) Chrome/147.0.7727.116 Mobile Safari/537.36 (compatible; Googlebot/2.1; +http://www.google.com/bot.html)"
109.234.166.131 - - [29/Apr/2026:00:11:40 +0200] "POST /wp-cron.php?doing_wp_cron=1777414300.1331560611724853515625 HTTP/1.1" 200 0 "-" "WordPress/6.9.4; https://www.liftsecurity.net"
57.141.20.54 - - [29/Apr/2026:00:11:36 +0200] "GET /items/P064843244/ HTTP/1.1" 404 96843 "-" "meta-externalagent/1.1 (+https://developers.facebook.com/docs/sharing/webmasters/crawler)"
192.178.6.32 - - [29/Apr/2026:00:12:31 +0200] "GET /items/K824612024/ HTTP/1.1" 404 96843 "-" "Mozilla/5.0 (Linux; Android 6.0.1; Nexus 5X Build/MMB29P) AppleWebKit/537.36 (KHTML, like Gecko) Chrome/147.0.7727.116 Mobile Safari/537.36 (compatible; Googlebot/2.1; +http://www.google.com/bot.html)"
57.141.20.3 - - [29/Apr/2026:00:13:26 +0200] "GET /items/P064156602/ HTTP/1.1" 404 96843 "-" "meta-externalagent/1.1 (+https://developers.facebook.com/docs/sharing/webmasters/crawler)"
105.69.208.173 - - [29/Apr/2026:00:13:40 +0200] "GET /lit-escamotable-electrique-julia-simple/ HTTP/1.1" 200 244897 "-" "Mozilla/5.0 (compatible; MSIE 5.0; Windows NT 5.2; Trident/4.0)"
57.141.20.70 - - [29/Apr/2026:00:13:50 +0200] "GET /items/P066535443/ HTTP/1.1" 404 96843 "-" "meta-externalagent/1.1 (+https://developers.facebook.com/docs/sharing/webmasters/crawler)"
109.234.166.131 - - [29/Apr/2026:00:14:09 +0200] "POST /wp-cron.php?doing_wp_cron=1777414449.1046350002288818359375 HTTP/1.1" 200 0 "-" "WordPress/6.9.4; https://www.liftsecurity.net"
57.141.20.1 - - [29/Apr/2026:00:14:15 +0200] "GET /items/P062090749/ HTTP/1.1" 404 96843 "-" "meta-externalagent/1.1 (+https://developers.facebook.com/docs/sharing/webmasters/crawler)"
192.178.6.41 - - [29/Apr/2026:00:14:16 +0200] "GET /items/Z492310202/ HTTP/1.1" 404 96843 "-" "Mozilla/5.0 (Linux; Android 6.0.1; Nexus 5X Build/MMB29P) AppleWebKit/537.36 (KHTML, like Gecko) Chrome/147.0.7727.116 Mobile Safari/537.36 (compatible; Googlebot/2.1; +http://www.google.com/bot.html)"
109.234.166.131 - - [29/Apr/2026:00:06:59 +0200] "POST /wp-cron.php?doing_wp_cron=1777414019.0064001083374023437500 HTTP/1.1" 200 0 "-" "WordPress/6.9.4; https://www.liftsecurity.net"
109.234.166.131 - - [29/Apr/2026:00:07:40 +0200] "POST /wp-cron.php?doing_wp_cron=1777414060.0806829929351806640625 HTTP/1.1" 200 0 "-" "WordPress/6.9.4; https://www.liftsecurity.net"
192.178.6.32 - - [29/Apr/2026:00:08:05 +0200] "GET /items/T855465764/ HTTP/1.1" 404 96843 "-" "Mozilla/5.0 (Linux; Android 6.0.1; Nexus 5X Build/MMB29P) AppleWebKit/537.36 (KHTML, like Gecko) Chrome/147.0.7727.116 Mobile Safari/537.36 (compatible; Googlebot/2.1; +http://www.google.com/bot.html)"
57.141.20.38 - - [29/Apr/2026:00:08:19 +0200] "GET /items/P062245459/ HTTP/1.1" 301 0 "-" "meta-externalagent/1.1 (+https://developers.facebook.com/docs/sharing/webmasters/crawler)"
192.178.6.33 - - [29/Apr/2026:00:09:06 +0200] "GET /items/I324484574/ HTTP/1.1" 404 96843 "-" "Mozilla/5.0 (Linux; Android 6.0.1; Nexus 5X Build/MMB29P) AppleWebKit/537.36 (KHTML, like Gecko) Chrome/147.0.7727.116 Mobile Safari/537.36 (compatible; Googlebot/2.1; +http://www.google.com/bot.html)"
109.234.166.131 - - [29/Apr/2026:00:09:22 +0200] "POST /wp-cron.php?doing_wp_cron=1777414162.9759209156036376953125 HTTP/1.1" 200 0 "-" "WordPress/6.9.4; https://www.liftsecurity.net"
109.234.166.131 - - [29/Apr/2026:00:09:34 +0200] "POST /wp-cron.php?doing_wp_cron=1777414174.0921111106872558593750 HTTP/1.1" 200 0 "-" "WordPress/6.9.4; https://www.liftsecurity.net"
109.234.166.131 - - [29/Apr/2026:00:09:59 +0200] "POST /wp-cron.php?doing_wp_cron=1777414199.5671739578247070312500 HTTP/1.1" 200 0 "-" "WordPress/6.9.4; https://www.liftsecurity.net"
57.141.20.39 - - [29/Apr/2026:00:10:00 +0200] "GET /items/P067236340/ HTTP/1.1" 404 96843 "-" "meta-externalagent/1.1 (+https://developers.facebook.com/docs/sharing/webmasters/crawler)"
207.46.13.156 - - [29/Apr/2026:00:10:08 +0200] "GET /items/P064287523/ HTTP/1.1" 404 96843 "-" "Mozilla/5.0 AppleWebKit/537.36 (KHTML, like Gecko; compatible; bingbot/2.0; +http://www.bing.com/bingbot.htm) Chrome/116.0.1938.76 Safari/537.36"
57.141.20.44 - - [29/Apr/2026:00:10:23 +0200] "GET /items/P063481995/ HTTP/1.1" 404 96843 "-" "meta-externalagent/1.1 (+https://developers.facebook.com/docs/sharing/webmasters/crawler)"
57.141.20.0 - - [29/Apr/2026:00:12:26 +0200] "GET /items/P065887545/ HTTP/1.1" 404 96843 "-" "meta-externalagent/1.1 (+https://developers.facebook.com/docs/sharing/webmasters/crawler)"
57.141.20.51 - - [29/Apr/2026:00:12:29 +0200] "GET /items/P064587486/ HTTP/1.1" 404 96843 "-" "meta-externalagent/1.1 (+https://developers.facebook.com/docs/sharing/webmasters/crawler)"
109.234.166.131 - - [29/Apr/2026:00:13:22 +0200] "POST /wp-cron.php?doing_wp_cron=1777414402.7710530757904052734375 HTTP/1.1" 200 0 "-" "WordPress/6.9.4; https://www.liftsecurity.net"
192.178.6.32 - - [29/Apr/2026:00:13:21 +0200] "GET /items/S184575817/ HTTP/1.1" 404 96843 "-" "Mozilla/5.0 (Linux; Android 6.0.1; Nexus 5X Build/MMB29P) AppleWebKit/537.36 (KHTML, like Gecko) Chrome/147.0.7727.116 Mobile Safari/537.36 (compatible; Googlebot/2.1; +http://www.google.com/bot.html)"
45.233.148.131 - - [29/Apr/2026:00:14:08 +0200] "POST /wp-login.php HTTP/1.1" 404 92837 "-" "Mozilla/5.0 (Windows NT 10.0; WOW64) AppleWebKit/537.43 (KHTML, like Gecko) Chrome/138.0.0.0 Safari/537.36 OPR/122.0.0.0"
109.234.166.131 - - [29/Apr/2026:00:14:40 +0200] "POST /wp-cron.php?doing_wp_cron=1777414480.6103799343109130859375 HTTP/1.1" 200 0 "-" "WordPress/6.9.4; https://www.liftsecurity.net"
57.141.20.69 - - [29/Apr/2026:00:15:34 +0200] "GET /items/P063415008/ HTTP/1.1" 301 0 "-" "meta-externalagent/1.1 (+https://developers.facebook.com/docs/sharing/webmasters/crawler)"
57.141.20.27 - - [29/Apr/2026:00:16:25 +0200] "GET /items/P066206455/ HTTP/1.1" 404 96843 "-" "meta-externalagent/1.1 (+https://developers.facebook.com/docs/sharing/webmasters/crawler)"
109.234.166.131 - - [29/Apr/2026:00:16:53 +0200] "POST /wp-cron.php?doing_wp_cron=1777414613.0462629795074462890625 HTTP/1.1" 200 0 "-" "WordPress/6.9.4; https://www.liftsecurity.net"
57.141.20.64 - - [29/Apr/2026:00:18:23 +0200] "GET /items/P067826809/ HTTP/1.1" 404 96843 "-" "meta-externalagent/1.1 (+https://developers.facebook.com/docs/sharing/webmasters/crawler)"
57.141.20.8 - - [29/Apr/2026:00:20:41 +0200] "GET /items/P062702158/ HTTP/1.1" 301 0 "-" "meta-externalagent/1.1 (+https://developers.facebook.com/docs/sharing/webmasters/crawler)"
57.141.20.12 - - [29/Apr/2026:00:16:22 +0200] "GET /items/P062126342/ HTTP/1.1" 404 96843 "-" "meta-externalagent/1.1 (+https://developers.facebook.com/docs/sharing/webmasters/crawler)"
109.234.166.131 - - [29/Apr/2026:00:16:33 +0200] "POST /wp-cron.php?doing_wp_cron=1777414593.0294179916381835937500 HTTP/1.1" 200 0 "-" "WordPress/6.9.4; https://www.liftsecurity.net"
192.178.6.41 - - [29/Apr/2026:00:16:32 +0200] "GET /items/W266437067/ HTTP/1.1" 404 96843 "-" "Mozilla/5.0 (Linux; Android 6.0.1; Nexus 5X Build/MMB29P) AppleWebKit/537.36 (KHTML, like Gecko) Chrome/147.0.7727.116 Mobile Safari/537.36 (compatible; Googlebot/2.1; +http://www.google.com/bot.html)"
57.141.20.9 - - [29/Apr/2026:00:19:36 +0200] "GET /items/P066751183/ HTTP/1.1" 404 96843 "-" "meta-externalagent/1.1 (+https://developers.facebook.com/docs/sharing/webmasters/crawler)"
109.234.166.131 - - [29/Apr/2026:00:20:44 +0200] "POST /wp-cron.php?doing_wp_cron=1777414844.6779730319976806640625 HTTP/1.1" 200 0 "-" "WordPress/6.9.4; https://www.liftsecurity.net"
57.141.20.12 - - [29/Apr/2026:00:16:52 +0200] "GET /items/P061063576/ HTTP/1.1" 404 96843 "-" "meta-externalagent/1.1 (+https://developers.facebook.com/docs/sharing/webmasters/crawler)"
109.234.166.131 - - [29/Apr/2026:00:17:45 +0200] "POST /wp-cron.php?doing_wp_cron=1777414665.2115800380706787109375 HTTP/1.1" 200 0 "-" "WordPress/6.9.4; https://www.liftsecurity.net"
57.141.20.58 - - [29/Apr/2026:00:17:44 +0200] "GET /items/P063857353/ HTTP/1.1" 404 96843 "-" "meta-externalagent/1.1 (+https://developers.facebook.com/docs/sharing/webmasters/crawler)"
109.234.166.131 - - [29/Apr/2026:00:18:21 +0200] "POST /wp-cron.php?doing_wp_cron=1777414701.5627040863037109375000 HTTP/1.1" 200 0 "-" "WordPress/6.9.4; https://www.liftsecurity.net"
57.141.20.25 - - [29/Apr/2026:00:18:21 +0200] "GET /items/P065069477/ HTTP/1.1" 404 96843 "-" "meta-externalagent/1.1 (+https://developers.facebook.com/docs/sharing/webmasters/crawler)"
109.234.166.131 - - [29/Apr/2026:00:19:37 +0200] "POST /wp-cron.php?doing_wp_cron=1777414777.0044949054718017578125 HTTP/1.1" 200 0 "-" "WordPress/6.9.4; https://www.liftsecurity.net"
57.141.20.64 - - [29/Apr/2026:00:20:47 +0200] "GET /items/P064810698/ HTTP/1.1" 404 96843 "-" "meta-externalagent/1.1 (+https://developers.facebook.com/docs/sharing/webmasters/crawler)"
109.234.166.131 - - [29/Apr/2026:00:22:48 +0200] "POST /wp-cron.php?doing_wp_cron=1777414968.4224619865417480468750 HTTP/1.1" 200 0 "-" "WordPress/6.9.4; https://www.liftsecurity.net"
192.178.6.41 - - [29/Apr/2026:00:22:47 +0200] "GET /items/F124850142/ HTTP/1.1" 404 96843 "-" "Mozilla/5.0 (Linux; Android 6.0.1; Nexus 5X Build/MMB29P) AppleWebKit/537.36 (KHTML, like Gecko) Chrome/147.0.7727.116 Mobile Safari/537.36 (compatible; Googlebot/2.1; +http://www.google.com/bot.html)"
109.234.166.131 - - [29/Apr/2026:00:22:34 +0200] "POST /wp-cron.php?doing_wp_cron=1777414954.2560620307922363281250 HTTP/1.1" 200 0 "-" "WordPress/6.9.4; https://www.liftsecurity.net"
77.75.78.172 - - [29/Apr/2026:00:22:33 +0200] "GET /items/P065167816/ HTTP/1.1" 404 96843 "-" "Mozilla/5.0 (compatible; SeznamBot/4.0; +https://o-seznam.cz/napoveda/vyhledavani/en/seznambot-crawler/)"
109.234.166.131 - - [29/Apr/2026:00:26:04 +0200] "POST /wp-cron.php?doing_wp_cron=1777415164.9445750713348388671875 HTTP/1.1" 200 0 "-" "WordPress/6.9.4; https://www.liftsecurity.net"
109.234.166.131 - - [29/Apr/2026:00:23:39 +0200] "POST /wp-cron.php?doing_wp_cron=1777415019.0254480838775634765625 HTTP/1.1" 200 0 "-" "WordPress/6.9.4; https://www.liftsecurity.net"
192.178.6.41 - - [29/Apr/2026:00:23:38 +0200] "GET /items/H703199623/ HTTP/1.1" 404 96843 "-" "Mozilla/5.0 (Linux; Android 6.0.1; Nexus 5X Build/MMB29P) AppleWebKit/537.36 (KHTML, like Gecko) Chrome/147.0.7727.116 Mobile Safari/537.36 (compatible; Googlebot/2.1; +http://www.google.com/bot.html)"
192.178.6.33 - - [29/Apr/2026:00:24:41 +0200] "GET /items/X131711998/ HTTP/1.1" 404 96843 "-" "Mozilla/5.0 (Linux; Android 6.0.1; Nexus 5X Build/MMB29P) AppleWebKit/537.36 (KHTML, like Gecko) Chrome/147.0.7727.116 Mobile Safari/537.36 (compatible; Googlebot/2.1; +http://www.google.com/bot.html)"
109.234.166.131 - - [29/Apr/2026:00:25:27 +0200] "POST /wp-cron.php?doing_wp_cron=1777415127.0052249431610107421875 HTTP/1.1" 200 0 "-" "WordPress/6.9.4; https://www.liftsecurity.net"
109.234.166.131 - - [29/Apr/2026:00:25:48 +0200] "POST /wp-cron.php?doing_wp_cron=1777415148.4850718975067138671875 HTTP/1.1" 200 0 "-" "WordPress/6.9.4; https://www.liftsecurity.net"
192.178.6.41 - - [29/Apr/2026:00:25:48 +0200] "GET /items/H625767499/ HTTP/1.1" 404 96843 "-" "Mozilla/5.0 (Linux; Android 6.0.1; Nexus 5X Build/MMB29P) AppleWebKit/537.36 (KHTML, like Gecko) Chrome/147.0.7727.116 Mobile Safari/537.36 (compatible; Googlebot/2.1; +http://www.google.com/bot.html)"
109.234.166.131 - - [29/Apr/2026:00:26:48 +0200] "POST /wp-cron.php?doing_wp_cron=1777415208.6575019359588623046875 HTTP/1.1" 200 0 "-" "WordPress/6.9.4; https://www.liftsecurity.net"
109.234.166.131 - - [29/Apr/2026:00:24:42 +0200] "POST /wp-cron.php?doing_wp_cron=1777415082.0251519680023193359375 HTTP/1.1" 200 0 "-" "WordPress/6.9.4; https://www.liftsecurity.net"
77.75.78.172 - - [29/Apr/2026:00:25:26 +0200] "GET /items/P063485651/ HTTP/1.1" 404 96843 "-" "Mozilla/5.0 (compatible; SeznamBot/4.0; +https://o-seznam.cz/napoveda/vyhledavani/en/seznambot-crawler/)"
57.141.20.13 - - [29/Apr/2026:00:26:04 +0200] "GET /items/P061139421/ HTTP/1.1" 301 0 "-" "meta-externalagent/1.1 (+https://developers.facebook.com/docs/sharing/webmasters/crawler)"
192.178.6.32 - - [29/Apr/2026:00:26:48 +0200] "GET /items/F255698121/ HTTP/1.1" 404 96843 "-" "Mozilla/5.0 (Linux; Android 6.0.1; Nexus 5X Build/MMB29P) AppleWebKit/537.36 (KHTML, like Gecko) Chrome/147.0.7727.116 Mobile Safari/537.36 (compatible; Googlebot/2.1; +http://www.google.com/bot.html)"
40.77.167.132 - - [29/Apr/2026:00:27:29 +0200] "GET /detail/6306562533302 HTTP/1.1" 404 96843 "-" "Mozilla/5.0 AppleWebKit/537.36 (KHTML, like Gecko; compatible; bingbot/2.0; +http://www.bing.com/bingbot.htm) Chrome/116.0.1938.76 Safari/537.36"
157.55.39.10 - - [29/Apr/2026:00:27:33 +0200] "GET /detail/37950838112244 HTTP/1.1" 404 96843 "-" "Mozilla/5.0 AppleWebKit/537.36 (KHTML, like Gecko; compatible; bingbot/2.0; +http://www.bing.com/bingbot.htm) Chrome/116.0.1938.76 Safari/537.36"
40.77.167.40 - - [29/Apr/2026:00:27:36 +0200] "GET /detail/25606538522643 HTTP/1.1" 404 96843 "-" "Mozilla/5.0 AppleWebKit/537.36 (KHTML, like Gecko; compatible; bingbot/2.0; +http://www.bing.com/bingbot.htm) Chrome/116.0.1938.76 Safari/537.36"
40.77.167.132 - - [29/Apr/2026:00:27:42 +0200] "GET /detail/10380481675200 HTTP/1.1" 404 96843 "-" "Mozilla/5.0 AppleWebKit/537.36 (KHTML, like Gecko; compatible; bingbot/2.0; +http://www.bing.com/bingbot.htm) Chrome/116.0.1938.76 Safari/537.36"
192.178.6.41 - - [29/Apr/2026:00:27:49 +0200] "GET /items/U691005463/ HTTP/1.1" 404 96843 "-" "Mozilla/5.0 (Linux; Android 6.0.1; Nexus 5X Build/MMB29P) AppleWebKit/537.36 (KHTML, like Gecko) Chrome/147.0.7727.116 Mobile Safari/537.36 (compatible; Googlebot/2.1; +http://www.google.com/bot.html)"
109.234.166.131 - - [29/Apr/2026:00:28:06 +0200] "POST /wp-cron.php?doing_wp_cron=1777415286.8027899265289306640625 HTTP/1.1" 200 0 "-" "WordPress/6.9.4; https://www.liftsecurity.net"
57.141.20.20 - - [29/Apr/2026:00:28:06 +0200] "GET /items/P062165928/ HTTP/1.1" 301 0 "-" "meta-externalagent/1.1 (+https://developers.facebook.com/docs/sharing/webmasters/crawler)"
109.234.166.131 - - [29/Apr/2026:00:28:51 +0200] "POST /wp-cron.php?doing_wp_cron=1777415331.2989859580993652343750 HTTP/1.1" 200 0 "-" "WordPress/6.9.4; https://www.liftsecurity.net"
57.141.20.6 - - [29/Apr/2026:00:28:59 +0200] "GET /items/P065339566/ HTTP/1.1" 301 0 "-" "meta-externalagent/1.1 (+https://developers.facebook.com/docs/sharing/webmasters/crawler)"
157.55.39.10 - - [29/Apr/2026:00:29:02 +0200] "GET /items/K585750227/ HTTP/1.1" 404 96843 "-" "Mozilla/5.0 AppleWebKit/537.36 (KHTML, like Gecko; compatible; bingbot/2.0; +http://www.bing.com/bingbot.htm) Chrome/116.0.1938.76 Safari/537.36"
57.141.20.17 - - [29/Apr/2026:00:29:04 +0200] "GET /items/P062027777/ HTTP/1.1" 404 96843 "-" "meta-externalagent/1.1 (+https://developers.facebook.com/docs/sharing/webmasters/crawler)"
57.141.20.61 - - [29/Apr/2026:00:29:46 +0200] "GET /items/P062822598/ HTTP/1.1" 404 96843 "-" "meta-externalagent/1.1 (+https://developers.facebook.com/docs/sharing/webmasters/crawler)"
192.178.6.32 - - [29/Apr/2026:00:29:55 +0200] "GET /items/S465835481/ HTTP/1.1" 404 96843 "-" "Mozilla/5.0 (Linux; Android 6.0.1; Nexus 5X Build/MMB29P) AppleWebKit/537.36 (KHTML, like Gecko) Chrome/147.0.7727.116 Mobile Safari/537.36 (compatible; Googlebot/2.1; +http://www.google.com/bot.html)"
109.234.166.131 - - [29/Apr/2026:00:30:29 +0200] "POST /wp-cron.php?doing_wp_cron=1777415429.0696430206298828125000 HTTP/1.1" 200 0 "-" "WordPress/6.9.4; https://www.liftsecurity.net"
192.178.6.32 - - [29/Apr/2026:00:30:33 +0200] "GET /hg/ HTTP/1.1" 404 96843 "-" "Mozilla/5.0 (Linux; Android 6.0.1; Nexus 5X Build/MMB29P) AppleWebKit/537.36 (KHTML, like Gecko) Chrome/147.0.7727.116 Mobile Safari/537.36 (compatible; Googlebot/2.1; +http://www.google.com/bot.html)"
192.178.6.32 - - [29/Apr/2026:00:30:34 +0200] "GET /cate-1 HTTP/1.1" 404 96843 "-" "Mozilla/5.0 (Linux; Android 6.0.1; Nexus 5X Build/MMB29P) AppleWebKit/537.36 (KHTML, like Gecko) Chrome/147.0.7727.116 Mobile Safari/537.36 (compatible; Googlebot/2.1; +http://www.google.com/bot.html)"
192.178.6.41 - - [29/Apr/2026:00:30:59 +0200] "GET /items/L053876456/ HTTP/1.1" 404 96843 "-" "Mozilla/5.0 (Linux; Android 6.0.1; Nexus 5X Build/MMB29P) AppleWebKit/537.36 (KHTML, like Gecko) Chrome/147.0.7727.116 Mobile Safari/537.36 (compatible; Googlebot/2.1; +http://www.google.com/bot.html)"
109.234.166.131 - - [29/Apr/2026:00:27:30 +0200] "POST /wp-cron.php?doing_wp_cron=1777415250.3828120231628417968750 HTTP/1.1" 200 0 "-" "WordPress/6.9.4; https://www.liftsecurity.net"
157.55.39.10 - - [29/Apr/2026:00:27:32 +0200] "GET /detail/21472186480196 HTTP/1.1" 404 96843 "-" "Mozilla/5.0 AppleWebKit/537.36 (KHTML, like Gecko; compatible; bingbot/2.0; +http://www.bing.com/bingbot.htm) Chrome/116.0.1938.76 Safari/537.36"
157.55.39.10 - - [29/Apr/2026:00:27:34 +0200] "GET /detail/58408856480044 HTTP/1.1" 404 96843 "-" "Mozilla/5.0 AppleWebKit/537.36 (KHTML, like Gecko; compatible; bingbot/2.0; +http://www.bing.com/bingbot.htm) Chrome/116.0.1938.76 Safari/537.36"
9.160.164.133 - - [29/Apr/2026:00:28:49 +0200] "GET / HTTP/1.1" 200 287487 "-" "Mozilla/5.0 AppleWebKit/537.36 (KHTML, like Gecko); compatible; ChatGPT-User/1.0; +https://openai.com/bot"
40.77.167.40 - - [29/Apr/2026:00:28:55 +0200] "GET /detail/18180326858007 HTTP/1.1" 404 96843 "-" "Mozilla/5.0 AppleWebKit/537.36 (KHTML, like Gecko; compatible; bingbot/2.0; +http://www.bing.com/bingbot.htm) Chrome/116.0.1938.76 Safari/537.36"
40.77.167.40 - - [29/Apr/2026:00:28:57 +0200] "GET /items/P061199747/ HTTP/1.1" 404 96787 "-" "Mozilla/5.0 AppleWebKit/537.36 (KHTML, like Gecko; compatible; bingbot/2.0; +http://www.bing.com/bingbot.htm) Chrome/116.0.1938.76 Safari/537.36"
109.234.166.131 - - [29/Apr/2026:00:29:00 +0200] "POST /wp-cron.php?doing_wp_cron=1777415340.2867920398712158203125 HTTP/1.1" 200 0 "-" "WordPress/6.9.4; https://www.liftsecurity.net"
157.55.39.10 - - [29/Apr/2026:00:29:04 +0200] "GET /items/Y735421849/ HTTP/1.1" 404 96843 "-" "Mozilla/5.0 AppleWebKit/537.36 (KHTML, like Gecko; compatible; bingbot/2.0; +http://www.bing.com/bingbot.htm) Chrome/116.0.1938.76 Safari/537.36"
40.77.167.40 - - [29/Apr/2026:00:29:06 +0200] "GET /detail/6561943568314 HTTP/1.1" 404 96843 "-" "Mozilla/5.0 AppleWebKit/537.36 (KHTML, like Gecko; compatible; bingbot/2.0; +http://www.bing.com/bingbot.htm) Chrome/116.0.1938.76 Safari/537.36"
40.77.167.40 - - [29/Apr/2026:00:29:07 +0200] "GET /detail/39217303544174 HTTP/1.1" 404 96843 "-" "Mozilla/5.0 AppleWebKit/537.36 (KHTML, like Gecko; compatible; bingbot/2.0; +http://www.bing.com/bingbot.htm) Chrome/116.0.1938.76 Safari/537.36"
40.77.167.48 - - [29/Apr/2026:00:29:11 +0200] "GET /items/P062437466/ HTTP/1.1" 404 96843 "-" "Mozilla/5.0 AppleWebKit/537.36 (KHTML, like Gecko; compatible; bingbot/2.0; +http://www.bing.com/bingbot.htm) Chrome/116.0.1938.76 Safari/537.36"
57.141.20.39 - - [29/Apr/2026:00:30:28 +0200] "GET /items/P064209349/ HTTP/1.1" 404 96843 "-" "meta-externalagent/1.1 (+https://developers.facebook.com/docs/sharing/webmasters/crawler)"
192.178.6.32 - - [29/Apr/2026:00:30:37 +0200] "GET /information/privacy_policy.html HTTP/1.1" 404 96843 "-" "Mozilla/5.0 (Linux; Android 6.0.1; Nexus 5X Build/MMB29P) AppleWebKit/537.36 (KHTML, like Gecko) Chrome/147.0.7727.116 Mobile Safari/537.36 (compatible; Googlebot/2.1; +http://www.google.com/bot.html)"
109.234.166.131 - - [29/Apr/2026:00:31:22 +0200] "POST /wp-cron.php?doing_wp_cron=1777415482.6057050228118896484375 HTTP/1.1" 200 0 "-" "WordPress/6.9.4; https://www.liftsecurity.net"
109.234.166.131 - - [29/Apr/2026:00:31:51 +0200] "POST /wp-cron.php?doing_wp_cron=1777415511.8091731071472167968750 HTTP/1.1" 200 0 "-" "WordPress/6.9.4; https://www.liftsecurity.net"
192.178.6.41 - - [29/Apr/2026:00:31:58 +0200] "GET /items/Z713518644/ HTTP/1.1" 404 96843 "-" "Mozilla/5.0 (Linux; Android 6.0.1; Nexus 5X Build/MMB29P) AppleWebKit/537.36 (KHTML, like Gecko) Chrome/147.0.7727.116 Mobile Safari/537.36 (compatible; Googlebot/2.1; +http://www.google.com/bot.html)"
109.234.166.131 - - [29/Apr/2026:00:33:41 +0200] "POST /wp-cron.php?doing_wp_cron=1777415621.8235559463500976562500 HTTP/1.1" 200 0 "-" "WordPress/6.9.4; https://www.liftsecurity.net"
109.234.166.131 - - [29/Apr/2026:00:34:09 +0200] "POST /wp-cron.php?doing_wp_cron=1777415649.4688940048217773437500 HTTP/1.1" 200 0 "-" "WordPress/6.9.4; https://www.liftsecurity.net"
109.234.166.131 - - [29/Apr/2026:00:27:43 +0200] "POST /wp-cron.php?doing_wp_cron=1777415263.0773739814758300781250 HTTP/1.1" 200 0 "-" "WordPress/6.9.4; https://www.liftsecurity.net"
192.178.6.33 - - [29/Apr/2026:00:28:50 +0200] "GET /items/S012889937/ HTTP/1.1" 404 96843 "-" "Mozilla/5.0 (Linux; Android 6.0.1; Nexus 5X Build/MMB29P) AppleWebKit/537.36 (KHTML, like Gecko) Chrome/147.0.7727.116 Mobile Safari/537.36 (compatible; Googlebot/2.1; +http://www.google.com/bot.html)"
109.234.166.131 - - [29/Apr/2026:00:29:47 +0200] "POST /wp-cron.php?doing_wp_cron=1777415387.3740780353546142578125 HTTP/1.1" 200 0 "-" "WordPress/6.9.4; https://www.liftsecurity.net"
192.178.6.41 - - [29/Apr/2026:00:30:33 +0200] "GET /jukyuban/ HTTP/1.1" 404 96843 "-" "Mozilla/5.0 (Linux; Android 6.0.1; Nexus 5X Build/MMB29P) AppleWebKit/537.36 (KHTML, like Gecko) Chrome/147.0.7727.116 Mobile Safari/537.36 (compatible; Googlebot/2.1; +http://www.google.com/bot.html)"
192.178.6.33 - - [29/Apr/2026:00:30:33 +0200] "GET /pw/ HTTP/1.1" 404 96843 "-" "Mozilla/5.0 (Linux; Android 6.0.1; Nexus 5X Build/MMB29P) AppleWebKit/537.36 (KHTML, like Gecko) Chrome/147.0.7727.116 Mobile Safari/537.36 (compatible; Googlebot/2.1; +http://www.google.com/bot.html)"
192.178.6.41 - - [29/Apr/2026:00:30:35 +0200] "GET /contents/renga/ HTTP/1.1" 404 96843 "-" "Mozilla/5.0 (Linux; Android 6.0.1; Nexus 5X Build/MMB29P) AppleWebKit/537.36 (KHTML, like Gecko) Chrome/147.0.7727.116 Mobile Safari/537.36 (compatible; Googlebot/2.1; +http://www.google.com/bot.html)"
192.178.6.32 - - [29/Apr/2026:00:30:36 +0200] "GET /reserve/tool/ HTTP/1.1" 404 96843 "-" "Mozilla/5.0 (Linux; Android 6.0.1; Nexus 5X Build/MMB29P) AppleWebKit/537.36 (KHTML, like Gecko) Chrome/147.0.7727.116 Mobile Safari/537.36 (compatible; Googlebot/2.1; +http://www.google.com/bot.html)"
109.234.166.131 - - [29/Apr/2026:00:31:00 +0200] "POST /wp-cron.php?doing_wp_cron=1777415460.0326249599456787109375 HTTP/1.1" 200 0 "-" "WordPress/6.9.4; https://www.liftsecurity.net"
57.141.20.58 - - [29/Apr/2026:00:31:09 +0200] "GET /items/P063584334/ HTTP/1.1" 404 96843 "-" "meta-externalagent/1.1 (+https://developers.facebook.com/docs/sharing/webmasters/crawler)"
40.77.167.48 - - [29/Apr/2026:00:31:22 +0200] "GET /detail/50750950481959 HTTP/1.1" 404 96843 "-" "Mozilla/5.0 AppleWebKit/537.36 (KHTML, like Gecko; compatible; bingbot/2.0; +http://www.bing.com/bingbot.htm) Chrome/116.0.1938.76 Safari/537.36"
157.55.39.10 - - [29/Apr/2026:00:31:26 +0200] "GET /detail/15216615310482 HTTP/1.1" 404 96843 "-" "Mozilla/5.0 AppleWebKit/537.36 (KHTML, like Gecko; compatible; bingbot/2.0; +http://www.bing.com/bingbot.htm) Chrome/116.0.1938.76 Safari/537.36"
57.141.20.59 - - [29/Apr/2026:00:31:51 +0200] "GET /items/P061927480/ HTTP/1.1" 301 0 "-" "meta-externalagent/1.1 (+https://developers.facebook.com/docs/sharing/webmasters/crawler)"
109.234.166.131 - - [29/Apr/2026:00:32:33 +0200] "POST /wp-cron.php?doing_wp_cron=1777415553.7063910961151123046875 HTTP/1.1" 200 0 "-" "WordPress/6.9.4; https://www.liftsecurity.net"
57.141.20.47 - - [29/Apr/2026:00:32:33 +0200] "GET /items/P064099445/ HTTP/1.1" 404 96843 "-" "meta-externalagent/1.1 (+https://developers.facebook.com/docs/sharing/webmasters/crawler)"
109.234.166.131 - - [29/Apr/2026:00:33:02 +0200] "POST /wp-cron.php?doing_wp_cron=1777415582.4440081119537353515625 HTTP/1.1" 200 0 "-" "WordPress/6.9.4; https://www.liftsecurity.net"
57.141.20.0 - - [29/Apr/2026:00:33:07 +0200] "GET /items/P062803364/ HTTP/1.1" 404 96843 "-" "meta-externalagent/1.1 (+https://developers.facebook.com/docs/sharing/webmasters/crawler)"
192.178.6.41 - - [29/Apr/2026:00:34:08 +0200] "GET /items/G953131525/ HTTP/1.1" 404 96843 "-" "Mozilla/5.0 (Linux; Android 6.0.1; Nexus 5X Build/MMB29P) AppleWebKit/537.36 (KHTML, like Gecko) Chrome/147.0.7727.116 Mobile Safari/537.36 (compatible; Googlebot/2.1; +http://www.google.com/bot.html)"
57.141.20.31 - - [29/Apr/2026:00:34:16 +0200] "GET /bywordnxi.xml HTTP/1.1" 404 92779 "-" "meta-externalagent/1.1 (+https://developers.facebook.com/docs/sharing/webmasters/crawler)"
192.178.6.33 - - [29/Apr/2026:00:35:06 +0200] "GET /items/N464130553/ HTTP/1.1" 404 96843 "-" "Mozilla/5.0 (Linux; Android 6.0.1; Nexus 5X Build/MMB29P) AppleWebKit/537.36 (KHTML, like Gecko) Chrome/147.0.7727.116 Mobile Safari/537.36 (compatible; Googlebot/2.1; +http://www.google.com/bot.html)"
57.141.20.60 - - [29/Apr/2026:00:35:24 +0200] "GET /items/P061192498/ HTTP/1.1" 301 0 "-" "meta-externalagent/1.1 (+https://developers.facebook.com/docs/sharing/webmasters/crawler)"
192.178.6.33 - - [29/Apr/2026:00:36:13 +0200] "GET /items/N464417304/ HTTP/1.1" 404 96843 "-" "Mozilla/5.0 (Linux; Android 6.0.1; Nexus 5X Build/MMB29P) AppleWebKit/537.36 (KHTML, like Gecko) Chrome/147.0.7727.116 Mobile Safari/537.36 (compatible; Googlebot/2.1; +http://www.google.com/bot.html)"
57.141.20.33 - - [29/Apr/2026:00:36:47 +0200] "GET /items/P063082299/ HTTP/1.1" 301 0 "-" "meta-externalagent/1.1 (+https://developers.facebook.com/docs/sharing/webmasters/crawler)"
109.234.166.131 - - [29/Apr/2026:00:37:54 +0200] "POST /wp-cron.php?doing_wp_cron=1777415874.0580139160156250000000 HTTP/1.1" 200 0 "-" "WordPress/6.9.4; https://www.liftsecurity.net"
20.12.211.211 - - [29/Apr/2026:00:37:53 +0200] "GET /wk/index.php HTTP/1.1" 301 0 "-" "Mozilla/5.0 (Windows NT 10.0; Win64; x64) AppleWebKit/537.36 (KHTML, like Gecko) Chrome/120.0.0.0 Safari/537.36"
57.141.20.13 - - [29/Apr/2026:00:38:08 +0200] "GET /items/P065668875/ HTTP/1.1" 404 96843 "-" "meta-externalagent/1.1 (+https://developers.facebook.com/docs/sharing/webmasters/crawler)"
57.141.20.69 - - [29/Apr/2026:00:38:12 +0200] "GET /items/P063898297/ HTTP/1.1" 404 96843 "-" "meta-externalagent/1.1 (+https://developers.facebook.com/docs/sharing/webmasters/crawler)"
109.234.166.131 - - [29/Apr/2026:00:38:40 +0200] "POST /wp-cron.php?doing_wp_cron=1777415920.5275259017944335937500 HTTP/1.1" 200 0 "-" "WordPress/6.9.4; https://www.liftsecurity.net"
77.75.78.172 - - [29/Apr/2026:00:38:40 +0200] "GET /items/P061214624/ HTTP/1.1" 404 96843 "-" "Mozilla/5.0 (compatible; SeznamBot/4.0; +https://o-seznam.cz/napoveda/vyhledavani/en/seznambot-crawler/)"
192.178.6.41 - - [29/Apr/2026:00:39:16 +0200] "GET /items/U464285586/ HTTP/1.1" 404 96843 "-" "Mozilla/5.0 (Linux; Android 6.0.1; Nexus 5X Build/MMB29P) AppleWebKit/537.36 (KHTML, like Gecko) Chrome/147.0.7727.116 Mobile Safari/537.36 (compatible; Googlebot/2.1; +http://www.google.com/bot.html)"
109.234.166.131 - - [29/Apr/2026:00:40:18 +0200] "POST /wp-cron.php?doing_wp_cron=1777416018.2190790176391601562500 HTTP/1.1" 200 0 "-" "WordPress/6.9.4; https://www.liftsecurity.net"
192.178.6.33 - - [29/Apr/2026:00:40:18 +0200] "GET /items/W763586455/ HTTP/1.1" 404 96843 "-" "Mozilla/5.0 (Linux; Android 6.0.1; Nexus 5X Build/MMB29P) AppleWebKit/537.36 (KHTML, like Gecko) Chrome/147.0.7727.116 Mobile Safari/537.36 (compatible; Googlebot/2.1; +http://www.google.com/bot.html)"
57.141.20.54 - - [29/Apr/2026:00:40:22 +0200] "GET /items/P066360758/ HTTP/1.1" 404 96843 "-" "meta-externalagent/1.1 (+https://developers.facebook.com/docs/sharing/webmasters/crawler)"
57.141.20.53 - - [29/Apr/2026:00:42:11 +0200] "GET /items/P066753093/ HTTP/1.1" 301 0 "-" "meta-externalagent/1.1 (+https://developers.facebook.com/docs/sharing/webmasters/crawler)"
109.234.166.131 - - [29/Apr/2026:00:42:24 +0200] "POST /wp-cron.php?doing_wp_cron=1777416144.1935698986053466796875 HTTP/1.1" 200 0 "-" "WordPress/6.9.4; https://www.liftsecurity.net"
192.178.6.41 - - [29/Apr/2026:00:43:26 +0200] "GET /items/D283258073/ HTTP/1.1" 404 96843 "-" "Mozilla/5.0 (Linux; Android 6.0.1; Nexus 5X Build/MMB29P) AppleWebKit/537.36 (KHTML, like Gecko) Chrome/147.0.7727.116 Mobile Safari/537.36 (compatible; Googlebot/2.1; +http://www.google.com/bot.html)"
109.234.166.131 - - [29/Apr/2026:00:43:52 +0200] "POST /wp-cron.php?doing_wp_cron=1777416231.9951040744781494140625 HTTP/1.1" 200 0 "-" "WordPress/6.9.4; https://www.liftsecurity.net"
57.141.20.39 - - [29/Apr/2026:00:43:51 +0200] "GET /items/P067793722/ HTTP/1.1" 404 96843 "-" "meta-externalagent/1.1 (+https://developers.facebook.com/docs/sharing/webmasters/crawler)"
109.234.166.131 - - [29/Apr/2026:00:44:20 +0200] "POST /wp-cron.php?doing_wp_cron=1777416260.3545460700988769531250 HTTP/1.1" 200 0 "-" "WordPress/6.9.4; https://www.liftsecurity.net"
192.178.6.41 - - [29/Apr/2026:00:44:28 +0200] "GET /items/F773437141/ HTTP/1.1" 404 96843 "-" "Mozilla/5.0 (Linux; Android 6.0.1; Nexus 5X Build/MMB29P) AppleWebKit/537.36 (KHTML, like Gecko) Chrome/147.0.7727.116 Mobile Safari/537.36 (compatible; Googlebot/2.1; +http://www.google.com/bot.html)"
109.234.166.131 - - [29/Apr/2026:00:44:31 +0200] "POST /wp-cron.php?doing_wp_cron=1777416271.4594600200653076171875 HTTP/1.1" 200 0 "-" "WordPress/6.9.4; https://www.liftsecurity.net"
57.141.20.68 - - [29/Apr/2026:00:44:31 +0200] "GET /items/P062580170/ HTTP/1.1" 301 0 "-" "meta-externalagent/1.1 (+https://developers.facebook.com/docs/sharing/webmasters/crawler)"
109.234.166.131 - - [29/Apr/2026:00:44:40 +0200] "POST /wp-cron.php?doing_wp_cron=1777416280.4767351150512695312500 HTTP/1.1" 200 0 "-" "WordPress/6.9.4; https://www.liftsecurity.net"
40.77.167.123 - - [29/Apr/2026:00:44:51 +0200] "GET /detail/22987383314800 HTTP/1.1" 404 96843 "-" "Mozilla/5.0 AppleWebKit/537.36 (KHTML, like Gecko; compatible; bingbot/2.0; +http://www.bing.com/bingbot.htm) Chrome/116.0.1938.76 Safari/537.36"
109.234.166.131 - - [29/Apr/2026:00:35:25 +0200] "POST /wp-cron.php?doing_wp_cron=1777415725.2100250720977783203125 HTTP/1.1" 200 0 "-" "WordPress/6.9.4; https://www.liftsecurity.net"
109.234.166.131 - - [29/Apr/2026:00:36:04 +0200] "POST /wp-cron.php?doing_wp_cron=1777415764.7349898815155029296875 HTTP/1.1" 200 0 "-" "WordPress/6.9.4; https://www.liftsecurity.net"
57.141.20.54 - - [29/Apr/2026:00:36:04 +0200] "GET /items/P061820567/ HTTP/1.1" 404 96843 "-" "meta-externalagent/1.1 (+https://developers.facebook.com/docs/sharing/webmasters/crawler)"
109.234.166.131 - - [29/Apr/2026:00:36:47 +0200] "POST /wp-cron.php?doing_wp_cron=1777415807.9711799621582031250000 HTTP/1.1" 200 0 "-" "WordPress/6.9.4; https://www.liftsecurity.net"
57.141.20.60 - - [29/Apr/2026:00:36:52 +0200] "GET /items/P067483757/ HTTP/1.1" 404 96843 "-" "meta-externalagent/1.1 (+https://developers.facebook.com/docs/sharing/webmasters/crawler)"
109.234.166.131 - - [29/Apr/2026:00:37:15 +0200] "POST /wp-cron.php?doing_wp_cron=1777415835.7213759422302246093750 HTTP/1.1" 200 0 "-" "WordPress/6.9.4; https://www.liftsecurity.net"
109.234.166.131 - - [29/Apr/2026:00:39:16 +0200] "POST /wp-cron.php?doing_wp_cron=1777415956.5189340114593505859375 HTTP/1.1" 200 0 "-" "WordPress/6.9.4; https://www.liftsecurity.net"
109.234.166.131 - - [29/Apr/2026:00:41:21 +0200] "POST /wp-cron.php?doing_wp_cron=1777416081.5046288967132568359375 HTTP/1.1" 200 0 "-" "WordPress/6.9.4; https://www.liftsecurity.net"
192.178.6.33 - - [29/Apr/2026:00:41:21 +0200] "GET /items/G913488758/ HTTP/1.1" 404 96843 "-" "Mozilla/5.0 (Linux; Android 6.0.1; Nexus 5X Build/MMB29P) AppleWebKit/537.36 (KHTML, like Gecko) Chrome/147.0.7727.116 Mobile Safari/537.36 (compatible; Googlebot/2.1; +http://www.google.com/bot.html)"
109.234.166.131 - - [29/Apr/2026:00:41:34 +0200] "POST /wp-cron.php?doing_wp_cron=1777416094.1558349132537841796875 HTTP/1.1" 200 0 "-" "WordPress/6.9.4; https://www.liftsecurity.net"
109.234.166.131 - - [29/Apr/2026:00:42:11 +0200] "POST /wp-cron.php?doing_wp_cron=1777416131.5814189910888671875000 HTTP/1.1" 200 0 "-" "WordPress/6.9.4; https://www.liftsecurity.net"
57.141.20.35 - - [29/Apr/2026:00:43:16 +0200] "GET /items/P062619161/ HTTP/1.1" 404 96843 "-" "meta-externalagent/1.1 (+https://developers.facebook.com/docs/sharing/webmasters/crawler)"
57.141.20.58 - - [29/Apr/2026:00:43:55 +0200] "GET /items/P061806834/ HTTP/1.1" 404 96843 "-" "meta-externalagent/1.1 (+https://developers.facebook.com/docs/sharing/webmasters/crawler)"
40.77.167.123 - - [29/Apr/2026:00:44:19 +0200] "GET /items/P063504588/ HTTP/1.1" 404 96787 "-" "Mozilla/5.0 AppleWebKit/537.36 (KHTML, like Gecko; compatible; bingbot/2.0; +http://www.bing.com/bingbot.htm) Chrome/116.0.1938.76 Safari/537.36"
57.141.8.32 - - [29/Apr/2026:00:44:30 +0200] "GET /robots.txt HTTP/1.1" 200 1834 "-" "facebookexternalhit/1.1 (+http://www.facebook.com/externalhit_uatext.php)"
57.141.20.34 - - [29/Apr/2026:00:45:09 +0200] "GET /items/P066863704/ HTTP/1.1" 404 96843 "-" "meta-externalagent/1.1 (+https://developers.facebook.com/docs/sharing/webmasters/crawler)"
109.234.166.131 - - [29/Apr/2026:00:31:59 +0200] "POST /wp-cron.php?doing_wp_cron=1777415519.1423580646514892578125 HTTP/1.1" 200 0 "-" "WordPress/6.9.4; https://www.liftsecurity.net"
192.178.6.33 - - [29/Apr/2026:00:33:01 +0200] "GET /items/T154403312/ HTTP/1.1" 404 96843 "-" "Mozilla/5.0 (Linux; Android 6.0.1; Nexus 5X Build/MMB29P) AppleWebKit/537.36 (KHTML, like Gecko) Chrome/147.0.7727.116 Mobile Safari/537.36 (compatible; Googlebot/2.1; +http://www.google.com/bot.html)"
57.141.20.41 - - [29/Apr/2026:00:33:41 +0200] "GET /items/P065971125/ HTTP/1.1" 404 96843 "-" "meta-externalagent/1.1 (+https://developers.facebook.com/docs/sharing/webmasters/crawler)"
109.234.166.131 - - [29/Apr/2026:00:34:16 +0200] "POST /wp-cron.php?doing_wp_cron=1777415656.8049690723419189453125 HTTP/1.1" 200 0 "-" "WordPress/6.9.4; https://www.liftsecurity.net"
109.234.166.131 - - [29/Apr/2026:00:35:06 +0200] "POST /wp-cron.php?doing_wp_cron=1777415706.6412680149078369140625 HTTP/1.1" 200 0 "-" "WordPress/6.9.4; https://www.liftsecurity.net"
192.178.6.33 - - [29/Apr/2026:00:37:15 +0200] "GET /items/V642818426/ HTTP/1.1" 404 96843 "-" "Mozilla/5.0 (Linux; Android 6.0.1; Nexus 5X Build/MMB29P) AppleWebKit/537.36 (KHTML, like Gecko) Chrome/147.0.7727.116 Mobile Safari/537.36 (compatible; Googlebot/2.1; +http://www.google.com/bot.html)"
109.234.166.131 - - [29/Apr/2026:00:38:09 +0200] "POST /wp-cron.php?doing_wp_cron=1777415889.4229779243469238281250 HTTP/1.1" 200 0 "-" "WordPress/6.9.4; https://www.liftsecurity.net"
192.178.6.33 - - [29/Apr/2026:00:38:13 +0200] "GET /items/M903074178/ HTTP/1.1" 404 96843 "-" "Mozilla/5.0 (Linux; Android 6.0.1; Nexus 5X Build/MMB29P) AppleWebKit/537.36 (KHTML, like Gecko) Chrome/147.0.7727.116 Mobile Safari/537.36 (compatible; Googlebot/2.1; +http://www.google.com/bot.html)"
57.141.20.29 - - [29/Apr/2026:00:38:57 +0200] "GET /items/P065903633/ HTTP/1.1" 301 0 "-" "meta-externalagent/1.1 (+https://developers.facebook.com/docs/sharing/webmasters/crawler)"
57.141.20.44 - - [29/Apr/2026:00:40:17 +0200] "GET /items/P063895378/ HTTP/1.1" 301 0 "-" "meta-externalagent/1.1 (+https://developers.facebook.com/docs/sharing/webmasters/crawler)"
109.234.166.131 - - [29/Apr/2026:00:40:18 +0200] "POST /wp-cron.php?doing_wp_cron=1777416018.6828470230102539062500 HTTP/1.1" 200 0 "-" "WordPress/6.9.4; https://www.liftsecurity.net"
57.141.20.31 - - [29/Apr/2026:00:41:33 +0200] "GET /items/P065967401/ HTTP/1.1" 301 0 "-" "meta-externalagent/1.1 (+https://developers.facebook.com/docs/sharing/webmasters/crawler)"
57.141.20.3 - - [29/Apr/2026:00:41:37 +0200] "GET /items/P066856987/ HTTP/1.1" 404 96843 "-" "meta-externalagent/1.1 (+https://developers.facebook.com/docs/sharing/webmasters/crawler)"
192.178.6.32 - - [29/Apr/2026:00:42:23 +0200] "GET /items/V151536643/ HTTP/1.1" 404 96843 "-" "Mozilla/5.0 (Linux; Android 6.0.1; Nexus 5X Build/MMB29P) AppleWebKit/537.36 (KHTML, like Gecko) Chrome/147.0.7727.116 Mobile Safari/537.36 (compatible; Googlebot/2.1; +http://www.google.com/bot.html)"
109.234.166.131 - - [29/Apr/2026:00:43:17 +0200] "POST /wp-cron.php?doing_wp_cron=1777416197.0899200439453125000000 HTTP/1.1" 200 0 "-" "WordPress/6.9.4; https://www.liftsecurity.net"
40.77.167.121 - - [29/Apr/2026:00:44:40 +0200] "GET /detail/24246608516842 HTTP/1.1" 404 96843 "-" "Mozilla/5.0 AppleWebKit/537.36 (KHTML, like Gecko; compatible; bingbot/2.0; +http://www.bing.com/bingbot.htm) Chrome/116.0.1938.76 Safari/537.36"
157.55.39.201 - - [29/Apr/2026:00:44:45 +0200] "GET /detail/2852009702769 HTTP/1.1" 404 96843 "-" "Mozilla/5.0 AppleWebKit/537.36 (KHTML, like Gecko; compatible; bingbot/2.0; +http://www.bing.com/bingbot.htm) Chrome/116.0.1938.76 Safari/537.36"
109.234.166.131 - - [29/Apr/2026:00:45:10 +0200] "POST /wp-cron.php?doing_wp_cron=1777416310.3888890743255615234375 HTTP/1.1" 200 0 "-" "WordPress/6.9.4; https://www.liftsecurity.net"
57.141.20.56 - - [29/Apr/2026:00:45:38 +0200] "GET /items/P062442638/ HTTP/1.1" 301 0 "-" "meta-externalagent/1.1 (+https://developers.facebook.com/docs/sharing/webmasters/crawler)"
51.68.111.245 - - [29/Apr/2026:00:46:05 +0200] "GET / HTTP/1.1" 301 0 "-" "Mozilla/5.0 (compatible; MJ12bot/v2.0.5; http://mj12bot.com/)"
109.234.166.131 - - [29/Apr/2026:00:46:19 +0200] "POST /wp-cron.php?doing_wp_cron=1777416379.1322801113128662109375 HTTP/1.1" 200 0 "-" "WordPress/6.9.4; https://www.liftsecurity.net"
157.55.39.201 - - [29/Apr/2026:00:46:18 +0200] "GET /detail/53167062174672 HTTP/1.1" 404 96843 "-" "Mozilla/5.0 AppleWebKit/537.36 (KHTML, like Gecko; compatible; bingbot/2.0; +http://www.bing.com/bingbot.htm) Chrome/116.0.1938.76 Safari/537.36"
173.252.82.112 - - [29/Apr/2026:00:46:34 +0200] "GET /robots.txt HTTP/1.1" 200 1834 "-" "facebookexternalhit/1.1 (+http://www.facebook.com/externalhit_uatext.php)"
57.141.20.33 - - [29/Apr/2026:00:46:35 +0200] "GET /items/P063481596/ HTTP/1.1" 301 0 "-" "meta-externalagent/1.1 (+https://developers.facebook.com/docs/sharing/webmasters/crawler)"
109.234.166.131 - - [29/Apr/2026:00:47:22 +0200] "POST /wp-cron.php?doing_wp_cron=1777416442.5500900745391845703125 HTTP/1.1" 200 0 "-" "WordPress/6.9.4; https://www.liftsecurity.net"
57.141.20.21 - - [29/Apr/2026:00:47:56 +0200] "GET /items/P065960038/ HTTP/1.1" 301 0 "-" "meta-externalagent/1.1 (+https://developers.facebook.com/docs/sharing/webmasters/crawler)"
109.234.166.131 - - [29/Apr/2026:00:48:22 +0200] "POST /wp-cron.php?doing_wp_cron=1777416502.8534231185913085937500 HTTP/1.1" 200 0 "-" "WordPress/6.9.4; https://www.liftsecurity.net"
57.141.20.34 - - [29/Apr/2026:00:48:22 +0200] "GET /items/P061952067/ HTTP/1.1" 404 96843 "-" "meta-externalagent/1.1 (+https://developers.facebook.com/docs/sharing/webmasters/crawler)"
109.234.166.131 - - [29/Apr/2026:00:48:44 +0200] "POST /wp-cron.php?doing_wp_cron=1777416524.6153171062469482421875 HTTP/1.1" 200 0 "-" "WordPress/6.9.4; https://www.liftsecurity.net"
109.234.166.131 - - [29/Apr/2026:00:50:01 +0200] "POST /wp-cron.php?doing_wp_cron=1777416600.9997229576110839843750 HTTP/1.1" 200 0 "-" "WordPress/6.9.4; https://www.liftsecurity.net"
57.141.20.33 - - [29/Apr/2026:00:50:00 +0200] "GET /items/P067078789/ HTTP/1.1" 301 0 "-" "meta-externalagent/1.1 (+https://developers.facebook.com/docs/sharing/webmasters/crawler)"
57.141.20.57 - - [29/Apr/2026:00:50:05 +0200] "GET /items/P064260064/ HTTP/1.1" 404 96843 "-" "meta-externalagent/1.1 (+https://developers.facebook.com/docs/sharing/webmasters/crawler)"
109.234.166.131 - - [29/Apr/2026:00:50:35 +0200] "POST /wp-cron.php?doing_wp_cron=1777416635.4053521156311035156250 HTTP/1.1" 200 0 "-" "WordPress/6.9.4; https://www.liftsecurity.net"
109.234.166.131 - - [29/Apr/2026:00:52:51 +0200] "POST /wp-cron.php?doing_wp_cron=1777416771.7002038955688476562500 HTTP/1.1" 200 0 "-" "WordPress/6.9.4; https://www.liftsecurity.net"
57.141.20.8 - - [29/Apr/2026:00:52:51 +0200] "GET /items/P064104657/ HTTP/1.1" 404 96843 "-" "meta-externalagent/1.1 (+https://developers.facebook.com/docs/sharing/webmasters/crawler)"
57.141.20.9 - - [29/Apr/2026:00:52:53 +0200] "GET /items/P065946226/ HTTP/1.1" 404 96843 "-" "meta-externalagent/1.1 (+https://developers.facebook.com/docs/sharing/webmasters/crawler)"
109.234.166.131 - - [29/Apr/2026:00:53:22 +0200] "POST /wp-cron.php?doing_wp_cron=1777416802.8757450580596923828125 HTTP/1.1" 200 0 "-" "WordPress/6.9.4; https://www.liftsecurity.net"
57.141.20.26 - - [29/Apr/2026:00:54:19 +0200] "GET /items/P063425418/ HTTP/1.1" 404 96843 "-" "meta-externalagent/1.1 (+https://developers.facebook.com/docs/sharing/webmasters/crawler)"
157.55.39.58 - - [29/Apr/2026:00:54:54 +0200] "GET /items/D213542812/ HTTP/1.1" 404 96843 "-" "Mozilla/5.0 AppleWebKit/537.36 (KHTML, like Gecko; compatible; bingbot/2.0; +http://www.bing.com/bingbot.htm) Chrome/116.0.1938.76 Safari/537.36"
51.68.111.245 - - [29/Apr/2026:00:46:04 +0200] "GET /robots.txt HTTP/1.1" 200 1834 "-" "Mozilla/5.0 (compatible; MJ12bot/v2.0.5; http://mj12bot.com/)"
109.234.166.131 - - [29/Apr/2026:00:46:05 +0200] "POST /wp-cron.php?doing_wp_cron=1777416365.3316988945007324218750 HTTP/1.1" 200 0 "-" "WordPress/6.9.4; https://www.liftsecurity.net"
51.68.111.245 - - [29/Apr/2026:00:46:05 +0200] "GET /robots.txt HTTP/1.1" 200 1834 "-" "Mozilla/5.0 (compatible; MJ12bot/v2.0.5; http://mj12bot.com/)"
51.68.111.245 - - [29/Apr/2026:00:46:05 +0200] "GET / HTTP/1.1" 200 287487 "-" "Mozilla/5.0 (compatible; MJ12bot/v2.0.5; http://mj12bot.com/)"
157.55.39.201 - - [29/Apr/2026:00:46:08 +0200] "GET /detail/10147207901572 HTTP/1.1" 404 96843 "-" "Mozilla/5.0 AppleWebKit/537.36 (KHTML, like Gecko; compatible; bingbot/2.0; +http://www.bing.com/bingbot.htm) Chrome/116.0.1938.76 Safari/537.36"
109.234.166.131 - - [29/Apr/2026:00:46:35 +0200] "POST /wp-cron.php?doing_wp_cron=1777416395.9286921024322509765625 HTTP/1.1" 200 0 "-" "WordPress/6.9.4; https://www.liftsecurity.net"
109.234.166.131 - - [29/Apr/2026:00:47:30 +0200] "POST /wp-cron.php?doing_wp_cron=1777416450.6407608985900878906250 HTTP/1.1" 200 0 "-" "WordPress/6.9.4; https://www.liftsecurity.net"
109.234.166.131 - - [29/Apr/2026:00:47:56 +0200] "POST /wp-cron.php?doing_wp_cron=1777416476.2475600242614746093750 HTTP/1.1" 200 0 "-" "WordPress/6.9.4; https://www.liftsecurity.net"
180.102.110.170 - - [29/Apr/2026:00:48:13 +0200] "GET /home-page/ HTTP/1.1" 200 288274 "-" "MQQBrowser/26 Mozilla/5.0 (Linux; U; Android 4.4.2; zh-cn; MB200 Build/GRJ22; CyanogenMod-7) AppleWebKit/533.1 (KHTML, like Gecko) Version/4.0 Mobile Safari/533.1 (compatible; Sogou web spider/4.0; +http://www.sogou.com/docs/help/webmasters.htm#07)"
57.141.20.39 - - [29/Apr/2026:00:48:44 +0200] "GET /items/P063592601/ HTTP/1.1" 404 96843 "-" "meta-externalagent/1.1 (+https://developers.facebook.com/docs/sharing/webmasters/crawler)"
109.234.166.131 - - [29/Apr/2026:00:49:07 +0200] "POST /wp-cron.php?doing_wp_cron=1777416547.5196719169616699218750 HTTP/1.1" 200 0 "-" "WordPress/6.9.4; https://www.liftsecurity.net"
57.141.20.12 - - [29/Apr/2026:00:50:34 +0200] "GET /items/P061162488/ HTTP/1.1" 404 96843 "-" "meta-externalagent/1.1 (+https://developers.facebook.com/docs/sharing/webmasters/crawler)"
109.234.166.131 - - [29/Apr/2026:00:51:04 +0200] "POST /wp-cron.php?doing_wp_cron=1777416664.6150538921356201171875 HTTP/1.1" 200 0 "-" "WordPress/6.9.4; https://www.liftsecurity.net"
109.234.166.131 - - [29/Apr/2026:00:51:34 +0200] "POST /wp-cron.php?doing_wp_cron=1777416694.0003499984741210937500 HTTP/1.1" 200 0 "-" "WordPress/6.9.4; https://www.liftsecurity.net"
