188.5.229.210 - - [29/Apr/2026:01:45:43 +0200] "GET /wp-content/uploads/2020/04/flex-canape900.jpg HTTP/1.1" 200 22797 "https://www.liftsecurity.net/" "Mozilla/5.0 (iPhone; CPU iPhone OS 17_1 like Mac OS X) AppleWebKit/605.1.15 (KHTML, like Gecko) Version/17.1 Mobile/15E148 Safari/604.1"
188.5.229.210 - - [29/Apr/2026:01:46:01 +0200] "GET /wp-content/uploads/2020/06/20200625-LIT-SITE-ASS-768x593.jpeg HTTP/1.1" 200 22981 "https://www.liftsecurity.net/" "Mozilla/5.0 (iPhone; CPU iPhone OS 17_1 like Mac OS X) AppleWebKit/605.1.15 (KHTML, like Gecko) Version/17.1 Mobile/15E148 Safari/604.1"
188.5.229.210 - - [29/Apr/2026:01:46:08 +0200] "GET /wp-content/cache/background-css/1/www.liftsecurity.net/wp-content/cache/min/1/wp-content/plugins/recent-tweets-widget/tp_twitter_plugin.css?ver=1777417205&wpr_t=1777424712 HTTP/1.1" 200 364 "https://www.liftsecurity.net/lit-escamotable-electrique-julia-canape/" "Mozilla/5.0 (iPhone; CPU iPhone OS 17_1 like Mac OS X) AppleWebKit/605.1.15 (KHTML, like Gecko) Version/17.1 Mobile/15E148 Safari/604.1"
188.5.229.210 - - [29/Apr/2026:01:46:08 +0200] "GET /wp-content/cache/background-css/1/www.liftsecurity.net/wp-content/cache/min/1/wp-content/plugins/mailin/css/mailin-front.css?ver=1777417205&wpr_t=1777424712 HTTP/1.1" 200 2076 "https://www.liftsecurity.net/lit-escamotable-electrique-julia-canape/" "Mozilla/5.0 (iPhone; CPU iPhone OS 17_1 like Mac OS X) AppleWebKit/605.1.15 (KHTML, like Gecko) Version/17.1 Mobile/15E148 Safari/604.1"
188.5.229.210 - - [29/Apr/2026:01:46:08 +0200] "GET /wp-content/cache/background-css/1/www.liftsecurity.net/wp-includes/js/mediaelement/mediaelementplayer-legacy.min.css?ver=4.2.17&wpr_t=1777424712 HTTP/1.1" 200 11340 "https://www.liftsecurity.net/lit-escamotable-electrique-julia-canape/" "Mozilla/5.0 (iPhone; CPU iPhone OS 17_1 like Mac OS X) AppleWebKit/605.1.15 (KHTML, like Gecko) Version/17.1 Mobile/15E148 Safari/604.1"
188.5.229.210 - - [29/Apr/2026:01:46:09 +0200] "GET //wp-content/uploads/2023/11/JULIA-CANAPE-20201104-LIT-CANAPE-COUSSIN-FIXE-MECA.mp4?_=1 HTTP/1.1" 200 1693944 "https://www.liftsecurity.net/lit-escamotable-electrique-julia-canape/" "Mozilla/5.0 (iPhone; CPU iPhone OS 17_1 like Mac OS X) AppleWebKit/605.1.15 (KHTML, like Gecko) Version/17.1 Mobile/15E148 Safari/604.1"
188.5.229.210 - - [29/Apr/2026:01:46:09 +0200] "GET /wp-content/uploads/2022/07/meuble-julia-canape.mp4?_=3 HTTP/1.1" 200 622662 "https://www.liftsecurity.net/lit-escamotable-electrique-julia-canape/" "Mozilla/5.0 (iPhone; CPU iPhone OS 17_1 like Mac OS X) AppleWebKit/605.1.15 (KHTML, like Gecko) Version/17.1 Mobile/15E148 Safari/604.1"
188.5.229.210 - - [29/Apr/2026:01:46:10 +0200] "GET /wp-content/plugins/Ultimate_VC_Addons/assets/min-js/video-banner.min.js?ver=3.19.19 HTTP/1.1" 200 1234 "https://www.liftsecurity.net/lit-escamotable-electrique-julia-canape/" "Mozilla/5.0 (iPhone; CPU iPhone OS 17_1 like Mac OS X) AppleWebKit/605.1.15 (KHTML, like Gecko) Version/17.1 Mobile/15E148 Safari/604.1"
188.5.229.210 - - [29/Apr/2026:01:46:09 +0200] "GET //wp-content/uploads/2022/07/LIT-JULIA-CANAPE-1600-OUVERT-MECA-fond.jpg?id=3647 HTTP/1.1" 200 126237 "https://www.liftsecurity.net/lit-escamotable-electrique-julia-canape/" "Mozilla/5.0 (iPhone; CPU iPhone OS 17_1 like Mac OS X) AppleWebKit/605.1.15 (KHTML, like Gecko) Version/17.1 Mobile/15E148 Safari/604.1"
188.5.229.210 - - [29/Apr/2026:01:46:09 +0200] "GET //wp-content/uploads/2023/11/JULIA-CANAPE-20201104-LIT-CANAPE-COUSSIN-FIXE-MECA-SEUL.mp4?_=2 HTTP/1.1" 200 1901656 "https://www.liftsecurity.net/lit-escamotable-electrique-julia-canape/" "Mozilla/5.0 (iPhone; CPU iPhone OS 17_1 like Mac OS X) AppleWebKit/605.1.15 (KHTML, like Gecko) Version/17.1 Mobile/15E148 Safari/604.1"
188.5.229.210 - - [29/Apr/2026:01:46:09 +0200] "GET //wp-content/uploads/2023/05/JULIA-CANAPE-LIT-COMPLET-video-04-2023.mp4 HTTP/1.1" 200 11877357 "https://www.liftsecurity.net/lit-escamotable-electrique-julia-canape/" "Mozilla/5.0 (iPhone; CPU iPhone OS 17_1 like Mac OS X) AppleWebKit/605.1.15 (KHTML, like Gecko) Version/17.1 Mobile/15E148 Safari/604.1"
188.5.229.210 - - [29/Apr/2026:01:46:09 +0200] "GET //wp-content/uploads/2023/11/JULIA-CANAPE-20201104-LIT-CANAPE-COUSSIN-FIXE-MECA.mp4?_=1 HTTP/1.1" 200 1693944 "https://www.liftsecurity.net/lit-escamotable-electrique-julia-canape/" "Mozilla/5.0 (iPhone; CPU iPhone OS 17_1 like Mac OS X) AppleWebKit/605.1.15 (KHTML, like Gecko) Version/17.1 Mobile/15E148 Safari/604.1"
188.5.229.210 - - [29/Apr/2026:01:46:10 +0200] "GET /wp-includes/js/mediaelement/wp-mediaelement.min.js?ver=6.9.4 HTTP/1.1" 200 1107 "https://www.liftsecurity.net/lit-escamotable-electrique-julia-canape/" "Mozilla/5.0 (iPhone; CPU iPhone OS 17_1 like Mac OS X) AppleWebKit/605.1.15 (KHTML, like Gecko) Version/17.1 Mobile/15E148 Safari/604.1"
188.5.229.210 - - [29/Apr/2026:01:46:15 +0200] "GET //wp-content/uploads/2023/11/JULIA-CANAPE-20201104-LIT-CANAPE-COUSSIN-FIXE-MECA-SEUL.mp4?_=2 HTTP/1.1" 200 1901656 "https://www.liftsecurity.net/lit-escamotable-electrique-julia-canape/" "Mozilla/5.0 (iPhone; CPU iPhone OS 17_1 like Mac OS X) AppleWebKit/605.1.15 (KHTML, like Gecko) Version/17.1 Mobile/15E148 Safari/604.1"
109.234.166.131 - - [29/Apr/2026:01:46:17 +0200] "POST /wp-cron.php?doing_wp_cron=1777419977.2968149185180664062500 HTTP/1.1" 200 0 "-" "WordPress/6.9.4; https://www.liftsecurity.net"
188.5.229.210 - - [29/Apr/2026:01:46:17 +0200] "GET /wp-content/uploads/2022/07/LIT-JULIA-CANAPE-1600-OUVERT-MECA-731x548.jpg HTTP/1.1" 200 59028 "https://www.liftsecurity.net/lit-escamotable-electrique-julia-canape/" "Mozilla/5.0 (iPhone; CPU iPhone OS 17_1 like Mac OS X) AppleWebKit/605.1.15 (KHTML, like Gecko) Version/17.1 Mobile/15E148 Safari/604.1"
188.5.229.210 - - [29/Apr/2026:01:46:18 +0200] "GET /wp-content/uploads/2022/07/IMG_7013-md-487x365.jpg HTTP/1.1" 200 26320 "https://www.liftsecurity.net/lit-escamotable-electrique-julia-canape/" "Mozilla/5.0 (iPhone; CPU iPhone OS 17_1 like Mac OS X) AppleWebKit/605.1.15 (KHTML, like Gecko) Version/17.1 Mobile/15E148 Safari/604.1"
188.5.229.210 - - [29/Apr/2026:01:46:19 +0200] "GET /wp-content/uploads/2022/07/meuble-julia-canape.mp4?_=3 HTTP/1.1" 200 622662 "https://www.liftsecurity.net/lit-escamotable-electrique-julia-canape/" "Mozilla/5.0 (iPhone; CPU iPhone OS 17_1 like Mac OS X) AppleWebKit/605.1.15 (KHTML, like Gecko) Version/17.1 Mobile/15E148 Safari/604.1"
188.5.229.210 - - [29/Apr/2026:01:46:19 +0200] "GET //wp-content/uploads/2023/11/JULIA-CANAPE-20201104-LIT-CANAPE-COUSSIN-FIXE-MECA-SEUL.mp4?_=2 HTTP/1.1" 200 1901656 "https://www.liftsecurity.net/lit-escamotable-electrique-julia-canape/" "Mozilla/5.0 (iPhone; CPU iPhone OS 17_1 like Mac OS X) AppleWebKit/605.1.15 (KHTML, like Gecko) Version/17.1 Mobile/15E148 Safari/604.1"
188.5.229.210 - - [29/Apr/2026:01:46:10 +0200] "GET /wp-includes/js/mediaelement/renderers/vimeo.min.js?ver=4.2.17 HTTP/1.1" 200 6464 "https://www.liftsecurity.net/lit-escamotable-electrique-julia-canape/" "Mozilla/5.0 (iPhone; CPU iPhone OS 17_1 like Mac OS X) AppleWebKit/605.1.15 (KHTML, like Gecko) Version/17.1 Mobile/15E148 Safari/604.1"
188.5.229.210 - - [29/Apr/2026:01:46:15 +0200] "GET //wp-content/uploads/2023/11/JULIA-CANAPE-20201104-LIT-CANAPE-COUSSIN-FIXE-MECA.mp4?_=1 HTTP/1.1" 200 1693944 "https://www.liftsecurity.net/lit-escamotable-electrique-julia-canape/" "Mozilla/5.0 (iPhone; CPU iPhone OS 17_1 like Mac OS X) AppleWebKit/605.1.15 (KHTML, like Gecko) Version/17.1 Mobile/15E148 Safari/604.1"
188.5.229.210 - - [29/Apr/2026:01:46:15 +0200] "GET /wp-content/uploads/2022/07/meuble-julia-canape.mp4?_=3 HTTP/1.1" 200 622662 "https://www.liftsecurity.net/lit-escamotable-electrique-julia-canape/" "Mozilla/5.0 (iPhone; CPU iPhone OS 17_1 like Mac OS X) AppleWebKit/605.1.15 (KHTML, like Gecko) Version/17.1 Mobile/15E148 Safari/604.1"
188.5.229.210 - - [29/Apr/2026:01:46:16 +0200] "GET //wp-content/uploads/2023/05/JULIA-CANAPE-LIT-COMPLET-video-04-2023.mp4 HTTP/1.1" 200 11877357 "https://www.liftsecurity.net/lit-escamotable-electrique-julia-canape/" "Mozilla/5.0 (iPhone; CPU iPhone OS 17_1 like Mac OS X) AppleWebKit/605.1.15 (KHTML, like Gecko) Version/17.1 Mobile/15E148 Safari/604.1"
188.5.229.210 - - [29/Apr/2026:01:46:17 +0200] "GET /wp-content/uploads/2022/07/LIT-JULIA-CANAPE-1600-FERME-MECA-731x548.jpg HTTP/1.1" 200 53497 "https://www.liftsecurity.net/lit-escamotable-electrique-julia-canape/" "Mozilla/5.0 (iPhone; CPU iPhone OS 17_1 like Mac OS X) AppleWebKit/605.1.15 (KHTML, like Gecko) Version/17.1 Mobile/15E148 Safari/604.1"
188.5.229.210 - - [29/Apr/2026:01:46:18 +0200] "GET /wp-content/uploads/2022/07/IMG_7024-md-487x365.jpg HTTP/1.1" 200 30785 "https://www.liftsecurity.net/lit-escamotable-electrique-julia-canape/" "Mozilla/5.0 (iPhone; CPU iPhone OS 17_1 like Mac OS X) AppleWebKit/605.1.15 (KHTML, like Gecko) Version/17.1 Mobile/15E148 Safari/604.1"
188.5.229.210 - - [29/Apr/2026:01:46:19 +0200] "GET //wp-content/uploads/2023/11/JULIA-CANAPE-20201104-LIT-CANAPE-COUSSIN-FIXE-MECA.mp4?_=1 HTTP/1.1" 200 1693944 "https://www.liftsecurity.net/lit-escamotable-electrique-julia-canape/" "Mozilla/5.0 (iPhone; CPU iPhone OS 17_1 like Mac OS X) AppleWebKit/605.1.15 (KHTML, like Gecko) Version/17.1 Mobile/15E148 Safari/604.1"
188.5.229.210 - - [29/Apr/2026:01:46:20 +0200] "GET //wp-content/uploads/2023/11/JULIA-CANAPE-20201104-LIT-CANAPE-COUSSIN-FIXE-MECA.mp4?_=1 HTTP/1.1" 200 1693944 "https://www.liftsecurity.net/lit-escamotable-electrique-julia-canape/" "Mozilla/5.0 (iPhone; CPU iPhone OS 17_1 like Mac OS X) AppleWebKit/605.1.15 (KHTML, like Gecko) Version/17.1 Mobile/15E148 Safari/604.1"
188.5.229.210 - - [29/Apr/2026:01:46:19 +0200] "POST /wp-admin/admin-ajax.php HTTP/1.1" 200 1256 "https://www.liftsecurity.net/lit-escamotable-electrique-julia-canape/" "Mozilla/5.0 (iPhone; CPU iPhone OS 17_1 like Mac OS X) AppleWebKit/605.1.15 (KHTML, like Gecko) Version/17.1 Mobile/15E148 Safari/604.1"
188.5.229.210 - - [29/Apr/2026:01:46:23 +0200] "GET /wp-content/uploads/2022/07/meuble-julia-canape.mp4?_=3 HTTP/1.1" 200 622662 "https://www.liftsecurity.net/lit-escamotable-electrique-julia-canape/" "Mozilla/5.0 (iPhone; CPU iPhone OS 17_1 like Mac OS X) AppleWebKit/605.1.15 (KHTML, like Gecko) Version/17.1 Mobile/15E148 Safari/604.1"
188.5.229.210 - - [29/Apr/2026:01:46:23 +0200] "GET /wp-content/uploads/2022/07/IMG_7025-md-487x365.jpg HTTP/1.1" 200 27738 "https://www.liftsecurity.net/lit-escamotable-electrique-julia-canape/" "Mozilla/5.0 (iPhone; CPU iPhone OS 17_1 like Mac OS X) AppleWebKit/605.1.15 (KHTML, like Gecko) Version/17.1 Mobile/15E148 Safari/604.1"
188.5.229.210 - - [29/Apr/2026:01:46:10 +0200] "GET /wp-includes/js/mediaelement/mediaelement-migrate.min.js?ver=6.9.4 HTTP/1.1" 200 1191 "https://www.liftsecurity.net/lit-escamotable-electrique-julia-canape/" "Mozilla/5.0 (iPhone; CPU iPhone OS 17_1 like Mac OS X) AppleWebKit/605.1.15 (KHTML, like Gecko) Version/17.1 Mobile/15E148 Safari/604.1"
188.5.229.210 - - [29/Apr/2026:01:46:11 +0200] "GET //wp-content/uploads/2023/11/JULIA-CANAPE-20201104-LIT-CANAPE-COUSSIN-FIXE-MECA-SEUL.mp4?_=2 HTTP/1.1" 200 1901656 "https://www.liftsecurity.net/lit-escamotable-electrique-julia-canape/" "Mozilla/5.0 (iPhone; CPU iPhone OS 17_1 like Mac OS X) AppleWebKit/605.1.15 (KHTML, like Gecko) Version/17.1 Mobile/15E148 Safari/604.1"
188.5.229.210 - - [29/Apr/2026:01:46:14 +0200] "GET /wp-content/uploads/2022/07/meuble-julia-canape.mp4?_=3 HTTP/1.1" 200 622662 "https://www.liftsecurity.net/lit-escamotable-electrique-julia-canape/" "Mozilla/5.0 (iPhone; CPU iPhone OS 17_1 like Mac OS X) AppleWebKit/605.1.15 (KHTML, like Gecko) Version/17.1 Mobile/15E148 Safari/604.1"
188.5.229.210 - - [29/Apr/2026:01:46:15 +0200] "GET /wp-includes/js/mediaelement/mejs-controls.svg HTTP/1.1" 200 4598 "https://www.liftsecurity.net/lit-escamotable-electrique-julia-canape/" "Mozilla/5.0 (iPhone; CPU iPhone OS 17_1 like Mac OS X) AppleWebKit/605.1.15 (KHTML, like Gecko) Version/17.1 Mobile/15E148 Safari/604.1"
57.141.20.26 - - [29/Apr/2026:01:46:16 +0200] "GET /items/P063041535/ HTTP/1.1" 404 96843 "-" "meta-externalagent/1.1 (+https://developers.facebook.com/docs/sharing/webmasters/crawler)"
188.5.229.210 - - [29/Apr/2026:01:46:17 +0200] "GET /wp-content/uploads/2022/07/LIT-JULIA-CANAPE-1600-OUVERT-MECA-487x365.jpg HTTP/1.1" 200 28430 "https://www.liftsecurity.net/lit-escamotable-electrique-julia-canape/" "Mozilla/5.0 (iPhone; CPU iPhone OS 17_1 like Mac OS X) AppleWebKit/605.1.15 (KHTML, like Gecko) Version/17.1 Mobile/15E148 Safari/604.1"
188.5.229.210 - - [29/Apr/2026:01:46:17 +0200] "GET /wp-content/uploads/2022/07/LIT-JULIA-CANAPE-1600-FERME-MECA-487x365.jpg HTTP/1.1" 200 26518 "https://www.liftsecurity.net/lit-escamotable-electrique-julia-canape/" "Mozilla/5.0 (iPhone; CPU iPhone OS 17_1 like Mac OS X) AppleWebKit/605.1.15 (KHTML, like Gecko) Version/17.1 Mobile/15E148 Safari/604.1"
188.5.229.210 - - [29/Apr/2026:01:46:18 +0200] "GET /wp-content/uploads/2022/07/IMG_7013-md-731x548.jpg HTTP/1.1" 200 55216 "https://www.liftsecurity.net/lit-escamotable-electrique-julia-canape/" "Mozilla/5.0 (iPhone; CPU iPhone OS 17_1 like Mac OS X) AppleWebKit/605.1.15 (KHTML, like Gecko) Version/17.1 Mobile/15E148 Safari/604.1"
188.5.229.210 - - [29/Apr/2026:01:46:18 +0200] "GET /wp-content/uploads/2022/07/IMG_7024-md-731x548.jpg HTTP/1.1" 200 56545 "https://www.liftsecurity.net/lit-escamotable-electrique-julia-canape/" "Mozilla/5.0 (iPhone; CPU iPhone OS 17_1 like Mac OS X) AppleWebKit/605.1.15 (KHTML, like Gecko) Version/17.1 Mobile/15E148 Safari/604.1"
188.5.229.210 - - [29/Apr/2026:01:46:23 +0200] "GET /wp-content/uploads/2022/07/IMG_7025-md-731x548.jpg HTTP/1.1" 200 53518 "https://www.liftsecurity.net/lit-escamotable-electrique-julia-canape/" "Mozilla/5.0 (iPhone; CPU iPhone OS 17_1 like Mac OS X) AppleWebKit/605.1.15 (KHTML, like Gecko) Version/17.1 Mobile/15E148 Safari/604.1"
188.5.229.210 - - [29/Apr/2026:01:46:23 +0200] "GET /wp-content/uploads/2022/07/IMG_7027-md-487x365.jpg HTTP/1.1" 200 36669 "https://www.liftsecurity.net/lit-escamotable-electrique-julia-canape/" "Mozilla/5.0 (iPhone; CPU iPhone OS 17_1 like Mac OS X) AppleWebKit/605.1.15 (KHTML, like Gecko) Version/17.1 Mobile/15E148 Safari/604.1"
188.5.229.210 - - [29/Apr/2026:01:46:23 +0200] "GET /wp-content/uploads/2022/07/IMG_7027-md-731x548.jpg HTTP/1.1" 200 69830 "https://www.liftsecurity.net/lit-escamotable-electrique-julia-canape/" "Mozilla/5.0 (iPhone; CPU iPhone OS 17_1 like Mac OS X) AppleWebKit/605.1.15 (KHTML, like Gecko) Version/17.1 Mobile/15E148 Safari/604.1"
188.5.229.210 - - [29/Apr/2026:01:46:24 +0200] "GET /wp-content/uploads/2022/07/IMG_7032-md-487x365.jpg HTTP/1.1" 200 27189 "https://www.liftsecurity.net/lit-escamotable-electrique-julia-canape/" "Mozilla/5.0 (iPhone; CPU iPhone OS 17_1 like Mac OS X) AppleWebKit/605.1.15 (KHTML, like Gecko) Version/17.1 Mobile/15E148 Safari/604.1"
188.5.229.210 - - [29/Apr/2026:01:46:24 +0200] "GET /wp-content/uploads/2022/07/IMG_7039-md-487x365.jpg HTTP/1.1" 200 23995 "https://www.liftsecurity.net/lit-escamotable-electrique-julia-canape/" "Mozilla/5.0 (iPhone; CPU iPhone OS 17_1 like Mac OS X) AppleWebKit/605.1.15 (KHTML, like Gecko) Version/17.1 Mobile/15E148 Safari/604.1"
109.234.166.131 - - [29/Apr/2026:01:46:30 +0200] "POST /wp-cron.php?doing_wp_cron=1777419990.5776720046997070312500 HTTP/1.1" 200 0 "-" "WordPress/6.9.4; https://www.liftsecurity.net"
57.141.20.53 - - [29/Apr/2026:01:46:30 +0200] "GET /items/P064283342/ HTTP/1.1" 301 0 "-" "meta-externalagent/1.1 (+https://developers.facebook.com/docs/sharing/webmasters/crawler)"
57.141.20.27 - - [29/Apr/2026:01:46:32 +0200] "GET /items/P067742840/ HTTP/1.1" 404 96843 "-" "meta-externalagent/1.1 (+https://developers.facebook.com/docs/sharing/webmasters/crawler)"
188.5.229.210 - - [29/Apr/2026:01:46:52 +0200] "GET /wp-content/themes/dt-the7/images/x-lg.svg HTTP/1.1" 200 320 "https://www.liftsecurity.net/lit-escamotable-electrique-julia-canape/" "Mozilla/5.0 (iPhone; CPU iPhone OS 17_1 like Mac OS X) AppleWebKit/605.1.15 (KHTML, like Gecko) Version/17.1 Mobile/15E148 Safari/604.1"
188.5.229.210 - - [29/Apr/2026:01:46:52 +0200] "GET /wp-content/themes/dt-the7/images/the7-chevron-right.svg HTTP/1.1" 200 643 "https://www.liftsecurity.net/lit-escamotable-electrique-julia-canape/" "Mozilla/5.0 (iPhone; CPU iPhone OS 17_1 like Mac OS X) AppleWebKit/605.1.15 (KHTML, like Gecko) Version/17.1 Mobile/15E148 Safari/604.1"
188.5.229.210 - - [29/Apr/2026:01:46:52 +0200] "GET /wp-content/uploads/2022/07/LIT-JULIA-CANAPE-1600-FERME-MECA.jpg HTTP/1.1" 200 81688 "https://www.liftsecurity.net/lit-escamotable-electrique-julia-canape/" "Mozilla/5.0 (iPhone; CPU iPhone OS 17_1 like Mac OS X) AppleWebKit/605.1.15 (KHTML, like Gecko) Version/17.1 Mobile/15E148 Safari/604.1"
188.5.229.210 - - [29/Apr/2026:01:46:52 +0200] "GET /wp-content/uploads/2022/07/IMG_7039-md.jpg HTTP/1.1" 200 114733 "https://www.liftsecurity.net/lit-escamotable-electrique-julia-canape/" "Mozilla/5.0 (iPhone; CPU iPhone OS 17_1 like Mac OS X) AppleWebKit/605.1.15 (KHTML, like Gecko) Version/17.1 Mobile/15E148 Safari/604.1"
57.141.20.21 - - [29/Apr/2026:01:47:00 +0200] "GET /items/P067174394/ HTTP/1.1" 404 96843 "-" "meta-externalagent/1.1 (+https://developers.facebook.com/docs/sharing/webmasters/crawler)"
188.5.229.210 - - [29/Apr/2026:01:47:05 +0200] "GET /wp-content/uploads/2022/07/IMG_7027-md.jpg HTTP/1.1" 200 144463 "https://www.liftsecurity.net/lit-escamotable-electrique-julia-canape/" "Mozilla/5.0 (iPhone; CPU iPhone OS 17_1 like Mac OS X) AppleWebKit/605.1.15 (KHTML, like Gecko) Version/17.1 Mobile/15E148 Safari/604.1"
188.5.229.210 - - [29/Apr/2026:01:47:09 +0200] "GET /wp-content/uploads/2022/07/IMG_7032-md.jpg HTTP/1.1" 200 117353 "https://www.liftsecurity.net/lit-escamotable-electrique-julia-canape/" "Mozilla/5.0 (iPhone; CPU iPhone OS 17_1 like Mac OS X) AppleWebKit/605.1.15 (KHTML, like Gecko) Version/17.1 Mobile/15E148 Safari/604.1"
57.141.20.27 - - [29/Apr/2026:01:47:34 +0200] "GET /items/P063526526/ HTTP/1.1" 404 96843 "-" "meta-externalagent/1.1 (+https://developers.facebook.com/docs/sharing/webmasters/crawler)"
188.5.229.210 - - [29/Apr/2026:01:47:38 +0200] "GET /wp-content/plugins/revslider/sr6/assets/assets/transparent.png HTTP/1.1" 200 122 "https://www.liftsecurity.net/" "Mozilla/5.0 (iPhone; CPU iPhone OS 17_1 like Mac OS X) AppleWebKit/605.1.15 (KHTML, like Gecko) Version/17.1 Mobile/15E148 Safari/604.1"
188.5.229.210 - - [29/Apr/2026:01:46:20 +0200] "GET //wp-content/uploads/2023/05/JULIA-CANAPE-LIT-COMPLET-video-04-2023.mp4 HTTP/1.1" 200 11877357 "https://www.liftsecurity.net/lit-escamotable-electrique-julia-canape/" "Mozilla/5.0 (iPhone; CPU iPhone OS 17_1 like Mac OS X) AppleWebKit/605.1.15 (KHTML, like Gecko) Version/17.1 Mobile/15E148 Safari/604.1"
188.5.229.210 - - [29/Apr/2026:01:46:24 +0200] "GET /wp-content/uploads/2022/07/IMG_7039-md-731x548.jpg HTTP/1.1" 200 44902 "https://www.liftsecurity.net/lit-escamotable-electrique-julia-canape/" "Mozilla/5.0 (iPhone; CPU iPhone OS 17_1 like Mac OS X) AppleWebKit/605.1.15 (KHTML, like Gecko) Version/17.1 Mobile/15E148 Safari/604.1"
188.5.229.210 - - [29/Apr/2026:01:46:51 +0200] "POST /wp-admin/admin-ajax.php HTTP/1.1" 200 207 "https://www.liftsecurity.net/lit-escamotable-electrique-julia-canape/" "Mozilla/5.0 (iPhone; CPU iPhone OS 17_1 like Mac OS X) AppleWebKit/605.1.15 (KHTML, like Gecko) Version/17.1 Mobile/15E148 Safari/604.1"
188.5.229.210 - - [29/Apr/2026:01:46:57 +0200] "GET /wp-content/uploads/2022/07/IMG_7013-md.jpg HTTP/1.1" 200 140637 "https://www.liftsecurity.net/lit-escamotable-electrique-julia-canape/" "Mozilla/5.0 (iPhone; CPU iPhone OS 17_1 like Mac OS X) AppleWebKit/605.1.15 (KHTML, like Gecko) Version/17.1 Mobile/15E148 Safari/604.1"
109.234.166.131 - - [29/Apr/2026:01:47:00 +0200] "POST /wp-cron.php?doing_wp_cron=1777420020.9010701179504394531250 HTTP/1.1" 200 0 "-" "WordPress/6.9.4; https://www.liftsecurity.net"
188.5.229.210 - - [29/Apr/2026:01:47:02 +0200] "GET /wp-content/uploads/2022/07/IMG_7024-md.jpg HTTP/1.1" 200 107816 "https://www.liftsecurity.net/lit-escamotable-electrique-julia-canape/" "Mozilla/5.0 (iPhone; CPU iPhone OS 17_1 like Mac OS X) AppleWebKit/605.1.15 (KHTML, like Gecko) Version/17.1 Mobile/15E148 Safari/604.1"
57.141.20.69 - - [29/Apr/2026:01:47:02 +0200] "GET /items/P064642813/ HTTP/1.1" 301 0 "-" "meta-externalagent/1.1 (+https://developers.facebook.com/docs/sharing/webmasters/crawler)"
188.5.229.210 - - [29/Apr/2026:01:47:03 +0200] "GET /wp-content/uploads/2022/07/IMG_7025-md.jpg HTTP/1.1" 200 124461 "https://www.liftsecurity.net/lit-escamotable-electrique-julia-canape/" "Mozilla/5.0 (iPhone; CPU iPhone OS 17_1 like Mac OS X) AppleWebKit/605.1.15 (KHTML, like Gecko) Version/17.1 Mobile/15E148 Safari/604.1"
57.141.20.70 - - [29/Apr/2026:01:47:18 +0200] "GET /items/P061305956/ HTTP/1.1" 404 96843 "-" "meta-externalagent/1.1 (+https://developers.facebook.com/docs/sharing/webmasters/crawler)"
188.5.229.210 - - [29/Apr/2026:01:47:38 +0200] "GET /wp-content/uploads/2020/03/Video-assemblage-hybride.mp4 HTTP/1.1" 200 3781015 "https://www.liftsecurity.net/" "Mozilla/5.0 (iPhone; CPU iPhone OS 17_1 like Mac OS X) AppleWebKit/605.1.15 (KHTML, like Gecko) Version/17.1 Mobile/15E148 Safari/604.1"
188.5.229.210 - - [29/Apr/2026:01:47:38 +0200] "GET /wp-content/uploads/2020/03/Video-assemblage-hybride.mp4 HTTP/1.1" 200 3781015 "https://www.liftsecurity.net/" "Mozilla/5.0 (iPhone; CPU iPhone OS 17_1 like Mac OS X) AppleWebKit/605.1.15 (KHTML, like Gecko) Version/17.1 Mobile/15E148 Safari/604.1"
188.5.229.210 - - [29/Apr/2026:01:47:38 +0200] "GET //wp-content/uploads/2020/02/liftsecurity-intro.mp4 HTTP/1.1" 200 6615637 "https://www.liftsecurity.net/" "Mozilla/5.0 (iPhone; CPU iPhone OS 17_1 like Mac OS X) AppleWebKit/605.1.15 (KHTML, like Gecko) Version/17.1 Mobile/15E148 Safari/604.1"
188.5.229.210 - - [29/Apr/2026:01:47:40 +0200] "GET /wp-content/uploads/2020/06/20200625-LIT-SITE-ASS-HYBRIDE-CANAPE-768x593.jpeg HTTP/1.1" 200 26998 "https://www.liftsecurity.net/" "Mozilla/5.0 (iPhone; CPU iPhone OS 17_1 like Mac OS X) AppleWebKit/605.1.15 (KHTML, like Gecko) Version/17.1 Mobile/15E148 Safari/604.1"
188.5.229.210 - - [29/Apr/2026:01:47:40 +0200] "GET //wp-content/uploads/2020/02/IMG_8125-v1.jpg?id=1585 HTTP/1.1" 200 39540 "https://www.liftsecurity.net/" "Mozilla/5.0 (iPhone; CPU iPhone OS 17_1 like Mac OS X) AppleWebKit/605.1.15 (KHTML, like Gecko) Version/17.1 Mobile/15E148 Safari/604.1"
188.5.229.210 - - [29/Apr/2026:01:46:24 +0200] "GET /wp-content/uploads/2022/07/IMG_7032-md-731x548.jpg HTTP/1.1" 200 51327 "https://www.liftsecurity.net/lit-escamotable-electrique-julia-canape/" "Mozilla/5.0 (iPhone; CPU iPhone OS 17_1 like Mac OS X) AppleWebKit/605.1.15 (KHTML, like Gecko) Version/17.1 Mobile/15E148 Safari/604.1"
188.5.229.210 - - [29/Apr/2026:01:46:24 +0200] "GET //wp-content/uploads/2023/11/JULIA-CANAPE-20201104-LIT-CANAPE-COUSSIN-FIXE-MECA-SEUL.mp4?_=2 HTTP/1.1" 200 1901656 "https://www.liftsecurity.net/lit-escamotable-electrique-julia-canape/" "Mozilla/5.0 (iPhone; CPU iPhone OS 17_1 like Mac OS X) AppleWebKit/605.1.15 (KHTML, like Gecko) Version/17.1 Mobile/15E148 Safari/604.1"
188.5.229.210 - - [29/Apr/2026:01:46:52 +0200] "GET /wp-content/themes/dt-the7/images/the7-chevron-left.svg HTTP/1.1" 200 649 "https://www.liftsecurity.net/lit-escamotable-electrique-julia-canape/" "Mozilla/5.0 (iPhone; CPU iPhone OS 17_1 like Mac OS X) AppleWebKit/605.1.15 (KHTML, like Gecko) Version/17.1 Mobile/15E148 Safari/604.1"
188.5.229.210 - - [29/Apr/2026:01:46:52 +0200] "GET /wp-content/uploads/2022/07/LIT-JULIA-CANAPE-1600-OUVERT-MECA.jpg HTTP/1.1" 200 104262 "https://www.liftsecurity.net/lit-escamotable-electrique-julia-canape/" "Mozilla/5.0 (iPhone; CPU iPhone OS 17_1 like Mac OS X) AppleWebKit/605.1.15 (KHTML, like Gecko) Version/17.1 Mobile/15E148 Safari/604.1"
109.234.166.131 - - [29/Apr/2026:01:46:52 +0200] "POST /wp-cron.php?doing_wp_cron=1777420012.7770359516143798828125 HTTP/1.1" 200 0 "-" "WordPress/6.9.4; https://www.liftsecurity.net"
109.234.166.131 - - [29/Apr/2026:01:47:19 +0200] "POST /wp-cron.php?doing_wp_cron=1777420039.1540749073028564453125 HTTP/1.1" 200 0 "-" "WordPress/6.9.4; https://www.liftsecurity.net"
109.234.166.131 - - [29/Apr/2026:01:47:34 +0200] "POST /wp-cron.php?doing_wp_cron=1777420054.7813119888305664062500 HTTP/1.1" 200 0 "-" "WordPress/6.9.4; https://www.liftsecurity.net"
188.5.229.210 - - [29/Apr/2026:01:47:38 +0200] "GET /wp-content/uploads/2020/03/Video-assemblage-hybride.mp4 HTTP/1.1" 200 3781015 "https://www.liftsecurity.net/" "Mozilla/5.0 (iPhone; CPU iPhone OS 17_1 like Mac OS X) AppleWebKit/605.1.15 (KHTML, like Gecko) Version/17.1 Mobile/15E148 Safari/604.1"
188.5.229.210 - - [29/Apr/2026:01:47:38 +0200] "GET /wp-content/uploads/2020/03/Video-assemblage-hybride.mp4 HTTP/1.1" 200 3781015 "https://www.liftsecurity.net/" "Mozilla/5.0 (iPhone; CPU iPhone OS 17_1 like Mac OS X) AppleWebKit/605.1.15 (KHTML, like Gecko) Version/17.1 Mobile/15E148 Safari/604.1"
188.5.229.210 - - [29/Apr/2026:01:47:38 +0200] "GET //wp-content/uploads/2020/02/liftsecurity-intro.mp4 HTTP/1.1" 200 6615637 "https://www.liftsecurity.net/" "Mozilla/5.0 (iPhone; CPU iPhone OS 17_1 like Mac OS X) AppleWebKit/605.1.15 (KHTML, like Gecko) Version/17.1 Mobile/15E148 Safari/604.1"
188.5.229.210 - - [29/Apr/2026:01:47:42 +0200] "GET //wp-content/uploads/2023/11/HYBRIDE-CANAPE-img-canape-min.jpg?id=4034 HTTP/1.1" 200 387600 "https://www.liftsecurity.net/" "Mozilla/5.0 (iPhone; CPU iPhone OS 17_1 like Mac OS X) AppleWebKit/605.1.15 (KHTML, like Gecko) Version/17.1 Mobile/15E148 Safari/604.1"
188.5.229.210 - - [29/Apr/2026:01:47:45 +0200] "GET //wp-content/uploads/2020/02/liftsecurity-intro.mp4 HTTP/1.1" 200 6615637 "https://www.liftsecurity.net/" "Mozilla/5.0 (iPhone; CPU iPhone OS 17_1 like Mac OS X) AppleWebKit/605.1.15 (KHTML, like Gecko) Version/17.1 Mobile/15E148 Safari/604.1"
188.5.229.210 - - [29/Apr/2026:01:47:49 +0200] "GET //wp-content/uploads/2020/02/liftsecurity-intro.mp4 HTTP/1.1" 200 6615637 "https://www.liftsecurity.net/" "Mozilla/5.0 (iPhone; CPU iPhone OS 17_1 like Mac OS X) AppleWebKit/605.1.15 (KHTML, like Gecko) Version/17.1 Mobile/15E148 Safari/604.1"
188.5.229.210 - - [29/Apr/2026:01:47:53 +0200] "GET //wp-content/uploads/2020/02/liftsecurity-intro.mp4 HTTP/1.1" 200 6615637 "https://www.liftsecurity.net/" "Mozilla/5.0 (iPhone; CPU iPhone OS 17_1 like Mac OS X) AppleWebKit/605.1.15 (KHTML, like Gecko) Version/17.1 Mobile/15E148 Safari/604.1"
188.5.229.210 - - [29/Apr/2026:01:47:51 +0200] "GET //wp-content/uploads/2020/02/IMG_0515_Fotor-scaled.jpg?id=1590 HTTP/1.1" 200 384262 "https://www.liftsecurity.net/" "Mozilla/5.0 (iPhone; CPU iPhone OS 17_1 like Mac OS X) AppleWebKit/605.1.15 (KHTML, like Gecko) Version/17.1 Mobile/15E148 Safari/604.1"
109.234.166.131 - - [29/Apr/2026:01:48:24 +0200] "POST /wp-cron.php?doing_wp_cron=1777420104.3668920993804931640625 HTTP/1.1" 200 0 "-" "WordPress/6.9.4; https://www.liftsecurity.net"
57.141.20.51 - - [29/Apr/2026:01:48:40 +0200] "GET /items/P065664824/ HTTP/1.1" 301 0 "-" "meta-externalagent/1.1 (+https://developers.facebook.com/docs/sharing/webmasters/crawler)"
77.75.79.54 - - [29/Apr/2026:01:48:43 +0200] "GET /items/P062990546/ HTTP/1.1" 404 96843 "-" "Mozilla/5.0 (compatible; SeznamBot/4.0; +https://o-seznam.cz/napoveda/vyhledavani/en/seznambot-crawler/)"
112.78.164.89 - - [29/Apr/2026:01:49:20 +0200] "GET /wp-content/uploads/2022/07/Fiche-technique-FLEX-CANAPE-MANUEL-UK.pdf HTTP/1.1" 200 450216 "-" "Mozilla/5.0 (Linux; Android 5.0; SM-G900P Build/LRX21T) AppleWebKit/537.36 (KHTML, like Gecko) Chrome/42.0.4415.1583 Mobile Safari/537.36"
57.141.20.6 - - [29/Apr/2026:01:50:04 +0200] "GET /items/P064782355/ HTTP/1.1" 301 0 "-" "meta-externalagent/1.1 (+https://developers.facebook.com/docs/sharing/webmasters/crawler)"
201.132.241.141 - - [29/Apr/2026:01:50:16 +0200] "GET /wp-content/cache/fonts/1/google-fonts/css/8/6/7/bc9280b72a6459f5026e784588956.css HTTP/1.1" 200 30077 "https://www.liftsecurity.net/lit-escamotable-canape/?utm_source=Pinterest&utm_medium=organic" "Mozilla/5.0 (Linux; Android 10; K) AppleWebKit/537.36 (KHTML, like Gecko) Chrome/147.0.0.0 Mobile Safari/537.36"
201.132.241.141 - - [29/Apr/2026:01:50:16 +0200] "GET /wp-content/cache/min/1/wp-content/plugins/cookie-law-info/legacy/public/css/cookie-law-info-gdpr.css?ver=1777417204 HTTP/1.1" 200 22966 "https://www.liftsecurity.net/lit-escamotable-canape/?utm_source=Pinterest&utm_medium=organic" "Mozilla/5.0 (Linux; Android 10; K) AppleWebKit/537.36 (KHTML, like Gecko) Chrome/147.0.0.0 Mobile Safari/537.36"
201.132.241.141 - - [29/Apr/2026:01:50:16 +0200] "GET /wp-content/cache/background-css/1/www.liftsecurity.net/wp-content/cache/min/1/wp-content/plugins/recent-tweets-widget/tp_twitter_plugin.css?ver=1777417205&wpr_t=1777424709 HTTP/1.1" 200 364 "https://www.liftsecurity.net/lit-escamotable-canape/?utm_source=Pinterest&utm_medium=organic" "Mozilla/5.0 (Linux; Android 10; K) AppleWebKit/537.36 (KHTML, like Gecko) Chrome/147.0.0.0 Mobile Safari/537.36"
201.132.241.141 - - [29/Apr/2026:01:50:16 +0200] "GET /wp-content/cache/min/1/wp-content/themes/dt-the7/fonts/icomoon-the7-font/icomoon-the7-font.min.css?ver=1777417205 HTTP/1.1" 200 20163 "https://www.liftsecurity.net/lit-escamotable-canape/?utm_source=Pinterest&utm_medium=organic" "Mozilla/5.0 (Linux; Android 10; K) AppleWebKit/537.36 (KHTML, like Gecko) Chrome/147.0.0.0 Mobile Safari/537.36"
201.132.241.141 - - [29/Apr/2026:01:50:16 +0200] "GET /wp-content/themes/dt-the7/fonts/FontAwesome/back-compat.min.css?ver=12.1.1 HTTP/1.1" 200 19124 "https://www.liftsecurity.net/lit-escamotable-canape/?utm_source=Pinterest&utm_medium=organic" "Mozilla/5.0 (Linux; Android 10; K) AppleWebKit/537.36 (KHTML, like Gecko) Chrome/147.0.0.0 Mobile Safari/537.36"
201.132.241.141 - - [29/Apr/2026:01:50:16 +0200] "GET /wp-content/cache/min/1/wp-content/uploads/smile_fonts/icomoon-elegent-line-icons-32x32/icomoon-elegent-line-icons-32x32.css?ver=1777417205 HTTP/1.1" 200 7681 "https://www.liftsecurity.net/lit-escamotable-canape/?utm_source=Pinterest&utm_medium=organic" "Mozilla/5.0 (Linux; Android 10; K) AppleWebKit/537.36 (KHTML, like Gecko) Chrome/147.0.0.0 Mobile Safari/537.36"
188.5.229.210 - - [29/Apr/2026:01:47:38 +0200] "GET //wp-content/uploads/2020/02/liftsecurity-intro.mp4 HTTP/1.1" 200 6615637 "https://www.liftsecurity.net/" "Mozilla/5.0 (iPhone; CPU iPhone OS 17_1 like Mac OS X) AppleWebKit/605.1.15 (KHTML, like Gecko) Version/17.1 Mobile/15E148 Safari/604.1"
188.5.229.210 - - [29/Apr/2026:01:47:43 +0200] "GET //wp-content/uploads/2020/05/IMG_8103_Fotor-2.jpg?id=2975 HTTP/1.1" 200 82968 "https://www.liftsecurity.net/" "Mozilla/5.0 (iPhone; CPU iPhone OS 17_1 like Mac OS X) AppleWebKit/605.1.15 (KHTML, like Gecko) Version/17.1 Mobile/15E148 Safari/604.1"
188.5.229.210 - - [29/Apr/2026:01:47:54 +0200] "GET //wp-content/uploads/2020/02/liftsecurity-intro.mp4 HTTP/1.1" 200 6615637 "https://www.liftsecurity.net/" "Mozilla/5.0 (iPhone; CPU iPhone OS 17_1 like Mac OS X) AppleWebKit/605.1.15 (KHTML, like Gecko) Version/17.1 Mobile/15E148 Safari/604.1"
109.234.166.131 - - [29/Apr/2026:01:48:04 +0200] "POST /wp-cron.php?doing_wp_cron=1777420084.4453320503234863281250 HTTP/1.1" 200 0 "-" "WordPress/6.9.4; https://www.liftsecurity.net"
57.141.20.25 - - [29/Apr/2026:01:48:23 +0200] "GET /items/P063750600/ HTTP/1.1" 404 96843 "-" "meta-externalagent/1.1 (+https://developers.facebook.com/docs/sharing/webmasters/crawler)"
109.234.166.131 - - [29/Apr/2026:01:48:40 +0200] "POST /wp-cron.php?doing_wp_cron=1777420120.5710480213165283203125 HTTP/1.1" 200 0 "-" "WordPress/6.9.4; https://www.liftsecurity.net"
57.141.20.57 - - [29/Apr/2026:01:49:12 +0200] "GET /items/P062917836/ HTTP/1.1" 404 96843 "-" "meta-externalagent/1.1 (+https://developers.facebook.com/docs/sharing/webmasters/crawler)"
57.141.20.7 - - [29/Apr/2026:01:49:44 +0200] "GET /items/P065210130/ HTTP/1.1" 404 96843 "-" "meta-externalagent/1.1 (+https://developers.facebook.com/docs/sharing/webmasters/crawler)"
57.141.20.55 - - [29/Apr/2026:01:50:03 +0200] "GET /items/P066594320/ HTTP/1.1" 301 0 "-" "meta-externalagent/1.1 (+https://developers.facebook.com/docs/sharing/webmasters/crawler)"
109.234.166.131 - - [29/Apr/2026:01:50:15 +0200] "POST /wp-cron.php?doing_wp_cron=1777420215.9036719799041748046875 HTTP/1.1" 200 0 "-" "WordPress/6.9.4; https://www.liftsecurity.net"
201.132.241.141 - - [29/Apr/2026:01:50:15 +0200] "GET /en/lit-escamotable-canape/?utm_source=Pinterest&utm_medium=organic HTTP/1.1" 301 0 "android-app://com.pinterest/" "Mozilla/5.0 (Linux; Android 10; K) AppleWebKit/537.36 (KHTML, like Gecko) Chrome/147.0.0.0 Mobile Safari/537.36"
201.132.241.141 - - [29/Apr/2026:01:50:16 +0200] "GET /lit-escamotable-canape/?utm_source=Pinterest&utm_medium=organic HTTP/1.1" 200 332251 "android-app://com.pinterest/" "Mozilla/5.0 (Linux; Android 10; K) AppleWebKit/537.36 (KHTML, like Gecko) Chrome/147.0.0.0 Mobile Safari/537.36"
201.132.241.141 - - [29/Apr/2026:01:50:16 +0200] "GET /wp-content/cache/min/1/wp-content/themes/dt-the7/fonts/FontAwesome/css/all.min.css?ver=1777417205 HTTP/1.1" 200 60013 "https://www.liftsecurity.net/lit-escamotable-canape/?utm_source=Pinterest&utm_medium=organic" "Mozilla/5.0 (Linux; Android 10; K) AppleWebKit/537.36 (KHTML, like Gecko) Chrome/147.0.0.0 Mobile Safari/537.36"
201.132.241.141 - - [29/Apr/2026:01:50:16 +0200] "GET /wp-content/cache/background-css/1/www.liftsecurity.net/wp-content/cache/min/1/wp-content/uploads/js_composer/js_composer_front_custom.css?ver=1777417205&wpr_t=1777424709 HTTP/1.1" 200 492899 "https://www.liftsecurity.net/lit-escamotable-canape/?utm_source=Pinterest&utm_medium=organic" "Mozilla/5.0 (Linux; Android 10; K) AppleWebKit/537.36 (KHTML, like Gecko) Chrome/147.0.0.0 Mobile Safari/537.36"
201.132.241.141 - - [29/Apr/2026:01:50:16 +0200] "GET /wp-content/themes/dt-the7/css/main.min.css?ver=12.1.1 HTTP/1.1" 200 247661 "https://www.liftsecurity.net/lit-escamotable-canape/?utm_source=Pinterest&utm_medium=organic" "Mozilla/5.0 (Linux; Android 10; K) AppleWebKit/537.36 (KHTML, like Gecko) Chrome/147.0.0.0 Mobile Safari/537.36"
57.141.20.12 - - [29/Apr/2026:01:48:04 +0200] "GET /items/P065989165/ HTTP/1.1" 404 96843 "-" "meta-externalagent/1.1 (+https://developers.facebook.com/docs/sharing/webmasters/crawler)"
57.141.20.2 - - [29/Apr/2026:01:48:06 +0200] "GET /items/P065255237/ HTTP/1.1" 404 96843 "-" "meta-externalagent/1.1 (+https://developers.facebook.com/docs/sharing/webmasters/crawler)"
57.141.20.42 - - [29/Apr/2026:01:48:56 +0200] "GET /items/P063329581/ HTTP/1.1" 404 96843 "-" "meta-externalagent/1.1 (+https://developers.facebook.com/docs/sharing/webmasters/crawler)"
109.234.166.131 - - [29/Apr/2026:01:49:13 +0200] "POST /wp-cron.php?doing_wp_cron=1777420153.4546380043029785156250 HTTP/1.1" 200 0 "-" "WordPress/6.9.4; https://www.liftsecurity.net"
109.234.166.131 - - [29/Apr/2026:01:49:44 +0200] "POST /wp-cron.php?doing_wp_cron=1777420184.6011900901794433593750 HTTP/1.1" 200 0 "-" "WordPress/6.9.4; https://www.liftsecurity.net"
109.234.166.131 - - [29/Apr/2026:01:50:03 +0200] "POST /wp-cron.php?doing_wp_cron=1777420203.5097279548645019531250 HTTP/1.1" 200 0 "-" "WordPress/6.9.4; https://www.liftsecurity.net"
201.132.241.141 - - [29/Apr/2026:01:50:16 +0200] "GET /wp-includes/css/dist/block-library/style.min.css?ver=6.9.4 HTTP/1.1" 200 119358 "https://www.liftsecurity.net/lit-escamotable-canape/?utm_source=Pinterest&utm_medium=organic" "Mozilla/5.0 (Linux; Android 10; K) AppleWebKit/537.36 (KHTML, like Gecko) Chrome/147.0.0.0 Mobile Safari/537.36"
201.132.241.141 - - [29/Apr/2026:01:50:16 +0200] "GET /wp-content/cache/min/1/wp-content/plugins/cookie-law-info/legacy/public/css/cookie-law-info-public.css?ver=1777417204 HTTP/1.1" 200 2593 "https://www.liftsecurity.net/lit-escamotable-canape/?utm_source=Pinterest&utm_medium=organic" "Mozilla/5.0 (Linux; Android 10; K) AppleWebKit/537.36 (KHTML, like Gecko) Chrome/147.0.0.0 Mobile Safari/537.36"
201.132.241.141 - - [29/Apr/2026:01:50:16 +0200] "GET /wp-content/cache/background-css/1/www.liftsecurity.net/wp-content/cache/min/1/wp-content/plugins/go_pricing/assets/css/go_pricing_styles.css?ver=1777417205&wpr_t=1777424709 HTTP/1.1" 200 53846 "https://www.liftsecurity.net/lit-escamotable-canape/?utm_source=Pinterest&utm_medium=organic" "Mozilla/5.0 (Linux; Android 10; K) AppleWebKit/537.36 (KHTML, like Gecko) Chrome/147.0.0.0 Mobile Safari/537.36"
201.132.241.141 - - [29/Apr/2026:01:50:16 +0200] "GET /wp-content/cache/min/1/wp-content/uploads/the7-css/media.css?ver=1777417205 HTTP/1.1" 200 62378 "https://www.liftsecurity.net/lit-escamotable-canape/?utm_source=Pinterest&utm_medium=organic" "Mozilla/5.0 (Linux; Android 10; K) AppleWebKit/537.36 (KHTML, like Gecko) Chrome/147.0.0.0 Mobile Safari/537.36"
201.132.241.141 - - [29/Apr/2026:01:50:16 +0200] "GET /wp-content/plugins/Ultimate_VC_Addons/assets/min-css/style.min.css?ver=3.19.19 HTTP/1.1" 200 13362 "https://www.liftsecurity.net/lit-escamotable-canape/?utm_source=Pinterest&utm_medium=organic" "Mozilla/5.0 (Linux; Android 10; K) AppleWebKit/537.36 (KHTML, like Gecko) Chrome/147.0.0.0 Mobile Safari/537.36"
201.132.241.141 - - [29/Apr/2026:01:50:16 +0200] "GET /wp-content/cache/background-css/1/www.liftsecurity.net/wp-content/cache/min/1/wp-content/plugins/mailin/css/mailin-front.css?ver=1777417205&wpr_t=1777424709 HTTP/1.1" 200 2076 "https://www.liftsecurity.net/lit-escamotable-canape/?utm_source=Pinterest&utm_medium=organic" "Mozilla/5.0 (Linux; Android 10; K) AppleWebKit/537.36 (KHTML, like Gecko) Chrome/147.0.0.0 Mobile Safari/537.36"
201.132.241.141 - - [29/Apr/2026:01:50:16 +0200] "GET /wp-content/cache/background-css/1/www.liftsecurity.net/wp-content/cache/min/1/wp-content/plugins/revslider/sr6/assets/css/rs6.css?ver=1777417205&wpr_t=1777424709 HTTP/1.1" 200 50371 "https://www.liftsecurity.net/lit-escamotable-canape/?utm_source=Pinterest&utm_medium=organic" "Mozilla/5.0 (Linux; Android 10; K) AppleWebKit/537.36 (KHTML, like Gecko) Chrome/147.0.0.0 Mobile Safari/537.36"
201.132.241.141 - - [29/Apr/2026:01:50:16 +0200] "GET /wp-content/cache/min/1/wp-content/uploads/smile_fonts/icomoon-free-social-contact-16x16/icomoon-free-social-contact-16x16.css?ver=1777417205 HTTP/1.1" 200 8550 "https://www.liftsecurity.net/lit-escamotable-canape/?utm_source=Pinterest&utm_medium=organic" "Mozilla/5.0 (Linux; Android 10; K) AppleWebKit/537.36 (KHTML, like Gecko) Chrome/147.0.0.0 Mobile Safari/537.36"
201.132.241.141 - - [29/Apr/2026:01:50:16 +0200] "GET /wp-content/themes/dt-the7/css/wpbakery.min.css?ver=12.1.1 HTTP/1.1" 200 25752 "https://www.liftsecurity.net/lit-escamotable-canape/?utm_source=Pinterest&utm_medium=organic" "Mozilla/5.0 (Linux; Android 10; K) AppleWebKit/537.36 (KHTML, like Gecko) Chrome/147.0.0.0 Mobile Safari/537.36"
201.132.241.141 - - [29/Apr/2026:01:50:16 +0200] "GET /wp-content/plugins/dt-the7-core/assets/css/post-type.min.css?ver=2.7.9 HTTP/1.1" 200 43933 "https://www.liftsecurity.net/lit-escamotable-canape/?utm_source=Pinterest&utm_medium=organic" "Mozilla/5.0 (Linux; Android 10; K) AppleWebKit/537.36 (KHTML, like Gecko) Chrome/147.0.0.0 Mobile Safari/537.36"
201.132.241.141 - - [29/Apr/2026:01:50:16 +0200] "GET /wp-content/themes/dt-the7/style.css?ver=12.1.1 HTTP/1.1" 200 1423 "https://www.liftsecurity.net/lit-escamotable-canape/?utm_source=Pinterest&utm_medium=organic" "Mozilla/5.0 (Linux; Android 10; K) AppleWebKit/537.36 (KHTML, like Gecko) Chrome/147.0.0.0 Mobile Safari/537.36"
201.132.241.141 - - [29/Apr/2026:01:50:16 +0200] "GET /wp-content/themes/dt-the7/css/compatibility/elementor/elementor-global.min.css?ver=12.1.1 HTTP/1.1" 200 50285 "https://www.liftsecurity.net/lit-escamotable-canape/?utm_source=Pinterest&utm_medium=organic" "Mozilla/5.0 (Linux; Android 10; K) AppleWebKit/537.36 (KHTML, like Gecko) Chrome/147.0.0.0 Mobile Safari/537.36"
201.132.241.141 - - [29/Apr/2026:01:50:16 +0200] "GET /wp-content/plugins/Ultimate_VC_Addons/assets/min-css/headings.min.css?ver=3.19.19 HTTP/1.1" 200 1255 "https://www.liftsecurity.net/lit-escamotable-canape/?utm_source=Pinterest&utm_medium=organic" "Mozilla/5.0 (Linux; Android 10; K) AppleWebKit/537.36 (KHTML, like Gecko) Chrome/147.0.0.0 Mobile Safari/537.36"
201.132.241.141 - - [29/Apr/2026:01:50:16 +0200] "GET /wp-content/plugins/Ultimate_VC_Addons/assets/min-css/animate.min.css?ver=3.19.19 HTTP/1.1" 200 70192 "https://www.liftsecurity.net/lit-escamotable-canape/?utm_source=Pinterest&utm_medium=organic" "Mozilla/5.0 (Linux; Android 10; K) AppleWebKit/537.36 (KHTML, like Gecko) Chrome/147.0.0.0 Mobile Safari/537.36"
201.132.241.141 - - [29/Apr/2026:01:50:16 +0200] "GET /wp-content/plugins/Ultimate_VC_Addons/assets/min-css/info-box.min.css?ver=3.19.19 HTTP/1.1" 200 4226 "https://www.liftsecurity.net/lit-escamotable-canape/?utm_source=Pinterest&utm_medium=organic" "Mozilla/5.0 (Linux; Android 10; K) AppleWebKit/537.36 (KHTML, like Gecko) Chrome/147.0.0.0 Mobile Safari/537.36"
201.132.241.141 - - [29/Apr/2026:01:50:16 +0200] "GET //wp-content/uploads/2020/03/102010_000_MECA_FLEX_CANAPE_1400_MECANIQUE-SEULE-OUVERT-RENDU-3D.466-scaled.jpg?id=2008 HTTP/1.1" 200 269340 "https://www.liftsecurity.net/lit-escamotable-canape/?utm_source=Pinterest&utm_medium=organic" "Mozilla/5.0 (Linux; Android 10; K) AppleWebKit/537.36 (KHTML, like Gecko) Chrome/147.0.0.0 Mobile Safari/537.36"
201.132.241.141 - - [29/Apr/2026:01:50:16 +0200] "GET /wp-content/plugins/Ultimate_VC_Addons/assets/min-css/background-style.min.css?ver=3.19.19 HTTP/1.1" 200 9228 "https://www.liftsecurity.net/lit-escamotable-canape/?utm_source=Pinterest&utm_medium=organic" "Mozilla/5.0 (Linux; Android 10; K) AppleWebKit/537.36 (KHTML, like Gecko) Chrome/147.0.0.0 Mobile Safari/537.36"
201.132.241.141 - - [29/Apr/2026:01:50:16 +0200] "GET /wp-content/themes/dt-the7/lib/custom-scrollbar/custom-scrollbar.min.css?ver=12.1.1 HTTP/1.1" 200 10755 "https://www.liftsecurity.net/lit-escamotable-canape/?utm_source=Pinterest&utm_medium=organic" "Mozilla/5.0 (Linux; Android 10; K) AppleWebKit/537.36 (KHTML, like Gecko) Chrome/147.0.0.0 Mobile Safari/537.36"
201.132.241.141 - - [29/Apr/2026:01:50:16 +0200] "GET /wp-content/cache/min/1/wp-content/uploads/the7-css/css-vars.css?ver=1777417205 HTTP/1.1" 200 29390 "https://www.liftsecurity.net/lit-escamotable-canape/?utm_source=Pinterest&utm_medium=organic" "Mozilla/5.0 (Linux; Android 10; K) AppleWebKit/537.36 (KHTML, like Gecko) Chrome/147.0.0.0 Mobile Safari/537.36"
201.132.241.141 - - [29/Apr/2026:01:50:16 +0200] "GET /wp-content/cache/min/1/wp-content/uploads/the7-css/custom.css?ver=1777417205 HTTP/1.1" 200 254322 "https://www.liftsecurity.net/lit-escamotable-canape/?utm_source=Pinterest&utm_medium=organic" "Mozilla/5.0 (Linux; Android 10; K) AppleWebKit/537.36 (KHTML, like Gecko) Chrome/147.0.0.0 Mobile Safari/537.36"
201.132.241.141 - - [29/Apr/2026:01:50:16 +0200] "GET /wp-content/cache/min/1/wp-content/uploads/the7-css/mega-menu.css?ver=1777417205 HTTP/1.1" 200 16776 "https://www.liftsecurity.net/lit-escamotable-canape/?utm_source=Pinterest&utm_medium=organic" "Mozilla/5.0 (Linux; Android 10; K) AppleWebKit/537.36 (KHTML, like Gecko) Chrome/147.0.0.0 Mobile Safari/537.36"
201.132.241.141 - - [29/Apr/2026:01:50:16 +0200] "GET /wp-content/cache/min/1/wp-content/uploads/the7-css/the7-elements-albums-portfolio.css?ver=1777417205 HTTP/1.1" 200 21032 "https://www.liftsecurity.net/lit-escamotable-canape/?utm_source=Pinterest&utm_medium=organic" "Mozilla/5.0 (Linux; Android 10; K) AppleWebKit/537.36 (KHTML, like Gecko) Chrome/147.0.0.0 Mobile Safari/537.36"
201.132.241.141 - - [29/Apr/2026:01:50:16 +0200] "GET /wp-content/cache/min/1/wp-content/uploads/the7-css/post-type-dynamic.css?ver=1777417205 HTTP/1.1" 200 8974 "https://www.liftsecurity.net/lit-escamotable-canape/?utm_source=Pinterest&utm_medium=organic" "Mozilla/5.0 (Linux; Android 10; K) AppleWebKit/537.36 (KHTML, like Gecko) Chrome/147.0.0.0 Mobile Safari/537.36"
201.132.241.141 - - [29/Apr/2026:01:50:17 +0200] "GET /wp-content/plugins/wp-rocket/assets/js/lazyload/17.8.3/lazyload.min.js HTTP/1.1" 200 8892 "https://www.liftsecurity.net/lit-escamotable-canape/?utm_source=Pinterest&utm_medium=organic" "Mozilla/5.0 (Linux; Android 10; K) AppleWebKit/537.36 (KHTML, like Gecko) Chrome/147.0.0.0 Mobile Safari/537.36"
201.132.241.141 - - [29/Apr/2026:01:50:17 +0200] "GET /wp-content/uploads/smile_fonts/icomoon-elegent-line-icons-32x32/icomoon-elegent-line-icons-32x32.ttf?8p1dye HTTP/1.1" 200 46252 "https://www.liftsecurity.net/wp-content/cache/min/1/wp-content/uploads/smile_fonts/icomoon-elegent-line-icons-32x32/icomoon-elegent-line-icons-32x32.css?ver=1777417205" "Mozilla/5.0 (Linux; Android 10; K) AppleWebKit/537.36 (KHTML, like Gecko) Chrome/147.0.0.0 Mobile Safari/537.36"
54.236.1.54 - - [29/Apr/2026:01:50:17 +0200] "GET /lit-escamotable-canape/ HTTP/1.1" 200 333004 "-" "Mozilla/5.0 (compatible; Pinterestbot/1.0; +http://www.pinterest.com/bot.html)"
201.132.241.141 - - [29/Apr/2026:01:50:17 +0200] "GET /wp-content/uploads/2020/05/cropped-lift_Fotor-192x192.png HTTP/1.1" 200 19975 "https://www.liftsecurity.net/lit-escamotable-canape/?utm_source=Pinterest&utm_medium=organic" "Mozilla/5.0 (Linux; Android 10; K) AppleWebKit/537.36 (KHTML, like Gecko) Chrome/147.0.0.0 Mobile Safari/537.36"
201.132.241.141 - - [29/Apr/2026:01:50:17 +0200] "GET /wp-content/uploads/2020/05/cropped-lift_Fotor-180x180.png HTTP/1.1" 200 23105 "https://www.liftsecurity.net/lit-escamotable-canape/?utm_source=Pinterest&utm_medium=organic" "Mozilla/5.0 (Linux; Android 10; K) AppleWebKit/537.36 (KHTML, like Gecko) Chrome/147.0.0.0 Mobile Safari/537.36"
201.132.241.141 - - [29/Apr/2026:01:50:30 +0200] "GET /wp-includes/js/jquery/jquery-migrate.min.js?ver=3.4.1 HTTP/1.1" 200 13577 "https://www.liftsecurity.net/lit-escamotable-canape/?utm_source=Pinterest&utm_medium=organic" "Mozilla/5.0 (Linux; Android 10; K) AppleWebKit/537.36 (KHTML, like Gecko) Chrome/147.0.0.0 Mobile Safari/537.36"
201.132.241.141 - - [29/Apr/2026:01:50:30 +0200] "GET /wp-content/cache/min/1/wp-content/plugins/cookie-law-info/legacy/public/js/cookie-law-info-public.js?ver=1772922479 HTTP/1.1" 200 27238 "https://www.liftsecurity.net/lit-escamotable-canape/?utm_source=Pinterest&utm_medium=organic" "Mozilla/5.0 (Linux; Android 10; K) AppleWebKit/537.36 (KHTML, like Gecko) Chrome/147.0.0.0 Mobile Safari/537.36"
201.132.241.141 - - [29/Apr/2026:01:50:30 +0200] "GET /wp-content/cache/min/1/wp-content/plugins/wonderplugin-video-embed/engine/wonderpluginvideoembed.js?ver=1772922479 HTTP/1.1" 200 19204 "https://www.liftsecurity.net/lit-escamotable-canape/?utm_source=Pinterest&utm_medium=organic" "Mozilla/5.0 (Linux; Android 10; K) AppleWebKit/537.36 (KHTML, like Gecko) Chrome/147.0.0.0 Mobile Safari/537.36"
201.132.241.141 - - [29/Apr/2026:01:50:30 +0200] "GET /wp-content/themes/dt-the7/js/above-the-fold.min.js?ver=12.1.1 HTTP/1.1" 200 12481 "https://www.liftsecurity.net/lit-escamotable-canape/?utm_source=Pinterest&utm_medium=organic" "Mozilla/5.0 (Linux; Android 10; K) AppleWebKit/537.36 (KHTML, like Gecko) Chrome/147.0.0.0 Mobile Safari/537.36"
201.132.241.141 - - [29/Apr/2026:01:50:30 +0200] "GET /wp-content/plugins/Ultimate_VC_Addons/assets/min-js/custom.min.js?ver=3.19.19 HTTP/1.1" 200 21152 "https://www.liftsecurity.net/lit-escamotable-canape/?utm_source=Pinterest&utm_medium=organic" "Mozilla/5.0 (Linux; Android 10; K) AppleWebKit/537.36 (KHTML, like Gecko) Chrome/147.0.0.0 Mobile Safari/537.36"
201.132.241.141 - - [29/Apr/2026:01:50:31 +0200] "GET /wp-content/themes/dt-the7/js/main.min.js?ver=12.1.1 HTTP/1.1" 200 362002 "https://www.liftsecurity.net/lit-escamotable-canape/?utm_source=Pinterest&utm_medium=organic" "Mozilla/5.0 (Linux; Android 10; K) AppleWebKit/537.36 (KHTML, like Gecko) Chrome/147.0.0.0 Mobile Safari/537.36"
201.132.241.141 - - [29/Apr/2026:01:50:31 +0200] "GET /wp-content/cache/min/1/wp-content/plugins/go_pricing/assets/js/go_pricing_scripts.js?ver=1772922479 HTTP/1.1" 200 16214 "https://www.liftsecurity.net/lit-escamotable-canape/?utm_source=Pinterest&utm_medium=organic" "Mozilla/5.0 (Linux; Android 10; K) AppleWebKit/537.36 (KHTML, like Gecko) Chrome/147.0.0.0 Mobile Safari/537.36"
201.132.241.141 - - [29/Apr/2026:01:50:31 +0200] "GET /wp-content/themes/dt-the7/js/legacy.min.js?ver=12.1.1 HTTP/1.1" 200 1368 "https://www.liftsecurity.net/lit-escamotable-canape/?utm_source=Pinterest&utm_medium=organic" "Mozilla/5.0 (Linux; Android 10; K) AppleWebKit/537.36 (KHTML, like Gecko) Chrome/147.0.0.0 Mobile Safari/537.36"
201.132.241.141 - - [29/Apr/2026:01:50:31 +0200] "GET /wp-content/themes/dt-the7/lib/custom-scrollbar/custom-scrollbar.min.js?ver=12.1.1 HTTP/1.1" 200 40085 "https://www.liftsecurity.net/lit-escamotable-canape/?utm_source=Pinterest&utm_medium=organic" "Mozilla/5.0 (Linux; Android 10; K) AppleWebKit/537.36 (KHTML, like Gecko) Chrome/147.0.0.0 Mobile Safari/537.36"
201.132.241.141 - - [29/Apr/2026:01:50:31 +0200] "GET /wp-content/plugins/dt-the7-core/assets/js/post-type.min.js?ver=2.7.9 HTTP/1.1" 200 25147 "https://www.liftsecurity.net/lit-escamotable-canape/?utm_source=Pinterest&utm_medium=organic" "Mozilla/5.0 (Linux; Android 10; K) AppleWebKit/537.36 (KHTML, like Gecko) Chrome/147.0.0.0 Mobile Safari/537.36"
201.132.241.141 - - [29/Apr/2026:01:50:31 +0200] "GET /wp-content/plugins/Ultimate_VC_Addons/assets/min-js/info-box.min.js?ver=3.19.19 HTTP/1.1" 200 463 "https://www.liftsecurity.net/lit-escamotable-canape/?utm_source=Pinterest&utm_medium=organic" "Mozilla/5.0 (Linux; Android 10; K) AppleWebKit/537.36 (KHTML, like Gecko) Chrome/147.0.0.0 Mobile Safari/537.36"
54.236.1.54 - - [29/Apr/2026:01:50:16 +0200] "GET /en/lit-escamotable-canape/ HTTP/1.1" 301 0 "-" "Mozilla/5.0 (compatible; Pinterestbot/1.0; +http://www.pinterest.com/bot.html)"
