41.41.137.143 - - [29/Apr/2026:08:16:55 +0200] "GET /wp-content/cache/background-css/1/www.liftsecurity.net/wp-content/cache/min/1/wp-content/plugins/go_pricing/assets/css/go_pricing_styles.css?ver=1777417205&wpr_t=1777424532 HTTP/1.1" 200 53846 "https://www.liftsecurity.net/easy-meca/?utm_source=Pinterest&utm_medium=organic" "Mozilla/5.0 (Windows NT 10.0; Win64; x64) AppleWebKit/537.36 (KHTML, like Gecko) Chrome/109.0.0.0 Safari/537.36"
41.41.137.143 - - [29/Apr/2026:08:16:55 +0200] "GET /wp-content/cache/background-css/1/www.liftsecurity.net/wp-content/cache/min/1/wp-content/plugins/recent-tweets-widget/tp_twitter_plugin.css?ver=1777417205&wpr_t=1777424532 HTTP/1.1" 200 364 "https://www.liftsecurity.net/easy-meca/?utm_source=Pinterest&utm_medium=organic" "Mozilla/5.0 (Windows NT 10.0; Win64; x64) AppleWebKit/537.36 (KHTML, like Gecko) Chrome/109.0.0.0 Safari/537.36"
41.41.137.143 - - [29/Apr/2026:08:16:55 +0200] "GET /wp-content/cache/min/1/wp-content/themes/dt-the7/fonts/icomoon-the7-font/icomoon-the7-font.min.css?ver=1777417205 HTTP/1.1" 200 20163 "https://www.liftsecurity.net/easy-meca/?utm_source=Pinterest&utm_medium=organic" "Mozilla/5.0 (Windows NT 10.0; Win64; x64) AppleWebKit/537.36 (KHTML, like Gecko) Chrome/109.0.0.0 Safari/537.36"
41.41.137.143 - - [29/Apr/2026:08:16:55 +0200] "GET /wp-content/cache/min/1/wp-content/uploads/smile_fonts/icomoon-elegent-line-icons-32x32/icomoon-elegent-line-icons-32x32.css?ver=1777417205 HTTP/1.1" 200 7681 "https://www.liftsecurity.net/easy-meca/?utm_source=Pinterest&utm_medium=organic" "Mozilla/5.0 (Windows NT 10.0; Win64; x64) AppleWebKit/537.36 (KHTML, like Gecko) Chrome/109.0.0.0 Safari/537.36"
41.41.137.143 - - [29/Apr/2026:08:16:55 +0200] "GET /wp-content/cache/min/1/wp-content/uploads/the7-css/css-vars.css?ver=1777417205 HTTP/1.1" 200 29390 "https://www.liftsecurity.net/easy-meca/?utm_source=Pinterest&utm_medium=organic" "Mozilla/5.0 (Windows NT 10.0; Win64; x64) AppleWebKit/537.36 (KHTML, like Gecko) Chrome/109.0.0.0 Safari/537.36"
41.41.137.143 - - [29/Apr/2026:08:16:55 +0200] "GET /wp-content/cache/min/1/wp-content/uploads/the7-css/the7-elements-albums-portfolio.css?ver=1777417205 HTTP/1.1" 200 21032 "https://www.liftsecurity.net/easy-meca/?utm_source=Pinterest&utm_medium=organic" "Mozilla/5.0 (Windows NT 10.0; Win64; x64) AppleWebKit/537.36 (KHTML, like Gecko) Chrome/109.0.0.0 Safari/537.36"
41.41.137.143 - - [29/Apr/2026:08:16:55 +0200] "GET /wp-content/cache/min/1/wp-content/uploads/the7-css/post-type-dynamic.css?ver=1777417205 HTTP/1.1" 200 8974 "https://www.liftsecurity.net/easy-meca/?utm_source=Pinterest&utm_medium=organic" "Mozilla/5.0 (Windows NT 10.0; Win64; x64) AppleWebKit/537.36 (KHTML, like Gecko) Chrome/109.0.0.0 Safari/537.36"
41.41.137.143 - - [29/Apr/2026:08:16:55 +0200] "GET /wp-content/themes/dt-the7/style.css?ver=12.1.1 HTTP/1.1" 200 1423 "https://www.liftsecurity.net/easy-meca/?utm_source=Pinterest&utm_medium=organic" "Mozilla/5.0 (Windows NT 10.0; Win64; x64) AppleWebKit/537.36 (KHTML, like Gecko) Chrome/109.0.0.0 Safari/537.36"
41.41.137.143 - - [29/Apr/2026:08:16:55 +0200] "GET /wp-content/plugins/Ultimate_VC_Addons/assets/min-css/headings.min.css?ver=3.19.19 HTTP/1.1" 200 1255 "https://www.liftsecurity.net/easy-meca/?utm_source=Pinterest&utm_medium=organic" "Mozilla/5.0 (Windows NT 10.0; Win64; x64) AppleWebKit/537.36 (KHTML, like Gecko) Chrome/109.0.0.0 Safari/537.36"
41.41.137.143 - - [29/Apr/2026:08:16:55 +0200] "GET /wp-content/plugins/Ultimate_VC_Addons/assets/min-css/info-box.min.css?ver=3.19.19 HTTP/1.1" 200 4226 "https://www.liftsecurity.net/easy-meca/?utm_source=Pinterest&utm_medium=organic" "Mozilla/5.0 (Windows NT 10.0; Win64; x64) AppleWebKit/537.36 (KHTML, like Gecko) Chrome/109.0.0.0 Safari/537.36"
41.41.137.143 - - [29/Apr/2026:08:16:55 +0200] "GET /wp-content/cache/background-css/1/www.liftsecurity.net/wp-content/cache/min/1/wp-content/plugins/mailin/css/mailin-front.css?ver=1777417205&wpr_t=1777424533 HTTP/1.1" 200 2076 "https://www.liftsecurity.net/easy-meca/?utm_source=Pinterest&utm_medium=organic" "Mozilla/5.0 (Windows NT 10.0; Win64; x64) AppleWebKit/537.36 (KHTML, like Gecko) Chrome/109.0.0.0 Safari/537.36"
41.41.137.143 - - [29/Apr/2026:08:16:56 +0200] "GET /wp-content/themes/dt-the7/images/the7-chevron-down.svg HTTP/1.1" 200 579 "https://www.liftsecurity.net/wp-content/themes/dt-the7/css/main.min.css?ver=12.1.1" "Mozilla/5.0 (Windows NT 10.0; Win64; x64) AppleWebKit/537.36 (KHTML, like Gecko) Chrome/109.0.0.0 Safari/537.36"
41.41.137.143 - - [29/Apr/2026:08:16:56 +0200] "GET /wp-content/themes/dt-the7/fonts/icomoon-the7-font/icomoon-the7-font.ttf?wi57p5 HTTP/1.1" 200 47776 "https://www.liftsecurity.net/wp-content/cache/min/1/wp-content/themes/dt-the7/fonts/icomoon-the7-font/icomoon-the7-font.min.css?ver=1777417205" "Mozilla/5.0 (Windows NT 10.0; Win64; x64) AppleWebKit/537.36 (KHTML, like Gecko) Chrome/109.0.0.0 Safari/537.36"
41.41.137.143 - - [29/Apr/2026:08:16:56 +0200] "GET /wp-content/uploads/smile_fonts/icomoon-elegent-line-icons-32x32/icomoon-elegent-line-icons-32x32.ttf?8p1dye HTTP/1.1" 200 46252 "https://www.liftsecurity.net/wp-content/cache/min/1/wp-content/uploads/smile_fonts/icomoon-elegent-line-icons-32x32/icomoon-elegent-line-icons-32x32.css?ver=1777417205" "Mozilla/5.0 (Windows NT 10.0; Win64; x64) AppleWebKit/537.36 (KHTML, like Gecko) Chrome/109.0.0.0 Safari/537.36"
41.41.137.143 - - [29/Apr/2026:08:16:56 +0200] "GET /wp-includes/js/jquery/jquery.min.js?ver=3.7.1 HTTP/1.1" 200 87553 "https://www.liftsecurity.net/easy-meca/?utm_source=Pinterest&utm_medium=organic" "Mozilla/5.0 (Windows NT 10.0; Win64; x64) AppleWebKit/537.36 (KHTML, like Gecko) Chrome/109.0.0.0 Safari/537.36"
41.41.137.143 - - [29/Apr/2026:08:16:56 +0200] "GET /wp-content/cache/min/1/wp-content/plugins/cookie-law-info/legacy/public/js/cookie-law-info-public.js?ver=1772922479 HTTP/1.1" 200 27238 "https://www.liftsecurity.net/easy-meca/?utm_source=Pinterest&utm_medium=organic" "Mozilla/5.0 (Windows NT 10.0; Win64; x64) AppleWebKit/537.36 (KHTML, like Gecko) Chrome/109.0.0.0 Safari/537.36"
41.41.137.143 - - [29/Apr/2026:08:16:56 +0200] "GET /wp-content/cache/min/1/wp-content/plugins/wonderplugin-video-embed/engine/wonderpluginvideoembed.js?ver=1772922479 HTTP/1.1" 200 19204 "https://www.liftsecurity.net/easy-meca/?utm_source=Pinterest&utm_medium=organic" "Mozilla/5.0 (Windows NT 10.0; Win64; x64) AppleWebKit/537.36 (KHTML, like Gecko) Chrome/109.0.0.0 Safari/537.36"
41.41.137.143 - - [29/Apr/2026:08:16:56 +0200] "GET /wp-content/themes/dt-the7/js/above-the-fold.min.js?ver=12.1.1 HTTP/1.1" 200 12481 "https://www.liftsecurity.net/easy-meca/?utm_source=Pinterest&utm_medium=organic" "Mozilla/5.0 (Windows NT 10.0; Win64; x64) AppleWebKit/537.36 (KHTML, like Gecko) Chrome/109.0.0.0 Safari/537.36"
41.41.137.143 - - [29/Apr/2026:08:16:56 +0200] "GET /wp-content/plugins/Ultimate_VC_Addons/assets/min-js/headings.min.js?ver=3.19.19 HTTP/1.1" 200 2704 "https://www.liftsecurity.net/easy-meca/?utm_source=Pinterest&utm_medium=organic" "Mozilla/5.0 (Windows NT 10.0; Win64; x64) AppleWebKit/537.36 (KHTML, like Gecko) Chrome/109.0.0.0 Safari/537.36"
41.41.137.143 - - [29/Apr/2026:08:16:55 +0200] "GET /wp-content/plugins/Ultimate_VC_Addons/assets/min-css/animate.min.css?ver=3.19.19 HTTP/1.1" 200 70192 "https://www.liftsecurity.net/easy-meca/?utm_source=Pinterest&utm_medium=organic" "Mozilla/5.0 (Windows NT 10.0; Win64; x64) AppleWebKit/537.36 (KHTML, like Gecko) Chrome/109.0.0.0 Safari/537.36"
41.41.137.143 - - [29/Apr/2026:08:16:56 +0200] "GET /wp-content/plugins/Ultimate_VC_Addons/assets/min-css/background-style.min.css?ver=3.19.19 HTTP/1.1" 200 9228 "https://www.liftsecurity.net/easy-meca/?utm_source=Pinterest&utm_medium=organic" "Mozilla/5.0 (Windows NT 10.0; Win64; x64) AppleWebKit/537.36 (KHTML, like Gecko) Chrome/109.0.0.0 Safari/537.36"
41.41.137.143 - - [29/Apr/2026:08:16:56 +0200] "GET /wp-content/plugins/wp-rocket/assets/js/lazyload/17.8.3/lazyload.min.js HTTP/1.1" 200 8892 "https://www.liftsecurity.net/easy-meca/?utm_source=Pinterest&utm_medium=organic" "Mozilla/5.0 (Windows NT 10.0; Win64; x64) AppleWebKit/537.36 (KHTML, like Gecko) Chrome/109.0.0.0 Safari/537.36"
41.41.137.143 - - [29/Apr/2026:08:16:56 +0200] "GET /wp-content/cache/min/1/ajax/libs/gsap/1.11.2/TweenMax.min.js?ver=1772922479 HTTP/1.1" 200 93791 "https://www.liftsecurity.net/easy-meca/?utm_source=Pinterest&utm_medium=organic" "Mozilla/5.0 (Windows NT 10.0; Win64; x64) AppleWebKit/537.36 (KHTML, like Gecko) Chrome/109.0.0.0 Safari/537.36"
41.41.137.143 - - [29/Apr/2026:08:16:56 +0200] "GET /wp-content/plugins/Ultimate_VC_Addons/assets/min-js/ultimate-params.min.js?ver=3.19.19 HTTP/1.1" 200 1107 "https://www.liftsecurity.net/easy-meca/?utm_source=Pinterest&utm_medium=organic" "Mozilla/5.0 (Windows NT 10.0; Win64; x64) AppleWebKit/537.36 (KHTML, like Gecko) Chrome/109.0.0.0 Safari/537.36"
41.41.137.143 - - [29/Apr/2026:08:16:56 +0200] "GET /wp-content/plugins/Ultimate_VC_Addons/assets/min-js/jquery-appear.min.js?ver=3.19.19 HTTP/1.1" 200 1355 "https://www.liftsecurity.net/easy-meca/?utm_source=Pinterest&utm_medium=organic" "Mozilla/5.0 (Windows NT 10.0; Win64; x64) AppleWebKit/537.36 (KHTML, like Gecko) Chrome/109.0.0.0 Safari/537.36"
41.41.137.143 - - [29/Apr/2026:08:16:56 +0200] "GET /wp-content/plugins/Ultimate_VC_Addons/assets/min-js/custom.min.js?ver=3.19.19 HTTP/1.1" 200 21152 "https://www.liftsecurity.net/easy-meca/?utm_source=Pinterest&utm_medium=organic" "Mozilla/5.0 (Windows NT 10.0; Win64; x64) AppleWebKit/537.36 (KHTML, like Gecko) Chrome/109.0.0.0 Safari/537.36"
41.41.137.143 - - [29/Apr/2026:08:16:56 +0200] "GET /wp-content/cache/min/1/wp-content/plugins/mailin/js/mailin-front.js?ver=1772922479 HTTP/1.1" 200 9130 "https://www.liftsecurity.net/easy-meca/?utm_source=Pinterest&utm_medium=organic" "Mozilla/5.0 (Windows NT 10.0; Win64; x64) AppleWebKit/537.36 (KHTML, like Gecko) Chrome/109.0.0.0 Safari/537.36"
41.41.137.143 - - [29/Apr/2026:08:16:56 +0200] "GET /wp-content/themes/dt-the7/js/compatibility/elementor/frontend-common.min.js?ver=12.1.1 HTTP/1.1" 200 4982 "https://www.liftsecurity.net/easy-meca/?utm_source=Pinterest&utm_medium=organic" "Mozilla/5.0 (Windows NT 10.0; Win64; x64) AppleWebKit/537.36 (KHTML, like Gecko) Chrome/109.0.0.0 Safari/537.36"
41.41.137.143 - - [29/Apr/2026:08:16:56 +0200] "GET /wp-content/themes/dt-the7/js/main.min.js?ver=12.1.1 HTTP/1.1" 200 362002 "https://www.liftsecurity.net/easy-meca/?utm_source=Pinterest&utm_medium=organic" "Mozilla/5.0 (Windows NT 10.0; Win64; x64) AppleWebKit/537.36 (KHTML, like Gecko) Chrome/109.0.0.0 Safari/537.36"
41.41.137.143 - - [29/Apr/2026:08:16:56 +0200] "GET /wp-content/themes/dt-the7/js/legacy.min.js?ver=12.1.1 HTTP/1.1" 200 1368 "https://www.liftsecurity.net/easy-meca/?utm_source=Pinterest&utm_medium=organic" "Mozilla/5.0 (Windows NT 10.0; Win64; x64) AppleWebKit/537.36 (KHTML, like Gecko) Chrome/109.0.0.0 Safari/537.36"
41.41.137.143 - - [29/Apr/2026:08:16:56 +0200] "GET /wp-content/cache/min/1/wp-content/plugins/go_pricing/assets/js/go_pricing_scripts.js?ver=1772922479 HTTP/1.1" 200 16214 "https://www.liftsecurity.net/easy-meca/?utm_source=Pinterest&utm_medium=organic" "Mozilla/5.0 (Windows NT 10.0; Win64; x64) AppleWebKit/537.36 (KHTML, like Gecko) Chrome/109.0.0.0 Safari/537.36"
41.41.137.143 - - [29/Apr/2026:08:16:56 +0200] "GET /wp-content/themes/dt-the7/lib/jquery-mousewheel/jquery-mousewheel.min.js?ver=12.1.1 HTTP/1.1" 200 2703 "https://www.liftsecurity.net/easy-meca/?utm_source=Pinterest&utm_medium=organic" "Mozilla/5.0 (Windows NT 10.0; Win64; x64) AppleWebKit/537.36 (KHTML, like Gecko) Chrome/109.0.0.0 Safari/537.36"
41.41.137.143 - - [29/Apr/2026:08:16:57 +0200] "GET /wp-content/themes/dt-the7/lib/custom-scrollbar/custom-scrollbar.min.js?ver=12.1.1 HTTP/1.1" 200 40085 "https://www.liftsecurity.net/easy-meca/?utm_source=Pinterest&utm_medium=organic" "Mozilla/5.0 (Windows NT 10.0; Win64; x64) AppleWebKit/537.36 (KHTML, like Gecko) Chrome/109.0.0.0 Safari/537.36"
41.41.137.143 - - [29/Apr/2026:08:16:57 +0200] "GET /wp-content/plugins/dt-the7-core/assets/js/post-type.min.js?ver=2.7.9 HTTP/1.1" 200 25147 "https://www.liftsecurity.net/easy-meca/?utm_source=Pinterest&utm_medium=organic" "Mozilla/5.0 (Windows NT 10.0; Win64; x64) AppleWebKit/537.36 (KHTML, like Gecko) Chrome/109.0.0.0 Safari/537.36"
41.41.137.143 - - [29/Apr/2026:08:16:57 +0200] "GET /wp-content/plugins/Ultimate_VC_Addons/assets/min-js/info-box.min.js?ver=3.19.19 HTTP/1.1" 200 463 "https://www.liftsecurity.net/easy-meca/?utm_source=Pinterest&utm_medium=organic" "Mozilla/5.0 (Windows NT 10.0; Win64; x64) AppleWebKit/537.36 (KHTML, like Gecko) Chrome/109.0.0.0 Safari/537.36"
41.41.137.143 - - [29/Apr/2026:08:16:57 +0200] "GET /wp-content/plugins/js_composer/assets/js/dist/js_composer_front.min.js?ver=7.4 HTTP/1.1" 200 20757 "https://www.liftsecurity.net/easy-meca/?utm_source=Pinterest&utm_medium=organic" "Mozilla/5.0 (Windows NT 10.0; Win64; x64) AppleWebKit/537.36 (KHTML, like Gecko) Chrome/109.0.0.0 Safari/537.36"
41.41.137.143 - - [29/Apr/2026:08:16:57 +0200] "GET /wp-content/plugins/revslider/sr6/assets/js/rs6.min.js?ver=6.7.11 HTTP/1.1" 200 415889 "https://www.liftsecurity.net/easy-meca/?utm_source=Pinterest&utm_medium=organic" "Mozilla/5.0 (Windows NT 10.0; Win64; x64) AppleWebKit/537.36 (KHTML, like Gecko) Chrome/109.0.0.0 Safari/537.36"
41.41.137.143 - - [29/Apr/2026:08:16:57 +0200] "GET /wp-content/uploads/2020/03/e%CC%81clate%CC%81-easy-meca-481x500.png HTTP/1.1" 200 181207 "https://www.liftsecurity.net/easy-meca/?utm_source=Pinterest&utm_medium=organic" "Mozilla/5.0 (Windows NT 10.0; Win64; x64) AppleWebKit/537.36 (KHTML, like Gecko) Chrome/109.0.0.0 Safari/537.36"
41.41.137.143 - - [29/Apr/2026:08:16:58 +0200] "GET /wp-content/uploads/2022/06/Logo-liftsecurity-fond-transparent-200.png HTTP/1.1" 200 4244 "https://www.liftsecurity.net/easy-meca/?utm_source=Pinterest&utm_medium=organic" "Mozilla/5.0 (Windows NT 10.0; Win64; x64) AppleWebKit/537.36 (KHTML, like Gecko) Chrome/109.0.0.0 Safari/537.36"
41.41.137.143 - - [29/Apr/2026:08:16:58 +0200] "GET /wp-content/uploads/2020/04/20200305-LIT-EASY-002-nelles-dimensions-487x365.jpeg HTTP/1.1" 200 20558 "https://www.liftsecurity.net/easy-meca/?utm_source=Pinterest&utm_medium=organic" "Mozilla/5.0 (Windows NT 10.0; Win64; x64) AppleWebKit/537.36 (KHTML, like Gecko) Chrome/109.0.0.0 Safari/537.36"
41.41.137.143 - - [29/Apr/2026:08:16:58 +0200] "GET /wp-content/uploads/2020/03/IMG_0852-scaled-300x300.jpg HTTP/1.1" 200 15781 "https://www.liftsecurity.net/easy-meca/?utm_source=Pinterest&utm_medium=organic" "Mozilla/5.0 (Windows NT 10.0; Win64; x64) AppleWebKit/537.36 (KHTML, like Gecko) Chrome/109.0.0.0 Safari/537.36"
41.41.137.143 - - [29/Apr/2026:08:16:55 +0200] "GET /wp-content/plugins/Ultimate_VC_Addons/assets/min-css/style.min.css?ver=3.19.19 HTTP/1.1" 200 13362 "https://www.liftsecurity.net/easy-meca/?utm_source=Pinterest&utm_medium=organic" "Mozilla/5.0 (Windows NT 10.0; Win64; x64) AppleWebKit/537.36 (KHTML, like Gecko) Chrome/109.0.0.0 Safari/537.36"
41.41.137.143 - - [29/Apr/2026:08:16:56 +0200] "GET /wp-content/cache/background-css/1/www.liftsecurity.net/wp-content/cache/min/1/wp-content/plugins/revslider/sr6/assets/css/rs6.css?ver=1777417205&wpr_t=1777424533 HTTP/1.1" 200 50371 "https://www.liftsecurity.net/easy-meca/?utm_source=Pinterest&utm_medium=organic" "Mozilla/5.0 (Windows NT 10.0; Win64; x64) AppleWebKit/537.36 (KHTML, like Gecko) Chrome/109.0.0.0 Safari/537.36"
41.41.137.143 - - [29/Apr/2026:08:16:56 +0200] "GET /wp-content/themes/dt-the7/images/the7-chevron-side.svg HTTP/1.1" 200 578 "https://www.liftsecurity.net/wp-content/themes/dt-the7/css/main.min.css?ver=12.1.1" "Mozilla/5.0 (Windows NT 10.0; Win64; x64) AppleWebKit/537.36 (KHTML, like Gecko) Chrome/109.0.0.0 Safari/537.36"
41.41.137.143 - - [29/Apr/2026:08:16:56 +0200] "GET /wp-content/themes/dt-the7/fonts/FontAwesome/webfonts/fa-solid-900.woff2 HTTP/1.1" 200 78212 "https://www.liftsecurity.net/wp-content/cache/min/1/wp-content/themes/dt-the7/fonts/FontAwesome/css/all.min.css?ver=1777417205" "Mozilla/5.0 (Windows NT 10.0; Win64; x64) AppleWebKit/537.36 (KHTML, like Gecko) Chrome/109.0.0.0 Safari/537.36"
41.41.137.143 - - [29/Apr/2026:08:16:56 +0200] "GET /wp-includes/js/jquery/jquery-migrate.min.js?ver=3.4.1 HTTP/1.1" 200 13577 "https://www.liftsecurity.net/easy-meca/?utm_source=Pinterest&utm_medium=organic" "Mozilla/5.0 (Windows NT 10.0; Win64; x64) AppleWebKit/537.36 (KHTML, like Gecko) Chrome/109.0.0.0 Safari/537.36"
41.41.137.143 - - [29/Apr/2026:08:16:57 +0200] "GET /wp-content/plugins/revslider/sr6/assets/js/rbtools.min.js?ver=6.7.11 HTTP/1.1" 200 165339 "https://www.liftsecurity.net/easy-meca/?utm_source=Pinterest&utm_medium=organic" "Mozilla/5.0 (Windows NT 10.0; Win64; x64) AppleWebKit/537.36 (KHTML, like Gecko) Chrome/109.0.0.0 Safari/537.36"
41.41.137.143 - - [29/Apr/2026:08:16:58 +0200] "GET /wp-content/uploads/2020/04/lit-ferme%CC%81-avec-meuble-487x365.png HTTP/1.1" 200 56234 "https://www.liftsecurity.net/easy-meca/?utm_source=Pinterest&utm_medium=organic" "Mozilla/5.0 (Windows NT 10.0; Win64; x64) AppleWebKit/537.36 (KHTML, like Gecko) Chrome/109.0.0.0 Safari/537.36"
41.41.137.143 - - [29/Apr/2026:08:16:58 +0200] "GET /wp-content/uploads/2020/03/IMG_0053_Fotor-860x500-1-300x300.jpg HTTP/1.1" 200 11884 "https://www.liftsecurity.net/easy-meca/?utm_source=Pinterest&utm_medium=organic" "Mozilla/5.0 (Windows NT 10.0; Win64; x64) AppleWebKit/537.36 (KHTML, like Gecko) Chrome/109.0.0.0 Safari/537.36"
41.41.137.143 - - [29/Apr/2026:08:16:58 +0200] "GET /wp-content/uploads/2023/05/LIT-JULIA-CANAPE-1600-FERME-MECA-300x300-1-50x50.jpg HTTP/1.1" 200 1408 "https://www.liftsecurity.net/easy-meca/?utm_source=Pinterest&utm_medium=organic" "Mozilla/5.0 (Windows NT 10.0; Win64; x64) AppleWebKit/537.36 (KHTML, like Gecko) Chrome/109.0.0.0 Safari/537.36"
41.41.137.143 - - [29/Apr/2026:08:16:59 +0200] "GET /wp-content/uploads/2022/06/Logo-liftsecurity-fond-transparent-300.png HTTP/1.1" 200 5661 "https://www.liftsecurity.net/easy-meca/?utm_source=Pinterest&utm_medium=organic" "Mozilla/5.0 (Windows NT 10.0; Win64; x64) AppleWebKit/537.36 (KHTML, like Gecko) Chrome/109.0.0.0 Safari/537.36"
41.41.137.143 - - [29/Apr/2026:08:16:59 +0200] "GET /wp-content/uploads/2020/03/architecture-1857175_1920.jpg HTTP/1.1" 200 240178 "https://www.liftsecurity.net/easy-meca/?utm_source=Pinterest&utm_medium=organic" "Mozilla/5.0 (Windows NT 10.0; Win64; x64) AppleWebKit/537.36 (KHTML, like Gecko) Chrome/109.0.0.0 Safari/537.36"
41.41.137.143 - - [29/Apr/2026:08:16:57 +0200] "GET /wp-content/plugins/Ultimate_VC_Addons/assets/min-js/ultimate_bg.min.js?ver=3.19.19 HTTP/1.1" 200 45147 "https://www.liftsecurity.net/easy-meca/?utm_source=Pinterest&utm_medium=organic" "Mozilla/5.0 (Windows NT 10.0; Win64; x64) AppleWebKit/537.36 (KHTML, like Gecko) Chrome/109.0.0.0 Safari/537.36"
41.41.137.143 - - [29/Apr/2026:08:16:58 +0200] "GET /wp-content/uploads/2020/04/easy-487x365.png HTTP/1.1" 200 194457 "https://www.liftsecurity.net/easy-meca/?utm_source=Pinterest&utm_medium=organic" "Mozilla/5.0 (Windows NT 10.0; Win64; x64) AppleWebKit/537.36 (KHTML, like Gecko) Chrome/109.0.0.0 Safari/537.36"
41.41.137.143 - - [29/Apr/2026:08:16:58 +0200] "GET /wp-content/uploads/2020/02/canape%CC%81-hybride3-50x50.png HTTP/1.1" 200 3428 "https://www.liftsecurity.net/easy-meca/?utm_source=Pinterest&utm_medium=organic" "Mozilla/5.0 (Windows NT 10.0; Win64; x64) AppleWebKit/537.36 (KHTML, like Gecko) Chrome/109.0.0.0 Safari/537.36"
41.41.137.143 - - [29/Apr/2026:08:16:58 +0200] "GET /wp-content/uploads/2020/02/vertical-hybride2-50x50.png HTTP/1.1" 200 3430 "https://www.liftsecurity.net/easy-meca/?utm_source=Pinterest&utm_medium=organic" "Mozilla/5.0 (Windows NT 10.0; Win64; x64) AppleWebKit/537.36 (KHTML, like Gecko) Chrome/109.0.0.0 Safari/537.36"
41.41.137.143 - - [29/Apr/2026:08:16:58 +0200] "GET /wp-content/uploads/2023/05/JULIA-simple-ferme-300x300-1-50x50.jpg HTTP/1.1" 200 1442 "https://www.liftsecurity.net/easy-meca/?utm_source=Pinterest&utm_medium=organic" "Mozilla/5.0 (Windows NT 10.0; Win64; x64) AppleWebKit/537.36 (KHTML, like Gecko) Chrome/109.0.0.0 Safari/537.36"
41.41.137.143 - - [29/Apr/2026:08:16:58 +0200] "GET /wp-content/uploads/2020/02/canape%CC%81-flex2-50x50.png HTTP/1.1" 200 2461 "https://www.liftsecurity.net/easy-meca/?utm_source=Pinterest&utm_medium=organic" "Mozilla/5.0 (Windows NT 10.0; Win64; x64) AppleWebKit/537.36 (KHTML, like Gecko) Chrome/109.0.0.0 Safari/537.36"
41.41.137.143 - - [29/Apr/2026:08:16:58 +0200] "GET /wp-content/uploads/2020/02/vertical-flex2-50x50.png HTTP/1.1" 200 2294 "https://www.liftsecurity.net/easy-meca/?utm_source=Pinterest&utm_medium=organic" "Mozilla/5.0 (Windows NT 10.0; Win64; x64) AppleWebKit/537.36 (KHTML, like Gecko) Chrome/109.0.0.0 Safari/537.36"
41.41.137.143 - - [29/Apr/2026:08:16:59 +0200] "GET /wp-content/uploads/2020/03/MANON-en-Bureau-1-300x300.jpg HTTP/1.1" 200 17491 "https://www.liftsecurity.net/easy-meca/?utm_source=Pinterest&utm_medium=organic" "Mozilla/5.0 (Windows NT 10.0; Win64; x64) AppleWebKit/537.36 (KHTML, like Gecko) Chrome/109.0.0.0 Safari/537.36"
109.234.166.131 - - [29/Apr/2026:08:17:10 +0200] "POST /wp-cron.php?doing_wp_cron=1777443430.5795359611511230468750 HTTP/1.1" 200 0 "-" "WordPress/6.9.4; https://www.liftsecurity.net"
40.77.167.70 - - [29/Apr/2026:08:17:10 +0200] "GET /items/P066497353/ HTTP/1.1" 404 96843 "-" "Mozilla/5.0 AppleWebKit/537.36 (KHTML, like Gecko; compatible; bingbot/2.0; +http://www.bing.com/bingbot.htm) Chrome/116.0.1938.76 Safari/537.36"
41.41.137.143 - - [29/Apr/2026:08:17:26 +0200] "GET /linnovation-liftsecurity/?utm_source=Pinterest&utm_medium=organic HTTP/1.1" 200 252600 "https://in.pinterest.com/" "Mozilla/5.0 (Windows NT 10.0; Win64; x64) AppleWebKit/537.36 (KHTML, like Gecko) Chrome/109.0.0.0 Safari/537.36"
41.41.137.143 - - [29/Apr/2026:08:17:26 +0200] "GET /wp-content/cache/background-css/1/www.liftsecurity.net/wp-content/cache/min/1/wp-content/plugins/go_pricing/assets/css/go_pricing_styles.css?ver=1777417205&wpr_t=1777424549 HTTP/1.1" 200 53846 "https://www.liftsecurity.net/linnovation-liftsecurity/?utm_source=Pinterest&utm_medium=organic" "Mozilla/5.0 (Windows NT 10.0; Win64; x64) AppleWebKit/537.36 (KHTML, like Gecko) Chrome/109.0.0.0 Safari/537.36"
192.178.6.32 - - [29/Apr/2026:08:17:25 +0200] "GET /items/U285057030/ HTTP/1.1" 404 96843 "-" "Mozilla/5.0 (Linux; Android 6.0.1; Nexus 5X Build/MMB29P) AppleWebKit/537.36 (KHTML, like Gecko) Chrome/147.0.7727.116 Mobile Safari/537.36 (compatible; Googlebot/2.1; +http://www.google.com/bot.html)"
41.41.137.143 - - [29/Apr/2026:08:17:26 +0200] "GET /wp-content/cache/background-css/1/www.liftsecurity.net/wp-content/cache/min/1/wp-content/uploads/js_composer/js_composer_front_custom.css?ver=1777417205&wpr_t=1777424549 HTTP/1.1" 200 492899 "https://www.liftsecurity.net/linnovation-liftsecurity/?utm_source=Pinterest&utm_medium=organic" "Mozilla/5.0 (Windows NT 10.0; Win64; x64) AppleWebKit/537.36 (KHTML, like Gecko) Chrome/109.0.0.0 Safari/537.36"
41.41.137.143 - - [29/Apr/2026:08:17:26 +0200] "GET /wp-content/cache/background-css/1/www.liftsecurity.net/wp-content/cache/min/1/wp-content/plugins/mailin/css/mailin-front.css?ver=1777417205&wpr_t=1777424550 HTTP/1.1" 200 2076 "https://www.liftsecurity.net/linnovation-liftsecurity/?utm_source=Pinterest&utm_medium=organic" "Mozilla/5.0 (Windows NT 10.0; Win64; x64) AppleWebKit/537.36 (KHTML, like Gecko) Chrome/109.0.0.0 Safari/537.36"
41.41.137.143 - - [29/Apr/2026:08:17:26 +0200] "GET /wp-content/cache/background-css/1/www.liftsecurity.net/wp-content/cache/min/1/wp-content/plugins/revslider/sr6/assets/css/rs6.css?ver=1777417205&wpr_t=1777424550 HTTP/1.1" 200 50371 "https://www.liftsecurity.net/linnovation-liftsecurity/?utm_source=Pinterest&utm_medium=organic" "Mozilla/5.0 (Windows NT 10.0; Win64; x64) AppleWebKit/537.36 (KHTML, like Gecko) Chrome/109.0.0.0 Safari/537.36"
41.41.137.143 - - [29/Apr/2026:08:17:26 +0200] "GET /wp-content/uploads/2020/03/IMG_3594-002-scaled-1-1024x768.jpg HTTP/1.1" 200 72931 "https://www.liftsecurity.net/linnovation-liftsecurity/?utm_source=Pinterest&utm_medium=organic" "Mozilla/5.0 (Windows NT 10.0; Win64; x64) AppleWebKit/537.36 (KHTML, like Gecko) Chrome/109.0.0.0 Safari/537.36"
41.41.137.143 - - [29/Apr/2026:08:17:28 +0200] "GET /wp-content/uploads/2020/03/IMG_4732-e1580416245944-379x379.jpg HTTP/1.1" 200 35915 "https://www.liftsecurity.net/linnovation-liftsecurity/?utm_source=Pinterest&utm_medium=organic" "Mozilla/5.0 (Windows NT 10.0; Win64; x64) AppleWebKit/537.36 (KHTML, like Gecko) Chrome/109.0.0.0 Safari/537.36"
41.41.137.143 - - [29/Apr/2026:08:17:28 +0200] "GET /wp-content/uploads/2020/03/berceau-me%CC%81canique-AP-001-379x379.jpg HTTP/1.1" 200 29280 "https://www.liftsecurity.net/linnovation-liftsecurity/?utm_source=Pinterest&utm_medium=organic" "Mozilla/5.0 (Windows NT 10.0; Win64; x64) AppleWebKit/537.36 (KHTML, like Gecko) Chrome/109.0.0.0 Safari/537.36"
41.41.137.143 - - [29/Apr/2026:08:17:28 +0200] "GET /wp-content/uploads/2020/05/IMG_3944-379x379.jpeg HTTP/1.1" 200 35290 "https://www.liftsecurity.net/linnovation-liftsecurity/?utm_source=Pinterest&utm_medium=organic" "Mozilla/5.0 (Windows NT 10.0; Win64; x64) AppleWebKit/537.36 (KHTML, like Gecko) Chrome/109.0.0.0 Safari/537.36"
41.41.137.143 - - [29/Apr/2026:08:17:28 +0200] "GET /wp-content/uploads/2020/05/Photo-43-sur-43-1-scaled-379x379.jpg HTTP/1.1" 200 15732 "https://www.liftsecurity.net/linnovation-liftsecurity/?utm_source=Pinterest&utm_medium=organic" "Mozilla/5.0 (Windows NT 10.0; Win64; x64) AppleWebKit/537.36 (KHTML, like Gecko) Chrome/109.0.0.0 Safari/537.36"
41.41.137.143 - - [29/Apr/2026:08:17:29 +0200] "GET /wp-content/uploads/2020/03/IMG_5266-e1563398397850-735x735.jpg HTTP/1.1" 200 63236 "https://www.liftsecurity.net/linnovation-liftsecurity/?utm_source=Pinterest&utm_medium=organic" "Mozilla/5.0 (Windows NT 10.0; Win64; x64) AppleWebKit/537.36 (KHTML, like Gecko) Chrome/109.0.0.0 Safari/537.36"
41.41.137.143 - - [29/Apr/2026:08:17:31 +0200] "GET /wp-content/uploads/2020/03/IMG_6123-e1563398088578-735x735.jpg HTTP/1.1" 200 55494 "https://www.liftsecurity.net/linnovation-liftsecurity/?utm_source=Pinterest&utm_medium=organic" "Mozilla/5.0 (Windows NT 10.0; Win64; x64) AppleWebKit/537.36 (KHTML, like Gecko) Chrome/109.0.0.0 Safari/537.36"
207.46.13.52 - - [29/Apr/2026:08:17:32 +0200] "GET /items/P063291925/ HTTP/1.1" 404 96787 "-" "Mozilla/5.0 AppleWebKit/537.36 (KHTML, like Gecko; compatible; bingbot/2.0; +http://www.bing.com/bingbot.htm) Chrome/116.0.1938.76 Safari/537.36"
41.41.137.143 - - [29/Apr/2026:08:16:58 +0200] "GET /wp-content/uploads/2020/03/IMG_8102-300x300.jpg HTTP/1.1" 200 13575 "https://www.liftsecurity.net/easy-meca/?utm_source=Pinterest&utm_medium=organic" "Mozilla/5.0 (Windows NT 10.0; Win64; x64) AppleWebKit/537.36 (KHTML, like Gecko) Chrome/109.0.0.0 Safari/537.36"
41.41.137.143 - - [29/Apr/2026:08:16:58 +0200] "GET /wp-content/uploads/2020/02/horizontal-gaz2-50x50.png HTTP/1.1" 200 1883 "https://www.liftsecurity.net/easy-meca/?utm_source=Pinterest&utm_medium=organic" "Mozilla/5.0 (Windows NT 10.0; Win64; x64) AppleWebKit/537.36 (KHTML, like Gecko) Chrome/109.0.0.0 Safari/537.36"
41.41.137.143 - - [29/Apr/2026:08:16:59 +0200] "GET /wp-content/plugins/Ultimate_VC_Addons/assets/images/patterns/01.png HTTP/1.1" 200 71 "https://www.liftsecurity.net/easy-meca/?utm_source=Pinterest&utm_medium=organic" "Mozilla/5.0 (Windows NT 10.0; Win64; x64) AppleWebKit/537.36 (KHTML, like Gecko) Chrome/109.0.0.0 Safari/537.36"
41.41.137.143 - - [29/Apr/2026:08:16:59 +0200] "GET /wp-content/uploads/2020/05/woman-2197947_1920-v2.jpg HTTP/1.1" 200 80801 "https://www.liftsecurity.net/easy-meca/?utm_source=Pinterest&utm_medium=organic" "Mozilla/5.0 (Windows NT 10.0; Win64; x64) AppleWebKit/537.36 (KHTML, like Gecko) Chrome/109.0.0.0 Safari/537.36"
41.41.137.143 - - [29/Apr/2026:08:17:00 +0200] "GET /wp-content/uploads/2020/05/cropped-lift_Fotor-32x32.png HTTP/1.1" 200 1594 "https://www.liftsecurity.net/easy-meca/?utm_source=Pinterest&utm_medium=organic" "Mozilla/5.0 (Windows NT 10.0; Win64; x64) AppleWebKit/537.36 (KHTML, like Gecko) Chrome/109.0.0.0 Safari/537.36"
109.234.166.131 - - [29/Apr/2026:08:17:19 +0200] "POST /wp-cron.php?doing_wp_cron=1777443439.7571420669555664062500 HTTP/1.1" 200 0 "-" "WordPress/6.9.4; https://www.liftsecurity.net"
41.41.137.143 - - [29/Apr/2026:08:17:26 +0200] "GET /wp-content/cache/background-css/1/www.liftsecurity.net/wp-content/cache/min/1/wp-content/plugins/recent-tweets-widget/tp_twitter_plugin.css?ver=1777417205&wpr_t=1777424549 HTTP/1.1" 200 364 "https://www.liftsecurity.net/linnovation-liftsecurity/?utm_source=Pinterest&utm_medium=organic" "Mozilla/5.0 (Windows NT 10.0; Win64; x64) AppleWebKit/537.36 (KHTML, like Gecko) Chrome/109.0.0.0 Safari/537.36"
41.41.137.143 - - [29/Apr/2026:08:17:28 +0200] "GET /wp-content/uploads/2020/03/alexis-au-boulot-379x379.jpg HTTP/1.1" 200 28389 "https://www.liftsecurity.net/linnovation-liftsecurity/?utm_source=Pinterest&utm_medium=organic" "Mozilla/5.0 (Windows NT 10.0; Win64; x64) AppleWebKit/537.36 (KHTML, like Gecko) Chrome/109.0.0.0 Safari/537.36"
41.41.137.143 - - [29/Apr/2026:08:17:28 +0200] "GET /wp-content/uploads/2020/05/IMG_0166-379x379.jpeg HTTP/1.1" 200 35324 "https://www.liftsecurity.net/linnovation-liftsecurity/?utm_source=Pinterest&utm_medium=organic" "Mozilla/5.0 (Windows NT 10.0; Win64; x64) AppleWebKit/537.36 (KHTML, like Gecko) Chrome/109.0.0.0 Safari/537.36"
41.41.137.143 - - [29/Apr/2026:08:17:31 +0200] "GET /wp-content/uploads/2020/03/IMG_5261-e1563398449255-735x735.jpg HTTP/1.1" 200 66896 "https://www.liftsecurity.net/linnovation-liftsecurity/?utm_source=Pinterest&utm_medium=organic" "Mozilla/5.0 (Windows NT 10.0; Win64; x64) AppleWebKit/537.36 (KHTML, like Gecko) Chrome/109.0.0.0 Safari/537.36"
109.234.166.131 - - [29/Apr/2026:08:17:32 +0200] "POST /wp-cron.php?doing_wp_cron=1777443452.6812820434570312500000 HTTP/1.1" 200 0 "-" "WordPress/6.9.4; https://www.liftsecurity.net"
192.178.6.41 - - [29/Apr/2026:08:17:43 +0200] "GET /items/U287840517/ HTTP/1.1" 404 96843 "-" "Mozilla/5.0 (Linux; Android 6.0.1; Nexus 5X Build/MMB29P) AppleWebKit/537.36 (KHTML, like Gecko) Chrome/147.0.7727.116 Mobile Safari/537.36 (compatible; Googlebot/2.1; +http://www.google.com/bot.html)"
192.178.6.41 - - [29/Apr/2026:08:17:50 +0200] "GET /items/U281118597/ HTTP/1.1" 404 96843 "-" "Mozilla/5.0 (Linux; Android 6.0.1; Nexus 5X Build/MMB29P) AppleWebKit/537.36 (KHTML, like Gecko) Chrome/147.0.7727.116 Mobile Safari/537.36 (compatible; Googlebot/2.1; +http://www.google.com/bot.html)"
192.178.6.32 - - [29/Apr/2026:08:17:19 +0200] "GET /items/V131401423/ HTTP/1.1" 404 96843 "-" "Mozilla/5.0 (Linux; Android 6.0.1; Nexus 5X Build/MMB29P) AppleWebKit/537.36 (KHTML, like Gecko) Chrome/147.0.7727.116 Mobile Safari/537.36 (compatible; Googlebot/2.1; +http://www.google.com/bot.html)"
41.41.137.143 - - [29/Apr/2026:08:17:26 +0200] "GET //wp-content/uploads/2020/05/architecture-1857175_1920.jpg?id=2922 HTTP/1.1" 200 128030 "https://www.liftsecurity.net/linnovation-liftsecurity/?utm_source=Pinterest&utm_medium=organic" "Mozilla/5.0 (Windows NT 10.0; Win64; x64) AppleWebKit/537.36 (KHTML, like Gecko) Chrome/109.0.0.0 Safari/537.36"
57.141.20.10 - - [29/Apr/2026:08:17:25 +0200] "GET /items/P062451103/ HTTP/1.1" 404 96843 "-" "meta-externalagent/1.1 (+https://developers.facebook.com/docs/sharing/webmasters/crawler)"
41.41.137.143 - - [29/Apr/2026:08:17:28 +0200] "GET /wp-content/uploads/2020/03/berceau-me%CC%81canique-AP-003-379x379.jpg HTTP/1.1" 200 26333 "https://www.liftsecurity.net/linnovation-liftsecurity/?utm_source=Pinterest&utm_medium=organic" "Mozilla/5.0 (Windows NT 10.0; Win64; x64) AppleWebKit/537.36 (KHTML, like Gecko) Chrome/109.0.0.0 Safari/537.36"
41.41.137.143 - - [29/Apr/2026:08:17:28 +0200] "GET /wp-content/uploads/2020/05/IMG_0096-e1529961829772-1-379x379.jpg HTTP/1.1" 200 31551 "https://www.liftsecurity.net/linnovation-liftsecurity/?utm_source=Pinterest&utm_medium=organic" "Mozilla/5.0 (Windows NT 10.0; Win64; x64) AppleWebKit/537.36 (KHTML, like Gecko) Chrome/109.0.0.0 Safari/537.36"
41.41.137.143 - - [29/Apr/2026:08:17:29 +0200] "GET /wp-content/uploads/2020/03/IMG_5545-e1563398253820-735x735.jpg HTTP/1.1" 200 74912 "https://www.liftsecurity.net/linnovation-liftsecurity/?utm_source=Pinterest&utm_medium=organic" "Mozilla/5.0 (Windows NT 10.0; Win64; x64) AppleWebKit/537.36 (KHTML, like Gecko) Chrome/109.0.0.0 Safari/537.36"
41.41.137.143 - - [29/Apr/2026:08:18:27 +0200] "GET /wp-content/cache/background-css/1/www.liftsecurity.net/wp-content/cache/min/1/wp-content/plugins/recent-tweets-widget/tp_twitter_plugin.css?ver=1777417205&wpr_t=1777424723 HTTP/1.1" 200 364 "https://www.liftsecurity.net/contact/" "Mozilla/5.0 (Windows NT 10.0; Win64; x64) AppleWebKit/537.36 (KHTML, like Gecko) Chrome/109.0.0.0 Safari/537.36"
41.41.137.143 - - [29/Apr/2026:08:18:27 +0200] "GET /wp-content/plugins/Ultimate_VC_Addons/assets/min-css/hotspot-tooltipster.min.css?ver=3.19.19 HTTP/1.1" 200 7449 "https://www.liftsecurity.net/contact/" "Mozilla/5.0 (Windows NT 10.0; Win64; x64) AppleWebKit/537.36 (KHTML, like Gecko) Chrome/109.0.0.0 Safari/537.36"
41.41.137.143 - - [29/Apr/2026:08:18:27 +0200] "GET /wp-content/cache/background-css/1/www.liftsecurity.net/wp-content/cache/min/1/wp-content/plugins/mailin/css/mailin-front.css?ver=1777417205&wpr_t=1777424723 HTTP/1.1" 200 2076 "https://www.liftsecurity.net/contact/" "Mozilla/5.0 (Windows NT 10.0; Win64; x64) AppleWebKit/537.36 (KHTML, like Gecko) Chrome/109.0.0.0 Safari/537.36"
41.41.137.143 - - [29/Apr/2026:08:18:27 +0200] "GET /wp-content/plugins/elementor/assets/css/widget-heading.min.css?ver=3.35.6 HTTP/1.1" 200 560 "https://www.liftsecurity.net/contact/" "Mozilla/5.0 (Windows NT 10.0; Win64; x64) AppleWebKit/537.36 (KHTML, like Gecko) Chrome/109.0.0.0 Safari/537.36"
41.41.137.143 - - [29/Apr/2026:08:18:27 +0200] "GET /wp-content/uploads/elementor/google-fonts/fonts/roboto-kfo7cnqeu92fr1me7ksn66agldtyluama3yuba.woff2 HTTP/1.1" 200 40128 "https://www.liftsecurity.net/wp-content/cache/min/1/wp-content/uploads/elementor/google-fonts/css/roboto.css?ver=1777417523" "Mozilla/5.0 (Windows NT 10.0; Win64; x64) AppleWebKit/537.36 (KHTML, like Gecko) Chrome/109.0.0.0 Safari/537.36"
109.234.166.131 - - [29/Apr/2026:08:17:44 +0200] "POST /wp-cron.php?doing_wp_cron=1777443464.1330349445343017578125 HTTP/1.1" 200 0 "-" "WordPress/6.9.4; https://www.liftsecurity.net"
192.178.6.41 - - [29/Apr/2026:08:17:53 +0200] "GET /items/U281498173/ HTTP/1.1" 404 96843 "-" "Mozilla/5.0 (Linux; Android 6.0.1; Nexus 5X Build/MMB29P) AppleWebKit/537.36 (KHTML, like Gecko) Chrome/147.0.7727.116 Mobile Safari/537.36 (compatible; Googlebot/2.1; +http://www.google.com/bot.html)"
41.41.137.143 - - [29/Apr/2026:08:18:26 +0200] "GET /contact/ HTTP/1.1" 200 252195 "https://www.liftsecurity.net/linnovation-liftsecurity/?utm_source=Pinterest&utm_medium=organic" "Mozilla/5.0 (Windows NT 10.0; Win64; x64) AppleWebKit/537.36 (KHTML, like Gecko) Chrome/109.0.0.0 Safari/537.36"
41.41.137.143 - - [29/Apr/2026:08:18:27 +0200] "GET /wp-content/cache/background-css/1/www.liftsecurity.net/wp-content/cache/min/1/wp-content/plugins/go_pricing/assets/css/go_pricing_styles.css?ver=1777417205&wpr_t=1777424723 HTTP/1.1" 200 53846 "https://www.liftsecurity.net/contact/" "Mozilla/5.0 (Windows NT 10.0; Win64; x64) AppleWebKit/537.36 (KHTML, like Gecko) Chrome/109.0.0.0 Safari/537.36"
41.41.137.143 - - [29/Apr/2026:08:18:27 +0200] "GET /wp-content/cache/background-css/1/www.liftsecurity.net/wp-content/cache/min/1/wp-content/uploads/js_composer/js_composer_front_custom.css?ver=1777417205&wpr_t=1777424723 HTTP/1.1" 200 492899 "https://www.liftsecurity.net/contact/" "Mozilla/5.0 (Windows NT 10.0; Win64; x64) AppleWebKit/537.36 (KHTML, like Gecko) Chrome/109.0.0.0 Safari/537.36"
41.41.137.143 - - [29/Apr/2026:08:18:27 +0200] "GET /wp-content/plugins/elementor/assets/css/frontend.min.css?ver=3.35.6 HTTP/1.1" 200 54666 "https://www.liftsecurity.net/contact/" "Mozilla/5.0 (Windows NT 10.0; Win64; x64) AppleWebKit/537.36 (KHTML, like Gecko) Chrome/109.0.0.0 Safari/537.36"
41.41.137.143 - - [29/Apr/2026:08:18:27 +0200] "GET /wp-content/plugins/elementor/assets/css/widget-divider.min.css?ver=3.35.6 HTTP/1.1" 200 4258 "https://www.liftsecurity.net/contact/" "Mozilla/5.0 (Windows NT 10.0; Win64; x64) AppleWebKit/537.36 (KHTML, like Gecko) Chrome/109.0.0.0 Safari/537.36"
41.41.137.143 - - [29/Apr/2026:08:18:27 +0200] "GET /wp-content/uploads/elementor/css/post-1621.css?ver=1777417522 HTTP/1.1" 200 1068 "https://www.liftsecurity.net/contact/" "Mozilla/5.0 (Windows NT 10.0; Win64; x64) AppleWebKit/537.36 (KHTML, like Gecko) Chrome/109.0.0.0 Safari/537.36"
41.41.137.143 - - [29/Apr/2026:08:18:27 +0200] "GET /wp-content/cache/background-css/1/www.liftsecurity.net/wp-content/cache/min/1/wp-content/plugins/revslider/sr6/assets/css/rs6.css?ver=1777417205&wpr_t=1777424723 HTTP/1.1" 200 50371 "https://www.liftsecurity.net/contact/" "Mozilla/5.0 (Windows NT 10.0; Win64; x64) AppleWebKit/537.36 (KHTML, like Gecko) Chrome/109.0.0.0 Safari/537.36"
41.41.137.143 - - [29/Apr/2026:08:18:27 +0200] "GET /wp-content/uploads/2020/03/homeadress.png HTTP/1.1" 200 188812 "https://www.liftsecurity.net/contact/" "Mozilla/5.0 (Windows NT 10.0; Win64; x64) AppleWebKit/537.36 (KHTML, like Gecko) Chrome/109.0.0.0 Safari/537.36"
41.41.137.143 - - [29/Apr/2026:08:18:27 +0200] "GET /wp-content/uploads/smile_fonts/icomoon-free-social-contact-16x16/icomoon-free-social-contact-16x16.ttf?ggo0lu HTTP/1.1" 200 26928 "https://www.liftsecurity.net/wp-content/cache/min/1/wp-content/uploads/smile_fonts/icomoon-free-social-contact-16x16/icomoon-free-social-contact-16x16.css?ver=1777417205" "Mozilla/5.0 (Windows NT 10.0; Win64; x64) AppleWebKit/537.36 (KHTML, like Gecko) Chrome/109.0.0.0 Safari/537.36"
41.41.137.143 - - [29/Apr/2026:08:18:28 +0200] "GET /wp-content/plugins/Ultimate_VC_Addons/assets/min-js/hotspot-tooltipster.min.js?ver=3.19.19 HTTP/1.1" 200 17770 "https://www.liftsecurity.net/contact/" "Mozilla/5.0 (Windows NT 10.0; Win64; x64) AppleWebKit/537.36 (KHTML, like Gecko) Chrome/109.0.0.0 Safari/537.36"
41.41.137.143 - - [29/Apr/2026:08:18:27 +0200] "GET /wp-content/uploads/2025/07/5ec5b6e1249e553a8633a953.jpg HTTP/1.1" 200 200543 "https://www.liftsecurity.net/contact/" "Mozilla/5.0 (Windows NT 10.0; Win64; x64) AppleWebKit/537.36 (KHTML, like Gecko) Chrome/109.0.0.0 Safari/537.36"
41.41.137.143 - - [29/Apr/2026:08:18:27 +0200] "GET /wp-content/plugins/Ultimate_VC_Addons/assets/min-css/hotspot.min.css?ver=3.19.19 HTTP/1.1" 200 2617 "https://www.liftsecurity.net/contact/" "Mozilla/5.0 (Windows NT 10.0; Win64; x64) AppleWebKit/537.36 (KHTML, like Gecko) Chrome/109.0.0.0 Safari/537.36"
41.41.137.143 - - [29/Apr/2026:08:18:27 +0200] "GET /wp-content/cache/background-css/1/www.liftsecurity.net/wp-content/uploads/elementor/css/post-4247.css?ver=1777417522&wpr_t=1777424723 HTTP/1.1" 200 11630 "https://www.liftsecurity.net/contact/" "Mozilla/5.0 (Windows NT 10.0; Win64; x64) AppleWebKit/537.36 (KHTML, like Gecko) Chrome/109.0.0.0 Safari/537.36"
41.41.137.143 - - [29/Apr/2026:08:18:27 +0200] "GET /wp-content/plugins/elementor-pro/assets/css/widget-form.min.css?ver=3.26.0 HTTP/1.1" 200 6798 "https://www.liftsecurity.net/contact/" "Mozilla/5.0 (Windows NT 10.0; Win64; x64) AppleWebKit/537.36 (KHTML, like Gecko) Chrome/109.0.0.0 Safari/537.36"
41.41.137.143 - - [29/Apr/2026:08:18:27 +0200] "GET /wp-content/cache/min/1/wp-content/plugins/elementor/assets/lib/eicons/css/elementor-icons.min.css?ver=1777417522 HTTP/1.1" 200 22037 "https://www.liftsecurity.net/contact/" "Mozilla/5.0 (Windows NT 10.0; Win64; x64) AppleWebKit/537.36 (KHTML, like Gecko) Chrome/109.0.0.0 Safari/537.36"
41.41.137.143 - - [29/Apr/2026:08:18:27 +0200] "GET /wp-content/cache/min/1/wp-content/uploads/elementor/google-fonts/css/roboto.css?ver=1777417523 HTTP/1.1" 200 95724 "https://www.liftsecurity.net/contact/" "Mozilla/5.0 (Windows NT 10.0; Win64; x64) AppleWebKit/537.36 (KHTML, like Gecko) Chrome/109.0.0.0 Safari/537.36"
41.41.137.143 - - [29/Apr/2026:08:18:27 +0200] "GET /wp-content/cache/min/1/wp-content/uploads/elementor/google-fonts/css/robotoslab.css?ver=1777417523 HTTP/1.1" 200 21933 "https://www.liftsecurity.net/contact/" "Mozilla/5.0 (Windows NT 10.0; Win64; x64) AppleWebKit/537.36 (KHTML, like Gecko) Chrome/109.0.0.0 Safari/537.36"
41.41.137.143 - - [29/Apr/2026:08:18:28 +0200] "GET /wp-includes/js/dist/hooks.min.js?ver=dd5603f07f9220ed27f1 HTTP/1.1" 200 5661 "https://www.liftsecurity.net/contact/" "Mozilla/5.0 (Windows NT 10.0; Win64; x64) AppleWebKit/537.36 (KHTML, like Gecko) Chrome/109.0.0.0 Safari/537.36"
41.41.137.143 - - [29/Apr/2026:08:18:28 +0200] "GET /wp-includes/js/dist/i18n.min.js?ver=c26c3dc7bed366793375 HTTP/1.1" 200 5314 "https://www.liftsecurity.net/contact/" "Mozilla/5.0 (Windows NT 10.0; Win64; x64) AppleWebKit/537.36 (KHTML, like Gecko) Chrome/109.0.0.0 Safari/537.36"
41.41.137.143 - - [29/Apr/2026:08:18:28 +0200] "GET /wp-content/plugins/Ultimate_VC_Addons/assets/min-js/hotspot.min.js?ver=3.19.19 HTTP/1.1" 200 1781 "https://www.liftsecurity.net/contact/" "Mozilla/5.0 (Windows NT 10.0; Win64; x64) AppleWebKit/537.36 (KHTML, like Gecko) Chrome/109.0.0.0 Safari/537.36"
41.41.137.143 - - [29/Apr/2026:08:18:29 +0200] "GET /wp-content/plugins/elementor/assets/js/section-frontend-handlers.d85ab872da118940910d.bundle.min.js HTTP/1.1" 200 449 "https://www.liftsecurity.net/contact/" "Mozilla/5.0 (Windows NT 10.0; Win64; x64) AppleWebKit/537.36 (KHTML, like Gecko) Chrome/109.0.0.0 Safari/537.36"
41.41.137.143 - - [29/Apr/2026:08:18:29 +0200] "GET /wp-content/plugins/elementor/assets/js/text-editor.45609661e409413f1cef.bundle.min.js HTTP/1.1" 200 1348 "https://www.liftsecurity.net/contact/" "Mozilla/5.0 (Windows NT 10.0; Win64; x64) AppleWebKit/537.36 (KHTML, like Gecko) Chrome/109.0.0.0 Safari/537.36"
109.234.166.131 - - [29/Apr/2026:08:20:21 +0200] "POST /wp-cron.php?doing_wp_cron=1777443621.3469970226287841796875 HTTP/1.1" 200 0 "-" "WordPress/6.9.4; https://www.liftsecurity.net"
41.41.137.143 - - [29/Apr/2026:08:18:28 +0200] "GET /wp-content/plugins/elementor/assets/js/webpack.runtime.min.js?ver=3.35.6 HTTP/1.1" 200 5722 "https://www.liftsecurity.net/contact/" "Mozilla/5.0 (Windows NT 10.0; Win64; x64) AppleWebKit/537.36 (KHTML, like Gecko) Chrome/109.0.0.0 Safari/537.36"
41.41.137.143 - - [29/Apr/2026:08:18:28 +0200] "GET /wp-content/plugins/elementor/assets/js/frontend-modules.min.js?ver=3.35.6 HTTP/1.1" 200 50503 "https://www.liftsecurity.net/contact/" "Mozilla/5.0 (Windows NT 10.0; Win64; x64) AppleWebKit/537.36 (KHTML, like Gecko) Chrome/109.0.0.0 Safari/537.36"
41.41.137.143 - - [29/Apr/2026:08:18:28 +0200] "GET /wp-includes/js/jquery/ui/core.min.js?ver=1.13.3 HTTP/1.1" 200 21464 "https://www.liftsecurity.net/contact/" "Mozilla/5.0 (Windows NT 10.0; Win64; x64) AppleWebKit/537.36 (KHTML, like Gecko) Chrome/109.0.0.0 Safari/537.36"
41.41.137.143 - - [29/Apr/2026:08:18:28 +0200] "GET /wp-content/plugins/elementor/assets/js/frontend.min.js?ver=3.35.6 HTTP/1.1" 200 31928 "https://www.liftsecurity.net/contact/" "Mozilla/5.0 (Windows NT 10.0; Win64; x64) AppleWebKit/537.36 (KHTML, like Gecko) Chrome/109.0.0.0 Safari/537.36"
41.41.137.143 - - [29/Apr/2026:08:18:28 +0200] "GET /wp-content/plugins/elementor-pro/assets/js/elements-handlers.min.js?ver=3.26.0 HTTP/1.1" 200 44624 "https://www.liftsecurity.net/contact/" "Mozilla/5.0 (Windows NT 10.0; Win64; x64) AppleWebKit/537.36 (KHTML, like Gecko) Chrome/109.0.0.0 Safari/537.36"
41.41.137.143 - - [29/Apr/2026:08:18:29 +0200] "GET /wp-content/plugins/elementor/assets/js/shared-frontend-handlers.03caa53373b56d3bab67.bundle.min.js HTTP/1.1" 200 8481 "https://www.liftsecurity.net/contact/" "Mozilla/5.0 (Windows NT 10.0; Win64; x64) AppleWebKit/537.36 (KHTML, like Gecko) Chrome/109.0.0.0 Safari/537.36"
41.41.137.143 - - [29/Apr/2026:08:18:29 +0200] "GET /wp-content/plugins/elementor-pro/assets/js/form.ae7f04a9f3cbc167835c.bundle.min.js HTTP/1.1" 200 19656 "https://www.liftsecurity.net/contact/" "Mozilla/5.0 (Windows NT 10.0; Win64; x64) AppleWebKit/537.36 (KHTML, like Gecko) Chrome/109.0.0.0 Safari/537.36"
41.41.137.143 - - [29/Apr/2026:08:18:29 +0200] "GET /wp-content/plugins/elementor-pro/assets/js/popup.f7b15b2ca565b152bf98.bundle.min.js HTTP/1.1" 200 752 "https://www.liftsecurity.net/contact/" "Mozilla/5.0 (Windows NT 10.0; Win64; x64) AppleWebKit/537.36 (KHTML, like Gecko) Chrome/109.0.0.0 Safari/537.36"
109.234.166.131 - - [29/Apr/2026:08:19:59 +0200] "POST /wp-cron.php?doing_wp_cron=1777443599.4837570190429687500000 HTTP/1.1" 200 0 "-" "WordPress/6.9.4; https://www.liftsecurity.net"
192.178.6.33 - - [29/Apr/2026:08:19:58 +0200] "GET /items/L041473685/ HTTP/1.1" 404 96843 "-" "Mozilla/5.0 (Linux; Android 6.0.1; Nexus 5X Build/MMB29P) AppleWebKit/537.36 (KHTML, like Gecko) Chrome/147.0.7727.116 Mobile Safari/537.36 (compatible; Googlebot/2.1; +http://www.google.com/bot.html)"
220.181.108.145 - - [29/Apr/2026:08:20:05 +0200] "GET /wp-content/uploads/2023/11/HYBRIDE-CANAPE-img-canape-min-379x379.jpg HTTP/1.1" 200 42597 "-" "Baiduspider-image+(+http://www.baidu.com/search/spider.htm)"
52.167.144.204 - - [29/Apr/2026:08:20:20 +0200] "GET /project/studio/ HTTP/1.1" 301 0 "-" "Mozilla/5.0 AppleWebKit/537.36 (KHTML, like Gecko; compatible; bingbot/2.0; +http://www.bing.com/bingbot.htm) Chrome/116.0.1938.76 Safari/537.36"
52.167.144.204 - - [29/Apr/2026:08:20:22 +0200] "GET /lit/studio/ HTTP/1.1" 200 268424 "-" "Mozilla/5.0 AppleWebKit/537.36 (KHTML, like Gecko; compatible; bingbot/2.0; +http://www.bing.com/bingbot.htm) Chrome/116.0.1938.76 Safari/537.36"
172.252.31.126 - - [29/Apr/2026:08:20:39 +0200] "GET / HTTP/1.1" 200 287492 "https://www.bing.net/" "Mozilla/5.0 (Macintosh; Intel Mac OS X 10_12_5; rv:132.280.822) Gecko/20100101 Firefox/132.280.822"
172.252.31.126 - - [29/Apr/2026:08:20:43 +0200] "GET / HTTP/1.1" 200 287492 "https://www.liftsecurity.net/" "Mozilla/5.0 (Macintosh; Intel Mac OS X 10_12_5; rv:132.280.822) Gecko/20100101 Firefox/132.280.822"
57.141.20.45 - - [29/Apr/2026:08:20:45 +0200] "GET /items/P065091466/ HTTP/1.1" 301 0 "-" "meta-externalagent/1.1 (+https://developers.facebook.com/docs/sharing/webmasters/crawler)"
109.234.166.131 - - [29/Apr/2026:08:21:10 +0200] "POST /wp-cron.php?doing_wp_cron=1777443670.7127299308776855468750 HTTP/1.1" 200 0 "-" "WordPress/6.9.4; https://www.liftsecurity.net"
192.178.6.32 - - [29/Apr/2026:08:21:10 +0200] "GET /detail/25316139648039 HTTP/1.1" 404 96843 "-" "Mozilla/5.0 (Linux; Android 6.0.1; Nexus 5X Build/MMB29P) AppleWebKit/537.36 (KHTML, like Gecko) Chrome/147.0.7727.116 Mobile Safari/537.36 (compatible; Googlebot/2.1; +http://www.google.com/bot.html)"
96.9.125.116 - - [29/Apr/2026:08:21:38 +0200] "POST /wp-login.php HTTP/1.1" 404 92837 "-" "Mozilla/5.0 (Windows NT 10.0) AppleWebKit/537.43 (KHTML, like Gecko) Chrome/139.0.0.0 Safari/537.36 OPR/123.0.0.0"
5.161.108.178 - - [29/Apr/2026:08:22:22 +0200] "GET /items/M354342249/ HTTP/1.1" 404 96843 "-" "Mozilla/5.0 (Windows NT 10.0; Win64; x64) AppleWebKit/537.36 (KHTML, like Gecko) Chrome/84.0.4147.105 Safari/537.36"
109.234.166.131 - - [29/Apr/2026:08:22:42 +0200] "POST /wp-cron.php?doing_wp_cron=1777443762.5743680000305175781250 HTTP/1.1" 200 0 "-" "WordPress/6.9.4; https://www.liftsecurity.net"
109.234.166.131 - - [29/Apr/2026:08:23:34 +0200] "POST /wp-cron.php?doing_wp_cron=1777443814.1620609760284423828125 HTTP/1.1" 200 0 "-" "WordPress/6.9.4; https://www.liftsecurity.net"
207.46.13.52 - - [29/Apr/2026:08:23:35 +0200] "GET /items/L953669842/ HTTP/1.1" 404 96843 "-" "Mozilla/5.0 AppleWebKit/537.36 (KHTML, like Gecko; compatible; bingbot/2.0; +http://www.bing.com/bingbot.htm) Chrome/116.0.1938.76 Safari/537.36"
109.234.166.131 - - [29/Apr/2026:08:23:42 +0200] "POST /wp-cron.php?doing_wp_cron=1777443822.5636720657348632812500 HTTP/1.1" 200 0 "-" "WordPress/6.9.4; https://www.liftsecurity.net"
207.46.13.52 - - [29/Apr/2026:08:23:42 +0200] "GET /items/P061720399/ HTTP/1.1" 404 96787 "-" "Mozilla/5.0 AppleWebKit/537.36 (KHTML, like Gecko; compatible; bingbot/2.0; +http://www.bing.com/bingbot.htm) Chrome/116.0.1938.76 Safari/537.36"
40.77.167.70 - - [29/Apr/2026:08:23:44 +0200] "GET /items/M506609795/ HTTP/1.1" 404 96843 "-" "Mozilla/5.0 AppleWebKit/537.36 (KHTML, like Gecko; compatible; bingbot/2.0; +http://www.bing.com/bingbot.htm) Chrome/116.0.1938.76 Safari/537.36"
40.77.167.70 - - [29/Apr/2026:08:23:54 +0200] "GET /items/J663856722/ HTTP/1.1" 404 96843 "-" "Mozilla/5.0 AppleWebKit/537.36 (KHTML, like Gecko; compatible; bingbot/2.0; +http://www.bing.com/bingbot.htm) Chrome/116.0.1938.76 Safari/537.36"
40.77.167.70 - - [29/Apr/2026:08:23:55 +0200] "GET /detail/57271067079533 HTTP/1.1" 404 96843 "-" "Mozilla/5.0 AppleWebKit/537.36 (KHTML, like Gecko; compatible; bingbot/2.0; +http://www.bing.com/bingbot.htm) Chrome/116.0.1938.76 Safari/537.36"
40.77.167.70 - - [29/Apr/2026:08:23:56 +0200] "GET /items/P066959610/ HTTP/1.1" 404 96843 "-" "Mozilla/5.0 AppleWebKit/537.36 (KHTML, like Gecko; compatible; bingbot/2.0; +http://www.bing.com/bingbot.htm) Chrome/116.0.1938.76 Safari/537.36"
77.75.76.165 - - [29/Apr/2026:08:24:07 +0200] "GET /items/P061756312/ HTTP/1.1" 404 96843 "-" "Mozilla/5.0 (compatible; SeznamBot/4.0; +https://o-seznam.cz/napoveda/vyhledavani/en/seznambot-crawler/)"
192.178.6.33 - - [29/Apr/2026:08:24:37 +0200] "GET /items/K051796408/ HTTP/1.1" 404 96843 "-" "Mozilla/5.0 (Linux; Android 6.0.1; Nexus 5X Build/MMB29P) AppleWebKit/537.36 (KHTML, like Gecko) Chrome/147.0.7727.116 Mobile Safari/537.36 (compatible; Googlebot/2.1; +http://www.google.com/bot.html)"
