92.153.96.132 - - [29/Apr/2026:10:13:00 +0200] "GET / HTTP/1.1" 200 287492 "https://www.liftsecurity.net/" "Mozilla/5.0 (Windows NT 10.0; Win64; x64) AppleWebKit/537.36 (KHTML, like Gecko) Chrome/147.0.0.0 Safari/537.36"
92.153.96.132 - - [29/Apr/2026:10:13:01 +0200] "GET /lit-escamotable-electrique-julia-canape/ HTTP/1.1" 200 258727 "https://www.liftsecurity.net/" "Mozilla/5.0 (Windows NT 10.0; Win64; x64) AppleWebKit/537.36 (KHTML, like Gecko) Chrome/147.0.0.0 Safari/537.36"
92.153.96.132 - - [29/Apr/2026:10:13:01 +0200] "GET //wp-content/uploads/2020/02/liftsecurity-intro.mp4 HTTP/1.1" 200 6615637 "https://www.liftsecurity.net/" "Mozilla/5.0 (Windows NT 10.0; Win64; x64) AppleWebKit/537.36 (KHTML, like Gecko) Chrome/147.0.0.0 Safari/537.36"
92.153.96.132 - - [29/Apr/2026:10:13:01 +0200] "GET /lit-escamotable-electrique-julia-simple/ HTTP/1.1" 200 244887 "https://www.liftsecurity.net/" "Mozilla/5.0 (Windows NT 10.0; Win64; x64) AppleWebKit/537.36 (KHTML, like Gecko) Chrome/147.0.0.0 Safari/537.36"
92.153.96.132 - - [29/Apr/2026:10:13:04 +0200] "GET /wp-content/uploads/2020/06/20200625-LIT-SITE-ASS.jpeg HTTP/1.1" 200 39980 "https://www.liftsecurity.net/" "Mozilla/5.0 (Windows NT 10.0; Win64; x64) AppleWebKit/537.36 (KHTML, like Gecko) Chrome/147.0.0.0 Safari/537.36"
92.153.96.132 - - [29/Apr/2026:10:13:06 +0200] "GET //wp-content/uploads/2023/11/HYBRIDE-CANAPE-img-canape-min.jpg?id=4034 HTTP/1.1" 200 387600 "https://www.liftsecurity.net/" "Mozilla/5.0 (Windows NT 10.0; Win64; x64) AppleWebKit/537.36 (KHTML, like Gecko) Chrome/147.0.0.0 Safari/537.36"
92.153.96.132 - - [29/Apr/2026:10:13:06 +0200] "GET //wp-content/uploads/2020/05/IMG_8103_Fotor-2.jpg?id=2975 HTTP/1.1" 200 82968 "https://www.liftsecurity.net/" "Mozilla/5.0 (Windows NT 10.0; Win64; x64) AppleWebKit/537.36 (KHTML, like Gecko) Chrome/147.0.0.0 Safari/537.36"
92.153.96.132 - - [29/Apr/2026:10:13:07 +0200] "GET //wp-content/uploads/2020/02/IMG_0515_Fotor-scaled.jpg?id=1590 HTTP/1.1" 200 384262 "https://www.liftsecurity.net/" "Mozilla/5.0 (Windows NT 10.0; Win64; x64) AppleWebKit/537.36 (KHTML, like Gecko) Chrome/147.0.0.0 Safari/537.36"
109.234.166.131 - - [29/Apr/2026:10:13:43 +0200] "POST /wp-cron.php?doing_wp_cron=1777450423.3763589859008789062500 HTTP/1.1" 200 0 "-" "WordPress/6.9.4; https://www.liftsecurity.net"
109.234.166.131 - - [29/Apr/2026:10:14:44 +0200] "POST /wp-cron.php?doing_wp_cron=1777450484.3465409278869628906250 HTTP/1.1" 200 0 "-" "WordPress/6.9.4; https://www.liftsecurity.net"
92.153.96.132 - - [29/Apr/2026:10:12:53 +0200] "GET /wp-content/plugins/revslider/sr6/assets/assets/loader.gif HTTP/1.1" 200 2545 "https://www.liftsecurity.net/wp-content/cache/background-css/1/www.liftsecurity.net/wp-content/cache/min/1/wp-content/plugins/revslider/sr6/assets/css/rs6.css?ver=1777417205&wpr_t=1777424857" "Mozilla/5.0 (Windows NT 10.0; Win64; x64) AppleWebKit/537.36 (KHTML, like Gecko) Chrome/147.0.0.0 Safari/537.36"
92.153.96.132 - - [29/Apr/2026:10:12:53 +0200] "GET //wp-content/uploads/2020/02/liftsecurity-intro.mp4 HTTP/1.1" 200 97891 "https://www.liftsecurity.net/" "Mozilla/5.0 (Windows NT 10.0; Win64; x64) AppleWebKit/537.36 (KHTML, like Gecko) Chrome/147.0.0.0 Safari/537.36"
92.153.96.132 - - [29/Apr/2026:10:12:53 +0200] "GET //wp-content/uploads/2020/02/liftsecurity-intro.mp4 HTTP/1.1" 200 6615637 "https://www.liftsecurity.net/" "Mozilla/5.0 (Windows NT 10.0; Win64; x64) AppleWebKit/537.36 (KHTML, like Gecko) Chrome/147.0.0.0 Safari/537.36"
92.153.96.132 - - [29/Apr/2026:10:12:54 +0200] "GET //wp-content/uploads/2020/02/liftsecurity-intro.mp4 HTTP/1.1" 200 6615637 "https://www.liftsecurity.net/" "Mozilla/5.0 (Windows NT 10.0; Win64; x64) AppleWebKit/537.36 (KHTML, like Gecko) Chrome/147.0.0.0 Safari/537.36"
57.141.18.30 - - [29/Apr/2026:10:12:54 +0200] "GET /items/P066330795/ HTTP/1.1" 301 0 "-" "meta-externalagent/1.1 (+https://developers.facebook.com/docs/sharing/webmasters/crawler)"
92.153.96.132 - - [29/Apr/2026:10:13:03 +0200] "GET /wp-content/uploads/2022/07/JULIA-simple-ferme-banner.jpg HTTP/1.1" 200 20050 "https://www.liftsecurity.net/" "Mozilla/5.0 (Windows NT 10.0; Win64; x64) AppleWebKit/537.36 (KHTML, like Gecko) Chrome/147.0.0.0 Safari/537.36"
92.153.96.132 - - [29/Apr/2026:10:13:04 +0200] "GET /wp-content/uploads/2020/06/20200625-LIT-SITE-ASS-HYBRIDE-CANAPE.jpeg HTTP/1.1" 200 47061 "https://www.liftsecurity.net/" "Mozilla/5.0 (Windows NT 10.0; Win64; x64) AppleWebKit/537.36 (KHTML, like Gecko) Chrome/147.0.0.0 Safari/537.36"
109.234.166.131 - - [29/Apr/2026:10:13:04 +0200] "POST /wp-cron.php?doing_wp_cron=1777450384.2015209197998046875000 HTTP/1.1" 200 0 "-" "WordPress/6.9.4; https://www.liftsecurity.net"
92.153.96.132 - - [29/Apr/2026:10:13:05 +0200] "GET //wp-content/uploads/2020/02/IMG_8125-v1.jpg?id=1585 HTTP/1.1" 200 39540 "https://www.liftsecurity.net/" "Mozilla/5.0 (Windows NT 10.0; Win64; x64) AppleWebKit/537.36 (KHTML, like Gecko) Chrome/147.0.0.0 Safari/537.36"
92.153.96.132 - - [29/Apr/2026:10:13:09 +0200] "GET /wp-content/uploads/2020/05/logo-hilton-150x150-1.png HTTP/1.1" 200 2397 "https://www.liftsecurity.net/" "Mozilla/5.0 (Windows NT 10.0; Win64; x64) AppleWebKit/537.36 (KHTML, like Gecko) Chrome/147.0.0.0 Safari/537.36"
92.153.96.132 - - [29/Apr/2026:10:13:09 +0200] "GET /wp-content/uploads/2020/05/Me%CC%81canisme-lit-escamotable-LIFT-SECURITY-installe%CC%81-dans-lhotel-Concorde-paris.png HTTP/1.1" 200 1880 "https://www.liftsecurity.net/" "Mozilla/5.0 (Windows NT 10.0; Win64; x64) AppleWebKit/537.36 (KHTML, like Gecko) Chrome/147.0.0.0 Safari/537.36"
57.141.18.52 - - [29/Apr/2026:10:13:35 +0200] "GET /items/P063035023/ HTTP/1.1" 404 96843 "-" "meta-externalagent/1.1 (+https://developers.facebook.com/docs/sharing/webmasters/crawler)"
57.141.18.44 - - [29/Apr/2026:10:13:42 +0200] "GET /items/P064847310/ HTTP/1.1" 404 96843 "-" "meta-externalagent/1.1 (+https://developers.facebook.com/docs/sharing/webmasters/crawler)"
109.234.166.131 - - [29/Apr/2026:10:14:23 +0200] "POST /wp-cron.php?doing_wp_cron=1777450463.8266110420227050781250 HTTP/1.1" 200 0 "-" "WordPress/6.9.4; https://www.liftsecurity.net"
57.141.14.54 - - [29/Apr/2026:10:14:23 +0200] "GET /items/P067828258/ HTTP/1.1" 301 0 "-" "meta-externalagent/1.1 (+https://developers.facebook.com/docs/sharing/webmasters/crawler)"
57.141.14.67 - - [29/Apr/2026:10:14:43 +0200] "GET /items/P065264801/ HTTP/1.1" 404 96843 "-" "meta-externalagent/1.1 (+https://developers.facebook.com/docs/sharing/webmasters/crawler)"
92.153.96.132 - - [29/Apr/2026:10:13:09 +0200] "GET /wp-content/uploads/2020/05/logo-accor-150x150-1.png HTTP/1.1" 200 2200 "https://www.liftsecurity.net/" "Mozilla/5.0 (Windows NT 10.0; Win64; x64) AppleWebKit/537.36 (KHTML, like Gecko) Chrome/147.0.0.0 Safari/537.36"
92.153.96.132 - - [29/Apr/2026:10:13:09 +0200] "GET /wp-content/uploads/2020/05/Me%CC%81canisme-lit-escamotable-LIFT-SECURITY-installe%CC%81-dans-lhotel-Pullman.png HTTP/1.1" 200 1401 "https://www.liftsecurity.net/" "Mozilla/5.0 (Windows NT 10.0; Win64; x64) AppleWebKit/537.36 (KHTML, like Gecko) Chrome/147.0.0.0 Safari/537.36"
92.153.96.132 - - [29/Apr/2026:10:13:09 +0200] "GET /wp-content/uploads/2020/05/Me%CC%81canisme-lit-escamotable-LIFT-SECURITY-installe%CC%81-dans-lhotel-Le-me%CC%81ridien.png HTTP/1.1" 200 2462 "https://www.liftsecurity.net/" "Mozilla/5.0 (Windows NT 10.0; Win64; x64) AppleWebKit/537.36 (KHTML, like Gecko) Chrome/147.0.0.0 Safari/537.36"
92.153.96.132 - - [29/Apr/2026:10:13:09 +0200] "GET /wp-content/uploads/2020/05/Me%CC%81canisme-lit-escamotable-LIFT-SECURITY-installe%CC%81-dans-lhotel-Starwood.png HTTP/1.1" 200 3521 "https://www.liftsecurity.net/" "Mozilla/5.0 (Windows NT 10.0; Win64; x64) AppleWebKit/537.36 (KHTML, like Gecko) Chrome/147.0.0.0 Safari/537.36"
109.234.166.131 - - [29/Apr/2026:10:13:35 +0200] "POST /wp-cron.php?doing_wp_cron=1777450415.8881890773773193359375 HTTP/1.1" 200 0 "-" "WordPress/6.9.4; https://www.liftsecurity.net"
109.234.166.131 - - [29/Apr/2026:10:14:02 +0200] "POST /wp-cron.php?doing_wp_cron=1777450442.4573459625244140625000 HTTP/1.1" 200 0 "-" "WordPress/6.9.4; https://www.liftsecurity.net"
57.141.18.31 - - [29/Apr/2026:10:14:02 +0200] "GET /items/P067826831/ HTTP/1.1" 301 0 "-" "meta-externalagent/1.1 (+https://developers.facebook.com/docs/sharing/webmasters/crawler)"
40.77.167.158 - - [29/Apr/2026:10:15:01 +0200] "GET /items/P061176730/ HTTP/1.1" 301 0 "-" "Mozilla/5.0 AppleWebKit/537.36 (KHTML, like Gecko; compatible; bingbot/2.0; +http://www.bing.com/bingbot.htm) Chrome/116.0.1938.76 Safari/537.36"
52.167.144.189 - - [29/Apr/2026:10:15:04 +0200] "GET /items/P063891220/ HTTP/1.1" 301 0 "-" "Mozilla/5.0 AppleWebKit/537.36 (KHTML, like Gecko; compatible; bingbot/2.0; +http://www.bing.com/bingbot.htm) Chrome/116.0.1938.76 Safari/537.36"
109.234.166.131 - - [29/Apr/2026:10:16:14 +0200] "POST /wp-cron.php?doing_wp_cron=1777450574.4639310836791992187500 HTTP/1.1" 200 0 "-" "WordPress/6.9.4; https://www.liftsecurity.net"
40.77.167.158 - - [29/Apr/2026:10:17:25 +0200] "GET /items/P067258042/ HTTP/1.1" 301 0 "-" "Mozilla/5.0 AppleWebKit/537.36 (KHTML, like Gecko; compatible; bingbot/2.0; +http://www.bing.com/bingbot.htm) Chrome/116.0.1938.76 Safari/537.36"
166.1.190.197 - - [29/Apr/2026:10:17:57 +0200] "GET /contact-us/ HTTP/1.1" 200 231260 "https://www.google.com.hk/" "Mozilla/5.0 (Windows NT 10.0; Win64; x64) AppleWebKit/537.36 (KHTML, like Gecko) Chrome/147.0.0.0 Safari/537.36"
166.1.190.197 - - [29/Apr/2026:10:17:58 +0200] "GET /wp-content/cache/min/1/wp-content/plugins/cookie-law-info/legacy/public/css/cookie-law-info-gdpr.css?ver=1777417204 HTTP/1.1" 200 22966 "https://www.liftsecurity.net/contact-us/" "Mozilla/5.0 (Windows NT 10.0; Win64; x64) AppleWebKit/537.36 (KHTML, like Gecko) Chrome/147.0.0.0 Safari/537.36"
166.1.190.197 - - [29/Apr/2026:10:17:58 +0200] "GET /wp-content/cache/min/1/wp-content/themes/dt-the7/fonts/icomoon-the7-font/icomoon-the7-font.min.css?ver=1777417205 HTTP/1.1" 200 20163 "https://www.liftsecurity.net/contact-us/" "Mozilla/5.0 (Windows NT 10.0; Win64; x64) AppleWebKit/537.36 (KHTML, like Gecko) Chrome/147.0.0.0 Safari/537.36"
166.1.190.197 - - [29/Apr/2026:10:17:58 +0200] "GET /wp-content/cache/min/1/wp-content/themes/dt-the7/fonts/FontAwesome/css/all.min.css?ver=1777417205 HTTP/1.1" 200 60013 "https://www.liftsecurity.net/contact-us/" "Mozilla/5.0 (Windows NT 10.0; Win64; x64) AppleWebKit/537.36 (KHTML, like Gecko) Chrome/147.0.0.0 Safari/537.36"
109.234.166.131 - - [29/Apr/2026:10:15:01 +0200] "POST /wp-cron.php?doing_wp_cron=1777450501.5087740421295166015625 HTTP/1.1" 200 0 "-" "WordPress/6.9.4; https://www.liftsecurity.net"
57.141.14.61 - - [29/Apr/2026:10:15:01 +0200] "GET /items/P065553457/ HTTP/1.1" 404 96843 "-" "meta-externalagent/1.1 (+https://developers.facebook.com/docs/sharing/webmasters/crawler)"
52.167.144.189 - - [29/Apr/2026:10:15:05 +0200] "GET /items/P061306933/ HTTP/1.1" 301 0 "-" "Mozilla/5.0 AppleWebKit/537.36 (KHTML, like Gecko; compatible; bingbot/2.0; +http://www.bing.com/bingbot.htm) Chrome/116.0.1938.76 Safari/537.36"
109.234.166.131 - - [29/Apr/2026:10:15:19 +0200] "POST /wp-cron.php?doing_wp_cron=1777450519.8311491012573242187500 HTTP/1.1" 200 0 "-" "WordPress/6.9.4; https://www.liftsecurity.net"
40.77.167.158 - - [29/Apr/2026:10:15:21 +0200] "GET /items/P067565591/ HTTP/1.1" 301 0 "-" "Mozilla/5.0 AppleWebKit/537.36 (KHTML, like Gecko; compatible; bingbot/2.0; +http://www.bing.com/bingbot.htm) Chrome/116.0.1938.76 Safari/537.36"
40.77.167.158 - - [29/Apr/2026:10:15:21 +0200] "GET /items/P064954738/ HTTP/1.1" 301 0 "-" "Mozilla/5.0 AppleWebKit/537.36 (KHTML, like Gecko; compatible; bingbot/2.0; +http://www.bing.com/bingbot.htm) Chrome/116.0.1938.76 Safari/537.36"
40.77.167.158 - - [29/Apr/2026:10:15:22 +0200] "GET /items/P064747161/ HTTP/1.1" 301 0 "-" "Mozilla/5.0 AppleWebKit/537.36 (KHTML, like Gecko; compatible; bingbot/2.0; +http://www.bing.com/bingbot.htm) Chrome/116.0.1938.76 Safari/537.36"
109.234.166.131 - - [29/Apr/2026:10:15:54 +0200] "POST /wp-cron.php?doing_wp_cron=1777450554.7089610099792480468750 HTTP/1.1" 200 0 "-" "WordPress/6.9.4; https://www.liftsecurity.net"
57.141.14.85 - - [29/Apr/2026:10:15:54 +0200] "GET /items/P064989305/ HTTP/1.1" 404 96843 "-" "meta-externalagent/1.1 (+https://developers.facebook.com/docs/sharing/webmasters/crawler)"
57.141.14.47 - - [29/Apr/2026:10:15:57 +0200] "GET /items/P066214024/ HTTP/1.1" 404 96843 "-" "meta-externalagent/1.1 (+https://developers.facebook.com/docs/sharing/webmasters/crawler)"
57.141.14.84 - - [29/Apr/2026:10:16:32 +0200] "GET /items/P063533891/ HTTP/1.1" 301 0 "-" "meta-externalagent/1.1 (+https://developers.facebook.com/docs/sharing/webmasters/crawler)"
57.141.14.59 - - [29/Apr/2026:10:16:50 +0200] "GET /items/P062113714/ HTTP/1.1" 404 96843 "-" "meta-externalagent/1.1 (+https://developers.facebook.com/docs/sharing/webmasters/crawler)"
57.141.14.64 - - [29/Apr/2026:10:17:23 +0200] "GET /items/P067103542/ HTTP/1.1" 404 96843 "-" "meta-externalagent/1.1 (+https://developers.facebook.com/docs/sharing/webmasters/crawler)"
40.77.167.158 - - [29/Apr/2026:10:17:26 +0200] "GET /items/P065677300/ HTTP/1.1" 301 0 "-" "Mozilla/5.0 AppleWebKit/537.36 (KHTML, like Gecko; compatible; bingbot/2.0; +http://www.bing.com/bingbot.htm) Chrome/116.0.1938.76 Safari/537.36"
109.234.166.131 - - [29/Apr/2026:10:17:34 +0200] "POST /wp-cron.php?doing_wp_cron=1777450654.0512919425964355468750 HTTP/1.1" 200 0 "-" "WordPress/6.9.4; https://www.liftsecurity.net"
57.141.14.7 - - [29/Apr/2026:10:17:43 +0200] "GET /items/P067447868/ HTTP/1.1" 404 96843 "-" "meta-externalagent/1.1 (+https://developers.facebook.com/docs/sharing/webmasters/crawler)"
166.1.190.197 - - [29/Apr/2026:10:17:58 +0200] "GET /wp-content/cache/min/1/wp-content/plugins/cookie-law-info/legacy/public/css/cookie-law-info-public.css?ver=1777417204 HTTP/1.1" 200 2593 "https://www.liftsecurity.net/contact-us/" "Mozilla/5.0 (Windows NT 10.0; Win64; x64) AppleWebKit/537.36 (KHTML, like Gecko) Chrome/147.0.0.0 Safari/537.36"
166.1.190.197 - - [29/Apr/2026:10:17:58 +0200] "GET /wp-content/cache/background-css/1/www.liftsecurity.net/wp-content/cache/min/1/wp-content/plugins/recent-tweets-widget/tp_twitter_plugin.css?ver=1777417205&wpr_t=1777424552 HTTP/1.1" 200 364 "https://www.liftsecurity.net/contact-us/" "Mozilla/5.0 (Windows NT 10.0; Win64; x64) AppleWebKit/537.36 (KHTML, like Gecko) Chrome/147.0.0.0 Safari/537.36"
52.167.144.191 - - [29/Apr/2026:10:14:53 +0200] "GET /items/P061518510/ HTTP/1.1" 404 96843 "-" "Mozilla/5.0 AppleWebKit/537.36 (KHTML, like Gecko; compatible; bingbot/2.0; +http://www.bing.com/bingbot.htm) Chrome/116.0.1938.76 Safari/537.36"
52.167.144.189 - - [29/Apr/2026:10:15:05 +0200] "GET /items/P063733633/ HTTP/1.1" 301 0 "-" "Mozilla/5.0 AppleWebKit/537.36 (KHTML, like Gecko; compatible; bingbot/2.0; +http://www.bing.com/bingbot.htm) Chrome/116.0.1938.76 Safari/537.36"
57.141.14.84 - - [29/Apr/2026:10:15:19 +0200] "GET /items/P065667035/ HTTP/1.1" 301 0 "-" "meta-externalagent/1.1 (+https://developers.facebook.com/docs/sharing/webmasters/crawler)"
216.244.66.241 - - [29/Apr/2026:10:15:21 +0200] "GET /robots.txt HTTP/1.1" 200 1834 "-" "Mozilla/5.0 (compatible; DotBot/1.2; +https://opensiteexplorer.org/dotbot; help@moz.com)"
57.141.14.29 - - [29/Apr/2026:10:16:13 +0200] "GET /items/P061824688/ HTTP/1.1" 404 96843 "-" "meta-externalagent/1.1 (+https://developers.facebook.com/docs/sharing/webmasters/crawler)"
109.234.166.131 - - [29/Apr/2026:10:16:32 +0200] "POST /wp-cron.php?doing_wp_cron=1777450592.4996380805969238281250 HTTP/1.1" 200 0 "-" "WordPress/6.9.4; https://www.liftsecurity.net"
109.234.166.131 - - [29/Apr/2026:10:16:50 +0200] "POST /wp-cron.php?doing_wp_cron=1777450610.4890201091766357421875 HTTP/1.1" 200 0 "-" "WordPress/6.9.4; https://www.liftsecurity.net"
109.234.166.131 - - [29/Apr/2026:10:17:24 +0200] "POST /wp-cron.php?doing_wp_cron=1777450644.3620910644531250000000 HTTP/1.1" 200 0 "-" "WordPress/6.9.4; https://www.liftsecurity.net"
57.141.14.12 - - [29/Apr/2026:10:17:25 +0200] "GET /items/P067146287/ HTTP/1.1" 301 0 "-" "meta-externalagent/1.1 (+https://developers.facebook.com/docs/sharing/webmasters/crawler)"
40.77.167.158 - - [29/Apr/2026:10:17:26 +0200] "GET /items/P063573177/ HTTP/1.1" 301 0 "-" "Mozilla/5.0 AppleWebKit/537.36 (KHTML, like Gecko; compatible; bingbot/2.0; +http://www.bing.com/bingbot.htm) Chrome/116.0.1938.76 Safari/537.36"
157.55.39.56 - - [29/Apr/2026:10:17:33 +0200] "GET /items/P063731787/ HTTP/1.1" 301 0 "-" "Mozilla/5.0 AppleWebKit/537.36 (KHTML, like Gecko; compatible; bingbot/2.0; +http://www.bing.com/bingbot.htm) Chrome/116.0.1938.76 Safari/537.36"
109.234.166.131 - - [29/Apr/2026:10:17:44 +0200] "POST /wp-cron.php?doing_wp_cron=1777450663.9900848865509033203125 HTTP/1.1" 200 0 "-" "WordPress/6.9.4; https://www.liftsecurity.net"
166.1.190.197 - - [29/Apr/2026:10:17:58 +0200] "GET /wp-content/cache/fonts/1/google-fonts/css/8/6/7/bc9280b72a6459f5026e784588956.css HTTP/1.1" 200 30077 "https://www.liftsecurity.net/contact-us/" "Mozilla/5.0 (Windows NT 10.0; Win64; x64) AppleWebKit/537.36 (KHTML, like Gecko) Chrome/147.0.0.0 Safari/537.36"
166.1.190.197 - - [29/Apr/2026:10:17:58 +0200] "GET /wp-includes/css/dist/block-library/style.min.css?ver=6.9.4 HTTP/1.1" 200 119358 "https://www.liftsecurity.net/contact-us/" "Mozilla/5.0 (Windows NT 10.0; Win64; x64) AppleWebKit/537.36 (KHTML, like Gecko) Chrome/147.0.0.0 Safari/537.36"
166.1.190.197 - - [29/Apr/2026:10:17:58 +0200] "GET /wp-content/cache/background-css/1/www.liftsecurity.net/wp-content/cache/min/1/wp-content/plugins/go_pricing/assets/css/go_pricing_styles.css?ver=1777417205&wpr_t=1777424552 HTTP/1.1" 200 53846 "https://www.liftsecurity.net/contact-us/" "Mozilla/5.0 (Windows NT 10.0; Win64; x64) AppleWebKit/537.36 (KHTML, like Gecko) Chrome/147.0.0.0 Safari/537.36"
166.1.190.197 - - [29/Apr/2026:10:17:58 +0200] "GET /wp-content/themes/dt-the7/css/wpbakery.min.css?ver=12.1.1 HTTP/1.1" 200 25752 "https://www.liftsecurity.net/contact-us/" "Mozilla/5.0 (Windows NT 10.0; Win64; x64) AppleWebKit/537.36 (KHTML, like Gecko) Chrome/147.0.0.0 Safari/537.36"
166.1.190.197 - - [29/Apr/2026:10:17:58 +0200] "GET /wp-content/cache/min/1/wp-content/uploads/the7-css/the7-elements-albums-portfolio.css?ver=1777417205 HTTP/1.1" 200 21032 "https://www.liftsecurity.net/contact-us/" "Mozilla/5.0 (Windows NT 10.0; Win64; x64) AppleWebKit/537.36 (KHTML, like Gecko) Chrome/147.0.0.0 Safari/537.36"
166.1.190.197 - - [29/Apr/2026:10:17:58 +0200] "GET /wp-content/cache/min/1/wp-content/uploads/smile_fonts/icomoon-elegent-line-icons-32x32/icomoon-elegent-line-icons-32x32.css?ver=1777417205 HTTP/1.1" 200 7681 "https://www.liftsecurity.net/contact-us/" "Mozilla/5.0 (Windows NT 10.0; Win64; x64) AppleWebKit/537.36 (KHTML, like Gecko) Chrome/147.0.0.0 Safari/537.36"
166.1.190.197 - - [29/Apr/2026:10:17:58 +0200] "GET /wp-content/plugins/dt-the7-core/assets/css/post-type.min.css?ver=2.7.9 HTTP/1.1" 200 43933 "https://www.liftsecurity.net/contact-us/" "Mozilla/5.0 (Windows NT 10.0; Win64; x64) AppleWebKit/537.36 (KHTML, like Gecko) Chrome/147.0.0.0 Safari/537.36"
166.1.190.197 - - [29/Apr/2026:10:17:58 +0200] "GET /wp-content/cache/min/1/wp-content/uploads/the7-css/css-vars.css?ver=1777417205 HTTP/1.1" 200 29390 "https://www.liftsecurity.net/contact-us/" "Mozilla/5.0 (Windows NT 10.0; Win64; x64) AppleWebKit/537.36 (KHTML, like Gecko) Chrome/147.0.0.0 Safari/537.36"
166.1.190.197 - - [29/Apr/2026:10:17:58 +0200] "GET /wp-content/cache/min/1/wp-content/uploads/the7-css/custom.css?ver=1777417205 HTTP/1.1" 200 254322 "https://www.liftsecurity.net/contact-us/" "Mozilla/5.0 (Windows NT 10.0; Win64; x64) AppleWebKit/537.36 (KHTML, like Gecko) Chrome/147.0.0.0 Safari/537.36"
166.1.190.197 - - [29/Apr/2026:10:17:58 +0200] "GET /wp-content/cache/min/1/wp-content/uploads/the7-css/media.css?ver=1777417205 HTTP/1.1" 200 62378 "https://www.liftsecurity.net/contact-us/" "Mozilla/5.0 (Windows NT 10.0; Win64; x64) AppleWebKit/537.36 (KHTML, like Gecko) Chrome/147.0.0.0 Safari/537.36"
166.1.190.197 - - [29/Apr/2026:10:17:58 +0200] "GET /wp-content/cache/min/1/wp-content/uploads/the7-css/mega-menu.css?ver=1777417205 HTTP/1.1" 200 16776 "https://www.liftsecurity.net/contact-us/" "Mozilla/5.0 (Windows NT 10.0; Win64; x64) AppleWebKit/537.36 (KHTML, like Gecko) Chrome/147.0.0.0 Safari/537.36"
166.1.190.197 - - [29/Apr/2026:10:17:58 +0200] "GET /wp-content/plugins/Ultimate_VC_Addons/assets/min-css/style.min.css?ver=3.19.19 HTTP/1.1" 200 13362 "https://www.liftsecurity.net/contact-us/" "Mozilla/5.0 (Windows NT 10.0; Win64; x64) AppleWebKit/537.36 (KHTML, like Gecko) Chrome/147.0.0.0 Safari/537.36"
166.1.190.197 - - [29/Apr/2026:10:17:58 +0200] "GET /wp-content/plugins/Ultimate_VC_Addons/assets/min-css/hotspot.min.css?ver=3.19.19 HTTP/1.1" 200 2617 "https://www.liftsecurity.net/contact-us/" "Mozilla/5.0 (Windows NT 10.0; Win64; x64) AppleWebKit/537.36 (KHTML, like Gecko) Chrome/147.0.0.0 Safari/537.36"
166.1.190.197 - - [29/Apr/2026:10:17:58 +0200] "GET /wp-content/plugins/Ultimate_VC_Addons/assets/min-css/info-box.min.css?ver=3.19.19 HTTP/1.1" 200 4226 "https://www.liftsecurity.net/contact-us/" "Mozilla/5.0 (Windows NT 10.0; Win64; x64) AppleWebKit/537.36 (KHTML, like Gecko) Chrome/147.0.0.0 Safari/537.36"
109.234.166.131 - - [29/Apr/2026:10:18:01 +0200] "POST /wp-cron.php?doing_wp_cron=1777450681.9082310199737548828125 HTTP/1.1" 200 0 "-" "WordPress/6.9.4; https://www.liftsecurity.net"
207.46.13.150 - - [29/Apr/2026:10:18:04 +0200] "GET /items/H312803194/ HTTP/1.1" 404 96843 "-" "Mozilla/5.0 AppleWebKit/537.36 (KHTML, like Gecko; compatible; bingbot/2.0; +http://www.bing.com/bingbot.htm) Chrome/116.0.1938.76 Safari/537.36"
166.1.190.197 - - [29/Apr/2026:10:18:04 +0200] "GET /wp-content/cache/background-css/1/www.liftsecurity.net/wp-content/cache/min/1/wp-content/plugins/revslider/sr6/assets/css/rs6.css?ver=1777417205&wpr_t=1777424553 HTTP/1.1" 200 50371 "https://www.liftsecurity.net/contact-us/" "Mozilla/5.0 (Windows NT 10.0; Win64; x64) AppleWebKit/537.36 (KHTML, like Gecko) Chrome/147.0.0.0 Safari/537.36"
166.1.190.197 - - [29/Apr/2026:10:18:04 +0200] "GET /wp-content/plugins/wp-rocket/assets/js/lazyload/17.8.3/lazyload.min.js HTTP/1.1" 200 8892 "https://www.liftsecurity.net/contact-us/" "Mozilla/5.0 (Windows NT 10.0; Win64; x64) AppleWebKit/537.36 (KHTML, like Gecko) Chrome/147.0.0.0 Safari/537.36"
166.1.190.197 - - [29/Apr/2026:10:17:58 +0200] "GET /wp-content/cache/min/1/wp-content/uploads/the7-css/post-type-dynamic.css?ver=1777417205 HTTP/1.1" 200 8974 "https://www.liftsecurity.net/contact-us/" "Mozilla/5.0 (Windows NT 10.0; Win64; x64) AppleWebKit/537.36 (KHTML, like Gecko) Chrome/147.0.0.0 Safari/537.36"
166.1.190.197 - - [29/Apr/2026:10:17:58 +0200] "GET /wp-content/themes/dt-the7/style.css?ver=12.1.1 HTTP/1.1" 200 1423 "https://www.liftsecurity.net/contact-us/" "Mozilla/5.0 (Windows NT 10.0; Win64; x64) AppleWebKit/537.36 (KHTML, like Gecko) Chrome/147.0.0.0 Safari/537.36"
166.1.190.197 - - [29/Apr/2026:10:17:58 +0200] "GET /wp-content/themes/dt-the7/css/compatibility/elementor/elementor-global.min.css?ver=12.1.1 HTTP/1.1" 200 50285 "https://www.liftsecurity.net/contact-us/" "Mozilla/5.0 (Windows NT 10.0; Win64; x64) AppleWebKit/537.36 (KHTML, like Gecko) Chrome/147.0.0.0 Safari/537.36"
166.1.190.197 - - [29/Apr/2026:10:17:58 +0200] "GET /wp-content/plugins/Ultimate_VC_Addons/assets/min-css/hotspot-tooltipster.min.css?ver=3.19.19 HTTP/1.1" 200 7449 "https://www.liftsecurity.net/contact-us/" "Mozilla/5.0 (Windows NT 10.0; Win64; x64) AppleWebKit/537.36 (KHTML, like Gecko) Chrome/147.0.0.0 Safari/537.36"
166.1.190.197 - - [29/Apr/2026:10:17:58 +0200] "GET /wp-content/cache/background-css/1/www.liftsecurity.net/wp-content/cache/min/1/wp-content/plugins/mailin/css/mailin-front.css?ver=1777417205&wpr_t=1777424553 HTTP/1.1" 200 2076 "https://www.liftsecurity.net/contact-us/" "Mozilla/5.0 (Windows NT 10.0; Win64; x64) AppleWebKit/537.36 (KHTML, like Gecko) Chrome/147.0.0.0 Safari/537.36"
57.141.14.101 - - [29/Apr/2026:10:18:01 +0200] "GET /items/P065753273/ HTTP/1.1" 404 96843 "-" "meta-externalagent/1.1 (+https://developers.facebook.com/docs/sharing/webmasters/crawler)"
166.1.190.197 - - [29/Apr/2026:10:18:04 +0200] "GET /wp-content/uploads/2020/03/homeadress.png HTTP/1.1" 200 188812 "https://www.liftsecurity.net/contact-us/" "Mozilla/5.0 (Windows NT 10.0; Win64; x64) AppleWebKit/537.36 (KHTML, like Gecko) Chrome/147.0.0.0 Safari/537.36"
166.1.190.197 - - [29/Apr/2026:10:18:04 +0200] "GET /wp-content/plugins/Ultimate_VC_Addons/assets/min-css/background-style.min.css?ver=3.19.19 HTTP/1.1" 200 9228 "https://www.liftsecurity.net/contact-us/" "Mozilla/5.0 (Windows NT 10.0; Win64; x64) AppleWebKit/537.36 (KHTML, like Gecko) Chrome/147.0.0.0 Safari/537.36"
166.1.190.197 - - [29/Apr/2026:10:18:04 +0200] "GET /wp-content/plugins/wp-rocket/assets/js/wpr-beacon.min.js HTTP/1.1" 200 22847 "https://www.liftsecurity.net/contact-us/" "Mozilla/5.0 (Windows NT 10.0; Win64; x64) AppleWebKit/537.36 (KHTML, like Gecko) Chrome/147.0.0.0 Safari/537.36"
166.1.190.197 - - [29/Apr/2026:10:18:04 +0200] "GET /wp-content/themes/dt-the7/images/the7-chevron-down.svg HTTP/1.1" 200 579 "https://www.liftsecurity.net/wp-content/themes/dt-the7/css/main.min.css?ver=12.1.1" "Mozilla/5.0 (Windows NT 10.0; Win64; x64) AppleWebKit/537.36 (KHTML, like Gecko) Chrome/147.0.0.0 Safari/537.36"
166.1.190.197 - - [29/Apr/2026:10:18:04 +0200] "GET /wp-content/themes/dt-the7/fonts/icomoon-the7-font/icomoon-the7-font.ttf?wi57p5 HTTP/1.1" 200 47776 "https://www.liftsecurity.net/wp-content/cache/min/1/wp-content/themes/dt-the7/fonts/icomoon-the7-font/icomoon-the7-font.min.css?ver=1777417205" "Mozilla/5.0 (Windows NT 10.0; Win64; x64) AppleWebKit/537.36 (KHTML, like Gecko) Chrome/147.0.0.0 Safari/537.36"
166.1.190.197 - - [29/Apr/2026:10:18:05 +0200] "GET /wp-content/cache/fonts/1/google-fonts/fonts/s/robotocondensed/v31/ieVl2ZhZI2eCN5jzbjEETS9weq8-19K7DQ.woff2 HTTP/1.1" 200 51412 "https://www.liftsecurity.net/wp-content/cache/fonts/1/google-fonts/css/8/6/7/bc9280b72a6459f5026e784588956.css" "Mozilla/5.0 (Windows NT 10.0; Win64; x64) AppleWebKit/537.36 (KHTML, like Gecko) Chrome/147.0.0.0 Safari/537.36"
166.1.190.197 - - [29/Apr/2026:10:17:58 +0200] "GET /wp-content/themes/dt-the7/fonts/FontAwesome/back-compat.min.css?ver=12.1.1 HTTP/1.1" 200 19124 "https://www.liftsecurity.net/contact-us/" "Mozilla/5.0 (Windows NT 10.0; Win64; x64) AppleWebKit/537.36 (KHTML, like Gecko) Chrome/147.0.0.0 Safari/537.36"
166.1.190.197 - - [29/Apr/2026:10:17:58 +0200] "GET /wp-content/cache/min/1/wp-content/uploads/smile_fonts/icomoon-free-social-contact-16x16/icomoon-free-social-contact-16x16.css?ver=1777417205 HTTP/1.1" 200 8550 "https://www.liftsecurity.net/contact-us/" "Mozilla/5.0 (Windows NT 10.0; Win64; x64) AppleWebKit/537.36 (KHTML, like Gecko) Chrome/147.0.0.0 Safari/537.36"
166.1.190.197 - - [29/Apr/2026:10:17:58 +0200] "GET /wp-content/cache/background-css/1/www.liftsecurity.net/wp-content/cache/min/1/wp-content/uploads/js_composer/js_composer_front_custom.css?ver=1777417205&wpr_t=1777424552 HTTP/1.1" 200 492899 "https://www.liftsecurity.net/contact-us/" "Mozilla/5.0 (Windows NT 10.0; Win64; x64) AppleWebKit/537.36 (KHTML, like Gecko) Chrome/147.0.0.0 Safari/537.36"
166.1.190.197 - - [29/Apr/2026:10:17:58 +0200] "GET /wp-content/themes/dt-the7/css/main.min.css?ver=12.1.1 HTTP/1.1" 200 247661 "https://www.liftsecurity.net/contact-us/" "Mozilla/5.0 (Windows NT 10.0; Win64; x64) AppleWebKit/537.36 (KHTML, like Gecko) Chrome/147.0.0.0 Safari/537.36"
166.1.190.197 - - [29/Apr/2026:10:17:58 +0200] "GET /wp-content/themes/dt-the7/lib/custom-scrollbar/custom-scrollbar.min.css?ver=12.1.1 HTTP/1.1" 200 10755 "https://www.liftsecurity.net/contact-us/" "Mozilla/5.0 (Windows NT 10.0; Win64; x64) AppleWebKit/537.36 (KHTML, like Gecko) Chrome/147.0.0.0 Safari/537.36"
166.1.190.197 - - [29/Apr/2026:10:17:58 +0200] "GET /wp-content/plugins/Ultimate_VC_Addons/assets/min-css/headings.min.css?ver=3.19.19 HTTP/1.1" 200 1255 "https://www.liftsecurity.net/contact-us/" "Mozilla/5.0 (Windows NT 10.0; Win64; x64) AppleWebKit/537.36 (KHTML, like Gecko) Chrome/147.0.0.0 Safari/537.36"
166.1.190.197 - - [29/Apr/2026:10:17:58 +0200] "GET /wp-content/plugins/Ultimate_VC_Addons/assets/min-css/animate.min.css?ver=3.19.19 HTTP/1.1" 200 70192 "https://www.liftsecurity.net/contact-us/" "Mozilla/5.0 (Windows NT 10.0; Win64; x64) AppleWebKit/537.36 (KHTML, like Gecko) Chrome/147.0.0.0 Safari/537.36"
166.1.190.197 - - [29/Apr/2026:10:18:04 +0200] "GET /wp-content/themes/dt-the7/images/the7-chevron-side.svg HTTP/1.1" 200 578 "https://www.liftsecurity.net/wp-content/themes/dt-the7/css/main.min.css?ver=12.1.1" "Mozilla/5.0 (Windows NT 10.0; Win64; x64) AppleWebKit/537.36 (KHTML, like Gecko) Chrome/147.0.0.0 Safari/537.36"
166.1.190.197 - - [29/Apr/2026:10:18:07 +0200] "GET /wp-includes/js/jquery/jquery-migrate.min.js?ver=3.4.1 HTTP/1.1" 200 13577 "https://www.liftsecurity.net/contact-us/" "Mozilla/5.0 (Windows NT 10.0; Win64; x64) AppleWebKit/537.36 (KHTML, like Gecko) Chrome/147.0.0.0 Safari/537.36"
166.1.190.197 - - [29/Apr/2026:10:18:07 +0200] "GET /wp-content/cache/min/1/wp-content/plugins/cookie-law-info/legacy/public/js/cookie-law-info-public.js?ver=1772922479 HTTP/1.1" 200 27238 "https://www.liftsecurity.net/contact-us/" "Mozilla/5.0 (Windows NT 10.0; Win64; x64) AppleWebKit/537.36 (KHTML, like Gecko) Chrome/147.0.0.0 Safari/537.36"
166.1.190.197 - - [29/Apr/2026:10:18:07 +0200] "GET /wp-content/cache/min/1/ajax/libs/gsap/1.11.2/TweenMax.min.js?ver=1772922479 HTTP/1.1" 200 93791 "https://www.liftsecurity.net/contact-us/" "Mozilla/5.0 (Windows NT 10.0; Win64; x64) AppleWebKit/537.36 (KHTML, like Gecko) Chrome/147.0.0.0 Safari/537.36"
166.1.190.197 - - [29/Apr/2026:10:18:07 +0200] "GET /wp-content/cache/min/1/wp-content/plugins/wonderplugin-video-embed/engine/wonderpluginvideoembed.js?ver=1772922479 HTTP/1.1" 200 19204 "https://www.liftsecurity.net/contact-us/" "Mozilla/5.0 (Windows NT 10.0; Win64; x64) AppleWebKit/537.36 (KHTML, like Gecko) Chrome/147.0.0.0 Safari/537.36"
166.1.190.197 - - [29/Apr/2026:10:18:04 +0200] "GET /wp-content/cache/fonts/1/google-fonts/fonts/s/roboto/v51/KFO7CnqEu92Fr1ME7kSn66aGLdTylUAMa3yUBA.woff2 HTTP/1.1" 200 43136 "https://www.liftsecurity.net/wp-content/cache/fonts/1/google-fonts/css/8/6/7/bc9280b72a6459f5026e784588956.css" "Mozilla/5.0 (Windows NT 10.0; Win64; x64) AppleWebKit/537.36 (KHTML, like Gecko) Chrome/147.0.0.0 Safari/537.36"
166.1.190.197 - - [29/Apr/2026:10:18:05 +0200] "GET /wp-content/uploads/smile_fonts/icomoon-elegent-line-icons-32x32/icomoon-elegent-line-icons-32x32.ttf?8p1dye HTTP/1.1" 200 46252 "https://www.liftsecurity.net/wp-content/cache/min/1/wp-content/uploads/smile_fonts/icomoon-elegent-line-icons-32x32/icomoon-elegent-line-icons-32x32.css?ver=1777417205" "Mozilla/5.0 (Windows NT 10.0; Win64; x64) AppleWebKit/537.36 (KHTML, like Gecko) Chrome/147.0.0.0 Safari/537.36"
166.1.190.197 - - [29/Apr/2026:10:18:05 +0200] "GET /wp-content/themes/dt-the7/fonts/FontAwesome/webfonts/fa-solid-900.woff2 HTTP/1.1" 200 78212 "https://www.liftsecurity.net/wp-content/cache/min/1/wp-content/themes/dt-the7/fonts/FontAwesome/css/all.min.css?ver=1777417205" "Mozilla/5.0 (Windows NT 10.0; Win64; x64) AppleWebKit/537.36 (KHTML, like Gecko) Chrome/147.0.0.0 Safari/537.36"
166.1.190.197 - - [29/Apr/2026:10:18:07 +0200] "GET /wp-includes/js/jquery/jquery.min.js?ver=3.7.1 HTTP/1.1" 200 87553 "https://www.liftsecurity.net/contact-us/" "Mozilla/5.0 (Windows NT 10.0; Win64; x64) AppleWebKit/537.36 (KHTML, like Gecko) Chrome/147.0.0.0 Safari/537.36"
166.1.190.197 - - [29/Apr/2026:10:18:08 +0200] "GET /wp-content/plugins/Ultimate_VC_Addons/assets/min-js/custom.min.js?ver=3.19.19 HTTP/1.1" 200 21152 "https://www.liftsecurity.net/contact-us/" "Mozilla/5.0 (Windows NT 10.0; Win64; x64) AppleWebKit/537.36 (KHTML, like Gecko) Chrome/147.0.0.0 Safari/537.36"
166.1.190.197 - - [29/Apr/2026:10:18:08 +0200] "GET /wp-content/plugins/Ultimate_VC_Addons/assets/min-js/hotspot.min.js?ver=3.19.19 HTTP/1.1" 200 1781 "https://www.liftsecurity.net/contact-us/" "Mozilla/5.0 (Windows NT 10.0; Win64; x64) AppleWebKit/537.36 (KHTML, like Gecko) Chrome/147.0.0.0 Safari/537.36"
166.1.190.197 - - [29/Apr/2026:10:18:09 +0200] "GET /wp-content/themes/dt-the7/js/compatibility/elementor/frontend-common.min.js?ver=12.1.1 HTTP/1.1" 200 4982 "https://www.liftsecurity.net/contact-us/" "Mozilla/5.0 (Windows NT 10.0; Win64; x64) AppleWebKit/537.36 (KHTML, like Gecko) Chrome/147.0.0.0 Safari/537.36"
166.1.190.197 - - [29/Apr/2026:10:18:09 +0200] "GET /wp-content/themes/dt-the7/js/main.min.js?ver=12.1.1 HTTP/1.1" 200 362002 "https://www.liftsecurity.net/contact-us/" "Mozilla/5.0 (Windows NT 10.0; Win64; x64) AppleWebKit/537.36 (KHTML, like Gecko) Chrome/147.0.0.0 Safari/537.36"
166.1.190.197 - - [29/Apr/2026:10:18:09 +0200] "GET /wp-content/cache/min/1/wp-content/plugins/go_pricing/assets/js/go_pricing_scripts.js?ver=1772922479 HTTP/1.1" 200 16214 "https://www.liftsecurity.net/contact-us/" "Mozilla/5.0 (Windows NT 10.0; Win64; x64) AppleWebKit/537.36 (KHTML, like Gecko) Chrome/147.0.0.0 Safari/537.36"
166.1.190.197 - - [29/Apr/2026:10:18:10 +0200] "GET /wp-content/plugins/dt-the7-core/assets/js/post-type.min.js?ver=2.7.9 HTTP/1.1" 200 25147 "https://www.liftsecurity.net/contact-us/" "Mozilla/5.0 (Windows NT 10.0; Win64; x64) AppleWebKit/537.36 (KHTML, like Gecko) Chrome/147.0.0.0 Safari/537.36"
166.1.190.197 - - [29/Apr/2026:10:18:10 +0200] "GET /wp-content/plugins/js_composer/assets/js/dist/js_composer_front.min.js?ver=7.4 HTTP/1.1" 200 20757 "https://www.liftsecurity.net/contact-us/" "Mozilla/5.0 (Windows NT 10.0; Win64; x64) AppleWebKit/537.36 (KHTML, like Gecko) Chrome/147.0.0.0 Safari/537.36"
109.234.166.131 - - [29/Apr/2026:10:18:15 +0200] "POST /wp-cron.php?doing_wp_cron=1777450695.4448029994964599609375 HTTP/1.1" 200 0 "-" "WordPress/6.9.4; https://www.liftsecurity.net"
166.1.190.197 - - [29/Apr/2026:10:18:05 +0200] "GET /wp-content/uploads/smile_fonts/icomoon-free-social-contact-16x16/icomoon-free-social-contact-16x16.ttf?ggo0lu HTTP/1.1" 200 26928 "https://www.liftsecurity.net/wp-content/cache/min/1/wp-content/uploads/smile_fonts/icomoon-free-social-contact-16x16/icomoon-free-social-contact-16x16.css?ver=1777417205" "Mozilla/5.0 (Windows NT 10.0; Win64; x64) AppleWebKit/537.36 (KHTML, like Gecko) Chrome/147.0.0.0 Safari/537.36"
207.46.13.150 - - [29/Apr/2026:10:18:05 +0200] "GET /items/P061371164/ HTTP/1.1" 404 96843 "-" "Mozilla/5.0 AppleWebKit/537.36 (KHTML, like Gecko; compatible; bingbot/2.0; +http://www.bing.com/bingbot.htm) Chrome/116.0.1938.76 Safari/537.36"
207.46.13.150 - - [29/Apr/2026:10:18:06 +0200] "GET /items/P066008119/ HTTP/1.1" 404 96787 "-" "Mozilla/5.0 AppleWebKit/537.36 (KHTML, like Gecko; compatible; bingbot/2.0; +http://www.bing.com/bingbot.htm) Chrome/116.0.1938.76 Safari/537.36"
166.1.190.197 - - [29/Apr/2026:10:18:08 +0200] "GET /wp-content/cache/min/1/wp-content/plugins/mailin/js/mailin-front.js?ver=1772922479 HTTP/1.1" 200 9130 "https://www.liftsecurity.net/contact-us/" "Mozilla/5.0 (Windows NT 10.0; Win64; x64) AppleWebKit/537.36 (KHTML, like Gecko) Chrome/147.0.0.0 Safari/537.36"
166.1.190.197 - - [29/Apr/2026:10:18:10 +0200] "GET /wp-content/themes/dt-the7/js/legacy.min.js?ver=12.1.1 HTTP/1.1" 200 1368 "https://www.liftsecurity.net/contact-us/" "Mozilla/5.0 (Windows NT 10.0; Win64; x64) AppleWebKit/537.36 (KHTML, like Gecko) Chrome/147.0.0.0 Safari/537.36"
166.1.190.197 - - [29/Apr/2026:10:18:10 +0200] "GET /wp-content/themes/dt-the7/lib/custom-scrollbar/custom-scrollbar.min.js?ver=12.1.1 HTTP/1.1" 200 40085 "https://www.liftsecurity.net/contact-us/" "Mozilla/5.0 (Windows NT 10.0; Win64; x64) AppleWebKit/537.36 (KHTML, like Gecko) Chrome/147.0.0.0 Safari/537.36"
157.55.39.56 - - [29/Apr/2026:10:18:14 +0200] "GET /items/P065203529/ HTTP/1.1" 301 0 "-" "Mozilla/5.0 AppleWebKit/537.36 (KHTML, like Gecko; compatible; bingbot/2.0; +http://www.bing.com/bingbot.htm) Chrome/116.0.1938.76 Safari/537.36"
207.46.13.150 - - [29/Apr/2026:10:18:14 +0200] "GET /detail/11047066220601 HTTP/1.1" 404 96843 "-" "Mozilla/5.0 AppleWebKit/537.36 (KHTML, like Gecko; compatible; bingbot/2.0; +http://www.bing.com/bingbot.htm) Chrome/116.0.1938.76 Safari/537.36"
166.1.190.197 - - [29/Apr/2026:10:18:17 +0200] "GET /wp-content/plugins/Ultimate_VC_Addons/assets/min-js/ultimate_bg.min.js?ver=3.19.19 HTTP/1.1" 200 45147 "https://www.liftsecurity.net/contact-us/" "Mozilla/5.0 (Windows NT 10.0; Win64; x64) AppleWebKit/537.36 (KHTML, like Gecko) Chrome/147.0.0.0 Safari/537.36"
52.167.144.191 - - [29/Apr/2026:10:18:16 +0200] "GET /items/C544901675/ HTTP/1.1" 404 96843 "-" "Mozilla/5.0 AppleWebKit/537.36 (KHTML, like Gecko; compatible; bingbot/2.0; +http://www.bing.com/bingbot.htm) Chrome/116.0.1938.76 Safari/537.36"
166.1.190.197 - - [29/Apr/2026:10:18:17 +0200] "GET /wp-content/plugins/revslider/sr6/assets/js/rbtools.min.js?ver=6.7.11 HTTP/1.1" 200 165339 "https://www.liftsecurity.net/contact-us/" "Mozilla/5.0 (Windows NT 10.0; Win64; x64) AppleWebKit/537.36 (KHTML, like Gecko) Chrome/147.0.0.0 Safari/537.36"
57.141.14.95 - - [29/Apr/2026:10:18:17 +0200] "GET /items/P066464788/ HTTP/1.1" 404 96843 "-" "meta-externalagent/1.1 (+https://developers.facebook.com/docs/sharing/webmasters/crawler)"
52.167.144.191 - - [29/Apr/2026:10:18:18 +0200] "GET /items/P065468732/ HTTP/1.1" 404 96843 "-" "Mozilla/5.0 AppleWebKit/537.36 (KHTML, like Gecko; compatible; bingbot/2.0; +http://www.bing.com/bingbot.htm) Chrome/116.0.1938.76 Safari/537.36"
40.77.167.158 - - [29/Apr/2026:10:18:20 +0200] "GET /items/P067444626/ HTTP/1.1" 301 0 "-" "Mozilla/5.0 AppleWebKit/537.36 (KHTML, like Gecko; compatible; bingbot/2.0; +http://www.bing.com/bingbot.htm) Chrome/116.0.1938.76 Safari/537.36"
166.1.190.197 - - [29/Apr/2026:10:18:07 +0200] "GET /wp-content/themes/dt-the7/js/above-the-fold.min.js?ver=12.1.1 HTTP/1.1" 200 12481 "https://www.liftsecurity.net/contact-us/" "Mozilla/5.0 (Windows NT 10.0; Win64; x64) AppleWebKit/537.36 (KHTML, like Gecko) Chrome/147.0.0.0 Safari/537.36"
166.1.190.197 - - [29/Apr/2026:10:18:08 +0200] "GET /wp-content/plugins/Ultimate_VC_Addons/assets/min-js/ultimate-params.min.js?ver=3.19.19 HTTP/1.1" 200 1107 "https://www.liftsecurity.net/contact-us/" "Mozilla/5.0 (Windows NT 10.0; Win64; x64) AppleWebKit/537.36 (KHTML, like Gecko) Chrome/147.0.0.0 Safari/537.36"
166.1.190.197 - - [29/Apr/2026:10:18:08 +0200] "GET /wp-content/plugins/Ultimate_VC_Addons/assets/min-js/jquery-appear.min.js?ver=3.19.19 HTTP/1.1" 200 1355 "https://www.liftsecurity.net/contact-us/" "Mozilla/5.0 (Windows NT 10.0; Win64; x64) AppleWebKit/537.36 (KHTML, like Gecko) Chrome/147.0.0.0 Safari/537.36"
166.1.190.197 - - [29/Apr/2026:10:18:08 +0200] "GET /wp-content/plugins/Ultimate_VC_Addons/assets/min-js/headings.min.js?ver=3.19.19 HTTP/1.1" 200 2704 "https://www.liftsecurity.net/contact-us/" "Mozilla/5.0 (Windows NT 10.0; Win64; x64) AppleWebKit/537.36 (KHTML, like Gecko) Chrome/147.0.0.0 Safari/537.36"
166.1.190.197 - - [29/Apr/2026:10:18:08 +0200] "GET /wp-content/plugins/Ultimate_VC_Addons/assets/min-js/hotspot-tooltipster.min.js?ver=3.19.19 HTTP/1.1" 200 17770 "https://www.liftsecurity.net/contact-us/" "Mozilla/5.0 (Windows NT 10.0; Win64; x64) AppleWebKit/537.36 (KHTML, like Gecko) Chrome/147.0.0.0 Safari/537.36"
166.1.190.197 - - [29/Apr/2026:10:18:10 +0200] "GET /wp-content/themes/dt-the7/lib/jquery-mousewheel/jquery-mousewheel.min.js?ver=12.1.1 HTTP/1.1" 200 2703 "https://www.liftsecurity.net/contact-us/" "Mozilla/5.0 (Windows NT 10.0; Win64; x64) AppleWebKit/537.36 (KHTML, like Gecko) Chrome/147.0.0.0 Safari/537.36"
166.1.190.197 - - [29/Apr/2026:10:18:10 +0200] "GET /wp-content/plugins/Ultimate_VC_Addons/assets/min-js/info-box.min.js?ver=3.19.19 HTTP/1.1" 200 463 "https://www.liftsecurity.net/contact-us/" "Mozilla/5.0 (Windows NT 10.0; Win64; x64) AppleWebKit/537.36 (KHTML, like Gecko) Chrome/147.0.0.0 Safari/537.36"
207.46.13.150 - - [29/Apr/2026:10:18:13 +0200] "GET /items/P064921062/ HTTP/1.1" 404 96843 "-" "Mozilla/5.0 AppleWebKit/537.36 (KHTML, like Gecko; compatible; bingbot/2.0; +http://www.bing.com/bingbot.htm) Chrome/116.0.1938.76 Safari/537.36"
52.167.144.191 - - [29/Apr/2026:10:18:18 +0200] "GET /detail/39019943125813 HTTP/1.1" 404 96843 "-" "Mozilla/5.0 AppleWebKit/537.36 (KHTML, like Gecko; compatible; bingbot/2.0; +http://www.bing.com/bingbot.htm) Chrome/116.0.1938.76 Safari/537.36"
52.167.144.191 - - [29/Apr/2026:10:18:19 +0200] "GET /detail/3670938536525 HTTP/1.1" 404 96843 "-" "Mozilla/5.0 AppleWebKit/537.36 (KHTML, like Gecko; compatible; bingbot/2.0; +http://www.bing.com/bingbot.htm) Chrome/116.0.1938.76 Safari/537.36"
207.46.13.150 - - [29/Apr/2026:10:18:23 +0200] "GET /items/P066963300/ HTTP/1.1" 404 96787 "-" "Mozilla/5.0 AppleWebKit/537.36 (KHTML, like Gecko; compatible; bingbot/2.0; +http://www.bing.com/bingbot.htm) Chrome/116.0.1938.76 Safari/537.36"
52.167.144.171 - - [29/Apr/2026:10:18:23 +0200] "GET /items/P071928019/ HTTP/1.1" 404 96843 "-" "Mozilla/5.0 AppleWebKit/537.36 (KHTML, like Gecko; compatible; bingbot/2.0; +http://www.bing.com/bingbot.htm) Chrome/116.0.1938.76 Safari/537.36"
166.1.190.197 - - [29/Apr/2026:10:18:26 +0200] "GET /wp-content/uploads/2020/02/vertical-hybride2-50x50.png HTTP/1.1" 200 3430 "https://www.liftsecurity.net/contact-us/" "Mozilla/5.0 (Windows NT 10.0; Win64; x64) AppleWebKit/537.36 (KHTML, like Gecko) Chrome/147.0.0.0 Safari/537.36"
166.1.190.197 - - [29/Apr/2026:10:18:26 +0200] "GET /wp-content/uploads/2023/05/JULIA-simple-ferme-300x300-1-50x50.jpg HTTP/1.1" 200 1442 "https://www.liftsecurity.net/contact-us/" "Mozilla/5.0 (Windows NT 10.0; Win64; x64) AppleWebKit/537.36 (KHTML, like Gecko) Chrome/147.0.0.0 Safari/537.36"
166.1.190.197 - - [29/Apr/2026:10:18:17 +0200] "GET /wp-content/plugins/revslider/sr6/assets/js/rs6.min.js?ver=6.7.11 HTTP/1.1" 200 415889 "https://www.liftsecurity.net/contact-us/" "Mozilla/5.0 (Windows NT 10.0; Win64; x64) AppleWebKit/537.36 (KHTML, like Gecko) Chrome/147.0.0.0 Safari/537.36"
40.77.167.158 - - [29/Apr/2026:10:18:18 +0200] "GET /items/P066271711/ HTTP/1.1" 301 0 "-" "Mozilla/5.0 AppleWebKit/537.36 (KHTML, like Gecko; compatible; bingbot/2.0; +http://www.bing.com/bingbot.htm) Chrome/116.0.1938.76 Safari/537.36"
166.1.190.197 - - [29/Apr/2026:10:18:26 +0200] "GET /wp-content/uploads/2023/05/LIT-JULIA-CANAPE-1600-FERME-MECA-300x300-1-50x50.jpg HTTP/1.1" 200 1408 "https://www.liftsecurity.net/contact-us/" "Mozilla/5.0 (Windows NT 10.0; Win64; x64) AppleWebKit/537.36 (KHTML, like Gecko) Chrome/147.0.0.0 Safari/537.36"
166.1.190.197 - - [29/Apr/2026:10:18:26 +0200] "GET /wp-content/uploads/2020/02/canape%CC%81-flex2-50x50.png HTTP/1.1" 200 2461 "https://www.liftsecurity.net/contact-us/" "Mozilla/5.0 (Windows NT 10.0; Win64; x64) AppleWebKit/537.36 (KHTML, like Gecko) Chrome/147.0.0.0 Safari/537.36"
166.1.190.197 - - [29/Apr/2026:10:18:26 +0200] "GET /wp-content/uploads/2022/06/Logo-liftsecurity-fond-transparent-200.png HTTP/1.1" 200 4244 "https://www.liftsecurity.net/contact-us/" "Mozilla/5.0 (Windows NT 10.0; Win64; x64) AppleWebKit/537.36 (KHTML, like Gecko) Chrome/147.0.0.0 Safari/537.36"
166.1.190.197 - - [29/Apr/2026:10:18:26 +0200] "GET /wp-content/uploads/2020/03/IMG_8102-300x300.jpg HTTP/1.1" 200 13575 "https://www.liftsecurity.net/contact-us/" "Mozilla/5.0 (Windows NT 10.0; Win64; x64) AppleWebKit/537.36 (KHTML, like Gecko) Chrome/147.0.0.0 Safari/537.36"
166.1.190.197 - - [29/Apr/2026:10:18:26 +0200] "GET /wp-content/uploads/2020/03/IMG_0053_Fotor-860x500-1-300x300.jpg HTTP/1.1" 200 11884 "https://www.liftsecurity.net/contact-us/" "Mozilla/5.0 (Windows NT 10.0; Win64; x64) AppleWebKit/537.36 (KHTML, like Gecko) Chrome/147.0.0.0 Safari/537.36"
166.1.190.197 - - [29/Apr/2026:10:18:33 +0200] "POST /wp-admin/admin-ajax.php HTTP/1.1" 200 6147 "https://www.liftsecurity.net/contact-us/" "Mozilla/5.0 (Windows NT 10.0; Win64; x64) AppleWebKit/537.36 (KHTML, like Gecko) Chrome/147.0.0.0 Safari/537.36"
166.1.190.197 - - [29/Apr/2026:10:18:37 +0200] "GET /decouvrez-les-cles-du-bien-etre/ HTTP/1.1" 200 218631 "https://www.liftsecurity.net/contact-us/" "Mozilla/5.0 (Windows NT 10.0; Win64; x64) AppleWebKit/537.36 (KHTML, like Gecko) Chrome/147.0.0.0 Safari/537.36"
166.1.190.197 - - [29/Apr/2026:10:18:41 +0200] "GET /videos/ HTTP/1.1" 200 213599 "https://www.liftsecurity.net/contact-us/" "Mozilla/5.0 (Windows NT 10.0; Win64; x64) AppleWebKit/537.36 (KHTML, like Gecko) Chrome/147.0.0.0 Safari/537.36"
109.234.166.131 - - [29/Apr/2026:10:18:42 +0200] "POST /wp-cron.php?doing_wp_cron=1777450722.7536659240722656250000 HTTP/1.1" 200 0 "-" "WordPress/6.9.4; https://www.liftsecurity.net"
52.167.144.191 - - [29/Apr/2026:10:18:42 +0200] "GET /items/P065720957/ HTTP/1.1" 404 96843 "-" "Mozilla/5.0 AppleWebKit/537.36 (KHTML, like Gecko; compatible; bingbot/2.0; +http://www.bing.com/bingbot.htm) Chrome/116.0.1938.76 Safari/537.36"
207.46.13.150 - - [29/Apr/2026:10:18:43 +0200] "GET /items/P067649415/ HTTP/1.1" 404 96843 "-" "Mozilla/5.0 AppleWebKit/537.36 (KHTML, like Gecko; compatible; bingbot/2.0; +http://www.bing.com/bingbot.htm) Chrome/116.0.1938.76 Safari/537.36"
207.46.13.150 - - [29/Apr/2026:10:18:44 +0200] "GET /items/G165238964/ HTTP/1.1" 404 96843 "-" "Mozilla/5.0 AppleWebKit/537.36 (KHTML, like Gecko; compatible; bingbot/2.0; +http://www.bing.com/bingbot.htm) Chrome/116.0.1938.76 Safari/537.36"
52.167.144.171 - - [29/Apr/2026:10:18:47 +0200] "GET /items/P066782452/ HTTP/1.1" 404 96843 "-" "Mozilla/5.0 AppleWebKit/537.36 (KHTML, like Gecko; compatible; bingbot/2.0; +http://www.bing.com/bingbot.htm) Chrome/116.0.1938.76 Safari/537.36"
52.167.144.191 - - [29/Apr/2026:10:18:20 +0200] "GET /items/M145875585/ HTTP/1.1" 404 96843 "-" "Mozilla/5.0 AppleWebKit/537.36 (KHTML, like Gecko; compatible; bingbot/2.0; +http://www.bing.com/bingbot.htm) Chrome/116.0.1938.76 Safari/537.36"
207.46.13.150 - - [29/Apr/2026:10:18:22 +0200] "GET /items/P065086312/ HTTP/1.1" 404 96843 "-" "Mozilla/5.0 AppleWebKit/537.36 (KHTML, like Gecko; compatible; bingbot/2.0; +http://www.bing.com/bingbot.htm) Chrome/116.0.1938.76 Safari/537.36"
166.1.190.197 - - [29/Apr/2026:10:18:26 +0200] "GET /wp-content/uploads/2020/02/canape%CC%81-hybride3-50x50.png HTTP/1.1" 200 3428 "https://www.liftsecurity.net/contact-us/" "Mozilla/5.0 (Windows NT 10.0; Win64; x64) AppleWebKit/537.36 (KHTML, like Gecko) Chrome/147.0.0.0 Safari/537.36"
166.1.190.197 - - [29/Apr/2026:10:18:26 +0200] "GET /wp-content/uploads/2020/02/vertical-flex2-50x50.png HTTP/1.1" 200 2294 "https://www.liftsecurity.net/contact-us/" "Mozilla/5.0 (Windows NT 10.0; Win64; x64) AppleWebKit/537.36 (KHTML, like Gecko) Chrome/147.0.0.0 Safari/537.36"
166.1.190.197 - - [29/Apr/2026:10:18:26 +0200] "GET /wp-content/uploads/2020/03/MANON-en-Bureau-1-300x300.jpg HTTP/1.1" 200 17491 "https://www.liftsecurity.net/contact-us/" "Mozilla/5.0 (Windows NT 10.0; Win64; x64) AppleWebKit/537.36 (KHTML, like Gecko) Chrome/147.0.0.0 Safari/537.36"
166.1.190.197 - - [29/Apr/2026:10:18:26 +0200] "GET /wp-content/uploads/2020/03/IMG_0852-scaled-300x300.jpg HTTP/1.1" 200 15781 "https://www.liftsecurity.net/contact-us/" "Mozilla/5.0 (Windows NT 10.0; Win64; x64) AppleWebKit/537.36 (KHTML, like Gecko) Chrome/147.0.0.0 Safari/537.36"
109.234.166.131 - - [29/Apr/2026:10:18:29 +0200] "POST /wp-cron.php?doing_wp_cron=1777450709.0872879028320312500000 HTTP/1.1" 200 0 "-" "WordPress/6.9.4; https://www.liftsecurity.net"
166.1.190.197 - - [29/Apr/2026:10:18:29 +0200] "GET /wp-content/uploads/2022/06/Logo-liftsecurity-fond-transparent-300.png HTTP/1.1" 200 5661 "https://www.liftsecurity.net/contact-us/" "Mozilla/5.0 (Windows NT 10.0; Win64; x64) AppleWebKit/537.36 (KHTML, like Gecko) Chrome/147.0.0.0 Safari/537.36"
52.167.144.171 - - [29/Apr/2026:10:18:30 +0200] "GET /items/P061499007/ HTTP/1.1" 404 96843 "-" "Mozilla/5.0 AppleWebKit/537.36 (KHTML, like Gecko; compatible; bingbot/2.0; +http://www.bing.com/bingbot.htm) Chrome/116.0.1938.76 Safari/537.36"
166.1.190.197 - - [29/Apr/2026:10:18:40 +0200] "GET /espace2en1/ HTTP/1.1" 200 239680 "https://www.liftsecurity.net/contact-us/" "Mozilla/5.0 (Windows NT 10.0; Win64; x64) AppleWebKit/537.36 (KHTML, like Gecko) Chrome/147.0.0.0 Safari/537.36"
166.1.190.197 - - [29/Apr/2026:10:18:41 +0200] "GET /linnovation-liftsecurity/ HTTP/1.1" 200 252600 "https://www.liftsecurity.net/contact-us/" "Mozilla/5.0 (Windows NT 10.0; Win64; x64) AppleWebKit/537.36 (KHTML, like Gecko) Chrome/147.0.0.0 Safari/537.36"
207.46.13.150 - - [29/Apr/2026:10:18:46 +0200] "GET /detail/62154353050354 HTTP/1.1" 404 96843 "-" "Mozilla/5.0 AppleWebKit/537.36 (KHTML, like Gecko; compatible; bingbot/2.0; +http://www.bing.com/bingbot.htm) Chrome/116.0.1938.76 Safari/537.36"
109.234.166.131 - - [29/Apr/2026:10:19:04 +0200] "POST /wp-cron.php?doing_wp_cron=1777450744.2667129039764404296875 HTTP/1.1" 200 0 "-" "WordPress/6.9.4; https://www.liftsecurity.net"
207.46.13.150 - - [29/Apr/2026:10:19:04 +0200] "GET /items/Q705186192/ HTTP/1.1" 404 96843 "-" "Mozilla/5.0 AppleWebKit/537.36 (KHTML, like Gecko; compatible; bingbot/2.0; +http://www.bing.com/bingbot.htm) Chrome/116.0.1938.76 Safari/537.36"
57.141.14.112 - - [29/Apr/2026:10:19:11 +0200] "GET /items/P063884218/ HTTP/1.1" 404 96843 "-" "meta-externalagent/1.1 (+https://developers.facebook.com/docs/sharing/webmasters/crawler)"
57.141.14.16 - - [29/Apr/2026:10:19:12 +0200] "GET /items/P062219981/ HTTP/1.1" 404 96843 "-" "meta-externalagent/1.1 (+https://developers.facebook.com/docs/sharing/webmasters/crawler)"
166.1.190.197 - - [29/Apr/2026:10:18:26 +0200] "GET /wp-content/uploads/2020/02/horizontal-gaz2-50x50.png HTTP/1.1" 200 1883 "https://www.liftsecurity.net/contact-us/" "Mozilla/5.0 (Windows NT 10.0; Win64; x64) AppleWebKit/537.36 (KHTML, like Gecko) Chrome/147.0.0.0 Safari/537.36"
