46.218.82.234 - - [29/Apr/2026:11:38:41 +0200] "GET /wp-content/cache/fonts/1/google-fonts/fonts/s/robotocondensed/v31/ieVl2ZhZI2eCN5jzbjEETS9weq8-19K7DQ.woff2 HTTP/1.1" 200 51412 "https://www.liftsecurity.net/" "Mozilla/5.0 (Macintosh; Intel Mac OS X 10_15_7) AppleWebKit/537.36 (KHTML, like Gecko) Chrome/116.0.0.0 Safari/537.36"
46.218.82.234 - - [29/Apr/2026:11:38:41 +0200] "GET /wp-content/cache/min/1/wp-content/plugins/cookie-law-info/legacy/public/css/cookie-law-info-public.css?ver=1777417204 HTTP/1.1" 200 2593 "https://www.liftsecurity.net/" "Mozilla/5.0 (Macintosh; Intel Mac OS X 10_15_7) AppleWebKit/537.36 (KHTML, like Gecko) Chrome/116.0.0.0 Safari/537.36"
46.218.82.234 - - [29/Apr/2026:11:38:41 +0200] "GET /wp-content/cache/background-css/1/www.liftsecurity.net/wp-content/cache/min/1/wp-content/plugins/recent-tweets-widget/tp_twitter_plugin.css?ver=1777417205&wpr_t=1777461676 HTTP/1.1" 200 364 "https://www.liftsecurity.net/" "Mozilla/5.0 (Macintosh; Intel Mac OS X 10_15_7) AppleWebKit/537.36 (KHTML, like Gecko) Chrome/116.0.0.0 Safari/537.36"
46.218.82.234 - - [29/Apr/2026:11:38:41 +0200] "GET /wp-content/cache/min/1/wp-content/uploads/smile_fonts/icomoon-elegent-line-icons-32x32/icomoon-elegent-line-icons-32x32.css?ver=1777417205 HTTP/1.1" 200 7681 "https://www.liftsecurity.net/" "Mozilla/5.0 (Macintosh; Intel Mac OS X 10_15_7) AppleWebKit/537.36 (KHTML, like Gecko) Chrome/116.0.0.0 Safari/537.36"
46.218.82.234 - - [29/Apr/2026:11:38:41 +0200] "GET /wp-content/themes/dt-the7/css/wpbakery.min.css?ver=12.1.1 HTTP/1.1" 200 25752 "https://www.liftsecurity.net/" "Mozilla/5.0 (Macintosh; Intel Mac OS X 10_15_7) AppleWebKit/537.36 (KHTML, like Gecko) Chrome/116.0.0.0 Safari/537.36"
46.218.82.234 - - [29/Apr/2026:11:38:41 +0200] "GET /wp-content/cache/min/1/wp-content/uploads/the7-css/mega-menu.css?ver=1777417205 HTTP/1.1" 200 16776 "https://www.liftsecurity.net/" "Mozilla/5.0 (Macintosh; Intel Mac OS X 10_15_7) AppleWebKit/537.36 (KHTML, like Gecko) Chrome/116.0.0.0 Safari/537.36"
46.218.82.234 - - [29/Apr/2026:11:38:41 +0200] "GET /wp-content/cache/min/1/wp-content/uploads/the7-css/the7-elements-albums-portfolio.css?ver=1777417205 HTTP/1.1" 200 21032 "https://www.liftsecurity.net/" "Mozilla/5.0 (Macintosh; Intel Mac OS X 10_15_7) AppleWebKit/537.36 (KHTML, like Gecko) Chrome/116.0.0.0 Safari/537.36"
46.218.82.234 - - [29/Apr/2026:11:38:41 +0200] "GET /wp-content/themes/dt-the7/style.css?ver=12.1.1 HTTP/1.1" 200 1423 "https://www.liftsecurity.net/" "Mozilla/5.0 (Macintosh; Intel Mac OS X 10_15_7) AppleWebKit/537.36 (KHTML, like Gecko) Chrome/116.0.0.0 Safari/537.36"
46.218.82.234 - - [29/Apr/2026:11:38:41 +0200] "GET /wp-content/themes/dt-the7/css/compatibility/elementor/elementor-global.min.css?ver=12.1.1 HTTP/1.1" 200 50285 "https://www.liftsecurity.net/" "Mozilla/5.0 (Macintosh; Intel Mac OS X 10_15_7) AppleWebKit/537.36 (KHTML, like Gecko) Chrome/116.0.0.0 Safari/537.36"
46.218.82.234 - - [29/Apr/2026:11:38:41 +0200] "GET /wp-content/plugins/Ultimate_VC_Addons/assets/min-css/animate.min.css?ver=3.19.19 HTTP/1.1" 200 70192 "https://www.liftsecurity.net/" "Mozilla/5.0 (Macintosh; Intel Mac OS X 10_15_7) AppleWebKit/537.36 (KHTML, like Gecko) Chrome/116.0.0.0 Safari/537.36"
46.218.82.234 - - [29/Apr/2026:11:38:41 +0200] "GET /wp-content/uploads/2020/04/hybride-simple900.jpg HTTP/1.1" 200 39095 "https://www.liftsecurity.net/" "Mozilla/5.0 (Macintosh; Intel Mac OS X 10_15_7) AppleWebKit/537.36 (KHTML, like Gecko) Chrome/116.0.0.0 Safari/537.36"
46.218.82.234 - - [29/Apr/2026:11:38:41 +0200] "GET /wp-content/uploads/2020/04/flex-canape900.jpg HTTP/1.1" 200 22797 "https://www.liftsecurity.net/" "Mozilla/5.0 (Macintosh; Intel Mac OS X 10_15_7) AppleWebKit/537.36 (KHTML, like Gecko) Chrome/116.0.0.0 Safari/537.36"
46.218.82.234 - - [29/Apr/2026:11:38:41 +0200] "GET /wp-content/cache/background-css/1/www.liftsecurity.net/wp-content/cache/min/1/wp-content/plugins/go_pricing/assets/css/go_pricing_styles.css?ver=1777417205&wpr_t=1777461676 HTTP/1.1" 200 53846 "https://www.liftsecurity.net/" "Mozilla/5.0 (Macintosh; Intel Mac OS X 10_15_7) AppleWebKit/537.36 (KHTML, like Gecko) Chrome/116.0.0.0 Safari/537.36"
46.218.82.234 - - [29/Apr/2026:11:38:41 +0200] "GET /wp-content/cache/min/1/wp-content/themes/dt-the7/fonts/FontAwesome/css/all.min.css?ver=1777417205 HTTP/1.1" 200 60013 "https://www.liftsecurity.net/" "Mozilla/5.0 (Macintosh; Intel Mac OS X 10_15_7) AppleWebKit/537.36 (KHTML, like Gecko) Chrome/116.0.0.0 Safari/537.36"
46.218.82.234 - - [29/Apr/2026:11:38:41 +0200] "GET /wp-content/themes/dt-the7/fonts/FontAwesome/back-compat.min.css?ver=12.1.1 HTTP/1.1" 200 19124 "https://www.liftsecurity.net/" "Mozilla/5.0 (Macintosh; Intel Mac OS X 10_15_7) AppleWebKit/537.36 (KHTML, like Gecko) Chrome/116.0.0.0 Safari/537.36"
46.218.82.234 - - [29/Apr/2026:11:38:41 +0200] "GET /wp-content/cache/background-css/1/www.liftsecurity.net/wp-content/cache/min/1/wp-content/uploads/js_composer/js_composer_front_custom.css?ver=1777417205&wpr_t=1777461676 HTTP/1.1" 200 492899 "https://www.liftsecurity.net/" "Mozilla/5.0 (Macintosh; Intel Mac OS X 10_15_7) AppleWebKit/537.36 (KHTML, like Gecko) Chrome/116.0.0.0 Safari/537.36"
46.218.82.234 - - [29/Apr/2026:11:38:41 +0200] "GET /wp-content/plugins/Ultimate_VC_Addons/assets/min-css/style.min.css?ver=3.19.19 HTTP/1.1" 200 13362 "https://www.liftsecurity.net/" "Mozilla/5.0 (Macintosh; Intel Mac OS X 10_15_7) AppleWebKit/537.36 (KHTML, like Gecko) Chrome/116.0.0.0 Safari/537.36"
46.218.82.234 - - [29/Apr/2026:11:38:41 +0200] "GET /wp-content/plugins/Ultimate_VC_Addons/assets/min-css/headings.min.css?ver=3.19.19 HTTP/1.1" 200 1255 "https://www.liftsecurity.net/" "Mozilla/5.0 (Macintosh; Intel Mac OS X 10_15_7) AppleWebKit/537.36 (KHTML, like Gecko) Chrome/116.0.0.0 Safari/537.36"
46.218.82.234 - - [29/Apr/2026:11:38:41 +0200] "GET /wp-content/uploads/2020/04/flex-simple900.jpg HTTP/1.1" 200 19244 "https://www.liftsecurity.net/" "Mozilla/5.0 (Macintosh; Intel Mac OS X 10_15_7) AppleWebKit/537.36 (KHTML, like Gecko) Chrome/116.0.0.0 Safari/537.36"
46.218.82.234 - - [29/Apr/2026:11:38:41 +0200] "GET /wp-content/plugins/revslider/sr6/assets/assets/dummy.png HTTP/1.1" 200 68 "https://www.liftsecurity.net/" "Mozilla/5.0 (Macintosh; Intel Mac OS X 10_15_7) AppleWebKit/537.36 (KHTML, like Gecko) Chrome/116.0.0.0 Safari/537.36"
46.218.82.234 - - [29/Apr/2026:11:38:42 +0200] "GET /wp-content/themes/dt-the7/images/the7-chevron-down.svg HTTP/1.1" 200 579 "https://www.liftsecurity.net/wp-content/themes/dt-the7/css/main.min.css?ver=12.1.1" "Mozilla/5.0 (Macintosh; Intel Mac OS X 10_15_7) AppleWebKit/537.36 (KHTML, like Gecko) Chrome/116.0.0.0 Safari/537.36"
46.218.82.234 - - [29/Apr/2026:11:38:42 +0200] "GET /wp-content/themes/dt-the7/fonts/icomoon-the7-font/icomoon-the7-font.ttf?wi57p5 HTTP/1.1" 200 47776 "https://www.liftsecurity.net/wp-content/cache/min/1/wp-content/themes/dt-the7/fonts/icomoon-the7-font/icomoon-the7-font.min.css?ver=1777417205" "Mozilla/5.0 (Macintosh; Intel Mac OS X 10_15_7) AppleWebKit/537.36 (KHTML, like Gecko) Chrome/116.0.0.0 Safari/537.36"
46.218.82.234 - - [29/Apr/2026:11:38:44 +0200] "GET /wp-includes/js/jquery/jquery.min.js?ver=3.7.1 HTTP/1.1" 200 87553 "https://www.liftsecurity.net/" "Mozilla/5.0 (Macintosh; Intel Mac OS X 10_15_7) AppleWebKit/537.36 (KHTML, like Gecko) Chrome/116.0.0.0 Safari/537.36"
46.218.82.234 - - [29/Apr/2026:11:38:44 +0200] "GET /wp-content/themes/dt-the7/js/compatibility/elementor/frontend-common.min.js?ver=12.1.1 HTTP/1.1" 200 4982 "https://www.liftsecurity.net/" "Mozilla/5.0 (Macintosh; Intel Mac OS X 10_15_7) AppleWebKit/537.36 (KHTML, like Gecko) Chrome/116.0.0.0 Safari/537.36"
46.218.82.234 - - [29/Apr/2026:11:38:41 +0200] "GET /wp-content/plugins/Ultimate_VC_Addons/assets/min-css/ib2-style.min.css?ver=3.19.19 HTTP/1.1" 200 26453 "https://www.liftsecurity.net/" "Mozilla/5.0 (Macintosh; Intel Mac OS X 10_15_7) AppleWebKit/537.36 (KHTML, like Gecko) Chrome/116.0.0.0 Safari/537.36"
46.218.82.234 - - [29/Apr/2026:11:38:41 +0200] "GET /wp-content/cache/background-css/1/www.liftsecurity.net/wp-content/cache/min/1/wp-content/plugins/mailin/css/mailin-front.css?ver=1777417205&wpr_t=1777461676 HTTP/1.1" 200 2076 "https://www.liftsecurity.net/" "Mozilla/5.0 (Macintosh; Intel Mac OS X 10_15_7) AppleWebKit/537.36 (KHTML, like Gecko) Chrome/116.0.0.0 Safari/537.36"
46.218.82.234 - - [29/Apr/2026:11:38:41 +0200] "GET /wp-content/uploads/2020/04/horizontal900.jpg HTTP/1.1" 200 27498 "https://www.liftsecurity.net/" "Mozilla/5.0 (Macintosh; Intel Mac OS X 10_15_7) AppleWebKit/537.36 (KHTML, like Gecko) Chrome/116.0.0.0 Safari/537.36"
46.218.82.234 - - [29/Apr/2026:11:38:41 +0200] "GET /wp-content/cache/background-css/1/www.liftsecurity.net/wp-content/cache/min/1/wp-content/plugins/revslider/sr6/assets/css/rs6.css?ver=1777417205&wpr_t=1777461676 HTTP/1.1" 200 50371 "https://www.liftsecurity.net/" "Mozilla/5.0 (Macintosh; Intel Mac OS X 10_15_7) AppleWebKit/537.36 (KHTML, like Gecko) Chrome/116.0.0.0 Safari/537.36"
46.218.82.234 - - [29/Apr/2026:11:38:42 +0200] "GET /wp-content/themes/dt-the7/images/the7-chevron-side.svg HTTP/1.1" 200 578 "https://www.liftsecurity.net/wp-content/themes/dt-the7/css/main.min.css?ver=12.1.1" "Mozilla/5.0 (Macintosh; Intel Mac OS X 10_15_7) AppleWebKit/537.36 (KHTML, like Gecko) Chrome/116.0.0.0 Safari/537.36"
46.218.82.234 - - [29/Apr/2026:11:38:42 +0200] "GET /wp-content/themes/dt-the7/fonts/FontAwesome/webfonts/fa-solid-900.woff2 HTTP/1.1" 200 78212 "https://www.liftsecurity.net/wp-content/cache/min/1/wp-content/themes/dt-the7/fonts/FontAwesome/css/all.min.css?ver=1777417205" "Mozilla/5.0 (Macintosh; Intel Mac OS X 10_15_7) AppleWebKit/537.36 (KHTML, like Gecko) Chrome/116.0.0.0 Safari/537.36"
46.218.82.234 - - [29/Apr/2026:11:38:42 +0200] "GET /wp-content/uploads/2020/05/cropped-lift_Fotor-32x32.png HTTP/1.1" 200 1594 "https://www.liftsecurity.net/" "Mozilla/5.0 (Macintosh; Intel Mac OS X 10_15_7) AppleWebKit/537.36 (KHTML, like Gecko) Chrome/116.0.0.0 Safari/537.36"
46.218.82.234 - - [29/Apr/2026:11:38:44 +0200] "GET /wp-content/cache/min/1/wp-content/plugins/wonderplugin-video-embed/engine/wonderpluginvideoembed.js?ver=1772922479 HTTP/1.1" 200 19204 "https://www.liftsecurity.net/" "Mozilla/5.0 (Macintosh; Intel Mac OS X 10_15_7) AppleWebKit/537.36 (KHTML, like Gecko) Chrome/116.0.0.0 Safari/537.36"
46.218.82.234 - - [29/Apr/2026:11:38:44 +0200] "GET /wp-content/themes/dt-the7/js/above-the-fold.min.js?ver=12.1.1 HTTP/1.1" 200 12481 "https://www.liftsecurity.net/" "Mozilla/5.0 (Macintosh; Intel Mac OS X 10_15_7) AppleWebKit/537.36 (KHTML, like Gecko) Chrome/116.0.0.0 Safari/537.36"
46.218.82.234 - - [29/Apr/2026:11:38:44 +0200] "GET /wp-content/plugins/Ultimate_VC_Addons/assets/min-js/jquery-appear.min.js?ver=3.19.19 HTTP/1.1" 200 1355 "https://www.liftsecurity.net/" "Mozilla/5.0 (Macintosh; Intel Mac OS X 10_15_7) AppleWebKit/537.36 (KHTML, like Gecko) Chrome/116.0.0.0 Safari/537.36"
46.218.82.234 - - [29/Apr/2026:11:38:44 +0200] "GET /wp-content/plugins/Ultimate_VC_Addons/assets/min-js/custom.min.js?ver=3.19.19 HTTP/1.1" 200 21152 "https://www.liftsecurity.net/" "Mozilla/5.0 (Macintosh; Intel Mac OS X 10_15_7) AppleWebKit/537.36 (KHTML, like Gecko) Chrome/116.0.0.0 Safari/537.36"
46.218.82.234 - - [29/Apr/2026:11:38:44 +0200] "GET /wp-content/cache/min/1/wp-content/plugins/mailin/js/mailin-front.js?ver=1772922479 HTTP/1.1" 200 9130 "https://www.liftsecurity.net/" "Mozilla/5.0 (Macintosh; Intel Mac OS X 10_15_7) AppleWebKit/537.36 (KHTML, like Gecko) Chrome/116.0.0.0 Safari/537.36"
46.218.82.234 - - [29/Apr/2026:11:38:41 +0200] "GET /wp-content/plugins/Ultimate_VC_Addons/assets/min-css/background-style.min.css?ver=3.19.19 HTTP/1.1" 200 9228 "https://www.liftsecurity.net/" "Mozilla/5.0 (Macintosh; Intel Mac OS X 10_15_7) AppleWebKit/537.36 (KHTML, like Gecko) Chrome/116.0.0.0 Safari/537.36"
46.218.82.234 - - [29/Apr/2026:11:38:41 +0200] "GET /wp-content/plugins/wp-rocket/assets/js/lazyload/17.8.3/lazyload.min.js HTTP/1.1" 200 8892 "https://www.liftsecurity.net/" "Mozilla/5.0 (Macintosh; Intel Mac OS X 10_15_7) AppleWebKit/537.36 (KHTML, like Gecko) Chrome/116.0.0.0 Safari/537.36"
46.218.82.234 - - [29/Apr/2026:11:38:42 +0200] "GET /wp-content/uploads/smile_fonts/icomoon-elegent-line-icons-32x32/icomoon-elegent-line-icons-32x32.ttf?8p1dye HTTP/1.1" 200 46252 "https://www.liftsecurity.net/wp-content/cache/min/1/wp-content/uploads/smile_fonts/icomoon-elegent-line-icons-32x32/icomoon-elegent-line-icons-32x32.css?ver=1777417205" "Mozilla/5.0 (Macintosh; Intel Mac OS X 10_15_7) AppleWebKit/537.36 (KHTML, like Gecko) Chrome/116.0.0.0 Safari/537.36"
46.218.82.234 - - [29/Apr/2026:11:38:44 +0200] "GET /wp-includes/js/jquery/jquery-migrate.min.js?ver=3.4.1 HTTP/1.1" 200 13577 "https://www.liftsecurity.net/" "Mozilla/5.0 (Macintosh; Intel Mac OS X 10_15_7) AppleWebKit/537.36 (KHTML, like Gecko) Chrome/116.0.0.0 Safari/537.36"
46.218.82.234 - - [29/Apr/2026:11:38:44 +0200] "GET /wp-content/cache/min/1/wp-content/plugins/cookie-law-info/legacy/public/js/cookie-law-info-public.js?ver=1772922479 HTTP/1.1" 200 27238 "https://www.liftsecurity.net/" "Mozilla/5.0 (Macintosh; Intel Mac OS X 10_15_7) AppleWebKit/537.36 (KHTML, like Gecko) Chrome/116.0.0.0 Safari/537.36"
46.218.82.234 - - [29/Apr/2026:11:38:44 +0200] "GET /wp-content/cache/min/1/ajax/libs/gsap/1.11.2/TweenMax.min.js?ver=1772922479 HTTP/1.1" 200 93791 "https://www.liftsecurity.net/" "Mozilla/5.0 (Macintosh; Intel Mac OS X 10_15_7) AppleWebKit/537.36 (KHTML, like Gecko) Chrome/116.0.0.0 Safari/537.36"
46.218.82.234 - - [29/Apr/2026:11:38:44 +0200] "GET /wp-content/plugins/Ultimate_VC_Addons/assets/min-js/ultimate-params.min.js?ver=3.19.19 HTTP/1.1" 200 1107 "https://www.liftsecurity.net/" "Mozilla/5.0 (Macintosh; Intel Mac OS X 10_15_7) AppleWebKit/537.36 (KHTML, like Gecko) Chrome/116.0.0.0 Safari/537.36"
46.218.82.234 - - [29/Apr/2026:11:38:44 +0200] "GET /wp-content/plugins/Ultimate_VC_Addons/assets/min-js/headings.min.js?ver=3.19.19 HTTP/1.1" 200 2704 "https://www.liftsecurity.net/" "Mozilla/5.0 (Macintosh; Intel Mac OS X 10_15_7) AppleWebKit/537.36 (KHTML, like Gecko) Chrome/116.0.0.0 Safari/537.36"
46.218.82.234 - - [29/Apr/2026:11:38:44 +0200] "GET /wp-content/cache/min/1/wp-content/plugins/go_pricing/assets/js/go_pricing_scripts.js?ver=1772922479 HTTP/1.1" 200 16214 "https://www.liftsecurity.net/" "Mozilla/5.0 (Macintosh; Intel Mac OS X 10_15_7) AppleWebKit/537.36 (KHTML, like Gecko) Chrome/116.0.0.0 Safari/537.36"
46.218.82.234 - - [29/Apr/2026:11:38:45 +0200] "GET /wp-content/plugins/wonderplugin-video-embed/engine/html5boxplayer_fullscreen.png HTTP/1.1" 200 1889 "https://www.liftsecurity.net/" "Mozilla/5.0 (Macintosh; Intel Mac OS X 10_15_7) AppleWebKit/537.36 (KHTML, like Gecko) Chrome/116.0.0.0 Safari/537.36"
46.218.82.234 - - [29/Apr/2026:11:38:45 +0200] "GET /wp-content/plugins/wonderplugin-video-embed/engine/html5boxplayer_volume.png HTTP/1.1" 200 1393 "https://www.liftsecurity.net/" "Mozilla/5.0 (Macintosh; Intel Mac OS X 10_15_7) AppleWebKit/537.36 (KHTML, like Gecko) Chrome/116.0.0.0 Safari/537.36"
46.218.82.234 - - [29/Apr/2026:11:38:45 +0200] "GET /wp-content/plugins/wonderplugin-video-embed/engine/playvideo-64-64-0.png HTTP/1.1" 200 1754 "https://www.liftsecurity.net/" "Mozilla/5.0 (Macintosh; Intel Mac OS X 10_15_7) AppleWebKit/537.36 (KHTML, like Gecko) Chrome/116.0.0.0 Safari/537.36"
46.218.82.234 - - [29/Apr/2026:11:38:44 +0200] "GET /wp-content/themes/dt-the7/js/legacy.min.js?ver=12.1.1 HTTP/1.1" 200 1368 "https://www.liftsecurity.net/" "Mozilla/5.0 (Macintosh; Intel Mac OS X 10_15_7) AppleWebKit/537.36 (KHTML, like Gecko) Chrome/116.0.0.0 Safari/537.36"
46.218.82.234 - - [29/Apr/2026:11:38:44 +0200] "GET /wp-content/themes/dt-the7/lib/jquery-mousewheel/jquery-mousewheel.min.js?ver=12.1.1 HTTP/1.1" 200 2703 "https://www.liftsecurity.net/" "Mozilla/5.0 (Macintosh; Intel Mac OS X 10_15_7) AppleWebKit/537.36 (KHTML, like Gecko) Chrome/116.0.0.0 Safari/537.36"
46.218.82.234 - - [29/Apr/2026:11:38:44 +0200] "GET /wp-content/plugins/dt-the7-core/assets/js/post-type.min.js?ver=2.7.9 HTTP/1.1" 200 25147 "https://www.liftsecurity.net/" "Mozilla/5.0 (Macintosh; Intel Mac OS X 10_15_7) AppleWebKit/537.36 (KHTML, like Gecko) Chrome/116.0.0.0 Safari/537.36"
46.218.82.234 - - [29/Apr/2026:11:38:44 +0200] "GET /wp-content/plugins/js_composer/assets/js/dist/js_composer_front.min.js?ver=7.4 HTTP/1.1" 200 20757 "https://www.liftsecurity.net/" "Mozilla/5.0 (Macintosh; Intel Mac OS X 10_15_7) AppleWebKit/537.36 (KHTML, like Gecko) Chrome/116.0.0.0 Safari/537.36"
46.218.82.234 - - [29/Apr/2026:11:38:44 +0200] "GET /wp-content/plugins/Ultimate_VC_Addons/assets/min-js/ultimate_bg.min.js?ver=3.19.19 HTTP/1.1" 200 45147 "https://www.liftsecurity.net/" "Mozilla/5.0 (Macintosh; Intel Mac OS X 10_15_7) AppleWebKit/537.36 (KHTML, like Gecko) Chrome/116.0.0.0 Safari/537.36"
46.218.82.234 - - [29/Apr/2026:11:38:44 +0200] "GET /wp-content/plugins/revslider/sr6/assets/js/rbtools.min.js?ver=6.7.11 HTTP/1.1" 200 165339 "https://www.liftsecurity.net/" "Mozilla/5.0 (Macintosh; Intel Mac OS X 10_15_7) AppleWebKit/537.36 (KHTML, like Gecko) Chrome/116.0.0.0 Safari/537.36"
46.218.82.234 - - [29/Apr/2026:11:38:44 +0200] "GET /wp-content/plugins/revslider/sr6/assets/js/rs6.min.js?ver=6.7.11 HTTP/1.1" 200 415889 "https://www.liftsecurity.net/" "Mozilla/5.0 (Macintosh; Intel Mac OS X 10_15_7) AppleWebKit/537.36 (KHTML, like Gecko) Chrome/116.0.0.0 Safari/537.36"
46.218.82.234 - - [29/Apr/2026:11:38:45 +0200] "GET /wp-content/plugins/wonderplugin-video-embed/engine/html5boxplayer_playpause.png HTTP/1.1" 200 1212 "https://www.liftsecurity.net/" "Mozilla/5.0 (Macintosh; Intel Mac OS X 10_15_7) AppleWebKit/537.36 (KHTML, like Gecko) Chrome/116.0.0.0 Safari/537.36"
46.218.82.234 - - [29/Apr/2026:11:38:45 +0200] "GET /wp-content/uploads/2020/02/canape%CC%81-hybride3-100x100.png HTTP/1.1" 200 10959 "https://www.liftsecurity.net/" "Mozilla/5.0 (Macintosh; Intel Mac OS X 10_15_7) AppleWebKit/537.36 (KHTML, like Gecko) Chrome/116.0.0.0 Safari/537.36"
46.218.82.234 - - [29/Apr/2026:11:38:45 +0200] "GET /wp-content/uploads/2023/05/JULIA-simple-ferme-300x300-1-100x100.jpg HTTP/1.1" 200 3237 "https://www.liftsecurity.net/" "Mozilla/5.0 (Macintosh; Intel Mac OS X 10_15_7) AppleWebKit/537.36 (KHTML, like Gecko) Chrome/116.0.0.0 Safari/537.36"
46.218.82.234 - - [29/Apr/2026:11:38:45 +0200] "GET /wp-content/uploads/2020/02/vertical-flex2-100x100.png HTTP/1.1" 200 7184 "https://www.liftsecurity.net/" "Mozilla/5.0 (Macintosh; Intel Mac OS X 10_15_7) AppleWebKit/537.36 (KHTML, like Gecko) Chrome/116.0.0.0 Safari/537.36"
46.218.82.234 - - [29/Apr/2026:11:38:45 +0200] "GET /wp-content/uploads/2020/03/IMG_0852-scaled-600x600.jpg HTTP/1.1" 200 47138 "https://www.liftsecurity.net/" "Mozilla/5.0 (Macintosh; Intel Mac OS X 10_15_7) AppleWebKit/537.36 (KHTML, like Gecko) Chrome/116.0.0.0 Safari/537.36"
46.218.82.234 - - [29/Apr/2026:11:38:45 +0200] "GET /wp-content/uploads/2020/03/IMG_0053_Fotor-860x500-1-500x500.jpg HTTP/1.1" 200 26647 "https://www.liftsecurity.net/" "Mozilla/5.0 (Macintosh; Intel Mac OS X 10_15_7) AppleWebKit/537.36 (KHTML, like Gecko) Chrome/116.0.0.0 Safari/537.36"
46.218.82.234 - - [29/Apr/2026:11:38:45 +0200] "GET /wp-content/uploads/2020/03/IMG_8102-600x600.jpg HTTP/1.1" 200 39412 "https://www.liftsecurity.net/" "Mozilla/5.0 (Macintosh; Intel Mac OS X 10_15_7) AppleWebKit/537.36 (KHTML, like Gecko) Chrome/116.0.0.0 Safari/537.36"
46.218.82.234 - - [29/Apr/2026:11:38:45 +0200] "GET /wp-content/uploads/2023/05/LIT-JULIA-CANAPE-1600-FERME-MECA-300x300-1-100x100.jpg HTTP/1.1" 200 2930 "https://www.liftsecurity.net/" "Mozilla/5.0 (Macintosh; Intel Mac OS X 10_15_7) AppleWebKit/537.36 (KHTML, like Gecko) Chrome/116.0.0.0 Safari/537.36"
46.218.82.234 - - [29/Apr/2026:11:38:45 +0200] "GET /wp-content/uploads/2020/02/vertical-hybride2-100x100.png HTTP/1.1" 200 11301 "https://www.liftsecurity.net/" "Mozilla/5.0 (Macintosh; Intel Mac OS X 10_15_7) AppleWebKit/537.36 (KHTML, like Gecko) Chrome/116.0.0.0 Safari/537.36"
46.218.82.234 - - [29/Apr/2026:11:38:45 +0200] "GET /wp-content/uploads/2020/02/horizontal-gaz2-100x100.png HTTP/1.1" 200 6185 "https://www.liftsecurity.net/" "Mozilla/5.0 (Macintosh; Intel Mac OS X 10_15_7) AppleWebKit/537.36 (KHTML, like Gecko) Chrome/116.0.0.0 Safari/537.36"
46.218.82.234 - - [29/Apr/2026:11:38:45 +0200] "GET /wp-content/uploads/2020/03/MANON-en-Bureau-1-600x600.jpg HTTP/1.1" 200 49957 "https://www.liftsecurity.net/" "Mozilla/5.0 (Macintosh; Intel Mac OS X 10_15_7) AppleWebKit/537.36 (KHTML, like Gecko) Chrome/116.0.0.0 Safari/537.36"
46.218.82.234 - - [29/Apr/2026:11:38:45 +0200] "GET /wp-content/uploads/2022/06/Logo-liftsecurity-fond-transparent.png HTTP/1.1" 200 12313 "https://www.liftsecurity.net/" "Mozilla/5.0 (Macintosh; Intel Mac OS X 10_15_7) AppleWebKit/537.36 (KHTML, like Gecko) Chrome/116.0.0.0 Safari/537.36"
46.218.82.234 - - [29/Apr/2026:11:38:45 +0200] "GET /wp-content/uploads/2020/03/Video-assemblage-hybride.mp4 HTTP/1.1" 200 3781015 "https://www.liftsecurity.net/" "Mozilla/5.0 (Macintosh; Intel Mac OS X 10_15_7) AppleWebKit/537.36 (KHTML, like Gecko) Chrome/116.0.0.0 Safari/537.36"
46.218.82.234 - - [29/Apr/2026:11:38:45 +0200] "GET /wp-content/plugins/revslider/sr6/assets/assets/loader.gif HTTP/1.1" 200 2545 "https://www.liftsecurity.net/wp-content/cache/background-css/1/www.liftsecurity.net/wp-content/cache/min/1/wp-content/plugins/revslider/sr6/assets/css/rs6.css?ver=1777417205&wpr_t=1777461676" "Mozilla/5.0 (Macintosh; Intel Mac OS X 10_15_7) AppleWebKit/537.36 (KHTML, like Gecko) Chrome/116.0.0.0 Safari/537.36"
46.218.82.234 - - [29/Apr/2026:11:38:45 +0200] "GET //wp-content/uploads/2020/02/liftsecurity-intro.mp4 HTTP/1.1" 200 6615637 "https://www.liftsecurity.net/" "Mozilla/5.0 (Macintosh; Intel Mac OS X 10_15_7) AppleWebKit/537.36 (KHTML, like Gecko) Chrome/116.0.0.0 Safari/537.36"
46.218.82.234 - - [29/Apr/2026:11:38:47 +0200] "GET /wp-content/uploads/2022/07/LIT-JULIA-CANAPE-FERME-banner.jpg HTTP/1.1" 200 60474 "https://www.liftsecurity.net/" "Mozilla/5.0 (Macintosh; Intel Mac OS X 10_15_7) AppleWebKit/537.36 (KHTML, like Gecko) Chrome/116.0.0.0 Safari/537.36"
46.218.82.234 - - [29/Apr/2026:11:38:47 +0200] "GET /wp-content/uploads/2022/07/JULIA-simple-ferme-banner.jpg HTTP/1.1" 200 20050 "https://www.liftsecurity.net/" "Mozilla/5.0 (Macintosh; Intel Mac OS X 10_15_7) AppleWebKit/537.36 (KHTML, like Gecko) Chrome/116.0.0.0 Safari/537.36"
109.234.166.131 - - [29/Apr/2026:11:38:48 +0200] "POST /wp-cron.php?doing_wp_cron=1777455528.3822350502014160156250 HTTP/1.1" 200 0 "-" "WordPress/6.9.4; https://www.liftsecurity.net"
46.218.82.234 - - [29/Apr/2026:11:38:53 +0200] "GET /lit-escamotable-electrique-julia-simple/ HTTP/1.1" 200 244892 "https://www.liftsecurity.net/" "Mozilla/5.0 (Macintosh; Intel Mac OS X 10_15_7) AppleWebKit/537.36 (KHTML, like Gecko) Chrome/116.0.0.0 Safari/537.36"
46.218.82.234 - - [29/Apr/2026:11:39:00 +0200] "GET //wp-content/uploads/2020/02/IMG_8125-v1.jpg?id=1585 HTTP/1.1" 200 39540 "https://www.liftsecurity.net/" "Mozilla/5.0 (Macintosh; Intel Mac OS X 10_15_7) AppleWebKit/537.36 (KHTML, like Gecko) Chrome/116.0.0.0 Safari/537.36"
46.218.82.234 - - [29/Apr/2026:11:39:00 +0200] "GET //wp-content/uploads/2023/11/HYBRIDE-CANAPE-img-canape-min.jpg?id=4034 HTTP/1.1" 200 387600 "https://www.liftsecurity.net/" "Mozilla/5.0 (Macintosh; Intel Mac OS X 10_15_7) AppleWebKit/537.36 (KHTML, like Gecko) Chrome/116.0.0.0 Safari/537.36"
46.218.82.234 - - [29/Apr/2026:11:38:45 +0200] "GET /wp-content/uploads/2020/05/woman-2197947_1920-v2.jpg HTTP/1.1" 200 80801 "https://www.liftsecurity.net/" "Mozilla/5.0 (Macintosh; Intel Mac OS X 10_15_7) AppleWebKit/537.36 (KHTML, like Gecko) Chrome/116.0.0.0 Safari/537.36"
46.218.82.234 - - [29/Apr/2026:11:38:45 +0200] "GET /wp-content/plugins/Ultimate_VC_Addons/assets/images/patterns/01.png HTTP/1.1" 200 71 "https://www.liftsecurity.net/" "Mozilla/5.0 (Macintosh; Intel Mac OS X 10_15_7) AppleWebKit/537.36 (KHTML, like Gecko) Chrome/116.0.0.0 Safari/537.36"
46.218.82.234 - - [29/Apr/2026:11:38:45 +0200] "GET //wp-content/uploads/2020/02/liftsecurity-intro.mp4 HTTP/1.1" 200 6615637 "https://www.liftsecurity.net/" "Mozilla/5.0 (Macintosh; Intel Mac OS X 10_15_7) AppleWebKit/537.36 (KHTML, like Gecko) Chrome/116.0.0.0 Safari/537.36"
46.218.82.234 - - [29/Apr/2026:11:38:45 +0200] "GET /wp-content/uploads/2020/03/Video-assemblage-hybride.mp4 HTTP/1.1" 200 3781015 "https://www.liftsecurity.net/" "Mozilla/5.0 (Macintosh; Intel Mac OS X 10_15_7) AppleWebKit/537.36 (KHTML, like Gecko) Chrome/116.0.0.0 Safari/537.36"
46.218.82.234 - - [29/Apr/2026:11:38:46 +0200] "GET //wp-content/uploads/2020/02/liftsecurity-intro.mp4 HTTP/1.1" 200 6615637 "https://www.liftsecurity.net/" "Mozilla/5.0 (Macintosh; Intel Mac OS X 10_15_7) AppleWebKit/537.36 (KHTML, like Gecko) Chrome/116.0.0.0 Safari/537.36"
46.218.82.234 - - [29/Apr/2026:11:38:46 +0200] "GET //wp-content/uploads/2020/02/liftsecurity-intro.mp4 HTTP/1.1" 200 6615637 "https://www.liftsecurity.net/" "Mozilla/5.0 (Macintosh; Intel Mac OS X 10_15_7) AppleWebKit/537.36 (KHTML, like Gecko) Chrome/116.0.0.0 Safari/537.36"
46.218.82.234 - - [29/Apr/2026:11:38:48 +0200] "GET /lit-escamotable/ HTTP/1.1" 200 300241 "https://www.liftsecurity.net/" "Mozilla/5.0 (Macintosh; Intel Mac OS X 10_15_7) AppleWebKit/537.36 (KHTML, like Gecko) Chrome/116.0.0.0 Safari/537.36"
46.218.82.234 - - [29/Apr/2026:11:38:53 +0200] "GET /wp-content/uploads/2020/06/20200625-LIT-SITE-ASS-HYBRIDE-CANAPE.jpeg HTTP/1.1" 200 47061 "https://www.liftsecurity.net/" "Mozilla/5.0 (Macintosh; Intel Mac OS X 10_15_7) AppleWebKit/537.36 (KHTML, like Gecko) Chrome/116.0.0.0 Safari/537.36"
109.234.166.131 - - [29/Apr/2026:11:39:01 +0200] "POST /wp-cron.php?doing_wp_cron=1777455541.0697450637817382812500 HTTP/1.1" 200 0 "-" "WordPress/6.9.4; https://www.liftsecurity.net"
46.218.82.234 - - [29/Apr/2026:11:39:03 +0200] "GET //wp-content/uploads/2020/02/IMG_0515_Fotor-scaled.jpg?id=1590 HTTP/1.1" 200 384262 "https://www.liftsecurity.net/" "Mozilla/5.0 (Macintosh; Intel Mac OS X 10_15_7) AppleWebKit/537.36 (KHTML, like Gecko) Chrome/116.0.0.0 Safari/537.36"
192.178.6.41 - - [29/Apr/2026:11:39:05 +0200] "GET /items/G723123843/ HTTP/1.1" 404 96843 "-" "Mozilla/5.0 (Linux; Android 6.0.1; Nexus 5X Build/MMB29P) AppleWebKit/537.36 (KHTML, like Gecko) Chrome/147.0.7727.116 Mobile Safari/537.36 (compatible; Googlebot/2.1; +http://www.google.com/bot.html)"
46.218.82.234 - - [29/Apr/2026:11:39:13 +0200] "GET /wp-content/uploads/2020/05/logo-accor-150x150-1.png HTTP/1.1" 200 2200 "https://www.liftsecurity.net/" "Mozilla/5.0 (Macintosh; Intel Mac OS X 10_15_7) AppleWebKit/537.36 (KHTML, like Gecko) Chrome/116.0.0.0 Safari/537.36"
46.218.82.234 - - [29/Apr/2026:11:39:13 +0200] "GET /wp-content/uploads/2020/05/logo-hilton-150x150-1.png HTTP/1.1" 200 2397 "https://www.liftsecurity.net/" "Mozilla/5.0 (Macintosh; Intel Mac OS X 10_15_7) AppleWebKit/537.36 (KHTML, like Gecko) Chrome/116.0.0.0 Safari/537.36"
46.218.82.234 - - [29/Apr/2026:11:39:13 +0200] "GET /wp-content/uploads/2020/05/Me%CC%81canisme-lit-escamotable-LIFT-SECURITY-installe%CC%81-dans-lhotel-Concorde-paris.png HTTP/1.1" 200 1880 "https://www.liftsecurity.net/" "Mozilla/5.0 (Macintosh; Intel Mac OS X 10_15_7) AppleWebKit/537.36 (KHTML, like Gecko) Chrome/116.0.0.0 Safari/537.36"
46.218.82.234 - - [29/Apr/2026:11:38:44 +0200] "GET /wp-content/themes/dt-the7/js/main.min.js?ver=12.1.1 HTTP/1.1" 200 362002 "https://www.liftsecurity.net/" "Mozilla/5.0 (Macintosh; Intel Mac OS X 10_15_7) AppleWebKit/537.36 (KHTML, like Gecko) Chrome/116.0.0.0 Safari/537.36"
46.218.82.234 - - [29/Apr/2026:11:38:44 +0200] "GET /wp-content/themes/dt-the7/lib/custom-scrollbar/custom-scrollbar.min.js?ver=12.1.1 HTTP/1.1" 200 40085 "https://www.liftsecurity.net/" "Mozilla/5.0 (Macintosh; Intel Mac OS X 10_15_7) AppleWebKit/537.36 (KHTML, like Gecko) Chrome/116.0.0.0 Safari/537.36"
46.218.82.234 - - [29/Apr/2026:11:38:44 +0200] "GET /wp-content/plugins/Ultimate_VC_Addons/assets/min-js/info-box.min.js?ver=3.19.19 HTTP/1.1" 200 463 "https://www.liftsecurity.net/" "Mozilla/5.0 (Macintosh; Intel Mac OS X 10_15_7) AppleWebKit/537.36 (KHTML, like Gecko) Chrome/116.0.0.0 Safari/537.36"
46.218.82.234 - - [29/Apr/2026:11:38:45 +0200] "GET /wp-content/uploads/2020/02/canape%CC%81-flex2-100x100.png HTTP/1.1" 200 7759 "https://www.liftsecurity.net/" "Mozilla/5.0 (Macintosh; Intel Mac OS X 10_15_7) AppleWebKit/537.36 (KHTML, like Gecko) Chrome/116.0.0.0 Safari/537.36"
46.218.82.234 - - [29/Apr/2026:11:38:45 +0200] "GET /wp-content/uploads/2022/06/Logo-liftsecurity-fond-transparent-200.png HTTP/1.1" 200 4244 "https://www.liftsecurity.net/" "Mozilla/5.0 (Macintosh; Intel Mac OS X 10_15_7) AppleWebKit/537.36 (KHTML, like Gecko) Chrome/116.0.0.0 Safari/537.36"
46.218.82.234 - - [29/Apr/2026:11:38:45 +0200] "GET /wp-content/plugins/revslider/sr6/assets/assets/transparent.png HTTP/1.1" 200 122 "https://www.liftsecurity.net/" "Mozilla/5.0 (Macintosh; Intel Mac OS X 10_15_7) AppleWebKit/537.36 (KHTML, like Gecko) Chrome/116.0.0.0 Safari/537.36"
46.218.82.234 - - [29/Apr/2026:11:38:45 +0200] "GET /wp-content/plugins/revslider/sr6/assets/fonts/revicons/revicons.woff?5510888 HTTP/1.1" 200 7536 "https://www.liftsecurity.net/wp-content/cache/background-css/1/www.liftsecurity.net/wp-content/cache/min/1/wp-content/plugins/revslider/sr6/assets/css/rs6.css?ver=1777417205&wpr_t=1777461676" "Mozilla/5.0 (Macintosh; Intel Mac OS X 10_15_7) AppleWebKit/537.36 (KHTML, like Gecko) Chrome/116.0.0.0 Safari/537.36"
46.218.82.234 - - [29/Apr/2026:11:38:45 +0200] "GET //wp-content/uploads/2020/02/liftsecurity-intro.mp4 HTTP/1.1" 200 6615637 "https://www.liftsecurity.net/" "Mozilla/5.0 (Macintosh; Intel Mac OS X 10_15_7) AppleWebKit/537.36 (KHTML, like Gecko) Chrome/116.0.0.0 Safari/537.36"
46.218.82.234 - - [29/Apr/2026:11:38:48 +0200] "GET /flex-simple/ HTTP/1.1" 301 0 "https://www.liftsecurity.net/" "Mozilla/5.0 (Macintosh; Intel Mac OS X 10_15_7) AppleWebKit/537.36 (KHTML, like Gecko) Chrome/116.0.0.0 Safari/537.36"
57.141.20.61 - - [29/Apr/2026:11:38:48 +0200] "GET /items/P064748522/ HTTP/1.1" 404 96843 "-" "meta-externalagent/1.1 (+https://developers.facebook.com/docs/sharing/webmasters/crawler)"
46.218.82.234 - - [29/Apr/2026:11:38:53 +0200] "GET /wp-content/uploads/2020/06/20200625-LIT-SITE-ASS.jpeg HTTP/1.1" 200 39980 "https://www.liftsecurity.net/" "Mozilla/5.0 (Macintosh; Intel Mac OS X 10_15_7) AppleWebKit/537.36 (KHTML, like Gecko) Chrome/116.0.0.0 Safari/537.36"
46.218.82.234 - - [29/Apr/2026:11:39:13 +0200] "GET /wp-content/uploads/2020/05/Me%CC%81canisme-lit-escamotable-LIFT-SECURITY-installe%CC%81-dans-lhotel-Le-me%CC%81ridien.png HTTP/1.1" 200 2462 "https://www.liftsecurity.net/" "Mozilla/5.0 (Macintosh; Intel Mac OS X 10_15_7) AppleWebKit/537.36 (KHTML, like Gecko) Chrome/116.0.0.0 Safari/537.36"
46.218.82.234 - - [29/Apr/2026:11:39:14 +0200] "GET /wp-content/uploads/2020/05/Me%CC%81canisme-lit-escamotable-LIFT-SECURITY-installe%CC%81-dans-lhotel-Starwood.png HTTP/1.1" 200 3521 "https://www.liftsecurity.net/" "Mozilla/5.0 (Macintosh; Intel Mac OS X 10_15_7) AppleWebKit/537.36 (KHTML, like Gecko) Chrome/116.0.0.0 Safari/537.36"
57.141.20.8 - - [29/Apr/2026:11:39:00 +0200] "GET /items/P066022023/ HTTP/1.1" 404 96843 "-" "meta-externalagent/1.1 (+https://developers.facebook.com/docs/sharing/webmasters/crawler)"
46.218.82.234 - - [29/Apr/2026:11:39:01 +0200] "GET //wp-content/uploads/2020/05/IMG_8103_Fotor-2.jpg?id=2975 HTTP/1.1" 200 82968 "https://www.liftsecurity.net/" "Mozilla/5.0 (Macintosh; Intel Mac OS X 10_15_7) AppleWebKit/537.36 (KHTML, like Gecko) Chrome/116.0.0.0 Safari/537.36"
46.218.82.234 - - [29/Apr/2026:11:39:24 +0200] "GET / HTTP/1.1" 200 287498 "https://www.liftsecurity.net/" "Mozilla/5.0 (Macintosh; Intel Mac OS X 10_15_7) AppleWebKit/537.36 (KHTML, like Gecko) Chrome/116.0.0.0 Safari/537.36"
46.218.82.234 - - [29/Apr/2026:11:39:26 +0200] "GET /wp-content/uploads/2020/03/Video-assemblage-hybride.mp4 HTTP/1.1" 200 3781015 "https://www.liftsecurity.net/" "Mozilla/5.0 (Macintosh; Intel Mac OS X 10_15_7) AppleWebKit/537.36 (KHTML, like Gecko) Chrome/116.0.0.0 Safari/537.36"
46.218.82.234 - - [29/Apr/2026:11:39:27 +0200] "GET //wp-content/uploads/2020/02/liftsecurity-intro.mp4 HTTP/1.1" 200 6615637 "https://www.liftsecurity.net/" "Mozilla/5.0 (Macintosh; Intel Mac OS X 10_15_7) AppleWebKit/537.36 (KHTML, like Gecko) Chrome/116.0.0.0 Safari/537.36"
109.234.166.131 - - [29/Apr/2026:11:39:28 +0200] "POST /wp-cron.php?doing_wp_cron=1777455568.2472510337829589843750 HTTP/1.1" 200 0 "-" "WordPress/6.9.4; https://www.liftsecurity.net"
57.141.20.52 - - [29/Apr/2026:11:39:27 +0200] "GET /items/P062240761/ HTTP/1.1" 301 0 "-" "meta-externalagent/1.1 (+https://developers.facebook.com/docs/sharing/webmasters/crawler)"
46.218.82.234 - - [29/Apr/2026:11:39:28 +0200] "GET /lit-escamotable-electrique/ HTTP/1.1" 200 335416 "https://www.liftsecurity.net/" "Mozilla/5.0 (Macintosh; Intel Mac OS X 10_15_7) AppleWebKit/537.36 (KHTML, like Gecko) Chrome/116.0.0.0 Safari/537.36"
109.234.166.131 - - [29/Apr/2026:11:39:31 +0200] "POST /wp-cron.php?doing_wp_cron=1777455571.2187480926513671875000 HTTP/1.1" 200 0 "-" "WordPress/6.9.4; https://www.liftsecurity.net"
46.218.82.234 - - [29/Apr/2026:11:39:30 +0200] "GET /flex-canape/ HTTP/1.1" 301 0 "https://www.liftsecurity.net/" "Mozilla/5.0 (Macintosh; Intel Mac OS X 10_15_7) AppleWebKit/537.36 (KHTML, like Gecko) Chrome/116.0.0.0 Safari/537.36"
14.235.164.0 - - [29/Apr/2026:11:39:40 +0200] "GET /terms-of-sales/ HTTP/1.1" 200 229443 "-" "Mozilla/5.0 (Macintosh; Intel Mac OS X 10_15_7) AppleWebKit/537.36 (KHTML, like Gecko) Chrome/131.0.0.0 Safari/537.36"
109.234.166.131 - - [29/Apr/2026:11:39:43 +0200] "POST /wp-cron.php?doing_wp_cron=1777455583.9468750953674316406250 HTTP/1.1" 200 0 "-" "WordPress/6.9.4; https://www.liftsecurity.net"
109.234.166.131 - - [29/Apr/2026:11:40:03 +0200] "POST /wp-cron.php?doing_wp_cron=1777455603.3020920753479003906250 HTTP/1.1" 200 0 "-" "WordPress/6.9.4; https://www.liftsecurity.net"
109.234.166.131 - - [29/Apr/2026:11:40:40 +0200] "POST /wp-cron.php?doing_wp_cron=1777455640.0691890716552734375000 HTTP/1.1" 200 0 "-" "WordPress/6.9.4; https://www.liftsecurity.net"
109.234.166.131 - - [29/Apr/2026:11:41:08 +0200] "POST /wp-cron.php?doing_wp_cron=1777455668.6183130741119384765625 HTTP/1.1" 200 0 "-" "WordPress/6.9.4; https://www.liftsecurity.net"
46.218.82.234 - - [29/Apr/2026:11:41:08 +0200] "GET /project/studio/ HTTP/1.1" 301 0 "https://www.liftsecurity.net/" "Mozilla/5.0 (Macintosh; Intel Mac OS X 10_15_7) AppleWebKit/537.36 (KHTML, like Gecko) Chrome/116.0.0.0 Safari/537.36"
109.234.166.131 - - [29/Apr/2026:11:41:18 +0200] "POST /wp-cron.php?doing_wp_cron=1777455678.7506990432739257812500 HTTP/1.1" 200 0 "-" "WordPress/6.9.4; https://www.liftsecurity.net"
57.141.20.4 - - [29/Apr/2026:11:41:32 +0200] "GET /items/P061057901/ HTTP/1.1" 301 0 "-" "meta-externalagent/1.1 (+https://developers.facebook.com/docs/sharing/webmasters/crawler)"
109.234.166.131 - - [29/Apr/2026:11:41:50 +0200] "POST /wp-cron.php?doing_wp_cron=1777455710.7157819271087646484375 HTTP/1.1" 200 0 "-" "WordPress/6.9.4; https://www.liftsecurity.net"
46.218.82.234 - - [29/Apr/2026:11:39:13 +0200] "GET /wp-content/uploads/2020/05/Me%CC%81canisme-lit-escamotable-LIFT-SECURITY-installe%CC%81-dans-lhotel-Pullman.png HTTP/1.1" 200 1401 "https://www.liftsecurity.net/" "Mozilla/5.0 (Macintosh; Intel Mac OS X 10_15_7) AppleWebKit/537.36 (KHTML, like Gecko) Chrome/116.0.0.0 Safari/537.36"
46.218.82.234 - - [29/Apr/2026:11:39:26 +0200] "GET /wp-content/uploads/2020/03/Video-assemblage-hybride.mp4 HTTP/1.1" 200 3781015 "https://www.liftsecurity.net/" "Mozilla/5.0 (Macintosh; Intel Mac OS X 10_15_7) AppleWebKit/537.36 (KHTML, like Gecko) Chrome/116.0.0.0 Safari/537.36"
46.218.82.234 - - [29/Apr/2026:11:39:30 +0200] "GET //wp-content/uploads/2020/02/liftsecurity-intro.mp4 HTTP/1.1" 200 6615637 "https://www.liftsecurity.net/" "Mozilla/5.0 (Macintosh; Intel Mac OS X 10_15_7) AppleWebKit/537.36 (KHTML, like Gecko) Chrome/116.0.0.0 Safari/537.36"
46.218.82.234 - - [29/Apr/2026:11:39:31 +0200] "GET /lit-escamotable-canape/ HTTP/1.1" 200 333004 "https://www.liftsecurity.net/" "Mozilla/5.0 (Macintosh; Intel Mac OS X 10_15_7) AppleWebKit/537.36 (KHTML, like Gecko) Chrome/116.0.0.0 Safari/537.36"
57.141.20.16 - - [29/Apr/2026:11:40:02 +0200] "GET /items/P062147747/ HTTP/1.1" 404 96843 "-" "meta-externalagent/1.1 (+https://developers.facebook.com/docs/sharing/webmasters/crawler)"
57.141.20.13 - - [29/Apr/2026:11:40:04 +0200] "GET /items/P066888671/ HTTP/1.1" 404 96843 "-" "meta-externalagent/1.1 (+https://developers.facebook.com/docs/sharing/webmasters/crawler)"
192.178.6.41 - - [29/Apr/2026:11:40:16 +0200] "GET /items/U857172561/ HTTP/1.1" 404 96843 "-" "Mozilla/5.0 (Linux; Android 6.0.1; Nexus 5X Build/MMB29P) AppleWebKit/537.36 (KHTML, like Gecko) Chrome/147.0.7727.116 Mobile Safari/537.36 (compatible; Googlebot/2.1; +http://www.google.com/bot.html)"
57.141.20.16 - - [29/Apr/2026:11:40:22 +0200] "GET /items/P061094519/ HTTP/1.1" 404 96843 "-" "meta-externalagent/1.1 (+https://developers.facebook.com/docs/sharing/webmasters/crawler)"
57.141.20.51 - - [29/Apr/2026:11:40:39 +0200] "GET /items/P061311117/ HTTP/1.1" 404 96843 "-" "meta-externalagent/1.1 (+https://developers.facebook.com/docs/sharing/webmasters/crawler)"
46.218.82.234 - - [29/Apr/2026:11:40:44 +0200] "GET /wp-content/uploads/2023/06/Presentation-BIEN-ETRE-INTERIEUR-TPR-LIFTSECURITY-MATELAS-FR-05-06-2023.pdf HTTP/1.1" 200 2143504 "https://www.liftsecurity.net/" "Mozilla/5.0 (Macintosh; Intel Mac OS X 10_15_7) AppleWebKit/537.36 (KHTML, like Gecko) Chrome/116.0.0.0 Safari/537.36"
46.218.82.234 - - [29/Apr/2026:11:40:44 +0200] "GET /favicon.ico HTTP/1.1" 404 1251 "https://www.liftsecurity.net/wp-content/uploads/2023/06/Presentation-BIEN-ETRE-INTERIEUR-TPR-LIFTSECURITY-MATELAS-FR-05-06-2023.pdf" "Mozilla/5.0 (Macintosh; Intel Mac OS X 10_15_7) AppleWebKit/537.36 (KHTML, like Gecko) Chrome/116.0.0.0 Safari/537.36"
46.218.82.234 - - [29/Apr/2026:11:41:08 +0200] "GET /lit/studio/ HTTP/1.1" 200 268424 "https://www.liftsecurity.net/" "Mozilla/5.0 (Macintosh; Intel Mac OS X 10_15_7) AppleWebKit/537.36 (KHTML, like Gecko) Chrome/116.0.0.0 Safari/537.36"
109.234.166.131 - - [29/Apr/2026:11:41:32 +0200] "POST /wp-cron.php?doing_wp_cron=1777455692.6647329330444335937500 HTTP/1.1" 200 0 "-" "WordPress/6.9.4; https://www.liftsecurity.net"
192.178.6.41 - - [29/Apr/2026:11:41:50 +0200] "GET /items/S505444580/ HTTP/1.1" 404 96843 "-" "Mozilla/5.0 (Linux; Android 6.0.1; Nexus 5X Build/MMB29P) AppleWebKit/537.36 (KHTML, like Gecko) Chrome/147.0.7727.116 Mobile Safari/537.36 (compatible; Googlebot/2.1; +http://www.google.com/bot.html)"
57.141.20.14 - - [29/Apr/2026:11:41:51 +0200] "GET /items/P066065446/ HTTP/1.1" 404 96843 "-" "meta-externalagent/1.1 (+https://developers.facebook.com/docs/sharing/webmasters/crawler)"
109.234.166.131 - - [29/Apr/2026:11:42:14 +0200] "POST /wp-cron.php?doing_wp_cron=1777455734.0602419376373291015625 HTTP/1.1" 200 0 "-" "WordPress/6.9.4; https://www.liftsecurity.net"
46.218.82.234 - - [29/Apr/2026:11:39:28 +0200] "GET /hybride-simple/ HTTP/1.1" 301 0 "https://www.liftsecurity.net/" "Mozilla/5.0 (Macintosh; Intel Mac OS X 10_15_7) AppleWebKit/537.36 (KHTML, like Gecko) Chrome/116.0.0.0 Safari/537.36"
46.218.82.234 - - [29/Apr/2026:11:39:35 +0200] "GET /lit-escamotable-electrique-julia-canape/ HTTP/1.1" 200 258722 "https://www.liftsecurity.net/" "Mozilla/5.0 (Macintosh; Intel Mac OS X 10_15_7) AppleWebKit/537.36 (KHTML, like Gecko) Chrome/116.0.0.0 Safari/537.36"
192.178.6.32 - - [29/Apr/2026:11:39:43 +0200] "GET /items/I216485688/ HTTP/1.1" 404 96843 "-" "Mozilla/5.0 (Linux; Android 6.0.1; Nexus 5X Build/MMB29P) AppleWebKit/537.36 (KHTML, like Gecko) Chrome/147.0.7727.116 Mobile Safari/537.36 (compatible; Googlebot/2.1; +http://www.google.com/bot.html)"
57.141.20.3 - - [29/Apr/2026:11:39:45 +0200] "GET /items/P065401760/ HTTP/1.1" 301 0 "-" "meta-externalagent/1.1 (+https://developers.facebook.com/docs/sharing/webmasters/crawler)"
109.234.166.131 - - [29/Apr/2026:11:40:16 +0200] "POST /wp-cron.php?doing_wp_cron=1777455616.8098130226135253906250 HTTP/1.1" 200 0 "-" "WordPress/6.9.4; https://www.liftsecurity.net"
57.141.20.70 - - [29/Apr/2026:11:40:57 +0200] "GET /items/P064217082/ HTTP/1.1" 404 96843 "-" "meta-externalagent/1.1 (+https://developers.facebook.com/docs/sharing/webmasters/crawler)"
192.178.6.33 - - [29/Apr/2026:11:41:18 +0200] "GET /items/L506596291/ HTTP/1.1" 404 96843 "-" "Mozilla/5.0 (Linux; Android 6.0.1; Nexus 5X Build/MMB29P) AppleWebKit/537.36 (KHTML, like Gecko) Chrome/147.0.7727.116 Mobile Safari/537.36 (compatible; Googlebot/2.1; +http://www.google.com/bot.html)"
57.141.20.32 - - [29/Apr/2026:11:41:54 +0200] "GET /items/P062432466/ HTTP/1.1" 301 0 "-" "meta-externalagent/1.1 (+https://developers.facebook.com/docs/sharing/webmasters/crawler)"
57.141.20.45 - - [29/Apr/2026:11:42:13 +0200] "GET /items/P064086618/ HTTP/1.1" 301 0 "-" "meta-externalagent/1.1 (+https://developers.facebook.com/docs/sharing/webmasters/crawler)"
40.77.167.42 - - [29/Apr/2026:11:42:21 +0200] "GET /items/A277783192/ HTTP/1.1" 404 96843 "-" "Mozilla/5.0 AppleWebKit/537.36 (KHTML, like Gecko; compatible; bingbot/2.0; +http://www.bing.com/bingbot.htm) Chrome/116.0.1938.76 Safari/537.36"
192.178.6.33 - - [29/Apr/2026:11:42:28 +0200] "GET /items/A476934789/ HTTP/1.1" 404 96843 "-" "Mozilla/5.0 (Linux; Android 6.0.1; Nexus 5X Build/MMB29P) AppleWebKit/537.36 (KHTML, like Gecko) Chrome/147.0.7727.116 Mobile Safari/537.36 (compatible; Googlebot/2.1; +http://www.google.com/bot.html)"
40.77.167.42 - - [29/Apr/2026:11:42:38 +0200] "GET /items/P065489919/ HTTP/1.1" 404 96787 "-" "Mozilla/5.0 AppleWebKit/537.36 (KHTML, like Gecko; compatible; bingbot/2.0; +http://www.bing.com/bingbot.htm) Chrome/116.0.1938.76 Safari/537.36"
207.46.13.102 - - [29/Apr/2026:11:42:40 +0200] "GET /items/P067740540/ HTTP/1.1" 404 96843 "-" "Mozilla/5.0 AppleWebKit/537.36 (KHTML, like Gecko; compatible; bingbot/2.0; +http://www.bing.com/bingbot.htm) Chrome/116.0.1938.76 Safari/537.36"
207.46.13.102 - - [29/Apr/2026:11:42:41 +0200] "GET /items/P215627736/ HTTP/1.1" 404 96843 "-" "Mozilla/5.0 AppleWebKit/537.36 (KHTML, like Gecko; compatible; bingbot/2.0; +http://www.bing.com/bingbot.htm) Chrome/116.0.1938.76 Safari/537.36"
207.46.13.102 - - [29/Apr/2026:11:42:42 +0200] "GET /items/X953207385/ HTTP/1.1" 404 96843 "-" "Mozilla/5.0 AppleWebKit/537.36 (KHTML, like Gecko; compatible; bingbot/2.0; +http://www.bing.com/bingbot.htm) Chrome/116.0.1938.76 Safari/537.36"
52.167.144.216 - - [29/Apr/2026:11:42:45 +0200] "GET /items/P061309539/ HTTP/1.1" 404 96843 "-" "Mozilla/5.0 AppleWebKit/537.36 (KHTML, like Gecko; compatible; bingbot/2.0; +http://www.bing.com/bingbot.htm) Chrome/116.0.1938.76 Safari/537.36"
109.234.166.131 - - [29/Apr/2026:11:42:21 +0200] "POST /wp-cron.php?doing_wp_cron=1777455741.6275649070739746093750 HTTP/1.1" 200 0 "-" "WordPress/6.9.4; https://www.liftsecurity.net"
109.234.166.131 - - [29/Apr/2026:11:42:29 +0200] "POST /wp-cron.php?doing_wp_cron=1777455749.0357580184936523437500 HTTP/1.1" 200 0 "-" "WordPress/6.9.4; https://www.liftsecurity.net"
207.46.13.102 - - [29/Apr/2026:11:42:31 +0200] "GET /wp-content/uploads/2020/03/IMG_8132-569x569.jpg HTTP/1.1" 200 31104 "-" "Mozilla/5.0 AppleWebKit/537.36 (KHTML, like Gecko; compatible; bingbot/2.0; +http://www.bing.com/bingbot.htm) Chrome/116.0.1938.76 Safari/537.36"
207.46.13.102 - - [29/Apr/2026:11:42:31 +0200] "GET /items/J005634187/ HTTP/1.1" 404 96843 "-" "Mozilla/5.0 AppleWebKit/537.36 (KHTML, like Gecko; compatible; bingbot/2.0; +http://www.bing.com/bingbot.htm) Chrome/116.0.1938.76 Safari/537.36"
207.46.13.102 - - [29/Apr/2026:11:42:33 +0200] "GET /items/P067455088/ HTTP/1.1" 404 96787 "-" "Mozilla/5.0 AppleWebKit/537.36 (KHTML, like Gecko; compatible; bingbot/2.0; +http://www.bing.com/bingbot.htm) Chrome/116.0.1938.76 Safari/537.36"
40.77.167.42 - - [29/Apr/2026:11:42:36 +0200] "GET /items/X106660156/ HTTP/1.1" 404 96843 "-" "Mozilla/5.0 AppleWebKit/537.36 (KHTML, like Gecko; compatible; bingbot/2.0; +http://www.bing.com/bingbot.htm) Chrome/116.0.1938.76 Safari/537.36"
40.77.167.42 - - [29/Apr/2026:11:42:38 +0200] "GET /detail/53065302637535 HTTP/1.1" 404 96843 "-" "Mozilla/5.0 AppleWebKit/537.36 (KHTML, like Gecko; compatible; bingbot/2.0; +http://www.bing.com/bingbot.htm) Chrome/116.0.1938.76 Safari/537.36"
109.234.166.131 - - [29/Apr/2026:11:42:41 +0200] "POST /wp-cron.php?doing_wp_cron=1777455761.3313329219818115234375 HTTP/1.1" 200 0 "-" "WordPress/6.9.4; https://www.liftsecurity.net"
46.218.82.234 - - [29/Apr/2026:11:42:41 +0200] "GET //wp-content/uploads/2020/02/liftsecurity-intro.mp4 HTTP/1.1" 200 6615637 "https://www.liftsecurity.net/" "Mozilla/5.0 (Macintosh; Intel Mac OS X 10_15_7) AppleWebKit/537.36 (KHTML, like Gecko) Chrome/116.0.0.0 Safari/537.36"
52.167.144.195 - - [29/Apr/2026:11:42:44 +0200] "GET /items/P067488251/ HTTP/1.1" 301 0 "-" "Mozilla/5.0 AppleWebKit/537.36 (KHTML, like Gecko; compatible; bingbot/2.0; +http://www.bing.com/bingbot.htm) Chrome/116.0.1938.76 Safari/537.36"
52.167.144.216 - - [29/Apr/2026:11:42:44 +0200] "GET /items/H413311874/ HTTP/1.1" 404 96843 "-" "Mozilla/5.0 AppleWebKit/537.36 (KHTML, like Gecko; compatible; bingbot/2.0; +http://www.bing.com/bingbot.htm) Chrome/116.0.1938.76 Safari/537.36"
52.167.144.195 - - [29/Apr/2026:11:42:45 +0200] "GET /items/P061853161/ HTTP/1.1" 301 0 "-" "Mozilla/5.0 AppleWebKit/537.36 (KHTML, like Gecko; compatible; bingbot/2.0; +http://www.bing.com/bingbot.htm) Chrome/116.0.1938.76 Safari/537.36"
52.167.144.216 - - [29/Apr/2026:11:42:45 +0200] "GET /items/P067228161/ HTTP/1.1" 404 96843 "-" "Mozilla/5.0 AppleWebKit/537.36 (KHTML, like Gecko; compatible; bingbot/2.0; +http://www.bing.com/bingbot.htm) Chrome/116.0.1938.76 Safari/537.36"
46.218.82.234 - - [29/Apr/2026:11:42:46 +0200] "GET //wp-content/uploads/2020/03/simple-hotel-ouvert-1.jpg?id=2030 HTTP/1.1" 200 44906 "https://www.liftsecurity.net/lit-escamotable-electrique/" "Mozilla/5.0 (Macintosh; Intel Mac OS X 10_15_7) AppleWebKit/537.36 (KHTML, like Gecko) Chrome/116.0.0.0 Safari/537.36"
46.218.82.234 - - [29/Apr/2026:11:42:46 +0200] "GET /wp-content/cache/background-css/1/www.liftsecurity.net/wp-content/cache/min/1/wp-content/plugins/recent-tweets-widget/tp_twitter_plugin.css?ver=1777417205&wpr_t=1777461551 HTTP/1.1" 200 364 "https://www.liftsecurity.net/lit-escamotable-electrique/" "Mozilla/5.0 (Macintosh; Intel Mac OS X 10_15_7) AppleWebKit/537.36 (KHTML, like Gecko) Chrome/116.0.0.0 Safari/537.36"
46.218.82.234 - - [29/Apr/2026:11:42:49 +0200] "GET /wp-content/uploads/2020/03/hybride3-570x427.png HTTP/1.1" 200 89216 "https://www.liftsecurity.net/lit-escamotable-electrique/" "Mozilla/5.0 (Macintosh; Intel Mac OS X 10_15_7) AppleWebKit/537.36 (KHTML, like Gecko) Chrome/116.0.0.0 Safari/537.36"
40.77.167.42 - - [29/Apr/2026:11:42:22 +0200] "GET /items/C547874241/ HTTP/1.1" 404 96843 "-" "Mozilla/5.0 AppleWebKit/537.36 (KHTML, like Gecko; compatible; bingbot/2.0; +http://www.bing.com/bingbot.htm) Chrome/116.0.1938.76 Safari/537.36"
46.218.82.234 - - [29/Apr/2026:11:42:29 +0200] "GET /lit-escamotable-electrique-julia-simple/ HTTP/1.1" 200 244892 "https://www.liftsecurity.net/" "Mozilla/5.0 (Macintosh; Intel Mac OS X 10_15_7) AppleWebKit/537.36 (KHTML, like Gecko) Chrome/116.0.0.0 Safari/537.36"
207.46.13.102 - - [29/Apr/2026:11:42:32 +0200] "GET /items/P066792801/ HTTP/1.1" 404 96843 "-" "Mozilla/5.0 AppleWebKit/537.36 (KHTML, like Gecko; compatible; bingbot/2.0; +http://www.bing.com/bingbot.htm) Chrome/116.0.1938.76 Safari/537.36"
52.167.144.216 - - [29/Apr/2026:11:42:34 +0200] "GET /detail/22192748771052 HTTP/1.1" 404 96843 "-" "Mozilla/5.0 AppleWebKit/537.36 (KHTML, like Gecko; compatible; bingbot/2.0; +http://www.bing.com/bingbot.htm) Chrome/116.0.1938.76 Safari/537.36"
40.77.167.42 - - [29/Apr/2026:11:42:35 +0200] "GET /detail/57586485077499 HTTP/1.1" 404 96843 "-" "Mozilla/5.0 AppleWebKit/537.36 (KHTML, like Gecko; compatible; bingbot/2.0; +http://www.bing.com/bingbot.htm) Chrome/116.0.1938.76 Safari/537.36"
46.218.82.234 - - [29/Apr/2026:11:42:36 +0200] "GET /lit-escamotable/ HTTP/1.1" 200 300241 "https://www.liftsecurity.net/" "Mozilla/5.0 (Macintosh; Intel Mac OS X 10_15_7) AppleWebKit/537.36 (KHTML, like Gecko) Chrome/116.0.0.0 Safari/537.36"
40.77.167.42 - - [29/Apr/2026:11:42:36 +0200] "GET /items/B613169103/ HTTP/1.1" 404 96843 "-" "Mozilla/5.0 AppleWebKit/537.36 (KHTML, like Gecko; compatible; bingbot/2.0; +http://www.bing.com/bingbot.htm) Chrome/116.0.1938.76 Safari/537.36"
46.218.82.234 - - [29/Apr/2026:11:42:41 +0200] "GET //wp-content/uploads/2020/02/liftsecurity-intro.mp4 HTTP/1.1" 200 6615637 "https://www.liftsecurity.net/" "Mozilla/5.0 (Macintosh; Intel Mac OS X 10_15_7) AppleWebKit/537.36 (KHTML, like Gecko) Chrome/116.0.0.0 Safari/537.36"
46.218.82.234 - - [29/Apr/2026:11:42:46 +0200] "GET /wp-content/cache/fonts/1/google-fonts/css/8/6/7/bc9280b72a6459f5026e784588956.css HTTP/1.1" 200 30077 "https://www.liftsecurity.net/lit-escamotable-electrique/" "Mozilla/5.0 (Macintosh; Intel Mac OS X 10_15_7) AppleWebKit/537.36 (KHTML, like Gecko) Chrome/116.0.0.0 Safari/537.36"
46.218.82.234 - - [29/Apr/2026:11:42:46 +0200] "GET /wp-content/cache/background-css/1/www.liftsecurity.net/wp-content/cache/min/1/wp-content/uploads/js_composer/js_composer_front_custom.css?ver=1777417205&wpr_t=1777461551 HTTP/1.1" 200 492899 "https://www.liftsecurity.net/lit-escamotable-electrique/" "Mozilla/5.0 (Macintosh; Intel Mac OS X 10_15_7) AppleWebKit/537.36 (KHTML, like Gecko) Chrome/116.0.0.0 Safari/537.36"
