57.141.20.70 - - [29/Apr/2026:09:42:50 +0200] "GET /items/P063981959/ HTTP/1.1" 404 96843 "-" "meta-externalagent/1.1 (+https://developers.facebook.com/docs/sharing/webmasters/crawler)"
57.141.20.34 - - [29/Apr/2026:09:45:02 +0200] "GET /items/P063418394/ HTTP/1.1" 404 96843 "-" "meta-externalagent/1.1 (+https://developers.facebook.com/docs/sharing/webmasters/crawler)"
57.141.20.3 - - [29/Apr/2026:09:45:05 +0200] "GET /items/P067236453/ HTTP/1.1" 301 0 "-" "meta-externalagent/1.1 (+https://developers.facebook.com/docs/sharing/webmasters/crawler)"
109.234.166.131 - - [29/Apr/2026:09:46:07 +0200] "POST /wp-cron.php?doing_wp_cron=1777448767.9876790046691894531250 HTTP/1.1" 200 0 "-" "WordPress/6.9.4; https://www.liftsecurity.net"
57.141.20.16 - - [29/Apr/2026:09:46:17 +0200] "GET /items/P066310810/ HTTP/1.1" 404 96843 "-" "meta-externalagent/1.1 (+https://developers.facebook.com/docs/sharing/webmasters/crawler)"
109.234.166.131 - - [29/Apr/2026:09:46:38 +0200] "POST /wp-cron.php?doing_wp_cron=1777448798.9270350933074951171875 HTTP/1.1" 200 0 "-" "WordPress/6.9.4; https://www.liftsecurity.net"
192.178.6.33 - - [29/Apr/2026:09:46:38 +0200] "GET /items/F482922844/ HTTP/1.1" 404 96843 "-" "Mozilla/5.0 (Linux; Android 6.0.1; Nexus 5X Build/MMB29P) AppleWebKit/537.36 (KHTML, like Gecko) Chrome/147.0.7727.116 Mobile Safari/537.36 (compatible; Googlebot/2.1; +http://www.google.com/bot.html)"
109.234.166.131 - - [29/Apr/2026:09:47:15 +0200] "POST /wp-cron.php?doing_wp_cron=1777448835.2654230594635009765625 HTTP/1.1" 200 0 "-" "WordPress/6.9.4; https://www.liftsecurity.net"
109.234.166.131 - - [29/Apr/2026:09:47:42 +0200] "POST /wp-cron.php?doing_wp_cron=1777448862.9867849349975585937500 HTTP/1.1" 200 0 "-" "WordPress/6.9.4; https://www.liftsecurity.net"
57.141.20.70 - - [29/Apr/2026:09:47:42 +0200] "GET /items/P067015385/ HTTP/1.1" 301 0 "-" "meta-externalagent/1.1 (+https://developers.facebook.com/docs/sharing/webmasters/crawler)"
109.234.166.131 - - [29/Apr/2026:09:48:10 +0200] "POST /wp-cron.php?doing_wp_cron=1777448890.7193570137023925781250 HTTP/1.1" 200 0 "-" "WordPress/6.9.4; https://www.liftsecurity.net"
57.141.20.56 - - [29/Apr/2026:09:48:10 +0200] "GET /items/P067654681/ HTTP/1.1" 404 96843 "-" "meta-externalagent/1.1 (+https://developers.facebook.com/docs/sharing/webmasters/crawler)"
52.167.144.169 - - [29/Apr/2026:09:48:57 +0200] "GET /items/P063773263/ HTTP/1.1" 404 96843 "-" "Mozilla/5.0 AppleWebKit/537.36 (KHTML, like Gecko; compatible; bingbot/2.0; +http://www.bing.com/bingbot.htm) Chrome/116.0.1938.76 Safari/537.36"
57.141.20.30 - - [29/Apr/2026:09:50:44 +0200] "GET /items/P061174982/ HTTP/1.1" 404 96843 "-" "meta-externalagent/1.1 (+https://developers.facebook.com/docs/sharing/webmasters/crawler)"
44.251.185.241 - - [29/Apr/2026:09:50:45 +0200] "GET / HTTP/1.1" 301 0 "-" "Mozilla/5.0 (Macintosh; Intel Mac OS X 10_15_7) AppleWebKit/537.36 (KHTML, like Gecko) Chrome/130.0.0.0 Safari/537.36"
44.251.185.241 - - [29/Apr/2026:09:50:46 +0200] "GET /wp-content/cache/fonts/1/google-fonts/fonts/s/roboto/v51/KFO7CnqEu92Fr1ME7kSn66aGLdTylUAMa3yUBA.woff2 HTTP/1.1" 200 43136 "https://www.liftsecurity.net/" "Mozilla/5.0 (Macintosh; Intel Mac OS X 10_15_7) AppleWebKit/537.36 (KHTML, like Gecko) Chrome/130.0.0.0 Safari/537.36"
44.251.185.241 - - [29/Apr/2026:09:50:46 +0200] "GET /wp-content/cache/fonts/1/google-fonts/css/2/3/2/f72a7bc9428005f99dfc61edaa705.css HTTP/1.1" 200 30077 "https://www.liftsecurity.net/" "Mozilla/5.0 (Macintosh; Intel Mac OS X 10_15_7) AppleWebKit/537.36 (KHTML, like Gecko) Chrome/130.0.0.0 Safari/537.36"
52.167.144.169 - - [29/Apr/2026:09:41:26 +0200] "GET /items/P066390171/ HTTP/1.1" 404 96843 "-" "Mozilla/5.0 AppleWebKit/537.36 (KHTML, like Gecko; compatible; bingbot/2.0; +http://www.bing.com/bingbot.htm) Chrome/116.0.1938.76 Safari/537.36"
57.141.20.14 - - [29/Apr/2026:09:42:47 +0200] "GET /items/P067253566/ HTTP/1.1" 404 96843 "-" "meta-externalagent/1.1 (+https://developers.facebook.com/docs/sharing/webmasters/crawler)"
109.234.166.131 - - [29/Apr/2026:09:43:19 +0200] "POST /wp-cron.php?doing_wp_cron=1777448599.0544478893280029296875 HTTP/1.1" 200 0 "-" "WordPress/6.9.4; https://www.liftsecurity.net"
109.234.166.131 - - [29/Apr/2026:09:43:43 +0200] "POST /wp-cron.php?doing_wp_cron=1777448623.4162380695343017578125 HTTP/1.1" 200 0 "-" "WordPress/6.9.4; https://www.liftsecurity.net"
57.141.20.68 - - [29/Apr/2026:09:43:42 +0200] "GET /items/P063832861/ HTTP/1.1" 404 96843 "-" "meta-externalagent/1.1 (+https://developers.facebook.com/docs/sharing/webmasters/crawler)"
109.234.166.131 - - [29/Apr/2026:09:44:15 +0200] "POST /wp-cron.php?doing_wp_cron=1777448655.2197890281677246093750 HTTP/1.1" 200 0 "-" "WordPress/6.9.4; https://www.liftsecurity.net"
109.234.166.131 - - [29/Apr/2026:09:45:03 +0200] "POST /wp-cron.php?doing_wp_cron=1777448703.5247828960418701171875 HTTP/1.1" 200 0 "-" "WordPress/6.9.4; https://www.liftsecurity.net"
109.234.166.131 - - [29/Apr/2026:09:45:28 +0200] "POST /wp-cron.php?doing_wp_cron=1777448728.2838308811187744140625 HTTP/1.1" 200 0 "-" "WordPress/6.9.4; https://www.liftsecurity.net"
52.167.144.169 - - [29/Apr/2026:09:45:27 +0200] "GET /items/Y732494928/ HTTP/1.1" 404 96843 "-" "Mozilla/5.0 AppleWebKit/537.36 (KHTML, like Gecko; compatible; bingbot/2.0; +http://www.bing.com/bingbot.htm) Chrome/116.0.1938.76 Safari/537.36"
109.234.166.131 - - [29/Apr/2026:09:45:30 +0200] "POST /wp-cron.php?doing_wp_cron=1777448730.5098359584808349609375 HTTP/1.1" 200 0 "-" "WordPress/6.9.4; https://www.liftsecurity.net"
57.141.20.26 - - [29/Apr/2026:09:45:30 +0200] "GET /items/P063354685/ HTTP/1.1" 404 96843 "-" "meta-externalagent/1.1 (+https://developers.facebook.com/docs/sharing/webmasters/crawler)"
77.75.79.72 - - [29/Apr/2026:09:46:08 +0200] "GET /items/P064609347/ HTTP/1.1" 404 96843 "-" "Mozilla/5.0 (compatible; SeznamBot/4.0; +https://o-seznam.cz/napoveda/vyhledavani/en/seznambot-crawler/)"
57.141.20.6 - - [29/Apr/2026:09:46:19 +0200] "GET /items/P063406130/ HTTP/1.1" 404 96843 "-" "meta-externalagent/1.1 (+https://developers.facebook.com/docs/sharing/webmasters/crawler)"
192.178.6.41 - - [29/Apr/2026:09:46:38 +0200] "GET /items/N131013912/ HTTP/1.1" 404 96843 "-" "Mozilla/5.0 (Linux; Android 6.0.1; Nexus 5X Build/MMB29P) AppleWebKit/537.36 (KHTML, like Gecko) Chrome/147.0.7727.116 Mobile Safari/537.36 (compatible; Googlebot/2.1; +http://www.google.com/bot.html)"
57.141.20.16 - - [29/Apr/2026:09:46:47 +0200] "GET /items/P065403723/ HTTP/1.1" 404 96843 "-" "meta-externalagent/1.1 (+https://developers.facebook.com/docs/sharing/webmasters/crawler)"
57.141.20.28 - - [29/Apr/2026:09:48:34 +0200] "GET /items/P061206263/ HTTP/1.1" 404 96843 "-" "meta-externalagent/1.1 (+https://developers.facebook.com/docs/sharing/webmasters/crawler)"
57.141.20.25 - - [29/Apr/2026:09:49:21 +0200] "GET /items/P065407005/ HTTP/1.1" 301 0 "-" "meta-externalagent/1.1 (+https://developers.facebook.com/docs/sharing/webmasters/crawler)"
109.234.166.131 - - [29/Apr/2026:09:50:12 +0200] "POST /wp-cron.php?doing_wp_cron=1777449012.8565969467163085937500 HTTP/1.1" 200 0 "-" "WordPress/6.9.4; https://www.liftsecurity.net"
109.234.166.131 - - [29/Apr/2026:09:50:41 +0200] "POST /wp-cron.php?doing_wp_cron=1777449041.0929028987884521484375 HTTP/1.1" 200 0 "-" "WordPress/6.9.4; https://www.liftsecurity.net"
57.141.20.9 - - [29/Apr/2026:09:50:40 +0200] "GET /items/P067367808/ HTTP/1.1" 301 0 "-" "meta-externalagent/1.1 (+https://developers.facebook.com/docs/sharing/webmasters/crawler)"
109.234.166.131 - - [29/Apr/2026:09:46:48 +0200] "POST /wp-cron.php?doing_wp_cron=1777448808.0355389118194580078125 HTTP/1.1" 200 0 "-" "WordPress/6.9.4; https://www.liftsecurity.net"
192.178.6.41 - - [29/Apr/2026:09:46:49 +0200] "GET /detail/49921121762831 HTTP/1.1" 404 96843 "-" "Mozilla/5.0 (Linux; Android 6.0.1; Nexus 5X Build/MMB29P) AppleWebKit/537.36 (KHTML, like Gecko) Chrome/147.0.7727.116 Mobile Safari/537.36 (compatible; Googlebot/2.1; +http://www.google.com/bot.html)"
57.141.20.41 - - [29/Apr/2026:09:47:14 +0200] "GET /items/P066825299/ HTTP/1.1" 404 96843 "-" "meta-externalagent/1.1 (+https://developers.facebook.com/docs/sharing/webmasters/crawler)"
109.234.166.131 - - [29/Apr/2026:09:48:34 +0200] "POST /wp-cron.php?doing_wp_cron=1777448914.9317860603332519531250 HTTP/1.1" 200 0 "-" "WordPress/6.9.4; https://www.liftsecurity.net"
109.234.166.131 - - [29/Apr/2026:09:48:58 +0200] "POST /wp-cron.php?doing_wp_cron=1777448938.3662309646606445312500 HTTP/1.1" 200 0 "-" "WordPress/6.9.4; https://www.liftsecurity.net"
109.234.166.131 - - [29/Apr/2026:09:49:22 +0200] "POST /wp-cron.php?doing_wp_cron=1777448962.3788549900054931640625 HTTP/1.1" 200 0 "-" "WordPress/6.9.4; https://www.liftsecurity.net"
57.141.20.63 - - [29/Apr/2026:09:49:24 +0200] "GET /items/P061167052/ HTTP/1.1" 404 96843 "-" "meta-externalagent/1.1 (+https://developers.facebook.com/docs/sharing/webmasters/crawler)"
57.141.20.0 - - [29/Apr/2026:09:50:12 +0200] "GET /items/P066250291/ HTTP/1.1" 404 96843 "-" "meta-externalagent/1.1 (+https://developers.facebook.com/docs/sharing/webmasters/crawler)"
44.251.185.241 - - [29/Apr/2026:09:50:46 +0200] "GET / HTTP/1.1" 200 287492 "-" "Mozilla/5.0 (Macintosh; Intel Mac OS X 10_15_7) AppleWebKit/537.36 (KHTML, like Gecko) Chrome/130.0.0.0 Safari/537.36"
44.251.185.241 - - [29/Apr/2026:09:50:46 +0200] "GET /wp-content/cache/fonts/1/google-fonts/fonts/s/robotocondensed/v31/ieVl2ZhZI2eCN5jzbjEETS9weq8-19K7DQ.woff2 HTTP/1.1" 200 51412 "https://www.liftsecurity.net/" "Mozilla/5.0 (Macintosh; Intel Mac OS X 10_15_7) AppleWebKit/537.36 (KHTML, like Gecko) Chrome/130.0.0.0 Safari/537.36"
44.251.185.241 - - [29/Apr/2026:09:50:47 +0200] "GET /wp-content/cache/background-css/1/www.liftsecurity.net/wp-content/cache/min/1/wp-content/plugins/go_pricing/assets/css/go_pricing_styles.css?ver=1777417205&wpr_t=1777424857 HTTP/1.1" 200 53846 "https://www.liftsecurity.net/" "Mozilla/5.0 (Macintosh; Intel Mac OS X 10_15_7) AppleWebKit/537.36 (KHTML, like Gecko) Chrome/130.0.0.0 Safari/537.36"
44.251.185.241 - - [29/Apr/2026:09:50:47 +0200] "GET /wp-content/themes/dt-the7/fonts/FontAwesome/back-compat.min.css?ver=12.1.1 HTTP/1.1" 200 19124 "https://www.liftsecurity.net/" "Mozilla/5.0 (Macintosh; Intel Mac OS X 10_15_7) AppleWebKit/537.36 (KHTML, like Gecko) Chrome/130.0.0.0 Safari/537.36"
44.251.185.241 - - [29/Apr/2026:09:50:47 +0200] "GET /wp-content/cache/min/1/wp-content/uploads/smile_fonts/icomoon-elegent-line-icons-32x32/icomoon-elegent-line-icons-32x32.css?ver=1777417205 HTTP/1.1" 200 7681 "https://www.liftsecurity.net/" "Mozilla/5.0 (Macintosh; Intel Mac OS X 10_15_7) AppleWebKit/537.36 (KHTML, like Gecko) Chrome/130.0.0.0 Safari/537.36"
44.251.185.241 - - [29/Apr/2026:09:50:47 +0200] "GET /wp-content/cache/min/1/wp-content/uploads/smile_fonts/icomoon-free-social-contact-16x16/icomoon-free-social-contact-16x16.css?ver=1777417205 HTTP/1.1" 200 8550 "https://www.liftsecurity.net/" "Mozilla/5.0 (Macintosh; Intel Mac OS X 10_15_7) AppleWebKit/537.36 (KHTML, like Gecko) Chrome/130.0.0.0 Safari/537.36"
44.251.185.241 - - [29/Apr/2026:09:50:47 +0200] "GET /wp-content/themes/dt-the7/css/main.min.css?ver=12.1.1 HTTP/1.1" 200 247661 "https://www.liftsecurity.net/" "Mozilla/5.0 (Macintosh; Intel Mac OS X 10_15_7) AppleWebKit/537.36 (KHTML, like Gecko) Chrome/130.0.0.0 Safari/537.36"
44.251.185.241 - - [29/Apr/2026:09:50:47 +0200] "GET /wp-content/cache/min/1/wp-content/plugins/cookie-law-info/legacy/public/css/cookie-law-info-public.css?ver=1777417204 HTTP/1.1" 200 2593 "https://www.liftsecurity.net/" "Mozilla/5.0 (Macintosh; Intel Mac OS X 10_15_7) AppleWebKit/537.36 (KHTML, like Gecko) Chrome/130.0.0.0 Safari/537.36"
44.251.185.241 - - [29/Apr/2026:09:50:47 +0200] "GET /wp-content/cache/background-css/1/www.liftsecurity.net/wp-content/cache/min/1/wp-content/plugins/recent-tweets-widget/tp_twitter_plugin.css?ver=1777417205&wpr_t=1777424857 HTTP/1.1" 200 364 "https://www.liftsecurity.net/" "Mozilla/5.0 (Macintosh; Intel Mac OS X 10_15_7) AppleWebKit/537.36 (KHTML, like Gecko) Chrome/130.0.0.0 Safari/537.36"
44.251.185.241 - - [29/Apr/2026:09:50:47 +0200] "GET /wp-content/cache/min/1/wp-content/themes/dt-the7/fonts/FontAwesome/css/all.min.css?ver=1777417205 HTTP/1.1" 200 60013 "https://www.liftsecurity.net/" "Mozilla/5.0 (Macintosh; Intel Mac OS X 10_15_7) AppleWebKit/537.36 (KHTML, like Gecko) Chrome/130.0.0.0 Safari/537.36"
44.251.185.241 - - [29/Apr/2026:09:50:47 +0200] "GET /wp-content/themes/dt-the7/lib/custom-scrollbar/custom-scrollbar.min.css?ver=12.1.1 HTTP/1.1" 200 10755 "https://www.liftsecurity.net/" "Mozilla/5.0 (Macintosh; Intel Mac OS X 10_15_7) AppleWebKit/537.36 (KHTML, like Gecko) Chrome/130.0.0.0 Safari/537.36"
44.251.185.241 - - [29/Apr/2026:09:50:47 +0200] "GET /wp-content/plugins/Ultimate_VC_Addons/assets/min-css/headings.min.css?ver=3.19.19 HTTP/1.1" 200 1255 "https://www.liftsecurity.net/" "Mozilla/5.0 (Macintosh; Intel Mac OS X 10_15_7) AppleWebKit/537.36 (KHTML, like Gecko) Chrome/130.0.0.0 Safari/537.36"
44.251.185.241 - - [29/Apr/2026:09:50:47 +0200] "GET /wp-content/plugins/Ultimate_VC_Addons/assets/min-css/info-box.min.css?ver=3.19.19 HTTP/1.1" 200 4226 "https://www.liftsecurity.net/" "Mozilla/5.0 (Macintosh; Intel Mac OS X 10_15_7) AppleWebKit/537.36 (KHTML, like Gecko) Chrome/130.0.0.0 Safari/537.36"
44.251.185.241 - - [29/Apr/2026:09:50:47 +0200] "GET /wp-content/uploads/2020/04/horizontal900.jpg HTTP/1.1" 200 27498 "https://www.liftsecurity.net/" "Mozilla/5.0 (Macintosh; Intel Mac OS X 10_15_7) AppleWebKit/537.36 (KHTML, like Gecko) Chrome/130.0.0.0 Safari/537.36"
44.251.185.241 - - [29/Apr/2026:09:50:47 +0200] "GET /wp-content/uploads/2020/04/flex-simple900.jpg HTTP/1.1" 200 19244 "https://www.liftsecurity.net/" "Mozilla/5.0 (Macintosh; Intel Mac OS X 10_15_7) AppleWebKit/537.36 (KHTML, like Gecko) Chrome/130.0.0.0 Safari/537.36"
44.251.185.241 - - [29/Apr/2026:09:50:47 +0200] "GET /wp-content/plugins/Ultimate_VC_Addons/assets/min-css/background-style.min.css?ver=3.19.19 HTTP/1.1" 200 9228 "https://www.liftsecurity.net/" "Mozilla/5.0 (Macintosh; Intel Mac OS X 10_15_7) AppleWebKit/537.36 (KHTML, like Gecko) Chrome/130.0.0.0 Safari/537.36"
44.251.185.241 - - [29/Apr/2026:09:50:47 +0200] "GET /wp-content/plugins/revslider/sr6/assets/assets/dummy.png HTTP/1.1" 200 68 "https://www.liftsecurity.net/" "Mozilla/5.0 (Macintosh; Intel Mac OS X 10_15_7) AppleWebKit/537.36 (KHTML, like Gecko) Chrome/130.0.0.0 Safari/537.36"
44.251.185.241 - - [29/Apr/2026:09:50:48 +0200] "GET /wp-content/themes/dt-the7/fonts/FontAwesome/webfonts/fa-solid-900.woff2 HTTP/1.1" 200 78212 "https://www.liftsecurity.net/wp-content/cache/min/1/wp-content/themes/dt-the7/fonts/FontAwesome/css/all.min.css?ver=1777417205" "Mozilla/5.0 (Macintosh; Intel Mac OS X 10_15_7) AppleWebKit/537.36 (KHTML, like Gecko) Chrome/130.0.0.0 Safari/537.36"
44.251.185.241 - - [29/Apr/2026:09:50:48 +0200] "GET /wp-content/uploads/smile_fonts/icomoon-elegent-line-icons-32x32/icomoon-elegent-line-icons-32x32.ttf?8p1dye HTTP/1.1" 200 46252 "https://www.liftsecurity.net/wp-content/cache/min/1/wp-content/uploads/smile_fonts/icomoon-elegent-line-icons-32x32/icomoon-elegent-line-icons-32x32.css?ver=1777417205" "Mozilla/5.0 (Macintosh; Intel Mac OS X 10_15_7) AppleWebKit/537.36 (KHTML, like Gecko) Chrome/130.0.0.0 Safari/537.36"
44.251.185.241 - - [29/Apr/2026:09:50:47 +0200] "GET /wp-content/themes/dt-the7/css/wpbakery.min.css?ver=12.1.1 HTTP/1.1" 200 25752 "https://www.liftsecurity.net/" "Mozilla/5.0 (Macintosh; Intel Mac OS X 10_15_7) AppleWebKit/537.36 (KHTML, like Gecko) Chrome/130.0.0.0 Safari/537.36"
44.251.185.241 - - [29/Apr/2026:09:50:47 +0200] "GET /wp-content/cache/min/1/wp-content/uploads/the7-css/css-vars.css?ver=1777417205 HTTP/1.1" 200 29390 "https://www.liftsecurity.net/" "Mozilla/5.0 (Macintosh; Intel Mac OS X 10_15_7) AppleWebKit/537.36 (KHTML, like Gecko) Chrome/130.0.0.0 Safari/537.36"
44.251.185.241 - - [29/Apr/2026:09:50:47 +0200] "GET /wp-content/cache/min/1/wp-content/uploads/the7-css/custom.css?ver=1777417205 HTTP/1.1" 200 254322 "https://www.liftsecurity.net/" "Mozilla/5.0 (Macintosh; Intel Mac OS X 10_15_7) AppleWebKit/537.36 (KHTML, like Gecko) Chrome/130.0.0.0 Safari/537.36"
44.251.185.241 - - [29/Apr/2026:09:50:47 +0200] "GET /wp-content/cache/min/1/wp-content/uploads/the7-css/mega-menu.css?ver=1777417205 HTTP/1.1" 200 16776 "https://www.liftsecurity.net/" "Mozilla/5.0 (Macintosh; Intel Mac OS X 10_15_7) AppleWebKit/537.36 (KHTML, like Gecko) Chrome/130.0.0.0 Safari/537.36"
44.251.185.241 - - [29/Apr/2026:09:50:47 +0200] "GET /wp-content/cache/min/1/wp-content/uploads/the7-css/the7-elements-albums-portfolio.css?ver=1777417205 HTTP/1.1" 200 21032 "https://www.liftsecurity.net/" "Mozilla/5.0 (Macintosh; Intel Mac OS X 10_15_7) AppleWebKit/537.36 (KHTML, like Gecko) Chrome/130.0.0.0 Safari/537.36"
44.251.185.241 - - [29/Apr/2026:09:50:47 +0200] "GET /wp-content/cache/min/1/wp-content/uploads/the7-css/post-type-dynamic.css?ver=1777417205 HTTP/1.1" 200 8974 "https://www.liftsecurity.net/" "Mozilla/5.0 (Macintosh; Intel Mac OS X 10_15_7) AppleWebKit/537.36 (KHTML, like Gecko) Chrome/130.0.0.0 Safari/537.36"
44.251.185.241 - - [29/Apr/2026:09:50:47 +0200] "GET /wp-content/themes/dt-the7/css/compatibility/elementor/elementor-global.min.css?ver=12.1.1 HTTP/1.1" 200 50285 "https://www.liftsecurity.net/" "Mozilla/5.0 (Macintosh; Intel Mac OS X 10_15_7) AppleWebKit/537.36 (KHTML, like Gecko) Chrome/130.0.0.0 Safari/537.36"
44.251.185.241 - - [29/Apr/2026:09:50:47 +0200] "GET /wp-content/plugins/Ultimate_VC_Addons/assets/min-css/animate.min.css?ver=3.19.19 HTTP/1.1" 200 70192 "https://www.liftsecurity.net/" "Mozilla/5.0 (Macintosh; Intel Mac OS X 10_15_7) AppleWebKit/537.36 (KHTML, like Gecko) Chrome/130.0.0.0 Safari/537.36"
44.251.185.241 - - [29/Apr/2026:09:50:47 +0200] "GET /wp-content/plugins/Ultimate_VC_Addons/assets/min-css/ib2-style.min.css?ver=3.19.19 HTTP/1.1" 200 26453 "https://www.liftsecurity.net/" "Mozilla/5.0 (Macintosh; Intel Mac OS X 10_15_7) AppleWebKit/537.36 (KHTML, like Gecko) Chrome/130.0.0.0 Safari/537.36"
44.251.185.241 - - [29/Apr/2026:09:50:47 +0200] "GET /wp-content/uploads/2020/04/flex-canape900.jpg HTTP/1.1" 200 22797 "https://www.liftsecurity.net/" "Mozilla/5.0 (Macintosh; Intel Mac OS X 10_15_7) AppleWebKit/537.36 (KHTML, like Gecko) Chrome/130.0.0.0 Safari/537.36"
44.251.185.241 - - [29/Apr/2026:09:50:47 +0200] "GET /wp-content/cache/background-css/1/www.liftsecurity.net/wp-content/cache/min/1/wp-content/plugins/revslider/sr6/assets/css/rs6.css?ver=1777417205&wpr_t=1777424857 HTTP/1.1" 200 50371 "https://www.liftsecurity.net/" "Mozilla/5.0 (Macintosh; Intel Mac OS X 10_15_7) AppleWebKit/537.36 (KHTML, like Gecko) Chrome/130.0.0.0 Safari/537.36"
44.251.185.241 - - [29/Apr/2026:09:50:48 +0200] "GET /wp-content/themes/dt-the7/fonts/icomoon-the7-font/icomoon-the7-font.ttf?wi57p5 HTTP/1.1" 200 47776 "https://www.liftsecurity.net/wp-content/cache/min/1/wp-content/themes/dt-the7/fonts/icomoon-the7-font/icomoon-the7-font.min.css?ver=1777417205" "Mozilla/5.0 (Macintosh; Intel Mac OS X 10_15_7) AppleWebKit/537.36 (KHTML, like Gecko) Chrome/130.0.0.0 Safari/537.36"
44.251.185.241 - - [29/Apr/2026:09:50:46 +0200] "GET /wp-content/uploads/2020/04/hybride-canape900.jpg HTTP/1.1" 200 31483 "https://www.liftsecurity.net/" "Mozilla/5.0 (Macintosh; Intel Mac OS X 10_15_7) AppleWebKit/537.36 (KHTML, like Gecko) Chrome/130.0.0.0 Safari/537.36"
44.251.185.241 - - [29/Apr/2026:09:50:47 +0200] "GET /wp-includes/css/dist/block-library/style.min.css?ver=6.9.4 HTTP/1.1" 200 119358 "https://www.liftsecurity.net/" "Mozilla/5.0 (Macintosh; Intel Mac OS X 10_15_7) AppleWebKit/537.36 (KHTML, like Gecko) Chrome/130.0.0.0 Safari/537.36"
44.251.185.241 - - [29/Apr/2026:09:50:47 +0200] "GET /wp-content/cache/min/1/wp-content/plugins/cookie-law-info/legacy/public/css/cookie-law-info-gdpr.css?ver=1777417204 HTTP/1.1" 200 22966 "https://www.liftsecurity.net/" "Mozilla/5.0 (Macintosh; Intel Mac OS X 10_15_7) AppleWebKit/537.36 (KHTML, like Gecko) Chrome/130.0.0.0 Safari/537.36"
44.251.185.241 - - [29/Apr/2026:09:50:47 +0200] "GET /wp-content/cache/min/1/wp-content/themes/dt-the7/fonts/icomoon-the7-font/icomoon-the7-font.min.css?ver=1777417205 HTTP/1.1" 200 20163 "https://www.liftsecurity.net/" "Mozilla/5.0 (Macintosh; Intel Mac OS X 10_15_7) AppleWebKit/537.36 (KHTML, like Gecko) Chrome/130.0.0.0 Safari/537.36"
44.251.185.241 - - [29/Apr/2026:09:50:47 +0200] "GET /wp-content/cache/background-css/1/www.liftsecurity.net/wp-content/cache/min/1/wp-content/uploads/js_composer/js_composer_front_custom.css?ver=1777417205&wpr_t=1777424857 HTTP/1.1" 200 492899 "https://www.liftsecurity.net/" "Mozilla/5.0 (Macintosh; Intel Mac OS X 10_15_7) AppleWebKit/537.36 (KHTML, like Gecko) Chrome/130.0.0.0 Safari/537.36"
44.251.185.241 - - [29/Apr/2026:09:50:47 +0200] "GET /wp-content/plugins/dt-the7-core/assets/css/post-type.min.css?ver=2.7.9 HTTP/1.1" 200 43933 "https://www.liftsecurity.net/" "Mozilla/5.0 (Macintosh; Intel Mac OS X 10_15_7) AppleWebKit/537.36 (KHTML, like Gecko) Chrome/130.0.0.0 Safari/537.36"
44.251.185.241 - - [29/Apr/2026:09:50:47 +0200] "GET /wp-content/cache/min/1/wp-content/uploads/the7-css/media.css?ver=1777417205 HTTP/1.1" 200 62378 "https://www.liftsecurity.net/" "Mozilla/5.0 (Macintosh; Intel Mac OS X 10_15_7) AppleWebKit/537.36 (KHTML, like Gecko) Chrome/130.0.0.0 Safari/537.36"
44.251.185.241 - - [29/Apr/2026:09:50:47 +0200] "GET /wp-content/themes/dt-the7/style.css?ver=12.1.1 HTTP/1.1" 200 1423 "https://www.liftsecurity.net/" "Mozilla/5.0 (Macintosh; Intel Mac OS X 10_15_7) AppleWebKit/537.36 (KHTML, like Gecko) Chrome/130.0.0.0 Safari/537.36"
44.251.185.241 - - [29/Apr/2026:09:50:47 +0200] "GET /wp-content/plugins/Ultimate_VC_Addons/assets/min-css/style.min.css?ver=3.19.19 HTTP/1.1" 200 13362 "https://www.liftsecurity.net/" "Mozilla/5.0 (Macintosh; Intel Mac OS X 10_15_7) AppleWebKit/537.36 (KHTML, like Gecko) Chrome/130.0.0.0 Safari/537.36"
44.251.185.241 - - [29/Apr/2026:09:50:47 +0200] "GET /wp-content/cache/background-css/1/www.liftsecurity.net/wp-content/cache/min/1/wp-content/plugins/mailin/css/mailin-front.css?ver=1777417205&wpr_t=1777424857 HTTP/1.1" 200 2076 "https://www.liftsecurity.net/" "Mozilla/5.0 (Macintosh; Intel Mac OS X 10_15_7) AppleWebKit/537.36 (KHTML, like Gecko) Chrome/130.0.0.0 Safari/537.36"
44.251.185.241 - - [29/Apr/2026:09:50:47 +0200] "GET /wp-content/uploads/2020/04/hybride-simple900.jpg HTTP/1.1" 200 39095 "https://www.liftsecurity.net/" "Mozilla/5.0 (Macintosh; Intel Mac OS X 10_15_7) AppleWebKit/537.36 (KHTML, like Gecko) Chrome/130.0.0.0 Safari/537.36"
44.251.185.241 - - [29/Apr/2026:09:50:47 +0200] "GET /wp-content/plugins/wp-rocket/assets/js/lazyload/17.8.3/lazyload.min.js HTTP/1.1" 200 8892 "https://www.liftsecurity.net/" "Mozilla/5.0 (Macintosh; Intel Mac OS X 10_15_7) AppleWebKit/537.36 (KHTML, like Gecko) Chrome/130.0.0.0 Safari/537.36"
44.251.185.241 - - [29/Apr/2026:09:50:48 +0200] "GET /wp-content/uploads/2020/05/cropped-lift_Fotor-32x32.png HTTP/1.1" 200 1594 "https://www.liftsecurity.net/" "Mozilla/5.0 (Macintosh; Intel Mac OS X 10_15_7) AppleWebKit/537.36 (KHTML, like Gecko) Chrome/130.0.0.0 Safari/537.36"
44.251.185.241 - - [29/Apr/2026:09:50:50 +0200] "GET /wp-content/uploads/2020/02/liftsecurity.png HTTP/1.1" 200 2003 "-" "Mozilla/5.0 (Macintosh; Intel Mac OS X 10_15_7) AppleWebKit/537.36 (KHTML, like Gecko) Chrome/130.0.0.0 Safari/537.36"
44.251.185.241 - - [29/Apr/2026:09:50:51 +0200] "GET /wp-content/uploads/2020/05/cropped-lift_Fotor-180x180.png HTTP/1.1" 200 23105 "-" "Mozilla/5.0 (Macintosh; Intel Mac OS X 10_15_7) AppleWebKit/537.36 (KHTML, like Gecko) Chrome/130.0.0.0 Safari/537.36"
44.251.185.241 - - [29/Apr/2026:09:50:51 +0200] "GET /wp-content/plugins/revslider/sr6/assets/assets/dummy.png HTTP/1.1" 200 68 "-" "Mozilla/5.0 (Macintosh; Intel Mac OS X 10_15_7) AppleWebKit/537.36 (KHTML, like Gecko) Chrome/130.0.0.0 Safari/537.36"
44.251.185.241 - - [29/Apr/2026:09:50:51 +0200] "GET /wp-content/uploads/2020/04/hybride-canape900.jpg HTTP/1.1" 200 31483 "-" "Mozilla/5.0 (Macintosh; Intel Mac OS X 10_15_7) AppleWebKit/537.36 (KHTML, like Gecko) Chrome/130.0.0.0 Safari/537.36"
44.251.185.241 - - [29/Apr/2026:09:50:53 +0200] "GET /wp-content/uploads/2020/04/flex-simple900.jpg HTTP/1.1" 200 19244 "-" "Mozilla/5.0 (Macintosh; Intel Mac OS X 10_15_7) AppleWebKit/537.36 (KHTML, like Gecko) Chrome/130.0.0.0 Safari/537.36"
57.141.20.8 - - [29/Apr/2026:09:51:34 +0200] "GET /items/P061026329/ HTTP/1.1" 404 96843 "-" "meta-externalagent/1.1 (+https://developers.facebook.com/docs/sharing/webmasters/crawler)"
57.141.20.35 - - [29/Apr/2026:09:51:57 +0200] "GET /items/P065414972/ HTTP/1.1" 404 96843 "-" "meta-externalagent/1.1 (+https://developers.facebook.com/docs/sharing/webmasters/crawler)"
57.141.20.37 - - [29/Apr/2026:09:52:19 +0200] "GET /items/P065979159/ HTTP/1.1" 404 96843 "-" "meta-externalagent/1.1 (+https://developers.facebook.com/docs/sharing/webmasters/crawler)"
109.234.166.131 - - [29/Apr/2026:09:52:43 +0200] "POST /wp-cron.php?doing_wp_cron=1777449163.5127370357513427734375 HTTP/1.1" 200 0 "-" "WordPress/6.9.4; https://www.liftsecurity.net"
109.234.166.131 - - [29/Apr/2026:09:53:28 +0200] "POST /wp-cron.php?doing_wp_cron=1777449208.3779520988464355468750 HTTP/1.1" 200 0 "-" "WordPress/6.9.4; https://www.liftsecurity.net"
57.141.20.13 - - [29/Apr/2026:09:53:30 +0200] "GET /items/P067804074/ HTTP/1.1" 404 96843 "-" "meta-externalagent/1.1 (+https://developers.facebook.com/docs/sharing/webmasters/crawler)"
109.234.166.131 - - [29/Apr/2026:09:53:55 +0200] "POST /wp-cron.php?doing_wp_cron=1777449235.9540810585021972656250 HTTP/1.1" 200 0 "-" "WordPress/6.9.4; https://www.liftsecurity.net"
109.234.166.131 - - [29/Apr/2026:09:54:21 +0200] "POST /wp-cron.php?doing_wp_cron=1777449261.3327751159667968750000 HTTP/1.1" 200 0 "-" "WordPress/6.9.4; https://www.liftsecurity.net"
109.234.166.131 - - [29/Apr/2026:09:54:31 +0200] "POST /wp-cron.php?doing_wp_cron=1777449271.7927899360656738281250 HTTP/1.1" 200 0 "-" "WordPress/6.9.4; https://www.liftsecurity.net"
109.234.166.131 - - [29/Apr/2026:09:55:50 +0200] "POST /wp-cron.php?doing_wp_cron=1777449350.3658320903778076171875 HTTP/1.1" 200 0 "-" "WordPress/6.9.4; https://www.liftsecurity.net"
57.141.20.42 - - [29/Apr/2026:09:55:49 +0200] "GET /items/P063389269/ HTTP/1.1" 404 96843 "-" "meta-externalagent/1.1 (+https://developers.facebook.com/docs/sharing/webmasters/crawler)"
109.234.166.131 - - [29/Apr/2026:09:55:59 +0200] "POST /wp-cron.php?doing_wp_cron=1777449359.9352149963378906250000 HTTP/1.1" 200 0 "-" "WordPress/6.9.4; https://www.liftsecurity.net"
52.167.144.238 - - [29/Apr/2026:09:55:59 +0200] "GET /items/P061072710/ HTTP/1.1" 404 96843 "-" "Mozilla/5.0 AppleWebKit/537.36 (KHTML, like Gecko; compatible; bingbot/2.0; +http://www.bing.com/bingbot.htm) Chrome/116.0.1938.76 Safari/537.36"
44.251.185.241 - - [29/Apr/2026:09:50:49 +0200] "GET /wp-content/themes/dt-the7/images/the7-chevron-down.svg HTTP/1.1" 200 579 "https://www.liftsecurity.net/wp-content/themes/dt-the7/css/main.min.css?ver=12.1.1" "Mozilla/5.0 (Macintosh; Intel Mac OS X 10_15_7) AppleWebKit/537.36 (KHTML, like Gecko) Chrome/130.0.0.0 Safari/537.36"
44.251.185.241 - - [29/Apr/2026:09:50:50 +0200] "GET /wp-content/uploads/2020/05/cropped-lift_Fotor-32x32.png HTTP/1.1" 200 1594 "-" "Mozilla/5.0 (Macintosh; Intel Mac OS X 10_15_7) AppleWebKit/537.36 (KHTML, like Gecko) Chrome/130.0.0.0 Safari/537.36"
44.251.185.241 - - [29/Apr/2026:09:50:50 +0200] "GET /wp-content/uploads/2020/05/cropped-lift_Fotor-192x192.png HTTP/1.1" 200 19975 "-" "Mozilla/5.0 (Macintosh; Intel Mac OS X 10_15_7) AppleWebKit/537.36 (KHTML, like Gecko) Chrome/130.0.0.0 Safari/537.36"
44.251.185.241 - - [29/Apr/2026:09:50:52 +0200] "GET /wp-content/uploads/2020/04/hybride-simple900.jpg HTTP/1.1" 200 39095 "-" "Mozilla/5.0 (Macintosh; Intel Mac OS X 10_15_7) AppleWebKit/537.36 (KHTML, like Gecko) Chrome/130.0.0.0 Safari/537.36"
44.251.185.241 - - [29/Apr/2026:09:50:52 +0200] "GET /wp-content/uploads/2020/04/horizontal900.jpg HTTP/1.1" 200 27498 "-" "Mozilla/5.0 (Macintosh; Intel Mac OS X 10_15_7) AppleWebKit/537.36 (KHTML, like Gecko) Chrome/130.0.0.0 Safari/537.36"
57.141.20.26 - - [29/Apr/2026:09:51:09 +0200] "GET /items/P064959762/ HTTP/1.1" 301 0 "-" "meta-externalagent/1.1 (+https://developers.facebook.com/docs/sharing/webmasters/crawler)"
109.234.166.131 - - [29/Apr/2026:09:51:35 +0200] "POST /wp-cron.php?doing_wp_cron=1777449095.0188100337982177734375 HTTP/1.1" 200 0 "-" "WordPress/6.9.4; https://www.liftsecurity.net"
109.234.166.131 - - [29/Apr/2026:09:51:58 +0200] "POST /wp-cron.php?doing_wp_cron=1777449118.1866869926452636718750 HTTP/1.1" 200 0 "-" "WordPress/6.9.4; https://www.liftsecurity.net"
109.234.166.131 - - [29/Apr/2026:09:52:20 +0200] "POST /wp-cron.php?doing_wp_cron=1777449140.4770998954772949218750 HTTP/1.1" 200 0 "-" "WordPress/6.9.4; https://www.liftsecurity.net"
57.141.20.16 - - [29/Apr/2026:09:52:42 +0200] "GET /items/P066952447/ HTTP/1.1" 404 96843 "-" "meta-externalagent/1.1 (+https://developers.facebook.com/docs/sharing/webmasters/crawler)"
57.141.20.58 - - [29/Apr/2026:09:53:27 +0200] "GET /items/P063303862/ HTTP/1.1" 404 96843 "-" "meta-externalagent/1.1 (+https://developers.facebook.com/docs/sharing/webmasters/crawler)"
57.141.20.2 - - [29/Apr/2026:09:53:55 +0200] "GET /items/P064759242/ HTTP/1.1" 301 0 "-" "meta-externalagent/1.1 (+https://developers.facebook.com/docs/sharing/webmasters/crawler)"
57.141.20.20 - - [29/Apr/2026:09:54:20 +0200] "GET /items/P063210995/ HTTP/1.1" 404 96843 "-" "meta-externalagent/1.1 (+https://developers.facebook.com/docs/sharing/webmasters/crawler)"
109.234.166.131 - - [29/Apr/2026:09:54:43 +0200] "POST /wp-cron.php?doing_wp_cron=1777449283.8554799556732177734375 HTTP/1.1" 200 0 "-" "WordPress/6.9.4; https://www.liftsecurity.net"
57.141.20.38 - - [29/Apr/2026:09:54:43 +0200] "GET /items/P062340551/ HTTP/1.1" 404 96843 "-" "meta-externalagent/1.1 (+https://developers.facebook.com/docs/sharing/webmasters/crawler)"
109.234.166.131 - - [29/Apr/2026:09:55:05 +0200] "POST /wp-cron.php?doing_wp_cron=1777449305.5945849418640136718750 HTTP/1.1" 200 0 "-" "WordPress/6.9.4; https://www.liftsecurity.net"
109.234.166.131 - - [29/Apr/2026:09:55:28 +0200] "POST /wp-cron.php?doing_wp_cron=1777449328.9791789054870605468750 HTTP/1.1" 200 0 "-" "WordPress/6.9.4; https://www.liftsecurity.net"
52.167.144.238 - - [29/Apr/2026:09:56:01 +0200] "GET /items/F456851697/ HTTP/1.1" 404 96843 "-" "Mozilla/5.0 AppleWebKit/537.36 (KHTML, like Gecko; compatible; bingbot/2.0; +http://www.bing.com/bingbot.htm) Chrome/116.0.1938.76 Safari/537.36"
40.77.167.230 - - [29/Apr/2026:09:56:14 +0200] "GET /items/G433877112/ HTTP/1.1" 404 96843 "-" "Mozilla/5.0 AppleWebKit/537.36 (KHTML, like Gecko; compatible; bingbot/2.0; +http://www.bing.com/bingbot.htm) Chrome/116.0.1938.76 Safari/537.36"
44.251.185.241 - - [29/Apr/2026:09:50:49 +0200] "GET /wp-content/themes/dt-the7/images/the7-chevron-side.svg HTTP/1.1" 200 578 "https://www.liftsecurity.net/wp-content/themes/dt-the7/css/main.min.css?ver=12.1.1" "Mozilla/5.0 (Macintosh; Intel Mac OS X 10_15_7) AppleWebKit/537.36 (KHTML, like Gecko) Chrome/130.0.0.0 Safari/537.36"
44.251.185.241 - - [29/Apr/2026:09:50:49 +0200] "GET /wp-includes/js/jquery/jquery.min.js?ver=3.7.1 HTTP/1.1" 200 87553 "https://www.liftsecurity.net/" "Mozilla/5.0 (Macintosh; Intel Mac OS X 10_15_7) AppleWebKit/537.36 (KHTML, like Gecko) Chrome/130.0.0.0 Safari/537.36"
44.251.185.241 - - [29/Apr/2026:09:50:49 +0200] "GET /wp-includes/js/jquery/jquery-migrate.min.js?ver=3.4.1 HTTP/1.1" 200 13577 "https://www.liftsecurity.net/" "Mozilla/5.0 (Macintosh; Intel Mac OS X 10_15_7) AppleWebKit/537.36 (KHTML, like Gecko) Chrome/130.0.0.0 Safari/537.36"
44.251.185.241 - - [29/Apr/2026:09:50:53 +0200] "GET /wp-content/uploads/2020/04/flex-canape900.jpg HTTP/1.1" 200 22797 "-" "Mozilla/5.0 (Macintosh; Intel Mac OS X 10_15_7) AppleWebKit/537.36 (KHTML, like Gecko) Chrome/130.0.0.0 Safari/537.36"
109.234.166.131 - - [29/Apr/2026:09:51:09 +0200] "POST /wp-cron.php?doing_wp_cron=1777449069.4051570892333984375000 HTTP/1.1" 200 0 "-" "WordPress/6.9.4; https://www.liftsecurity.net"
109.234.166.131 - - [29/Apr/2026:09:53:31 +0200] "POST /wp-cron.php?doing_wp_cron=1777449211.2352600097656250000000 HTTP/1.1" 200 0 "-" "WordPress/6.9.4; https://www.liftsecurity.net"
20.220.233.65 - - [29/Apr/2026:09:54:31 +0200] "GET /wp-content/plugins/hellopress/wp_filemanager.php HTTP/1.1" 301 0 "-" "-"
57.141.20.13 - - [29/Apr/2026:09:55:05 +0200] "GET /items/P066174979/ HTTP/1.1" 404 96843 "-" "meta-externalagent/1.1 (+https://developers.facebook.com/docs/sharing/webmasters/crawler)"
57.141.20.35 - - [29/Apr/2026:09:55:27 +0200] "GET /items/P061687801/ HTTP/1.1" 301 0 "-" "meta-externalagent/1.1 (+https://developers.facebook.com/docs/sharing/webmasters/crawler)"
52.167.144.238 - - [29/Apr/2026:09:56:00 +0200] "GET /items/Q172516305/ HTTP/1.1" 404 96843 "-" "Mozilla/5.0 AppleWebKit/537.36 (KHTML, like Gecko; compatible; bingbot/2.0; +http://www.bing.com/bingbot.htm) Chrome/116.0.1938.76 Safari/537.36"
157.55.39.9 - - [29/Apr/2026:09:56:04 +0200] "GET /items/P066967685/ HTTP/1.1" 404 96843 "-" "Mozilla/5.0 AppleWebKit/537.36 (KHTML, like Gecko; compatible; bingbot/2.0; +http://www.bing.com/bingbot.htm) Chrome/116.0.1938.76 Safari/537.36"
157.55.39.9 - - [29/Apr/2026:09:56:05 +0200] "GET /items/P067115542/ HTTP/1.1" 404 96787 "-" "Mozilla/5.0 AppleWebKit/537.36 (KHTML, like Gecko; compatible; bingbot/2.0; +http://www.bing.com/bingbot.htm) Chrome/116.0.1938.76 Safari/537.36"
57.141.20.12 - - [29/Apr/2026:09:56:10 +0200] "GET /items/P062133448/ HTTP/1.1" 404 96843 "-" "meta-externalagent/1.1 (+https://developers.facebook.com/docs/sharing/webmasters/crawler)"
57.141.20.32 - - [29/Apr/2026:09:57:09 +0200] "GET /items/P065829972/ HTTP/1.1" 404 96843 "-" "meta-externalagent/1.1 (+https://developers.facebook.com/docs/sharing/webmasters/crawler)"
57.141.20.69 - - [29/Apr/2026:09:57:50 +0200] "GET /items/P061479716/ HTTP/1.1" 404 96843 "-" "meta-externalagent/1.1 (+https://developers.facebook.com/docs/sharing/webmasters/crawler)"
109.234.166.131 - - [29/Apr/2026:09:59:21 +0200] "POST /wp-cron.php?doing_wp_cron=1777449561.5064580440521240234375 HTTP/1.1" 200 0 "-" "WordPress/6.9.4; https://www.liftsecurity.net"
57.141.20.68 - - [29/Apr/2026:09:59:21 +0200] "GET /items/P065826944/ HTTP/1.1" 404 96843 "-" "meta-externalagent/1.1 (+https://developers.facebook.com/docs/sharing/webmasters/crawler)"
109.234.166.131 - - [29/Apr/2026:09:59:51 +0200] "POST /wp-cron.php?doing_wp_cron=1777449591.7562110424041748046875 HTTP/1.1" 200 0 "-" "WordPress/6.9.4; https://www.liftsecurity.net"
57.141.20.25 - - [29/Apr/2026:09:59:51 +0200] "GET /items/P061316320/ HTTP/1.1" 301 0 "-" "meta-externalagent/1.1 (+https://developers.facebook.com/docs/sharing/webmasters/crawler)"
52.167.144.238 - - [29/Apr/2026:09:56:02 +0200] "GET /items/P063624007/ HTTP/1.1" 404 96787 "-" "Mozilla/5.0 AppleWebKit/537.36 (KHTML, like Gecko; compatible; bingbot/2.0; +http://www.bing.com/bingbot.htm) Chrome/116.0.1938.76 Safari/537.36"
157.55.39.9 - - [29/Apr/2026:09:56:03 +0200] "GET /items/G495895404/ HTTP/1.1" 404 96843 "-" "Mozilla/5.0 AppleWebKit/537.36 (KHTML, like Gecko; compatible; bingbot/2.0; +http://www.bing.com/bingbot.htm) Chrome/116.0.1938.76 Safari/537.36"
52.167.144.238 - - [29/Apr/2026:09:56:08 +0200] "GET /items/P067461462/ HTTP/1.1" 404 96843 "-" "Mozilla/5.0 AppleWebKit/537.36 (KHTML, like Gecko; compatible; bingbot/2.0; +http://www.bing.com/bingbot.htm) Chrome/116.0.1938.76 Safari/537.36"
40.77.167.230 - - [29/Apr/2026:09:56:11 +0200] "GET /items/P063196898/ HTTP/1.1" 404 96843 "-" "Mozilla/5.0 AppleWebKit/537.36 (KHTML, like Gecko; compatible; bingbot/2.0; +http://www.bing.com/bingbot.htm) Chrome/116.0.1938.76 Safari/537.36"
40.77.167.230 - - [29/Apr/2026:09:56:13 +0200] "GET /items/D712347537/ HTTP/1.1" 404 96843 "-" "Mozilla/5.0 AppleWebKit/537.36 (KHTML, like Gecko; compatible; bingbot/2.0; +http://www.bing.com/bingbot.htm) Chrome/116.0.1938.76 Safari/537.36"
109.234.166.131 - - [29/Apr/2026:09:56:15 +0200] "POST /wp-cron.php?doing_wp_cron=1777449375.4452049732208251953125 HTTP/1.1" 200 0 "-" "WordPress/6.9.4; https://www.liftsecurity.net"
57.141.20.68 - - [29/Apr/2026:09:56:30 +0200] "GET /items/P062248212/ HTTP/1.1" 404 96843 "-" "meta-externalagent/1.1 (+https://developers.facebook.com/docs/sharing/webmasters/crawler)"
109.234.166.131 - - [29/Apr/2026:09:56:50 +0200] "POST /wp-cron.php?doing_wp_cron=1777449410.1487629413604736328125 HTTP/1.1" 200 0 "-" "WordPress/6.9.4; https://www.liftsecurity.net"
109.234.166.131 - - [29/Apr/2026:09:57:10 +0200] "POST /wp-cron.php?doing_wp_cron=1777449430.2537739276885986328125 HTTP/1.1" 200 0 "-" "WordPress/6.9.4; https://www.liftsecurity.net"
109.234.166.131 - - [29/Apr/2026:09:57:20 +0200] "POST /wp-cron.php?doing_wp_cron=1777449440.7029309272766113281250 HTTP/1.1" 200 0 "-" "WordPress/6.9.4; https://www.liftsecurity.net"
109.234.166.131 - - [29/Apr/2026:09:57:31 +0200] "POST /wp-cron.php?doing_wp_cron=1777449451.9564330577850341796875 HTTP/1.1" 200 0 "-" "WordPress/6.9.4; https://www.liftsecurity.net"
207.46.13.154 - - [29/Apr/2026:09:57:31 +0200] "GET /items/P063784545/ HTTP/1.1" 301 0 "-" "Mozilla/5.0 AppleWebKit/537.36 (KHTML, like Gecko; compatible; bingbot/2.0; +http://www.bing.com/bingbot.htm) Chrome/116.0.1938.76 Safari/537.36"
207.46.13.154 - - [29/Apr/2026:09:57:32 +0200] "GET /items/P067373267/ HTTP/1.1" 301 0 "-" "Mozilla/5.0 AppleWebKit/537.36 (KHTML, like Gecko; compatible; bingbot/2.0; +http://www.bing.com/bingbot.htm) Chrome/116.0.1938.76 Safari/537.36"
52.167.144.232 - - [29/Apr/2026:09:57:35 +0200] "GET /items/P061850920/ HTTP/1.1" 301 0 "-" "Mozilla/5.0 AppleWebKit/537.36 (KHTML, like Gecko; compatible; bingbot/2.0; +http://www.bing.com/bingbot.htm) Chrome/116.0.1938.76 Safari/537.36"
57.141.20.5 - - [29/Apr/2026:09:57:48 +0200] "GET /items/P062388450/ HTTP/1.1" 404 96843 "-" "meta-externalagent/1.1 (+https://developers.facebook.com/docs/sharing/webmasters/crawler)"
109.234.166.131 - - [29/Apr/2026:09:58:13 +0200] "POST /wp-cron.php?doing_wp_cron=1777449493.8615889549255371093750 HTTP/1.1" 200 0 "-" "WordPress/6.9.4; https://www.liftsecurity.net"
57.141.20.17 - - [29/Apr/2026:10:00:49 +0200] "GET /items/P062927096/ HTTP/1.1" 301 0 "-" "meta-externalagent/1.1 (+https://developers.facebook.com/docs/sharing/webmasters/crawler)"
57.141.20.39 - - [29/Apr/2026:10:02:19 +0200] "GET /items/P062405205/ HTTP/1.1" 301 0 "-" "meta-externalagent/1.1 (+https://developers.facebook.com/docs/sharing/webmasters/crawler)"
57.141.20.68 - - [29/Apr/2026:10:02:42 +0200] "GET /items/P066175356/ HTTP/1.1" 301 0 "-" "meta-externalagent/1.1 (+https://developers.facebook.com/docs/sharing/webmasters/crawler)"
40.77.167.230 - - [29/Apr/2026:09:56:15 +0200] "GET /items/Q582450977/ HTTP/1.1" 404 96843 "-" "Mozilla/5.0 AppleWebKit/537.36 (KHTML, like Gecko; compatible; bingbot/2.0; +http://www.bing.com/bingbot.htm) Chrome/116.0.1938.76 Safari/537.36"
109.234.166.131 - - [29/Apr/2026:09:56:30 +0200] "POST /wp-cron.php?doing_wp_cron=1777449390.6878368854522705078125 HTTP/1.1" 200 0 "-" "WordPress/6.9.4; https://www.liftsecurity.net"
57.141.20.27 - - [29/Apr/2026:09:56:49 +0200] "GET /items/P067493950/ HTTP/1.1" 301 0 "-" "meta-externalagent/1.1 (+https://developers.facebook.com/docs/sharing/webmasters/crawler)"
40.77.167.10 - - [29/Apr/2026:09:57:20 +0200] "GET /items/P064271273/ HTTP/1.1" 301 0 "-" "Mozilla/5.0 AppleWebKit/537.36 (KHTML, like Gecko; compatible; bingbot/2.0; +http://www.bing.com/bingbot.htm) Chrome/116.0.1938.76 Safari/537.36"
40.77.167.10 - - [29/Apr/2026:09:57:22 +0200] "GET /items/P066310911/ HTTP/1.1" 301 0 "-" "Mozilla/5.0 AppleWebKit/537.36 (KHTML, like Gecko; compatible; bingbot/2.0; +http://www.bing.com/bingbot.htm) Chrome/116.0.1938.76 Safari/537.36"
52.167.144.232 - - [29/Apr/2026:09:57:36 +0200] "GET /items/P066189345/ HTTP/1.1" 301 0 "-" "Mozilla/5.0 AppleWebKit/537.36 (KHTML, like Gecko; compatible; bingbot/2.0; +http://www.bing.com/bingbot.htm) Chrome/116.0.1938.76 Safari/537.36"
109.234.166.131 - - [29/Apr/2026:09:57:49 +0200] "POST /wp-cron.php?doing_wp_cron=1777449469.2993040084838867187500 HTTP/1.1" 200 0 "-" "WordPress/6.9.4; https://www.liftsecurity.net"
57.141.20.7 - - [29/Apr/2026:09:58:13 +0200] "GET /items/P064524239/ HTTP/1.1" 404 96843 "-" "meta-externalagent/1.1 (+https://developers.facebook.com/docs/sharing/webmasters/crawler)"
109.234.166.131 - - [29/Apr/2026:09:58:35 +0200] "POST /wp-cron.php?doing_wp_cron=1777449515.7894411087036132812500 HTTP/1.1" 200 0 "-" "WordPress/6.9.4; https://www.liftsecurity.net"
57.141.20.62 - - [29/Apr/2026:09:58:35 +0200] "GET /items/P065694136/ HTTP/1.1" 404 96843 "-" "meta-externalagent/1.1 (+https://developers.facebook.com/docs/sharing/webmasters/crawler)"
57.141.20.54 - - [29/Apr/2026:10:00:22 +0200] "GET /items/P061955291/ HTTP/1.1" 404 96843 "-" "meta-externalagent/1.1 (+https://developers.facebook.com/docs/sharing/webmasters/crawler)"
57.141.20.31 - - [29/Apr/2026:10:01:30 +0200] "GET /items/P061771884/ HTTP/1.1" 301 0 "-" "meta-externalagent/1.1 (+https://developers.facebook.com/docs/sharing/webmasters/crawler)"
57.141.20.61 - - [29/Apr/2026:10:01:53 +0200] "GET /items/P065055615/ HTTP/1.1" 404 96843 "-" "meta-externalagent/1.1 (+https://developers.facebook.com/docs/sharing/webmasters/crawler)"
109.234.166.131 - - [29/Apr/2026:10:02:43 +0200] "POST /wp-cron.php?doing_wp_cron=1777449763.0014970302581787109375 HTTP/1.1" 200 0 "-" "WordPress/6.9.4; https://www.liftsecurity.net"
109.234.166.131 - - [29/Apr/2026:10:03:03 +0200] "POST /wp-cron.php?doing_wp_cron=1777449783.7429690361022949218750 HTTP/1.1" 200 0 "-" "WordPress/6.9.4; https://www.liftsecurity.net"
57.141.20.56 - - [29/Apr/2026:10:03:03 +0200] "GET /items/P066942528/ HTTP/1.1" 301 0 "-" "meta-externalagent/1.1 (+https://developers.facebook.com/docs/sharing/webmasters/crawler)"
109.234.166.131 - - [29/Apr/2026:10:03:22 +0200] "POST /wp-cron.php?doing_wp_cron=1777449802.7117190361022949218750 HTTP/1.1" 200 0 "-" "WordPress/6.9.4; https://www.liftsecurity.net"
57.141.20.27 - - [29/Apr/2026:10:03:39 +0200] "GET /items/P067396515/ HTTP/1.1" 301 0 "-" "meta-externalagent/1.1 (+https://developers.facebook.com/docs/sharing/webmasters/crawler)"
57.141.20.51 - - [29/Apr/2026:10:04:14 +0200] "GET /items/P063816510/ HTTP/1.1" 301 0 "-" "meta-externalagent/1.1 (+https://developers.facebook.com/docs/sharing/webmasters/crawler)"
109.234.166.131 - - [29/Apr/2026:10:04:17 +0200] "POST /wp-cron.php?doing_wp_cron=1777449857.0092000961303710937500 HTTP/1.1" 200 0 "-" "WordPress/6.9.4; https://www.liftsecurity.net"
77.75.77.32 - - [29/Apr/2026:10:04:17 +0200] "GET /items/P063268698/ HTTP/1.1" 404 96843 "-" "Mozilla/5.0 (compatible; SeznamBot/4.0; +https://o-seznam.cz/napoveda/vyhledavani/en/seznambot-crawler/)"
109.234.166.131 - - [29/Apr/2026:10:04:34 +0200] "POST /wp-cron.php?doing_wp_cron=1777449874.8363060951232910156250 HTTP/1.1" 200 0 "-" "WordPress/6.9.4; https://www.liftsecurity.net"
57.141.20.63 - - [29/Apr/2026:10:04:34 +0200] "GET /items/P064341560/ HTTP/1.1" 404 96843 "-" "meta-externalagent/1.1 (+https://developers.facebook.com/docs/sharing/webmasters/crawler)"
57.141.20.8 - - [29/Apr/2026:10:04:51 +0200] "GET /items/P062048061/ HTTP/1.1" 301 0 "-" "meta-externalagent/1.1 (+https://developers.facebook.com/docs/sharing/webmasters/crawler)"
109.234.166.131 - - [29/Apr/2026:10:05:27 +0200] "POST /wp-cron.php?doing_wp_cron=1777449927.2208731174468994140625 HTTP/1.1" 200 0 "-" "WordPress/6.9.4; https://www.liftsecurity.net"
157.55.39.13 - - [29/Apr/2026:10:06:03 +0200] "GET /detail/22693079175315 HTTP/1.1" 404 96843 "-" "Mozilla/5.0 AppleWebKit/537.36 (KHTML, like Gecko; compatible; bingbot/2.0; +http://www.bing.com/bingbot.htm) Chrome/116.0.1938.76 Safari/537.36"
157.55.39.13 - - [29/Apr/2026:10:06:04 +0200] "GET /detail/15140540187492 HTTP/1.1" 404 96843 "-" "Mozilla/5.0 AppleWebKit/537.36 (KHTML, like Gecko; compatible; bingbot/2.0; +http://www.bing.com/bingbot.htm) Chrome/116.0.1938.76 Safari/537.36"
40.77.167.42 - - [29/Apr/2026:10:06:10 +0200] "GET /items/P065530943/ HTTP/1.1" 404 96843 "-" "Mozilla/5.0 AppleWebKit/537.36 (KHTML, like Gecko; compatible; bingbot/2.0; +http://www.bing.com/bingbot.htm) Chrome/116.0.1938.76 Safari/537.36"
52.167.144.167 - - [29/Apr/2026:10:06:13 +0200] "GET /detail/10331814657919 HTTP/1.1" 404 96843 "-" "Mozilla/5.0 AppleWebKit/537.36 (KHTML, like Gecko; compatible; bingbot/2.0; +http://www.bing.com/bingbot.htm) Chrome/116.0.1938.76 Safari/537.36"
109.234.166.131 - - [29/Apr/2026:10:06:16 +0200] "POST /wp-cron.php?doing_wp_cron=1777449976.0345320701599121093750 HTTP/1.1" 200 0 "-" "WordPress/6.9.4; https://www.liftsecurity.net"
52.167.144.167 - - [29/Apr/2026:10:06:15 +0200] "GET /items/C862704777/ HTTP/1.1" 404 96843 "-" "Mozilla/5.0 AppleWebKit/537.36 (KHTML, like Gecko; compatible; bingbot/2.0; +http://www.bing.com/bingbot.htm) Chrome/116.0.1938.76 Safari/537.36"
57.141.20.35 - - [29/Apr/2026:10:06:19 +0200] "GET /items/P065805230/ HTTP/1.1" 301 0 "-" "meta-externalagent/1.1 (+https://developers.facebook.com/docs/sharing/webmasters/crawler)"
57.141.20.13 - - [29/Apr/2026:10:06:58 +0200] "GET /items/P066971617/ HTTP/1.1" 404 96843 "-" "meta-externalagent/1.1 (+https://developers.facebook.com/docs/sharing/webmasters/crawler)"
40.77.167.76 - - [29/Apr/2026:10:07:14 +0200] "GET /items/P063060228/ HTTP/1.1" 301 0 "-" "Mozilla/5.0 AppleWebKit/537.36 (KHTML, like Gecko; compatible; bingbot/2.0; +http://www.bing.com/bingbot.htm) Chrome/116.0.1938.76 Safari/537.36"
40.77.167.76 - - [29/Apr/2026:10:07:15 +0200] "GET /items/P067737449/ HTTP/1.1" 301 0 "-" "Mozilla/5.0 AppleWebKit/537.36 (KHTML, like Gecko; compatible; bingbot/2.0; +http://www.bing.com/bingbot.htm) Chrome/116.0.1938.76 Safari/537.36"
57.141.20.26 - - [29/Apr/2026:10:07:17 +0200] "GET /items/P065609879/ HTTP/1.1" 404 96843 "-" "meta-externalagent/1.1 (+https://developers.facebook.com/docs/sharing/webmasters/crawler)"
57.141.20.67 - - [29/Apr/2026:10:07:36 +0200] "GET /items/P062932025/ HTTP/1.1" 404 96843 "-" "meta-externalagent/1.1 (+https://developers.facebook.com/docs/sharing/webmasters/crawler)"
57.141.20.13 - - [29/Apr/2026:10:08:22 +0200] "GET /items/P063211297/ HTTP/1.1" 404 96843 "-" "meta-externalagent/1.1 (+https://developers.facebook.com/docs/sharing/webmasters/crawler)"
77.75.77.32 - - [29/Apr/2026:10:08:22 +0200] "GET /items/P063844226/ HTTP/1.1" 404 96843 "-" "Mozilla/5.0 (compatible; SeznamBot/4.0; +https://o-seznam.cz/napoveda/vyhledavani/en/seznambot-crawler/)"
57.141.20.30 - - [29/Apr/2026:09:59:54 +0200] "GET /items/P064969446/ HTTP/1.1" 301 0 "-" "meta-externalagent/1.1 (+https://developers.facebook.com/docs/sharing/webmasters/crawler)"
109.234.166.131 - - [29/Apr/2026:10:00:22 +0200] "POST /wp-cron.php?doing_wp_cron=1777449622.8154640197753906250000 HTTP/1.1" 200 0 "-" "WordPress/6.9.4; https://www.liftsecurity.net"
109.234.166.131 - - [29/Apr/2026:10:00:49 +0200] "POST /wp-cron.php?doing_wp_cron=1777449649.6716589927673339843750 HTTP/1.1" 200 0 "-" "WordPress/6.9.4; https://www.liftsecurity.net"
109.234.166.131 - - [29/Apr/2026:10:01:30 +0200] "POST /wp-cron.php?doing_wp_cron=1777449690.8171339035034179687500 HTTP/1.1" 200 0 "-" "WordPress/6.9.4; https://www.liftsecurity.net"
109.234.166.131 - - [29/Apr/2026:10:01:50 +0200] "POST /wp-cron.php?doing_wp_cron=1777449710.6503279209136962890625 HTTP/1.1" 200 0 "-" "WordPress/6.9.4; https://www.liftsecurity.net"
52.167.144.238 - - [29/Apr/2026:10:01:50 +0200] "GET /items/P062588012/ HTTP/1.1" 404 96843 "-" "Mozilla/5.0 AppleWebKit/537.36 (KHTML, like Gecko; compatible; bingbot/2.0; +http://www.bing.com/bingbot.htm) Chrome/116.0.1938.76 Safari/537.36"
57.141.20.43 - - [29/Apr/2026:10:01:55 +0200] "GET /items/P063890099/ HTTP/1.1" 404 96843 "-" "meta-externalagent/1.1 (+https://developers.facebook.com/docs/sharing/webmasters/crawler)"
109.234.166.131 - - [29/Apr/2026:10:02:19 +0200] "POST /wp-cron.php?doing_wp_cron=1777449739.3186380863189697265625 HTTP/1.1" 200 0 "-" "WordPress/6.9.4; https://www.liftsecurity.net"
57.141.20.51 - - [29/Apr/2026:10:04:16 +0200] "GET /items/P061946630/ HTTP/1.1" 404 96843 "-" "meta-externalagent/1.1 (+https://developers.facebook.com/docs/sharing/webmasters/crawler)"
109.234.166.131 - - [29/Apr/2026:10:05:09 +0200] "POST /wp-cron.php?doing_wp_cron=1777449909.5837109088897705078125 HTTP/1.1" 200 0 "-" "WordPress/6.9.4; https://www.liftsecurity.net"
77.75.77.32 - - [29/Apr/2026:10:05:09 +0200] "GET /items/P065638369/ HTTP/1.1" 404 96843 "-" "Mozilla/5.0 (compatible; SeznamBot/4.0; +https://o-seznam.cz/napoveda/vyhledavani/en/seznambot-crawler/)"
57.141.20.59 - - [29/Apr/2026:10:05:42 +0200] "GET /items/P063950597/ HTTP/1.1" 404 96843 "-" "meta-externalagent/1.1 (+https://developers.facebook.com/docs/sharing/webmasters/crawler)"
40.77.167.42 - - [29/Apr/2026:10:06:09 +0200] "GET /items/P065328833/ HTTP/1.1" 404 96843 "-" "Mozilla/5.0 AppleWebKit/537.36 (KHTML, like Gecko; compatible; bingbot/2.0; +http://www.bing.com/bingbot.htm) Chrome/116.0.1938.76 Safari/537.36"
57.141.20.44 - - [29/Apr/2026:10:06:16 +0200] "GET /items/P061821265/ HTTP/1.1" 404 96843 "-" "meta-externalagent/1.1 (+https://developers.facebook.com/docs/sharing/webmasters/crawler)"
57.141.20.6 - - [29/Apr/2026:10:06:39 +0200] "GET /items/P064629410/ HTTP/1.1" 404 96843 "-" "meta-externalagent/1.1 (+https://developers.facebook.com/docs/sharing/webmasters/crawler)"
109.234.166.131 - - [29/Apr/2026:10:06:59 +0200] "POST /wp-cron.php?doing_wp_cron=1777450019.5734319686889648437500 HTTP/1.1" 200 0 "-" "WordPress/6.9.4; https://www.liftsecurity.net"
