109.234.166.131 - - [29/Apr/2026:13:02:12 +0200] "GET /horizontal/ HTTP/1.1" 200 299023 "-" "WP Rocket/Preload Mozilla/5.0 (iPhone; CPU iPhone OS 9_1 like Mac OS X) AppleWebKit/601.1.46 (KHTML, like Gecko) Version/9.0 Mobile/13B143 Safari/601.1"
109.234.166.131 - - [29/Apr/2026:13:02:13 +0200] "GET /wellness-mattress/ HTTP/1.1" 200 298416 "-" "WP Rocket/Preload"
109.234.166.131 - - [29/Apr/2026:13:02:20 +0200] "GET /confirmation-denvoi-de-question/ HTTP/1.1" 200 212182 "-" "WP Rocket/Preload Mozilla/5.0 (iPhone; CPU iPhone OS 9_1 like Mac OS X) AppleWebKit/601.1.46 (KHTML, like Gecko) Version/9.0 Mobile/13B143 Safari/601.1"
109.234.166.131 - - [29/Apr/2026:13:02:22 +0200] "GET /confirmation-demande-de-documentation/ HTTP/1.1" 200 210597 "-" "WP Rocket/Preload"
109.234.166.131 - - [29/Apr/2026:13:02:26 +0200] "GET /linnovation-liftsecurity/ HTTP/1.1" 200 253451 "-" "WP Rocket/Preload Mozilla/5.0 (iPhone; CPU iPhone OS 9_1 like Mac OS X) AppleWebKit/601.1.46 (KHTML, like Gecko) Version/9.0 Mobile/13B143 Safari/601.1"
192.178.6.41 - - [29/Apr/2026:13:02:51 +0200] "GET /items/D684059915/ HTTP/1.1" 404 96843 "-" "Mozilla/5.0 (Linux; Android 6.0.1; Nexus 5X Build/MMB29P) AppleWebKit/537.36 (KHTML, like Gecko) Chrome/147.0.7727.116 Mobile Safari/537.36 (compatible; Googlebot/2.1; +http://www.google.com/bot.html)"
109.234.166.131 - - [29/Apr/2026:13:03:15 +0200] "GET /contact-us/ HTTP/1.1" 200 230411 "-" "WP Rocket/Preload"
109.234.166.131 - - [29/Apr/2026:13:03:17 +0200] "GET /contact-us/ HTTP/1.1" 200 231234 "-" "WP Rocket/Preload Mozilla/5.0 (iPhone; CPU iPhone OS 9_1 like Mac OS X) AppleWebKit/601.1.46 (KHTML, like Gecko) Version/9.0 Mobile/13B143 Safari/601.1"
109.234.166.131 - - [29/Apr/2026:13:03:21 +0200] "GET /videos/ HTTP/1.1" 200 213572 "-" "WP Rocket/Preload"
109.234.166.131 - - [29/Apr/2026:13:03:29 +0200] "GET /our-history/ HTTP/1.1" 200 257699 "-" "WP Rocket/Preload Mozilla/5.0 (iPhone; CPU iPhone OS 9_1 like Mac OS X) AppleWebKit/601.1.46 (KHTML, like Gecko) Version/9.0 Mobile/13B143 Safari/601.1"
109.234.166.131 - - [29/Apr/2026:13:03:30 +0200] "GET /hybrid-sofa/ HTTP/1.1" 200 322834 "-" "WP Rocket/Preload"
109.234.166.131 - - [29/Apr/2026:13:01:17 +0200] "GET /promo/ HTTP/1.1" 200 209311 "-" "WP Rocket/Preload"
192.178.6.32 - - [29/Apr/2026:13:01:18 +0200] "GET /items/K372467313/ HTTP/1.1" 404 96843 "-" "Mozilla/5.0 (Linux; Android 6.0.1; Nexus 5X Build/MMB29P) AppleWebKit/537.36 (KHTML, like Gecko) Chrome/147.0.7727.116 Mobile Safari/537.36 (compatible; Googlebot/2.1; +http://www.google.com/bot.html)"
109.234.166.131 - - [29/Apr/2026:13:01:20 +0200] "GET /espace2en1/ HTTP/1.1" 200 239650 "-" "WP Rocket/Preload"
109.234.166.131 - - [29/Apr/2026:13:01:28 +0200] "GET /confirmation-sending-question/ HTTP/1.1" 200 212013 "-" "WP Rocket/Preload Mozilla/5.0 (iPhone; CPU iPhone OS 9_1 like Mac OS X) AppleWebKit/601.1.46 (KHTML, like Gecko) Version/9.0 Mobile/13B143 Safari/601.1"
192.178.6.41 - - [29/Apr/2026:13:01:38 +0200] "GET /items/H672097539/ HTTP/1.1" 404 96843 "-" "Mozilla/5.0 (Linux; Android 6.0.1; Nexus 5X Build/MMB29P) AppleWebKit/537.36 (KHTML, like Gecko) Chrome/147.0.7727.116 Mobile Safari/537.36 (compatible; Googlebot/2.1; +http://www.google.com/bot.html)"
57.141.20.13 - - [29/Apr/2026:13:02:03 +0200] "GET /items/P063895356/ HTTP/1.1" 301 0 "-" "meta-externalagent/1.1 (+https://developers.facebook.com/docs/sharing/webmasters/crawler)"
192.178.6.33 - - [29/Apr/2026:13:02:04 +0200] "GET /items/P206339537/ HTTP/1.1" 404 96843 "-" "Mozilla/5.0 (Linux; Android 6.0.1; Nexus 5X Build/MMB29P) AppleWebKit/537.36 (KHTML, like Gecko) Chrome/147.0.7727.116 Mobile Safari/537.36 (compatible; Googlebot/2.1; +http://www.google.com/bot.html)"
109.234.166.131 - - [29/Apr/2026:13:02:04 +0200] "GET /matelas-lit-escamotable/ HTTP/1.1" 200 305037 "-" "WP Rocket/Preload"
109.234.166.131 - - [29/Apr/2026:13:02:06 +0200] "GET /matelas-lit-escamotable/ HTTP/1.1" 200 305034 "-" "WP Rocket/Preload Mozilla/5.0 (iPhone; CPU iPhone OS 9_1 like Mac OS X) AppleWebKit/601.1.46 (KHTML, like Gecko) Version/9.0 Mobile/13B143 Safari/601.1"
109.234.166.131 - - [29/Apr/2026:13:02:10 +0200] "GET /horizontal/ HTTP/1.1" 200 298898 "-" "WP Rocket/Preload"
109.234.166.131 - - [29/Apr/2026:13:02:15 +0200] "GET /wellness-mattress/ HTTP/1.1" 200 298411 "-" "WP Rocket/Preload Mozilla/5.0 (iPhone; CPU iPhone OS 9_1 like Mac OS X) AppleWebKit/601.1.46 (KHTML, like Gecko) Version/9.0 Mobile/13B143 Safari/601.1"
109.234.166.131 - - [29/Apr/2026:13:02:19 +0200] "GET /confirmation-denvoi-de-question/ HTTP/1.1" 200 212185 "-" "WP Rocket/Preload"
109.234.166.131 - - [29/Apr/2026:13:02:23 +0200] "GET /confirmation-demande-de-documentation/ HTTP/1.1" 200 210531 "-" "WP Rocket/Preload Mozilla/5.0 (iPhone; CPU iPhone OS 9_1 like Mac OS X) AppleWebKit/601.1.46 (KHTML, like Gecko) Version/9.0 Mobile/13B143 Safari/601.1"
109.234.166.131 - - [29/Apr/2026:13:02:30 +0200] "POST /wp-cron.php?doing_wp_cron=1777460550.4163749217987060546875 HTTP/1.1" 200 0 "-" "WordPress/6.9.4; https://www.liftsecurity.net"
109.234.166.131 - - [29/Apr/2026:13:02:46 +0200] "POST /wp-cron.php?doing_wp_cron=1777460566.7708280086517333984375 HTTP/1.1" 200 0 "-" "WordPress/6.9.4; https://www.liftsecurity.net"
57.141.20.3 - - [29/Apr/2026:13:02:46 +0200] "GET /items/P061459784/ HTTP/1.1" 404 96843 "-" "meta-externalagent/1.1 (+https://developers.facebook.com/docs/sharing/webmasters/crawler)"
109.234.166.131 - - [29/Apr/2026:13:03:15 +0200] "POST /wp-cron.php?doing_wp_cron=1777460595.5416600704193115234375 HTTP/1.1" 200 0 "-" "WordPress/6.9.4; https://www.liftsecurity.net"
109.234.166.131 - - [29/Apr/2026:13:03:20 +0200] "GET /confirmation-of-documentation-request/ HTTP/1.1" 200 211971 "-" "WP Rocket/Preload Mozilla/5.0 (iPhone; CPU iPhone OS 9_1 like Mac OS X) AppleWebKit/601.1.46 (KHTML, like Gecko) Version/9.0 Mobile/13B143 Safari/601.1"
109.234.166.131 - - [29/Apr/2026:13:03:24 +0200] "GET /faq/ HTTP/1.1" 200 254404 "-" "WP Rocket/Preload"
109.234.166.131 - - [29/Apr/2026:13:03:27 +0200] "GET /our-history/ HTTP/1.1" 200 255998 "-" "WP Rocket/Preload"
109.234.166.131 - - [29/Apr/2026:13:03:33 +0200] "GET /hybrid-single/ HTTP/1.1" 200 325712 "-" "WP Rocket/Preload"
109.234.166.131 - - [29/Apr/2026:13:01:22 +0200] "GET /espace2en1/ HTTP/1.1" 200 239160 "-" "WP Rocket/Preload Mozilla/5.0 (iPhone; CPU iPhone OS 9_1 like Mac OS X) AppleWebKit/601.1.46 (KHTML, like Gecko) Version/9.0 Mobile/13B143 Safari/601.1"
109.234.166.131 - - [29/Apr/2026:13:01:23 +0200] "GET /2-in-1-space/ HTTP/1.1" 200 240007 "-" "WP Rocket/Preload"
109.234.166.131 - - [29/Apr/2026:13:01:29 +0200] "GET /confirmation-request/ HTTP/1.1" 200 211809 "-" "WP Rocket/Preload"
109.234.166.131 - - [29/Apr/2026:13:02:04 +0200] "POST /wp-cron.php?doing_wp_cron=1777460524.2808430194854736328125 HTTP/1.1" 200 0 "-" "WordPress/6.9.4; https://www.liftsecurity.net"
109.234.166.131 - - [29/Apr/2026:13:02:07 +0200] "GET /easy-meca/ HTTP/1.1" 200 286601 "-" "WP Rocket/Preload"
109.234.166.131 - - [29/Apr/2026:13:02:09 +0200] "GET /easy-meca/ HTTP/1.1" 200 286606 "-" "WP Rocket/Preload Mozilla/5.0 (iPhone; CPU iPhone OS 9_1 like Mac OS X) AppleWebKit/601.1.46 (KHTML, like Gecko) Version/9.0 Mobile/13B143 Safari/601.1"
109.234.166.131 - - [29/Apr/2026:13:02:16 +0200] "GET /confirmation-envoi-contact/ HTTP/1.1" 200 212097 "-" "WP Rocket/Preload"
109.234.166.131 - - [29/Apr/2026:13:02:17 +0200] "GET /confirmation-envoi-contact/ HTTP/1.1" 200 212094 "-" "WP Rocket/Preload Mozilla/5.0 (iPhone; CPU iPhone OS 9_1 like Mac OS X) AppleWebKit/601.1.46 (KHTML, like Gecko) Version/9.0 Mobile/13B143 Safari/601.1"
109.234.166.131 - - [29/Apr/2026:13:02:25 +0200] "GET /linnovation-liftsecurity/ HTTP/1.1" 200 252570 "-" "WP Rocket/Preload"
192.178.6.41 - - [29/Apr/2026:13:02:29 +0200] "GET /items/C064043913/ HTTP/1.1" 404 96843 "-" "Mozilla/5.0 (Linux; Android 6.0.1; Nexus 5X Build/MMB29P) AppleWebKit/537.36 (KHTML, like Gecko) Chrome/147.0.7727.116 Mobile Safari/537.36 (compatible; Googlebot/2.1; +http://www.google.com/bot.html)"
192.178.6.33 - - [29/Apr/2026:13:03:15 +0200] "GET /items/N244559937/ HTTP/1.1" 404 96843 "-" "Mozilla/5.0 (Linux; Android 6.0.1; Nexus 5X Build/MMB29P) AppleWebKit/537.36 (KHTML, like Gecko) Chrome/147.0.7727.116 Mobile Safari/537.36 (compatible; Googlebot/2.1; +http://www.google.com/bot.html)"
109.234.166.131 - - [29/Apr/2026:13:03:18 +0200] "GET /confirmation-of-documentation-request/ HTTP/1.1" 200 211974 "-" "WP Rocket/Preload"
109.234.166.131 - - [29/Apr/2026:13:03:23 +0200] "GET /videos/ HTTP/1.1" 200 213472 "-" "WP Rocket/Preload Mozilla/5.0 (iPhone; CPU iPhone OS 9_1 like Mac OS X) AppleWebKit/601.1.46 (KHTML, like Gecko) Version/9.0 Mobile/13B143 Safari/601.1"
109.234.166.131 - - [29/Apr/2026:13:03:26 +0200] "GET /faq/ HTTP/1.1" 200 255972 "-" "WP Rocket/Preload Mozilla/5.0 (iPhone; CPU iPhone OS 9_1 like Mac OS X) AppleWebKit/601.1.46 (KHTML, like Gecko) Version/9.0 Mobile/13B143 Safari/601.1"
109.234.166.131 - - [29/Apr/2026:13:03:48 +0200] "POST /wp-cron.php?doing_wp_cron=1777460628.5133519172668457031250 HTTP/1.1" 200 0 "-" "WordPress/6.9.4; https://www.liftsecurity.net"
192.178.6.41 - - [29/Apr/2026:13:03:48 +0200] "GET /items/X221464700/ HTTP/1.1" 404 96843 "-" "Mozilla/5.0 (Linux; Android 6.0.1; Nexus 5X Build/MMB29P) AppleWebKit/537.36 (KHTML, like Gecko) Chrome/147.0.7727.116 Mobile Safari/537.36 (compatible; Googlebot/2.1; +http://www.google.com/bot.html)"
57.141.20.35 - - [29/Apr/2026:13:03:59 +0200] "GET /items/P067488177/ HTTP/1.1" 301 0 "-" "meta-externalagent/1.1 (+https://developers.facebook.com/docs/sharing/webmasters/crawler)"
109.234.166.131 - - [29/Apr/2026:13:04:00 +0200] "GET /single-flex/ HTTP/1.1" 200 304336 "-" "WP Rocket/Preload"
57.141.20.29 - - [29/Apr/2026:13:04:03 +0200] "GET /items/P065060075/ HTTP/1.1" 404 96843 "-" "meta-externalagent/1.1 (+https://developers.facebook.com/docs/sharing/webmasters/crawler)"
109.234.166.131 - - [29/Apr/2026:13:04:09 +0200] "GET /demande-tarifs-concept-bien-etre/ HTTP/1.1" 200 212234 "-" "WP Rocket/Preload"
109.234.166.131 - - [29/Apr/2026:13:03:32 +0200] "GET /hybrid-sofa/ HTTP/1.1" 200 322731 "-" "WP Rocket/Preload Mozilla/5.0 (iPhone; CPU iPhone OS 9_1 like Mac OS X) AppleWebKit/601.1.46 (KHTML, like Gecko) Version/9.0 Mobile/13B143 Safari/601.1"
109.234.166.131 - - [29/Apr/2026:13:03:35 +0200] "GET /hybrid-single/ HTTP/1.1" 200 325707 "-" "WP Rocket/Preload Mozilla/5.0 (iPhone; CPU iPhone OS 9_1 like Mac OS X) AppleWebKit/601.1.46 (KHTML, like Gecko) Version/9.0 Mobile/13B143 Safari/601.1"
109.234.166.131 - - [29/Apr/2026:13:03:36 +0200] "GET /flex-sofa/ HTTP/1.1" 200 305390 "-" "WP Rocket/Preload"
109.234.166.131 - - [29/Apr/2026:13:04:00 +0200] "POST /wp-cron.php?doing_wp_cron=1777460640.3510758876800537109375 HTTP/1.1" 200 0 "-" "WordPress/6.9.4; https://www.liftsecurity.net"
109.234.166.131 - - [29/Apr/2026:13:04:02 +0200] "GET /single-flex/ HTTP/1.1" 200 304346 "-" "WP Rocket/Preload Mozilla/5.0 (iPhone; CPU iPhone OS 9_1 like Mac OS X) AppleWebKit/601.1.46 (KHTML, like Gecko) Version/9.0 Mobile/13B143 Safari/601.1"
109.234.166.131 - - [29/Apr/2026:13:04:05 +0200] "GET /home-page/ HTTP/1.1" 200 288244 "-" "WP Rocket/Preload Mozilla/5.0 (iPhone; CPU iPhone OS 9_1 like Mac OS X) AppleWebKit/601.1.46 (KHTML, like Gecko) Version/9.0 Mobile/13B143 Safari/601.1"
109.234.166.131 - - [29/Apr/2026:13:04:08 +0200] "GET /decouvrez-les-cles-du-bien-etre/ HTTP/1.1" 200 221608 "-" "WP Rocket/Preload Mozilla/5.0 (iPhone; CPU iPhone OS 9_1 like Mac OS X) AppleWebKit/601.1.46 (KHTML, like Gecko) Version/9.0 Mobile/13B143 Safari/601.1"
109.234.166.131 - - [29/Apr/2026:13:04:12 +0200] "GET /catalog/ HTTP/1.1" 200 211684 "-" "WP Rocket/Preload"
192.178.6.41 - - [29/Apr/2026:13:04:13 +0200] "GET /items/V007773407/ HTTP/1.1" 404 96843 "-" "Mozilla/5.0 (Linux; Android 6.0.1; Nexus 5X Build/MMB29P) AppleWebKit/537.36 (KHTML, like Gecko) Chrome/147.0.7727.116 Mobile Safari/537.36 (compatible; Googlebot/2.1; +http://www.google.com/bot.html)"
109.234.166.131 - - [29/Apr/2026:13:04:13 +0200] "GET /catalog/ HTTP/1.1" 200 211681 "-" "WP Rocket/Preload Mozilla/5.0 (iPhone; CPU iPhone OS 9_1 like Mac OS X) AppleWebKit/601.1.46 (KHTML, like Gecko) Version/9.0 Mobile/13B143 Safari/601.1"
109.234.166.131 - - [29/Apr/2026:13:04:15 +0200] "GET /catalogue/ HTTP/1.1" 200 210332 "-" "WP Rocket/Preload"
109.234.166.131 - - [29/Apr/2026:13:04:16 +0200] "GET /catalogue/ HTTP/1.1" 200 210331 "-" "WP Rocket/Preload Mozilla/5.0 (iPhone; CPU iPhone OS 9_1 like Mac OS X) AppleWebKit/601.1.46 (KHTML, like Gecko) Version/9.0 Mobile/13B143 Safari/601.1"
77.75.77.17 - - [29/Apr/2026:13:04:32 +0200] "GET /items/P066026983/ HTTP/1.1" 404 96843 "-" "Mozilla/5.0 (compatible; SeznamBot/4.0; +https://o-seznam.cz/napoveda/vyhledavani/en/seznambot-crawler/)"
109.234.166.131 - - [29/Apr/2026:13:05:15 +0200] "POST /wp-cron.php?doing_wp_cron=1777460715.4403660297393798828125 HTTP/1.1" 200 0 "-" "WordPress/6.9.4; https://www.liftsecurity.net"
57.141.18.42 - - [29/Apr/2026:13:05:15 +0200] "GET /items/P063236732/ HTTP/1.1" 301 0 "-" "meta-externalagent/1.1 (+https://developers.facebook.com/docs/sharing/webmasters/crawler)"
109.234.166.131 - - [29/Apr/2026:13:05:17 +0200] "GET /lit-escamotable-canape/ HTTP/1.1" 200 332224 "-" "WP Rocket/Preload Mozilla/5.0 (iPhone; CPU iPhone OS 9_1 like Mac OS X) AppleWebKit/601.1.46 (KHTML, like Gecko) Version/9.0 Mobile/13B143 Safari/601.1"
109.234.166.131 - - [29/Apr/2026:13:05:27 +0200] "GET /lit-escamotable-electrique-canape/ HTTP/1.1" 200 339025 "-" "WP Rocket/Preload Mozilla/5.0 (iPhone; CPU iPhone OS 9_1 like Mac OS X) AppleWebKit/601.1.46 (KHTML, like Gecko) Version/9.0 Mobile/13B143 Safari/601.1"
109.234.166.131 - - [29/Apr/2026:13:05:33 +0200] "GET /contact/ HTTP/1.1" 200 251392 "-" "WP Rocket/Preload Mozilla/5.0 (iPhone; CPU iPhone OS 9_1 like Mac OS X) AppleWebKit/601.1.46 (KHTML, like Gecko) Version/9.0 Mobile/13B143 Safari/601.1"
109.234.166.131 - - [29/Apr/2026:13:03:38 +0200] "GET /flex-sofa/ HTTP/1.1" 200 305385 "-" "WP Rocket/Preload Mozilla/5.0 (iPhone; CPU iPhone OS 9_1 like Mac OS X) AppleWebKit/601.1.46 (KHTML, like Gecko) Version/9.0 Mobile/13B143 Safari/601.1"
109.234.166.131 - - [29/Apr/2026:13:04:03 +0200] "GET /home-page/ HTTP/1.1" 200 285622 "-" "WP Rocket/Preload"
192.178.6.41 - - [29/Apr/2026:13:04:06 +0200] "GET /items/X326190672/ HTTP/1.1" 404 96843 "-" "Mozilla/5.0 (Linux; Android 6.0.1; Nexus 5X Build/MMB29P) AppleWebKit/537.36 (KHTML, like Gecko) Chrome/147.0.7727.116 Mobile Safari/537.36 (compatible; Googlebot/2.1; +http://www.google.com/bot.html)"
109.234.166.131 - - [29/Apr/2026:13:04:06 +0200] "GET /decouvrez-les-cles-du-bien-etre/ HTTP/1.1" 200 218606 "-" "WP Rocket/Preload"
109.234.166.131 - - [29/Apr/2026:13:04:11 +0200] "GET /demande-tarifs-concept-bien-etre/ HTTP/1.1" 200 212231 "-" "WP Rocket/Preload Mozilla/5.0 (iPhone; CPU iPhone OS 9_1 like Mac OS X) AppleWebKit/601.1.46 (KHTML, like Gecko) Version/9.0 Mobile/13B143 Safari/601.1"
109.234.166.131 - - [29/Apr/2026:13:04:18 +0200] "GET /lit-escamotable-electrique-julia-simple/ HTTP/1.1" 200 244871 "-" "WP Rocket/Preload"
109.234.166.131 - - [29/Apr/2026:13:04:21 +0200] "GET /lit-escamotable/ HTTP/1.1" 200 300222 "-" "WP Rocket/Preload"
109.234.166.131 - - [29/Apr/2026:13:04:22 +0200] "GET /lit-escamotable/ HTTP/1.1" 200 300090 "-" "WP Rocket/Preload Mozilla/5.0 (iPhone; CPU iPhone OS 9_1 like Mac OS X) AppleWebKit/601.1.46 (KHTML, like Gecko) Version/9.0 Mobile/13B143 Safari/601.1"
109.234.166.131 - - [29/Apr/2026:13:04:40 +0200] "POST /wp-cron.php?doing_wp_cron=1777460680.0756440162658691406250 HTTP/1.1" 200 0 "-" "WordPress/6.9.4; https://www.liftsecurity.net"
57.141.20.37 - - [29/Apr/2026:13:04:39 +0200] "GET /items/P062996455/ HTTP/1.1" 404 96843 "-" "meta-externalagent/1.1 (+https://developers.facebook.com/docs/sharing/webmasters/crawler)"
192.178.6.41 - - [29/Apr/2026:13:04:58 +0200] "GET /items/J121646220/ HTTP/1.1" 404 96843 "-" "Mozilla/5.0 (Linux; Android 6.0.1; Nexus 5X Build/MMB29P) AppleWebKit/537.36 (KHTML, like Gecko) Chrome/147.0.7727.116 Mobile Safari/537.36 (compatible; Googlebot/2.1; +http://www.google.com/bot.html)"
109.234.166.131 - - [29/Apr/2026:13:05:15 +0200] "GET /lit-escamotable-canape/ HTTP/1.1" 200 332978 "-" "WP Rocket/Preload"
109.234.166.131 - - [29/Apr/2026:13:05:18 +0200] "GET /lit-escamotable-electrique-julia-canape/ HTTP/1.1" 200 258702 "-" "WP Rocket/Preload"
109.234.166.131 - - [29/Apr/2026:13:05:23 +0200] "GET /lit-escamotable-electrique/ HTTP/1.1" 200 335262 "-" "WP Rocket/Preload Mozilla/5.0 (iPhone; CPU iPhone OS 9_1 like Mac OS X) AppleWebKit/601.1.46 (KHTML, like Gecko) Version/9.0 Mobile/13B143 Safari/601.1"
109.234.166.131 - - [29/Apr/2026:13:05:28 +0200] "GET /lit-escamotable-superpose/ HTTP/1.1" 200 315830 "-" "WP Rocket/Preload"
109.234.166.131 - - [29/Apr/2026:13:05:36 +0200] "GET /lit/ HTTP/1.1" 200 232853 "-" "WP Rocket/Preload Mozilla/5.0 (iPhone; CPU iPhone OS 9_1 like Mac OS X) AppleWebKit/601.1.46 (KHTML, like Gecko) Version/9.0 Mobile/13B143 Safari/601.1"
109.234.166.131 - - [29/Apr/2026:13:05:43 +0200] "POST /wp-cron.php?doing_wp_cron=1777460743.1262409687042236328125 HTTP/1.1" 200 0 "-" "WordPress/6.9.4; https://www.liftsecurity.net"
192.178.6.41 - - [29/Apr/2026:13:05:42 +0200] "GET /items/H512603593/ HTTP/1.1" 404 96843 "-" "Mozilla/5.0 (Linux; Android 6.0.1; Nexus 5X Build/MMB29P) AppleWebKit/537.36 (KHTML, like Gecko) Chrome/147.0.7727.116 Mobile Safari/537.36 (compatible; Googlebot/2.1; +http://www.google.com/bot.html)"
57.141.18.84 - - [29/Apr/2026:13:05:56 +0200] "GET /items/P067449066/ HTTP/1.1" 301 0 "-" "meta-externalagent/1.1 (+https://developers.facebook.com/docs/sharing/webmasters/crawler)"
52.167.144.216 - - [29/Apr/2026:13:05:56 +0200] "GET /items/O775034200/ HTTP/1.1" 404 96843 "-" "Mozilla/5.0 AppleWebKit/537.36 (KHTML, like Gecko; compatible; bingbot/2.0; +http://www.bing.com/bingbot.htm) Chrome/116.0.1938.76 Safari/537.36"
109.234.166.131 - - [29/Apr/2026:13:04:19 +0200] "GET /lit-escamotable-electrique-julia-simple/ HTTP/1.1" 200 244889 "-" "WP Rocket/Preload Mozilla/5.0 (iPhone; CPU iPhone OS 9_1 like Mac OS X) AppleWebKit/601.1.46 (KHTML, like Gecko) Version/9.0 Mobile/13B143 Safari/601.1"
109.234.166.131 - - [29/Apr/2026:13:04:33 +0200] "POST /wp-cron.php?doing_wp_cron=1777460673.2791469097137451171875 HTTP/1.1" 200 0 "-" "WordPress/6.9.4; https://www.liftsecurity.net"
192.178.6.41 - - [29/Apr/2026:13:04:38 +0200] "GET /items/N745977150/ HTTP/1.1" 404 96843 "-" "Mozilla/5.0 (Linux; Android 6.0.1; Nexus 5X Build/MMB29P) AppleWebKit/537.36 (KHTML, like Gecko) Chrome/147.0.7727.116 Mobile Safari/537.36 (compatible; Googlebot/2.1; +http://www.google.com/bot.html)"
192.178.6.41 - - [29/Apr/2026:13:05:14 +0200] "GET /items/J203673232/ HTTP/1.1" 404 96843 "-" "Mozilla/5.0 (Linux; Android 6.0.1; Nexus 5X Build/MMB29P) AppleWebKit/537.36 (KHTML, like Gecko) Chrome/147.0.7727.116 Mobile Safari/537.36 (compatible; Googlebot/2.1; +http://www.google.com/bot.html)"
109.234.166.131 - - [29/Apr/2026:13:05:20 +0200] "GET /lit-escamotable-electrique-julia-canape/ HTTP/1.1" 200 257794 "-" "WP Rocket/Preload Mozilla/5.0 (iPhone; CPU iPhone OS 9_1 like Mac OS X) AppleWebKit/601.1.46 (KHTML, like Gecko) Version/9.0 Mobile/13B143 Safari/601.1"
109.234.166.131 - - [29/Apr/2026:13:05:21 +0200] "GET /lit-escamotable-electrique/ HTTP/1.1" 200 335394 "-" "WP Rocket/Preload"
109.234.166.131 - - [29/Apr/2026:13:05:24 +0200] "GET /lit-escamotable-electrique-canape/ HTTP/1.1" 200 339462 "-" "WP Rocket/Preload"
109.234.166.131 - - [29/Apr/2026:13:05:30 +0200] "GET /lit-escamotable-superpose/ HTTP/1.1" 200 315827 "-" "WP Rocket/Preload Mozilla/5.0 (iPhone; CPU iPhone OS 9_1 like Mac OS X) AppleWebKit/601.1.46 (KHTML, like Gecko) Version/9.0 Mobile/13B143 Safari/601.1"
109.234.166.131 - - [29/Apr/2026:13:05:31 +0200] "GET /contact/ HTTP/1.1" 200 252169 "-" "WP Rocket/Preload"
109.234.166.131 - - [29/Apr/2026:13:05:34 +0200] "GET /lit/ HTTP/1.1" 200 232856 "-" "WP Rocket/Preload"
52.167.144.216 - - [29/Apr/2026:13:05:57 +0200] "GET /items/T577276541/ HTTP/1.1" 404 96843 "-" "Mozilla/5.0 AppleWebKit/537.36 (KHTML, like Gecko; compatible; bingbot/2.0; +http://www.bing.com/bingbot.htm) Chrome/116.0.1938.76 Safari/537.36"
109.234.166.131 - - [29/Apr/2026:13:06:00 +0200] "GET /lit/teletravail/ HTTP/1.1" 200 235885 "-" "WP Rocket/Preload"
207.46.13.102 - - [29/Apr/2026:13:06:03 +0200] "GET /items/P065322059/ HTTP/1.1" 404 96843 "-" "Mozilla/5.0 AppleWebKit/537.36 (KHTML, like Gecko; compatible; bingbot/2.0; +http://www.bing.com/bingbot.htm) Chrome/116.0.1938.76 Safari/537.36"
109.234.166.131 - - [29/Apr/2026:13:06:04 +0200] "GET /lit/etudiant/ HTTP/1.1" 200 242646 "-" "WP Rocket/Preload Mozilla/5.0 (iPhone; CPU iPhone OS 9_1 like Mac OS X) AppleWebKit/601.1.46 (KHTML, like Gecko) Version/9.0 Mobile/13B143 Safari/601.1"
52.167.144.216 - - [29/Apr/2026:13:06:07 +0200] "GET /items/P066913503/ HTTP/1.1" 404 96843 "-" "Mozilla/5.0 AppleWebKit/537.36 (KHTML, like Gecko; compatible; bingbot/2.0; +http://www.bing.com/bingbot.htm) Chrome/116.0.1938.76 Safari/537.36"
109.234.166.131 - - [29/Apr/2026:13:06:07 +0200] "GET /lit/hotel/ HTTP/1.1" 200 268897 "-" "WP Rocket/Preload Mozilla/5.0 (iPhone; CPU iPhone OS 9_1 like Mac OS X) AppleWebKit/601.1.46 (KHTML, like Gecko) Version/9.0 Mobile/13B143 Safari/601.1"
52.167.144.216 - - [29/Apr/2026:13:06:09 +0200] "GET /items/J437461776/ HTTP/1.1" 404 96843 "-" "Mozilla/5.0 AppleWebKit/537.36 (KHTML, like Gecko; compatible; bingbot/2.0; +http://www.bing.com/bingbot.htm) Chrome/116.0.1938.76 Safari/537.36"
109.234.166.131 - - [29/Apr/2026:13:06:12 +0200] "GET /lit/homeworking/ HTTP/1.1" 200 239094 "-" "WP Rocket/Preload"
109.234.166.131 - - [29/Apr/2026:13:06:16 +0200] "GET /dt_gallery/ HTTP/1.1" 200 169888 "-" "WP Rocket/Preload Mozilla/5.0 (iPhone; CPU iPhone OS 9_1 like Mac OS X) AppleWebKit/601.1.46 (KHTML, like Gecko) Version/9.0 Mobile/13B143 Safari/601.1"
52.167.144.216 - - [29/Apr/2026:13:05:55 +0200] "GET /items/D884717920/ HTTP/1.1" 404 96843 "-" "Mozilla/5.0 AppleWebKit/537.36 (KHTML, like Gecko; compatible; bingbot/2.0; +http://www.bing.com/bingbot.htm) Chrome/116.0.1938.76 Safari/537.36"
52.167.144.216 - - [29/Apr/2026:13:05:59 +0200] "GET /items/O586258013/ HTTP/1.1" 404 96843 "-" "Mozilla/5.0 AppleWebKit/537.36 (KHTML, like Gecko; compatible; bingbot/2.0; +http://www.bing.com/bingbot.htm) Chrome/116.0.1938.76 Safari/537.36"
52.167.144.216 - - [29/Apr/2026:13:06:00 +0200] "GET /detail/54005363976394 HTTP/1.1" 404 96843 "-" "Mozilla/5.0 AppleWebKit/537.36 (KHTML, like Gecko; compatible; bingbot/2.0; +http://www.bing.com/bingbot.htm) Chrome/116.0.1938.76 Safari/537.36"
192.178.6.32 - - [29/Apr/2026:13:06:03 +0200] "GET /items/I941112517/ HTTP/1.1" 404 96843 "-" "Mozilla/5.0 (Linux; Android 6.0.1; Nexus 5X Build/MMB29P) AppleWebKit/537.36 (KHTML, like Gecko) Chrome/147.0.7727.116 Mobile Safari/537.36 (compatible; Googlebot/2.1; +http://www.google.com/bot.html)"
109.234.166.131 - - [29/Apr/2026:13:06:03 +0200] "GET /lit/etudiant/ HTTP/1.1" 200 240833 "-" "WP Rocket/Preload"
109.234.166.131 - - [29/Apr/2026:13:06:06 +0200] "GET /lit/hotel/ HTTP/1.1" 200 268900 "-" "WP Rocket/Preload"
109.234.166.131 - - [29/Apr/2026:13:06:09 +0200] "GET /lit/student-room/ HTTP/1.1" 200 242559 "-" "WP Rocket/Preload"
52.167.144.216 - - [29/Apr/2026:13:06:10 +0200] "GET /items/J056702516/ HTTP/1.1" 404 96843 "-" "Mozilla/5.0 AppleWebKit/537.36 (KHTML, like Gecko; compatible; bingbot/2.0; +http://www.bing.com/bingbot.htm) Chrome/116.0.1938.76 Safari/537.36"
52.167.144.213 - - [29/Apr/2026:13:06:11 +0200] "GET /detail/33213885349267 HTTP/1.1" 404 96843 "-" "Mozilla/5.0 AppleWebKit/537.36 (KHTML, like Gecko; compatible; bingbot/2.0; +http://www.bing.com/bingbot.htm) Chrome/116.0.1938.76 Safari/537.36"
52.167.144.213 - - [29/Apr/2026:13:06:13 +0200] "GET /items/Y604206932/ HTTP/1.1" 404 96843 "-" "Mozilla/5.0 AppleWebKit/537.36 (KHTML, like Gecko; compatible; bingbot/2.0; +http://www.bing.com/bingbot.htm) Chrome/116.0.1938.76 Safari/537.36"
52.167.144.213 - - [29/Apr/2026:13:06:14 +0200] "GET /items/P067833039/ HTTP/1.1" 404 96843 "-" "Mozilla/5.0 AppleWebKit/537.36 (KHTML, like Gecko; compatible; bingbot/2.0; +http://www.bing.com/bingbot.htm) Chrome/116.0.1938.76 Safari/537.36"
207.46.13.102 - - [29/Apr/2026:13:06:20 +0200] "GET /items/P067559357/ HTTP/1.1" 404 96843 "-" "Mozilla/5.0 AppleWebKit/537.36 (KHTML, like Gecko; compatible; bingbot/2.0; +http://www.bing.com/bingbot.htm) Chrome/116.0.1938.76 Safari/537.36"
57.141.18.51 - - [29/Apr/2026:13:06:20 +0200] "GET /items/P065066121/ HTTP/1.1" 404 96843 "-" "meta-externalagent/1.1 (+https://developers.facebook.com/docs/sharing/webmasters/crawler)"
109.234.166.131 - - [29/Apr/2026:13:06:23 +0200] "POST /wp-cron.php?doing_wp_cron=1777460783.1815860271453857421875 HTTP/1.1" 200 0 "-" "WordPress/6.9.4; https://www.liftsecurity.net"
52.167.144.213 - - [29/Apr/2026:13:06:22 +0200] "GET /items/P063682475/ HTTP/1.1" 404 96787 "-" "Mozilla/5.0 AppleWebKit/537.36 (KHTML, like Gecko; compatible; bingbot/2.0; +http://www.bing.com/bingbot.htm) Chrome/116.0.1938.76 Safari/537.36"
52.167.144.216 - - [29/Apr/2026:13:06:30 +0200] "GET /items/D166469575/ HTTP/1.1" 404 96843 "-" "Mozilla/5.0 AppleWebKit/537.36 (KHTML, like Gecko; compatible; bingbot/2.0; +http://www.bing.com/bingbot.htm) Chrome/116.0.1938.76 Safari/537.36"
52.167.144.216 - - [29/Apr/2026:13:06:31 +0200] "GET /items/P063136472/ HTTP/1.1" 404 96843 "-" "Mozilla/5.0 AppleWebKit/537.36 (KHTML, like Gecko; compatible; bingbot/2.0; +http://www.bing.com/bingbot.htm) Chrome/116.0.1938.76 Safari/537.36"
192.178.6.41 - - [29/Apr/2026:13:06:32 +0200] "GET /items/E296869753/ HTTP/1.1" 404 96843 "-" "Mozilla/5.0 (Linux; Android 6.0.1; Nexus 5X Build/MMB29P) AppleWebKit/537.36 (KHTML, like Gecko) Chrome/147.0.7727.116 Mobile Safari/537.36 (compatible; Googlebot/2.1; +http://www.google.com/bot.html)"
192.178.6.41 - - [29/Apr/2026:13:05:57 +0200] "GET /items/C133379328/ HTTP/1.1" 404 96843 "-" "Mozilla/5.0 (Linux; Android 6.0.1; Nexus 5X Build/MMB29P) AppleWebKit/537.36 (KHTML, like Gecko) Chrome/147.0.7727.116 Mobile Safari/537.36 (compatible; Googlebot/2.1; +http://www.google.com/bot.html)"
109.234.166.131 - - [29/Apr/2026:13:06:00 +0200] "POST /wp-cron.php?doing_wp_cron=1777460760.1318879127502441406250 HTTP/1.1" 200 0 "-" "WordPress/6.9.4; https://www.liftsecurity.net"
207.46.13.102 - - [29/Apr/2026:13:06:00 +0200] "GET /detail/62184944110512 HTTP/1.1" 404 96843 "-" "Mozilla/5.0 AppleWebKit/537.36 (KHTML, like Gecko; compatible; bingbot/2.0; +http://www.bing.com/bingbot.htm) Chrome/116.0.1938.76 Safari/537.36"
207.46.13.102 - - [29/Apr/2026:13:06:01 +0200] "GET /items/F046046445/ HTTP/1.1" 404 96843 "-" "Mozilla/5.0 AppleWebKit/537.36 (KHTML, like Gecko; compatible; bingbot/2.0; +http://www.bing.com/bingbot.htm) Chrome/116.0.1938.76 Safari/537.36"
207.46.13.102 - - [29/Apr/2026:13:06:02 +0200] "GET /items/L167500793/ HTTP/1.1" 404 96843 "-" "Mozilla/5.0 AppleWebKit/537.36 (KHTML, like Gecko; compatible; bingbot/2.0; +http://www.bing.com/bingbot.htm) Chrome/116.0.1938.76 Safari/537.36"
109.234.166.131 - - [29/Apr/2026:13:06:01 +0200] "GET /lit/teletravail/ HTTP/1.1" 200 238400 "-" "WP Rocket/Preload Mozilla/5.0 (iPhone; CPU iPhone OS 9_1 like Mac OS X) AppleWebKit/601.1.46 (KHTML, like Gecko) Version/9.0 Mobile/13B143 Safari/601.1"
192.178.6.32 - - [29/Apr/2026:13:06:04 +0200] "GET /items/C693668840/ HTTP/1.1" 404 96843 "-" "Mozilla/5.0 (Linux; Android 6.0.1; Nexus 5X Build/MMB29P) AppleWebKit/537.36 (KHTML, like Gecko) Chrome/147.0.7727.116 Mobile Safari/537.36 (compatible; Googlebot/2.1; +http://www.google.com/bot.html)"
109.234.166.131 - - [29/Apr/2026:13:06:10 +0200] "GET /lit/student-room/ HTTP/1.1" 200 242552 "-" "WP Rocket/Preload Mozilla/5.0 (iPhone; CPU iPhone OS 9_1 like Mac OS X) AppleWebKit/601.1.46 (KHTML, like Gecko) Version/9.0 Mobile/13B143 Safari/601.1"
52.167.144.216 - - [29/Apr/2026:13:06:11 +0200] "GET /items/Q702845938/ HTTP/1.1" 404 96843 "-" "Mozilla/5.0 AppleWebKit/537.36 (KHTML, like Gecko; compatible; bingbot/2.0; +http://www.bing.com/bingbot.htm) Chrome/116.0.1938.76 Safari/537.36"
52.167.144.213 - - [29/Apr/2026:13:06:12 +0200] "GET /items/Y971413710/ HTTP/1.1" 404 96843 "-" "Mozilla/5.0 AppleWebKit/537.36 (KHTML, like Gecko; compatible; bingbot/2.0; +http://www.bing.com/bingbot.htm) Chrome/116.0.1938.76 Safari/537.36"
109.234.166.131 - - [29/Apr/2026:13:06:13 +0200] "GET /lit/homeworking/ HTTP/1.1" 200 239091 "-" "WP Rocket/Preload Mozilla/5.0 (iPhone; CPU iPhone OS 9_1 like Mac OS X) AppleWebKit/601.1.46 (KHTML, like Gecko) Version/9.0 Mobile/13B143 Safari/601.1"
109.234.166.131 - - [29/Apr/2026:13:06:15 +0200] "GET /dt_gallery/ HTTP/1.1" 200 169891 "-" "WP Rocket/Preload"
207.46.13.102 - - [29/Apr/2026:13:06:18 +0200] "GET /items/P062470594/ HTTP/1.1" 404 96843 "-" "Mozilla/5.0 AppleWebKit/537.36 (KHTML, like Gecko; compatible; bingbot/2.0; +http://www.bing.com/bingbot.htm) Chrome/116.0.1938.76 Safari/537.36"
207.46.13.102 - - [29/Apr/2026:13:06:19 +0200] "GET /items/J084738462/ HTTP/1.1" 404 96843 "-" "Mozilla/5.0 AppleWebKit/537.36 (KHTML, like Gecko; compatible; bingbot/2.0; +http://www.bing.com/bingbot.htm) Chrome/116.0.1938.76 Safari/537.36"
52.167.144.213 - - [29/Apr/2026:13:06:23 +0200] "GET /items/P065943010/ HTTP/1.1" 404 96843 "-" "Mozilla/5.0 AppleWebKit/537.36 (KHTML, like Gecko; compatible; bingbot/2.0; +http://www.bing.com/bingbot.htm) Chrome/116.0.1938.76 Safari/537.36"
57.141.18.2 - - [29/Apr/2026:13:06:47 +0200] "GET /items/P061527523/ HTTP/1.1" 404 96843 "-" "meta-externalagent/1.1 (+https://developers.facebook.com/docs/sharing/webmasters/crawler)"
109.234.166.131 - - [29/Apr/2026:13:06:59 +0200] "POST /wp-cron.php?doing_wp_cron=1777460819.8558800220489501953125 HTTP/1.1" 200 0 "-" "WordPress/6.9.4; https://www.liftsecurity.net"
109.234.166.131 - - [29/Apr/2026:13:07:09 +0200] "GET /dt_slideshow/ HTTP/1.1" 200 166438 "-" "WP Rocket/Preload"
109.234.166.131 - - [29/Apr/2026:13:06:18 +0200] "GET /confirmation-demande-tarifs-concept-bien-etre/ HTTP/1.1" 200 212763 "-" "WP Rocket/Preload"
109.234.166.131 - - [29/Apr/2026:13:06:19 +0200] "GET /confirmation-demande-tarifs-concept-bien-etre/ HTTP/1.1" 200 212760 "-" "WP Rocket/Preload Mozilla/5.0 (iPhone; CPU iPhone OS 9_1 like Mac OS X) AppleWebKit/601.1.46 (KHTML, like Gecko) Version/9.0 Mobile/13B143 Safari/601.1"
109.234.166.131 - - [29/Apr/2026:13:06:31 +0200] "POST /wp-cron.php?doing_wp_cron=1777460791.3782780170440673828125 HTTP/1.1" 200 0 "-" "WordPress/6.9.4; https://www.liftsecurity.net"
52.167.144.216 - - [29/Apr/2026:13:06:34 +0200] "GET /items/P063724258/ HTTP/1.1" 404 96843 "-" "Mozilla/5.0 AppleWebKit/537.36 (KHTML, like Gecko; compatible; bingbot/2.0; +http://www.bing.com/bingbot.htm) Chrome/116.0.1938.76 Safari/537.36"
52.167.144.213 - - [29/Apr/2026:13:06:39 +0200] "GET /detail/68095033832276 HTTP/1.1" 404 96843 "-" "Mozilla/5.0 AppleWebKit/537.36 (KHTML, like Gecko; compatible; bingbot/2.0; +http://www.bing.com/bingbot.htm) Chrome/116.0.1938.76 Safari/537.36"
192.178.6.41 - - [29/Apr/2026:13:07:00 +0200] "GET /items/M185316674/ HTTP/1.1" 404 96843 "-" "Mozilla/5.0 (Linux; Android 6.0.1; Nexus 5X Build/MMB29P) AppleWebKit/537.36 (KHTML, like Gecko) Chrome/147.0.7727.116 Mobile Safari/537.36 (compatible; Googlebot/2.1; +http://www.google.com/bot.html)"
109.234.166.131 - - [29/Apr/2026:13:07:01 +0200] "GET /dt_team/ HTTP/1.1" 200 166359 "-" "WP Rocket/Preload Mozilla/5.0 (iPhone; CPU iPhone OS 9_1 like Mac OS X) AppleWebKit/601.1.46 (KHTML, like Gecko) Version/9.0 Mobile/13B143 Safari/601.1"
109.234.166.131 - - [29/Apr/2026:13:07:03 +0200] "GET /category/non-classifiee/ HTTP/1.1" 200 166725 "-" "WP Rocket/Preload"
109.234.166.131 - - [29/Apr/2026:13:07:06 +0200] "GET /dt_gallery/gallery/ HTTP/1.1" 200 164174 "-" "WP Rocket/Preload"
109.234.166.131 - - [29/Apr/2026:13:07:07 +0200] "GET /dt_gallery/gallery/ HTTP/1.1" 200 164171 "-" "WP Rocket/Preload Mozilla/5.0 (iPhone; CPU iPhone OS 9_1 like Mac OS X) AppleWebKit/601.1.46 (KHTML, like Gecko) Version/9.0 Mobile/13B143 Safari/601.1"
109.234.166.131 - - [29/Apr/2026:13:07:10 +0200] "GET /dt_slideshow/ HTTP/1.1" 200 166435 "-" "WP Rocket/Preload Mozilla/5.0 (iPhone; CPU iPhone OS 9_1 like Mac OS X) AppleWebKit/601.1.46 (KHTML, like Gecko) Version/9.0 Mobile/13B143 Safari/601.1"
109.234.166.131 - - [29/Apr/2026:13:07:11 +0200] "GET /category/uncategorized/ HTTP/1.1" 200 166695 "-" "WP Rocket/Preload"
57.141.18.123 - - [29/Apr/2026:13:07:13 +0200] "GET /items/P067771208/ HTTP/1.1" 404 96843 "-" "meta-externalagent/1.1 (+https://developers.facebook.com/docs/sharing/webmasters/crawler)"
109.234.166.131 - - [29/Apr/2026:13:08:56 +0200] "POST /wp-cron.php?doing_wp_cron=1777460936.2821159362792968750000 HTTP/1.1" 200 0 "-" "WordPress/6.9.4; https://www.liftsecurity.net"
109.234.166.131 - - [29/Apr/2026:13:09:26 +0200] "POST /wp-cron.php?doing_wp_cron=1777460966.2567100524902343750000 HTTP/1.1" 200 0 "-" "WordPress/6.9.4; https://www.liftsecurity.net"
57.141.14.33 - - [29/Apr/2026:13:09:25 +0200] "GET /items/P066849525/ HTTP/1.1" 404 96843 "-" "meta-externalagent/1.1 (+https://developers.facebook.com/docs/sharing/webmasters/crawler)"
109.234.166.131 - - [29/Apr/2026:13:10:32 +0200] "POST /wp-cron.php?doing_wp_cron=1777461032.0611240863800048828125 HTTP/1.1" 200 0 "-" "WordPress/6.9.4; https://www.liftsecurity.net"
57.141.14.67 - - [29/Apr/2026:13:11:19 +0200] "GET /items/P063008375/ HTTP/1.1" 404 96843 "-" "meta-externalagent/1.1 (+https://developers.facebook.com/docs/sharing/webmasters/crawler)"
109.234.166.131 - - [29/Apr/2026:13:12:53 +0200] "POST /wp-cron.php?doing_wp_cron=1777461173.7660229206085205078125 HTTP/1.1" 200 0 "-" "WordPress/6.9.4; https://www.liftsecurity.net"
57.141.14.21 - - [29/Apr/2026:13:12:53 +0200] "GET /items/P061605010/ HTTP/1.1" 404 96843 "-" "meta-externalagent/1.1 (+https://developers.facebook.com/docs/sharing/webmasters/crawler)"
109.234.166.131 - - [29/Apr/2026:13:07:13 +0200] "GET /category/uncategorized/ HTTP/1.1" 200 166692 "-" "WP Rocket/Preload Mozilla/5.0 (iPhone; CPU iPhone OS 9_1 like Mac OS X) AppleWebKit/601.1.46 (KHTML, like Gecko) Version/9.0 Mobile/13B143 Safari/601.1"
157.55.39.9 - - [29/Apr/2026:13:07:48 +0200] "GET /items/P063037817/ HTTP/1.1" 301 0 "-" "Mozilla/5.0 AppleWebKit/537.36 (KHTML, like Gecko; compatible; bingbot/2.0; +http://www.bing.com/bingbot.htm) Chrome/116.0.1938.76 Safari/537.36"
109.234.166.131 - - [29/Apr/2026:13:08:05 +0200] "POST /wp-cron.php?doing_wp_cron=1777460885.9135301113128662109375 HTTP/1.1" 200 0 "-" "WordPress/6.9.4; https://www.liftsecurity.net"
57.141.18.72 - - [29/Apr/2026:13:08:05 +0200] "GET /items/P062759913/ HTTP/1.1" 404 96843 "-" "meta-externalagent/1.1 (+https://developers.facebook.com/docs/sharing/webmasters/crawler)"
57.141.14.72 - - [29/Apr/2026:13:08:37 +0200] "GET /items/P062244938/ HTTP/1.1" 301 0 "-" "meta-externalagent/1.1 (+https://developers.facebook.com/docs/sharing/webmasters/crawler)"
192.178.6.41 - - [29/Apr/2026:13:08:55 +0200] "GET /items/G491184054/ HTTP/1.1" 404 96843 "-" "Mozilla/5.0 (Linux; Android 6.0.1; Nexus 5X Build/MMB29P) AppleWebKit/537.36 (KHTML, like Gecko) Chrome/147.0.7727.116 Mobile Safari/537.36 (compatible; Googlebot/2.1; +http://www.google.com/bot.html)"
109.234.166.131 - - [29/Apr/2026:13:09:03 +0200] "POST /wp-cron.php?doing_wp_cron=1777460943.3265810012817382812500 HTTP/1.1" 200 0 "-" "WordPress/6.9.4; https://www.liftsecurity.net"
57.141.14.96 - - [29/Apr/2026:13:09:02 +0200] "GET /items/P063443709/ HTTP/1.1" 404 96843 "-" "meta-externalagent/1.1 (+https://developers.facebook.com/docs/sharing/webmasters/crawler)"
57.141.14.66 - - [29/Apr/2026:13:09:47 +0200] "GET /items/P062816071/ HTTP/1.1" 404 96843 "-" "meta-externalagent/1.1 (+https://developers.facebook.com/docs/sharing/webmasters/crawler)"
109.234.166.131 - - [29/Apr/2026:13:10:10 +0200] "POST /wp-cron.php?doing_wp_cron=1777461010.8094799518585205078125 HTTP/1.1" 200 0 "-" "WordPress/6.9.4; https://www.liftsecurity.net"
57.141.14.38 - - [29/Apr/2026:13:10:10 +0200] "GET /items/P061858446/ HTTP/1.1" 404 96843 "-" "meta-externalagent/1.1 (+https://developers.facebook.com/docs/sharing/webmasters/crawler)"
109.234.166.131 - - [29/Apr/2026:13:10:46 +0200] "POST /wp-cron.php?doing_wp_cron=1777461046.1513919830322265625000 HTTP/1.1" 200 0 "-" "WordPress/6.9.4; https://www.liftsecurity.net"
57.141.14.60 - - [29/Apr/2026:13:10:54 +0200] "GET /items/P062553494/ HTTP/1.1" 301 0 "-" "meta-externalagent/1.1 (+https://developers.facebook.com/docs/sharing/webmasters/crawler)"
109.234.166.131 - - [29/Apr/2026:13:11:19 +0200] "POST /wp-cron.php?doing_wp_cron=1777461079.6624228954315185546875 HTTP/1.1" 200 0 "-" "WordPress/6.9.4; https://www.liftsecurity.net"
109.234.166.131 - - [29/Apr/2026:13:11:38 +0200] "POST /wp-cron.php?doing_wp_cron=1777461098.3392109870910644531250 HTTP/1.1" 200 0 "-" "WordPress/6.9.4; https://www.liftsecurity.net"
109.234.166.131 - - [29/Apr/2026:13:11:58 +0200] "POST /wp-cron.php?doing_wp_cron=1777461118.1238069534301757812500 HTTP/1.1" 200 0 "-" "WordPress/6.9.4; https://www.liftsecurity.net"
57.141.14.27 - - [29/Apr/2026:13:11:57 +0200] "GET /items/P065752239/ HTTP/1.1" 404 96843 "-" "meta-externalagent/1.1 (+https://developers.facebook.com/docs/sharing/webmasters/crawler)"
109.234.166.131 - - [29/Apr/2026:13:12:16 +0200] "POST /wp-cron.php?doing_wp_cron=1777461136.3784220218658447265625 HTTP/1.1" 200 0 "-" "WordPress/6.9.4; https://www.liftsecurity.net"
57.141.14.2 - - [29/Apr/2026:13:12:15 +0200] "GET /items/P062955487/ HTTP/1.1" 404 96843 "-" "meta-externalagent/1.1 (+https://developers.facebook.com/docs/sharing/webmasters/crawler)"
109.234.166.131 - - [29/Apr/2026:13:12:59 +0200] "POST /wp-cron.php?doing_wp_cron=1777461179.0044040679931640625000 HTTP/1.1" 200 0 "-" "WordPress/6.9.4; https://www.liftsecurity.net"
52.167.144.216 - - [29/Apr/2026:13:06:32 +0200] "GET /items/P066567178/ HTTP/1.1" 404 96787 "-" "Mozilla/5.0 AppleWebKit/537.36 (KHTML, like Gecko; compatible; bingbot/2.0; +http://www.bing.com/bingbot.htm) Chrome/116.0.1938.76 Safari/537.36"
52.167.144.216 - - [29/Apr/2026:13:06:35 +0200] "GET /detail/17927521367895 HTTP/1.1" 404 96843 "-" "Mozilla/5.0 AppleWebKit/537.36 (KHTML, like Gecko; compatible; bingbot/2.0; +http://www.bing.com/bingbot.htm) Chrome/116.0.1938.76 Safari/537.36"
109.234.166.131 - - [29/Apr/2026:13:06:40 +0200] "POST /wp-cron.php?doing_wp_cron=1777460800.3924779891967773437500 HTTP/1.1" 200 0 "-" "WordPress/6.9.4; https://www.liftsecurity.net"
52.167.144.167 - - [29/Apr/2026:13:06:59 +0200] "GET /items/P063511546/ HTTP/1.1" 301 0 "-" "Mozilla/5.0 AppleWebKit/537.36 (KHTML, like Gecko; compatible; bingbot/2.0; +http://www.bing.com/bingbot.htm) Chrome/116.0.1938.76 Safari/537.36"
109.234.166.131 - - [29/Apr/2026:13:07:00 +0200] "GET /dt_team/ HTTP/1.1" 200 166362 "-" "WP Rocket/Preload"
109.234.166.131 - - [29/Apr/2026:13:07:04 +0200] "GET /category/non-classifiee/ HTTP/1.1" 200 166722 "-" "WP Rocket/Preload Mozilla/5.0 (iPhone; CPU iPhone OS 9_1 like Mac OS X) AppleWebKit/601.1.46 (KHTML, like Gecko) Version/9.0 Mobile/13B143 Safari/601.1"
109.234.166.131 - - [29/Apr/2026:13:07:14 +0200] "GET / HTTP/1.1" 200 287473 "-" "WP Rocket/Preload"
109.234.166.131 - - [29/Apr/2026:13:07:16 +0200] "GET / HTTP/1.1" 200 288794 "-" "WP Rocket/Preload Mozilla/5.0 (iPhone; CPU iPhone OS 9_1 like Mac OS X) AppleWebKit/601.1.46 (KHTML, like Gecko) Version/9.0 Mobile/13B143 Safari/601.1"
109.234.166.131 - - [29/Apr/2026:13:07:49 +0200] "POST /wp-cron.php?doing_wp_cron=1777460869.1169469356536865234375 HTTP/1.1" 200 0 "-" "WordPress/6.9.4; https://www.liftsecurity.net"
57.141.18.78 - - [29/Apr/2026:13:08:08 +0200] "GET /items/P065670366/ HTTP/1.1" 301 0 "-" "meta-externalagent/1.1 (+https://developers.facebook.com/docs/sharing/webmasters/crawler)"
109.234.166.131 - - [29/Apr/2026:13:08:37 +0200] "POST /wp-cron.php?doing_wp_cron=1777460917.3627700805664062500000 HTTP/1.1" 200 0 "-" "WordPress/6.9.4; https://www.liftsecurity.net"
109.234.166.131 - - [29/Apr/2026:13:09:48 +0200] "POST /wp-cron.php?doing_wp_cron=1777460988.4317259788513183593750 HTTP/1.1" 200 0 "-" "WordPress/6.9.4; https://www.liftsecurity.net"
57.141.14.109 - - [29/Apr/2026:13:10:31 +0200] "GET /items/P067300367/ HTTP/1.1" 404 96843 "-" "meta-externalagent/1.1 (+https://developers.facebook.com/docs/sharing/webmasters/crawler)"
192.178.6.33 - - [29/Apr/2026:13:10:45 +0200] "GET /items/S611609376/ HTTP/1.1" 404 96843 "-" "Mozilla/5.0 (Linux; Android 6.0.1; Nexus 5X Build/MMB29P) AppleWebKit/537.36 (KHTML, like Gecko) Chrome/147.0.7727.116 Mobile Safari/537.36 (compatible; Googlebot/2.1; +http://www.google.com/bot.html)"
57.141.14.8 - - [29/Apr/2026:13:11:37 +0200] "GET /items/P067100635/ HTTP/1.1" 301 0 "-" "meta-externalagent/1.1 (+https://developers.facebook.com/docs/sharing/webmasters/crawler)"
40.77.167.6 - - [29/Apr/2026:13:14:27 +0200] "GET /items/P061282831/ HTTP/1.1" 404 96843 "-" "Mozilla/5.0 AppleWebKit/537.36 (KHTML, like Gecko; compatible; bingbot/2.0; +http://www.bing.com/bingbot.htm) Chrome/116.0.1938.76 Safari/537.36"
157.55.39.12 - - [29/Apr/2026:13:14:39 +0200] "GET /items/P065630328/ HTTP/1.1" 301 0 "-" "Mozilla/5.0 AppleWebKit/537.36 (KHTML, like Gecko; compatible; bingbot/2.0; +http://www.bing.com/bingbot.htm) Chrome/116.0.1938.76 Safari/537.36"
40.77.167.6 - - [29/Apr/2026:13:14:50 +0200] "GET /items/A922887866/ HTTP/1.1" 404 96843 "-" "Mozilla/5.0 AppleWebKit/537.36 (KHTML, like Gecko; compatible; bingbot/2.0; +http://www.bing.com/bingbot.htm) Chrome/116.0.1938.76 Safari/537.36"
109.234.166.131 - - [29/Apr/2026:13:15:00 +0200] "POST /wp-cron.php?doing_wp_cron=1777461300.7934811115264892578125 HTTP/1.1" 200 0 "-" "WordPress/6.9.4; https://www.liftsecurity.net"
57.141.14.26 - - [29/Apr/2026:13:12:58 +0200] "GET /items/P062839981/ HTTP/1.1" 404 96843 "-" "meta-externalagent/1.1 (+https://developers.facebook.com/docs/sharing/webmasters/crawler)"
57.141.14.42 - - [29/Apr/2026:13:13:15 +0200] "GET /items/P063021569/ HTTP/1.1" 301 0 "-" "meta-externalagent/1.1 (+https://developers.facebook.com/docs/sharing/webmasters/crawler)"
52.167.144.218 - - [29/Apr/2026:13:13:36 +0200] "GET /items/P065638374/ HTTP/1.1" 404 96843 "-" "Mozilla/5.0 AppleWebKit/537.36 (KHTML, like Gecko; compatible; bingbot/2.0; +http://www.bing.com/bingbot.htm) Chrome/116.0.1938.76 Safari/537.36"
109.234.166.131 - - [29/Apr/2026:13:13:48 +0200] "POST /wp-cron.php?doing_wp_cron=1777461228.8413200378417968750000 HTTP/1.1" 200 0 "-" "WordPress/6.9.4; https://www.liftsecurity.net"
57.141.14.27 - - [29/Apr/2026:13:13:54 +0200] "GET /items/P066115239/ HTTP/1.1" 301 0 "-" "meta-externalagent/1.1 (+https://developers.facebook.com/docs/sharing/webmasters/crawler)"
57.141.14.94 - - [29/Apr/2026:13:13:56 +0200] "GET /items/P061906399/ HTTP/1.1" 404 96843 "-" "meta-externalagent/1.1 (+https://developers.facebook.com/docs/sharing/webmasters/crawler)"
109.234.166.131 - - [29/Apr/2026:13:14:27 +0200] "POST /wp-cron.php?doing_wp_cron=1777461267.6395061016082763671875 HTTP/1.1" 200 0 "-" "WordPress/6.9.4; https://www.liftsecurity.net"
109.234.166.131 - - [29/Apr/2026:13:14:30 +0200] "POST /wp-cron.php?doing_wp_cron=1777461270.4527781009674072265625 HTTP/1.1" 200 0 "-" "WordPress/6.9.4; https://www.liftsecurity.net"
157.55.39.12 - - [29/Apr/2026:13:14:30 +0200] "GET /items/P067675921/ HTTP/1.1" 301 0 "-" "Mozilla/5.0 AppleWebKit/537.36 (KHTML, like Gecko; compatible; bingbot/2.0; +http://www.bing.com/bingbot.htm) Chrome/116.0.1938.76 Safari/537.36"
157.55.39.49 - - [29/Apr/2026:13:14:35 +0200] "GET /items/P064679256/ HTTP/1.1" 404 96843 "-" "Mozilla/5.0 AppleWebKit/537.36 (KHTML, like Gecko; compatible; bingbot/2.0; +http://www.bing.com/bingbot.htm) Chrome/116.0.1938.76 Safari/537.36"
57.141.14.89 - - [29/Apr/2026:13:14:38 +0200] "GET /items/P061618839/ HTTP/1.1" 404 96843 "-" "meta-externalagent/1.1 (+https://developers.facebook.com/docs/sharing/webmasters/crawler)"
109.234.166.131 - - [29/Apr/2026:13:14:40 +0200] "POST /wp-cron.php?doing_wp_cron=1777461280.5360159873962402343750 HTTP/1.1" 200 0 "-" "WordPress/6.9.4; https://www.liftsecurity.net"
40.77.167.6 - - [29/Apr/2026:13:14:49 +0200] "GET /items/P065142876/ HTTP/1.1" 404 96843 "-" "Mozilla/5.0 AppleWebKit/537.36 (KHTML, like Gecko; compatible; bingbot/2.0; +http://www.bing.com/bingbot.htm) Chrome/116.0.1938.76 Safari/537.36"
57.141.14.24 - - [29/Apr/2026:13:14:56 +0200] "GET /items/P065080282/ HTTP/1.1" 404 96843 "-" "meta-externalagent/1.1 (+https://developers.facebook.com/docs/sharing/webmasters/crawler)"
157.55.39.49 - - [29/Apr/2026:13:15:05 +0200] "GET /detail/45035797978954 HTTP/1.1" 404 96843 "-" "Mozilla/5.0 AppleWebKit/537.36 (KHTML, like Gecko; compatible; bingbot/2.0; +http://www.bing.com/bingbot.htm) Chrome/116.0.1938.76 Safari/537.36"
157.55.39.49 - - [29/Apr/2026:13:15:12 +0200] "GET /items/P067331174/ HTTP/1.1" 404 96843 "-" "Mozilla/5.0 AppleWebKit/537.36 (KHTML, like Gecko; compatible; bingbot/2.0; +http://www.bing.com/bingbot.htm) Chrome/116.0.1938.76 Safari/537.36"
109.234.166.131 - - [29/Apr/2026:13:15:15 +0200] "POST /wp-cron.php?doing_wp_cron=1777461315.7107210159301757812500 HTTP/1.1" 200 0 "-" "WordPress/6.9.4; https://www.liftsecurity.net"
57.141.14.80 - - [29/Apr/2026:13:15:15 +0200] "GET /items/P061035420/ HTTP/1.1" 404 96843 "-" "meta-externalagent/1.1 (+https://developers.facebook.com/docs/sharing/webmasters/crawler)"
52.167.144.218 - - [29/Apr/2026:13:15:50 +0200] "GET /items/N863118846/ HTTP/1.1" 404 96843 "-" "Mozilla/5.0 AppleWebKit/537.36 (KHTML, like Gecko; compatible; bingbot/2.0; +http://www.bing.com/bingbot.htm) Chrome/116.0.1938.76 Safari/537.36"
109.234.166.131 - - [29/Apr/2026:13:13:15 +0200] "POST /wp-cron.php?doing_wp_cron=1777461195.8489530086517333984375 HTTP/1.1" 200 0 "-" "WordPress/6.9.4; https://www.liftsecurity.net"
109.234.166.131 - - [29/Apr/2026:13:13:37 +0200] "POST /wp-cron.php?doing_wp_cron=1777461217.1680510044097900390625 HTTP/1.1" 200 0 "-" "WordPress/6.9.4; https://www.liftsecurity.net"
192.178.6.32 - - [29/Apr/2026:13:13:48 +0200] "GET /items/X145718936/ HTTP/1.1" 404 96843 "-" "Mozilla/5.0 (Linux; Android 6.0.1; Nexus 5X Build/MMB29P) AppleWebKit/537.36 (KHTML, like Gecko) Chrome/147.0.7727.116 Mobile Safari/537.36 (compatible; Googlebot/2.1; +http://www.google.com/bot.html)"
157.55.39.49 - - [29/Apr/2026:13:14:32 +0200] "GET /items/P062842144/ HTTP/1.1" 404 96787 "-" "Mozilla/5.0 AppleWebKit/537.36 (KHTML, like Gecko; compatible; bingbot/2.0; +http://www.bing.com/bingbot.htm) Chrome/116.0.1938.76 Safari/537.36"
57.141.14.17 - - [29/Apr/2026:13:14:35 +0200] "GET /items/P062785548/ HTTP/1.1" 301 0 "-" "meta-externalagent/1.1 (+https://developers.facebook.com/docs/sharing/webmasters/crawler)"
157.55.39.12 - - [29/Apr/2026:13:14:40 +0200] "GET /items/P067693304/ HTTP/1.1" 301 0 "-" "Mozilla/5.0 AppleWebKit/537.36 (KHTML, like Gecko; compatible; bingbot/2.0; +http://www.bing.com/bingbot.htm) Chrome/116.0.1938.76 Safari/537.36"
52.167.144.169 - - [29/Apr/2026:13:14:44 +0200] "GET /items/P063625328/ HTTP/1.1" 301 0 "-" "Mozilla/5.0 AppleWebKit/537.36 (KHTML, like Gecko; compatible; bingbot/2.0; +http://www.bing.com/bingbot.htm) Chrome/116.0.1938.76 Safari/537.36"
157.55.39.49 - - [29/Apr/2026:13:15:01 +0200] "GET /items/P063405851/ HTTP/1.1" 404 96843 "-" "Mozilla/5.0 AppleWebKit/537.36 (KHTML, like Gecko; compatible; bingbot/2.0; +http://www.bing.com/bingbot.htm) Chrome/116.0.1938.76 Safari/537.36"
109.234.166.131 - - [29/Apr/2026:13:15:51 +0200] "POST /wp-cron.php?doing_wp_cron=1777461351.0393490791320800781250 HTTP/1.1" 200 0 "-" "WordPress/6.9.4; https://www.liftsecurity.net"
52.167.144.218 - - [29/Apr/2026:13:15:52 +0200] "GET /items/H965971555/ HTTP/1.1" 404 96843 "-" "Mozilla/5.0 AppleWebKit/537.36 (KHTML, like Gecko; compatible; bingbot/2.0; +http://www.bing.com/bingbot.htm) Chrome/116.0.1938.76 Safari/537.36"
109.234.166.131 - - [29/Apr/2026:13:16:16 +0200] "POST /wp-cron.php?doing_wp_cron=1777461376.2663009166717529296875 HTTP/1.1" 200 0 "-" "WordPress/6.9.4; https://www.liftsecurity.net"
40.77.167.6 - - [29/Apr/2026:13:16:33 +0200] "GET /detail/28661394674460 HTTP/1.1" 404 96843 "-" "Mozilla/5.0 AppleWebKit/537.36 (KHTML, like Gecko; compatible; bingbot/2.0; +http://www.bing.com/bingbot.htm) Chrome/116.0.1938.76 Safari/537.36"
40.77.167.6 - - [29/Apr/2026:13:16:34 +0200] "GET /detail/35727430469596 HTTP/1.1" 404 96843 "-" "Mozilla/5.0 AppleWebKit/537.36 (KHTML, like Gecko; compatible; bingbot/2.0; +http://www.bing.com/bingbot.htm) Chrome/116.0.1938.76 Safari/537.36"
157.55.39.49 - - [29/Apr/2026:13:16:36 +0200] "GET /items/T236811593/ HTTP/1.1" 404 96843 "-" "Mozilla/5.0 AppleWebKit/537.36 (KHTML, like Gecko; compatible; bingbot/2.0; +http://www.bing.com/bingbot.htm) Chrome/116.0.1938.76 Safari/537.36"
40.77.167.6 - - [29/Apr/2026:13:16:37 +0200] "GET /items/P061823917/ HTTP/1.1" 404 96843 "-" "Mozilla/5.0 AppleWebKit/537.36 (KHTML, like Gecko; compatible; bingbot/2.0; +http://www.bing.com/bingbot.htm) Chrome/116.0.1938.76 Safari/537.36"
157.55.39.49 - - [29/Apr/2026:13:16:45 +0200] "GET /detail/1097923725132 HTTP/1.1" 404 96843 "-" "Mozilla/5.0 AppleWebKit/537.36 (KHTML, like Gecko; compatible; bingbot/2.0; +http://www.bing.com/bingbot.htm) Chrome/116.0.1938.76 Safari/537.36"
52.167.144.218 - - [29/Apr/2026:13:16:53 +0200] "GET /items/P067509362/ HTTP/1.1" 404 96843 "-" "Mozilla/5.0 AppleWebKit/537.36 (KHTML, like Gecko; compatible; bingbot/2.0; +http://www.bing.com/bingbot.htm) Chrome/116.0.1938.76 Safari/537.36"
57.141.14.49 - - [29/Apr/2026:13:16:56 +0200] "GET /items/P067189953/ HTTP/1.1" 404 96843 "-" "meta-externalagent/1.1 (+https://developers.facebook.com/docs/sharing/webmasters/crawler)"
