66.249.72.37 - - [29/Apr/2026:04:08:48 +0200] "GET /items/T555824038/ HTTP/1.1" 404 100283 "-" "Mozilla/5.0 (Linux; Android 6.0.1; Nexus 5X Build/MMB29P) AppleWebKit/537.36 (KHTML, like Gecko) Chrome/147.0.7727.116 Mobile Safari/537.36 (compatible; Googlebot/2.1; +http://www.google.com/bot.html)"
57.141.20.45 - - [29/Apr/2026:04:08:56 +0200] "GET /?g=64695942trw98 HTTP/1.1" 200 162183 "-" "meta-externalagent/1.1 (+https://developers.facebook.com/docs/sharing/webmasters/crawler)"
57.141.20.30 - - [29/Apr/2026:04:09:05 +0200] "GET /?g=6669928clxt6a HTTP/1.1" 200 162183 "-" "meta-externalagent/1.1 (+https://developers.facebook.com/docs/sharing/webmasters/crawler)"
57.141.20.5 - - [29/Apr/2026:04:09:11 +0200] "GET /?g=2043614xddpyk HTTP/1.1" 200 162183 "-" "meta-externalagent/1.1 (+https://developers.facebook.com/docs/sharing/webmasters/crawler)"
57.141.20.12 - - [29/Apr/2026:04:09:30 +0200] "GET /items/G462234036/ HTTP/1.1" 404 100283 "-" "meta-externalagent/1.1 (+https://developers.facebook.com/docs/sharing/webmasters/crawler)"
57.141.20.69 - - [29/Apr/2026:04:09:36 +0200] "GET /items/G463267271/ HTTP/1.1" 404 100283 "-" "meta-externalagent/1.1 (+https://developers.facebook.com/docs/sharing/webmasters/crawler)"
57.141.20.13 - - [29/Apr/2026:04:09:42 +0200] "GET /items/G463272606/ HTTP/1.1" 404 100283 "-" "meta-externalagent/1.1 (+https://developers.facebook.com/docs/sharing/webmasters/crawler)"
109.234.166.131 - - [29/Apr/2026:04:09:48 +0200] "POST /wp-cron.php?doing_wp_cron=1777428588.4074420928955078125000 HTTP/1.1" 200 0 "-" "WordPress/6.9.4; https://marc-morin.ch"
57.141.20.56 - - [29/Apr/2026:04:10:06 +0200] "GET /items/G461109300/ HTTP/1.1" 404 100283 "-" "meta-externalagent/1.1 (+https://developers.facebook.com/docs/sharing/webmasters/crawler)"
57.141.20.58 - - [29/Apr/2026:04:10:12 +0200] "GET /items/G461117327/ HTTP/1.1" 404 100283 "-" "meta-externalagent/1.1 (+https://developers.facebook.com/docs/sharing/webmasters/crawler)"
57.141.20.49 - - [29/Apr/2026:04:10:20 +0200] "GET /?g=2453226c5uslw HTTP/1.1" 200 162183 "-" "meta-externalagent/1.1 (+https://developers.facebook.com/docs/sharing/webmasters/crawler)"
66.249.72.37 - - [29/Apr/2026:04:08:27 +0200] "GET /items/I981638352/ HTTP/1.1" 404 100220 "-" "Mozilla/5.0 (Linux; Android 6.0.1; Nexus 5X Build/MMB29P) AppleWebKit/537.36 (KHTML, like Gecko) Chrome/147.0.7727.116 Mobile Safari/537.36 (compatible; Googlebot/2.1; +http://www.google.com/bot.html)"
57.141.20.31 - - [29/Apr/2026:04:08:33 +0200] "GET /?g=5627453gq7bf5 HTTP/1.1" 200 162183 "-" "meta-externalagent/1.1 (+https://developers.facebook.com/docs/sharing/webmasters/crawler)"
66.249.75.4 - - [29/Apr/2026:04:08:47 +0200] "GET /items/T555824038/ HTTP/1.1" 301 0 "-" "Mozilla/5.0 (compatible; Googlebot/2.1; +http://www.google.com/bot.html)"
66.249.75.6 - - [29/Apr/2026:04:09:07 +0200] "GET /items/A504692002/ HTTP/1.1" 301 0 "-" "Mozilla/5.0 (compatible; Googlebot/2.1; +http://www.google.com/bot.html)"
66.249.72.37 - - [29/Apr/2026:04:09:07 +0200] "GET /items/A504692002/ HTTP/1.1" 404 100283 "-" "Mozilla/5.0 (compatible; Googlebot/2.1; +http://www.google.com/bot.html)"
176.31.139.16 - - [29/Apr/2026:04:09:14 +0200] "GET /items/G462727989/ HTTP/1.1" 404 100283 "-" "Mozilla/5.0 (compatible; AhrefsBot/7.0; +http://ahrefs.com/robot/)"
57.141.20.33 - - [29/Apr/2026:04:09:17 +0200] "GET /?g=1640318x5thtq HTTP/1.1" 200 162183 "-" "meta-externalagent/1.1 (+https://developers.facebook.com/docs/sharing/webmasters/crawler)"
66.249.75.5 - - [29/Apr/2026:04:09:26 +0200] "GET /items/Q165353881/ HTTP/1.1" 301 0 "-" "Mozilla/5.0 (compatible; Googlebot/2.1; +http://www.google.com/bot.html)"
66.249.72.37 - - [29/Apr/2026:04:09:26 +0200] "GET /items/Q165353881/ HTTP/1.1" 404 100283 "-" "Mozilla/5.0 (compatible; Googlebot/2.1; +http://www.google.com/bot.html)"
66.249.72.36 - - [29/Apr/2026:04:09:34 +0200] "GET /?g=1605237yskr0 HTTP/1.1" 200 162183 "-" "Mozilla/5.0 (compatible; Googlebot/2.1; +http://www.google.com/bot.html)"
57.141.20.62 - - [29/Apr/2026:04:09:47 +0200] "GET /items/G461568874/ HTTP/1.1" 404 100283 "-" "meta-externalagent/1.1 (+https://developers.facebook.com/docs/sharing/webmasters/crawler)"
57.141.20.68 - - [29/Apr/2026:04:09:53 +0200] "GET /items/G461419456/ HTTP/1.1" 404 100283 "-" "meta-externalagent/1.1 (+https://developers.facebook.com/docs/sharing/webmasters/crawler)"
57.141.20.47 - - [29/Apr/2026:04:10:13 +0200] "GET /items/G461493305/ HTTP/1.1" 404 100283 "-" "meta-externalagent/1.1 (+https://developers.facebook.com/docs/sharing/webmasters/crawler)"
109.234.166.131 - - [29/Apr/2026:04:10:20 +0200] "POST /wp-cron.php?doing_wp_cron=1777428620.4233479499816894531250 HTTP/1.1" 200 0 "-" "WordPress/6.9.4; https://marc-morin.ch"
66.249.72.38 - - [29/Apr/2026:04:10:20 +0200] "GET /items/H815592216/ HTTP/1.1" 404 100283 "-" "Mozilla/5.0 (Linux; Android 6.0.1; Nexus 5X Build/MMB29P) AppleWebKit/537.36 (KHTML, like Gecko) Chrome/147.0.7727.116 Mobile Safari/537.36 (compatible; Googlebot/2.1; +http://www.google.com/bot.html)"
66.249.72.37 - - [29/Apr/2026:04:10:38 +0200] "GET /?g=237690dhi8hz HTTP/1.1" 200 162183 "-" "Mozilla/5.0 (Linux; Android 6.0.1; Nexus 5X Build/MMB29P) AppleWebKit/537.36 (KHTML, like Gecko) Chrome/147.0.7727.116 Mobile Safari/537.36 (compatible; Googlebot/2.1; +http://www.google.com/bot.html)"
57.141.20.20 - - [29/Apr/2026:04:10:51 +0200] "GET /?g=340167877iw7e HTTP/1.1" 200 162183 "-" "meta-externalagent/1.1 (+https://developers.facebook.com/docs/sharing/webmasters/crawler)"
66.249.75.5 - - [29/Apr/2026:04:10:55 +0200] "GET /items/T503627109/ HTTP/1.1" 301 0 "-" "Mozilla/5.0 (compatible; Googlebot/2.1; +http://www.google.com/bot.html)"
57.141.20.44 - - [29/Apr/2026:04:11:00 +0200] "GET /items/G465240890/ HTTP/1.1" 404 100283 "-" "meta-externalagent/1.1 (+https://developers.facebook.com/docs/sharing/webmasters/crawler)"
57.141.20.39 - - [29/Apr/2026:04:11:00 +0200] "GET /?g=5497083u5xbge HTTP/1.1" 200 162183 "-" "meta-externalagent/1.1 (+https://developers.facebook.com/docs/sharing/webmasters/crawler)"
66.249.75.6 - - [29/Apr/2026:04:10:20 +0200] "GET /items/H815592216/ HTTP/1.1" 301 0 "-" "Mozilla/5.0 (Linux; Android 6.0.1; Nexus 5X Build/MMB29P) AppleWebKit/537.36 (KHTML, like Gecko) Chrome/147.0.7727.116 Mobile Safari/537.36 (compatible; Googlebot/2.1; +http://www.google.com/bot.html)"
66.249.72.37 - - [29/Apr/2026:04:10:39 +0200] "GET /?g=237690dhi8hz HTTP/1.1" 200 162183 "-" "Mozilla/5.0 (compatible; Googlebot/2.1; +http://www.google.com/bot.html)"
109.234.166.131 - - [29/Apr/2026:04:10:52 +0200] "POST /wp-cron.php?doing_wp_cron=1777428652.5688109397888183593750 HTTP/1.1" 200 0 "-" "WordPress/6.9.4; https://marc-morin.ch"
66.249.72.36 - - [29/Apr/2026:04:10:55 +0200] "GET /items/T503627109/ HTTP/1.1" 404 100283 "-" "Mozilla/5.0 (compatible; Googlebot/2.1; +http://www.google.com/bot.html)"
66.249.75.5 - - [29/Apr/2026:04:11:00 +0200] "GET /items/X444290487/ HTTP/1.1" 301 0 "-" "Mozilla/5.0 (compatible; Googlebot/2.1; +http://www.google.com/bot.html)"
66.249.72.38 - - [29/Apr/2026:04:11:01 +0200] "GET /items/X444290487/ HTTP/1.1" 404 100283 "-" "Mozilla/5.0 (compatible; Googlebot/2.1; +http://www.google.com/bot.html)"
66.249.72.36 - - [29/Apr/2026:04:11:17 +0200] "GET /items/Z925471488/ HTTP/1.1" 404 100283 "-" "Mozilla/5.0 (compatible; Googlebot/2.1; +http://www.google.com/bot.html)"
57.141.20.57 - - [29/Apr/2026:04:11:24 +0200] "GET /items/G462409779/ HTTP/1.1" 404 100283 "-" "meta-externalagent/1.1 (+https://developers.facebook.com/docs/sharing/webmasters/crawler)"
66.249.72.36 - - [29/Apr/2026:04:11:49 +0200] "GET /items/P935626833/ HTTP/1.1" 404 100283 "-" "Mozilla/5.0 (Linux; Android 6.0.1; Nexus 5X Build/MMB29P) AppleWebKit/537.36 (KHTML, like Gecko) Chrome/147.0.7727.116 Mobile Safari/537.36 (compatible; Googlebot/2.1; +http://www.google.com/bot.html)"
66.249.72.36 - - [29/Apr/2026:04:11:52 +0200] "GET /items/O931531317/ HTTP/1.1" 404 100283 "-" "Mozilla/5.0 (compatible; Googlebot/2.1; +http://www.google.com/bot.html)"
66.249.72.36 - - [29/Apr/2026:04:11:58 +0200] "GET /items/X045392424/ HTTP/1.1" 404 100283 "-" "Mozilla/5.0 (Linux; Android 6.0.1; Nexus 5X Build/MMB29P) AppleWebKit/537.36 (KHTML, like Gecko) Chrome/147.0.7727.116 Mobile Safari/537.36 (compatible; Googlebot/2.1; +http://www.google.com/bot.html)"
57.141.20.7 - - [29/Apr/2026:04:12:00 +0200] "GET /items/G464758127/ HTTP/1.1" 404 100283 "-" "meta-externalagent/1.1 (+https://developers.facebook.com/docs/sharing/webmasters/crawler)"
66.249.75.4 - - [29/Apr/2026:04:12:10 +0200] "GET /items/Y412687590/ HTTP/1.1" 301 0 "-" "Mozilla/5.0 (Linux; Android 6.0.1; Nexus 5X Build/MMB29P) AppleWebKit/537.36 (KHTML, like Gecko) Chrome/147.0.7727.116 Mobile Safari/537.36 (compatible; Googlebot/2.1; +http://www.google.com/bot.html)"
57.141.20.28 - - [29/Apr/2026:04:12:15 +0200] "GET /items/G465912106/ HTTP/1.1" 404 100283 "-" "meta-externalagent/1.1 (+https://developers.facebook.com/docs/sharing/webmasters/crawler)"
66.249.75.4 - - [29/Apr/2026:04:12:21 +0200] "GET /items/F635133931/ HTTP/1.1" 301 0 "-" "Mozilla/5.0 (Linux; Android 6.0.1; Nexus 5X Build/MMB29P) AppleWebKit/537.36 (KHTML, like Gecko) Chrome/147.0.7727.116 Mobile Safari/537.36 (compatible; Googlebot/2.1; +http://www.google.com/bot.html)"
66.249.75.4 - - [29/Apr/2026:04:12:26 +0200] "GET /items/J791253980/ HTTP/1.1" 301 0 "-" "Mozilla/5.0 (compatible; Googlebot/2.1; +http://www.google.com/bot.html)"
66.249.72.36 - - [29/Apr/2026:04:12:26 +0200] "GET /items/J791253980/ HTTP/1.1" 404 100283 "-" "Mozilla/5.0 (compatible; Googlebot/2.1; +http://www.google.com/bot.html)"
57.141.20.31 - - [29/Apr/2026:04:12:31 +0200] "GET /rubberproducingrzu.xml HTTP/1.1" 404 100283 "-" "meta-externalagent/1.1 (+https://developers.facebook.com/docs/sharing/webmasters/crawler)"
66.249.72.36 - - [29/Apr/2026:04:12:31 +0200] "GET /items/I005356188/ HTTP/1.1" 404 100283 "-" "Mozilla/5.0 (Linux; Android 6.0.1; Nexus 5X Build/MMB29P) AppleWebKit/537.36 (KHTML, like Gecko) Chrome/147.0.7727.116 Mobile Safari/537.36 (compatible; Googlebot/2.1; +http://www.google.com/bot.html)"
57.141.20.10 - - [29/Apr/2026:04:10:34 +0200] "GET /items/G462956769/ HTTP/1.1" 404 100283 "-" "meta-externalagent/1.1 (+https://developers.facebook.com/docs/sharing/webmasters/crawler)"
57.141.20.5 - - [29/Apr/2026:04:10:42 +0200] "GET /?g=83657pnyawi HTTP/1.1" 200 162183 "-" "meta-externalagent/1.1 (+https://developers.facebook.com/docs/sharing/webmasters/crawler)"
57.141.20.63 - - [29/Apr/2026:04:11:08 +0200] "GET /?g=63566981goyyp HTTP/1.1" 200 162183 "-" "meta-externalagent/1.1 (+https://developers.facebook.com/docs/sharing/webmasters/crawler)"
54.37.118.84 - - [29/Apr/2026:04:11:15 +0200] "GET /items/G462657520/ HTTP/1.1" 404 100283 "-" "Mozilla/5.0 (compatible; AhrefsBot/7.0; +http://ahrefs.com/robot/)"
57.141.20.33 - - [29/Apr/2026:04:11:38 +0200] "GET /items/G466405162/ HTTP/1.1" 404 100283 "-" "meta-externalagent/1.1 (+https://developers.facebook.com/docs/sharing/webmasters/crawler)"
57.141.20.10 - - [29/Apr/2026:04:11:38 +0200] "GET /items/G463335491/ HTTP/1.1" 404 100283 "-" "meta-externalagent/1.1 (+https://developers.facebook.com/docs/sharing/webmasters/crawler)"
66.249.75.4 - - [29/Apr/2026:04:11:43 +0200] "GET /items/P591128684/ HTTP/1.1" 301 0 "-" "Mozilla/5.0 (compatible; Googlebot/2.1; +http://www.google.com/bot.html)"
109.234.166.131 - - [29/Apr/2026:04:11:47 +0200] "POST /wp-cron.php?doing_wp_cron=1777428707.0242888927459716796875 HTTP/1.1" 200 0 "-" "WordPress/6.9.4; https://marc-morin.ch"
57.141.20.38 - - [29/Apr/2026:04:11:46 +0200] "GET /?g=5802659f2b2h0 HTTP/1.1" 200 162183 "-" "meta-externalagent/1.1 (+https://developers.facebook.com/docs/sharing/webmasters/crawler)"
66.249.75.4 - - [29/Apr/2026:04:11:49 +0200] "GET /items/P935626833/ HTTP/1.1" 301 0 "-" "Mozilla/5.0 (Linux; Android 6.0.1; Nexus 5X Build/MMB29P) AppleWebKit/537.36 (KHTML, like Gecko) Chrome/147.0.7727.116 Mobile Safari/537.36 (compatible; Googlebot/2.1; +http://www.google.com/bot.html)"
66.249.75.4 - - [29/Apr/2026:04:11:51 +0200] "GET /items/O931531317/ HTTP/1.1" 301 0 "-" "Mozilla/5.0 (compatible; Googlebot/2.1; +http://www.google.com/bot.html)"
66.249.75.4 - - [29/Apr/2026:04:11:57 +0200] "GET /items/X045392424/ HTTP/1.1" 301 0 "-" "Mozilla/5.0 (Linux; Android 6.0.1; Nexus 5X Build/MMB29P) AppleWebKit/537.36 (KHTML, like Gecko) Chrome/147.0.7727.116 Mobile Safari/537.36 (compatible; Googlebot/2.1; +http://www.google.com/bot.html)"
66.249.75.4 - - [29/Apr/2026:04:12:00 +0200] "GET /items/J874832975/ HTTP/1.1" 301 0 "-" "Mozilla/5.0 (compatible; Googlebot/2.1; +http://www.google.com/bot.html)"
66.249.72.36 - - [29/Apr/2026:04:12:00 +0200] "GET /items/J874832975/ HTTP/1.1" 404 100283 "-" "Mozilla/5.0 (compatible; Googlebot/2.1; +http://www.google.com/bot.html)"
66.249.72.36 - - [29/Apr/2026:04:12:22 +0200] "GET /items/F635133931/ HTTP/1.1" 404 100283 "-" "Mozilla/5.0 (Linux; Android 6.0.1; Nexus 5X Build/MMB29P) AppleWebKit/537.36 (KHTML, like Gecko) Chrome/147.0.7727.116 Mobile Safari/537.36 (compatible; Googlebot/2.1; +http://www.google.com/bot.html)"
66.249.75.4 - - [29/Apr/2026:04:12:31 +0200] "GET /items/I005356188/ HTTP/1.1" 301 0 "-" "Mozilla/5.0 (Linux; Android 6.0.1; Nexus 5X Build/MMB29P) AppleWebKit/537.36 (KHTML, like Gecko) Chrome/147.0.7727.116 Mobile Safari/537.36 (compatible; Googlebot/2.1; +http://www.google.com/bot.html)"
66.249.72.36 - - [29/Apr/2026:04:12:34 +0200] "GET /?g=2240823g86r1p HTTP/1.1" 200 162183 "-" "Mozilla/5.0 (Linux; Android 6.0.1; Nexus 5X Build/MMB29P) AppleWebKit/537.36 (KHTML, like Gecko) Chrome/147.0.7727.116 Mobile Safari/537.36 (compatible; Googlebot/2.1; +http://www.google.com/bot.html)"
57.141.20.10 - - [29/Apr/2026:04:12:40 +0200] "GET /items/G465538672/ HTTP/1.1" 404 100283 "-" "meta-externalagent/1.1 (+https://developers.facebook.com/docs/sharing/webmasters/crawler)"
66.249.75.4 - - [29/Apr/2026:04:12:50 +0200] "GET /items/T504572730/ HTTP/1.1" 301 0 "-" "Mozilla/5.0 (compatible; Googlebot/2.1; +http://www.google.com/bot.html)"
66.249.72.36 - - [29/Apr/2026:04:11:15 +0200] "GET /?g=4426216u667pi HTTP/1.1" 200 162183 "-" "Mozilla/5.0 (Linux; Android 6.0.1; Nexus 5X Build/MMB29P) AppleWebKit/537.36 (KHTML, like Gecko) Chrome/147.0.7727.116 Mobile Safari/537.36 (compatible; Googlebot/2.1; +http://www.google.com/bot.html)"
66.249.75.4 - - [29/Apr/2026:04:11:16 +0200] "GET /items/Z925471488/ HTTP/1.1" 301 0 "-" "Mozilla/5.0 (compatible; Googlebot/2.1; +http://www.google.com/bot.html)"
57.141.20.18 - - [29/Apr/2026:04:11:16 +0200] "GET /?g=33096326pv1g3 HTTP/1.1" 200 162183 "-" "meta-externalagent/1.1 (+https://developers.facebook.com/docs/sharing/webmasters/crawler)"
66.249.72.36 - - [29/Apr/2026:04:11:43 +0200] "GET /items/P591128684/ HTTP/1.1" 404 100283 "-" "Mozilla/5.0 (compatible; Googlebot/2.1; +http://www.google.com/bot.html)"
57.141.20.30 - - [29/Apr/2026:04:11:53 +0200] "GET /items/G467012167/ HTTP/1.1" 404 100283 "-" "meta-externalagent/1.1 (+https://developers.facebook.com/docs/sharing/webmasters/crawler)"
66.249.75.4 - - [29/Apr/2026:04:12:03 +0200] "GET /items/O654142499/ HTTP/1.1" 301 0 "-" "Mozilla/5.0 (Linux; Android 6.0.1; Nexus 5X Build/MMB29P) AppleWebKit/537.36 (KHTML, like Gecko) Chrome/147.0.7727.116 Mobile Safari/537.36 (compatible; Googlebot/2.1; +http://www.google.com/bot.html)"
66.249.72.36 - - [29/Apr/2026:04:12:03 +0200] "GET /items/O654142499/ HTTP/1.1" 404 100283 "-" "Mozilla/5.0 (Linux; Android 6.0.1; Nexus 5X Build/MMB29P) AppleWebKit/537.36 (KHTML, like Gecko) Chrome/147.0.7727.116 Mobile Safari/537.36 (compatible; Googlebot/2.1; +http://www.google.com/bot.html)"
66.249.72.36 - - [29/Apr/2026:04:12:11 +0200] "GET /items/Y412687590/ HTTP/1.1" 404 100283 "-" "Mozilla/5.0 (Linux; Android 6.0.1; Nexus 5X Build/MMB29P) AppleWebKit/537.36 (KHTML, like Gecko) Chrome/147.0.7727.116 Mobile Safari/537.36 (compatible; Googlebot/2.1; +http://www.google.com/bot.html)"
57.141.20.55 - - [29/Apr/2026:04:12:14 +0200] "GET /items/G467394536/ HTTP/1.1" 404 100283 "-" "meta-externalagent/1.1 (+https://developers.facebook.com/docs/sharing/webmasters/crawler)"
66.249.75.4 - - [29/Apr/2026:04:12:46 +0200] "GET /items/O551044984/ HTTP/1.1" 301 0 "-" "Mozilla/5.0 (Linux; Android 6.0.1; Nexus 5X Build/MMB29P) AppleWebKit/537.36 (KHTML, like Gecko) Chrome/147.0.7727.116 Mobile Safari/537.36 (compatible; Googlebot/2.1; +http://www.google.com/bot.html)"
66.249.72.36 - - [29/Apr/2026:04:12:47 +0200] "GET /items/O551044984/ HTTP/1.1" 404 100283 "-" "Mozilla/5.0 (Linux; Android 6.0.1; Nexus 5X Build/MMB29P) AppleWebKit/537.36 (KHTML, like Gecko) Chrome/147.0.7727.116 Mobile Safari/537.36 (compatible; Googlebot/2.1; +http://www.google.com/bot.html)"
57.141.20.5 - - [29/Apr/2026:04:12:51 +0200] "GET /tubberqbl.xml HTTP/1.1" 404 100271 "-" "meta-externalagent/1.1 (+https://developers.facebook.com/docs/sharing/webmasters/crawler)"
66.249.75.6 - - [29/Apr/2026:04:13:00 +0200] "GET /items/X475992415/ HTTP/1.1" 301 0 "-" "Mozilla/5.0 (Linux; Android 6.0.1; Nexus 5X Build/MMB29P) AppleWebKit/537.36 (KHTML, like Gecko) Chrome/147.0.7727.116 Mobile Safari/537.36 (compatible; Googlebot/2.1; +http://www.google.com/bot.html)"
57.141.20.42 - - [29/Apr/2026:04:13:03 +0200] "GET /sitemap2026-02-08.xml HTTP/1.1" 404 100283 "-" "meta-externalagent/1.1 (+https://developers.facebook.com/docs/sharing/webmasters/crawler)"
66.249.75.5 - - [29/Apr/2026:04:13:14 +0200] "GET /items/S432265330/ HTTP/1.1" 301 0 "-" "Mozilla/5.0 (compatible; Googlebot/2.1; +http://www.google.com/bot.html)"
66.249.72.37 - - [29/Apr/2026:04:13:14 +0200] "GET /items/S432265330/ HTTP/1.1" 404 100283 "-" "Mozilla/5.0 (compatible; Googlebot/2.1; +http://www.google.com/bot.html)"
66.249.72.36 - - [29/Apr/2026:04:13:24 +0200] "GET /items/B713347989/ HTTP/1.1" 404 100283 "-" "Mozilla/5.0 (compatible; Googlebot/2.1; +http://www.google.com/bot.html)"
109.234.166.131 - - [29/Apr/2026:04:13:54 +0200] "POST /wp-cron.php?doing_wp_cron=1777428834.2878680229187011718750 HTTP/1.1" 200 0 "-" "WordPress/6.9.4; https://marc-morin.ch"
109.234.166.131 - - [29/Apr/2026:04:12:46 +0200] "POST /wp-cron.php?doing_wp_cron=1777428766.2402749061584472656250 HTTP/1.1" 200 0 "-" "WordPress/6.9.4; https://marc-morin.ch"
66.249.75.4 - - [29/Apr/2026:04:12:50 +0200] "GET /items/X994091737/ HTTP/1.1" 301 0 "-" "Mozilla/5.0 (Linux; Android 6.0.1; Nexus 5X Build/MMB29P) AppleWebKit/537.36 (KHTML, like Gecko) Chrome/147.0.7727.116 Mobile Safari/537.36 (compatible; Googlebot/2.1; +http://www.google.com/bot.html)"
51.75.236.141 - - [29/Apr/2026:04:13:16 +0200] "GET /items/G462616490/ HTTP/1.1" 404 100283 "-" "Mozilla/5.0 (compatible; AhrefsBot/7.0; +http://ahrefs.com/robot/)"
66.249.75.4 - - [29/Apr/2026:04:13:23 +0200] "GET /items/B713347989/ HTTP/1.1" 301 0 "-" "Mozilla/5.0 (compatible; Googlebot/2.1; +http://www.google.com/bot.html)"
66.249.72.36 - - [29/Apr/2026:04:13:54 +0200] "GET /items/M114963542/ HTTP/1.1" 404 100283 "-" "Mozilla/5.0 (Linux; Android 6.0.1; Nexus 5X Build/MMB29P) AppleWebKit/537.36 (KHTML, like Gecko) Chrome/147.0.7727.116 Mobile Safari/537.36 (compatible; Googlebot/2.1; +http://www.google.com/bot.html)"
66.249.72.38 - - [29/Apr/2026:04:14:12 +0200] "GET /items/B914252749/ HTTP/1.1" 404 100283 "-" "Mozilla/5.0 (Linux; Android 6.0.1; Nexus 5X Build/MMB29P) AppleWebKit/537.36 (KHTML, like Gecko) Chrome/147.0.7727.116 Mobile Safari/537.36 (compatible; Googlebot/2.1; +http://www.google.com/bot.html)"
66.249.72.36 - - [29/Apr/2026:04:14:18 +0200] "GET /items/O935175550/ HTTP/1.1" 404 100283 "-" "Mozilla/5.0 (Linux; Android 6.0.1; Nexus 5X Build/MMB29P) AppleWebKit/537.36 (KHTML, like Gecko) Chrome/147.0.7727.116 Mobile Safari/537.36 (compatible; Googlebot/2.1; +http://www.google.com/bot.html)"
57.141.20.60 - - [29/Apr/2026:04:14:21 +0200] "GET /items/G463349173/ HTTP/1.1" 404 100283 "-" "meta-externalagent/1.1 (+https://developers.facebook.com/docs/sharing/webmasters/crawler)"
57.141.20.0 - - [29/Apr/2026:04:14:23 +0200] "GET /?g=31870757rt80q HTTP/1.1" 200 162183 "-" "meta-externalagent/1.1 (+https://developers.facebook.com/docs/sharing/webmasters/crawler)"
66.249.75.4 - - [29/Apr/2026:04:14:36 +0200] "GET /items/D895640815/ HTTP/1.1" 301 0 "-" "Mozilla/5.0 (compatible; Googlebot/2.1; +http://www.google.com/bot.html)"
66.249.75.4 - - [29/Apr/2026:04:14:50 +0200] "GET /items/L701269073/ HTTP/1.1" 301 0 "-" "Mozilla/5.0 (Linux; Android 6.0.1; Nexus 5X Build/MMB29P) AppleWebKit/537.36 (KHTML, like Gecko) Chrome/147.0.7727.116 Mobile Safari/537.36 (compatible; Googlebot/2.1; +http://www.google.com/bot.html)"
57.141.20.57 - - [29/Apr/2026:04:14:50 +0200] "GET /items/G462056854/ HTTP/1.1" 404 100283 "-" "meta-externalagent/1.1 (+https://developers.facebook.com/docs/sharing/webmasters/crawler)"
57.141.20.63 - - [29/Apr/2026:04:14:51 +0200] "GET /anthropometryitx.xml HTTP/1.1" 404 100279 "-" "meta-externalagent/1.1 (+https://developers.facebook.com/docs/sharing/webmasters/crawler)"
66.249.75.4 - - [29/Apr/2026:04:15:38 +0200] "GET /items/X991303203/ HTTP/1.1" 301 0 "-" "Mozilla/5.0 (Linux; Android 6.0.1; Nexus 5X Build/MMB29P) AppleWebKit/537.36 (KHTML, like Gecko) Chrome/147.0.7727.116 Mobile Safari/537.36 (compatible; Googlebot/2.1; +http://www.google.com/bot.html)"
66.249.72.36 - - [29/Apr/2026:04:15:39 +0200] "GET /items/X991303203/ HTTP/1.1" 404 100283 "-" "Mozilla/5.0 (Linux; Android 6.0.1; Nexus 5X Build/MMB29P) AppleWebKit/537.36 (KHTML, like Gecko) Chrome/147.0.7727.116 Mobile Safari/537.36 (compatible; Googlebot/2.1; +http://www.google.com/bot.html)"
66.249.75.4 - - [29/Apr/2026:04:15:44 +0200] "GET /items/K451453052/ HTTP/1.1" 301 0 "-" "Mozilla/5.0 (Linux; Android 6.0.1; Nexus 5X Build/MMB29P) AppleWebKit/537.36 (KHTML, like Gecko) Chrome/147.0.7727.116 Mobile Safari/537.36 (compatible; Googlebot/2.1; +http://www.google.com/bot.html)"
66.249.72.36 - - [29/Apr/2026:04:15:44 +0200] "GET /?g=206709t5f50d HTTP/1.1" 200 162183 "-" "Mozilla/5.0 (Linux; Android 6.0.1; Nexus 5X Build/MMB29P) AppleWebKit/537.36 (KHTML, like Gecko) Chrome/147.0.7727.116 Mobile Safari/537.36 (compatible; Googlebot/2.1; +http://www.google.com/bot.html)"
66.249.72.36 - - [29/Apr/2026:04:12:50 +0200] "GET /items/T504572730/ HTTP/1.1" 404 100283 "-" "Mozilla/5.0 (compatible; Googlebot/2.1; +http://www.google.com/bot.html)"
66.249.72.36 - - [29/Apr/2026:04:12:51 +0200] "GET /items/X994091737/ HTTP/1.1" 404 100283 "-" "Mozilla/5.0 (Linux; Android 6.0.1; Nexus 5X Build/MMB29P) AppleWebKit/537.36 (KHTML, like Gecko) Chrome/147.0.7727.116 Mobile Safari/537.36 (compatible; Googlebot/2.1; +http://www.google.com/bot.html)"
66.249.72.37 - - [29/Apr/2026:04:13:01 +0200] "GET /items/X475992415/ HTTP/1.1" 404 100283 "-" "Mozilla/5.0 (Linux; Android 6.0.1; Nexus 5X Build/MMB29P) AppleWebKit/537.36 (KHTML, like Gecko) Chrome/147.0.7727.116 Mobile Safari/537.36 (compatible; Googlebot/2.1; +http://www.google.com/bot.html)"
57.141.20.1 - - [29/Apr/2026:04:13:04 +0200] "GET /items/G465131390/ HTTP/1.1" 404 100283 "-" "meta-externalagent/1.1 (+https://developers.facebook.com/docs/sharing/webmasters/crawler)"
57.141.20.4 - - [29/Apr/2026:04:13:28 +0200] "GET /?g=15121550wgfhs HTTP/1.1" 200 162183 "-" "meta-externalagent/1.1 (+https://developers.facebook.com/docs/sharing/webmasters/crawler)"
66.249.75.4 - - [29/Apr/2026:04:13:29 +0200] "GET /items/A731030599/ HTTP/1.1" 301 0 "-" "Mozilla/5.0 (Linux; Android 6.0.1; Nexus 5X Build/MMB29P) AppleWebKit/537.36 (KHTML, like Gecko) Chrome/147.0.7727.116 Mobile Safari/537.36 (compatible; Googlebot/2.1; +http://www.google.com/bot.html)"
66.249.72.36 - - [29/Apr/2026:04:13:30 +0200] "GET /items/A731030599/ HTTP/1.1" 404 100283 "-" "Mozilla/5.0 (Linux; Android 6.0.1; Nexus 5X Build/MMB29P) AppleWebKit/537.36 (KHTML, like Gecko) Chrome/147.0.7727.116 Mobile Safari/537.36 (compatible; Googlebot/2.1; +http://www.google.com/bot.html)"
57.141.20.43 - - [29/Apr/2026:04:13:42 +0200] "GET /items/G462868147/ HTTP/1.1" 404 100283 "-" "meta-externalagent/1.1 (+https://developers.facebook.com/docs/sharing/webmasters/crawler)"
66.249.75.4 - - [29/Apr/2026:04:13:54 +0200] "GET /items/M114963542/ HTTP/1.1" 301 0 "-" "Mozilla/5.0 (Linux; Android 6.0.1; Nexus 5X Build/MMB29P) AppleWebKit/537.36 (KHTML, like Gecko) Chrome/147.0.7727.116 Mobile Safari/537.36 (compatible; Googlebot/2.1; +http://www.google.com/bot.html)"
57.141.20.28 - - [29/Apr/2026:04:13:56 +0200] "GET /items/G461899567/ HTTP/1.1" 404 100283 "-" "meta-externalagent/1.1 (+https://developers.facebook.com/docs/sharing/webmasters/crawler)"
66.249.75.4 - - [29/Apr/2026:04:14:33 +0200] "GET /items/D893417105/ HTTP/1.1" 301 0 "-" "Mozilla/5.0 (Linux; Android 6.0.1; Nexus 5X Build/MMB29P) AppleWebKit/537.36 (KHTML, like Gecko) Chrome/147.0.7727.116 Mobile Safari/537.36 (compatible; Googlebot/2.1; +http://www.google.com/bot.html)"
109.234.166.131 - - [29/Apr/2026:04:14:51 +0200] "POST /wp-cron.php?doing_wp_cron=1777428891.0996489524841308593750 HTTP/1.1" 200 0 "-" "WordPress/6.9.4; https://marc-morin.ch"
66.249.72.36 - - [29/Apr/2026:04:14:51 +0200] "GET /items/L701269073/ HTTP/1.1" 404 100283 "-" "Mozilla/5.0 (Linux; Android 6.0.1; Nexus 5X Build/MMB29P) AppleWebKit/537.36 (KHTML, like Gecko) Chrome/147.0.7727.116 Mobile Safari/537.36 (compatible; Googlebot/2.1; +http://www.google.com/bot.html)"
57.141.20.30 - - [29/Apr/2026:04:15:05 +0200] "GET /items/G462285521/ HTTP/1.1" 404 100283 "-" "meta-externalagent/1.1 (+https://developers.facebook.com/docs/sharing/webmasters/crawler)"
57.141.20.2 - - [29/Apr/2026:04:15:18 +0200] "GET /items/G463725258/ HTTP/1.1" 404 100283 "-" "meta-externalagent/1.1 (+https://developers.facebook.com/docs/sharing/webmasters/crawler)"
66.249.72.36 - - [29/Apr/2026:04:15:27 +0200] "GET /items/F214012995/ HTTP/1.1" 404 100283 "-" "Mozilla/5.0 (compatible; Googlebot/2.1; +http://www.google.com/bot.html)"
66.249.72.38 - - [29/Apr/2026:04:15:29 +0200] "GET /?g=3723963p1ovzz HTTP/1.1" 200 162183 "-" "Mozilla/5.0 (Linux; Android 6.0.1; Nexus 5X Build/MMB29P) AppleWebKit/537.36 (KHTML, like Gecko) Chrome/147.0.7727.116 Mobile Safari/537.36 (compatible; Googlebot/2.1; +http://www.google.com/bot.html)"
66.249.72.36 - - [29/Apr/2026:04:13:57 +0200] "GET /?g=5438094ak3w1m HTTP/1.1" 200 162183 "-" "Mozilla/5.0 (Linux; Android 6.0.1; Nexus 5X Build/MMB29P) AppleWebKit/537.36 (KHTML, like Gecko) Chrome/147.0.7727.116 Mobile Safari/537.36 (compatible; Googlebot/2.1; +http://www.google.com/bot.html)"
66.249.75.4 - - [29/Apr/2026:04:14:11 +0200] "GET /items/B914252749/ HTTP/1.1" 301 0 "-" "Mozilla/5.0 (compatible; Googlebot/2.1; +http://www.google.com/bot.html)"
66.249.75.4 - - [29/Apr/2026:04:14:12 +0200] "GET /items/B914252749/ HTTP/1.1" 301 0 "-" "Mozilla/5.0 (Linux; Android 6.0.1; Nexus 5X Build/MMB29P) AppleWebKit/537.36 (KHTML, like Gecko) Chrome/147.0.7727.116 Mobile Safari/537.36 (compatible; Googlebot/2.1; +http://www.google.com/bot.html)"
66.249.72.38 - - [29/Apr/2026:04:14:12 +0200] "GET /?g=4630934smj499 HTTP/1.1" 200 162183 "-" "Mozilla/5.0 (compatible; Googlebot/2.1; +http://www.google.com/bot.html)"
66.249.72.37 - - [29/Apr/2026:04:14:12 +0200] "GET /items/B914252749/ HTTP/1.1" 404 100283 "-" "Mozilla/5.0 (compatible; Googlebot/2.1; +http://www.google.com/bot.html)"
66.249.75.5 - - [29/Apr/2026:04:14:17 +0200] "GET /items/O935175550/ HTTP/1.1" 301 0 "-" "Mozilla/5.0 (Linux; Android 6.0.1; Nexus 5X Build/MMB29P) AppleWebKit/537.36 (KHTML, like Gecko) Chrome/147.0.7727.116 Mobile Safari/537.36 (compatible; Googlebot/2.1; +http://www.google.com/bot.html)"
66.249.72.36 - - [29/Apr/2026:04:14:34 +0200] "GET /items/D893417105/ HTTP/1.1" 404 100283 "-" "Mozilla/5.0 (Linux; Android 6.0.1; Nexus 5X Build/MMB29P) AppleWebKit/537.36 (KHTML, like Gecko) Chrome/147.0.7727.116 Mobile Safari/537.36 (compatible; Googlebot/2.1; +http://www.google.com/bot.html)"
66.249.72.36 - - [29/Apr/2026:04:14:37 +0200] "GET /items/D895640815/ HTTP/1.1" 404 100283 "-" "Mozilla/5.0 (compatible; Googlebot/2.1; +http://www.google.com/bot.html)"
109.234.166.131 - - [29/Apr/2026:04:14:50 +0200] "POST /wp-cron.php?doing_wp_cron=1777428890.5377120971679687500000 HTTP/1.1" 200 0 "-" "WordPress/6.9.4; https://marc-morin.ch"
176.31.139.0 - - [29/Apr/2026:04:15:01 +0200] "GET /items/G461712042/ HTTP/1.1" 404 100283 "-" "Mozilla/5.0 (compatible; AhrefsBot/7.0; +http://ahrefs.com/robot/)"
66.249.75.4 - - [29/Apr/2026:04:15:26 +0200] "GET /items/F214012995/ HTTP/1.1" 301 0 "-" "Mozilla/5.0 (compatible; Googlebot/2.1; +http://www.google.com/bot.html)"
66.249.72.36 - - [29/Apr/2026:04:15:58 +0200] "GET /items/W401092129/ HTTP/1.1" 404 100283 "-" "Mozilla/5.0 (Linux; Android 6.0.1; Nexus 5X Build/MMB29P) AppleWebKit/537.36 (KHTML, like Gecko) Chrome/147.0.7727.116 Mobile Safari/537.36 (compatible; Googlebot/2.1; +http://www.google.com/bot.html)"
66.249.72.36 - - [29/Apr/2026:04:16:04 +0200] "GET /items/L463975812/ HTTP/1.1" 404 100283 "-" "Mozilla/5.0 (compatible; Googlebot/2.1; +http://www.google.com/bot.html)"
57.141.20.49 - - [29/Apr/2026:04:16:07 +0200] "GET /items/G465375401/ HTTP/1.1" 404 100283 "-" "meta-externalagent/1.1 (+https://developers.facebook.com/docs/sharing/webmasters/crawler)"
66.249.72.36 - - [29/Apr/2026:04:16:22 +0200] "GET /items/P934548935/ HTTP/1.1" 404 100283 "-" "Mozilla/5.0 (Linux; Android 6.0.1; Nexus 5X Build/MMB29P) AppleWebKit/537.36 (KHTML, like Gecko) Chrome/147.0.7727.116 Mobile Safari/537.36 (compatible; Googlebot/2.1; +http://www.google.com/bot.html)"
66.249.75.4 - - [29/Apr/2026:04:16:43 +0200] "GET /items/U891483139/ HTTP/1.1" 301 0 "-" "Mozilla/5.0 (Linux; Android 6.0.1; Nexus 5X Build/MMB29P) AppleWebKit/537.36 (KHTML, like Gecko) Chrome/147.0.7727.116 Mobile Safari/537.36 (compatible; Googlebot/2.1; +http://www.google.com/bot.html)"
109.234.166.131 - - [29/Apr/2026:04:16:45 +0200] "POST /wp-cron.php?doing_wp_cron=1777429005.3180139064788818359375 HTTP/1.1" 200 0 "-" "WordPress/6.9.4; https://marc-morin.ch"
66.249.75.4 - - [29/Apr/2026:04:16:59 +0200] "GET /items/D891921646/ HTTP/1.1" 301 0 "-" "Mozilla/5.0 (compatible; Googlebot/2.1; +http://www.google.com/bot.html)"
66.249.72.36 - - [29/Apr/2026:04:15:46 +0200] "GET /items/K451453052/ HTTP/1.1" 404 100283 "-" "Mozilla/5.0 (Linux; Android 6.0.1; Nexus 5X Build/MMB29P) AppleWebKit/537.36 (KHTML, like Gecko) Chrome/147.0.7727.116 Mobile Safari/537.36 (compatible; Googlebot/2.1; +http://www.google.com/bot.html)"
57.141.20.60 - - [29/Apr/2026:04:15:48 +0200] "GET /?g=2999009fwlbrl HTTP/1.1" 200 162183 "-" "meta-externalagent/1.1 (+https://developers.facebook.com/docs/sharing/webmasters/crawler)"
57.141.20.41 - - [29/Apr/2026:04:15:50 +0200] "GET /items/G464927015/ HTTP/1.1" 404 100283 "-" "meta-externalagent/1.1 (+https://developers.facebook.com/docs/sharing/webmasters/crawler)"
109.234.166.131 - - [29/Apr/2026:04:15:51 +0200] "POST /wp-cron.php?doing_wp_cron=1777428951.6493270397186279296875 HTTP/1.1" 200 0 "-" "WordPress/6.9.4; https://marc-morin.ch"
66.249.75.4 - - [29/Apr/2026:04:15:51 +0200] "GET /items/E562388427/ HTTP/1.1" 301 0 "-" "Mozilla/5.0 (Linux; Android 6.0.1; Nexus 5X Build/MMB29P) AppleWebKit/537.36 (KHTML, like Gecko) Chrome/147.0.7727.116 Mobile Safari/537.36 (compatible; Googlebot/2.1; +http://www.google.com/bot.html)"
66.249.72.36 - - [29/Apr/2026:04:15:52 +0200] "GET /items/E562388427/ HTTP/1.1" 404 100283 "-" "Mozilla/5.0 (Linux; Android 6.0.1; Nexus 5X Build/MMB29P) AppleWebKit/537.36 (KHTML, like Gecko) Chrome/147.0.7727.116 Mobile Safari/537.36 (compatible; Googlebot/2.1; +http://www.google.com/bot.html)"
66.249.75.4 - - [29/Apr/2026:04:15:58 +0200] "GET /items/W401092129/ HTTP/1.1" 301 0 "-" "Mozilla/5.0 (Linux; Android 6.0.1; Nexus 5X Build/MMB29P) AppleWebKit/537.36 (KHTML, like Gecko) Chrome/147.0.7727.116 Mobile Safari/537.36 (compatible; Googlebot/2.1; +http://www.google.com/bot.html)"
66.249.75.5 - - [29/Apr/2026:04:16:22 +0200] "GET /items/P934548935/ HTTP/1.1" 301 0 "-" "Mozilla/5.0 (Linux; Android 6.0.1; Nexus 5X Build/MMB29P) AppleWebKit/537.36 (KHTML, like Gecko) Chrome/147.0.7727.116 Mobile Safari/537.36 (compatible; Googlebot/2.1; +http://www.google.com/bot.html)"
57.141.20.52 - - [29/Apr/2026:04:16:21 +0200] "GET /?g=6571503uq08pl HTTP/1.1" 200 162183 "-" "meta-externalagent/1.1 (+https://developers.facebook.com/docs/sharing/webmasters/crawler)"
66.249.72.36 - - [29/Apr/2026:04:16:38 +0200] "GET /?g=1962666w6qupg HTTP/1.1" 200 162183 "-" "Mozilla/5.0 (compatible; Googlebot/2.1; +http://www.google.com/bot.html)"
57.141.20.32 - - [29/Apr/2026:04:16:49 +0200] "GET /?g=20377656cpf1e HTTP/1.1" 200 162183 "-" "meta-externalagent/1.1 (+https://developers.facebook.com/docs/sharing/webmasters/crawler)"
66.249.75.4 - - [29/Apr/2026:04:16:52 +0200] "GET /items/L925310513/ HTTP/1.1" 301 0 "-" "Mozilla/5.0 (Linux; Android 6.0.1; Nexus 5X Build/MMB29P) AppleWebKit/537.36 (KHTML, like Gecko) Chrome/147.0.7727.116 Mobile Safari/537.36 (compatible; Googlebot/2.1; +http://www.google.com/bot.html)"
66.249.72.36 - - [29/Apr/2026:04:16:53 +0200] "GET /items/L925310513/ HTTP/1.1" 404 100283 "-" "Mozilla/5.0 (Linux; Android 6.0.1; Nexus 5X Build/MMB29P) AppleWebKit/537.36 (KHTML, like Gecko) Chrome/147.0.7727.116 Mobile Safari/537.36 (compatible; Googlebot/2.1; +http://www.google.com/bot.html)"
66.249.72.38 - - [29/Apr/2026:04:17:00 +0200] "GET /items/D891921646/ HTTP/1.1" 404 100283 "-" "Mozilla/5.0 (compatible; Googlebot/2.1; +http://www.google.com/bot.html)"
57.141.20.63 - - [29/Apr/2026:04:17:15 +0200] "GET /?g=1778830y4i2zy HTTP/1.1" 200 162183 "-" "meta-externalagent/1.1 (+https://developers.facebook.com/docs/sharing/webmasters/crawler)"
66.249.72.36 - - [29/Apr/2026:04:17:20 +0200] "GET /items/O881507245/ HTTP/1.1" 404 100283 "-" "Mozilla/5.0 (Linux; Android 6.0.1; Nexus 5X Build/MMB29P) AppleWebKit/537.36 (KHTML, like Gecko) Chrome/147.0.7727.116 Mobile Safari/537.36 (compatible; Googlebot/2.1; +http://www.google.com/bot.html)"
66.249.75.4 - - [29/Apr/2026:04:17:31 +0200] "GET /items/G563840687/ HTTP/1.1" 301 0 "-" "Mozilla/5.0 (compatible; Googlebot/2.1; +http://www.google.com/bot.html)"
66.249.75.5 - - [29/Apr/2026:04:16:30 +0200] "GET /items/X904965396/ HTTP/1.1" 301 0 "-" "Mozilla/5.0 (Linux; Android 6.0.1; Nexus 5X Build/MMB29P) AppleWebKit/537.36 (KHTML, like Gecko) Chrome/147.0.7727.116 Mobile Safari/537.36 (compatible; Googlebot/2.1; +http://www.google.com/bot.html)"
66.249.72.36 - - [29/Apr/2026:04:16:32 +0200] "GET /items/X904965396/ HTTP/1.1" 404 100283 "-" "Mozilla/5.0 (Linux; Android 6.0.1; Nexus 5X Build/MMB29P) AppleWebKit/537.36 (KHTML, like Gecko) Chrome/147.0.7727.116 Mobile Safari/537.36 (compatible; Googlebot/2.1; +http://www.google.com/bot.html)"
104.23.217.116 - - [29/Apr/2026:04:16:43 +0200] "GET /wp-admin/install.php?step=1 HTTP/1.1" 200 1308 "-" "http://marc-morin.ch/wp-admin/install.php?step=1"
66.249.72.36 - - [29/Apr/2026:04:16:44 +0200] "GET /items/U891483139/ HTTP/1.1" 404 100283 "-" "Mozilla/5.0 (Linux; Android 6.0.1; Nexus 5X Build/MMB29P) AppleWebKit/537.36 (KHTML, like Gecko) Chrome/147.0.7727.116 Mobile Safari/537.36 (compatible; Googlebot/2.1; +http://www.google.com/bot.html)"
57.141.20.27 - - [29/Apr/2026:04:16:50 +0200] "GET /?g=5844329uqg2cg HTTP/1.1" 200 162183 "-" "meta-externalagent/1.1 (+https://developers.facebook.com/docs/sharing/webmasters/crawler)"
66.249.75.4 - - [29/Apr/2026:04:17:07 +0200] "GET /items/J872015695/ HTTP/1.1" 301 0 "-" "Mozilla/5.0 (Linux; Android 6.0.1; Nexus 5X Build/MMB29P) AppleWebKit/537.36 (KHTML, like Gecko) Chrome/147.0.7727.116 Mobile Safari/537.36 (compatible; Googlebot/2.1; +http://www.google.com/bot.html)"
66.249.72.36 - - [29/Apr/2026:04:17:08 +0200] "GET /items/J872015695/ HTTP/1.1" 404 100283 "-" "Mozilla/5.0 (Linux; Android 6.0.1; Nexus 5X Build/MMB29P) AppleWebKit/537.36 (KHTML, like Gecko) Chrome/147.0.7727.116 Mobile Safari/537.36 (compatible; Googlebot/2.1; +http://www.google.com/bot.html)"
66.249.75.4 - - [29/Apr/2026:04:17:16 +0200] "GET /items/O881507245/ HTTP/1.1" 301 0 "-" "Mozilla/5.0 (Linux; Android 6.0.1; Nexus 5X Build/MMB29P) AppleWebKit/537.36 (KHTML, like Gecko) Chrome/147.0.7727.116 Mobile Safari/537.36 (compatible; Googlebot/2.1; +http://www.google.com/bot.html)"
66.249.75.4 - - [29/Apr/2026:04:17:27 +0200] "GET /items/T412309174/ HTTP/1.1" 301 0 "-" "Mozilla/5.0 (compatible; Googlebot/2.1; +http://www.google.com/bot.html)"
66.249.72.36 - - [29/Apr/2026:04:17:27 +0200] "GET /items/T412309174/ HTTP/1.1" 404 100283 "-" "Mozilla/5.0 (compatible; Googlebot/2.1; +http://www.google.com/bot.html)"
66.249.75.4 - - [29/Apr/2026:04:17:38 +0200] "GET /items/X042171470/ HTTP/1.1" 301 0 "-" "Mozilla/5.0 (Linux; Android 6.0.1; Nexus 5X Build/MMB29P) AppleWebKit/537.36 (KHTML, like Gecko) Chrome/147.0.7727.116 Mobile Safari/537.36 (compatible; Googlebot/2.1; +http://www.google.com/bot.html)"
66.249.72.36 - - [29/Apr/2026:04:17:39 +0200] "GET /items/X042171470/ HTTP/1.1" 404 100283 "-" "Mozilla/5.0 (Linux; Android 6.0.1; Nexus 5X Build/MMB29P) AppleWebKit/537.36 (KHTML, like Gecko) Chrome/147.0.7727.116 Mobile Safari/537.36 (compatible; Googlebot/2.1; +http://www.google.com/bot.html)"
66.249.72.36 - - [29/Apr/2026:04:17:52 +0200] "GET /?g=1271548l6ebq0 HTTP/1.1" 200 162183 "-" "Mozilla/5.0 (compatible; Googlebot/2.1; +http://www.google.com/bot.html)"
66.249.75.5 - - [29/Apr/2026:04:18:19 +0200] "GET /items/W805620590/ HTTP/1.1" 301 0 "-" "Mozilla/5.0 (Linux; Android 6.0.1; Nexus 5X Build/MMB29P) AppleWebKit/537.36 (KHTML, like Gecko) Chrome/147.0.7727.116 Mobile Safari/537.36 (compatible; Googlebot/2.1; +http://www.google.com/bot.html)"
66.249.72.36 - - [29/Apr/2026:04:18:20 +0200] "GET /items/T553895776/ HTTP/1.1" 404 100283 "-" "Mozilla/5.0 (Linux; Android 6.0.1; Nexus 5X Build/MMB29P) AppleWebKit/537.36 (KHTML, like Gecko) Chrome/147.0.7727.116 Mobile Safari/537.36 (compatible; Googlebot/2.1; +http://www.google.com/bot.html)"
66.249.72.36 - - [29/Apr/2026:04:18:21 +0200] "GET /items/W805620590/ HTTP/1.1" 404 100283 "-" "Mozilla/5.0 (Linux; Android 6.0.1; Nexus 5X Build/MMB29P) AppleWebKit/537.36 (KHTML, like Gecko) Chrome/147.0.7727.116 Mobile Safari/537.36 (compatible; Googlebot/2.1; +http://www.google.com/bot.html)"
66.249.75.4 - - [29/Apr/2026:04:17:03 +0200] "GET /items/F262487956/ HTTP/1.1" 301 0 "-" "Mozilla/5.0 (compatible; Googlebot/2.1; +http://www.google.com/bot.html)"
66.249.75.4 - - [29/Apr/2026:04:17:04 +0200] "GET /items/B864746245/ HTTP/1.1" 301 0 "-" "Mozilla/5.0 (compatible; Googlebot/2.1; +http://www.google.com/bot.html)"
66.249.72.37 - - [29/Apr/2026:04:17:06 +0200] "GET /items/B864746245/ HTTP/1.1" 404 100283 "-" "Mozilla/5.0 (compatible; Googlebot/2.1; +http://www.google.com/bot.html)"
57.141.20.3 - - [29/Apr/2026:04:17:17 +0200] "GET /items/G463178589/ HTTP/1.1" 404 100283 "-" "meta-externalagent/1.1 (+https://developers.facebook.com/docs/sharing/webmasters/crawler)"
57.141.20.16 - - [29/Apr/2026:04:17:29 +0200] "GET /items/G461347625/ HTTP/1.1" 404 100283 "-" "meta-externalagent/1.1 (+https://developers.facebook.com/docs/sharing/webmasters/crawler)"
66.249.72.36 - - [29/Apr/2026:04:17:32 +0200] "GET /items/G563840687/ HTTP/1.1" 404 100283 "-" "Mozilla/5.0 (compatible; Googlebot/2.1; +http://www.google.com/bot.html)"
66.249.75.4 - - [29/Apr/2026:04:17:33 +0200] "GET /items/E994402549/ HTTP/1.1" 301 0 "-" "Mozilla/5.0 (compatible; Googlebot/2.1; +http://www.google.com/bot.html)"
66.249.72.36 - - [29/Apr/2026:04:17:42 +0200] "GET /items/L643622010/ HTTP/1.1" 404 100283 "-" "Mozilla/5.0 (compatible; Googlebot/2.1; +http://www.google.com/bot.html)"
66.249.72.36 - - [29/Apr/2026:04:17:59 +0200] "GET /items/S525814538/ HTTP/1.1" 404 100283 "-" "Mozilla/5.0 (Linux; Android 6.0.1; Nexus 5X Build/MMB29P) AppleWebKit/537.36 (KHTML, like Gecko) Chrome/147.0.7727.116 Mobile Safari/537.36 (compatible; Googlebot/2.1; +http://www.google.com/bot.html)"
66.249.75.6 - - [29/Apr/2026:04:18:02 +0200] "GET /items/G564421082/ HTTP/1.1" 301 0 "-" "Mozilla/5.0 (compatible; Googlebot/2.1; +http://www.google.com/bot.html)"
66.249.72.36 - - [29/Apr/2026:04:18:03 +0200] "GET /items/G564421082/ HTTP/1.1" 404 100283 "-" "Mozilla/5.0 (compatible; Googlebot/2.1; +http://www.google.com/bot.html)"
57.141.20.39 - - [29/Apr/2026:04:18:04 +0200] "GET /items/G466767449/ HTTP/1.1" 404 100283 "-" "meta-externalagent/1.1 (+https://developers.facebook.com/docs/sharing/webmasters/crawler)"
57.141.20.4 - - [29/Apr/2026:04:18:19 +0200] "GET /items/G462436545/ HTTP/1.1" 404 100283 "-" "meta-externalagent/1.1 (+https://developers.facebook.com/docs/sharing/webmasters/crawler)"
57.141.20.47 - - [29/Apr/2026:04:18:47 +0200] "GET /items/G461068309/ HTTP/1.1" 404 100283 "-" "meta-externalagent/1.1 (+https://developers.facebook.com/docs/sharing/webmasters/crawler)"
66.249.72.38 - - [29/Apr/2026:04:19:06 +0200] "GET /items/A095526929/ HTTP/1.1" 404 100283 "-" "Mozilla/5.0 (Linux; Android 6.0.1; Nexus 5X Build/MMB29P) AppleWebKit/537.36 (KHTML, like Gecko) Chrome/147.0.7727.116 Mobile Safari/537.36 (compatible; Googlebot/2.1; +http://www.google.com/bot.html)"
57.141.20.59 - - [29/Apr/2026:04:19:16 +0200] "GET /items/G466632110/ HTTP/1.1" 404 100283 "-" "meta-externalagent/1.1 (+https://developers.facebook.com/docs/sharing/webmasters/crawler)"
66.249.72.36 - - [29/Apr/2026:04:19:36 +0200] "GET /items/H722550017/ HTTP/1.1" 404 100283 "-" "Mozilla/5.0 (Linux; Android 6.0.1; Nexus 5X Build/MMB29P) AppleWebKit/537.36 (KHTML, like Gecko) Chrome/147.0.7727.116 Mobile Safari/537.36 (compatible; Googlebot/2.1; +http://www.google.com/bot.html)"
66.249.72.36 - - [29/Apr/2026:04:19:49 +0200] "GET /?g=3254859vcyh2a HTTP/1.1" 200 162183 "-" "Mozilla/5.0 (Linux; Android 6.0.1; Nexus 5X Build/MMB29P) AppleWebKit/537.36 (KHTML, like Gecko) Chrome/147.0.7727.116 Mobile Safari/537.36 (compatible; Googlebot/2.1; +http://www.google.com/bot.html)"
66.249.72.36 - - [29/Apr/2026:04:19:51 +0200] "GET /?g=3254859vcyh2a HTTP/1.1" 200 162183 "-" "Mozilla/5.0 (compatible; Googlebot/2.1; +http://www.google.com/bot.html)"
66.249.72.36 - - [29/Apr/2026:04:17:33 +0200] "GET /items/E994402549/ HTTP/1.1" 404 100283 "-" "Mozilla/5.0 (compatible; Googlebot/2.1; +http://www.google.com/bot.html)"
66.249.75.4 - - [29/Apr/2026:04:17:41 +0200] "GET /items/L643622010/ HTTP/1.1" 301 0 "-" "Mozilla/5.0 (compatible; Googlebot/2.1; +http://www.google.com/bot.html)"
109.234.166.131 - - [29/Apr/2026:04:17:53 +0200] "POST /wp-cron.php?doing_wp_cron=1777429073.3892650604248046875000 HTTP/1.1" 200 0 "-" "WordPress/6.9.4; https://marc-morin.ch"
57.141.20.49 - - [29/Apr/2026:04:17:52 +0200] "GET /items/G464094201/ HTTP/1.1" 404 100283 "-" "meta-externalagent/1.1 (+https://developers.facebook.com/docs/sharing/webmasters/crawler)"
66.249.75.4 - - [29/Apr/2026:04:17:56 +0200] "GET /items/S525814538/ HTTP/1.1" 301 0 "-" "Mozilla/5.0 (Linux; Android 6.0.1; Nexus 5X Build/MMB29P) AppleWebKit/537.36 (KHTML, like Gecko) Chrome/147.0.7727.116 Mobile Safari/537.36 (compatible; Googlebot/2.1; +http://www.google.com/bot.html)"
57.141.20.42 - - [29/Apr/2026:04:18:05 +0200] "GET /items/G466035481/ HTTP/1.1" 404 100283 "-" "meta-externalagent/1.1 (+https://developers.facebook.com/docs/sharing/webmasters/crawler)"
66.249.75.4 - - [29/Apr/2026:04:18:16 +0200] "GET /items/T553895776/ HTTP/1.1" 301 0 "-" "Mozilla/5.0 (Linux; Android 6.0.1; Nexus 5X Build/MMB29P) AppleWebKit/537.36 (KHTML, like Gecko) Chrome/147.0.7727.116 Mobile Safari/537.36 (compatible; Googlebot/2.1; +http://www.google.com/bot.html)"
66.249.75.4 - - [29/Apr/2026:04:18:24 +0200] "GET /items/K442687580/ HTTP/1.1" 301 0 "-" "Mozilla/5.0 (Linux; Android 6.0.1; Nexus 5X Build/MMB29P) AppleWebKit/537.36 (KHTML, like Gecko) Chrome/147.0.7727.116 Mobile Safari/537.36 (compatible; Googlebot/2.1; +http://www.google.com/bot.html)"
66.249.72.36 - - [29/Apr/2026:04:18:24 +0200] "GET /items/K442687580/ HTTP/1.1" 404 100283 "-" "Mozilla/5.0 (Linux; Android 6.0.1; Nexus 5X Build/MMB29P) AppleWebKit/537.36 (KHTML, like Gecko) Chrome/147.0.7727.116 Mobile Safari/537.36 (compatible; Googlebot/2.1; +http://www.google.com/bot.html)"
66.249.75.4 - - [29/Apr/2026:04:18:30 +0200] "GET /items/F635137864/ HTTP/1.1" 301 0 "-" "Mozilla/5.0 (compatible; Googlebot/2.1; +http://www.google.com/bot.html)"
66.249.72.36 - - [29/Apr/2026:04:18:31 +0200] "GET /items/F635137864/ HTTP/1.1" 404 100283 "-" "Mozilla/5.0 (compatible; Googlebot/2.1; +http://www.google.com/bot.html)"
109.234.166.131 - - [29/Apr/2026:04:18:47 +0200] "POST /wp-cron.php?doing_wp_cron=1777429127.3486590385437011718750 HTTP/1.1" 200 0 "-" "WordPress/6.9.4; https://marc-morin.ch"
57.141.20.10 - - [29/Apr/2026:04:18:46 +0200] "GET /?g=2071662z06sx2 HTTP/1.1" 200 162183 "-" "meta-externalagent/1.1 (+https://developers.facebook.com/docs/sharing/webmasters/crawler)"
66.249.75.4 - - [29/Apr/2026:04:19:05 +0200] "GET /items/A095526929/ HTTP/1.1" 301 0 "-" "Mozilla/5.0 (Linux; Android 6.0.1; Nexus 5X Build/MMB29P) AppleWebKit/537.36 (KHTML, like Gecko) Chrome/147.0.7727.116 Mobile Safari/537.36 (compatible; Googlebot/2.1; +http://www.google.com/bot.html)"
66.249.75.6 - - [29/Apr/2026:04:19:08 +0200] "GET /items/J873721537/ HTTP/1.1" 301 0 "-" "Mozilla/5.0 (compatible; Googlebot/2.1; +http://www.google.com/bot.html)"
66.249.75.5 - - [29/Apr/2026:04:19:17 +0200] "GET /items/C241595057/ HTTP/1.1" 301 0 "-" "Mozilla/5.0 (Linux; Android 6.0.1; Nexus 5X Build/MMB29P) AppleWebKit/537.36 (KHTML, like Gecko) Chrome/147.0.7727.116 Mobile Safari/537.36 (compatible; Googlebot/2.1; +http://www.google.com/bot.html)"
109.234.166.131 - - [29/Apr/2026:04:19:50 +0200] "POST /wp-cron.php?doing_wp_cron=1777429190.3653290271759033203125 HTTP/1.1" 200 0 "-" "WordPress/6.9.4; https://marc-morin.ch"
66.249.72.36 - - [29/Apr/2026:04:19:57 +0200] "GET /items/F903249975/ HTTP/1.1" 404 100283 "-" "Mozilla/5.0 (Linux; Android 6.0.1; Nexus 5X Build/MMB29P) AppleWebKit/537.36 (KHTML, like Gecko) Chrome/147.0.7727.116 Mobile Safari/537.36 (compatible; Googlebot/2.1; +http://www.google.com/bot.html)"
66.249.72.36 - - [29/Apr/2026:04:19:09 +0200] "GET /items/J873721537/ HTTP/1.1" 404 100283 "-" "Mozilla/5.0 (compatible; Googlebot/2.1; +http://www.google.com/bot.html)"
66.249.72.37 - - [29/Apr/2026:04:19:18 +0200] "GET /items/C241595057/ HTTP/1.1" 404 100283 "-" "Mozilla/5.0 (Linux; Android 6.0.1; Nexus 5X Build/MMB29P) AppleWebKit/537.36 (KHTML, like Gecko) Chrome/147.0.7727.116 Mobile Safari/537.36 (compatible; Googlebot/2.1; +http://www.google.com/bot.html)"
66.249.75.4 - - [29/Apr/2026:04:19:31 +0200] "GET /items/J791977517/ HTTP/1.1" 301 0 "-" "Mozilla/5.0 (Linux; Android 6.0.1; Nexus 5X Build/MMB29P) AppleWebKit/537.36 (KHTML, like Gecko) Chrome/147.0.7727.116 Mobile Safari/537.36 (compatible; Googlebot/2.1; +http://www.google.com/bot.html)"
66.249.75.4 - - [29/Apr/2026:04:19:31 +0200] "GET /items/J791977517/ HTTP/1.1" 301 0 "-" "Mozilla/5.0 (Linux; Android 6.0.1; Nexus 5X Build/MMB29P) AppleWebKit/537.36 (KHTML, like Gecko) Chrome/147.0.7727.116 Mobile Safari/537.36 (compatible; Googlebot/2.1; +http://www.google.com/bot.html)"
66.249.75.4 - - [29/Apr/2026:04:19:32 +0200] "GET /items/H722550017/ HTTP/1.1" 301 0 "-" "Mozilla/5.0 (Linux; Android 6.0.1; Nexus 5X Build/MMB29P) AppleWebKit/537.36 (KHTML, like Gecko) Chrome/147.0.7727.116 Mobile Safari/537.36 (compatible; Googlebot/2.1; +http://www.google.com/bot.html)"
57.141.20.44 - - [29/Apr/2026:04:19:32 +0200] "GET /items/G461801776/ HTTP/1.1" 404 100283 "-" "meta-externalagent/1.1 (+https://developers.facebook.com/docs/sharing/webmasters/crawler)"
66.249.72.36 - - [29/Apr/2026:04:19:33 +0200] "GET /items/J791977517/ HTTP/1.1" 404 100283 "-" "Mozilla/5.0 (Linux; Android 6.0.1; Nexus 5X Build/MMB29P) AppleWebKit/537.36 (KHTML, like Gecko) Chrome/147.0.7727.116 Mobile Safari/537.36 (compatible; Googlebot/2.1; +http://www.google.com/bot.html)"
57.141.20.35 - - [29/Apr/2026:04:19:33 +0200] "GET /?g=4347564h5n0zh HTTP/1.1" 200 162183 "-" "meta-externalagent/1.1 (+https://developers.facebook.com/docs/sharing/webmasters/crawler)"
66.249.72.36 - - [29/Apr/2026:04:19:34 +0200] "GET /items/J791977517/ HTTP/1.1" 404 100283 "-" "Mozilla/5.0 (Linux; Android 6.0.1; Nexus 5X Build/MMB29P) AppleWebKit/537.36 (KHTML, like Gecko) Chrome/147.0.7727.116 Mobile Safari/537.36 (compatible; Googlebot/2.1; +http://www.google.com/bot.html)"
57.141.20.9 - - [29/Apr/2026:04:19:49 +0200] "GET /?g=3498685h2ohun HTTP/1.1" 200 162183 "-" "meta-externalagent/1.1 (+https://developers.facebook.com/docs/sharing/webmasters/crawler)"
66.249.75.4 - - [29/Apr/2026:04:20:00 +0200] "GET /items/E183414782/ HTTP/1.1" 301 0 "-" "Mozilla/5.0 (compatible; Googlebot/2.1; +http://www.google.com/bot.html)"
66.249.75.4 - - [29/Apr/2026:04:20:02 +0200] "GET /items/L545444900/ HTTP/1.1" 301 0 "-" "Mozilla/5.0 (compatible; Googlebot/2.1; +http://www.google.com/bot.html)"
66.249.72.37 - - [29/Apr/2026:04:20:03 +0200] "GET /items/L545444900/ HTTP/1.1" 404 100283 "-" "Mozilla/5.0 (compatible; Googlebot/2.1; +http://www.google.com/bot.html)"
57.141.20.53 - - [29/Apr/2026:04:20:03 +0200] "GET /?g=192203299gh5r HTTP/1.1" 200 162183 "-" "meta-externalagent/1.1 (+https://developers.facebook.com/docs/sharing/webmasters/crawler)"
66.249.72.36 - - [29/Apr/2026:04:20:09 +0200] "GET /items/V492975936/ HTTP/1.1" 404 100283 "-" "Mozilla/5.0 (compatible; Googlebot/2.1; +http://www.google.com/bot.html)"
109.234.166.131 - - [29/Apr/2026:04:20:17 +0200] "POST /wp-cron.php?doing_wp_cron=1777429217.4750859737396240234375 HTTP/1.1" 200 0 "-" "WordPress/6.9.4; https://marc-morin.ch"
66.249.75.4 - - [29/Apr/2026:04:20:20 +0200] "GET /items/O885226214/ HTTP/1.1" 301 0 "-" "Mozilla/5.0 (Linux; Android 6.0.1; Nexus 5X Build/MMB29P) AppleWebKit/537.36 (KHTML, like Gecko) Chrome/147.0.7727.116 Mobile Safari/537.36 (compatible; Googlebot/2.1; +http://www.google.com/bot.html)"
