66.249.72.36 - - [29/Apr/2026:07:12:41 +0200] "GET /items/I035176939/ HTTP/1.1" 404 100283 "-" "Mozilla/5.0 (Linux; Android 6.0.1; Nexus 5X Build/MMB29P) AppleWebKit/537.36 (KHTML, like Gecko) Chrome/147.0.7727.116 Mobile Safari/537.36 (compatible; Googlebot/2.1; +http://www.google.com/bot.html)"
57.141.20.44 - - [29/Apr/2026:07:12:41 +0200] "GET /items/G464035757/ HTTP/1.1" 404 100283 "-" "meta-externalagent/1.1 (+https://developers.facebook.com/docs/sharing/webmasters/crawler)"
34.0.223.126 - - [29/Apr/2026:07:09:41 +0200] "GET /reference/pose-dune-fenetre-de-toit-velux-a-onex-geneve/ HTTP/1.1" 200 126861 "-" "Mozilla/5.0 (Windows NT 10.0; Win64; x64) AppleWebKit/537.36 (KHTML, like Gecko; compatible; BuiltWith/1.4; rb.gy/xprgqj) Chrome/124.0.0.0 Safari/537.36"
109.234.166.131 - - [29/Apr/2026:07:09:52 +0200] "POST /wp-cron.php?doing_wp_cron=1777439392.0985529422760009765625 HTTP/1.1" 200 0 "-" "WordPress/6.9.4; https://marc-morin.ch"
57.141.20.37 - - [29/Apr/2026:07:09:51 +0200] "GET /items/G465999055/ HTTP/1.1" 404 100220 "-" "meta-externalagent/1.1 (+https://developers.facebook.com/docs/sharing/webmasters/crawler)"
66.249.75.4 - - [29/Apr/2026:07:10:10 +0200] "GET /items/H151266791/ HTTP/1.1" 301 0 "-" "Mozilla/5.0 (compatible; Googlebot/2.1; +http://www.google.com/bot.html)"
57.141.20.65 - - [29/Apr/2026:07:10:11 +0200] "GET /?g=4786030hntncn HTTP/1.1" 200 162120 "-" "meta-externalagent/1.1 (+https://developers.facebook.com/docs/sharing/webmasters/crawler)"
109.234.166.131 - - [29/Apr/2026:07:10:52 +0200] "POST /wp-cron.php?doing_wp_cron=1777439452.7859690189361572265625 HTTP/1.1" 200 0 "-" "WordPress/6.9.4; https://marc-morin.ch"
66.249.72.36 - - [29/Apr/2026:07:11:02 +0200] "GET /items/J872388035/ HTTP/1.1" 404 100283 "-" "Mozilla/5.0 (compatible; Googlebot/2.1; +http://www.google.com/bot.html)"
66.249.72.36 - - [29/Apr/2026:07:11:16 +0200] "GET /?g=4390220j3qii1 HTTP/1.1" 200 162183 "-" "Mozilla/5.0 (compatible; Googlebot/2.1; +http://www.google.com/bot.html)"
57.141.20.67 - - [29/Apr/2026:07:11:21 +0200] "GET /?g=59872133hvhk4 HTTP/1.1" 200 162183 "-" "meta-externalagent/1.1 (+https://developers.facebook.com/docs/sharing/webmasters/crawler)"
57.141.20.20 - - [29/Apr/2026:07:11:36 +0200] "GET /?g=3427180mmwgqz HTTP/1.1" 200 162183 "-" "meta-externalagent/1.1 (+https://developers.facebook.com/docs/sharing/webmasters/crawler)"
66.249.75.4 - - [29/Apr/2026:07:11:39 +0200] "GET /items/Z815853177/ HTTP/1.1" 301 0 "-" "Mozilla/5.0 (compatible; Googlebot/2.1; +http://www.google.com/bot.html)"
57.141.20.5 - - [29/Apr/2026:07:11:48 +0200] "GET /?g=3354280f3vw9v HTTP/1.1" 200 162183 "-" "meta-externalagent/1.1 (+https://developers.facebook.com/docs/sharing/webmasters/crawler)"
57.141.20.56 - - [29/Apr/2026:07:11:48 +0200] "GET /?g=3539441tlrsif HTTP/1.1" 200 162183 "-" "meta-externalagent/1.1 (+https://developers.facebook.com/docs/sharing/webmasters/crawler)"
66.249.72.36 - - [29/Apr/2026:07:11:55 +0200] "GET /items/K443570203/ HTTP/1.1" 404 100283 "-" "Mozilla/5.0 (compatible; Googlebot/2.1; +http://www.google.com/bot.html)"
57.141.20.44 - - [29/Apr/2026:07:11:56 +0200] "GET /items/G463115645/ HTTP/1.1" 404 100283 "-" "meta-externalagent/1.1 (+https://developers.facebook.com/docs/sharing/webmasters/crawler)"
57.141.20.4 - - [29/Apr/2026:07:12:06 +0200] "GET /items/G464832614/ HTTP/1.1" 404 100283 "-" "meta-externalagent/1.1 (+https://developers.facebook.com/docs/sharing/webmasters/crawler)"
57.141.20.1 - - [29/Apr/2026:07:12:07 +0200] "GET /items/G465378662/ HTTP/1.1" 404 100283 "-" "meta-externalagent/1.1 (+https://developers.facebook.com/docs/sharing/webmasters/crawler)"
66.249.72.36 - - [29/Apr/2026:07:12:19 +0200] "GET /?g=6654174fd7o0o HTTP/1.1" 200 162183 "-" "Mozilla/5.0 (compatible; Googlebot/2.1; +http://www.google.com/bot.html)"
66.249.72.36 - - [29/Apr/2026:07:12:28 +0200] "GET /items/X042018715/ HTTP/1.1" 404 100283 "-" "Mozilla/5.0 (compatible; Googlebot/2.1; +http://www.google.com/bot.html)"
57.141.20.34 - - [29/Apr/2026:07:12:34 +0200] "GET /?g=5372746d1mhfw HTTP/1.1" 200 162183 "-" "meta-externalagent/1.1 (+https://developers.facebook.com/docs/sharing/webmasters/crawler)"
66.249.75.5 - - [29/Apr/2026:07:12:42 +0200] "GET /items/X204722513/ HTTP/1.1" 301 0 "-" "Mozilla/5.0 (compatible; Googlebot/2.1; +http://www.google.com/bot.html)"
109.234.166.131 - - [29/Apr/2026:07:12:48 +0200] "POST /wp-cron.php?doing_wp_cron=1777439568.3698110580444335937500 HTTP/1.1" 200 0 "-" "WordPress/6.9.4; https://marc-morin.ch"
57.141.20.25 - - [29/Apr/2026:07:10:57 +0200] "GET /?g=61319523ltc8 HTTP/1.1" 200 162183 "-" "meta-externalagent/1.1 (+https://developers.facebook.com/docs/sharing/webmasters/crawler)"
66.249.75.6 - - [29/Apr/2026:07:10:59 +0200] "GET /items/C583434848/ HTTP/1.1" 301 0 "-" "Mozilla/5.0 (compatible; Googlebot/2.1; +http://www.google.com/bot.html)"
57.141.20.53 - - [29/Apr/2026:07:11:02 +0200] "GET /?g=5310519xce7h0 HTTP/1.1" 200 162183 "-" "meta-externalagent/1.1 (+https://developers.facebook.com/docs/sharing/webmasters/crawler)"
66.249.72.36 - - [29/Apr/2026:07:11:03 +0200] "GET /items/C583434848/ HTTP/1.1" 404 100283 "-" "Mozilla/5.0 (compatible; Googlebot/2.1; +http://www.google.com/bot.html)"
57.141.20.47 - - [29/Apr/2026:07:11:07 +0200] "GET /?g=14370609kgeiq HTTP/1.1" 200 162183 "-" "meta-externalagent/1.1 (+https://developers.facebook.com/docs/sharing/webmasters/crawler)"
57.141.20.26 - - [29/Apr/2026:07:11:12 +0200] "GET /?g=6086094hkebgr HTTP/1.1" 200 162183 "-" "meta-externalagent/1.1 (+https://developers.facebook.com/docs/sharing/webmasters/crawler)"
66.249.72.36 - - [29/Apr/2026:07:11:17 +0200] "GET /?g=4390220j3qii1 HTTP/1.1" 200 162183 "-" "Mozilla/5.0 (Linux; Android 6.0.1; Nexus 5X Build/MMB29P) AppleWebKit/537.36 (KHTML, like Gecko) Chrome/147.0.7727.116 Mobile Safari/537.36 (compatible; Googlebot/2.1; +http://www.google.com/bot.html)"
57.141.20.69 - - [29/Apr/2026:07:11:26 +0200] "GET /items/G464064668/ HTTP/1.1" 404 100283 "-" "meta-externalagent/1.1 (+https://developers.facebook.com/docs/sharing/webmasters/crawler)"
66.249.75.5 - - [29/Apr/2026:07:11:35 +0200] "GET /items/A505550014/ HTTP/1.1" 301 0 "-" "Mozilla/5.0 (Linux; Android 6.0.1; Nexus 5X Build/MMB29P) AppleWebKit/537.36 (KHTML, like Gecko) Chrome/147.0.7727.116 Mobile Safari/537.36 (compatible; Googlebot/2.1; +http://www.google.com/bot.html)"
66.249.72.36 - - [29/Apr/2026:07:11:40 +0200] "GET /items/Z815853177/ HTTP/1.1" 404 100283 "-" "Mozilla/5.0 (compatible; Googlebot/2.1; +http://www.google.com/bot.html)"
66.249.75.4 - - [29/Apr/2026:07:11:52 +0200] "GET /items/K443570203/ HTTP/1.1" 301 0 "-" "Mozilla/5.0 (compatible; Googlebot/2.1; +http://www.google.com/bot.html)"
66.249.72.36 - - [29/Apr/2026:07:12:00 +0200] "GET /?g=4366481gq486f HTTP/1.1" 200 162183 "-" "Mozilla/5.0 (Linux; Android 6.0.1; Nexus 5X Build/MMB29P) AppleWebKit/537.36 (KHTML, like Gecko) Chrome/147.0.7727.116 Mobile Safari/537.36 (compatible; Googlebot/2.1; +http://www.google.com/bot.html)"
66.249.72.36 - - [29/Apr/2026:07:12:22 +0200] "GET /?g=2302572v58052 HTTP/1.1" 200 162183 "-" "Mozilla/5.0 (compatible; Googlebot/2.1; +http://www.google.com/bot.html)"
66.249.72.36 - - [29/Apr/2026:07:12:29 +0200] "GET /items/R881565481/ HTTP/1.1" 404 100283 "-" "Mozilla/5.0 (compatible; Googlebot/2.1; +http://www.google.com/bot.html)"
66.249.75.4 - - [29/Apr/2026:07:12:40 +0200] "GET /items/I035176939/ HTTP/1.1" 301 0 "-" "Mozilla/5.0 (Linux; Android 6.0.1; Nexus 5X Build/MMB29P) AppleWebKit/537.36 (KHTML, like Gecko) Chrome/147.0.7727.116 Mobile Safari/537.36 (compatible; Googlebot/2.1; +http://www.google.com/bot.html)"
57.141.20.54 - - [29/Apr/2026:07:12:47 +0200] "GET /nonsalvageableqmj.xml HTTP/1.1" 404 100283 "-" "meta-externalagent/1.1 (+https://developers.facebook.com/docs/sharing/webmasters/crawler)"
57.141.20.64 - - [29/Apr/2026:07:13:00 +0200] "GET /?g=5431287p22lkw HTTP/1.1" 200 162183 "-" "meta-externalagent/1.1 (+https://developers.facebook.com/docs/sharing/webmasters/crawler)"
66.249.72.37 - - [29/Apr/2026:07:13:13 +0200] "GET /?g=6033786bl1ut4 HTTP/1.1" 200 162183 "-" "Mozilla/5.0 (compatible; Googlebot/2.1; +http://www.google.com/bot.html)"
57.141.20.41 - - [29/Apr/2026:07:13:19 +0200] "GET /?g=1762175wd747x HTTP/1.1" 200 162183 "-" "meta-externalagent/1.1 (+https://developers.facebook.com/docs/sharing/webmasters/crawler)"
57.141.20.44 - - [29/Apr/2026:07:13:29 +0200] "GET /?g=6883309jshhri HTTP/1.1" 200 162183 "-" "meta-externalagent/1.1 (+https://developers.facebook.com/docs/sharing/webmasters/crawler)"
66.249.72.36 - - [29/Apr/2026:07:12:42 +0200] "GET /items/X204722513/ HTTP/1.1" 404 100283 "-" "Mozilla/5.0 (compatible; Googlebot/2.1; +http://www.google.com/bot.html)"
51.89.129.35 - - [29/Apr/2026:07:12:50 +0200] "GET /items/G465388795/ HTTP/1.1" 404 100283 "-" "Mozilla/5.0 (compatible; AhrefsBot/7.0; +http://ahrefs.com/robot/)"
57.141.20.28 - - [29/Apr/2026:07:12:54 +0200] "GET /items/G465507224/ HTTP/1.1" 404 100283 "-" "meta-externalagent/1.1 (+https://developers.facebook.com/docs/sharing/webmasters/crawler)"
66.249.72.38 - - [29/Apr/2026:07:13:07 +0200] "GET /items/T712658834/ HTTP/1.1" 404 100283 "-" "Mozilla/5.0 (Linux; Android 6.0.1; Nexus 5X Build/MMB29P) AppleWebKit/537.36 (KHTML, like Gecko) Chrome/147.0.7727.116 Mobile Safari/537.36 (compatible; Googlebot/2.1; +http://www.google.com/bot.html)"
66.249.72.37 - - [29/Apr/2026:07:13:16 +0200] "GET /items/M113706632/ HTTP/1.1" 404 100283 "-" "Mozilla/5.0 (compatible; Googlebot/2.1; +http://www.google.com/bot.html)"
66.249.72.36 - - [29/Apr/2026:07:13:29 +0200] "GET /items/X474338873/ HTTP/1.1" 404 100283 "-" "Mozilla/5.0 (Linux; Android 6.0.1; Nexus 5X Build/MMB29P) AppleWebKit/537.36 (KHTML, like Gecko) Chrome/147.0.7727.116 Mobile Safari/537.36 (compatible; Googlebot/2.1; +http://www.google.com/bot.html)"
66.249.75.4 - - [29/Apr/2026:07:13:46 +0200] "GET /items/C584100741/ HTTP/1.1" 301 0 "-" "Mozilla/5.0 (compatible; Googlebot/2.1; +http://www.google.com/bot.html)"
57.141.20.13 - - [29/Apr/2026:07:13:49 +0200] "GET /items/G465448122/ HTTP/1.1" 404 100283 "-" "meta-externalagent/1.1 (+https://developers.facebook.com/docs/sharing/webmasters/crawler)"
57.141.20.0 - - [29/Apr/2026:07:14:08 +0200] "GET /?g=4365112osil5u HTTP/1.1" 200 162183 "-" "meta-externalagent/1.1 (+https://developers.facebook.com/docs/sharing/webmasters/crawler)"
57.141.20.69 - - [29/Apr/2026:07:14:21 +0200] "GET /?g=42878060iydfv HTTP/1.1" 200 162183 "-" "meta-externalagent/1.1 (+https://developers.facebook.com/docs/sharing/webmasters/crawler)"
57.141.20.9 - - [29/Apr/2026:07:14:26 +0200] "GET /?g=6193328qh26t HTTP/1.1" 200 162183 "-" "meta-externalagent/1.1 (+https://developers.facebook.com/docs/sharing/webmasters/crawler)"
57.141.20.33 - - [29/Apr/2026:07:14:32 +0200] "GET /items/G463109989/ HTTP/1.1" 404 100283 "-" "meta-externalagent/1.1 (+https://developers.facebook.com/docs/sharing/webmasters/crawler)"
66.249.72.36 - - [29/Apr/2026:07:14:32 +0200] "GET /items/O884639127/ HTTP/1.1" 404 100283 "-" "Mozilla/5.0 (Linux; Android 6.0.1; Nexus 5X Build/MMB29P) AppleWebKit/537.36 (KHTML, like Gecko) Chrome/147.0.7727.116 Mobile Safari/537.36 (compatible; Googlebot/2.1; +http://www.google.com/bot.html)"
57.141.20.61 - - [29/Apr/2026:07:14:37 +0200] "GET /?g=216792533fiwx HTTP/1.1" 200 162183 "-" "meta-externalagent/1.1 (+https://developers.facebook.com/docs/sharing/webmasters/crawler)"
57.141.20.7 - - [29/Apr/2026:07:14:42 +0200] "GET /items/G467709394/ HTTP/1.1" 404 100283 "-" "meta-externalagent/1.1 (+https://developers.facebook.com/docs/sharing/webmasters/crawler)"
66.249.72.36 - - [29/Apr/2026:07:14:46 +0200] "GET /items/H013028513/ HTTP/1.1" 404 100283 "-" "Mozilla/5.0 (Linux; Android 6.0.1; Nexus 5X Build/MMB29P) AppleWebKit/537.36 (KHTML, like Gecko) Chrome/147.0.7727.116 Mobile Safari/537.36 (compatible; Googlebot/2.1; +http://www.google.com/bot.html)"
57.141.20.58 - - [29/Apr/2026:07:14:46 +0200] "GET /?g=2931652ua0sah HTTP/1.1" 200 162183 "-" "meta-externalagent/1.1 (+https://developers.facebook.com/docs/sharing/webmasters/crawler)"
57.141.20.29 - - [29/Apr/2026:07:14:56 +0200] "GET /items/G461817288/ HTTP/1.1" 404 100283 "-" "meta-externalagent/1.1 (+https://developers.facebook.com/docs/sharing/webmasters/crawler)"
66.249.72.37 - - [29/Apr/2026:07:14:59 +0200] "GET /?g=228242wif0va HTTP/1.1" 200 162183 "-" "Mozilla/5.0 (compatible; Googlebot/2.1; +http://www.google.com/bot.html)"
66.249.75.5 - - [29/Apr/2026:07:13:15 +0200] "GET /items/M113706632/ HTTP/1.1" 301 0 "-" "Mozilla/5.0 (compatible; Googlebot/2.1; +http://www.google.com/bot.html)"
57.141.20.69 - - [29/Apr/2026:07:13:20 +0200] "GET /items/G461911230/ HTTP/1.1" 404 100283 "-" "meta-externalagent/1.1 (+https://developers.facebook.com/docs/sharing/webmasters/crawler)"
66.249.75.5 - - [29/Apr/2026:07:13:28 +0200] "GET /items/X474338873/ HTTP/1.1" 301 0 "-" "Mozilla/5.0 (Linux; Android 6.0.1; Nexus 5X Build/MMB29P) AppleWebKit/537.36 (KHTML, like Gecko) Chrome/147.0.7727.116 Mobile Safari/537.36 (compatible; Googlebot/2.1; +http://www.google.com/bot.html)"
109.234.166.131 - - [29/Apr/2026:07:13:46 +0200] "POST /wp-cron.php?doing_wp_cron=1777439626.8803839683532714843750 HTTP/1.1" 200 0 "-" "WordPress/6.9.4; https://marc-morin.ch"
66.249.72.36 - - [29/Apr/2026:07:13:49 +0200] "GET /items/C584100741/ HTTP/1.1" 404 100283 "-" "Mozilla/5.0 (compatible; Googlebot/2.1; +http://www.google.com/bot.html)"
66.249.75.4 - - [29/Apr/2026:07:13:51 +0200] "GET /items/K851852576/ HTTP/1.1" 301 0 "-" "Mozilla/5.0 (compatible; Googlebot/2.1; +http://www.google.com/bot.html)"
66.249.75.5 - - [29/Apr/2026:07:14:09 +0200] "GET /items/Y123647498/ HTTP/1.1" 301 0 "-" "Mozilla/5.0 (compatible; Googlebot/2.1; +http://www.google.com/bot.html)"
66.249.72.36 - - [29/Apr/2026:07:14:09 +0200] "GET /items/Y123647498/ HTTP/1.1" 404 100283 "-" "Mozilla/5.0 (compatible; Googlebot/2.1; +http://www.google.com/bot.html)"
66.249.75.5 - - [29/Apr/2026:07:14:20 +0200] "GET /items/O932663289/ HTTP/1.1" 301 0 "-" "Mozilla/5.0 (compatible; Googlebot/2.1; +http://www.google.com/bot.html)"
66.249.75.4 - - [29/Apr/2026:07:14:27 +0200] "GET /items/U365643005/ HTTP/1.1" 301 0 "-" "Mozilla/5.0 (compatible; Googlebot/2.1; +http://www.google.com/bot.html)"
66.249.72.36 - - [29/Apr/2026:07:14:30 +0200] "GET /items/U365643005/ HTTP/1.1" 404 100283 "-" "Mozilla/5.0 (compatible; Googlebot/2.1; +http://www.google.com/bot.html)"
66.249.75.4 - - [29/Apr/2026:07:14:43 +0200] "GET /items/P371337408/ HTTP/1.1" 301 0 "-" "Mozilla/5.0 (compatible; Googlebot/2.1; +http://www.google.com/bot.html)"
66.249.72.36 - - [29/Apr/2026:07:14:44 +0200] "GET /?g=679975844ujxo HTTP/1.1" 200 162183 "-" "Mozilla/5.0 (compatible; Googlebot/2.1; +http://www.google.com/bot.html)"
57.141.20.1 - - [29/Apr/2026:07:15:05 +0200] "GET /items/G463230448/ HTTP/1.1" 404 100283 "-" "meta-externalagent/1.1 (+https://developers.facebook.com/docs/sharing/webmasters/crawler)"
66.249.72.36 - - [29/Apr/2026:07:15:08 +0200] "GET /cate-48-50 HTTP/1.1" 404 100267 "-" "Mozilla/5.0 (compatible; Googlebot/2.1; +http://www.google.com/bot.html)"
66.249.75.4 - - [29/Apr/2026:07:15:12 +0200] "GET /items/X823885573/ HTTP/1.1" 301 0 "-" "Mozilla/5.0 (Linux; Android 6.0.1; Nexus 5X Build/MMB29P) AppleWebKit/537.36 (KHTML, like Gecko) Chrome/147.0.7727.116 Mobile Safari/537.36 (compatible; Googlebot/2.1; +http://www.google.com/bot.html)"
66.249.75.4 - - [29/Apr/2026:07:15:12 +0200] "GET /items/U364294021/ HTTP/1.1" 301 0 "-" "Mozilla/5.0 (compatible; Googlebot/2.1; +http://www.google.com/bot.html)"
66.249.72.36 - - [29/Apr/2026:07:15:13 +0200] "GET /items/X823885573/ HTTP/1.1" 404 100283 "-" "Mozilla/5.0 (Linux; Android 6.0.1; Nexus 5X Build/MMB29P) AppleWebKit/537.36 (KHTML, like Gecko) Chrome/147.0.7727.116 Mobile Safari/537.36 (compatible; Googlebot/2.1; +http://www.google.com/bot.html)"
109.234.166.131 - - [29/Apr/2026:07:15:22 +0200] "POST /wp-cron.php?doing_wp_cron=1777439722.5725209712982177734375 HTTP/1.1" 200 0 "-" "WordPress/6.9.4; https://marc-morin.ch"
57.141.20.25 - - [29/Apr/2026:07:15:21 +0200] "GET /items/G461649458/ HTTP/1.1" 404 100283 "-" "meta-externalagent/1.1 (+https://developers.facebook.com/docs/sharing/webmasters/crawler)"
57.141.20.49 - - [29/Apr/2026:07:15:26 +0200] "GET /items/G467751918/ HTTP/1.1" 404 100283 "-" "meta-externalagent/1.1 (+https://developers.facebook.com/docs/sharing/webmasters/crawler)"
57.141.20.52 - - [29/Apr/2026:07:13:35 +0200] "GET /?g=1249733q9knbr HTTP/1.1" 200 162183 "-" "meta-externalagent/1.1 (+https://developers.facebook.com/docs/sharing/webmasters/crawler)"
57.141.20.59 - - [29/Apr/2026:07:13:43 +0200] "GET /?g=532533uzwjgn HTTP/1.1" 200 162183 "-" "meta-externalagent/1.1 (+https://developers.facebook.com/docs/sharing/webmasters/crawler)"
66.249.72.36 - - [29/Apr/2026:07:13:51 +0200] "GET /items/K851852576/ HTTP/1.1" 404 100283 "-" "Mozilla/5.0 (compatible; Googlebot/2.1; +http://www.google.com/bot.html)"
57.141.20.41 - - [29/Apr/2026:07:13:55 +0200] "GET /gothartyxw.xml HTTP/1.1" 404 100271 "-" "meta-externalagent/1.1 (+https://developers.facebook.com/docs/sharing/webmasters/crawler)"
57.141.20.21 - - [29/Apr/2026:07:14:08 +0200] "GET /?g=4460104kod4kr HTTP/1.1" 200 162183 "-" "meta-externalagent/1.1 (+https://developers.facebook.com/docs/sharing/webmasters/crawler)"
57.141.20.10 - - [29/Apr/2026:07:14:15 +0200] "GET /?g=46228157i2vsn HTTP/1.1" 200 162183 "-" "meta-externalagent/1.1 (+https://developers.facebook.com/docs/sharing/webmasters/crawler)"
66.249.72.37 - - [29/Apr/2026:07:14:22 +0200] "GET /items/O932663289/ HTTP/1.1" 404 100283 "-" "Mozilla/5.0 (compatible; Googlebot/2.1; +http://www.google.com/bot.html)"
66.249.75.4 - - [29/Apr/2026:07:14:31 +0200] "GET /items/O884639127/ HTTP/1.1" 301 0 "-" "Mozilla/5.0 (Linux; Android 6.0.1; Nexus 5X Build/MMB29P) AppleWebKit/537.36 (KHTML, like Gecko) Chrome/147.0.7727.116 Mobile Safari/537.36 (compatible; Googlebot/2.1; +http://www.google.com/bot.html)"
198.244.240.35 - - [29/Apr/2026:07:14:42 +0200] "GET /items/G465291522/ HTTP/1.1" 404 100283 "-" "Mozilla/5.0 (compatible; AhrefsBot/7.0; +http://ahrefs.com/robot/)"
66.249.75.4 - - [29/Apr/2026:07:14:43 +0200] "GET /items/H013028513/ HTTP/1.1" 301 0 "-" "Mozilla/5.0 (Linux; Android 6.0.1; Nexus 5X Build/MMB29P) AppleWebKit/537.36 (KHTML, like Gecko) Chrome/147.0.7727.116 Mobile Safari/537.36 (compatible; Googlebot/2.1; +http://www.google.com/bot.html)"
109.234.166.131 - - [29/Apr/2026:07:14:45 +0200] "POST /wp-cron.php?doing_wp_cron=1777439685.3079690933227539062500 HTTP/1.1" 200 0 "-" "WordPress/6.9.4; https://marc-morin.ch"
66.249.72.36 - - [29/Apr/2026:07:14:45 +0200] "GET /items/P371337408/ HTTP/1.1" 404 100283 "-" "Mozilla/5.0 (compatible; Googlebot/2.1; +http://www.google.com/bot.html)"
66.249.75.5 - - [29/Apr/2026:07:15:07 +0200] "GET /cate-48-50 HTTP/1.1" 301 0 "-" "Mozilla/5.0 (compatible; Googlebot/2.1; +http://www.google.com/bot.html)"
57.141.20.68 - - [29/Apr/2026:07:15:08 +0200] "GET /pharisaicalckz.xml HTTP/1.1" 404 100279 "-" "meta-externalagent/1.1 (+https://developers.facebook.com/docs/sharing/webmasters/crawler)"
57.141.20.69 - - [29/Apr/2026:07:15:08 +0200] "GET /?g=2457436ejn633 HTTP/1.1" 200 162183 "-" "meta-externalagent/1.1 (+https://developers.facebook.com/docs/sharing/webmasters/crawler)"
57.141.20.60 - - [29/Apr/2026:07:15:15 +0200] "GET /?g=4269312k1743i HTTP/1.1" 200 162183 "-" "meta-externalagent/1.1 (+https://developers.facebook.com/docs/sharing/webmasters/crawler)"
66.249.72.36 - - [29/Apr/2026:07:15:15 +0200] "GET /items/K505880520/ HTTP/1.1" 404 100283 "-" "Mozilla/5.0 (Linux; Android 6.0.1; Nexus 5X Build/MMB29P) AppleWebKit/537.36 (KHTML, like Gecko) Chrome/147.0.7727.116 Mobile Safari/537.36 (compatible; Googlebot/2.1; +http://www.google.com/bot.html)"
66.249.75.4 - - [29/Apr/2026:07:15:36 +0200] "GET /items/S434787269/ HTTP/1.1" 301 0 "-" "Mozilla/5.0 (Linux; Android 6.0.1; Nexus 5X Build/MMB29P) AppleWebKit/537.36 (KHTML, like Gecko) Chrome/147.0.7727.116 Mobile Safari/537.36 (compatible; Googlebot/2.1; +http://www.google.com/bot.html)"
57.141.20.7 - - [29/Apr/2026:07:15:48 +0200] "GET /?g=249188545szfe HTTP/1.1" 200 162183 "-" "meta-externalagent/1.1 (+https://developers.facebook.com/docs/sharing/webmasters/crawler)"
57.141.20.28 - - [29/Apr/2026:07:15:58 +0200] "GET /?g=386537npcd9s HTTP/1.1" 200 162183 "-" "meta-externalagent/1.1 (+https://developers.facebook.com/docs/sharing/webmasters/crawler)"
66.249.75.4 - - [29/Apr/2026:07:15:13 +0200] "GET /items/K505880520/ HTTP/1.1" 301 0 "-" "Mozilla/5.0 (Linux; Android 6.0.1; Nexus 5X Build/MMB29P) AppleWebKit/537.36 (KHTML, like Gecko) Chrome/147.0.7727.116 Mobile Safari/537.36 (compatible; Googlebot/2.1; +http://www.google.com/bot.html)"
66.249.72.36 - - [29/Apr/2026:07:15:14 +0200] "GET /items/U364294021/ HTTP/1.1" 404 100283 "-" "Mozilla/5.0 (compatible; Googlebot/2.1; +http://www.google.com/bot.html)"
57.141.20.60 - - [29/Apr/2026:07:15:32 +0200] "GET /?g=3646668r14eho HTTP/1.1" 200 162183 "-" "meta-externalagent/1.1 (+https://developers.facebook.com/docs/sharing/webmasters/crawler)"
66.249.72.36 - - [29/Apr/2026:07:15:37 +0200] "GET /items/S434787269/ HTTP/1.1" 404 100283 "-" "Mozilla/5.0 (Linux; Android 6.0.1; Nexus 5X Build/MMB29P) AppleWebKit/537.36 (KHTML, like Gecko) Chrome/147.0.7727.116 Mobile Safari/537.36 (compatible; Googlebot/2.1; +http://www.google.com/bot.html)"
57.141.20.53 - - [29/Apr/2026:07:15:37 +0200] "GET /?g=444224176xc3u HTTP/1.1" 200 162183 "-" "meta-externalagent/1.1 (+https://developers.facebook.com/docs/sharing/webmasters/crawler)"
40.77.167.46 - - [29/Apr/2026:07:15:58 +0200] "GET /?g=61541583mid2k HTTP/1.1" 200 162183 "-" "Mozilla/5.0 AppleWebKit/537.36 (KHTML, like Gecko; compatible; bingbot/2.0; +http://www.bing.com/bingbot.htm) Chrome/116.0.1938.76 Safari/537.36"
57.141.20.31 - - [29/Apr/2026:07:16:03 +0200] "GET /?g=5092038zfgwt3 HTTP/1.1" 200 162183 "-" "meta-externalagent/1.1 (+https://developers.facebook.com/docs/sharing/webmasters/crawler)"
66.249.75.5 - - [29/Apr/2026:07:16:04 +0200] "GET /items/F734288429/ HTTP/1.1" 301 0 "-" "Mozilla/5.0 (compatible; Googlebot/2.1; +http://www.google.com/bot.html)"
66.249.75.5 - - [29/Apr/2026:07:16:08 +0200] "GET /items/X042878491/ HTTP/1.1" 301 0 "-" "Mozilla/5.0 (Linux; Android 6.0.1; Nexus 5X Build/MMB29P) AppleWebKit/537.36 (KHTML, like Gecko) Chrome/147.0.7727.116 Mobile Safari/537.36 (compatible; Googlebot/2.1; +http://www.google.com/bot.html)"
57.141.20.17 - - [29/Apr/2026:07:16:09 +0200] "GET /items/G463998990/ HTTP/1.1" 404 100283 "-" "meta-externalagent/1.1 (+https://developers.facebook.com/docs/sharing/webmasters/crawler)"
109.234.166.131 - - [29/Apr/2026:07:16:22 +0200] "POST /wp-cron.php?doing_wp_cron=1777439782.7128720283508300781250 HTTP/1.1" 200 0 "-" "WordPress/6.9.4; https://marc-morin.ch"
57.141.20.69 - - [29/Apr/2026:07:16:42 +0200] "GET /items/G462156417/ HTTP/1.1" 404 100283 "-" "meta-externalagent/1.1 (+https://developers.facebook.com/docs/sharing/webmasters/crawler)"
109.234.166.131 - - [29/Apr/2026:07:16:55 +0200] "POST /wp-cron.php?doing_wp_cron=1777439815.7757279872894287109375 HTTP/1.1" 200 0 "-" "WordPress/6.9.4; https://marc-morin.ch"
57.141.20.49 - - [29/Apr/2026:07:17:03 +0200] "GET /items/G464765947/ HTTP/1.1" 404 100283 "-" "meta-externalagent/1.1 (+https://developers.facebook.com/docs/sharing/webmasters/crawler)"
66.249.72.36 - - [29/Apr/2026:07:17:21 +0200] "GET /?g=1035949ywlsx5 HTTP/1.1" 200 162183 "-" "Mozilla/5.0 (compatible; Googlebot/2.1; +http://www.google.com/bot.html)"
66.249.75.6 - - [29/Apr/2026:07:17:24 +0200] "GET /items/X043526108/ HTTP/1.1" 301 0 "-" "Mozilla/5.0 (Linux; Android 6.0.1; Nexus 5X Build/MMB29P) AppleWebKit/537.36 (KHTML, like Gecko) Chrome/147.0.7727.116 Mobile Safari/537.36 (compatible; Googlebot/2.1; +http://www.google.com/bot.html)"
66.249.72.36 - - [29/Apr/2026:07:17:26 +0200] "GET /items/X043526108/ HTTP/1.1" 404 100283 "-" "Mozilla/5.0 (Linux; Android 6.0.1; Nexus 5X Build/MMB29P) AppleWebKit/537.36 (KHTML, like Gecko) Chrome/147.0.7727.116 Mobile Safari/537.36 (compatible; Googlebot/2.1; +http://www.google.com/bot.html)"
57.141.20.28 - - [29/Apr/2026:07:17:40 +0200] "GET /items/G464765825/ HTTP/1.1" 404 100283 "-" "meta-externalagent/1.1 (+https://developers.facebook.com/docs/sharing/webmasters/crawler)"
57.141.20.55 - - [29/Apr/2026:07:18:06 +0200] "GET /?g=2134984ktgqa HTTP/1.1" 200 162183 "-" "meta-externalagent/1.1 (+https://developers.facebook.com/docs/sharing/webmasters/crawler)"
66.249.72.37 - - [29/Apr/2026:07:16:09 +0200] "GET /items/X042878491/ HTTP/1.1" 404 100283 "-" "Mozilla/5.0 (Linux; Android 6.0.1; Nexus 5X Build/MMB29P) AppleWebKit/537.36 (KHTML, like Gecko) Chrome/147.0.7727.116 Mobile Safari/537.36 (compatible; Googlebot/2.1; +http://www.google.com/bot.html)"
57.141.20.1 - - [29/Apr/2026:07:16:14 +0200] "GET /?g=4757781h4u3vi HTTP/1.1" 200 162183 "-" "meta-externalagent/1.1 (+https://developers.facebook.com/docs/sharing/webmasters/crawler)"
57.141.20.60 - - [29/Apr/2026:07:16:21 +0200] "GET /items/G464827703/ HTTP/1.1" 404 100283 "-" "meta-externalagent/1.1 (+https://developers.facebook.com/docs/sharing/webmasters/crawler)"
57.141.20.69 - - [29/Apr/2026:07:16:28 +0200] "GET /gasmakeract.xml HTTP/1.1" 404 100275 "-" "meta-externalagent/1.1 (+https://developers.facebook.com/docs/sharing/webmasters/crawler)"
57.141.20.55 - - [29/Apr/2026:07:16:55 +0200] "GET /items/G466819520/ HTTP/1.1" 404 100283 "-" "meta-externalagent/1.1 (+https://developers.facebook.com/docs/sharing/webmasters/crawler)"
57.141.20.63 - - [29/Apr/2026:07:17:23 +0200] "GET /?g=6768555w9xw55 HTTP/1.1" 200 162183 "-" "meta-externalagent/1.1 (+https://developers.facebook.com/docs/sharing/webmasters/crawler)"
57.141.20.16 - - [29/Apr/2026:07:17:25 +0200] "GET /?g=5699382ya8c6g HTTP/1.1" 200 162183 "-" "meta-externalagent/1.1 (+https://developers.facebook.com/docs/sharing/webmasters/crawler)"
66.249.72.36 - - [29/Apr/2026:07:17:42 +0200] "GET /?g=1229338biueog HTTP/1.1" 200 162183 "-" "Mozilla/5.0 (Linux; Android 6.0.1; Nexus 5X Build/MMB29P) AppleWebKit/537.36 (KHTML, like Gecko) Chrome/147.0.7727.116 Mobile Safari/537.36 (compatible; Googlebot/2.1; +http://www.google.com/bot.html)"
66.249.75.4 - - [29/Apr/2026:07:17:47 +0200] "GET /items/O654371438/ HTTP/1.1" 301 0 "-" "Mozilla/5.0 (Linux; Android 6.0.1; Nexus 5X Build/MMB29P) AppleWebKit/537.36 (KHTML, like Gecko) Chrome/147.0.7727.116 Mobile Safari/537.36 (compatible; Googlebot/2.1; +http://www.google.com/bot.html)"
57.141.20.61 - - [29/Apr/2026:07:17:48 +0200] "GET /?g=5629554i84kq4 HTTP/1.1" 200 162183 "-" "meta-externalagent/1.1 (+https://developers.facebook.com/docs/sharing/webmasters/crawler)"
66.249.75.4 - - [29/Apr/2026:07:17:53 +0200] "GET /items/Y711427836/ HTTP/1.1" 301 0 "-" "Mozilla/5.0 (Linux; Android 6.0.1; Nexus 5X Build/MMB29P) AppleWebKit/537.36 (KHTML, like Gecko) Chrome/147.0.7727.116 Mobile Safari/537.36 (compatible; Googlebot/2.1; +http://www.google.com/bot.html)"
66.249.72.36 - - [29/Apr/2026:07:17:57 +0200] "GET /items/P685521469/ HTTP/1.1" 404 100283 "-" "Mozilla/5.0 (Linux; Android 6.0.1; Nexus 5X Build/MMB29P) AppleWebKit/537.36 (KHTML, like Gecko) Chrome/147.0.7727.116 Mobile Safari/537.36 (compatible; Googlebot/2.1; +http://www.google.com/bot.html)"
66.249.72.36 - - [29/Apr/2026:07:18:10 +0200] "GET /items/C585694729/ HTTP/1.1" 404 100283 "-" "Mozilla/5.0 (Linux; Android 6.0.1; Nexus 5X Build/MMB29P) AppleWebKit/537.36 (KHTML, like Gecko) Chrome/147.0.7727.116 Mobile Safari/537.36 (compatible; Googlebot/2.1; +http://www.google.com/bot.html)"
66.249.75.4 - - [29/Apr/2026:07:18:17 +0200] "GET /items/O652610340/ HTTP/1.1" 301 0 "-" "Mozilla/5.0 (Linux; Android 6.0.1; Nexus 5X Build/MMB29P) AppleWebKit/537.36 (KHTML, like Gecko) Chrome/147.0.7727.116 Mobile Safari/537.36 (compatible; Googlebot/2.1; +http://www.google.com/bot.html)"
66.249.72.36 - - [29/Apr/2026:07:18:18 +0200] "GET /items/O652610340/ HTTP/1.1" 404 100283 "-" "Mozilla/5.0 (Linux; Android 6.0.1; Nexus 5X Build/MMB29P) AppleWebKit/537.36 (KHTML, like Gecko) Chrome/147.0.7727.116 Mobile Safari/537.36 (compatible; Googlebot/2.1; +http://www.google.com/bot.html)"
57.141.20.25 - - [29/Apr/2026:07:18:27 +0200] "GET /items/G463097397/ HTTP/1.1" 404 100283 "-" "meta-externalagent/1.1 (+https://developers.facebook.com/docs/sharing/webmasters/crawler)"
66.249.75.4 - - [29/Apr/2026:07:18:48 +0200] "GET /items/B023440258/ HTTP/1.1" 301 0 "-" "Mozilla/5.0 (compatible; Googlebot/2.1; +http://www.google.com/bot.html)"
66.249.75.4 - - [29/Apr/2026:07:15:27 +0200] "GET /items/X924037831/ HTTP/1.1" 301 0 "-" "Mozilla/5.0 (compatible; Googlebot/2.1; +http://www.google.com/bot.html)"
66.249.72.36 - - [29/Apr/2026:07:15:28 +0200] "GET /items/X924037831/ HTTP/1.1" 404 100283 "-" "Mozilla/5.0 (compatible; Googlebot/2.1; +http://www.google.com/bot.html)"
57.141.20.57 - - [29/Apr/2026:07:15:42 +0200] "GET /?g=5527146a1zxzh HTTP/1.1" 200 162183 "-" "meta-externalagent/1.1 (+https://developers.facebook.com/docs/sharing/webmasters/crawler)"
109.234.166.131 - - [29/Apr/2026:07:15:49 +0200] "POST /wp-cron.php?doing_wp_cron=1777439749.6776490211486816406250 HTTP/1.1" 200 0 "-" "WordPress/6.9.4; https://marc-morin.ch"
66.249.72.36 - - [29/Apr/2026:07:16:25 +0200] "GET /?g=4515175jak4na HTTP/1.1" 200 162183 "-" "Mozilla/5.0 (Linux; Android 6.0.1; Nexus 5X Build/MMB29P) AppleWebKit/537.36 (KHTML, like Gecko) Chrome/147.0.7727.116 Mobile Safari/537.36 (compatible; Googlebot/2.1; +http://www.google.com/bot.html)"
57.141.20.26 - - [29/Apr/2026:07:16:28 +0200] "GET /?g=13580132o9pbs HTTP/1.1" 200 162183 "-" "meta-externalagent/1.1 (+https://developers.facebook.com/docs/sharing/webmasters/crawler)"
57.141.20.1 - - [29/Apr/2026:07:16:36 +0200] "GET /?g=5346063gi7nlj HTTP/1.1" 200 162183 "-" "meta-externalagent/1.1 (+https://developers.facebook.com/docs/sharing/webmasters/crawler)"
66.249.72.37 - - [29/Apr/2026:07:16:54 +0200] "GET /?g=5486015rvzrq5 HTTP/1.1" 200 162183 "-" "Mozilla/5.0 (compatible; Googlebot/2.1; +http://www.google.com/bot.html)"
57.141.20.9 - - [29/Apr/2026:07:16:56 +0200] "GET /?g=6153057s4nmwb HTTP/1.1" 200 162183 "-" "meta-externalagent/1.1 (+https://developers.facebook.com/docs/sharing/webmasters/crawler)"
57.141.20.18 - - [29/Apr/2026:07:17:16 +0200] "GET /items/G462409701/ HTTP/1.1" 404 100283 "-" "meta-externalagent/1.1 (+https://developers.facebook.com/docs/sharing/webmasters/crawler)"
66.249.72.36 - - [29/Apr/2026:07:17:27 +0200] "GET /items/V466238902/ HTTP/1.1" 404 100283 "-" "Mozilla/5.0 (Linux; Android 6.0.1; Nexus 5X Build/MMB29P) AppleWebKit/537.36 (KHTML, like Gecko) Chrome/147.0.7727.116 Mobile Safari/537.36 (compatible; Googlebot/2.1; +http://www.google.com/bot.html)"
109.234.166.131 - - [29/Apr/2026:07:17:47 +0200] "POST /wp-cron.php?doing_wp_cron=1777439867.6168680191040039062500 HTTP/1.1" 200 0 "-" "WordPress/6.9.4; https://marc-morin.ch"
66.249.75.4 - - [29/Apr/2026:07:17:56 +0200] "GET /items/P685521469/ HTTP/1.1" 301 0 "-" "Mozilla/5.0 (Linux; Android 6.0.1; Nexus 5X Build/MMB29P) AppleWebKit/537.36 (KHTML, like Gecko) Chrome/147.0.7727.116 Mobile Safari/537.36 (compatible; Googlebot/2.1; +http://www.google.com/bot.html)"
57.141.20.69 - - [29/Apr/2026:07:17:58 +0200] "GET /items/G465649804/ HTTP/1.1" 404 100283 "-" "meta-externalagent/1.1 (+https://developers.facebook.com/docs/sharing/webmasters/crawler)"
66.249.72.38 - - [29/Apr/2026:07:18:03 +0200] "GET /?g=1516387fdcqow HTTP/1.1" 200 162183 "-" "Mozilla/5.0 (compatible; Googlebot/2.1; +http://www.google.com/bot.html)"
66.249.75.6 - - [29/Apr/2026:07:18:09 +0200] "GET /items/C585694729/ HTTP/1.1" 301 0 "-" "Mozilla/5.0 (Linux; Android 6.0.1; Nexus 5X Build/MMB29P) AppleWebKit/537.36 (KHTML, like Gecko) Chrome/147.0.7727.116 Mobile Safari/537.36 (compatible; Googlebot/2.1; +http://www.google.com/bot.html)"
109.234.166.131 - - [29/Apr/2026:07:18:47 +0200] "POST /wp-cron.php?doing_wp_cron=1777439927.1917479038238525390625 HTTP/1.1" 200 0 "-" "WordPress/6.9.4; https://marc-morin.ch"
57.141.20.20 - - [29/Apr/2026:07:18:47 +0200] "GET /items/G464856685/ HTTP/1.1" 404 100283 "-" "meta-externalagent/1.1 (+https://developers.facebook.com/docs/sharing/webmasters/crawler)"
66.249.72.36 - - [29/Apr/2026:07:18:51 +0200] "GET /?g=2559918f0cyj2 HTTP/1.1" 200 162183 "-" "Mozilla/5.0 (Linux; Android 6.0.1; Nexus 5X Build/MMB29P) AppleWebKit/537.36 (KHTML, like Gecko) Chrome/147.0.7727.116 Mobile Safari/537.36 (compatible; Googlebot/2.1; +http://www.google.com/bot.html)"
57.141.20.39 - - [29/Apr/2026:07:18:16 +0200] "GET /?g=1888953mc0lca HTTP/1.1" 200 162183 "-" "meta-externalagent/1.1 (+https://developers.facebook.com/docs/sharing/webmasters/crawler)"
57.141.20.16 - - [29/Apr/2026:07:18:26 +0200] "GET /items/G464519013/ HTTP/1.1" 404 100283 "-" "meta-externalagent/1.1 (+https://developers.facebook.com/docs/sharing/webmasters/crawler)"
66.249.72.36 - - [29/Apr/2026:07:18:32 +0200] "GET /?g=869915mcqh0i HTTP/1.1" 200 162183 "-" "Mozilla/5.0 (Linux; Android 6.0.1; Nexus 5X Build/MMB29P) AppleWebKit/537.36 (KHTML, like Gecko) Chrome/147.0.7727.116 Mobile Safari/537.36 (compatible; Googlebot/2.1; +http://www.google.com/bot.html)"
57.141.20.4 - - [29/Apr/2026:07:18:46 +0200] "GET /?g=6890277dxgqln HTTP/1.1" 200 162183 "-" "meta-externalagent/1.1 (+https://developers.facebook.com/docs/sharing/webmasters/crawler)"
66.249.75.4 - - [29/Apr/2026:07:18:50 +0200] "GET /items/F905350768/ HTTP/1.1" 301 0 "-" "Mozilla/5.0 (Linux; Android 6.0.1; Nexus 5X Build/MMB29P) AppleWebKit/537.36 (KHTML, like Gecko) Chrome/147.0.7727.116 Mobile Safari/537.36 (compatible; Googlebot/2.1; +http://www.google.com/bot.html)"
66.249.75.4 - - [29/Apr/2026:07:18:51 +0200] "GET /items/A691431948/ HTTP/1.1" 301 0 "-" "Mozilla/5.0 (compatible; Googlebot/2.1; +http://www.google.com/bot.html)"
57.141.20.41 - - [29/Apr/2026:07:18:58 +0200] "GET /items/G466426044/ HTTP/1.1" 404 100283 "-" "meta-externalagent/1.1 (+https://developers.facebook.com/docs/sharing/webmasters/crawler)"
66.249.72.37 - - [29/Apr/2026:07:19:00 +0200] "GET /items/B632991274/ HTTP/1.1" 404 100283 "-" "Mozilla/5.0 (compatible; Googlebot/2.1; +http://www.google.com/bot.html)"
57.141.20.6 - - [29/Apr/2026:07:19:36 +0200] "GET /items/G465964259/ HTTP/1.1" 404 100283 "-" "meta-externalagent/1.1 (+https://developers.facebook.com/docs/sharing/webmasters/crawler)"
109.234.166.131 - - [29/Apr/2026:07:19:45 +0200] "POST /wp-cron.php?doing_wp_cron=1777439985.3439009189605712890625 HTTP/1.1" 200 0 "-" "WordPress/6.9.4; https://marc-morin.ch"
66.249.72.36 - - [29/Apr/2026:07:19:47 +0200] "GET /?g=2110183e6wxf2 HTTP/1.1" 200 162183 "-" "Mozilla/5.0 (compatible; Googlebot/2.1; +http://www.google.com/bot.html)"
66.249.75.4 - - [29/Apr/2026:07:19:52 +0200] "GET /items/J873226600/ HTTP/1.1" 301 0 "-" "Mozilla/5.0 (Linux; Android 6.0.1; Nexus 5X Build/MMB29P) AppleWebKit/537.36 (KHTML, like Gecko) Chrome/147.0.7727.116 Mobile Safari/537.36 (compatible; Googlebot/2.1; +http://www.google.com/bot.html)"
66.249.72.36 - - [29/Apr/2026:07:19:54 +0200] "GET /items/J873226600/ HTTP/1.1" 404 100283 "-" "Mozilla/5.0 (Linux; Android 6.0.1; Nexus 5X Build/MMB29P) AppleWebKit/537.36 (KHTML, like Gecko) Chrome/147.0.7727.116 Mobile Safari/537.36 (compatible; Googlebot/2.1; +http://www.google.com/bot.html)"
66.249.72.36 - - [29/Apr/2026:07:20:02 +0200] "GET /?g=5654473w405y9 HTTP/1.1" 200 162183 "-" "Mozilla/5.0 (Linux; Android 6.0.1; Nexus 5X Build/MMB29P) AppleWebKit/537.36 (KHTML, like Gecko) Chrome/147.0.7727.116 Mobile Safari/537.36 (compatible; Googlebot/2.1; +http://www.google.com/bot.html)"
66.249.72.36 - - [29/Apr/2026:07:20:11 +0200] "GET /items/W422742106/ HTTP/1.1" 404 100283 "-" "Mozilla/5.0 (compatible; Googlebot/2.1; +http://www.google.com/bot.html)"
109.234.166.131 - - [29/Apr/2026:07:20:17 +0200] "POST /wp-cron.php?doing_wp_cron=1777440017.3578031063079833984375 HTTP/1.1" 200 0 "-" "WordPress/6.9.4; https://marc-morin.ch"
66.249.75.4 - - [29/Apr/2026:07:20:32 +0200] "GET /items/P934393386/ HTTP/1.1" 301 0 "-" "Mozilla/5.0 (Linux; Android 6.0.1; Nexus 5X Build/MMB29P) AppleWebKit/537.36 (KHTML, like Gecko) Chrome/147.0.7727.116 Mobile Safari/537.36 (compatible; Googlebot/2.1; +http://www.google.com/bot.html)"
66.249.75.4 - - [29/Apr/2026:07:20:51 +0200] "GET /items/X663347725/ HTTP/1.1" 301 0 "-" "Mozilla/5.0 (Linux; Android 6.0.1; Nexus 5X Build/MMB29P) AppleWebKit/537.36 (KHTML, like Gecko) Chrome/147.0.7727.116 Mobile Safari/537.36 (compatible; Googlebot/2.1; +http://www.google.com/bot.html)"
66.249.72.36 - - [29/Apr/2026:07:18:53 +0200] "GET /items/A691431948/ HTTP/1.1" 404 100283 "-" "Mozilla/5.0 (compatible; Googlebot/2.1; +http://www.google.com/bot.html)"
66.249.75.6 - - [29/Apr/2026:07:18:59 +0200] "GET /items/B632991274/ HTTP/1.1" 301 0 "-" "Mozilla/5.0 (compatible; Googlebot/2.1; +http://www.google.com/bot.html)"
57.141.20.4 - - [29/Apr/2026:07:19:08 +0200] "GET /items/G461091087/ HTTP/1.1" 404 100283 "-" "meta-externalagent/1.1 (+https://developers.facebook.com/docs/sharing/webmasters/crawler)"
57.141.20.58 - - [29/Apr/2026:07:19:17 +0200] "GET /?g=3280482mrq8v HTTP/1.1" 200 162183 "-" "meta-externalagent/1.1 (+https://developers.facebook.com/docs/sharing/webmasters/crawler)"
57.141.20.4 - - [29/Apr/2026:07:19:27 +0200] "GET /?g=67917310coiut HTTP/1.1" 200 162183 "-" "meta-externalagent/1.1 (+https://developers.facebook.com/docs/sharing/webmasters/crawler)"
57.141.20.20 - - [29/Apr/2026:07:19:44 +0200] "GET /?g=59627866z9623 HTTP/1.1" 200 162183 "-" "meta-externalagent/1.1 (+https://developers.facebook.com/docs/sharing/webmasters/crawler)"
66.249.72.36 - - [29/Apr/2026:07:20:04 +0200] "GET /?g=5654473w405y9 HTTP/1.1" 200 162183 "-" "Mozilla/5.0 (compatible; Googlebot/2.1; +http://www.google.com/bot.html)"
66.249.72.36 - - [29/Apr/2026:07:20:18 +0200] "GET /?g=421145774rwem HTTP/1.1" 200 162183 "-" "Mozilla/5.0 (compatible; Googlebot/2.1; +http://www.google.com/bot.html)"
66.249.72.36 - - [29/Apr/2026:07:20:32 +0200] "GET /items/T645068838/ HTTP/1.1" 404 100283 "-" "Mozilla/5.0 (Linux; Android 6.0.1; Nexus 5X Build/MMB29P) AppleWebKit/537.36 (KHTML, like Gecko) Chrome/147.0.7727.116 Mobile Safari/537.36 (compatible; Googlebot/2.1; +http://www.google.com/bot.html)"
57.141.20.57 - - [29/Apr/2026:07:20:33 +0200] "GET /?g=6891268mnqxss HTTP/1.1" 200 162183 "-" "meta-externalagent/1.1 (+https://developers.facebook.com/docs/sharing/webmasters/crawler)"
57.141.20.0 - - [29/Apr/2026:07:20:41 +0200] "GET /?g=1960007cv32bu HTTP/1.1" 200 162183 "-" "meta-externalagent/1.1 (+https://developers.facebook.com/docs/sharing/webmasters/crawler)"
109.234.166.131 - - [29/Apr/2026:07:20:49 +0200] "POST /wp-cron.php?doing_wp_cron=1777440049.0282709598541259765625 HTTP/1.1" 200 0 "-" "WordPress/6.9.4; https://marc-morin.ch"
66.249.72.36 - - [29/Apr/2026:07:20:47 +0200] "GET /?g=4796283n43ur0 HTTP/1.1" 200 162183 "-" "Mozilla/5.0 (Linux; Android 6.0.1; Nexus 5X Build/MMB29P) AppleWebKit/537.36 (KHTML, like Gecko) Chrome/147.0.7727.116 Mobile Safari/537.36 (compatible; Googlebot/2.1; +http://www.google.com/bot.html)"
66.249.72.36 - - [29/Apr/2026:07:20:49 +0200] "GET /?g=4796283n43ur0 HTTP/1.1" 200 162183 "-" "Mozilla/5.0 (compatible; Googlebot/2.1; +http://www.google.com/bot.html)"
57.141.20.16 - - [29/Apr/2026:07:20:51 +0200] "GET /?g=453922740t47q HTTP/1.1" 200 162183 "-" "meta-externalagent/1.1 (+https://developers.facebook.com/docs/sharing/webmasters/crawler)"
57.141.20.51 - - [29/Apr/2026:07:20:51 +0200] "GET /?g=4349749jxjt2c HTTP/1.1" 200 162183 "-" "meta-externalagent/1.1 (+https://developers.facebook.com/docs/sharing/webmasters/crawler)"
66.249.72.36 - - [29/Apr/2026:07:21:22 +0200] "GET /items/C243748639/ HTTP/1.1" 404 100283 "-" "Mozilla/5.0 (Linux; Android 6.0.1; Nexus 5X Build/MMB29P) AppleWebKit/537.36 (KHTML, like Gecko) Chrome/147.0.7727.116 Mobile Safari/537.36 (compatible; Googlebot/2.1; +http://www.google.com/bot.html)"
57.141.20.52 - - [29/Apr/2026:07:21:24 +0200] "GET /?g=2208995aib6g2 HTTP/1.1" 200 162183 "-" "meta-externalagent/1.1 (+https://developers.facebook.com/docs/sharing/webmasters/crawler)"
109.234.166.131 - - [29/Apr/2026:07:21:45 +0200] "POST /wp-cron.php?doing_wp_cron=1777440105.1743099689483642578125 HTTP/1.1" 200 0 "-" "WordPress/6.9.4; https://marc-morin.ch"
66.249.72.36 - - [29/Apr/2026:07:21:45 +0200] "GET /items/T504168450/ HTTP/1.1" 404 100283 "-" "Mozilla/5.0 (compatible; Googlebot/2.1; +http://www.google.com/bot.html)"
66.249.72.36 - - [29/Apr/2026:07:18:48 +0200] "GET /items/B023440258/ HTTP/1.1" 404 100283 "-" "Mozilla/5.0 (compatible; Googlebot/2.1; +http://www.google.com/bot.html)"
66.249.72.36 - - [29/Apr/2026:07:18:52 +0200] "GET /items/F905350768/ HTTP/1.1" 404 100283 "-" "Mozilla/5.0 (Linux; Android 6.0.1; Nexus 5X Build/MMB29P) AppleWebKit/537.36 (KHTML, like Gecko) Chrome/147.0.7727.116 Mobile Safari/537.36 (compatible; Googlebot/2.1; +http://www.google.com/bot.html)"
57.141.20.67 - - [29/Apr/2026:07:19:52 +0200] "GET /items/G465669493/ HTTP/1.1" 404 100283 "-" "meta-externalagent/1.1 (+https://developers.facebook.com/docs/sharing/webmasters/crawler)"
57.141.20.59 - - [29/Apr/2026:07:20:00 +0200] "GET /news-sitemap.xml HTTP/1.1" 404 100275 "-" "meta-externalagent/1.1 (+https://developers.facebook.com/docs/sharing/webmasters/crawler)"
66.249.75.6 - - [29/Apr/2026:07:20:10 +0200] "GET /items/W422742106/ HTTP/1.1" 301 0 "-" "Mozilla/5.0 (compatible; Googlebot/2.1; +http://www.google.com/bot.html)"
57.141.20.59 - - [29/Apr/2026:07:20:15 +0200] "GET /?g=1392740f7ia9k HTTP/1.1" 200 162183 "-" "meta-externalagent/1.1 (+https://developers.facebook.com/docs/sharing/webmasters/crawler)"
66.249.72.36 - - [29/Apr/2026:07:20:16 +0200] "GET /?g=1126305bfrlqa HTTP/1.1" 200 162183 "-" "Mozilla/5.0 (Linux; Android 6.0.1; Nexus 5X Build/MMB29P) AppleWebKit/537.36 (KHTML, like Gecko) Chrome/147.0.7727.116 Mobile Safari/537.36 (compatible; Googlebot/2.1; +http://www.google.com/bot.html)"
66.249.72.36 - - [29/Apr/2026:07:20:19 +0200] "GET /?g=421145774rwem HTTP/1.1" 200 162183 "-" "Mozilla/5.0 (Linux; Android 6.0.1; Nexus 5X Build/MMB29P) AppleWebKit/537.36 (KHTML, like Gecko) Chrome/147.0.7727.116 Mobile Safari/537.36 (compatible; Googlebot/2.1; +http://www.google.com/bot.html)"
57.141.20.64 - - [29/Apr/2026:07:20:24 +0200] "GET /?g=21470553cdnkm HTTP/1.1" 200 162183 "-" "meta-externalagent/1.1 (+https://developers.facebook.com/docs/sharing/webmasters/crawler)"
66.249.75.5 - - [29/Apr/2026:07:20:31 +0200] "GET /items/T645068838/ HTTP/1.1" 301 0 "-" "Mozilla/5.0 (Linux; Android 6.0.1; Nexus 5X Build/MMB29P) AppleWebKit/537.36 (KHTML, like Gecko) Chrome/147.0.7727.116 Mobile Safari/537.36 (compatible; Googlebot/2.1; +http://www.google.com/bot.html)"
66.249.72.37 - - [29/Apr/2026:07:21:07 +0200] "GET /items/O654371438/ HTTP/1.1" 404 100283 "-" "Mozilla/5.0 (Linux; Android 6.0.1; Nexus 5X Build/MMB29P) AppleWebKit/537.36 (KHTML, like Gecko) Chrome/147.0.7727.116 Mobile Safari/537.36 (compatible; Googlebot/2.1; +http://www.google.com/bot.html)"
57.141.20.44 - - [29/Apr/2026:07:21:07 +0200] "GET /?g=38249139h899w HTTP/1.1" 200 162183 "-" "meta-externalagent/1.1 (+https://developers.facebook.com/docs/sharing/webmasters/crawler)"
57.141.20.26 - - [29/Apr/2026:07:21:08 +0200] "GET /items/G465362503/ HTTP/1.1" 404 100283 "-" "meta-externalagent/1.1 (+https://developers.facebook.com/docs/sharing/webmasters/crawler)"
66.249.75.5 - - [29/Apr/2026:07:21:45 +0200] "GET /items/T504168450/ HTTP/1.1" 301 0 "-" "Mozilla/5.0 (compatible; Googlebot/2.1; +http://www.google.com/bot.html)"
57.141.20.41 - - [29/Apr/2026:07:21:50 +0200] "GET /items/G464709245/ HTTP/1.1" 404 100283 "-" "meta-externalagent/1.1 (+https://developers.facebook.com/docs/sharing/webmasters/crawler)"
57.141.20.18 - - [29/Apr/2026:07:21:57 +0200] "GET /items/G466707011/ HTTP/1.1" 404 100283 "-" "meta-externalagent/1.1 (+https://developers.facebook.com/docs/sharing/webmasters/crawler)"
66.249.72.36 - - [29/Apr/2026:07:22:19 +0200] "GET /?g=213571wuxdwz HTTP/1.1" 200 162183 "-" "Mozilla/5.0 (Linux; Android 6.0.1; Nexus 5X Build/MMB29P) AppleWebKit/537.36 (KHTML, like Gecko) Chrome/147.0.7727.116 Mobile Safari/537.36 (compatible; Googlebot/2.1; +http://www.google.com/bot.html)"
57.141.20.10 - - [29/Apr/2026:07:22:20 +0200] "GET /?g=5159289z4bjoz HTTP/1.1" 200 162183 "-" "meta-externalagent/1.1 (+https://developers.facebook.com/docs/sharing/webmasters/crawler)"
66.249.75.4 - - [29/Apr/2026:07:20:53 +0200] "GET /items/O421587516/ HTTP/1.1" 301 0 "-" "Mozilla/5.0 (Linux; Android 6.0.1; Nexus 5X Build/MMB29P) AppleWebKit/537.36 (KHTML, like Gecko) Chrome/147.0.7727.116 Mobile Safari/537.36 (compatible; Googlebot/2.1; +http://www.google.com/bot.html)"
66.249.72.38 - - [29/Apr/2026:07:21:01 +0200] "GET /?g=5874808f2r54k HTTP/1.1" 200 162183 "-" "Mozilla/5.0 (Linux; Android 6.0.1; Nexus 5X Build/MMB29P) AppleWebKit/537.36 (KHTML, like Gecko) Chrome/147.0.7727.116 Mobile Safari/537.36 (compatible; Googlebot/2.1; +http://www.google.com/bot.html)"
172.71.184.168 - - [29/Apr/2026:07:21:14 +0200] "GET /wp-admin/install.php?step=1 HTTP/1.1" 200 1308 "-" "http://marc-morin.ch/wp-admin/install.php?step=1"
66.249.75.4 - - [29/Apr/2026:07:21:20 +0200] "GET /items/C243748639/ HTTP/1.1" 301 0 "-" "Mozilla/5.0 (Linux; Android 6.0.1; Nexus 5X Build/MMB29P) AppleWebKit/537.36 (KHTML, like Gecko) Chrome/147.0.7727.116 Mobile Safari/537.36 (compatible; Googlebot/2.1; +http://www.google.com/bot.html)"
57.141.20.10 - - [29/Apr/2026:07:21:25 +0200] "GET /?g=3053655liaqj7 HTTP/1.1" 200 162183 "-" "meta-externalagent/1.1 (+https://developers.facebook.com/docs/sharing/webmasters/crawler)"
57.141.20.30 - - [29/Apr/2026:07:21:34 +0200] "GET /items/G463179462/ HTTP/1.1" 404 100283 "-" "meta-externalagent/1.1 (+https://developers.facebook.com/docs/sharing/webmasters/crawler)"
66.249.72.36 - - [29/Apr/2026:07:21:40 +0200] "GET /?g=5813732nixtal HTTP/1.1" 200 162183 "-" "Mozilla/5.0 (compatible; Googlebot/2.1; +http://www.google.com/bot.html)"
66.249.75.5 - - [29/Apr/2026:07:21:44 +0200] "GET /items/T504168450/ HTTP/1.1" 301 0 "-" "Mozilla/5.0 (compatible; Googlebot/2.1; +http://www.google.com/bot.html)"
66.249.72.36 - - [29/Apr/2026:07:21:50 +0200] "GET /items/O881057933/ HTTP/1.1" 404 100283 "-" "Mozilla/5.0 (compatible; Googlebot/2.1; +http://www.google.com/bot.html)"
57.141.20.30 - - [29/Apr/2026:07:22:05 +0200] "GET /items/G463008442/ HTTP/1.1" 404 100283 "-" "meta-externalagent/1.1 (+https://developers.facebook.com/docs/sharing/webmasters/crawler)"
57.141.20.67 - - [29/Apr/2026:07:22:13 +0200] "GET /?g=6021072cuiy1n HTTP/1.1" 200 162183 "-" "meta-externalagent/1.1 (+https://developers.facebook.com/docs/sharing/webmasters/crawler)"
57.141.20.14 - - [29/Apr/2026:07:22:45 +0200] "GET /items/G461466336/ HTTP/1.1" 404 100283 "-" "meta-externalagent/1.1 (+https://developers.facebook.com/docs/sharing/webmasters/crawler)"
57.141.20.65 - - [29/Apr/2026:07:22:58 +0200] "GET /?g=3231978l1hxu6 HTTP/1.1" 200 162183 "-" "meta-externalagent/1.1 (+https://developers.facebook.com/docs/sharing/webmasters/crawler)"
66.249.75.6 - - [29/Apr/2026:07:23:04 +0200] "GET /items/J875325703/ HTTP/1.1" 301 0 "-" "Mozilla/5.0 (compatible; Googlebot/2.1; +http://www.google.com/bot.html)"
57.141.20.8 - - [29/Apr/2026:07:23:14 +0200] "GET /items/G463202125/ HTTP/1.1" 404 100283 "-" "meta-externalagent/1.1 (+https://developers.facebook.com/docs/sharing/webmasters/crawler)"
66.249.75.5 - - [29/Apr/2026:07:23:19 +0200] "GET /items/Q674732569/ HTTP/1.1" 301 0 "-" "Mozilla/5.0 (compatible; Googlebot/2.1; +http://www.google.com/bot.html)"
57.141.20.6 - - [29/Apr/2026:07:23:20 +0200] "GET /tayirhla.xml HTTP/1.1" 404 100271 "-" "meta-externalagent/1.1 (+https://developers.facebook.com/docs/sharing/webmasters/crawler)"
66.249.72.36 - - [29/Apr/2026:07:23:23 +0200] "GET /items/B865591255/ HTTP/1.1" 404 100283 "-" "Mozilla/5.0 (Linux; Android 6.0.1; Nexus 5X Build/MMB29P) AppleWebKit/537.36 (KHTML, like Gecko) Chrome/147.0.7727.116 Mobile Safari/537.36 (compatible; Googlebot/2.1; +http://www.google.com/bot.html)"
57.141.20.28 - - [29/Apr/2026:07:23:25 +0200] "GET /?g=1835927lx8gak HTTP/1.1" 200 162183 "-" "meta-externalagent/1.1 (+https://developers.facebook.com/docs/sharing/webmasters/crawler)"
57.141.20.56 - - [29/Apr/2026:07:23:36 +0200] "GET /?g=4653651mgq39l HTTP/1.1" 200 162183 "-" "meta-externalagent/1.1 (+https://developers.facebook.com/docs/sharing/webmasters/crawler)"
66.249.75.5 - - [29/Apr/2026:07:22:21 +0200] "GET /items/X165104431/ HTTP/1.1" 301 0 "-" "Mozilla/5.0 (Linux; Android 6.0.1; Nexus 5X Build/MMB29P) AppleWebKit/537.36 (KHTML, like Gecko) Chrome/147.0.7727.116 Mobile Safari/537.36 (compatible; Googlebot/2.1; +http://www.google.com/bot.html)"
54.38.147.251 - - [29/Apr/2026:07:22:25 +0200] "GET /items/G466030057/ HTTP/1.1" 404 100283 "-" "Mozilla/5.0 (compatible; AhrefsBot/7.0; +http://ahrefs.com/robot/)"
57.141.20.28 - - [29/Apr/2026:07:22:28 +0200] "GET /?g=2382276thougn HTTP/1.1" 200 162183 "-" "meta-externalagent/1.1 (+https://developers.facebook.com/docs/sharing/webmasters/crawler)"
57.141.20.32 - - [29/Apr/2026:07:22:51 +0200] "GET /items/G466976944/ HTTP/1.1" 404 100283 "-" "meta-externalagent/1.1 (+https://developers.facebook.com/docs/sharing/webmasters/crawler)"
57.141.20.1 - - [29/Apr/2026:07:23:02 +0200] "GET /items/G463495962/ HTTP/1.1" 404 100283 "-" "meta-externalagent/1.1 (+https://developers.facebook.com/docs/sharing/webmasters/crawler)"
66.249.72.38 - - [29/Apr/2026:07:23:05 +0200] "GET /items/J875325703/ HTTP/1.1" 404 100283 "-" "Mozilla/5.0 (compatible; Googlebot/2.1; +http://www.google.com/bot.html)"
57.141.20.31 - - [29/Apr/2026:07:23:09 +0200] "GET /items/G463972363/ HTTP/1.1" 404 100283 "-" "meta-externalagent/1.1 (+https://developers.facebook.com/docs/sharing/webmasters/crawler)"
66.249.75.5 - - [29/Apr/2026:07:23:18 +0200] "GET /items/X902947681/ HTTP/1.1" 301 0 "-" "Mozilla/5.0 (compatible; Googlebot/2.1; +http://www.google.com/bot.html)"
