66.249.72.36 - - [29/Apr/2026:05:30:29 +0200] "GET /items/B914533794/ HTTP/1.1" 404 100283 "-" "Mozilla/5.0 (Linux; Android 6.0.1; Nexus 5X Build/MMB29P) AppleWebKit/537.36 (KHTML, like Gecko) Chrome/147.0.7727.116 Mobile Safari/537.36 (compatible; Googlebot/2.1; +http://www.google.com/bot.html)"
66.249.75.4 - - [29/Apr/2026:05:30:37 +0200] "GET /items/P375582424/ HTTP/1.1" 301 0 "-" "Mozilla/5.0 (Linux; Android 6.0.1; Nexus 5X Build/MMB29P) AppleWebKit/537.36 (KHTML, like Gecko) Chrome/147.0.7727.116 Mobile Safari/537.36 (compatible; Googlebot/2.1; +http://www.google.com/bot.html)"
57.141.20.44 - - [29/Apr/2026:05:30:40 +0200] "GET /items/G461571820/ HTTP/1.1" 404 100283 "-" "meta-externalagent/1.1 (+https://developers.facebook.com/docs/sharing/webmasters/crawler)"
66.249.72.36 - - [29/Apr/2026:05:30:45 +0200] "GET /items/M822743751/ HTTP/1.1" 404 100283 "-" "Mozilla/5.0 (Linux; Android 6.0.1; Nexus 5X Build/MMB29P) AppleWebKit/537.36 (KHTML, like Gecko) Chrome/147.0.7727.116 Mobile Safari/537.36 (compatible; Googlebot/2.1; +http://www.google.com/bot.html)"
66.249.72.36 - - [29/Apr/2026:05:30:50 +0200] "GET /?g=6667699wp27yq HTTP/1.1" 200 162183 "-" "Mozilla/5.0 (Linux; Android 6.0.1; Nexus 5X Build/MMB29P) AppleWebKit/537.36 (KHTML, like Gecko) Chrome/147.0.7727.116 Mobile Safari/537.36 (compatible; Googlebot/2.1; +http://www.google.com/bot.html)"
66.249.75.4 - - [29/Apr/2026:05:30:53 +0200] "GET /items/H901697589/ HTTP/1.1" 301 0 "-" "Mozilla/5.0 (compatible; Googlebot/2.1; +http://www.google.com/bot.html)"
66.249.72.36 - - [29/Apr/2026:05:29:15 +0200] "GET /?g=3566126pdiigb HTTP/1.1" 200 162120 "-" "Mozilla/5.0 (Linux; Android 6.0.1; Nexus 5X Build/MMB29P) AppleWebKit/537.36 (KHTML, like Gecko) Chrome/147.0.7727.116 Mobile Safari/537.36 (compatible; Googlebot/2.1; +http://www.google.com/bot.html)"
66.249.72.36 - - [29/Apr/2026:05:29:26 +0200] "GET /items/G915909372/ HTTP/1.1" 404 100283 "-" "Mozilla/5.0 (compatible; Googlebot/2.1; +http://www.google.com/bot.html)"
57.141.20.12 - - [29/Apr/2026:05:29:28 +0200] "GET /items/G463264118/ HTTP/1.1" 404 100283 "-" "meta-externalagent/1.1 (+https://developers.facebook.com/docs/sharing/webmasters/crawler)"
66.249.72.36 - - [29/Apr/2026:05:29:29 +0200] "GET /items/X002741454/ HTTP/1.1" 404 100283 "-" "Mozilla/5.0 (compatible; Googlebot/2.1; +http://www.google.com/bot.html)"
57.141.20.41 - - [29/Apr/2026:05:29:43 +0200] "GET /?g=7712061pxu66 HTTP/1.1" 200 162183 "-" "meta-externalagent/1.1 (+https://developers.facebook.com/docs/sharing/webmasters/crawler)"
57.141.20.25 - - [29/Apr/2026:05:30:00 +0200] "GET /?g=5619684vjjjbd HTTP/1.1" 200 162183 "-" "meta-externalagent/1.1 (+https://developers.facebook.com/docs/sharing/webmasters/crawler)"
57.141.20.7 - - [29/Apr/2026:05:30:08 +0200] "GET /?g=311883160f1p8 HTTP/1.1" 200 162183 "-" "meta-externalagent/1.1 (+https://developers.facebook.com/docs/sharing/webmasters/crawler)"
109.234.166.131 - - [29/Apr/2026:05:30:18 +0200] "POST /wp-cron.php?doing_wp_cron=1777433418.6157419681549072265625 HTTP/1.1" 200 0 "-" "WordPress/6.9.4; https://marc-morin.ch"
57.141.20.20 - - [29/Apr/2026:05:30:17 +0200] "GET /?g=52036a1jbxt HTTP/1.1" 200 162183 "-" "meta-externalagent/1.1 (+https://developers.facebook.com/docs/sharing/webmasters/crawler)"
66.249.75.4 - - [29/Apr/2026:05:30:24 +0200] "GET /items/B914533794/ HTTP/1.1" 301 0 "-" "Mozilla/5.0 (compatible; Googlebot/2.1; +http://www.google.com/bot.html)"
66.249.75.4 - - [29/Apr/2026:05:30:32 +0200] "GET /items/Q673938335/ HTTP/1.1" 301 0 "-" "Mozilla/5.0 (Linux; Android 6.0.1; Nexus 5X Build/MMB29P) AppleWebKit/537.36 (KHTML, like Gecko) Chrome/147.0.7727.116 Mobile Safari/537.36 (compatible; Googlebot/2.1; +http://www.google.com/bot.html)"
66.249.75.4 - - [29/Apr/2026:05:30:33 +0200] "GET /items/T504324737/ HTTP/1.1" 301 0 "-" "Mozilla/5.0 (compatible; Googlebot/2.1; +http://www.google.com/bot.html)"
57.141.20.43 - - [29/Apr/2026:05:30:35 +0200] "GET /items/G462209764/ HTTP/1.1" 404 100283 "-" "meta-externalagent/1.1 (+https://developers.facebook.com/docs/sharing/webmasters/crawler)"
66.249.72.36 - - [29/Apr/2026:05:30:35 +0200] "GET /items/T504324737/ HTTP/1.1" 404 100283 "-" "Mozilla/5.0 (compatible; Googlebot/2.1; +http://www.google.com/bot.html)"
66.249.72.36 - - [29/Apr/2026:05:30:38 +0200] "GET /items/P375582424/ HTTP/1.1" 404 100283 "-" "Mozilla/5.0 (Linux; Android 6.0.1; Nexus 5X Build/MMB29P) AppleWebKit/537.36 (KHTML, like Gecko) Chrome/147.0.7727.116 Mobile Safari/537.36 (compatible; Googlebot/2.1; +http://www.google.com/bot.html)"
109.234.166.131 - - [29/Apr/2026:05:30:46 +0200] "POST /wp-cron.php?doing_wp_cron=1777433446.4363670349121093750000 HTTP/1.1" 200 0 "-" "WordPress/6.9.4; https://marc-morin.ch"
66.249.75.4 - - [29/Apr/2026:05:31:00 +0200] "GET /items/T414738027/ HTTP/1.1" 301 0 "-" "Mozilla/5.0 (Linux; Android 6.0.1; Nexus 5X Build/MMB29P) AppleWebKit/537.36 (KHTML, like Gecko) Chrome/147.0.7727.116 Mobile Safari/537.36 (compatible; Googlebot/2.1; +http://www.google.com/bot.html)"
66.249.72.36 - - [29/Apr/2026:05:31:01 +0200] "GET /items/T414738027/ HTTP/1.1" 404 100283 "-" "Mozilla/5.0 (Linux; Android 6.0.1; Nexus 5X Build/MMB29P) AppleWebKit/537.36 (KHTML, like Gecko) Chrome/147.0.7727.116 Mobile Safari/537.36 (compatible; Googlebot/2.1; +http://www.google.com/bot.html)"
57.141.20.26 - - [29/Apr/2026:05:31:02 +0200] "GET /items/G465644966/ HTTP/1.1" 404 100283 "-" "meta-externalagent/1.1 (+https://developers.facebook.com/docs/sharing/webmasters/crawler)"
66.249.75.4 - - [29/Apr/2026:05:29:27 +0200] "GET /items/X002741454/ HTTP/1.1" 301 0 "-" "Mozilla/5.0 (compatible; Googlebot/2.1; +http://www.google.com/bot.html)"
109.234.166.131 - - [29/Apr/2026:05:29:45 +0200] "POST /wp-cron.php?doing_wp_cron=1777433385.6873750686645507812500 HTTP/1.1" 200 0 "-" "WordPress/6.9.4; https://marc-morin.ch"
66.249.72.36 - - [29/Apr/2026:05:29:51 +0200] "GET /?g=6403287imwx23 HTTP/1.1" 200 162183 "-" "Mozilla/5.0 (compatible; Googlebot/2.1; +http://www.google.com/bot.html)"
66.249.75.4 - - [29/Apr/2026:05:30:06 +0200] "GET /items/K632255530 HTTP/1.1" 301 0 "-" "Mozilla/5.0 (Linux; Android 6.0.1; Nexus 5X Build/MMB29P) AppleWebKit/537.36 (KHTML, like Gecko) Chrome/147.0.7727.116 Mobile Safari/537.36 (compatible; Googlebot/2.1; +http://www.google.com/bot.html)"
57.141.20.16 - - [29/Apr/2026:05:30:09 +0200] "GET /?g=1342090kev5my HTTP/1.1" 200 162183 "-" "meta-externalagent/1.1 (+https://developers.facebook.com/docs/sharing/webmasters/crawler)"
66.249.72.37 - - [29/Apr/2026:05:30:11 +0200] "GET /items/K632255530 HTTP/1.1" 404 100279 "-" "Mozilla/5.0 (compatible; Googlebot/2.1; +http://www.google.com/bot.html)"
66.249.72.36 - - [29/Apr/2026:05:30:21 +0200] "GET /items/Z232278259/ HTTP/1.1" 404 100283 "-" "Mozilla/5.0 (compatible; Googlebot/2.1; +http://www.google.com/bot.html)"
66.249.75.4 - - [29/Apr/2026:05:30:25 +0200] "GET /items/B914533794/ HTTP/1.1" 301 0 "-" "Mozilla/5.0 (Linux; Android 6.0.1; Nexus 5X Build/MMB29P) AppleWebKit/537.36 (KHTML, like Gecko) Chrome/147.0.7727.116 Mobile Safari/537.36 (compatible; Googlebot/2.1; +http://www.google.com/bot.html)"
66.249.72.36 - - [29/Apr/2026:05:30:26 +0200] "GET /items/B914533794/ HTTP/1.1" 404 100283 "-" "Mozilla/5.0 (compatible; Googlebot/2.1; +http://www.google.com/bot.html)"
57.141.20.39 - - [29/Apr/2026:05:30:32 +0200] "GET /?g=820967gseeao HTTP/1.1" 200 162183 "-" "meta-externalagent/1.1 (+https://developers.facebook.com/docs/sharing/webmasters/crawler)"
66.249.72.36 - - [29/Apr/2026:05:30:33 +0200] "GET /items/Q673938335/ HTTP/1.1" 404 100283 "-" "Mozilla/5.0 (Linux; Android 6.0.1; Nexus 5X Build/MMB29P) AppleWebKit/537.36 (KHTML, like Gecko) Chrome/147.0.7727.116 Mobile Safari/537.36 (compatible; Googlebot/2.1; +http://www.google.com/bot.html)"
66.249.75.4 - - [29/Apr/2026:05:30:44 +0200] "GET /items/M822743751/ HTTP/1.1" 301 0 "-" "Mozilla/5.0 (Linux; Android 6.0.1; Nexus 5X Build/MMB29P) AppleWebKit/537.36 (KHTML, like Gecko) Chrome/147.0.7727.116 Mobile Safari/537.36 (compatible; Googlebot/2.1; +http://www.google.com/bot.html)"
66.249.72.36 - - [29/Apr/2026:05:30:54 +0200] "GET /items/H901697589/ HTTP/1.1" 404 100283 "-" "Mozilla/5.0 (compatible; Googlebot/2.1; +http://www.google.com/bot.html)"
66.249.72.36 - - [29/Apr/2026:05:30:56 +0200] "GET /items/A094988053/ HTTP/1.1" 404 100283 "-" "Mozilla/5.0 (Linux; Android 6.0.1; Nexus 5X Build/MMB29P) AppleWebKit/537.36 (KHTML, like Gecko) Chrome/147.0.7727.116 Mobile Safari/537.36 (compatible; Googlebot/2.1; +http://www.google.com/bot.html)"
66.249.75.4 - - [29/Apr/2026:05:31:14 +0200] "GET /items/Y413804525/ HTTP/1.1" 301 0 "-" "Mozilla/5.0 (compatible; Googlebot/2.1; +http://www.google.com/bot.html)"
66.249.72.36 - - [29/Apr/2026:05:31:21 +0200] "GET /items/O553356707/ HTTP/1.1" 404 100283 "-" "Mozilla/5.0 (compatible; Googlebot/2.1; +http://www.google.com/bot.html)"
66.249.75.4 - - [29/Apr/2026:05:31:26 +0200] "GET /items/U185219398/ HTTP/1.1" 301 0 "-" "Mozilla/5.0 (compatible; Googlebot/2.1; +http://www.google.com/bot.html)"
66.249.75.4 - - [29/Apr/2026:05:31:42 +0200] "GET /items/T505512318/ HTTP/1.1" 301 0 "-" "Mozilla/5.0 (Linux; Android 6.0.1; Nexus 5X Build/MMB29P) AppleWebKit/537.36 (KHTML, like Gecko) Chrome/147.0.7727.116 Mobile Safari/537.36 (compatible; Googlebot/2.1; +http://www.google.com/bot.html)"
66.249.72.36 - - [29/Apr/2026:05:31:43 +0200] "GET /items/T505512318/ HTTP/1.1" 404 100283 "-" "Mozilla/5.0 (compatible; Googlebot/2.1; +http://www.google.com/bot.html)"
57.141.20.52 - - [29/Apr/2026:05:30:54 +0200] "GET /?g=3951854owatr0 HTTP/1.1" 200 162183 "-" "meta-externalagent/1.1 (+https://developers.facebook.com/docs/sharing/webmasters/crawler)"
66.249.75.4 - - [29/Apr/2026:05:30:55 +0200] "GET /items/A094988053/ HTTP/1.1" 301 0 "-" "Mozilla/5.0 (Linux; Android 6.0.1; Nexus 5X Build/MMB29P) AppleWebKit/537.36 (KHTML, like Gecko) Chrome/147.0.7727.116 Mobile Safari/537.36 (compatible; Googlebot/2.1; +http://www.google.com/bot.html)"
57.141.20.31 - - [29/Apr/2026:05:31:02 +0200] "GET /items/G462129774/ HTTP/1.1" 404 100283 "-" "meta-externalagent/1.1 (+https://developers.facebook.com/docs/sharing/webmasters/crawler)"
57.141.20.0 - - [29/Apr/2026:05:31:11 +0200] "GET /?g=4442982zlxrix HTTP/1.1" 200 162183 "-" "meta-externalagent/1.1 (+https://developers.facebook.com/docs/sharing/webmasters/crawler)"
66.249.72.36 - - [29/Apr/2026:05:31:15 +0200] "GET /items/Y413804525/ HTTP/1.1" 404 100283 "-" "Mozilla/5.0 (compatible; Googlebot/2.1; +http://www.google.com/bot.html)"
66.249.75.4 - - [29/Apr/2026:05:31:16 +0200] "GET /items/Q671905243/ HTTP/1.1" 301 0 "-" "Mozilla/5.0 (Linux; Android 6.0.1; Nexus 5X Build/MMB29P) AppleWebKit/537.36 (KHTML, like Gecko) Chrome/147.0.7727.116 Mobile Safari/537.36 (compatible; Googlebot/2.1; +http://www.google.com/bot.html)"
57.141.20.61 - - [29/Apr/2026:05:31:18 +0200] "GET /?g=2977090ek9cz4 HTTP/1.1" 200 162183 "-" "meta-externalagent/1.1 (+https://developers.facebook.com/docs/sharing/webmasters/crawler)"
66.249.75.4 - - [29/Apr/2026:05:31:19 +0200] "GET /items/O553356707/ HTTP/1.1" 301 0 "-" "Mozilla/5.0 (compatible; Googlebot/2.1; +http://www.google.com/bot.html)"
66.249.72.36 - - [29/Apr/2026:05:31:22 +0200] "GET /items/O553356707/ HTTP/1.1" 404 100283 "-" "Mozilla/5.0 (Linux; Android 6.0.1; Nexus 5X Build/MMB29P) AppleWebKit/537.36 (KHTML, like Gecko) Chrome/147.0.7727.116 Mobile Safari/537.36 (compatible; Googlebot/2.1; +http://www.google.com/bot.html)"
57.141.20.55 - - [29/Apr/2026:05:31:26 +0200] "GET /items/G463687894/ HTTP/1.1" 404 100283 "-" "meta-externalagent/1.1 (+https://developers.facebook.com/docs/sharing/webmasters/crawler)"
66.249.72.36 - - [29/Apr/2026:05:31:26 +0200] "GET /items/U185219398/ HTTP/1.1" 404 100283 "-" "Mozilla/5.0 (compatible; Googlebot/2.1; +http://www.google.com/bot.html)"
66.249.75.4 - - [29/Apr/2026:05:31:30 +0200] "GET /items/P933357708/ HTTP/1.1" 301 0 "-" "Mozilla/5.0 (compatible; Googlebot/2.1; +http://www.google.com/bot.html)"
66.249.72.36 - - [29/Apr/2026:05:31:31 +0200] "GET /items/P933357708/ HTTP/1.1" 404 100283 "-" "Mozilla/5.0 (compatible; Googlebot/2.1; +http://www.google.com/bot.html)"
66.249.75.4 - - [29/Apr/2026:05:31:42 +0200] "GET /items/T505512318/ HTTP/1.1" 301 0 "-" "Mozilla/5.0 (compatible; Googlebot/2.1; +http://www.google.com/bot.html)"
66.249.72.36 - - [29/Apr/2026:05:31:46 +0200] "GET /?g=2467876gpmhq HTTP/1.1" 200 162183 "-" "Mozilla/5.0 (compatible; Googlebot/2.1; +http://www.google.com/bot.html)"
66.249.72.36 - - [29/Apr/2026:05:32:16 +0200] "GET /items/A503566053/ HTTP/1.1" 404 100283 "-" "Mozilla/5.0 (compatible; Googlebot/2.1; +http://www.google.com/bot.html)"
66.249.75.4 - - [29/Apr/2026:05:32:23 +0200] "GET /items/T502692206/ HTTP/1.1" 301 0 "-" "Mozilla/5.0 (Linux; Android 6.0.1; Nexus 5X Build/MMB29P) AppleWebKit/537.36 (KHTML, like Gecko) Chrome/147.0.7727.116 Mobile Safari/537.36 (compatible; Googlebot/2.1; +http://www.google.com/bot.html)"
57.141.20.7 - - [29/Apr/2026:05:32:25 +0200] "GET /?g=4024145ndbd8w HTTP/1.1" 200 162183 "-" "meta-externalagent/1.1 (+https://developers.facebook.com/docs/sharing/webmasters/crawler)"
54.38.147.44 - - [29/Apr/2026:05:32:28 +0200] "GET /items/G464019794/ HTTP/1.1" 404 100283 "-" "Mozilla/5.0 (compatible; AhrefsBot/7.0; +http://ahrefs.com/robot/)"
66.249.75.4 - - [29/Apr/2026:05:33:06 +0200] "GET /items/O554581820/ HTTP/1.1" 301 0 "-" "Mozilla/5.0 (compatible; Googlebot/2.1; +http://www.google.com/bot.html)"
66.249.75.4 - - [29/Apr/2026:05:31:10 +0200] "GET /items/U792516307/ HTTP/1.1" 301 0 "-" "Mozilla/5.0 (Linux; Android 6.0.1; Nexus 5X Build/MMB29P) AppleWebKit/537.36 (KHTML, like Gecko) Chrome/147.0.7727.116 Mobile Safari/537.36 (compatible; Googlebot/2.1; +http://www.google.com/bot.html)"
66.249.72.36 - - [29/Apr/2026:05:31:10 +0200] "GET /items/U792516307/ HTTP/1.1" 404 100283 "-" "Mozilla/5.0 (Linux; Android 6.0.1; Nexus 5X Build/MMB29P) AppleWebKit/537.36 (KHTML, like Gecko) Chrome/147.0.7727.116 Mobile Safari/537.36 (compatible; Googlebot/2.1; +http://www.google.com/bot.html)"
66.249.72.36 - - [29/Apr/2026:05:31:17 +0200] "GET /items/Q671905243/ HTTP/1.1" 404 100283 "-" "Mozilla/5.0 (Linux; Android 6.0.1; Nexus 5X Build/MMB29P) AppleWebKit/537.36 (KHTML, like Gecko) Chrome/147.0.7727.116 Mobile Safari/537.36 (compatible; Googlebot/2.1; +http://www.google.com/bot.html)"
66.249.75.4 - - [29/Apr/2026:05:31:20 +0200] "GET /items/O553356707/ HTTP/1.1" 301 0 "-" "Mozilla/5.0 (Linux; Android 6.0.1; Nexus 5X Build/MMB29P) AppleWebKit/537.36 (KHTML, like Gecko) Chrome/147.0.7727.116 Mobile Safari/537.36 (compatible; Googlebot/2.1; +http://www.google.com/bot.html)"
57.141.20.70 - - [29/Apr/2026:05:31:38 +0200] "GET /?g=6086388o9e06y HTTP/1.1" 200 162183 "-" "meta-externalagent/1.1 (+https://developers.facebook.com/docs/sharing/webmasters/crawler)"
66.249.72.36 - - [29/Apr/2026:05:31:44 +0200] "GET /items/T505512318/ HTTP/1.1" 404 100283 "-" "Mozilla/5.0 (Linux; Android 6.0.1; Nexus 5X Build/MMB29P) AppleWebKit/537.36 (KHTML, like Gecko) Chrome/147.0.7727.116 Mobile Safari/537.36 (compatible; Googlebot/2.1; +http://www.google.com/bot.html)"
109.234.166.131 - - [29/Apr/2026:05:31:47 +0200] "POST /wp-cron.php?doing_wp_cron=1777433507.8613400459289550781250 HTTP/1.1" 200 0 "-" "WordPress/6.9.4; https://marc-morin.ch"
57.141.20.20 - - [29/Apr/2026:05:31:48 +0200] "GET /items/G462126498/ HTTP/1.1" 404 100283 "-" "meta-externalagent/1.1 (+https://developers.facebook.com/docs/sharing/webmasters/crawler)"
66.249.72.37 - - [29/Apr/2026:05:32:18 +0200] "GET /?g=5333939e7cnh2 HTTP/1.1" 200 162183 "-" "Mozilla/5.0 (Linux; Android 6.0.1; Nexus 5X Build/MMB29P) AppleWebKit/537.36 (KHTML, like Gecko) Chrome/147.0.7727.116 Mobile Safari/537.36 (compatible; Googlebot/2.1; +http://www.google.com/bot.html)"
66.249.75.4 - - [29/Apr/2026:05:32:36 +0200] "GET /items/J875451239/ HTTP/1.1" 301 0 "-" "Mozilla/5.0 (Linux; Android 6.0.1; Nexus 5X Build/MMB29P) AppleWebKit/537.36 (KHTML, like Gecko) Chrome/147.0.7727.116 Mobile Safari/537.36 (compatible; Googlebot/2.1; +http://www.google.com/bot.html)"
66.249.72.36 - - [29/Apr/2026:05:32:37 +0200] "GET /items/J875451239/ HTTP/1.1" 404 100283 "-" "Mozilla/5.0 (Linux; Android 6.0.1; Nexus 5X Build/MMB29P) AppleWebKit/537.36 (KHTML, like Gecko) Chrome/147.0.7727.116 Mobile Safari/537.36 (compatible; Googlebot/2.1; +http://www.google.com/bot.html)"
109.234.166.131 - - [29/Apr/2026:05:32:48 +0200] "POST /wp-cron.php?doing_wp_cron=1777433568.5456349849700927734375 HTTP/1.1" 200 0 "-" "WordPress/6.9.4; https://marc-morin.ch"
57.141.20.56 - - [29/Apr/2026:05:32:47 +0200] "GET /?g=1625227zzoud4 HTTP/1.1" 200 162183 "-" "meta-externalagent/1.1 (+https://developers.facebook.com/docs/sharing/webmasters/crawler)"
66.249.75.4 - - [29/Apr/2026:05:32:57 +0200] "GET /items/X162526420/ HTTP/1.1" 301 0 "-" "Mozilla/5.0 (compatible; Googlebot/2.1; +http://www.google.com/bot.html)"
66.249.72.36 - - [29/Apr/2026:05:32:57 +0200] "GET /items/X162526420/ HTTP/1.1" 404 100283 "-" "Mozilla/5.0 (compatible; Googlebot/2.1; +http://www.google.com/bot.html)"
66.249.72.37 - - [29/Apr/2026:05:33:07 +0200] "GET /items/O554581820/ HTTP/1.1" 404 100283 "-" "Mozilla/5.0 (compatible; Googlebot/2.1; +http://www.google.com/bot.html)"
66.249.75.4 - - [29/Apr/2026:05:33:39 +0200] "GET /items/T554690983/ HTTP/1.1" 301 0 "-" "Mozilla/5.0 (Linux; Android 6.0.1; Nexus 5X Build/MMB29P) AppleWebKit/537.36 (KHTML, like Gecko) Chrome/147.0.7727.116 Mobile Safari/537.36 (compatible; Googlebot/2.1; +http://www.google.com/bot.html)"
57.141.20.44 - - [29/Apr/2026:05:31:48 +0200] "GET /?g=3594262sqxz4n HTTP/1.1" 200 162183 "-" "meta-externalagent/1.1 (+https://developers.facebook.com/docs/sharing/webmasters/crawler)"
57.141.20.51 - - [29/Apr/2026:05:32:12 +0200] "GET /items/G463622494/ HTTP/1.1" 404 100283 "-" "meta-externalagent/1.1 (+https://developers.facebook.com/docs/sharing/webmasters/crawler)"
66.249.75.6 - - [29/Apr/2026:05:32:15 +0200] "GET /items/A503566053/ HTTP/1.1" 301 0 "-" "Mozilla/5.0 (compatible; Googlebot/2.1; +http://www.google.com/bot.html)"
66.249.72.36 - - [29/Apr/2026:05:32:24 +0200] "GET /items/T502692206/ HTTP/1.1" 404 100283 "-" "Mozilla/5.0 (Linux; Android 6.0.1; Nexus 5X Build/MMB29P) AppleWebKit/537.36 (KHTML, like Gecko) Chrome/147.0.7727.116 Mobile Safari/537.36 (compatible; Googlebot/2.1; +http://www.google.com/bot.html)"
57.141.20.34 - - [29/Apr/2026:05:32:36 +0200] "GET /?g=712219vahn6r HTTP/1.1" 200 162183 "-" "meta-externalagent/1.1 (+https://developers.facebook.com/docs/sharing/webmasters/crawler)"
66.249.75.4 - - [29/Apr/2026:05:32:41 +0200] "GET /items/R145704535/ HTTP/1.1" 301 0 "-" "Mozilla/5.0 (compatible; Googlebot/2.1; +http://www.google.com/bot.html)"
66.249.72.36 - - [29/Apr/2026:05:32:42 +0200] "GET /items/R145704535/ HTTP/1.1" 404 100283 "-" "Mozilla/5.0 (compatible; Googlebot/2.1; +http://www.google.com/bot.html)"
57.141.20.64 - - [29/Apr/2026:05:33:26 +0200] "GET /?g=1560211ag7qkj HTTP/1.1" 200 162183 "-" "meta-externalagent/1.1 (+https://developers.facebook.com/docs/sharing/webmasters/crawler)"
57.141.20.10 - - [29/Apr/2026:05:33:38 +0200] "GET /?g=61280142sb4mb HTTP/1.1" 200 162183 "-" "meta-externalagent/1.1 (+https://developers.facebook.com/docs/sharing/webmasters/crawler)"
66.249.72.37 - - [29/Apr/2026:05:33:41 +0200] "GET /items/T554690983/ HTTP/1.1" 404 100283 "-" "Mozilla/5.0 (Linux; Android 6.0.1; Nexus 5X Build/MMB29P) AppleWebKit/537.36 (KHTML, like Gecko) Chrome/147.0.7727.116 Mobile Safari/537.36 (compatible; Googlebot/2.1; +http://www.google.com/bot.html)"
109.234.166.131 - - [29/Apr/2026:05:33:46 +0200] "POST /wp-cron.php?doing_wp_cron=1777433626.3265619277954101562500 HTTP/1.1" 200 0 "-" "WordPress/6.9.4; https://marc-morin.ch"
66.249.75.5 - - [29/Apr/2026:05:34:05 +0200] "GET /items/R725694852/ HTTP/1.1" 301 0 "-" "Mozilla/5.0 (Linux; Android 6.0.1; Nexus 5X Build/MMB29P) AppleWebKit/537.36 (KHTML, like Gecko) Chrome/147.0.7727.116 Mobile Safari/537.36 (compatible; Googlebot/2.1; +http://www.google.com/bot.html)"
66.249.75.5 - - [29/Apr/2026:05:34:06 +0200] "GET /items/A506032715/ HTTP/1.1" 301 0 "-" "Mozilla/5.0 (Linux; Android 6.0.1; Nexus 5X Build/MMB29P) AppleWebKit/537.36 (KHTML, like Gecko) Chrome/147.0.7727.116 Mobile Safari/537.36 (compatible; Googlebot/2.1; +http://www.google.com/bot.html)"
66.249.72.36 - - [29/Apr/2026:05:34:10 +0200] "GET /items/A506032715/ HTTP/1.1" 404 100283 "-" "Mozilla/5.0 (Linux; Android 6.0.1; Nexus 5X Build/MMB29P) AppleWebKit/537.36 (KHTML, like Gecko) Chrome/147.0.7727.116 Mobile Safari/537.36 (compatible; Googlebot/2.1; +http://www.google.com/bot.html)"
66.249.75.5 - - [29/Apr/2026:05:34:13 +0200] "GET /items/X693932894/ HTTP/1.1" 301 0 "-" "Mozilla/5.0 (compatible; Googlebot/2.1; +http://www.google.com/bot.html)"
66.249.72.36 - - [29/Apr/2026:05:34:13 +0200] "GET /items/V492234043/ HTTP/1.1" 404 100283 "-" "Mozilla/5.0 (compatible; Googlebot/2.1; +http://www.google.com/bot.html)"
66.249.72.36 - - [29/Apr/2026:05:34:15 +0200] "GET /items/X693932894/ HTTP/1.1" 404 100283 "-" "Mozilla/5.0 (compatible; Googlebot/2.1; +http://www.google.com/bot.html)"
66.249.75.4 - - [29/Apr/2026:05:34:42 +0200] "GET /items/Q163418770/ HTTP/1.1" 301 0 "-" "Mozilla/5.0 (Linux; Android 6.0.1; Nexus 5X Build/MMB29P) AppleWebKit/537.36 (KHTML, like Gecko) Chrome/147.0.7727.116 Mobile Safari/537.36 (compatible; Googlebot/2.1; +http://www.google.com/bot.html)"
57.141.20.29 - - [29/Apr/2026:05:33:06 +0200] "GET /?g=4230828dj0ofp HTTP/1.1" 200 162183 "-" "meta-externalagent/1.1 (+https://developers.facebook.com/docs/sharing/webmasters/crawler)"
57.141.20.9 - - [29/Apr/2026:05:33:07 +0200] "GET /items/G466468309/ HTTP/1.1" 404 100283 "-" "meta-externalagent/1.1 (+https://developers.facebook.com/docs/sharing/webmasters/crawler)"
57.141.20.42 - - [29/Apr/2026:05:33:28 +0200] "GET /items/G465652878/ HTTP/1.1" 404 100283 "-" "meta-externalagent/1.1 (+https://developers.facebook.com/docs/sharing/webmasters/crawler)"
66.249.75.4 - - [29/Apr/2026:05:33:46 +0200] "GET /items/P423388069/ HTTP/1.1" 301 0 "-" "Mozilla/5.0 (Linux; Android 6.0.1; Nexus 5X Build/MMB29P) AppleWebKit/537.36 (KHTML, like Gecko) Chrome/147.0.7727.116 Mobile Safari/537.36 (compatible; Googlebot/2.1; +http://www.google.com/bot.html)"
57.141.20.27 - - [29/Apr/2026:05:33:47 +0200] "GET /items/G467770810/ HTTP/1.1" 404 100283 "-" "meta-externalagent/1.1 (+https://developers.facebook.com/docs/sharing/webmasters/crawler)"
66.249.72.37 - - [29/Apr/2026:05:34:00 +0200] "GET /items/X822476907/ HTTP/1.1" 404 100283 "-" "Mozilla/5.0 (Linux; Android 6.0.1; Nexus 5X Build/MMB29P) AppleWebKit/537.36 (KHTML, like Gecko) Chrome/147.0.7727.116 Mobile Safari/537.36 (compatible; Googlebot/2.1; +http://www.google.com/bot.html)"
57.141.20.2 - - [29/Apr/2026:05:34:03 +0200] "GET /items/G464022106/ HTTP/1.1" 404 100283 "-" "meta-externalagent/1.1 (+https://developers.facebook.com/docs/sharing/webmasters/crawler)"
66.249.72.36 - - [29/Apr/2026:05:34:07 +0200] "GET /items/R725694852/ HTTP/1.1" 404 100283 "-" "Mozilla/5.0 (Linux; Android 6.0.1; Nexus 5X Build/MMB29P) AppleWebKit/537.36 (KHTML, like Gecko) Chrome/147.0.7727.116 Mobile Safari/537.36 (compatible; Googlebot/2.1; +http://www.google.com/bot.html)"
66.249.75.5 - - [29/Apr/2026:05:34:12 +0200] "GET /items/V492234043/ HTTP/1.1" 301 0 "-" "Mozilla/5.0 (compatible; Googlebot/2.1; +http://www.google.com/bot.html)"
198.244.183.210 - - [29/Apr/2026:05:34:22 +0200] "GET /items/G464011073/ HTTP/1.1" 404 100283 "-" "Mozilla/5.0 (compatible; AhrefsBot/7.0; +http://ahrefs.com/robot/)"
57.141.20.30 - - [29/Apr/2026:05:34:25 +0200] "GET /items/G462826073/ HTTP/1.1" 404 100283 "-" "meta-externalagent/1.1 (+https://developers.facebook.com/docs/sharing/webmasters/crawler)"
57.141.20.29 - - [29/Apr/2026:05:34:34 +0200] "GET /items/G464755357/ HTTP/1.1" 404 100283 "-" "meta-externalagent/1.1 (+https://developers.facebook.com/docs/sharing/webmasters/crawler)"
66.249.72.36 - - [29/Apr/2026:05:34:43 +0200] "GET /?g=442529f7lgrh HTTP/1.1" 200 162183 "-" "Mozilla/5.0 (compatible; Googlebot/2.1; +http://www.google.com/bot.html)"
57.141.20.65 - - [29/Apr/2026:05:34:44 +0200] "GET /items/G461402969/ HTTP/1.1" 404 100283 "-" "meta-externalagent/1.1 (+https://developers.facebook.com/docs/sharing/webmasters/crawler)"
66.249.75.4 - - [29/Apr/2026:05:34:50 +0200] "GET /items/Y524192841/ HTTP/1.1" 301 0 "-" "Mozilla/5.0 (Linux; Android 6.0.1; Nexus 5X Build/MMB29P) AppleWebKit/537.36 (KHTML, like Gecko) Chrome/147.0.7727.116 Mobile Safari/537.36 (compatible; Googlebot/2.1; +http://www.google.com/bot.html)"
66.249.72.36 - - [29/Apr/2026:05:34:51 +0200] "GET /items/Y524192841/ HTTP/1.1" 404 100283 "-" "Mozilla/5.0 (Linux; Android 6.0.1; Nexus 5X Build/MMB29P) AppleWebKit/537.36 (KHTML, like Gecko) Chrome/147.0.7727.116 Mobile Safari/537.36 (compatible; Googlebot/2.1; +http://www.google.com/bot.html)"
66.249.75.5 - - [29/Apr/2026:05:35:01 +0200] "GET /items/S434473240/ HTTP/1.1" 301 0 "-" "Mozilla/5.0 (compatible; Googlebot/2.1; +http://www.google.com/bot.html)"
57.141.20.1 - - [29/Apr/2026:05:35:03 +0200] "GET /items/G462256378/ HTTP/1.1" 404 100283 "-" "meta-externalagent/1.1 (+https://developers.facebook.com/docs/sharing/webmasters/crawler)"
66.249.72.36 - - [29/Apr/2026:05:35:11 +0200] "GET /items/M893671524/ HTTP/1.1" 404 100283 "-" "Mozilla/5.0 (compatible; Googlebot/2.1; +http://www.google.com/bot.html)"
66.249.72.36 - - [29/Apr/2026:05:33:47 +0200] "GET /items/P423388069/ HTTP/1.1" 404 100283 "-" "Mozilla/5.0 (Linux; Android 6.0.1; Nexus 5X Build/MMB29P) AppleWebKit/537.36 (KHTML, like Gecko) Chrome/147.0.7727.116 Mobile Safari/537.36 (compatible; Googlebot/2.1; +http://www.google.com/bot.html)"
66.249.75.4 - - [29/Apr/2026:05:33:59 +0200] "GET /items/X822476907/ HTTP/1.1" 301 0 "-" "Mozilla/5.0 (Linux; Android 6.0.1; Nexus 5X Build/MMB29P) AppleWebKit/537.36 (KHTML, like Gecko) Chrome/147.0.7727.116 Mobile Safari/537.36 (compatible; Googlebot/2.1; +http://www.google.com/bot.html)"
57.141.20.61 - - [29/Apr/2026:05:34:14 +0200] "GET /items/G461897007/ HTTP/1.1" 404 100283 "-" "meta-externalagent/1.1 (+https://developers.facebook.com/docs/sharing/webmasters/crawler)"
57.141.20.39 - - [29/Apr/2026:05:34:15 +0200] "GET /?g=39562135geup2 HTTP/1.1" 200 162183 "-" "meta-externalagent/1.1 (+https://developers.facebook.com/docs/sharing/webmasters/crawler)"
109.234.166.131 - - [29/Apr/2026:05:34:45 +0200] "POST /wp-cron.php?doing_wp_cron=1777433685.2152299880981445312500 HTTP/1.1" 200 0 "-" "WordPress/6.9.4; https://marc-morin.ch"
66.249.75.5 - - [29/Apr/2026:05:35:11 +0200] "GET /items/M893671524/ HTTP/1.1" 301 0 "-" "Mozilla/5.0 (compatible; Googlebot/2.1; +http://www.google.com/bot.html)"
57.141.20.6 - - [29/Apr/2026:05:35:15 +0200] "GET /items/G466655281/ HTTP/1.1" 404 100283 "-" "meta-externalagent/1.1 (+https://developers.facebook.com/docs/sharing/webmasters/crawler)"
109.234.166.131 - - [29/Apr/2026:05:35:17 +0200] "POST /wp-cron.php?doing_wp_cron=1777433717.0703289508819580078125 HTTP/1.1" 200 0 "-" "WordPress/6.9.4; https://marc-morin.ch"
93.158.95.213 - - [29/Apr/2026:05:35:16 +0200] "GET /robots.txt HTTP/1.1" 200 171 "-" "Mozilla/5.0 (Macintosh; Intel Mac OS X 10_15_7) AppleWebKit/605.1.15 (KHTML, like Gecko) Version/17.3.1 Safari/605.1.1"
178.73.233.115 - - [29/Apr/2026:05:35:17 +0200] "GET / HTTP/1.1" 301 0 "-" "Mozilla/5.0 (Macintosh; Intel Mac OS X 10_15_7) AppleWebKit/605.1.15 (KHTML, like Gecko) Version/17.3.1 Safari/605.1.1"
93.158.95.213 - - [29/Apr/2026:05:35:17 +0200] "GET / HTTP/1.1" 200 162159 "http://marc-morin.ch/" "Mozilla/5.0 (Macintosh; Intel Mac OS X 10_15_7) AppleWebKit/605.1.15 (KHTML, like Gecko) Version/17.3.1 Safari/605.1.1"
66.249.75.4 - - [29/Apr/2026:05:35:19 +0200] "GET /items/X475329111/ HTTP/1.1" 301 0 "-" "Mozilla/5.0 (Linux; Android 6.0.1; Nexus 5X Build/MMB29P) AppleWebKit/537.36 (KHTML, like Gecko) Chrome/147.0.7727.116 Mobile Safari/537.36 (compatible; Googlebot/2.1; +http://www.google.com/bot.html)"
66.249.72.36 - - [29/Apr/2026:05:35:20 +0200] "GET /items/X475329111/ HTTP/1.1" 404 100283 "-" "Mozilla/5.0 (Linux; Android 6.0.1; Nexus 5X Build/MMB29P) AppleWebKit/537.36 (KHTML, like Gecko) Chrome/147.0.7727.116 Mobile Safari/537.36 (compatible; Googlebot/2.1; +http://www.google.com/bot.html)"
57.141.20.41 - - [29/Apr/2026:05:35:27 +0200] "GET /?g=41987402vfbz4 HTTP/1.1" 200 162183 "-" "meta-externalagent/1.1 (+https://developers.facebook.com/docs/sharing/webmasters/crawler)"
66.249.75.4 - - [29/Apr/2026:05:35:29 +0200] "GET /items/C984355342/ HTTP/1.1" 301 0 "-" "Mozilla/5.0 (Linux; Android 6.0.1; Nexus 5X Build/MMB29P) AppleWebKit/537.36 (KHTML, like Gecko) Chrome/147.0.7727.116 Mobile Safari/537.36 (compatible; Googlebot/2.1; +http://www.google.com/bot.html)"
57.141.20.67 - - [29/Apr/2026:05:35:57 +0200] "GET /?g=4160308jt6d90 HTTP/1.1" 200 162183 "-" "meta-externalagent/1.1 (+https://developers.facebook.com/docs/sharing/webmasters/crawler)"
66.249.75.6 - - [29/Apr/2026:05:36:29 +0200] "GET /items/P093858753/ HTTP/1.1" 301 0 "-" "Mozilla/5.0 (compatible; Googlebot/2.1; +http://www.google.com/bot.html)"
109.234.166.131 - - [29/Apr/2026:05:36:55 +0200] "POST /wp-cron.php?doing_wp_cron=1777433815.1718850135803222656250 HTTP/1.1" 200 0 "-" "WordPress/6.9.4; https://marc-morin.ch"
57.141.20.67 - - [29/Apr/2026:05:36:54 +0200] "GET /items/G462053473/ HTTP/1.1" 404 100283 "-" "meta-externalagent/1.1 (+https://developers.facebook.com/docs/sharing/webmasters/crawler)"
66.249.72.36 - - [29/Apr/2026:05:34:44 +0200] "GET /items/Q163418770/ HTTP/1.1" 404 100283 "-" "Mozilla/5.0 (Linux; Android 6.0.1; Nexus 5X Build/MMB29P) AppleWebKit/537.36 (KHTML, like Gecko) Chrome/147.0.7727.116 Mobile Safari/537.36 (compatible; Googlebot/2.1; +http://www.google.com/bot.html)"
66.249.75.5 - - [29/Apr/2026:05:35:02 +0200] "GET /items/F631944701/ HTTP/1.1" 301 0 "-" "Mozilla/5.0 (compatible; Googlebot/2.1; +http://www.google.com/bot.html)"
66.249.72.37 - - [29/Apr/2026:05:35:03 +0200] "GET /items/S434473240/ HTTP/1.1" 404 100283 "-" "Mozilla/5.0 (compatible; Googlebot/2.1; +http://www.google.com/bot.html)"
66.249.72.38 - - [29/Apr/2026:05:35:06 +0200] "GET /items/F631944701/ HTTP/1.1" 404 100283 "-" "Mozilla/5.0 (compatible; Googlebot/2.1; +http://www.google.com/bot.html)"
66.249.72.36 - - [29/Apr/2026:05:35:15 +0200] "GET /items/X993947340/ HTTP/1.1" 404 100283 "-" "Mozilla/5.0 (Linux; Android 6.0.1; Nexus 5X Build/MMB29P) AppleWebKit/537.36 (KHTML, like Gecko) Chrome/147.0.7727.116 Mobile Safari/537.36 (compatible; Googlebot/2.1; +http://www.google.com/bot.html)"
66.249.75.4 - - [29/Apr/2026:05:35:18 +0200] "GET /items/Q164245367/ HTTP/1.1" 301 0 "-" "Mozilla/5.0 (Linux; Android 6.0.1; Nexus 5X Build/MMB29P) AppleWebKit/537.36 (KHTML, like Gecko) Chrome/147.0.7727.116 Mobile Safari/537.36 (compatible; Googlebot/2.1; +http://www.google.com/bot.html)"
66.249.72.36 - - [29/Apr/2026:05:35:19 +0200] "GET /items/Q164245367/ HTTP/1.1" 404 100283 "-" "Mozilla/5.0 (Linux; Android 6.0.1; Nexus 5X Build/MMB29P) AppleWebKit/537.36 (KHTML, like Gecko) Chrome/147.0.7727.116 Mobile Safari/537.36 (compatible; Googlebot/2.1; +http://www.google.com/bot.html)"
66.249.75.4 - - [29/Apr/2026:05:35:32 +0200] "GET /items/C475530311/ HTTP/1.1" 301 0 "-" "Mozilla/5.0 (compatible; Googlebot/2.1; +http://www.google.com/bot.html)"
66.249.72.36 - - [29/Apr/2026:05:35:32 +0200] "GET /items/C475530311/ HTTP/1.1" 404 100283 "-" "Mozilla/5.0 (compatible; Googlebot/2.1; +http://www.google.com/bot.html)"
57.141.20.57 - - [29/Apr/2026:05:35:38 +0200] "GET /?g=1839745g0r8gl HTTP/1.1" 200 162183 "-" "meta-externalagent/1.1 (+https://developers.facebook.com/docs/sharing/webmasters/crawler)"
109.234.166.131 - - [29/Apr/2026:05:35:56 +0200] "POST /wp-cron.php?doing_wp_cron=1777433756.6382470130920410156250 HTTP/1.1" 200 0 "-" "WordPress/6.9.4; https://marc-morin.ch"
57.141.20.42 - - [29/Apr/2026:05:35:55 +0200] "GET /sitemap2026-02-18.xml HTTP/1.1" 404 100283 "-" "meta-externalagent/1.1 (+https://developers.facebook.com/docs/sharing/webmasters/crawler)"
198.244.183.27 - - [29/Apr/2026:05:36:06 +0200] "GET /items/G463906782/ HTTP/1.1" 404 100283 "-" "Mozilla/5.0 (compatible; AhrefsBot/7.0; +http://ahrefs.com/robot/)"
66.249.72.38 - - [29/Apr/2026:05:36:22 +0200] "GET /?g=6207705pm612x HTTP/1.1" 200 162183 "-" "Mozilla/5.0 (Linux; Android 6.0.1; Nexus 5X Build/MMB29P) AppleWebKit/537.36 (KHTML, like Gecko) Chrome/147.0.7727.116 Mobile Safari/537.36 (compatible; Googlebot/2.1; +http://www.google.com/bot.html)"
66.249.72.37 - - [29/Apr/2026:05:36:30 +0200] "GET /items/P093858753/ HTTP/1.1" 404 100283 "-" "Mozilla/5.0 (compatible; Googlebot/2.1; +http://www.google.com/bot.html)"
66.249.72.37 - - [29/Apr/2026:05:37:06 +0200] "GET /?g=34026747cflfr HTTP/1.1" 200 162183 "-" "Mozilla/5.0 (compatible; Googlebot/2.1; +http://www.google.com/bot.html)"
66.249.75.4 - - [29/Apr/2026:05:37:32 +0200] "GET /items/X821322226/ HTTP/1.1" 301 0 "-" "Mozilla/5.0 (Linux; Android 6.0.1; Nexus 5X Build/MMB29P) AppleWebKit/537.36 (KHTML, like Gecko) Chrome/147.0.7727.116 Mobile Safari/537.36 (compatible; Googlebot/2.1; +http://www.google.com/bot.html)"
57.141.20.4 - - [29/Apr/2026:05:37:46 +0200] "GET /items/G465372914/ HTTP/1.1" 404 100283 "-" "meta-externalagent/1.1 (+https://developers.facebook.com/docs/sharing/webmasters/crawler)"
66.249.72.36 - - [29/Apr/2026:05:37:50 +0200] "GET /?g=16735280pnykq HTTP/1.1" 200 162183 "-" "Mozilla/5.0 (compatible; Googlebot/2.1; +http://www.google.com/bot.html)"
66.249.75.4 - - [29/Apr/2026:05:35:14 +0200] "GET /items/X993947340/ HTTP/1.1" 301 0 "-" "Mozilla/5.0 (Linux; Android 6.0.1; Nexus 5X Build/MMB29P) AppleWebKit/537.36 (KHTML, like Gecko) Chrome/147.0.7727.116 Mobile Safari/537.36 (compatible; Googlebot/2.1; +http://www.google.com/bot.html)"
57.141.20.28 - - [29/Apr/2026:05:35:14 +0200] "GET /?g=6446383mr3vyh HTTP/1.1" 200 162183 "-" "meta-externalagent/1.1 (+https://developers.facebook.com/docs/sharing/webmasters/crawler)"
66.249.72.36 - - [29/Apr/2026:05:35:30 +0200] "GET /items/C984355342/ HTTP/1.1" 404 100283 "-" "Mozilla/5.0 (Linux; Android 6.0.1; Nexus 5X Build/MMB29P) AppleWebKit/537.36 (KHTML, like Gecko) Chrome/147.0.7727.116 Mobile Safari/537.36 (compatible; Googlebot/2.1; +http://www.google.com/bot.html)"
57.141.20.28 - - [29/Apr/2026:05:36:06 +0200] "GET /items/G466566407/ HTTP/1.1" 404 100283 "-" "meta-externalagent/1.1 (+https://developers.facebook.com/docs/sharing/webmasters/crawler)"
66.249.72.36 - - [29/Apr/2026:05:36:19 +0200] "GET /?g=6207705pm612x HTTP/1.1" 200 162183 "-" "Mozilla/5.0 (compatible; Googlebot/2.1; +http://www.google.com/bot.html)"
66.249.72.36 - - [29/Apr/2026:05:37:04 +0200] "GET /?g=2236652qeqci9 HTTP/1.1" 200 162183 "-" "Mozilla/5.0 (compatible; Googlebot/2.1; +http://www.google.com/bot.html)"
57.141.20.52 - - [29/Apr/2026:05:37:15 +0200] "GET /?g=21905879om0ub HTTP/1.1" 200 162183 "-" "meta-externalagent/1.1 (+https://developers.facebook.com/docs/sharing/webmasters/crawler)"
66.249.75.4 - - [29/Apr/2026:05:37:28 +0200] "GET /items/F632512709/ HTTP/1.1" 301 0 "-" "Mozilla/5.0 (compatible; Googlebot/2.1; +http://www.google.com/bot.html)"
109.234.166.131 - - [29/Apr/2026:05:37:47 +0200] "POST /wp-cron.php?doing_wp_cron=1777433867.3668370246887207031250 HTTP/1.1" 200 0 "-" "WordPress/6.9.4; https://marc-morin.ch"
66.249.75.4 - - [29/Apr/2026:05:37:59 +0200] "GET /items/L663559154/ HTTP/1.1" 301 0 "-" "Mozilla/5.0 (compatible; Googlebot/2.1; +http://www.google.com/bot.html)"
57.141.20.16 - - [29/Apr/2026:05:38:04 +0200] "GET /items/G462675414/ HTTP/1.1" 404 100283 "-" "meta-externalagent/1.1 (+https://developers.facebook.com/docs/sharing/webmasters/crawler)"
57.141.20.45 - - [29/Apr/2026:05:38:06 +0200] "GET /items/G465745660/ HTTP/1.1" 404 100283 "-" "meta-externalagent/1.1 (+https://developers.facebook.com/docs/sharing/webmasters/crawler)"
66.249.75.4 - - [29/Apr/2026:05:38:08 +0200] "GET /items/O386058332/ HTTP/1.1" 301 0 "-" "Mozilla/5.0 (compatible; Googlebot/2.1; +http://www.google.com/bot.html)"
66.249.72.37 - - [29/Apr/2026:05:38:10 +0200] "GET /items/O386058332/ HTTP/1.1" 404 100283 "-" "Mozilla/5.0 (compatible; Googlebot/2.1; +http://www.google.com/bot.html)"
109.234.166.131 - - [29/Apr/2026:05:38:45 +0200] "POST /wp-cron.php?doing_wp_cron=1777433925.2329928874969482421875 HTTP/1.1" 200 0 "-" "WordPress/6.9.4; https://marc-morin.ch"
66.249.75.4 - - [29/Apr/2026:05:38:50 +0200] "GET /items/L664116322/ HTTP/1.1" 301 0 "-" "Mozilla/5.0 (Linux; Android 6.0.1; Nexus 5X Build/MMB29P) AppleWebKit/537.36 (KHTML, like Gecko) Chrome/147.0.7727.116 Mobile Safari/537.36 (compatible; Googlebot/2.1; +http://www.google.com/bot.html)"
66.249.75.5 - - [29/Apr/2026:05:39:05 +0200] "GET /items/E654456429/ HTTP/1.1" 301 0 "-" "Mozilla/5.0 (Linux; Android 6.0.1; Nexus 5X Build/MMB29P) AppleWebKit/537.36 (KHTML, like Gecko) Chrome/147.0.7727.116 Mobile Safari/537.36 (compatible; Googlebot/2.1; +http://www.google.com/bot.html)"
66.249.75.5 - - [29/Apr/2026:05:39:12 +0200] "GET /items/C413773020/ HTTP/1.1" 301 0 "-" "Mozilla/5.0 (Linux; Android 6.0.1; Nexus 5X Build/MMB29P) AppleWebKit/537.36 (KHTML, like Gecko) Chrome/147.0.7727.116 Mobile Safari/537.36 (compatible; Googlebot/2.1; +http://www.google.com/bot.html)"
52.167.144.209 - - [29/Apr/2026:05:39:18 +0200] "GET /entreprise-de-couverture-toiture-a-confignon/ HTTP/1.1" 200 159978 "-" "Mozilla/5.0 AppleWebKit/537.36 (KHTML, like Gecko; compatible; bingbot/2.0; +http://www.bing.com/bingbot.htm) Chrome/116.0.1938.76 Safari/537.36"
66.249.72.36 - - [29/Apr/2026:05:36:57 +0200] "GET /?g=109921871uy68 HTTP/1.1" 200 162183 "-" "Mozilla/5.0 (compatible; Googlebot/2.1; +http://www.google.com/bot.html)"
57.141.20.57 - - [29/Apr/2026:05:36:57 +0200] "GET /?g=5036773oubz3e HTTP/1.1" 200 162183 "-" "meta-externalagent/1.1 (+https://developers.facebook.com/docs/sharing/webmasters/crawler)"
66.249.72.38 - - [29/Apr/2026:05:37:02 +0200] "GET /?g=2236652qeqci9 HTTP/1.1" 200 162183 "-" "Mozilla/5.0 (Linux; Android 6.0.1; Nexus 5X Build/MMB29P) AppleWebKit/537.36 (KHTML, like Gecko) Chrome/147.0.7727.116 Mobile Safari/537.36 (compatible; Googlebot/2.1; +http://www.google.com/bot.html)"
66.249.75.5 - - [29/Apr/2026:05:37:16 +0200] "GET /items/V905067575/ HTTP/1.1" 301 0 "-" "Mozilla/5.0 (compatible; Googlebot/2.1; +http://www.google.com/bot.html)"
66.249.72.37 - - [29/Apr/2026:05:37:17 +0200] "GET /items/V905067575/ HTTP/1.1" 404 100283 "-" "Mozilla/5.0 (compatible; Googlebot/2.1; +http://www.google.com/bot.html)"
66.249.72.36 - - [29/Apr/2026:05:37:29 +0200] "GET /items/F632512709/ HTTP/1.1" 404 100283 "-" "Mozilla/5.0 (compatible; Googlebot/2.1; +http://www.google.com/bot.html)"
66.249.72.36 - - [29/Apr/2026:05:37:33 +0200] "GET /items/X821322226/ HTTP/1.1" 404 100283 "-" "Mozilla/5.0 (Linux; Android 6.0.1; Nexus 5X Build/MMB29P) AppleWebKit/537.36 (KHTML, like Gecko) Chrome/147.0.7727.116 Mobile Safari/537.36 (compatible; Googlebot/2.1; +http://www.google.com/bot.html)"
66.249.72.36 - - [29/Apr/2026:05:38:01 +0200] "GET /?g=2374198q4r0q8 HTTP/1.1" 200 162183 "-" "Mozilla/5.0 (compatible; Googlebot/2.1; +http://www.google.com/bot.html)"
66.249.72.37 - - [29/Apr/2026:05:38:02 +0200] "GET /items/N825084887/ HTTP/1.1" 404 100283 "-" "Mozilla/5.0 (compatible; Googlebot/2.1; +http://www.google.com/bot.html)"
66.249.72.38 - - [29/Apr/2026:05:38:05 +0200] "GET /items/L663559154/ HTTP/1.1" 404 100283 "-" "Mozilla/5.0 (compatible; Googlebot/2.1; +http://www.google.com/bot.html)"
57.141.20.6 - - [29/Apr/2026:05:38:44 +0200] "GET /?g=16491471g3b7v HTTP/1.1" 200 162183 "-" "meta-externalagent/1.1 (+https://developers.facebook.com/docs/sharing/webmasters/crawler)"
57.141.20.34 - - [29/Apr/2026:05:38:45 +0200] "GET /?g=249085856o8ab HTTP/1.1" 200 162183 "-" "meta-externalagent/1.1 (+https://developers.facebook.com/docs/sharing/webmasters/crawler)"
66.249.75.4 - - [29/Apr/2026:05:38:50 +0200] "GET /items/E632292095/ HTTP/1.1" 301 0 "-" "Mozilla/5.0 (compatible; Googlebot/2.1; +http://www.google.com/bot.html)"
66.249.72.36 - - [29/Apr/2026:05:38:51 +0200] "GET /items/E632292095/ HTTP/1.1" 404 100283 "-" "Mozilla/5.0 (compatible; Googlebot/2.1; +http://www.google.com/bot.html)"
66.249.72.36 - - [29/Apr/2026:05:38:52 +0200] "GET /items/L664116322/ HTTP/1.1" 404 100283 "-" "Mozilla/5.0 (Linux; Android 6.0.1; Nexus 5X Build/MMB29P) AppleWebKit/537.36 (KHTML, like Gecko) Chrome/147.0.7727.116 Mobile Safari/537.36 (compatible; Googlebot/2.1; +http://www.google.com/bot.html)"
66.249.72.37 - - [29/Apr/2026:05:39:07 +0200] "GET /items/E654456429/ HTTP/1.1" 404 100283 "-" "Mozilla/5.0 (Linux; Android 6.0.1; Nexus 5X Build/MMB29P) AppleWebKit/537.36 (KHTML, like Gecko) Chrome/147.0.7727.116 Mobile Safari/537.36 (compatible; Googlebot/2.1; +http://www.google.com/bot.html)"
66.249.72.36 - - [29/Apr/2026:05:39:16 +0200] "GET /?g=4112681ornzsd HTTP/1.1" 200 162183 "-" "Mozilla/5.0 (Linux; Android 6.0.1; Nexus 5X Build/MMB29P) AppleWebKit/537.36 (KHTML, like Gecko) Chrome/147.0.7727.116 Mobile Safari/537.36 (compatible; Googlebot/2.1; +http://www.google.com/bot.html)"
66.249.72.36 - - [29/Apr/2026:05:39:20 +0200] "GET /items/Q165109706/ HTTP/1.1" 404 100283 "-" "Mozilla/5.0 (compatible; Googlebot/2.1; +http://www.google.com/bot.html)"
57.141.20.31 - - [29/Apr/2026:05:39:21 +0200] "GET /items/G467757409/ HTTP/1.1" 404 100283 "-" "meta-externalagent/1.1 (+https://developers.facebook.com/docs/sharing/webmasters/crawler)"
109.234.166.131 - - [29/Apr/2026:05:40:02 +0200] "POST /wp-cron.php?doing_wp_cron=1777434002.2418310642242431640625 HTTP/1.1" 200 0 "-" "WordPress/6.9.4; https://marc-morin.ch"
66.249.75.6 - - [29/Apr/2026:05:40:06 +0200] "GET /items/O935281955/ HTTP/1.1" 301 0 "-" "Mozilla/5.0 (Linux; Android 6.0.1; Nexus 5X Build/MMB29P) AppleWebKit/537.36 (KHTML, like Gecko) Chrome/147.0.7727.116 Mobile Safari/537.36 (compatible; Googlebot/2.1; +http://www.google.com/bot.html)"
66.249.75.4 - - [29/Apr/2026:05:40:09 +0200] "GET /items/C581126997/ HTTP/1.1" 301 0 "-" "Mozilla/5.0 (Linux; Android 6.0.1; Nexus 5X Build/MMB29P) AppleWebKit/537.36 (KHTML, like Gecko) Chrome/147.0.7727.116 Mobile Safari/537.36 (compatible; Googlebot/2.1; +http://www.google.com/bot.html)"
66.249.75.5 - - [29/Apr/2026:05:40:11 +0200] "GET /items/F262655690/ HTTP/1.1" 301 0 "-" "Mozilla/5.0 (compatible; Googlebot/2.1; +http://www.google.com/bot.html)"
66.249.72.36 - - [29/Apr/2026:05:40:11 +0200] "GET /items/C581126997/ HTTP/1.1" 404 100283 "-" "Mozilla/5.0 (Linux; Android 6.0.1; Nexus 5X Build/MMB29P) AppleWebKit/537.36 (KHTML, like Gecko) Chrome/147.0.7727.116 Mobile Safari/537.36 (compatible; Googlebot/2.1; +http://www.google.com/bot.html)"
66.249.72.37 - - [29/Apr/2026:05:40:13 +0200] "GET /items/F262655690/ HTTP/1.1" 404 100283 "-" "Mozilla/5.0 (compatible; Googlebot/2.1; +http://www.google.com/bot.html)"
66.249.72.36 - - [29/Apr/2026:05:40:24 +0200] "GET /?g=67136516voyib HTTP/1.1" 200 162183 "-" "Mozilla/5.0 (compatible; Googlebot/2.1; +http://www.google.com/bot.html)"
66.249.72.36 - - [29/Apr/2026:05:40:31 +0200] "GET /?g=1432597yf57b HTTP/1.1" 200 162183 "-" "Mozilla/5.0 (Linux; Android 6.0.1; Nexus 5X Build/MMB29P) AppleWebKit/537.36 (KHTML, like Gecko) Chrome/147.0.7727.116 Mobile Safari/537.36 (compatible; Googlebot/2.1; +http://www.google.com/bot.html)"
66.249.72.36 - - [29/Apr/2026:05:40:45 +0200] "GET /items/X901707108/ HTTP/1.1" 404 100283 "-" "Mozilla/5.0 (compatible; Googlebot/2.1; +http://www.google.com/bot.html)"
66.249.72.36 - - [29/Apr/2026:05:40:49 +0200] "GET /?g=43490766187qz HTTP/1.1" 200 162183 "-" "Mozilla/5.0 (Linux; Android 6.0.1; Nexus 5X Build/MMB29P) AppleWebKit/537.36 (KHTML, like Gecko) Chrome/147.0.7727.116 Mobile Safari/537.36 (compatible; Googlebot/2.1; +http://www.google.com/bot.html)"
66.249.75.4 - - [29/Apr/2026:05:40:51 +0200] "GET /items/K443590588/ HTTP/1.1" 301 0 "-" "Mozilla/5.0 (compatible; Googlebot/2.1; +http://www.google.com/bot.html)"
66.249.72.36 - - [29/Apr/2026:05:40:52 +0200] "GET /items/K443590588/ HTTP/1.1" 404 100283 "-" "Mozilla/5.0 (compatible; Googlebot/2.1; +http://www.google.com/bot.html)"
57.141.20.34 - - [29/Apr/2026:05:40:56 +0200] "GET /?g=925094kkkrfn HTTP/1.1" 200 162183 "-" "meta-externalagent/1.1 (+https://developers.facebook.com/docs/sharing/webmasters/crawler)"
66.249.75.4 - - [29/Apr/2026:05:41:29 +0200] "GET /items/C264048073/ HTTP/1.1" 301 0 "-" "Mozilla/5.0 (compatible; Googlebot/2.1; +http://www.google.com/bot.html)"
66.249.72.36 - - [29/Apr/2026:05:41:30 +0200] "GET /items/C264048073/ HTTP/1.1" 404 100283 "-" "Mozilla/5.0 (compatible; Googlebot/2.1; +http://www.google.com/bot.html)"
57.141.20.38 - - [29/Apr/2026:05:41:39 +0200] "GET /?g=2932322t8k1ur HTTP/1.1" 200 162183 "-" "meta-externalagent/1.1 (+https://developers.facebook.com/docs/sharing/webmasters/crawler)"
66.249.75.4 - - [29/Apr/2026:05:41:44 +0200] "GET /items/C472870899/ HTTP/1.1" 301 0 "-" "Mozilla/5.0 (Linux; Android 6.0.1; Nexus 5X Build/MMB29P) AppleWebKit/537.36 (KHTML, like Gecko) Chrome/147.0.7727.116 Mobile Safari/537.36 (compatible; Googlebot/2.1; +http://www.google.com/bot.html)"
109.234.166.131 - - [29/Apr/2026:05:41:45 +0200] "POST /wp-cron.php?doing_wp_cron=1777434105.7241950035095214843750 HTTP/1.1" 200 0 "-" "WordPress/6.9.4; https://marc-morin.ch"
66.249.75.4 - - [29/Apr/2026:05:41:46 +0200] "GET /items/J872219556/ HTTP/1.1" 301 0 "-" "Mozilla/5.0 (compatible; Googlebot/2.1; +http://www.google.com/bot.html)"
51.195.215.242 - - [29/Apr/2026:05:37:53 +0200] "GET /items/G463885159/ HTTP/1.1" 404 100283 "-" "Mozilla/5.0 (compatible; AhrefsBot/7.0; +http://ahrefs.com/robot/)"
66.249.75.4 - - [29/Apr/2026:05:37:58 +0200] "GET /items/N825084887/ HTTP/1.1" 301 0 "-" "Mozilla/5.0 (compatible; Googlebot/2.1; +http://www.google.com/bot.html)"
66.249.72.36 - - [29/Apr/2026:05:39:14 +0200] "GET /items/C413773020/ HTTP/1.1" 404 100283 "-" "Mozilla/5.0 (Linux; Android 6.0.1; Nexus 5X Build/MMB29P) AppleWebKit/537.36 (KHTML, like Gecko) Chrome/147.0.7727.116 Mobile Safari/537.36 (compatible; Googlebot/2.1; +http://www.google.com/bot.html)"
66.249.75.4 - - [29/Apr/2026:05:39:19 +0200] "GET /items/Q165109706/ HTTP/1.1" 301 0 "-" "Mozilla/5.0 (compatible; Googlebot/2.1; +http://www.google.com/bot.html)"
66.249.72.36 - - [29/Apr/2026:05:39:23 +0200] "GET /?g=5044105thudto HTTP/1.1" 200 162183 "-" "Mozilla/5.0 (Linux; Android 6.0.1; Nexus 5X Build/MMB29P) AppleWebKit/537.36 (KHTML, like Gecko) Chrome/147.0.7727.116 Mobile Safari/537.36 (compatible; Googlebot/2.1; +http://www.google.com/bot.html)"
198.244.242.20 - - [29/Apr/2026:05:39:39 +0200] "GET /items/G463870453/ HTTP/1.1" 404 100283 "-" "Mozilla/5.0 (compatible; AhrefsBot/7.0; +http://ahrefs.com/robot/)"
57.141.20.44 - - [29/Apr/2026:05:40:01 +0200] "GET /items/G465463135/ HTTP/1.1" 404 100283 "-" "meta-externalagent/1.1 (+https://developers.facebook.com/docs/sharing/webmasters/crawler)"
66.249.75.5 - - [29/Apr/2026:05:40:13 +0200] "GET /items/K506065010/ HTTP/1.1" 301 0 "-" "Mozilla/5.0 (Linux; Android 6.0.1; Nexus 5X Build/MMB29P) AppleWebKit/537.36 (KHTML, like Gecko) Chrome/147.0.7727.116 Mobile Safari/537.36 (compatible; Googlebot/2.1; +http://www.google.com/bot.html)"
66.249.75.4 - - [29/Apr/2026:05:40:16 +0200] "GET /items/H363841488/ HTTP/1.1" 301 0 "-" "Mozilla/5.0 (compatible; Googlebot/2.1; +http://www.google.com/bot.html)"
109.234.166.131 - - [29/Apr/2026:05:40:17 +0200] "POST /wp-cron.php?doing_wp_cron=1777434017.5250730514526367187500 HTTP/1.1" 200 0 "-" "WordPress/6.9.4; https://marc-morin.ch"
57.141.20.27 - - [29/Apr/2026:05:40:38 +0200] "GET /?g=6779856upvy99 HTTP/1.1" 200 162183 "-" "meta-externalagent/1.1 (+https://developers.facebook.com/docs/sharing/webmasters/crawler)"
109.234.166.131 - - [29/Apr/2026:05:40:46 +0200] "POST /wp-cron.php?doing_wp_cron=1777434046.4091360569000244140625 HTTP/1.1" 200 0 "-" "WordPress/6.9.4; https://marc-morin.ch"
66.249.72.36 - - [29/Apr/2026:05:40:59 +0200] "GET /?g=4828501hp3df7 HTTP/1.1" 200 162183 "-" "Mozilla/5.0 (Linux; Android 6.0.1; Nexus 5X Build/MMB29P) AppleWebKit/537.36 (KHTML, like Gecko) Chrome/147.0.7727.116 Mobile Safari/537.36 (compatible; Googlebot/2.1; +http://www.google.com/bot.html)"
66.249.75.6 - - [29/Apr/2026:05:41:09 +0200] "GET /items/B131711787/ HTTP/1.1" 301 0 "-" "Mozilla/5.0 (compatible; Googlebot/2.1; +http://www.google.com/bot.html)"
66.249.72.36 - - [29/Apr/2026:05:41:10 +0200] "GET /items/B131711787/ HTTP/1.1" 404 100283 "-" "Mozilla/5.0 (compatible; Googlebot/2.1; +http://www.google.com/bot.html)"
66.249.75.5 - - [29/Apr/2026:05:41:17 +0200] "GET /items/C411462079/ HTTP/1.1" 301 0 "-" "Mozilla/5.0 (compatible; Googlebot/2.1; +http://www.google.com/bot.html)"
66.249.72.36 - - [29/Apr/2026:05:41:18 +0200] "GET /items/C411462079/ HTTP/1.1" 404 100283 "-" "Mozilla/5.0 (compatible; Googlebot/2.1; +http://www.google.com/bot.html)"
66.249.75.4 - - [29/Apr/2026:05:41:36 +0200] "GET /items/R755778512/ HTTP/1.1" 301 0 "-" "Mozilla/5.0 (compatible; Googlebot/2.1; +http://www.google.com/bot.html)"
66.249.75.4 - - [29/Apr/2026:05:41:36 +0200] "GET /items/R755778512/ HTTP/1.1" 301 0 "-" "Mozilla/5.0 (Linux; Android 6.0.1; Nexus 5X Build/MMB29P) AppleWebKit/537.36 (KHTML, like Gecko) Chrome/147.0.7727.116 Mobile Safari/537.36 (compatible; Googlebot/2.1; +http://www.google.com/bot.html)"
66.249.72.36 - - [29/Apr/2026:05:41:47 +0200] "GET /items/J872219556/ HTTP/1.1" 404 100283 "-" "Mozilla/5.0 (compatible; Googlebot/2.1; +http://www.google.com/bot.html)"
57.141.20.39 - - [29/Apr/2026:05:39:39 +0200] "GET /?g=60828163b09h7 HTTP/1.1" 200 162183 "-" "meta-externalagent/1.1 (+https://developers.facebook.com/docs/sharing/webmasters/crawler)"
66.249.72.36 - - [29/Apr/2026:05:40:07 +0200] "GET /items/O935281955/ HTTP/1.1" 404 100283 "-" "Mozilla/5.0 (Linux; Android 6.0.1; Nexus 5X Build/MMB29P) AppleWebKit/537.36 (KHTML, like Gecko) Chrome/147.0.7727.116 Mobile Safari/537.36 (compatible; Googlebot/2.1; +http://www.google.com/bot.html)"
