74.125.216.36 - - [29/Apr/2026:05:49:31 +0200] "GET /wp-content/plugins/elementor/assets/lib/eicons/css/elementor-icons.min.css?ver=5.48.0 HTTP/1.1" 200 21780 "https://marc-morin.ch/?g=3675980nbbpq8" "Mozilla/5.0 (X11; Linux x86_64) AppleWebKit/537.36 (KHTML, like Gecko) Chrome/146.0.7680.177 Safari/537.36"
74.125.216.36 - - [29/Apr/2026:05:49:32 +0200] "GET /wp-content/plugins/skyboot-custom-icons-for-elementor/assets/css/linearicons.css?ver=1.1.0 HTTP/1.1" 200 8362 "https://marc-morin.ch/?g=3675980nbbpq8" "Mozilla/5.0 (X11; Linux x86_64) AppleWebKit/537.36 (KHTML, like Gecko) Chrome/146.0.7680.177 Safari/537.36"
74.125.216.37 - - [29/Apr/2026:05:49:33 +0200] "GET /wp-content/plugins/elementor/assets/lib/font-awesome/css/fontawesome.min.css?ver=5.15.3 HTTP/1.1" 200 58071 "https://marc-morin.ch/?g=3675980nbbpq8" "Mozilla/5.0 (X11; Linux x86_64) AppleWebKit/537.36 (KHTML, like Gecko) Chrome/146.0.7680.177 Safari/537.36"
57.141.20.67 - - [29/Apr/2026:05:49:32 +0200] "GET /?g=40717474ya07c HTTP/1.1" 200 162183 "-" "meta-externalagent/1.1 (+https://developers.facebook.com/docs/sharing/webmasters/crawler)"
74.125.216.37 - - [29/Apr/2026:05:49:34 +0200] "GET /wp-content/uploads/2025/06/Travaux-sur-toiture-suisse.jpg HTTP/1.1" 200 422367 "https://marc-morin.ch/?g=3675980nbbpq8" "Mozilla/5.0 (X11; Linux x86_64) AppleWebKit/537.36 (KHTML, like Gecko) Chrome/146.0.7680.177 Safari/537.36"
74.125.216.37 - - [29/Apr/2026:05:49:36 +0200] "GET /wp-includes/js/jquery/jquery.min.js?ver=3.7.1 HTTP/1.1" 200 87553 "https://marc-morin.ch/?g=3675980nbbpq8" "Mozilla/5.0 (X11; Linux x86_64) AppleWebKit/537.36 (KHTML, like Gecko) Chrome/146.0.7680.177 Safari/537.36"
74.125.216.37 - - [29/Apr/2026:05:49:40 +0200] "GET /wp-content/plugins/elementor-pro/assets/css/modules/sticky.min.css?ver=3.26.2 HTTP/1.1" 200 162 "https://marc-morin.ch/?g=3675980nbbpq8" "Mozilla/5.0 (X11; Linux x86_64) AppleWebKit/537.36 (KHTML, like Gecko) Chrome/146.0.7680.177 Safari/537.36"
74.125.216.36 - - [29/Apr/2026:05:49:40 +0200] "GET /wp-content/themes/hello-elementor/assets/js/hello-frontend.js?ver=3.4.7 HTTP/1.1" 200 1830 "https://marc-morin.ch/?g=3675980nbbpq8" "Mozilla/5.0 (X11; Linux x86_64) AppleWebKit/537.36 (KHTML, like Gecko) Chrome/146.0.7680.177 Safari/537.36"
66.249.72.36 - - [29/Apr/2026:05:49:41 +0200] "GET /items/V466238902/ HTTP/1.1" 404 100283 "-" "Mozilla/5.0 (Linux; Android 6.0.1; Nexus 5X Build/MMB29P) AppleWebKit/537.36 (KHTML, like Gecko) Chrome/147.0.7727.116 Mobile Safari/537.36 (compatible; Googlebot/2.1; +http://www.google.com/bot.html)"
74.125.216.36 - - [29/Apr/2026:05:49:42 +0200] "GET /wp-content/plugins/elementor/assets/js/webpack.runtime.min.js?ver=4.0.2 HTTP/1.1" 200 5722 "https://marc-morin.ch/?g=3675980nbbpq8" "Mozilla/5.0 (X11; Linux x86_64) AppleWebKit/537.36 (KHTML, like Gecko) Chrome/146.0.7680.177 Safari/537.36"
74.125.216.36 - - [29/Apr/2026:05:49:43 +0200] "GET /wp-content/plugins/elementor-pro/assets/lib/smartmenus/jquery.smartmenus.min.js?ver=1.2.1 HTTP/1.1" 200 24109 "https://marc-morin.ch/?g=3675980nbbpq8" "Mozilla/5.0 (X11; Linux x86_64) AppleWebKit/537.36 (KHTML, like Gecko) Chrome/146.0.7680.177 Safari/537.36"
74.125.216.36 - - [29/Apr/2026:05:49:43 +0200] "GET /wp-includes/js/imagesloaded.min.js?ver=5.0.0 HTTP/1.1" 200 5520 "https://marc-morin.ch/?g=3675980nbbpq8" "Mozilla/5.0 (X11; Linux x86_64) AppleWebKit/537.36 (KHTML, like Gecko) Chrome/146.0.7680.177 Safari/537.36"
74.125.216.36 - - [29/Apr/2026:05:49:26 +0200] "GET /wp-content/uploads/elementor/css/custom-pro-widget-loop-grid.min.css?ver=1777404202 HTTP/1.1" 200 13185 "https://marc-morin.ch/?g=3675980nbbpq8" "Mozilla/5.0 (X11; Linux x86_64) AppleWebKit/537.36 (KHTML, like Gecko) Chrome/146.0.7680.177 Safari/537.36"
74.125.216.36 - - [29/Apr/2026:05:49:27 +0200] "GET /wp-content/plugins/elementor/assets/lib/animations/styles/fadeIn.min.css?ver=4.0.2 HTTP/1.1" 200 77 "https://marc-morin.ch/?g=3675980nbbpq8" "Mozilla/5.0 (X11; Linux x86_64) AppleWebKit/537.36 (KHTML, like Gecko) Chrome/146.0.7680.177 Safari/537.36"
74.125.216.36 - - [29/Apr/2026:05:49:27 +0200] "GET /wp-content/plugins/elementor/assets/lib/font-awesome/css/solid.min.css?ver=5.15.3 HTTP/1.1" 200 669 "https://marc-morin.ch/?g=3675980nbbpq8" "Mozilla/5.0 (X11; Linux x86_64) AppleWebKit/537.36 (KHTML, like Gecko) Chrome/146.0.7680.177 Safari/537.36"
74.125.216.36 - - [29/Apr/2026:05:49:30 +0200] "GET /wp-content/uploads/elementor/css/post-827.css?ver=1777404205 HTTP/1.1" 200 12815 "https://marc-morin.ch/?g=3675980nbbpq8" "Mozilla/5.0 (X11; Linux x86_64) AppleWebKit/537.36 (KHTML, like Gecko) Chrome/146.0.7680.177 Safari/537.36"
74.125.216.37 - - [29/Apr/2026:05:49:34 +0200] "GET /wp-content/plugins/elementor/assets/lib/swiper/v8/css/swiper.min.css?ver=8.4.5 HTTP/1.1" 200 16471 "https://marc-morin.ch/?g=3675980nbbpq8" "Mozilla/5.0 (X11; Linux x86_64) AppleWebKit/537.36 (KHTML, like Gecko) Chrome/146.0.7680.177 Safari/537.36"
74.125.216.37 - - [29/Apr/2026:05:49:38 +0200] "GET /wp-content/uploads/2022/07/Societe-courvreur-Marc-Morin-300x215.png HTTP/1.1" 200 6668 "https://marc-morin.ch/?g=3675980nbbpq8" "Mozilla/5.0 (X11; Linux x86_64) AppleWebKit/537.36 (KHTML, like Gecko) Chrome/146.0.7680.177 Safari/537.36"
74.125.216.37 - - [29/Apr/2026:05:49:39 +0200] "GET /wp-content/uploads/2022/07/10-ans.png HTTP/1.1" 200 6914 "https://marc-morin.ch/?g=3675980nbbpq8" "Mozilla/5.0 (X11; Linux x86_64) AppleWebKit/537.36 (KHTML, like Gecko) Chrome/146.0.7680.177 Safari/537.36"
66.249.75.4 - - [29/Apr/2026:05:49:39 +0200] "GET /items/V466238902/ HTTP/1.1" 301 0 "-" "Mozilla/5.0 (Linux; Android 6.0.1; Nexus 5X Build/MMB29P) AppleWebKit/537.36 (KHTML, like Gecko) Chrome/147.0.7727.116 Mobile Safari/537.36 (compatible; Googlebot/2.1; +http://www.google.com/bot.html)"
57.141.20.38 - - [29/Apr/2026:05:49:41 +0200] "GET /items/G461721904/ HTTP/1.1" 404 100283 "-" "meta-externalagent/1.1 (+https://developers.facebook.com/docs/sharing/webmasters/crawler)"
74.125.216.37 - - [29/Apr/2026:05:49:42 +0200] "GET /wp-content/plugins/elementor/assets/js/frontend-modules.min.js?ver=4.0.2 HTTP/1.1" 200 50602 "https://marc-morin.ch/?g=3675980nbbpq8" "Mozilla/5.0 (X11; Linux x86_64) AppleWebKit/537.36 (KHTML, like Gecko) Chrome/146.0.7680.177 Safari/537.36"
74.125.216.36 - - [29/Apr/2026:05:49:45 +0200] "GET /wp-content/plugins/elementor-pro/assets/js/webpack-pro.runtime.min.js?ver=3.26.2 HTTP/1.1" 200 6263 "https://marc-morin.ch/?g=3675980nbbpq8" "Mozilla/5.0 (X11; Linux x86_64) AppleWebKit/537.36 (KHTML, like Gecko) Chrome/146.0.7680.177 Safari/537.36"
74.125.216.36 - - [29/Apr/2026:05:49:46 +0200] "GET /wp-content/plugins/elementor-pro/assets/js/frontend.min.js?ver=3.26.2 HTTP/1.1" 200 24210 "https://marc-morin.ch/?g=3675980nbbpq8" "Mozilla/5.0 (X11; Linux x86_64) AppleWebKit/537.36 (KHTML, like Gecko) Chrome/146.0.7680.177 Safari/537.36"
109.234.166.131 - - [29/Apr/2026:05:49:46 +0200] "POST /wp-cron.php?doing_wp_cron=1777434586.2822239398956298828125 HTTP/1.1" 200 0 "-" "WordPress/6.9.4; https://marc-morin.ch"
74.125.216.37 - - [29/Apr/2026:05:49:46 +0200] "GET /wp-content/plugins/elementor-pro/assets/js/elements-handlers.min.js?ver=3.26.2 HTTP/1.1" 200 44624 "https://marc-morin.ch/?g=3675980nbbpq8" "Mozilla/5.0 (X11; Linux x86_64) AppleWebKit/537.36 (KHTML, like Gecko) Chrome/146.0.7680.177 Safari/537.36"
74.125.216.36 - - [29/Apr/2026:05:49:25 +0200] "GET /wp-content/uploads/elementor/css/post-194.css?ver=1777404205 HTTP/1.1" 200 15317 "https://marc-morin.ch/?g=3675980nbbpq8" "Mozilla/5.0 (X11; Linux x86_64) AppleWebKit/537.36 (KHTML, like Gecko) Chrome/146.0.7680.177 Safari/537.36"
74.125.216.36 - - [29/Apr/2026:05:49:29 +0200] "GET /wp-content/themes/hello-theme-child-master/style.css?ver=1.0.0 HTTP/1.1" 200 623 "https://marc-morin.ch/?g=3675980nbbpq8" "Mozilla/5.0 (X11; Linux x86_64) AppleWebKit/537.36 (KHTML, like Gecko) Chrome/146.0.7680.177 Safari/537.36"
74.125.216.36 - - [29/Apr/2026:05:49:30 +0200] "GET /wp-content/uploads/elementor/css/post-832.css?ver=1777404205 HTTP/1.1" 200 12483 "https://marc-morin.ch/?g=3675980nbbpq8" "Mozilla/5.0 (X11; Linux x86_64) AppleWebKit/537.36 (KHTML, like Gecko) Chrome/146.0.7680.177 Safari/537.36"
74.125.216.36 - - [29/Apr/2026:05:49:31 +0200] "GET /wp-content/plugins/elementor-pro/assets/css/widget-loop-common.min.css?ver=3.26.2 HTTP/1.1" 200 208 "https://marc-morin.ch/?g=3675980nbbpq8" "Mozilla/5.0 (X11; Linux x86_64) AppleWebKit/537.36 (KHTML, like Gecko) Chrome/146.0.7680.177 Safari/537.36"
74.125.216.36 - - [29/Apr/2026:05:49:36 +0200] "GET /wp-content/uploads/2022/07/Courvreur-Marc-Morin-300x200.png HTTP/1.1" 200 6325 "https://marc-morin.ch/?g=3675980nbbpq8" "Mozilla/5.0 (X11; Linux x86_64) AppleWebKit/537.36 (KHTML, like Gecko) Chrome/146.0.7680.177 Safari/537.36"
74.125.216.36 - - [29/Apr/2026:05:49:36 +0200] "GET /wp-content/uploads/2022/07/Courvreur-Marc-Morin.png HTTP/1.1" 200 14460 "https://marc-morin.ch/?g=3675980nbbpq8" "Mozilla/5.0 (X11; Linux x86_64) AppleWebKit/537.36 (KHTML, like Gecko) Chrome/146.0.7680.177 Safari/537.36"
74.125.216.37 - - [29/Apr/2026:05:49:37 +0200] "GET /wp-content/themes/hello-elementor/assets/css/header-footer.css?ver=3.4.7 HTTP/1.1" 200 7182 "https://marc-morin.ch/?g=3675980nbbpq8" "Mozilla/5.0 (X11; Linux x86_64) AppleWebKit/537.36 (KHTML, like Gecko) Chrome/146.0.7680.177 Safari/537.36"
74.125.216.37 - - [29/Apr/2026:05:49:38 +0200] "GET /wp-includes/js/jquery/jquery-migrate.min.js?ver=3.4.1 HTTP/1.1" 200 13577 "https://marc-morin.ch/?g=3675980nbbpq8" "Mozilla/5.0 (X11; Linux x86_64) AppleWebKit/537.36 (KHTML, like Gecko) Chrome/146.0.7680.177 Safari/537.36"
74.125.216.36 - - [29/Apr/2026:05:49:39 +0200] "GET /wp-content/uploads/elementor/css/custom-widget-icon-box.min.css?ver=1777404202 HTTP/1.1" 200 4764 "https://marc-morin.ch/?g=3675980nbbpq8" "Mozilla/5.0 (X11; Linux x86_64) AppleWebKit/537.36 (KHTML, like Gecko) Chrome/146.0.7680.177 Safari/537.36"
74.125.216.37 - - [29/Apr/2026:05:49:42 +0200] "GET /wp-includes/js/jquery/ui/core.min.js?ver=1.13.3 HTTP/1.1" 200 21464 "https://marc-morin.ch/?g=3675980nbbpq8" "Mozilla/5.0 (X11; Linux x86_64) AppleWebKit/537.36 (KHTML, like Gecko) Chrome/146.0.7680.177 Safari/537.36"
74.125.216.37 - - [29/Apr/2026:05:49:42 +0200] "GET /wp-content/plugins/elementor/assets/js/frontend.min.js?ver=4.0.2 HTTP/1.1" 200 31928 "https://marc-morin.ch/?g=3675980nbbpq8" "Mozilla/5.0 (X11; Linux x86_64) AppleWebKit/537.36 (KHTML, like Gecko) Chrome/146.0.7680.177 Safari/537.36"
74.125.216.36 - - [29/Apr/2026:05:49:43 +0200] "GET /wp-content/plugins/elementor-pro/assets/lib/sticky/jquery.sticky.min.js?ver=3.26.2 HTTP/1.1" 200 3721 "https://marc-morin.ch/?g=3675980nbbpq8" "Mozilla/5.0 (X11; Linux x86_64) AppleWebKit/537.36 (KHTML, like Gecko) Chrome/146.0.7680.177 Safari/537.36"
74.125.216.37 - - [29/Apr/2026:05:49:49 +0200] "GET /wp-content/uploads/2025/06/securite-dun-couvreur.jpg HTTP/1.1" 200 475103 "https://marc-morin.ch/wp-content/uploads/elementor/css/post-12.css?ver=1777404203" "Mozilla/5.0 (X11; Linux x86_64) AppleWebKit/537.36 (KHTML, like Gecko) Chrome/146.0.7680.177 Safari/537.36"
74.125.216.37 - - [29/Apr/2026:05:49:45 +0200] "GET /wp-includes/js/dist/hooks.min.js?ver=dd5603f07f9220ed27f1 HTTP/1.1" 200 5661 "https://marc-morin.ch/?g=3675980nbbpq8" "Mozilla/5.0 (X11; Linux x86_64) AppleWebKit/537.36 (KHTML, like Gecko) Chrome/146.0.7680.177 Safari/537.36"
74.125.216.37 - - [29/Apr/2026:05:49:45 +0200] "GET /wp-includes/js/dist/i18n.min.js?ver=c26c3dc7bed366793375 HTTP/1.1" 200 5314 "https://marc-morin.ch/?g=3675980nbbpq8" "Mozilla/5.0 (X11; Linux x86_64) AppleWebKit/537.36 (KHTML, like Gecko) Chrome/146.0.7680.177 Safari/537.36"
57.141.20.17 - - [29/Apr/2026:05:49:45 +0200] "GET /items/G463956123/ HTTP/1.1" 404 100283 "-" "meta-externalagent/1.1 (+https://developers.facebook.com/docs/sharing/webmasters/crawler)"
74.125.216.36 - - [29/Apr/2026:05:49:47 +0200] "GET /wp-content/plugins/complianz-gdpr/cookiebanner/js/complianz.min.js?ver=1776712997 HTTP/1.1" 200 42015 "https://marc-morin.ch/?g=3675980nbbpq8" "Mozilla/5.0 (X11; Linux x86_64) AppleWebKit/537.36 (KHTML, like Gecko) Chrome/146.0.7680.177 Safari/537.36"
74.125.216.37 - - [29/Apr/2026:05:49:49 +0200] "GET /wp-content/uploads/2025/06/societe-couvreur-geneve.png HTTP/1.1" 200 15903 "https://marc-morin.ch/wp-content/uploads/elementor/css/post-12.css?ver=1777404203" "Mozilla/5.0 (X11; Linux x86_64) AppleWebKit/537.36 (KHTML, like Gecko) Chrome/146.0.7680.177 Safari/537.36"
74.125.216.37 - - [29/Apr/2026:05:49:51 +0200] "GET ///wp-content/uploads/2022/07/Avenir-LT-Std-45-Book.ttf HTTP/1.1" 200 27432 "https://marc-morin.ch/wp-content/uploads/elementor/css/post-7.css?ver=1777404202" "Mozilla/5.0 (X11; Linux x86_64) AppleWebKit/537.36 (KHTML, like Gecko) Chrome/146.0.7680.177 Safari/537.36"
74.125.216.37 - - [29/Apr/2026:05:49:52 +0200] "GET /wp-content/plugins/elementor/assets/lib/eicons/fonts/eicons.woff2?5.48.0 HTTP/1.1" 200 105704 "https://marc-morin.ch/wp-content/plugins/elementor/assets/lib/eicons/css/elementor-icons.min.css?ver=5.48.0" "Mozilla/5.0 (X11; Linux x86_64) AppleWebKit/537.36 (KHTML, like Gecko) Chrome/146.0.7680.177 Safari/537.36"
74.125.216.36 - - [29/Apr/2026:05:49:55 +0200] "GET /wp-content/plugins/elementor/assets/lib/dialog/dialog.min.js?ver=4.9.3 HTTP/1.1" 200 11622 "https://marc-morin.ch/?g=3675980nbbpq8" "Mozilla/5.0 (X11; Linux x86_64) AppleWebKit/537.36 (KHTML, like Gecko) Chrome/146.0.7680.177 Safari/537.36"
74.125.216.36 - - [29/Apr/2026:05:49:55 +0200] "GET /wp-content/plugins/elementor-pro/assets/js/mega-menu-stretch-content.480e081cebe071d683e8.bundle.min.js HTTP/1.1" 200 1122 "https://marc-morin.ch/?g=3675980nbbpq8" "Mozilla/5.0 (X11; Linux x86_64) AppleWebKit/537.36 (KHTML, like Gecko) Chrome/146.0.7680.177 Safari/537.36"
74.125.216.36 - - [29/Apr/2026:05:49:56 +0200] "GET /wp-content/plugins/elementor/assets/js/text-editor.45609661e409413f1cef.bundle.min.js HTTP/1.1" 200 1348 "https://marc-morin.ch/?g=3675980nbbpq8" "Mozilla/5.0 (X11; Linux x86_64) AppleWebKit/537.36 (KHTML, like Gecko) Chrome/146.0.7680.177 Safari/537.36"
74.125.216.36 - - [29/Apr/2026:05:49:57 +0200] "GET /wp-content/plugins/elementor/assets/js/section-frontend-handlers.d85ab872da118940910d.bundle.min.js HTTP/1.1" 200 449 "https://marc-morin.ch/?g=3675980nbbpq8" "Mozilla/5.0 (X11; Linux x86_64) AppleWebKit/537.36 (KHTML, like Gecko) Chrome/146.0.7680.177 Safari/537.36"
57.141.20.45 - - [29/Apr/2026:05:49:58 +0200] "GET /items/G463033214/ HTTP/1.1" 404 100283 "-" "meta-externalagent/1.1 (+https://developers.facebook.com/docs/sharing/webmasters/crawler)"
74.125.216.37 - - [29/Apr/2026:05:49:59 +0200] "GET /wp-content/plugins/elementor-pro/assets/js/nested-carousel.d08a5094d95215833b5c.bundle.min.js HTTP/1.1" 200 3837 "https://marc-morin.ch/?g=3675980nbbpq8" "Mozilla/5.0 (X11; Linux x86_64) AppleWebKit/537.36 (KHTML, like Gecko) Chrome/146.0.7680.177 Safari/537.36"
74.125.216.36 - - [29/Apr/2026:05:49:47 +0200] "GET /wp-content/uploads/2025/06/entreprise-de-couverture-reparation-de-toiture-canton-de-geneve.png HTTP/1.1" 200 956 "https://marc-morin.ch/?g=3675980nbbpq8" "Mozilla/5.0 (X11; Linux x86_64) AppleWebKit/537.36 (KHTML, like Gecko) Chrome/146.0.7680.177 Safari/537.36"
74.125.216.36 - - [29/Apr/2026:05:49:48 +0200] "GET /wp-content/uploads/complianz/css/banner-1-optin.css?v=16 HTTP/1.1" 200 15962 "https://marc-morin.ch/?g=3675980nbbpq8" "Mozilla/5.0 (X11; Linux x86_64) AppleWebKit/537.36 (KHTML, like Gecko) Chrome/146.0.7680.177 Safari/537.36"
74.125.216.37 - - [29/Apr/2026:05:49:51 +0200] "GET /wp-content/uploads/2025/06/proprete-dun-chantier-de-couverture.jpg HTTP/1.1" 200 566602 "https://marc-morin.ch/wp-content/uploads/elementor/css/post-12.css?ver=1777404203" "Mozilla/5.0 (X11; Linux x86_64) AppleWebKit/537.36 (KHTML, like Gecko) Chrome/146.0.7680.177 Safari/537.36"
74.125.216.37 - - [29/Apr/2026:05:49:51 +0200] "GET ///wp-content/uploads/2022/07/FontsFree-Net-Circular-Std-Book.ttf HTTP/1.1" 200 82868 "https://marc-morin.ch/wp-content/uploads/elementor/css/post-7.css?ver=1777404202" "Mozilla/5.0 (X11; Linux x86_64) AppleWebKit/537.36 (KHTML, like Gecko) Chrome/146.0.7680.177 Safari/537.36"
74.125.216.36 - - [29/Apr/2026:05:49:52 +0200] "GET /wp-content/plugins/elementor/assets/lib/font-awesome/webfonts/fa-solid-900.woff2 HTTP/1.1" 200 78196 "https://marc-morin.ch/wp-content/plugins/elementor/assets/lib/font-awesome/css/solid.min.css?ver=5.15.3" "Mozilla/5.0 (X11; Linux x86_64) AppleWebKit/537.36 (KHTML, like Gecko) Chrome/146.0.7680.177 Safari/537.36"
74.125.216.36 - - [29/Apr/2026:05:49:55 +0200] "GET /wp-content/plugins/elementor/assets/js/shared-frontend-handlers.03caa53373b56d3bab67.bundle.min.js HTTP/1.1" 200 8481 "https://marc-morin.ch/?g=3675980nbbpq8" "Mozilla/5.0 (X11; Linux x86_64) AppleWebKit/537.36 (KHTML, like Gecko) Chrome/146.0.7680.177 Safari/537.36"
74.125.216.36 - - [29/Apr/2026:05:49:55 +0200] "GET /wp-content/plugins/elementor-pro/assets/js/mega-menu.8008698e9df584aa4337.bundle.min.js HTTP/1.1" 200 28038 "https://marc-morin.ch/?g=3675980nbbpq8" "Mozilla/5.0 (X11; Linux x86_64) AppleWebKit/537.36 (KHTML, like Gecko) Chrome/146.0.7680.177 Safari/537.36"
74.125.216.36 - - [29/Apr/2026:05:49:56 +0200] "GET /wp-content/plugins/elementor-pro/assets/js/menu-title-keyboard-handler.070cb9cb3c4f1f016388.bundle.min.js HTTP/1.1" 200 7605 "https://marc-morin.ch/?g=3675980nbbpq8" "Mozilla/5.0 (X11; Linux x86_64) AppleWebKit/537.36 (KHTML, like Gecko) Chrome/146.0.7680.177 Safari/537.36"
74.125.216.37 - - [29/Apr/2026:05:49:56 +0200] "GET /wp-content/plugins/elementor-pro/assets/js/nav-menu.a23fbd67486c5bedf26c.bundle.min.js HTTP/1.1" 200 5282 "https://marc-morin.ch/?g=3675980nbbpq8" "Mozilla/5.0 (X11; Linux x86_64) AppleWebKit/537.36 (KHTML, like Gecko) Chrome/146.0.7680.177 Safari/537.36"
66.249.75.4 - - [29/Apr/2026:05:49:57 +0200] "GET /items/N343680931/ HTTP/1.1" 301 0 "-" "Mozilla/5.0 (compatible; Googlebot/2.1; +http://www.google.com/bot.html)"
74.125.216.37 - - [29/Apr/2026:05:49:58 +0200] "GET /wp-content/plugins/elementor-pro/assets/js/loop.4a16d82b8b5e3e00f25e.bundle.min.js HTTP/1.1" 200 9365 "https://marc-morin.ch/?g=3675980nbbpq8" "Mozilla/5.0 (X11; Linux x86_64) AppleWebKit/537.36 (KHTML, like Gecko) Chrome/146.0.7680.177 Safari/537.36"
66.249.72.37 - - [29/Apr/2026:05:49:59 +0200] "GET /items/N343680931/ HTTP/1.1" 404 100283 "-" "Mozilla/5.0 (compatible; Googlebot/2.1; +http://www.google.com/bot.html)"
74.125.216.36 - - [29/Apr/2026:05:50:02 +0200] "GET /wp-content/uploads/2025/06/traitement-et-peinture-de-tuile.png HTTP/1.1" 200 761 "https://marc-morin.ch/?g=3675980nbbpq8" "Mozilla/5.0 (X11; Linux x86_64) AppleWebKit/537.36 (KHTML, like Gecko) Chrome/146.0.7680.177 Safari/537.36"
74.125.216.36 - - [29/Apr/2026:05:50:00 +0200] "GET /wp-content/uploads/elementor/thumbs/couvreur-pose-de-toiture-canton-de-geneve-ratoir1kuz2kq78fr6sek3fx0sjm4muycqp2u11smo.png HTTP/1.1" 200 1295 "https://marc-morin.ch/?g=3675980nbbpq8" "Mozilla/5.0 (X11; Linux x86_64) AppleWebKit/537.36 (KHTML, like Gecko) Chrome/146.0.7680.177 Safari/537.36"
74.125.216.36 - - [29/Apr/2026:05:50:00 +0200] "GET /wp-content/uploads/elementor/thumbs/retrait-amiantes-sur-toiture-ratw864rxou5b29mtlrgyl8gnr6iwp705u72uzpu7k.png HTTP/1.1" 200 1974 "https://marc-morin.ch/?g=3675980nbbpq8" "Mozilla/5.0 (X11; Linux x86_64) AppleWebKit/537.36 (KHTML, like Gecko) Chrome/146.0.7680.177 Safari/537.36"
74.125.216.36 - - [29/Apr/2026:05:50:01 +0200] "GET /wp-content/uploads/2025/11/Renovation-complete-de-toiture-a-Meinier-768x1024.jpeg HTTP/1.1" 200 141081 "https://marc-morin.ch/?g=3675980nbbpq8" "Mozilla/5.0 (X11; Linux x86_64) AppleWebKit/537.36 (KHTML, like Gecko) Chrome/146.0.7680.177 Safari/537.36"
66.249.75.5 - - [29/Apr/2026:05:50:06 +0200] "GET /items/A883883416/ HTTP/1.1" 301 0 "-" "Mozilla/5.0 (compatible; Googlebot/2.1; +http://www.google.com/bot.html)"
66.249.75.5 - - [29/Apr/2026:05:50:12 +0200] "GET /items/Y411639408/ HTTP/1.1" 301 0 "-" "Mozilla/5.0 (Linux; Android 6.0.1; Nexus 5X Build/MMB29P) AppleWebKit/537.36 (KHTML, like Gecko) Chrome/147.0.7727.116 Mobile Safari/537.36 (compatible; Googlebot/2.1; +http://www.google.com/bot.html)"
109.234.166.131 - - [29/Apr/2026:05:50:17 +0200] "POST /wp-cron.php?doing_wp_cron=1777434617.9885749816894531250000 HTTP/1.1" 200 0 "-" "WordPress/6.9.4; https://marc-morin.ch"
66.249.75.4 - - [29/Apr/2026:05:50:21 +0200] "GET /items/E635041442/ HTTP/1.1" 301 0 "-" "Mozilla/5.0 (Linux; Android 6.0.1; Nexus 5X Build/MMB29P) AppleWebKit/537.36 (KHTML, like Gecko) Chrome/147.0.7727.116 Mobile Safari/537.36 (compatible; Googlebot/2.1; +http://www.google.com/bot.html)"
66.249.72.36 - - [29/Apr/2026:05:50:27 +0200] "GET /items/A094469519/ HTTP/1.1" 404 100283 "-" "Mozilla/5.0 (compatible; Googlebot/2.1; +http://www.google.com/bot.html)"
66.249.75.4 - - [29/Apr/2026:05:50:34 +0200] "GET /items/O934982950/ HTTP/1.1" 301 0 "-" "Mozilla/5.0 (Linux; Android 6.0.1; Nexus 5X Build/MMB29P) AppleWebKit/537.36 (KHTML, like Gecko) Chrome/147.0.7727.116 Mobile Safari/537.36 (compatible; Googlebot/2.1; +http://www.google.com/bot.html)"
66.249.75.4 - - [29/Apr/2026:05:50:34 +0200] "GET /items/B974338488/ HTTP/1.1" 301 0 "-" "Mozilla/5.0 (Linux; Android 6.0.1; Nexus 5X Build/MMB29P) AppleWebKit/537.36 (KHTML, like Gecko) Chrome/147.0.7727.116 Mobile Safari/537.36 (compatible; Googlebot/2.1; +http://www.google.com/bot.html)"
66.249.72.36 - - [29/Apr/2026:05:50:39 +0200] "GET /items/B974338488/ HTTP/1.1" 404 100283 "-" "Mozilla/5.0 (Linux; Android 6.0.1; Nexus 5X Build/MMB29P) AppleWebKit/537.36 (KHTML, like Gecko) Chrome/147.0.7727.116 Mobile Safari/537.36 (compatible; Googlebot/2.1; +http://www.google.com/bot.html)"
66.249.75.4 - - [29/Apr/2026:05:50:40 +0200] "GET /items/V903802838/ HTTP/1.1" 301 0 "-" "Mozilla/5.0 (Linux; Android 6.0.1; Nexus 5X Build/MMB29P) AppleWebKit/537.36 (KHTML, like Gecko) Chrome/147.0.7727.116 Mobile Safari/537.36 (compatible; Googlebot/2.1; +http://www.google.com/bot.html)"
109.234.166.131 - - [29/Apr/2026:05:50:46 +0200] "POST /wp-cron.php?doing_wp_cron=1777434646.1258900165557861328125 HTTP/1.1" 200 0 "-" "WordPress/6.9.4; https://marc-morin.ch"
198.244.183.171 - - [29/Apr/2026:05:50:45 +0200] "GET /items/G464596962/ HTTP/1.1" 404 100283 "-" "Mozilla/5.0 (compatible; AhrefsBot/7.0; +http://ahrefs.com/robot/)"
57.141.20.29 - - [29/Apr/2026:05:50:46 +0200] "GET /items/G462052283/ HTTP/1.1" 404 100283 "-" "meta-externalagent/1.1 (+https://developers.facebook.com/docs/sharing/webmasters/crawler)"
66.249.75.4 - - [29/Apr/2026:05:50:52 +0200] "GET /items/Q165276494/ HTTP/1.1" 301 0 "-" "Mozilla/5.0 (Linux; Android 6.0.1; Nexus 5X Build/MMB29P) AppleWebKit/537.36 (KHTML, like Gecko) Chrome/147.0.7727.116 Mobile Safari/537.36 (compatible; Googlebot/2.1; +http://www.google.com/bot.html)"
74.125.216.36 - - [29/Apr/2026:05:49:51 +0200] "GET /wp-content/plugins/skyboot-custom-icons-for-elementor/assets/fonts/Linearicons-Free.woff2?w118d HTTP/1.1" 200 21780 "https://marc-morin.ch/wp-content/plugins/skyboot-custom-icons-for-elementor/assets/css/linearicons.css?ver=1.1.0" "Mozilla/5.0 (X11; Linux x86_64) AppleWebKit/537.36 (KHTML, like Gecko) Chrome/146.0.7680.177 Safari/537.36"
57.141.20.47 - - [29/Apr/2026:05:49:50 +0200] "GET /?g=52799635s1l72 HTTP/1.1" 200 162183 "-" "meta-externalagent/1.1 (+https://developers.facebook.com/docs/sharing/webmasters/crawler)"
74.125.216.36 - - [29/Apr/2026:05:49:57 +0200] "GET /wp-content/plugins/elementor-pro/assets/js/load-more.8b46f464e573feab5dd7.bundle.min.js HTTP/1.1" 200 5346 "https://marc-morin.ch/?g=3675980nbbpq8" "Mozilla/5.0 (X11; Linux x86_64) AppleWebKit/537.36 (KHTML, like Gecko) Chrome/146.0.7680.177 Safari/537.36"
74.125.216.37 - - [29/Apr/2026:05:49:58 +0200] "GET /wp-content/plugins/elementor-pro/assets/js/ajax-pagination.2090b5f4906bcda1dcc2.bundle.min.js HTTP/1.1" 200 2814 "https://marc-morin.ch/?g=3675980nbbpq8" "Mozilla/5.0 (X11; Linux x86_64) AppleWebKit/537.36 (KHTML, like Gecko) Chrome/146.0.7680.177 Safari/537.36"
74.125.216.37 - - [29/Apr/2026:05:50:00 +0200] "GET /wp-content/uploads/2025/06/Feblanterie-canton-de-geneve.png HTTP/1.1" 200 1039 "https://marc-morin.ch/?g=3675980nbbpq8" "Mozilla/5.0 (X11; Linux x86_64) AppleWebKit/537.36 (KHTML, like Gecko) Chrome/146.0.7680.177 Safari/537.36"
74.125.216.37 - - [29/Apr/2026:05:50:01 +0200] "GET /wp-content/uploads/2024/12/couvreur-traitement-hydrofuge-toiture.png HTTP/1.1" 200 988 "https://marc-morin.ch/?g=3675980nbbpq8" "Mozilla/5.0 (X11; Linux x86_64) AppleWebKit/537.36 (KHTML, like Gecko) Chrome/146.0.7680.177 Safari/537.36"
74.125.216.37 - - [29/Apr/2026:05:50:02 +0200] "GET /wp-content/uploads/2025/06/Fuites-toiture.png HTTP/1.1" 200 924 "https://marc-morin.ch/?g=3675980nbbpq8" "Mozilla/5.0 (X11; Linux x86_64) AppleWebKit/537.36 (KHTML, like Gecko) Chrome/146.0.7680.177 Safari/537.36"
74.125.216.36 - - [29/Apr/2026:05:50:03 +0200] "GET /wp-content/uploads/2025/10/Pose-dune-fenetre-de-toit-avec-volet-roulant-a-Onex-Geneve-768x1024.jpg HTTP/1.1" 200 143016 "https://marc-morin.ch/?g=3675980nbbpq8" "Mozilla/5.0 (X11; Linux x86_64) AppleWebKit/537.36 (KHTML, like Gecko) Chrome/146.0.7680.177 Safari/537.36"
74.125.216.36 - - [29/Apr/2026:05:50:04 +0200] "GET /wp-content/uploads/2024/12/dalep-logo-512px@2x.png HTTP/1.1" 200 47496 "https://marc-morin.ch/?g=3675980nbbpq8" "Mozilla/5.0 (X11; Linux x86_64) AppleWebKit/537.36 (KHTML, like Gecko) Chrome/146.0.7680.177 Safari/537.36"
74.125.216.36 - - [29/Apr/2026:05:50:04 +0200] "GET /wp-content/uploads/2025/06/dalep-demoussage.png HTTP/1.1" 200 500409 "https://marc-morin.ch/?g=3675980nbbpq8" "Mozilla/5.0 (X11; Linux x86_64) AppleWebKit/537.36 (KHTML, like Gecko) Chrome/146.0.7680.177 Safari/537.36"
66.249.75.5 - - [29/Apr/2026:05:50:16 +0200] "GET /items/G913225518/ HTTP/1.1" 301 0 "-" "Mozilla/5.0 (compatible; Googlebot/2.1; +http://www.google.com/bot.html)"
66.249.72.36 - - [29/Apr/2026:05:50:17 +0200] "GET /items/G913225518/ HTTP/1.1" 404 100283 "-" "Mozilla/5.0 (compatible; Googlebot/2.1; +http://www.google.com/bot.html)"
66.249.75.4 - - [29/Apr/2026:05:50:33 +0200] "GET /items/O934982950/ HTTP/1.1" 301 0 "-" "Mozilla/5.0 (compatible; Googlebot/2.1; +http://www.google.com/bot.html)"
66.249.72.36 - - [29/Apr/2026:05:50:35 +0200] "GET /items/O934982950/ HTTP/1.1" 404 100283 "-" "Mozilla/5.0 (Linux; Android 6.0.1; Nexus 5X Build/MMB29P) AppleWebKit/537.36 (KHTML, like Gecko) Chrome/147.0.7727.116 Mobile Safari/537.36 (compatible; Googlebot/2.1; +http://www.google.com/bot.html)"
66.249.72.36 - - [29/Apr/2026:05:50:42 +0200] "GET /items/V903802838/ HTTP/1.1" 404 100283 "-" "Mozilla/5.0 (Linux; Android 6.0.1; Nexus 5X Build/MMB29P) AppleWebKit/537.36 (KHTML, like Gecko) Chrome/147.0.7727.116 Mobile Safari/537.36 (compatible; Googlebot/2.1; +http://www.google.com/bot.html)"
74.125.216.36 - - [29/Apr/2026:05:50:03 +0200] "GET /wp-content/uploads/2025/11/Renovation-et-traitement-de-toiture-a-Jussy-Geneve.jpg HTTP/1.1" 200 123087 "https://marc-morin.ch/?g=3675980nbbpq8" "Mozilla/5.0 (X11; Linux x86_64) AppleWebKit/537.36 (KHTML, like Gecko) Chrome/146.0.7680.177 Safari/537.36"
74.125.216.36 - - [29/Apr/2026:05:50:04 +0200] "GET /wp-content/uploads/2025/11/Assainissement-complet-de-toiture-a-Confignon-768x1024.jpeg HTTP/1.1" 200 192985 "https://marc-morin.ch/?g=3675980nbbpq8" "Mozilla/5.0 (X11; Linux x86_64) AppleWebKit/537.36 (KHTML, like Gecko) Chrome/146.0.7680.177 Safari/537.36"
74.125.216.37 - - [29/Apr/2026:05:50:05 +0200] "GET /wp-content/plugins/elementor/assets/lib/swiper/v8/swiper.min.js?ver=8.4.5 HTTP/1.1" 200 143709 "https://marc-morin.ch/?g=3675980nbbpq8" "Mozilla/5.0 (X11; Linux x86_64) AppleWebKit/537.36 (KHTML, like Gecko) Chrome/146.0.7680.177 Safari/537.36"
74.125.216.37 - - [29/Apr/2026:05:50:05 +0200] "GET /wp-content/uploads/2024/12/Sur-les-toits-de-Haute-Savoie-depuis-29-ans.jpeg HTTP/1.1" 200 161737 "https://marc-morin.ch/wp-content/uploads/elementor/css/post-12.css?ver=1777404203" "Mozilla/5.0 (X11; Linux x86_64) AppleWebKit/537.36 (KHTML, like Gecko) Chrome/146.0.7680.177 Safari/537.36"
66.249.75.4 - - [29/Apr/2026:05:50:06 +0200] "GET /items/P934602678/ HTTP/1.1" 301 0 "-" "Mozilla/5.0 (Linux; Android 6.0.1; Nexus 5X Build/MMB29P) AppleWebKit/537.36 (KHTML, like Gecko) Chrome/147.0.7727.116 Mobile Safari/537.36 (compatible; Googlebot/2.1; +http://www.google.com/bot.html)"
66.249.72.36 - - [29/Apr/2026:05:50:07 +0200] "GET /items/A883883416/ HTTP/1.1" 404 100283 "-" "Mozilla/5.0 (compatible; Googlebot/2.1; +http://www.google.com/bot.html)"
66.249.72.36 - - [29/Apr/2026:05:50:09 +0200] "GET /items/P934602678/ HTTP/1.1" 404 100283 "-" "Mozilla/5.0 (Linux; Android 6.0.1; Nexus 5X Build/MMB29P) AppleWebKit/537.36 (KHTML, like Gecko) Chrome/147.0.7727.116 Mobile Safari/537.36 (compatible; Googlebot/2.1; +http://www.google.com/bot.html)"
66.249.72.36 - - [29/Apr/2026:05:50:13 +0200] "GET /items/Y411639408/ HTTP/1.1" 404 100283 "-" "Mozilla/5.0 (Linux; Android 6.0.1; Nexus 5X Build/MMB29P) AppleWebKit/537.36 (KHTML, like Gecko) Chrome/147.0.7727.116 Mobile Safari/537.36 (compatible; Googlebot/2.1; +http://www.google.com/bot.html)"
66.249.72.36 - - [29/Apr/2026:05:50:23 +0200] "GET /items/E635041442/ HTTP/1.1" 404 100283 "-" "Mozilla/5.0 (Linux; Android 6.0.1; Nexus 5X Build/MMB29P) AppleWebKit/537.36 (KHTML, like Gecko) Chrome/147.0.7727.116 Mobile Safari/537.36 (compatible; Googlebot/2.1; +http://www.google.com/bot.html)"
66.249.75.4 - - [29/Apr/2026:05:50:26 +0200] "GET /items/A094469519/ HTTP/1.1" 301 0 "-" "Mozilla/5.0 (compatible; Googlebot/2.1; +http://www.google.com/bot.html)"
57.141.20.42 - - [29/Apr/2026:05:50:26 +0200] "GET /?g=126756ck39uu HTTP/1.1" 200 162183 "-" "meta-externalagent/1.1 (+https://developers.facebook.com/docs/sharing/webmasters/crawler)"
57.141.20.54 - - [29/Apr/2026:05:50:27 +0200] "GET /?g=2175183jczxsa HTTP/1.1" 200 162183 "-" "meta-externalagent/1.1 (+https://developers.facebook.com/docs/sharing/webmasters/crawler)"
66.249.72.36 - - [29/Apr/2026:05:50:34 +0200] "GET /items/O934982950/ HTTP/1.1" 404 100283 "-" "Mozilla/5.0 (compatible; Googlebot/2.1; +http://www.google.com/bot.html)"
57.141.20.42 - - [29/Apr/2026:05:50:37 +0200] "GET /items/G463581293/ HTTP/1.1" 404 100283 "-" "meta-externalagent/1.1 (+https://developers.facebook.com/docs/sharing/webmasters/crawler)"
57.141.20.41 - - [29/Apr/2026:05:51:03 +0200] "GET /?g=672961467710s HTTP/1.1" 200 162183 "-" "meta-externalagent/1.1 (+https://developers.facebook.com/docs/sharing/webmasters/crawler)"
66.249.72.36 - - [29/Apr/2026:05:51:12 +0200] "GET /items/O654371438/ HTTP/1.1" 404 100283 "-" "Mozilla/5.0 (compatible; Googlebot/2.1; +http://www.google.com/bot.html)"
57.141.20.13 - - [29/Apr/2026:05:51:18 +0200] "GET /?g=578550vfvdag HTTP/1.1" 200 162183 "-" "meta-externalagent/1.1 (+https://developers.facebook.com/docs/sharing/webmasters/crawler)"
66.249.72.36 - - [29/Apr/2026:05:50:54 +0200] "GET /items/Q165276494/ HTTP/1.1" 404 100283 "-" "Mozilla/5.0 (Linux; Android 6.0.1; Nexus 5X Build/MMB29P) AppleWebKit/537.36 (KHTML, like Gecko) Chrome/147.0.7727.116 Mobile Safari/537.36 (compatible; Googlebot/2.1; +http://www.google.com/bot.html)"
57.141.20.28 - - [29/Apr/2026:05:50:54 +0200] "GET /items/G462502890/ HTTP/1.1" 404 100283 "-" "meta-externalagent/1.1 (+https://developers.facebook.com/docs/sharing/webmasters/crawler)"
66.249.75.4 - - [29/Apr/2026:05:50:57 +0200] "GET /items/T551343699/ HTTP/1.1" 301 0 "-" "Mozilla/5.0 (Linux; Android 6.0.1; Nexus 5X Build/MMB29P) AppleWebKit/537.36 (KHTML, like Gecko) Chrome/147.0.7727.116 Mobile Safari/537.36 (compatible; Googlebot/2.1; +http://www.google.com/bot.html)"
66.249.72.36 - - [29/Apr/2026:05:50:59 +0200] "GET /items/T551343699/ HTTP/1.1" 404 100283 "-" "Mozilla/5.0 (Linux; Android 6.0.1; Nexus 5X Build/MMB29P) AppleWebKit/537.36 (KHTML, like Gecko) Chrome/147.0.7727.116 Mobile Safari/537.36 (compatible; Googlebot/2.1; +http://www.google.com/bot.html)"
66.249.75.5 - - [29/Apr/2026:05:51:11 +0200] "GET /items/O654371438/ HTTP/1.1" 301 0 "-" "Mozilla/5.0 (compatible; Googlebot/2.1; +http://www.google.com/bot.html)"
57.141.20.26 - - [29/Apr/2026:05:51:10 +0200] "GET /items/G467078758/ HTTP/1.1" 404 100283 "-" "meta-externalagent/1.1 (+https://developers.facebook.com/docs/sharing/webmasters/crawler)"
66.249.75.5 - - [29/Apr/2026:05:51:25 +0200] "GET /items/J985458867/ HTTP/1.1" 301 0 "-" "Mozilla/5.0 (compatible; Googlebot/2.1; +http://www.google.com/bot.html)"
66.249.75.4 - - [29/Apr/2026:05:51:33 +0200] "GET /items/C245248354/ HTTP/1.1" 301 0 "-" "Mozilla/5.0 (compatible; Googlebot/2.1; +http://www.google.com/bot.html)"
66.249.75.4 - - [29/Apr/2026:05:51:49 +0200] "GET /items/G105243709/ HTTP/1.1" 301 0 "-" "Mozilla/5.0 (compatible; Googlebot/2.1; +http://www.google.com/bot.html)"
66.249.75.4 - - [29/Apr/2026:05:51:51 +0200] "GET /items/Z814070024/ HTTP/1.1" 301 0 "-" "Mozilla/5.0 (compatible; Googlebot/2.1; +http://www.google.com/bot.html)"
66.249.72.36 - - [29/Apr/2026:05:51:53 +0200] "GET /items/G105243709/ HTTP/1.1" 404 100283 "-" "Mozilla/5.0 (compatible; Googlebot/2.1; +http://www.google.com/bot.html)"
66.249.72.36 - - [29/Apr/2026:05:51:57 +0200] "GET /items/Z814070024/ HTTP/1.1" 404 100283 "-" "Mozilla/5.0 (compatible; Googlebot/2.1; +http://www.google.com/bot.html)"
57.141.20.10 - - [29/Apr/2026:05:52:10 +0200] "GET /?g=16755502x83w8 HTTP/1.1" 200 162183 "-" "meta-externalagent/1.1 (+https://developers.facebook.com/docs/sharing/webmasters/crawler)"
57.141.20.49 - - [29/Apr/2026:05:52:26 +0200] "GET /items/G465705212/ HTTP/1.1" 404 100283 "-" "meta-externalagent/1.1 (+https://developers.facebook.com/docs/sharing/webmasters/crawler)"
109.234.166.131 - - [29/Apr/2026:05:52:31 +0200] "POST /wp-cron.php?doing_wp_cron=1777434751.3716731071472167968750 HTTP/1.1" 200 0 "-" "WordPress/6.9.4; https://marc-morin.ch"
66.249.75.4 - - [29/Apr/2026:05:52:31 +0200] "GET /items/P933736397/ HTTP/1.1" 301 0 "-" "Mozilla/5.0 (Linux; Android 6.0.1; Nexus 5X Build/MMB29P) AppleWebKit/537.36 (KHTML, like Gecko) Chrome/147.0.7727.116 Mobile Safari/537.36 (compatible; Googlebot/2.1; +http://www.google.com/bot.html)"
66.249.75.5 - - [29/Apr/2026:05:52:32 +0200] "GET /items/J871029911/ HTTP/1.1" 301 0 "-" "Mozilla/5.0 (Linux; Android 6.0.1; Nexus 5X Build/MMB29P) AppleWebKit/537.36 (KHTML, like Gecko) Chrome/147.0.7727.116 Mobile Safari/537.36 (compatible; Googlebot/2.1; +http://www.google.com/bot.html)"
57.141.20.47 - - [29/Apr/2026:05:52:33 +0200] "GET /?g=3536997s4x5t6 HTTP/1.1" 200 162183 "-" "meta-externalagent/1.1 (+https://developers.facebook.com/docs/sharing/webmasters/crawler)"
57.141.20.18 - - [29/Apr/2026:05:52:53 +0200] "GET /?g=55095651t1x06 HTTP/1.1" 200 162183 "-" "meta-externalagent/1.1 (+https://developers.facebook.com/docs/sharing/webmasters/crawler)"
66.249.75.4 - - [29/Apr/2026:05:52:56 +0200] "GET /items/W271067676/ HTTP/1.1" 301 0 "-" "Mozilla/5.0 (compatible; Googlebot/2.1; +http://www.google.com/bot.html)"
66.249.72.36 - - [29/Apr/2026:05:51:20 +0200] "GET /?g=5307033qn7vev HTTP/1.1" 200 162183 "-" "Mozilla/5.0 (Linux; Android 6.0.1; Nexus 5X Build/MMB29P) AppleWebKit/537.36 (KHTML, like Gecko) Chrome/147.0.7727.116 Mobile Safari/537.36 (compatible; Googlebot/2.1; +http://www.google.com/bot.html)"
66.249.72.36 - - [29/Apr/2026:05:51:26 +0200] "GET /items/J985458867/ HTTP/1.1" 404 100283 "-" "Mozilla/5.0 (compatible; Googlebot/2.1; +http://www.google.com/bot.html)"
57.141.20.25 - - [29/Apr/2026:05:51:26 +0200] "GET /items/G464936231/ HTTP/1.1" 404 100283 "-" "meta-externalagent/1.1 (+https://developers.facebook.com/docs/sharing/webmasters/crawler)"
66.249.75.4 - - [29/Apr/2026:05:51:38 +0200] "GET /items/R883617428/ HTTP/1.1" 301 0 "-" "Mozilla/5.0 (Linux; Android 6.0.1; Nexus 5X Build/MMB29P) AppleWebKit/537.36 (KHTML, like Gecko) Chrome/147.0.7727.116 Mobile Safari/537.36 (compatible; Googlebot/2.1; +http://www.google.com/bot.html)"
57.141.20.3 - - [29/Apr/2026:05:51:40 +0200] "GET /items/G463233965/ HTTP/1.1" 404 100283 "-" "meta-externalagent/1.1 (+https://developers.facebook.com/docs/sharing/webmasters/crawler)"
66.249.72.36 - - [29/Apr/2026:05:51:41 +0200] "GET /items/N494925977/ HTTP/1.1" 404 100283 "-" "Mozilla/5.0 (Linux; Android 6.0.1; Nexus 5X Build/MMB29P) AppleWebKit/537.36 (KHTML, like Gecko) Chrome/147.0.7727.116 Mobile Safari/537.36 (compatible; Googlebot/2.1; +http://www.google.com/bot.html)"
66.249.75.4 - - [29/Apr/2026:05:51:44 +0200] "GET /items/N823414938/ HTTP/1.1" 301 0 "-" "Mozilla/5.0 (Linux; Android 6.0.1; Nexus 5X Build/MMB29P) AppleWebKit/537.36 (KHTML, like Gecko) Chrome/147.0.7727.116 Mobile Safari/537.36 (compatible; Googlebot/2.1; +http://www.google.com/bot.html)"
66.249.72.36 - - [29/Apr/2026:05:51:45 +0200] "GET /items/N823414938/ HTTP/1.1" 404 100283 "-" "Mozilla/5.0 (Linux; Android 6.0.1; Nexus 5X Build/MMB29P) AppleWebKit/537.36 (KHTML, like Gecko) Chrome/147.0.7727.116 Mobile Safari/537.36 (compatible; Googlebot/2.1; +http://www.google.com/bot.html)"
57.141.20.44 - - [29/Apr/2026:05:51:47 +0200] "GET /items/G463147533/ HTTP/1.1" 404 100283 "-" "meta-externalagent/1.1 (+https://developers.facebook.com/docs/sharing/webmasters/crawler)"
57.141.20.41 - - [29/Apr/2026:05:52:03 +0200] "GET /items/G465030521/ HTTP/1.1" 404 100283 "-" "meta-externalagent/1.1 (+https://developers.facebook.com/docs/sharing/webmasters/crawler)"
57.141.20.68 - - [29/Apr/2026:05:52:19 +0200] "GET /?g=1543357kbeti1 HTTP/1.1" 200 162183 "-" "meta-externalagent/1.1 (+https://developers.facebook.com/docs/sharing/webmasters/crawler)"
66.249.72.37 - - [29/Apr/2026:05:52:23 +0200] "GET /?g=4777082s11psj HTTP/1.1" 200 162183 "-" "Mozilla/5.0 (compatible; Googlebot/2.1; +http://www.google.com/bot.html)"
66.249.72.36 - - [29/Apr/2026:05:52:32 +0200] "GET /items/P933736397/ HTTP/1.1" 404 100283 "-" "Mozilla/5.0 (Linux; Android 6.0.1; Nexus 5X Build/MMB29P) AppleWebKit/537.36 (KHTML, like Gecko) Chrome/147.0.7727.116 Mobile Safari/537.36 (compatible; Googlebot/2.1; +http://www.google.com/bot.html)"
66.249.75.4 - - [29/Apr/2026:05:52:39 +0200] "GET /items/D894557972/ HTTP/1.1" 301 0 "-" "Mozilla/5.0 (compatible; Googlebot/2.1; +http://www.google.com/bot.html)"
109.234.166.131 - - [29/Apr/2026:05:52:50 +0200] "POST /wp-cron.php?doing_wp_cron=1777434770.2608380317687988281250 HTTP/1.1" 200 0 "-" "WordPress/6.9.4; https://marc-morin.ch"
57.141.20.7 - - [29/Apr/2026:05:52:52 +0200] "GET /items/G465974169/ HTTP/1.1" 404 100283 "-" "meta-externalagent/1.1 (+https://developers.facebook.com/docs/sharing/webmasters/crawler)"
66.249.72.36 - - [29/Apr/2026:05:52:57 +0200] "GET /items/X042600264/ HTTP/1.1" 404 100283 "-" "Mozilla/5.0 (compatible; Googlebot/2.1; +http://www.google.com/bot.html)"
66.249.72.36 - - [29/Apr/2026:05:52:59 +0200] "GET /items/W271067676/ HTTP/1.1" 404 100283 "-" "Mozilla/5.0 (compatible; Googlebot/2.1; +http://www.google.com/bot.html)"
66.249.75.5 - - [29/Apr/2026:05:53:08 +0200] "GET /items/P513477488/ HTTP/1.1" 301 0 "-" "Mozilla/5.0 (compatible; Googlebot/2.1; +http://www.google.com/bot.html)"
66.249.72.37 - - [29/Apr/2026:05:50:53 +0200] "GET /?g=55089245ulczb HTTP/1.1" 200 162183 "-" "Mozilla/5.0 (Linux; Android 6.0.1; Nexus 5X Build/MMB29P) AppleWebKit/537.36 (KHTML, like Gecko) Chrome/147.0.7727.116 Mobile Safari/537.36 (compatible; Googlebot/2.1; +http://www.google.com/bot.html)"
66.249.72.37 - - [29/Apr/2026:05:51:02 +0200] "GET /?g=6687024ut258z HTTP/1.1" 200 162183 "-" "Mozilla/5.0 (compatible; Googlebot/2.1; +http://www.google.com/bot.html)"
57.141.20.42 - - [29/Apr/2026:05:51:33 +0200] "GET /intercotylargcg.xml HTTP/1.1" 404 100279 "-" "meta-externalagent/1.1 (+https://developers.facebook.com/docs/sharing/webmasters/crawler)"
66.249.72.36 - - [29/Apr/2026:05:51:35 +0200] "GET /items/C245248354/ HTTP/1.1" 404 100283 "-" "Mozilla/5.0 (compatible; Googlebot/2.1; +http://www.google.com/bot.html)"
66.249.72.36 - - [29/Apr/2026:05:51:39 +0200] "GET /items/R883617428/ HTTP/1.1" 404 100283 "-" "Mozilla/5.0 (Linux; Android 6.0.1; Nexus 5X Build/MMB29P) AppleWebKit/537.36 (KHTML, like Gecko) Chrome/147.0.7727.116 Mobile Safari/537.36 (compatible; Googlebot/2.1; +http://www.google.com/bot.html)"
109.234.166.131 - - [29/Apr/2026:05:51:46 +0200] "POST /wp-cron.php?doing_wp_cron=1777434706.3850440979003906250000 HTTP/1.1" 200 0 "-" "WordPress/6.9.4; https://marc-morin.ch"
66.249.75.4 - - [29/Apr/2026:05:51:50 +0200] "GET /items/Z814070024/ HTTP/1.1" 301 0 "-" "Mozilla/5.0 (Linux; Android 6.0.1; Nexus 5X Build/MMB29P) AppleWebKit/537.36 (KHTML, like Gecko) Chrome/147.0.7727.116 Mobile Safari/537.36 (compatible; Googlebot/2.1; +http://www.google.com/bot.html)"
66.249.72.36 - - [29/Apr/2026:05:51:55 +0200] "GET /items/Z814070024/ HTTP/1.1" 404 100283 "-" "Mozilla/5.0 (Linux; Android 6.0.1; Nexus 5X Build/MMB29P) AppleWebKit/537.36 (KHTML, like Gecko) Chrome/147.0.7727.116 Mobile Safari/537.36 (compatible; Googlebot/2.1; +http://www.google.com/bot.html)"
57.141.20.26 - - [29/Apr/2026:05:52:01 +0200] "GET /items/G464353212/ HTTP/1.1" 404 100283 "-" "meta-externalagent/1.1 (+https://developers.facebook.com/docs/sharing/webmasters/crawler)"
66.249.75.5 - - [29/Apr/2026:05:52:16 +0200] "GET /items/X475794731/ HTTP/1.1" 301 0 "-" "Mozilla/5.0 (Linux; Android 6.0.1; Nexus 5X Build/MMB29P) AppleWebKit/537.36 (KHTML, like Gecko) Chrome/147.0.7727.116 Mobile Safari/537.36 (compatible; Googlebot/2.1; +http://www.google.com/bot.html)"
66.249.72.38 - - [29/Apr/2026:05:52:18 +0200] "GET /items/X475794731/ HTTP/1.1" 404 100283 "-" "Mozilla/5.0 (Linux; Android 6.0.1; Nexus 5X Build/MMB29P) AppleWebKit/537.36 (KHTML, like Gecko) Chrome/147.0.7727.116 Mobile Safari/537.36 (compatible; Googlebot/2.1; +http://www.google.com/bot.html)"
66.249.72.36 - - [29/Apr/2026:05:52:35 +0200] "GET /items/J871029911/ HTTP/1.1" 404 100283 "-" "Mozilla/5.0 (Linux; Android 6.0.1; Nexus 5X Build/MMB29P) AppleWebKit/537.36 (KHTML, like Gecko) Chrome/147.0.7727.116 Mobile Safari/537.36 (compatible; Googlebot/2.1; +http://www.google.com/bot.html)"
57.141.20.41 - - [29/Apr/2026:05:52:39 +0200] "GET /items/G463207182/ HTTP/1.1" 404 100283 "-" "meta-externalagent/1.1 (+https://developers.facebook.com/docs/sharing/webmasters/crawler)"
66.249.72.36 - - [29/Apr/2026:05:52:40 +0200] "GET /items/D894557972/ HTTP/1.1" 404 100283 "-" "Mozilla/5.0 (compatible; Googlebot/2.1; +http://www.google.com/bot.html)"
51.195.183.25 - - [29/Apr/2026:05:52:49 +0200] "GET /items/G464590093/ HTTP/1.1" 404 100283 "-" "Mozilla/5.0 (compatible; AhrefsBot/7.0; +http://ahrefs.com/robot/)"
66.249.75.4 - - [29/Apr/2026:05:52:55 +0200] "GET /items/X042600264/ HTTP/1.1" 301 0 "-" "Mozilla/5.0 (compatible; Googlebot/2.1; +http://www.google.com/bot.html)"
57.141.20.9 - - [29/Apr/2026:05:53:00 +0200] "GET /items/G465474157/ HTTP/1.1" 404 100283 "-" "meta-externalagent/1.1 (+https://developers.facebook.com/docs/sharing/webmasters/crawler)"
66.249.72.36 - - [29/Apr/2026:05:53:22 +0200] "GET /items/A732786319/ HTTP/1.1" 404 100283 "-" "Mozilla/5.0 (compatible; Googlebot/2.1; +http://www.google.com/bot.html)"
57.141.20.44 - - [29/Apr/2026:05:53:06 +0200] "GET /items/G465521271/ HTTP/1.1" 404 100283 "-" "meta-externalagent/1.1 (+https://developers.facebook.com/docs/sharing/webmasters/crawler)"
66.249.72.36 - - [29/Apr/2026:05:53:10 +0200] "GET /items/P513477488/ HTTP/1.1" 404 100283 "-" "Mozilla/5.0 (compatible; Googlebot/2.1; +http://www.google.com/bot.html)"
57.141.20.33 - - [29/Apr/2026:05:53:14 +0200] "GET /items/G461157645/ HTTP/1.1" 404 100283 "-" "meta-externalagent/1.1 (+https://developers.facebook.com/docs/sharing/webmasters/crawler)"
66.249.75.5 - - [29/Apr/2026:05:53:20 +0200] "GET /items/H152487765/ HTTP/1.1" 301 0 "-" "Mozilla/5.0 (compatible; Googlebot/2.1; +http://www.google.com/bot.html)"
66.249.72.36 - - [29/Apr/2026:05:53:21 +0200] "GET /items/H152487765/ HTTP/1.1" 404 100283 "-" "Mozilla/5.0 (compatible; Googlebot/2.1; +http://www.google.com/bot.html)"
57.141.20.63 - - [29/Apr/2026:05:53:27 +0200] "GET /?g=5712790a0d29u HTTP/1.1" 200 162183 "-" "meta-externalagent/1.1 (+https://developers.facebook.com/docs/sharing/webmasters/crawler)"
57.141.20.43 - - [29/Apr/2026:05:53:49 +0200] "GET /?g=448233hnhvta HTTP/1.1" 200 162183 "-" "meta-externalagent/1.1 (+https://developers.facebook.com/docs/sharing/webmasters/crawler)"
66.249.72.36 - - [29/Apr/2026:05:53:57 +0200] "GET /items/T475321716/ HTTP/1.1" 404 100283 "-" "Mozilla/5.0 (Linux; Android 6.0.1; Nexus 5X Build/MMB29P) AppleWebKit/537.36 (KHTML, like Gecko) Chrome/147.0.7727.116 Mobile Safari/537.36 (compatible; Googlebot/2.1; +http://www.google.com/bot.html)"
66.249.72.36 - - [29/Apr/2026:05:53:59 +0200] "GET /items/A095166512/ HTTP/1.1" 404 100283 "-" "Mozilla/5.0 (compatible; Googlebot/2.1; +http://www.google.com/bot.html)"
57.141.20.68 - - [29/Apr/2026:05:54:00 +0200] "GET /?g=141440jqo3e7 HTTP/1.1" 200 162183 "-" "meta-externalagent/1.1 (+https://developers.facebook.com/docs/sharing/webmasters/crawler)"
57.141.20.39 - - [29/Apr/2026:05:54:09 +0200] "GET /?g=5631752is0kf8 HTTP/1.1" 200 162183 "-" "meta-externalagent/1.1 (+https://developers.facebook.com/docs/sharing/webmasters/crawler)"
57.141.20.1 - - [29/Apr/2026:05:54:35 +0200] "GET /items/G465800836/ HTTP/1.1" 404 100283 "-" "meta-externalagent/1.1 (+https://developers.facebook.com/docs/sharing/webmasters/crawler)"
109.234.166.131 - - [29/Apr/2026:05:54:46 +0200] "POST /wp-cron.php?doing_wp_cron=1777434886.0813250541687011718750 HTTP/1.1" 200 0 "-" "WordPress/6.9.4; https://marc-morin.ch"
57.141.20.39 - - [29/Apr/2026:05:54:45 +0200] "GET /items/G465893789/ HTTP/1.1" 404 100283 "-" "meta-externalagent/1.1 (+https://developers.facebook.com/docs/sharing/webmasters/crawler)"
198.244.226.230 - - [29/Apr/2026:05:54:54 +0200] "GET /items/G464552970/ HTTP/1.1" 404 100283 "-" "Mozilla/5.0 (compatible; AhrefsBot/7.0; +http://ahrefs.com/robot/)"
66.249.75.4 - - [29/Apr/2026:05:54:59 +0200] "GET /items/W803223706/ HTTP/1.1" 301 0 "-" "Mozilla/5.0 (compatible; Googlebot/2.1; +http://www.google.com/bot.html)"
66.249.72.37 - - [29/Apr/2026:05:55:03 +0200] "GET /?g=4571842p7beg9 HTTP/1.1" 200 162183 "-" "Mozilla/5.0 (compatible; Googlebot/2.1; +http://www.google.com/bot.html)"
66.249.72.36 - - [29/Apr/2026:05:55:06 +0200] "GET /items/Y714251692/ HTTP/1.1" 404 100283 "-" "Mozilla/5.0 (compatible; Googlebot/2.1; +http://www.google.com/bot.html)"
66.249.72.36 - - [29/Apr/2026:05:55:08 +0200] "GET /items/E903713959/ HTTP/1.1" 404 100283 "-" "Mozilla/5.0 (Linux; Android 6.0.1; Nexus 5X Build/MMB29P) AppleWebKit/537.36 (KHTML, like Gecko) Chrome/147.0.7727.116 Mobile Safari/537.36 (compatible; Googlebot/2.1; +http://www.google.com/bot.html)"
66.249.75.4 - - [29/Apr/2026:05:55:14 +0200] "GET /items/L643802855/ HTTP/1.1" 301 0 "-" "Mozilla/5.0 (compatible; Googlebot/2.1; +http://www.google.com/bot.html)"
66.249.75.4 - - [29/Apr/2026:05:55:25 +0200] "GET /items/P931248411/ HTTP/1.1" 301 0 "-" "Mozilla/5.0 (Linux; Android 6.0.1; Nexus 5X Build/MMB29P) AppleWebKit/537.36 (KHTML, like Gecko) Chrome/147.0.7727.116 Mobile Safari/537.36 (compatible; Googlebot/2.1; +http://www.google.com/bot.html)"
109.234.166.131 - - [29/Apr/2026:05:53:28 +0200] "POST /wp-cron.php?doing_wp_cron=1777434808.1563270092010498046875 HTTP/1.1" 200 0 "-" "WordPress/6.9.4; https://marc-morin.ch"
109.234.166.131 - - [29/Apr/2026:05:53:47 +0200] "POST /wp-cron.php?doing_wp_cron=1777434827.4310679435729980468750 HTTP/1.1" 200 0 "-" "WordPress/6.9.4; https://marc-morin.ch"
66.249.75.4 - - [29/Apr/2026:05:53:47 +0200] "GET /items/W804254543/ HTTP/1.1" 301 0 "-" "Mozilla/5.0 (Linux; Android 6.0.1; Nexus 5X Build/MMB29P) AppleWebKit/537.36 (KHTML, like Gecko) Chrome/147.0.7727.116 Mobile Safari/537.36 (compatible; Googlebot/2.1; +http://www.google.com/bot.html)"
66.249.72.36 - - [29/Apr/2026:05:53:48 +0200] "GET /items/W804254543/ HTTP/1.1" 404 100283 "-" "Mozilla/5.0 (Linux; Android 6.0.1; Nexus 5X Build/MMB29P) AppleWebKit/537.36 (KHTML, like Gecko) Chrome/147.0.7727.116 Mobile Safari/537.36 (compatible; Googlebot/2.1; +http://www.google.com/bot.html)"
66.249.72.36 - - [29/Apr/2026:05:53:56 +0200] "GET /items/T475321716/ HTTP/1.1" 404 100283 "-" "Mozilla/5.0 (compatible; Googlebot/2.1; +http://www.google.com/bot.html)"
66.249.75.4 - - [29/Apr/2026:05:53:57 +0200] "GET /items/A095166512/ HTTP/1.1" 301 0 "-" "Mozilla/5.0 (compatible; Googlebot/2.1; +http://www.google.com/bot.html)"
66.249.75.4 - - [29/Apr/2026:05:54:16 +0200] "GET /items/U183508420/ HTTP/1.1" 301 0 "-" "Mozilla/5.0 (Linux; Android 6.0.1; Nexus 5X Build/MMB29P) AppleWebKit/537.36 (KHTML, like Gecko) Chrome/147.0.7727.116 Mobile Safari/537.36 (compatible; Googlebot/2.1; +http://www.google.com/bot.html)"
66.249.72.36 - - [29/Apr/2026:05:54:17 +0200] "GET /items/U183508420/ HTTP/1.1" 404 100283 "-" "Mozilla/5.0 (Linux; Android 6.0.1; Nexus 5X Build/MMB29P) AppleWebKit/537.36 (KHTML, like Gecko) Chrome/147.0.7727.116 Mobile Safari/537.36 (compatible; Googlebot/2.1; +http://www.google.com/bot.html)"
57.141.20.42 - - [29/Apr/2026:05:54:19 +0200] "GET /items/G466136396/ HTTP/1.1" 404 100283 "-" "meta-externalagent/1.1 (+https://developers.facebook.com/docs/sharing/webmasters/crawler)"
66.249.72.36 - - [29/Apr/2026:05:54:29 +0200] "GET /?g=1126305bfrlqa HTTP/1.1" 200 162183 "-" "Mozilla/5.0 (Linux; Android 6.0.1; Nexus 5X Build/MMB29P) AppleWebKit/537.36 (KHTML, like Gecko) Chrome/147.0.7727.116 Mobile Safari/537.36 (compatible; Googlebot/2.1; +http://www.google.com/bot.html)"
109.234.166.131 - - [29/Apr/2026:05:54:46 +0200] "POST /wp-cron.php?doing_wp_cron=1777434886.5558340549468994140625 HTTP/1.1" 200 0 "-" "WordPress/6.9.4; https://marc-morin.ch"
66.249.75.4 - - [29/Apr/2026:05:54:59 +0200] "GET /items/Y714251692/ HTTP/1.1" 301 0 "-" "Mozilla/5.0 (compatible; Googlebot/2.1; +http://www.google.com/bot.html)"
57.141.20.60 - - [29/Apr/2026:05:55:05 +0200] "GET /?g=21366105kj897 HTTP/1.1" 200 162183 "-" "meta-externalagent/1.1 (+https://developers.facebook.com/docs/sharing/webmasters/crawler)"
