66.249.75.5 - - [29/Apr/2026:01:57:49 +0200] "GET /items/B971686663/ HTTP/1.1" 301 0 "-" "Mozilla/5.0 (Linux; Android 6.0.1; Nexus 5X Build/MMB29P) AppleWebKit/537.36 (KHTML, like Gecko) Chrome/147.0.7727.116 Mobile Safari/537.36 (compatible; Googlebot/2.1; +http://www.google.com/bot.html)"
66.249.72.36 - - [29/Apr/2026:01:58:03 +0200] "GET /items/Y032669972/ HTTP/1.1" 404 100220 "-" "Mozilla/5.0 (compatible; Googlebot/2.1; +http://www.google.com/bot.html)"
66.249.72.36 - - [29/Apr/2026:01:58:06 +0200] "GET /items/P931028567/ HTTP/1.1" 404 100220 "-" "Mozilla/5.0 (compatible; Googlebot/2.1; +http://www.google.com/bot.html)"
57.141.20.43 - - [29/Apr/2026:01:58:06 +0200] "GET /?g=877128x6ee83 HTTP/1.1" 200 162120 "-" "meta-externalagent/1.1 (+https://developers.facebook.com/docs/sharing/webmasters/crawler)"
66.249.72.36 - - [29/Apr/2026:01:58:11 +0200] "GET /items/H905491904/ HTTP/1.1" 404 100220 "-" "Mozilla/5.0 (compatible; Googlebot/2.1; +http://www.google.com/bot.html)"
66.249.75.4 - - [29/Apr/2026:01:56:25 +0200] "GET /items/J794223349/ HTTP/1.1" 301 0 "-" "Mozilla/5.0 (compatible; Googlebot/2.1; +http://www.google.com/bot.html)"
57.141.20.10 - - [29/Apr/2026:01:56:28 +0200] "GET /items/G462858430/ HTTP/1.1" 404 100220 "-" "meta-externalagent/1.1 (+https://developers.facebook.com/docs/sharing/webmasters/crawler)"
66.249.72.36 - - [29/Apr/2026:01:56:48 +0200] "GET /items/R554623960/ HTTP/1.1" 404 100220 "-" "Mozilla/5.0 (Linux; Android 6.0.1; Nexus 5X Build/MMB29P) AppleWebKit/537.36 (KHTML, like Gecko) Chrome/147.0.7727.116 Mobile Safari/537.36 (compatible; Googlebot/2.1; +http://www.google.com/bot.html)"
66.249.75.4 - - [29/Apr/2026:01:56:55 +0200] "GET /items/R513637989/ HTTP/1.1" 301 0 "-" "Mozilla/5.0 (compatible; Googlebot/2.1; +http://www.google.com/bot.html)"
57.141.20.6 - - [29/Apr/2026:01:56:59 +0200] "GET /items/G464987552/ HTTP/1.1" 404 100220 "-" "meta-externalagent/1.1 (+https://developers.facebook.com/docs/sharing/webmasters/crawler)"
57.141.20.51 - - [29/Apr/2026:01:57:29 +0200] "GET /?g=58805483m4n0y HTTP/1.1" 200 162120 "-" "meta-externalagent/1.1 (+https://developers.facebook.com/docs/sharing/webmasters/crawler)"
109.234.166.131 - - [29/Apr/2026:01:57:48 +0200] "POST /wp-cron.php?doing_wp_cron=1777420668.2578349113464355468750 HTTP/1.1" 200 0 "-" "WordPress/6.9.4; https://marc-morin.ch"
66.249.72.36 - - [29/Apr/2026:01:57:50 +0200] "GET /items/B971686663/ HTTP/1.1" 404 100220 "-" "Mozilla/5.0 (Linux; Android 6.0.1; Nexus 5X Build/MMB29P) AppleWebKit/537.36 (KHTML, like Gecko) Chrome/147.0.7727.116 Mobile Safari/537.36 (compatible; Googlebot/2.1; +http://www.google.com/bot.html)"
66.249.75.4 - - [29/Apr/2026:01:57:54 +0200] "GET /items/H905171918/ HTTP/1.1" 301 0 "-" "Mozilla/5.0 (compatible; Googlebot/2.1; +http://www.google.com/bot.html)"
66.249.72.36 - - [29/Apr/2026:01:57:55 +0200] "GET /items/P622497813/ HTTP/1.1" 404 100220 "-" "Mozilla/5.0 (Linux; Android 6.0.1; Nexus 5X Build/MMB29P) AppleWebKit/537.36 (KHTML, like Gecko) Chrome/147.0.7727.116 Mobile Safari/537.36 (compatible; Googlebot/2.1; +http://www.google.com/bot.html)"
66.249.72.36 - - [29/Apr/2026:01:57:55 +0200] "GET /items/H905171918/ HTTP/1.1" 404 100220 "-" "Mozilla/5.0 (compatible; Googlebot/2.1; +http://www.google.com/bot.html)"
66.249.75.4 - - [29/Apr/2026:01:57:56 +0200] "GET /items/T475167499/ HTTP/1.1" 301 0 "-" "Mozilla/5.0 (compatible; Googlebot/2.1; +http://www.google.com/bot.html)"
66.249.75.4 - - [29/Apr/2026:01:57:57 +0200] "GET /items/T475167499/ HTTP/1.1" 301 0 "-" "Mozilla/5.0 (Linux; Android 6.0.1; Nexus 5X Build/MMB29P) AppleWebKit/537.36 (KHTML, like Gecko) Chrome/147.0.7727.116 Mobile Safari/537.36 (compatible; Googlebot/2.1; +http://www.google.com/bot.html)"
66.249.75.6 - - [29/Apr/2026:01:58:02 +0200] "GET /items/Y032669972/ HTTP/1.1" 301 0 "-" "Mozilla/5.0 (compatible; Googlebot/2.1; +http://www.google.com/bot.html)"
66.249.75.5 - - [29/Apr/2026:01:58:05 +0200] "GET /items/P931028567/ HTTP/1.1" 301 0 "-" "Mozilla/5.0 (compatible; Googlebot/2.1; +http://www.google.com/bot.html)"
66.249.75.4 - - [29/Apr/2026:01:58:10 +0200] "GET /items/H905491904/ HTTP/1.1" 301 0 "-" "Mozilla/5.0 (compatible; Googlebot/2.1; +http://www.google.com/bot.html)"
66.249.75.4 - - [29/Apr/2026:01:58:20 +0200] "GET /items/G562460060/ HTTP/1.1" 301 0 "-" "Mozilla/5.0 (compatible; Googlebot/2.1; +http://www.google.com/bot.html)"
66.249.75.4 - - [29/Apr/2026:01:58:35 +0200] "GET /items/T412502097/ HTTP/1.1" 301 0 "-" "Mozilla/5.0 (Linux; Android 6.0.1; Nexus 5X Build/MMB29P) AppleWebKit/537.36 (KHTML, like Gecko) Chrome/147.0.7727.116 Mobile Safari/537.36 (compatible; Googlebot/2.1; +http://www.google.com/bot.html)"
66.249.75.4 - - [29/Apr/2026:01:58:37 +0200] "GET /items/L921008745/ HTTP/1.1" 301 0 "-" "Mozilla/5.0 (Linux; Android 6.0.1; Nexus 5X Build/MMB29P) AppleWebKit/537.36 (KHTML, like Gecko) Chrome/147.0.7727.116 Mobile Safari/537.36 (compatible; Googlebot/2.1; +http://www.google.com/bot.html)"
66.249.72.37 - - [29/Apr/2026:01:57:36 +0200] "GET /items/E991757940/ HTTP/1.1" 404 100220 "-" "Mozilla/5.0 (compatible; Googlebot/2.1; +http://www.google.com/bot.html)"
54.37.118.70 - - [29/Apr/2026:01:57:47 +0200] "GET /items/G467824603/ HTTP/1.1" 404 100220 "-" "Mozilla/5.0 (compatible; AhrefsBot/7.0; +http://ahrefs.com/robot/)"
66.249.75.4 - - [29/Apr/2026:01:57:54 +0200] "GET /items/P622497813/ HTTP/1.1" 301 0 "-" "Mozilla/5.0 (Linux; Android 6.0.1; Nexus 5X Build/MMB29P) AppleWebKit/537.36 (KHTML, like Gecko) Chrome/147.0.7727.116 Mobile Safari/537.36 (compatible; Googlebot/2.1; +http://www.google.com/bot.html)"
57.141.20.62 - - [29/Apr/2026:01:57:55 +0200] "GET /items/G465277578/ HTTP/1.1" 404 100220 "-" "meta-externalagent/1.1 (+https://developers.facebook.com/docs/sharing/webmasters/crawler)"
66.249.75.4 - - [29/Apr/2026:01:57:56 +0200] "GET /items/Y715012960/ HTTP/1.1" 301 0 "-" "Mozilla/5.0 (Linux; Android 6.0.1; Nexus 5X Build/MMB29P) AppleWebKit/537.36 (KHTML, like Gecko) Chrome/147.0.7727.116 Mobile Safari/537.36 (compatible; Googlebot/2.1; +http://www.google.com/bot.html)"
66.249.72.36 - - [29/Apr/2026:01:57:57 +0200] "GET /items/T475167499/ HTTP/1.1" 404 100220 "-" "Mozilla/5.0 (compatible; Googlebot/2.1; +http://www.google.com/bot.html)"
66.249.72.36 - - [29/Apr/2026:01:57:58 +0200] "GET /items/Y715012960/ HTTP/1.1" 404 100220 "-" "Mozilla/5.0 (Linux; Android 6.0.1; Nexus 5X Build/MMB29P) AppleWebKit/537.36 (KHTML, like Gecko) Chrome/147.0.7727.116 Mobile Safari/537.36 (compatible; Googlebot/2.1; +http://www.google.com/bot.html)"
66.249.72.36 - - [29/Apr/2026:01:58:00 +0200] "GET /items/T475167499/ HTTP/1.1" 404 100220 "-" "Mozilla/5.0 (Linux; Android 6.0.1; Nexus 5X Build/MMB29P) AppleWebKit/537.36 (KHTML, like Gecko) Chrome/147.0.7727.116 Mobile Safari/537.36 (compatible; Googlebot/2.1; +http://www.google.com/bot.html)"
66.249.75.4 - - [29/Apr/2026:01:58:14 +0200] "GET /items/A092196348/ HTTP/1.1" 301 0 "-" "Mozilla/5.0 (Linux; Android 6.0.1; Nexus 5X Build/MMB29P) AppleWebKit/537.36 (KHTML, like Gecko) Chrome/147.0.7727.116 Mobile Safari/537.36 (compatible; Googlebot/2.1; +http://www.google.com/bot.html)"
66.249.72.36 - - [29/Apr/2026:01:58:14 +0200] "GET /items/A092196348/ HTTP/1.1" 404 100220 "-" "Mozilla/5.0 (Linux; Android 6.0.1; Nexus 5X Build/MMB29P) AppleWebKit/537.36 (KHTML, like Gecko) Chrome/147.0.7727.116 Mobile Safari/537.36 (compatible; Googlebot/2.1; +http://www.google.com/bot.html)"
66.249.72.36 - - [29/Apr/2026:01:58:23 +0200] "GET /items/X044683361/ HTTP/1.1" 404 100220 "-" "Mozilla/5.0 (compatible; Googlebot/2.1; +http://www.google.com/bot.html)"
66.249.75.4 - - [29/Apr/2026:01:58:37 +0200] "GET /items/T645670668/ HTTP/1.1" 301 0 "-" "Mozilla/5.0 (Linux; Android 6.0.1; Nexus 5X Build/MMB29P) AppleWebKit/537.36 (KHTML, like Gecko) Chrome/147.0.7727.116 Mobile Safari/537.36 (compatible; Googlebot/2.1; +http://www.google.com/bot.html)"
66.249.72.36 - - [29/Apr/2026:01:58:47 +0200] "GET /?g=1375678thubp6 HTTP/1.1" 200 162120 "-" "Mozilla/5.0 (compatible; Googlebot/2.1; +http://www.google.com/bot.html)"
57.141.20.6 - - [29/Apr/2026:01:59:21 +0200] "GET /forthsethln.xml HTTP/1.1" 404 100212 "-" "meta-externalagent/1.1 (+https://developers.facebook.com/docs/sharing/webmasters/crawler)"
66.249.75.4 - - [29/Apr/2026:01:59:30 +0200] "GET /items/X045986445/ HTTP/1.1" 301 0 "-" "Mozilla/5.0 (Linux; Android 6.0.1; Nexus 5X Build/MMB29P) AppleWebKit/537.36 (KHTML, like Gecko) Chrome/147.0.7727.116 Mobile Safari/537.36 (compatible; Googlebot/2.1; +http://www.google.com/bot.html)"
57.141.20.47 - - [29/Apr/2026:01:59:31 +0200] "GET /extravaganzaizk.xml HTTP/1.1" 404 100216 "-" "meta-externalagent/1.1 (+https://developers.facebook.com/docs/sharing/webmasters/crawler)"
66.249.72.37 - - [29/Apr/2026:01:59:35 +0200] "GET /items/J445495215/ HTTP/1.1" 404 100220 "-" "Mozilla/5.0 (Linux; Android 6.0.1; Nexus 5X Build/MMB29P) AppleWebKit/537.36 (KHTML, like Gecko) Chrome/147.0.7727.116 Mobile Safari/537.36 (compatible; Googlebot/2.1; +http://www.google.com/bot.html)"
66.249.72.36 - - [29/Apr/2026:01:58:42 +0200] "GET /items/L921008745/ HTTP/1.1" 404 100220 "-" "Mozilla/5.0 (Linux; Android 6.0.1; Nexus 5X Build/MMB29P) AppleWebKit/537.36 (KHTML, like Gecko) Chrome/147.0.7727.116 Mobile Safari/537.36 (compatible; Googlebot/2.1; +http://www.google.com/bot.html)"
109.234.166.131 - - [29/Apr/2026:01:58:47 +0200] "POST /wp-cron.php?doing_wp_cron=1777420727.9205439090728759765625 HTTP/1.1" 200 0 "-" "WordPress/6.9.4; https://marc-morin.ch"
57.141.20.69 - - [29/Apr/2026:01:58:49 +0200] "GET /items/G465115617/ HTTP/1.1" 404 100220 "-" "meta-externalagent/1.1 (+https://developers.facebook.com/docs/sharing/webmasters/crawler)"
57.141.20.7 - - [29/Apr/2026:01:58:49 +0200] "GET /?g=4222714cprzub HTTP/1.1" 200 162120 "-" "meta-externalagent/1.1 (+https://developers.facebook.com/docs/sharing/webmasters/crawler)"
57.141.20.42 - - [29/Apr/2026:01:59:00 +0200] "GET /items/G466669051/ HTTP/1.1" 404 100220 "-" "meta-externalagent/1.1 (+https://developers.facebook.com/docs/sharing/webmasters/crawler)"
57.141.20.45 - - [29/Apr/2026:01:59:11 +0200] "GET /?g=1901172mbuxan HTTP/1.1" 200 162120 "-" "meta-externalagent/1.1 (+https://developers.facebook.com/docs/sharing/webmasters/crawler)"
66.249.72.36 - - [29/Apr/2026:01:59:31 +0200] "GET /items/X045986445/ HTTP/1.1" 404 100220 "-" "Mozilla/5.0 (Linux; Android 6.0.1; Nexus 5X Build/MMB29P) AppleWebKit/537.36 (KHTML, like Gecko) Chrome/147.0.7727.116 Mobile Safari/537.36 (compatible; Googlebot/2.1; +http://www.google.com/bot.html)"
66.249.75.4 - - [29/Apr/2026:01:59:46 +0200] "GET /items/U182186102/ HTTP/1.1" 301 0 "-" "Mozilla/5.0 (compatible; Googlebot/2.1; +http://www.google.com/bot.html)"
57.141.20.30 - - [29/Apr/2026:01:59:57 +0200] "GET /items/G463535661/ HTTP/1.1" 404 100220 "-" "meta-externalagent/1.1 (+https://developers.facebook.com/docs/sharing/webmasters/crawler)"
66.249.75.4 - - [29/Apr/2026:02:00:10 +0200] "GET /items/N822052534/ HTTP/1.1" 301 0 "-" "Mozilla/5.0 (Linux; Android 6.0.1; Nexus 5X Build/MMB29P) AppleWebKit/537.36 (KHTML, like Gecko) Chrome/147.0.7727.116 Mobile Safari/537.36 (compatible; Googlebot/2.1; +http://www.google.com/bot.html)"
66.249.75.5 - - [29/Apr/2026:02:00:13 +0200] "GET /items/H814024095/ HTTP/1.1" 301 0 "-" "Mozilla/5.0 (Linux; Android 6.0.1; Nexus 5X Build/MMB29P) AppleWebKit/537.36 (KHTML, like Gecko) Chrome/147.0.7727.116 Mobile Safari/537.36 (compatible; Googlebot/2.1; +http://www.google.com/bot.html)"
57.141.20.7 - - [29/Apr/2026:02:00:14 +0200] "GET /items/G465867528/ HTTP/1.1" 404 100220 "-" "meta-externalagent/1.1 (+https://developers.facebook.com/docs/sharing/webmasters/crawler)"
66.249.72.36 - - [29/Apr/2026:02:00:20 +0200] "GET /?g=31634726lcidw HTTP/1.1" 200 162120 "-" "Mozilla/5.0 (compatible; Googlebot/2.1; +http://www.google.com/bot.html)"
66.249.75.4 - - [29/Apr/2026:02:00:21 +0200] "GET /items/B863999065/ HTTP/1.1" 301 0 "-" "Mozilla/5.0 (compatible; Googlebot/2.1; +http://www.google.com/bot.html)"
57.141.20.43 - - [29/Apr/2026:02:00:24 +0200] "GET /?g=11236996y1czs HTTP/1.1" 200 162120 "-" "meta-externalagent/1.1 (+https://developers.facebook.com/docs/sharing/webmasters/crawler)"
57.141.20.59 - - [29/Apr/2026:02:00:44 +0200] "GET /?g=6475293a1zjgn HTTP/1.1" 200 162120 "-" "meta-externalagent/1.1 (+https://developers.facebook.com/docs/sharing/webmasters/crawler)"
66.249.72.36 - - [29/Apr/2026:02:00:48 +0200] "GET /?g=19190170ku63 HTTP/1.1" 200 162120 "-" "Mozilla/5.0 (compatible; Googlebot/2.1; +http://www.google.com/bot.html)"
103.153.2.10 - - [29/Apr/2026:02:00:51 +0200] "POST /wp-login.php HTTP/1.1" 404 40674 "-" "Mozilla/5.0 (Windows NT 10.0) AppleWebKit/537.36 (KHTML, like Gecko) Chrome/140.0.0.0 Safari/537.36 Edg/140.0.0.0"
66.249.75.4 - - [29/Apr/2026:02:00:52 +0200] "GET /items/X044533728/ HTTP/1.1" 301 0 "-" "Mozilla/5.0 (Linux; Android 6.0.1; Nexus 5X Build/MMB29P) AppleWebKit/537.36 (KHTML, like Gecko) Chrome/147.0.7727.116 Mobile Safari/537.36 (compatible; Googlebot/2.1; +http://www.google.com/bot.html)"
57.141.20.4 - - [29/Apr/2026:01:58:17 +0200] "GET /piesmsk.xml HTTP/1.1" 404 100204 "-" "meta-externalagent/1.1 (+https://developers.facebook.com/docs/sharing/webmasters/crawler)"
66.249.72.36 - - [29/Apr/2026:01:58:21 +0200] "GET /items/G562460060/ HTTP/1.1" 404 100220 "-" "Mozilla/5.0 (compatible; Googlebot/2.1; +http://www.google.com/bot.html)"
66.249.75.4 - - [29/Apr/2026:01:58:23 +0200] "GET /items/X044683361/ HTTP/1.1" 301 0 "-" "Mozilla/5.0 (compatible; Googlebot/2.1; +http://www.google.com/bot.html)"
57.141.20.53 - - [29/Apr/2026:01:58:28 +0200] "GET /items/G466409995/ HTTP/1.1" 404 100220 "-" "meta-externalagent/1.1 (+https://developers.facebook.com/docs/sharing/webmasters/crawler)"
66.249.72.36 - - [29/Apr/2026:01:58:38 +0200] "GET /items/T412502097/ HTTP/1.1" 404 100220 "-" "Mozilla/5.0 (Linux; Android 6.0.1; Nexus 5X Build/MMB29P) AppleWebKit/537.36 (KHTML, like Gecko) Chrome/147.0.7727.116 Mobile Safari/537.36 (compatible; Googlebot/2.1; +http://www.google.com/bot.html)"
66.249.72.36 - - [29/Apr/2026:01:58:41 +0200] "GET /items/T645670668/ HTTP/1.1" 404 100220 "-" "Mozilla/5.0 (Linux; Android 6.0.1; Nexus 5X Build/MMB29P) AppleWebKit/537.36 (KHTML, like Gecko) Chrome/147.0.7727.116 Mobile Safari/537.36 (compatible; Googlebot/2.1; +http://www.google.com/bot.html)"
66.249.72.36 - - [29/Apr/2026:01:58:43 +0200] "GET /?g=1375678thubp6 HTTP/1.1" 200 162120 "-" "Mozilla/5.0 (Linux; Android 6.0.1; Nexus 5X Build/MMB29P) AppleWebKit/537.36 (KHTML, like Gecko) Chrome/147.0.7727.116 Mobile Safari/537.36 (compatible; Googlebot/2.1; +http://www.google.com/bot.html)"
66.249.75.5 - - [29/Apr/2026:01:59:34 +0200] "GET /items/J445495215/ HTTP/1.1" 301 0 "-" "Mozilla/5.0 (Linux; Android 6.0.1; Nexus 5X Build/MMB29P) AppleWebKit/537.36 (KHTML, like Gecko) Chrome/147.0.7727.116 Mobile Safari/537.36 (compatible; Googlebot/2.1; +http://www.google.com/bot.html)"
109.234.166.131 - - [29/Apr/2026:01:59:47 +0200] "POST /wp-cron.php?doing_wp_cron=1777420787.0777070522308349609375 HTTP/1.1" 200 0 "-" "WordPress/6.9.4; https://marc-morin.ch"
66.249.72.36 - - [29/Apr/2026:02:00:02 +0200] "GET /?g=1508465cvrckt HTTP/1.1" 200 162120 "-" "Mozilla/5.0 (compatible; Googlebot/2.1; +http://www.google.com/bot.html)"
66.249.72.37 - - [29/Apr/2026:02:00:17 +0200] "GET /items/H814024095/ HTTP/1.1" 404 100220 "-" "Mozilla/5.0 (Linux; Android 6.0.1; Nexus 5X Build/MMB29P) AppleWebKit/537.36 (KHTML, like Gecko) Chrome/147.0.7727.116 Mobile Safari/537.36 (compatible; Googlebot/2.1; +http://www.google.com/bot.html)"
57.141.20.14 - - [29/Apr/2026:02:00:34 +0200] "GET /?g=1817696lsbppu HTTP/1.1" 200 162120 "-" "meta-externalagent/1.1 (+https://developers.facebook.com/docs/sharing/webmasters/crawler)"
109.234.166.131 - - [29/Apr/2026:02:00:45 +0200] "POST /wp-cron.php?doing_wp_cron=1777420845.6786339282989501953125 HTTP/1.1" 200 0 "-" "WordPress/6.9.4; https://marc-morin.ch"
66.249.75.4 - - [29/Apr/2026:02:00:47 +0200] "GET /items/Y714838929/ HTTP/1.1" 301 0 "-" "Mozilla/5.0 (Linux; Android 6.0.1; Nexus 5X Build/MMB29P) AppleWebKit/537.36 (KHTML, like Gecko) Chrome/147.0.7727.116 Mobile Safari/537.36 (compatible; Googlebot/2.1; +http://www.google.com/bot.html)"
57.141.20.2 - - [29/Apr/2026:02:00:54 +0200] "GET /items/G463384520/ HTTP/1.1" 404 100220 "-" "meta-externalagent/1.1 (+https://developers.facebook.com/docs/sharing/webmasters/crawler)"
66.249.72.36 - - [29/Apr/2026:02:00:54 +0200] "GET /items/Y714838929/ HTTP/1.1" 404 100220 "-" "Mozilla/5.0 (Linux; Android 6.0.1; Nexus 5X Build/MMB29P) AppleWebKit/537.36 (KHTML, like Gecko) Chrome/147.0.7727.116 Mobile Safari/537.36 (compatible; Googlebot/2.1; +http://www.google.com/bot.html)"
66.249.72.36 - - [29/Apr/2026:02:00:56 +0200] "GET /items/X044533728/ HTTP/1.1" 404 100220 "-" "Mozilla/5.0 (Linux; Android 6.0.1; Nexus 5X Build/MMB29P) AppleWebKit/537.36 (KHTML, like Gecko) Chrome/147.0.7727.116 Mobile Safari/537.36 (compatible; Googlebot/2.1; +http://www.google.com/bot.html)"
57.141.20.20 - - [29/Apr/2026:01:59:40 +0200] "GET /?g=6410209gdxt1l HTTP/1.1" 200 162120 "-" "meta-externalagent/1.1 (+https://developers.facebook.com/docs/sharing/webmasters/crawler)"
66.249.72.37 - - [29/Apr/2026:01:59:48 +0200] "GET /items/U182186102/ HTTP/1.1" 404 100220 "-" "Mozilla/5.0 (compatible; Googlebot/2.1; +http://www.google.com/bot.html)"
57.141.20.18 - - [29/Apr/2026:01:59:48 +0200] "GET /?g=659895noqawp HTTP/1.1" 200 162120 "-" "meta-externalagent/1.1 (+https://developers.facebook.com/docs/sharing/webmasters/crawler)"
66.249.72.36 - - [29/Apr/2026:01:59:49 +0200] "GET /?g=17350824x948n HTTP/1.1" 200 162120 "-" "Mozilla/5.0 (Linux; Android 6.0.1; Nexus 5X Build/MMB29P) AppleWebKit/537.36 (KHTML, like Gecko) Chrome/147.0.7727.116 Mobile Safari/537.36 (compatible; Googlebot/2.1; +http://www.google.com/bot.html)"
66.249.72.37 - - [29/Apr/2026:02:00:02 +0200] "GET /?g=1508465cvrckt HTTP/1.1" 200 162120 "-" "Mozilla/5.0 (Linux; Android 6.0.1; Nexus 5X Build/MMB29P) AppleWebKit/537.36 (KHTML, like Gecko) Chrome/147.0.7727.116 Mobile Safari/537.36 (compatible; Googlebot/2.1; +http://www.google.com/bot.html)"
66.249.72.37 - - [29/Apr/2026:02:00:16 +0200] "GET /items/N822052534/ HTTP/1.1" 404 100220 "-" "Mozilla/5.0 (Linux; Android 6.0.1; Nexus 5X Build/MMB29P) AppleWebKit/537.36 (KHTML, like Gecko) Chrome/147.0.7727.116 Mobile Safari/537.36 (compatible; Googlebot/2.1; +http://www.google.com/bot.html)"
109.234.166.131 - - [29/Apr/2026:02:00:18 +0200] "POST /wp-cron.php?doing_wp_cron=1777420818.4435060024261474609375 HTTP/1.1" 200 0 "-" "WordPress/6.9.4; https://marc-morin.ch"
94.23.188.209 - - [29/Apr/2026:02:00:17 +0200] "GET /items/G467807215/ HTTP/1.1" 404 100220 "-" "Mozilla/5.0 (compatible; AhrefsBot/7.0; +http://ahrefs.com/robot/)"
66.249.72.36 - - [29/Apr/2026:02:00:24 +0200] "GET /items/B863999065/ HTTP/1.1" 404 100220 "-" "Mozilla/5.0 (compatible; Googlebot/2.1; +http://www.google.com/bot.html)"
66.249.75.4 - - [29/Apr/2026:02:00:35 +0200] "GET /items/H704174139/ HTTP/1.1" 301 0 "-" "Mozilla/5.0 (Linux; Android 6.0.1; Nexus 5X Build/MMB29P) AppleWebKit/537.36 (KHTML, like Gecko) Chrome/147.0.7727.116 Mobile Safari/537.36 (compatible; Googlebot/2.1; +http://www.google.com/bot.html)"
66.249.72.36 - - [29/Apr/2026:02:00:37 +0200] "GET /?g=4332127jpv9y2 HTTP/1.1" 200 162120 "-" "Mozilla/5.0 (compatible; Googlebot/2.1; +http://www.google.com/bot.html)"
66.249.72.36 - - [29/Apr/2026:02:00:43 +0200] "GET /?g=5867854x9mzlm HTTP/1.1" 200 162120 "-" "Mozilla/5.0 (compatible; Googlebot/2.1; +http://www.google.com/bot.html)"
109.234.166.131 - - [29/Apr/2026:02:00:45 +0200] "POST /wp-cron.php?doing_wp_cron=1777420845.3287138938903808593750 HTTP/1.1" 200 0 "-" "WordPress/6.9.4; https://marc-morin.ch"
66.249.72.36 - - [29/Apr/2026:02:00:44 +0200] "GET /items/H704174139/ HTTP/1.1" 404 100220 "-" "Mozilla/5.0 (Linux; Android 6.0.1; Nexus 5X Build/MMB29P) AppleWebKit/537.36 (KHTML, like Gecko) Chrome/147.0.7727.116 Mobile Safari/537.36 (compatible; Googlebot/2.1; +http://www.google.com/bot.html)"
66.249.75.4 - - [29/Apr/2026:02:00:47 +0200] "GET /items/X476000011/ HTTP/1.1" 301 0 "-" "Mozilla/5.0 (Linux; Android 6.0.1; Nexus 5X Build/MMB29P) AppleWebKit/537.36 (KHTML, like Gecko) Chrome/147.0.7727.116 Mobile Safari/537.36 (compatible; Googlebot/2.1; +http://www.google.com/bot.html)"
66.249.75.6 - - [29/Apr/2026:02:01:00 +0200] "GET /items/T554388531/ HTTP/1.1" 301 0 "-" "Mozilla/5.0 (compatible; Googlebot/2.1; +http://www.google.com/bot.html)"
66.249.72.38 - - [29/Apr/2026:02:01:01 +0200] "GET /?g=6713305vlrb3t HTTP/1.1" 200 162120 "-" "Mozilla/5.0 (compatible; Googlebot/2.1; +http://www.google.com/bot.html)"
66.249.75.4 - - [29/Apr/2026:02:01:03 +0200] "GET /items/G563383432/ HTTP/1.1" 301 0 "-" "Mozilla/5.0 (compatible; Googlebot/2.1; +http://www.google.com/bot.html)"
66.249.72.37 - - [29/Apr/2026:02:01:04 +0200] "GET /items/T554388531/ HTTP/1.1" 404 100220 "-" "Mozilla/5.0 (compatible; Googlebot/2.1; +http://www.google.com/bot.html)"
66.249.72.36 - - [29/Apr/2026:02:00:53 +0200] "GET /items/X476000011/ HTTP/1.1" 404 100220 "-" "Mozilla/5.0 (Linux; Android 6.0.1; Nexus 5X Build/MMB29P) AppleWebKit/537.36 (KHTML, like Gecko) Chrome/147.0.7727.116 Mobile Safari/537.36 (compatible; Googlebot/2.1; +http://www.google.com/bot.html)"
57.141.20.7 - - [29/Apr/2026:02:01:05 +0200] "GET /?g=4413482kinwj0 HTTP/1.1" 200 162120 "-" "meta-externalagent/1.1 (+https://developers.facebook.com/docs/sharing/webmasters/crawler)"
66.249.75.5 - - [29/Apr/2026:02:01:06 +0200] "GET /items/J793069623/ HTTP/1.1" 301 0 "-" "Mozilla/5.0 (Linux; Android 6.0.1; Nexus 5X Build/MMB29P) AppleWebKit/537.36 (KHTML, like Gecko) Chrome/147.0.7727.116 Mobile Safari/537.36 (compatible; Googlebot/2.1; +http://www.google.com/bot.html)"
66.249.72.36 - - [29/Apr/2026:02:01:19 +0200] "GET /items/W801340295/ HTTP/1.1" 404 100220 "-" "Mozilla/5.0 (compatible; Googlebot/2.1; +http://www.google.com/bot.html)"
57.141.20.12 - - [29/Apr/2026:02:01:27 +0200] "GET /items/G461947400/ HTTP/1.1" 404 100220 "-" "meta-externalagent/1.1 (+https://developers.facebook.com/docs/sharing/webmasters/crawler)"
57.141.20.57 - - [29/Apr/2026:02:01:26 +0200] "GET /?g=4017700pe3vxy HTTP/1.1" 200 162120 "-" "meta-externalagent/1.1 (+https://developers.facebook.com/docs/sharing/webmasters/crawler)"
66.249.75.4 - - [29/Apr/2026:02:01:29 +0200] "GET /items/F732660430/ HTTP/1.1" 301 0 "-" "Mozilla/5.0 (Linux; Android 6.0.1; Nexus 5X Build/MMB29P) AppleWebKit/537.36 (KHTML, like Gecko) Chrome/147.0.7727.116 Mobile Safari/537.36 (compatible; Googlebot/2.1; +http://www.google.com/bot.html)"
66.249.72.36 - - [29/Apr/2026:02:01:29 +0200] "GET /items/F732660430/ HTTP/1.1" 404 100220 "-" "Mozilla/5.0 (Linux; Android 6.0.1; Nexus 5X Build/MMB29P) AppleWebKit/537.36 (KHTML, like Gecko) Chrome/147.0.7727.116 Mobile Safari/537.36 (compatible; Googlebot/2.1; +http://www.google.com/bot.html)"
66.249.72.36 - - [29/Apr/2026:02:01:31 +0200] "GET /items/L921224802/ HTTP/1.1" 404 100220 "-" "Mozilla/5.0 (compatible; Googlebot/2.1; +http://www.google.com/bot.html)"
57.141.20.68 - - [29/Apr/2026:02:01:51 +0200] "GET /items/G467889251/ HTTP/1.1" 404 100220 "-" "meta-externalagent/1.1 (+https://developers.facebook.com/docs/sharing/webmasters/crawler)"
66.249.72.36 - - [29/Apr/2026:02:01:54 +0200] "GET /items/C985413343/ HTTP/1.1" 404 100220 "-" "Mozilla/5.0 (Linux; Android 6.0.1; Nexus 5X Build/MMB29P) AppleWebKit/537.36 (KHTML, like Gecko) Chrome/147.0.7727.116 Mobile Safari/537.36 (compatible; Googlebot/2.1; +http://www.google.com/bot.html)"
66.249.72.36 - - [29/Apr/2026:02:01:54 +0200] "GET /items/L702651353/ HTTP/1.1" 404 100220 "-" "Mozilla/5.0 (Linux; Android 6.0.1; Nexus 5X Build/MMB29P) AppleWebKit/537.36 (KHTML, like Gecko) Chrome/147.0.7727.116 Mobile Safari/537.36 (compatible; Googlebot/2.1; +http://www.google.com/bot.html)"
66.249.75.4 - - [29/Apr/2026:02:02:19 +0200] "GET /items/B865809376/ HTTP/1.1" 301 0 "-" "Mozilla/5.0 (Linux; Android 6.0.1; Nexus 5X Build/MMB29P) AppleWebKit/537.36 (KHTML, like Gecko) Chrome/147.0.7727.116 Mobile Safari/537.36 (compatible; Googlebot/2.1; +http://www.google.com/bot.html)"
66.249.72.36 - - [29/Apr/2026:02:02:21 +0200] "GET /items/B865809376/ HTTP/1.1" 404 100220 "-" "Mozilla/5.0 (Linux; Android 6.0.1; Nexus 5X Build/MMB29P) AppleWebKit/537.36 (KHTML, like Gecko) Chrome/147.0.7727.116 Mobile Safari/537.36 (compatible; Googlebot/2.1; +http://www.google.com/bot.html)"
57.141.20.38 - - [29/Apr/2026:02:02:24 +0200] "GET /items/G466950354/ HTTP/1.1" 404 100220 "-" "meta-externalagent/1.1 (+https://developers.facebook.com/docs/sharing/webmasters/crawler)"
66.249.72.36 - - [29/Apr/2026:02:02:29 +0200] "GET /items/T305927167/ HTTP/1.1" 404 100220 "-" "Mozilla/5.0 (Linux; Android 6.0.1; Nexus 5X Build/MMB29P) AppleWebKit/537.36 (KHTML, like Gecko) Chrome/147.0.7727.116 Mobile Safari/537.36 (compatible; Googlebot/2.1; +http://www.google.com/bot.html)"
66.249.72.36 - - [29/Apr/2026:02:01:09 +0200] "GET /items/G563383432/ HTTP/1.1" 404 100220 "-" "Mozilla/5.0 (compatible; Googlebot/2.1; +http://www.google.com/bot.html)"
66.249.72.36 - - [29/Apr/2026:02:01:11 +0200] "GET /items/J793069623/ HTTP/1.1" 404 100220 "-" "Mozilla/5.0 (Linux; Android 6.0.1; Nexus 5X Build/MMB29P) AppleWebKit/537.36 (KHTML, like Gecko) Chrome/147.0.7727.116 Mobile Safari/537.36 (compatible; Googlebot/2.1; +http://www.google.com/bot.html)"
66.249.72.36 - - [29/Apr/2026:02:01:20 +0200] "GET /items/A093225219/ HTTP/1.1" 404 100220 "-" "Mozilla/5.0 (Linux; Android 6.0.1; Nexus 5X Build/MMB29P) AppleWebKit/537.36 (KHTML, like Gecko) Chrome/147.0.7727.116 Mobile Safari/537.36 (compatible; Googlebot/2.1; +http://www.google.com/bot.html)"
66.249.75.4 - - [29/Apr/2026:02:01:21 +0200] "GET /items/L924007006/ HTTP/1.1" 301 0 "-" "Mozilla/5.0 (compatible; Googlebot/2.1; +http://www.google.com/bot.html)"
66.249.75.4 - - [29/Apr/2026:02:01:28 +0200] "GET /items/F732660430/ HTTP/1.1" 301 0 "-" "Mozilla/5.0 (Linux; Android 6.0.1; Nexus 5X Build/MMB29P) AppleWebKit/537.36 (KHTML, like Gecko) Chrome/147.0.7727.116 Mobile Safari/537.36 (compatible; Googlebot/2.1; +http://www.google.com/bot.html)"
57.141.20.58 - - [29/Apr/2026:02:01:50 +0200] "GET /?g=2136258ybsy3k HTTP/1.1" 200 162120 "-" "meta-externalagent/1.1 (+https://developers.facebook.com/docs/sharing/webmasters/crawler)"
66.249.75.4 - - [29/Apr/2026:02:01:51 +0200] "GET /items/Y713513860/ HTTP/1.1" 301 0 "-" "Mozilla/5.0 (Linux; Android 6.0.1; Nexus 5X Build/MMB29P) AppleWebKit/537.36 (KHTML, like Gecko) Chrome/147.0.7727.116 Mobile Safari/537.36 (compatible; Googlebot/2.1; +http://www.google.com/bot.html)"
66.249.75.4 - - [29/Apr/2026:02:01:53 +0200] "GET /items/C985413343/ HTTP/1.1" 301 0 "-" "Mozilla/5.0 (Linux; Android 6.0.1; Nexus 5X Build/MMB29P) AppleWebKit/537.36 (KHTML, like Gecko) Chrome/147.0.7727.116 Mobile Safari/537.36 (compatible; Googlebot/2.1; +http://www.google.com/bot.html)"
66.249.72.36 - - [29/Apr/2026:02:01:52 +0200] "GET /items/Y713513860/ HTTP/1.1" 404 100220 "-" "Mozilla/5.0 (Linux; Android 6.0.1; Nexus 5X Build/MMB29P) AppleWebKit/537.36 (KHTML, like Gecko) Chrome/147.0.7727.116 Mobile Safari/537.36 (compatible; Googlebot/2.1; +http://www.google.com/bot.html)"
66.249.75.4 - - [29/Apr/2026:02:01:53 +0200] "GET /items/L702651353/ HTTP/1.1" 301 0 "-" "Mozilla/5.0 (compatible; Googlebot/2.1; +http://www.google.com/bot.html)"
66.249.75.4 - - [29/Apr/2026:02:01:58 +0200] "GET /items/T554583601/ HTTP/1.1" 301 0 "-" "Mozilla/5.0 (compatible; Googlebot/2.1; +http://www.google.com/bot.html)"
66.249.72.36 - - [29/Apr/2026:02:01:59 +0200] "GET /items/T554583601/ HTTP/1.1" 404 100220 "-" "Mozilla/5.0 (compatible; Googlebot/2.1; +http://www.google.com/bot.html)"
57.141.20.42 - - [29/Apr/2026:02:02:03 +0200] "GET /items/G467705996/ HTTP/1.1" 404 100220 "-" "meta-externalagent/1.1 (+https://developers.facebook.com/docs/sharing/webmasters/crawler)"
57.141.20.69 - - [29/Apr/2026:02:02:37 +0200] "GET /items/G466875207/ HTTP/1.1" 404 100220 "-" "meta-externalagent/1.1 (+https://developers.facebook.com/docs/sharing/webmasters/crawler)"
109.234.166.131 - - [29/Apr/2026:02:02:45 +0200] "POST /wp-cron.php?doing_wp_cron=1777420965.4912719726562500000000 HTTP/1.1" 200 0 "-" "WordPress/6.9.4; https://marc-morin.ch"
66.249.75.4 - - [29/Apr/2026:02:02:45 +0200] "GET /items/T552593570/ HTTP/1.1" 301 0 "-" "Mozilla/5.0 (Linux; Android 6.0.1; Nexus 5X Build/MMB29P) AppleWebKit/537.36 (KHTML, like Gecko) Chrome/147.0.7727.116 Mobile Safari/537.36 (compatible; Googlebot/2.1; +http://www.google.com/bot.html)"
57.141.20.29 - - [29/Apr/2026:02:02:49 +0200] "GET /?g=990237sf0es4 HTTP/1.1" 200 162120 "-" "meta-externalagent/1.1 (+https://developers.facebook.com/docs/sharing/webmasters/crawler)"
5.39.1.255 - - [29/Apr/2026:02:02:54 +0200] "GET /items/G467752059/ HTTP/1.1" 404 100220 "-" "Mozilla/5.0 (compatible; AhrefsBot/7.0; +http://ahrefs.com/robot/)"
66.249.75.4 - - [29/Apr/2026:02:01:02 +0200] "GET /items/Y035602405/ HTTP/1.1" 301 0 "-" "Mozilla/5.0 (Linux; Android 6.0.1; Nexus 5X Build/MMB29P) AppleWebKit/537.36 (KHTML, like Gecko) Chrome/147.0.7727.116 Mobile Safari/537.36 (compatible; Googlebot/2.1; +http://www.google.com/bot.html)"
66.249.72.36 - - [29/Apr/2026:02:01:07 +0200] "GET /items/Y035602405/ HTTP/1.1" 404 100220 "-" "Mozilla/5.0 (Linux; Android 6.0.1; Nexus 5X Build/MMB29P) AppleWebKit/537.36 (KHTML, like Gecko) Chrome/147.0.7727.116 Mobile Safari/537.36 (compatible; Googlebot/2.1; +http://www.google.com/bot.html)"
66.249.75.4 - - [29/Apr/2026:02:01:18 +0200] "GET /items/W801340295/ HTTP/1.1" 301 0 "-" "Mozilla/5.0 (compatible; Googlebot/2.1; +http://www.google.com/bot.html)"
66.249.75.4 - - [29/Apr/2026:02:01:19 +0200] "GET /items/A093225219/ HTTP/1.1" 301 0 "-" "Mozilla/5.0 (Linux; Android 6.0.1; Nexus 5X Build/MMB29P) AppleWebKit/537.36 (KHTML, like Gecko) Chrome/147.0.7727.116 Mobile Safari/537.36 (compatible; Googlebot/2.1; +http://www.google.com/bot.html)"
66.249.72.36 - - [29/Apr/2026:02:01:22 +0200] "GET /items/L924007006/ HTTP/1.1" 404 100220 "-" "Mozilla/5.0 (compatible; Googlebot/2.1; +http://www.google.com/bot.html)"
66.249.75.4 - - [29/Apr/2026:02:01:29 +0200] "GET /items/L921224802/ HTTP/1.1" 301 0 "-" "Mozilla/5.0 (compatible; Googlebot/2.1; +http://www.google.com/bot.html)"
66.249.75.4 - - [29/Apr/2026:02:01:44 +0200] "GET /items/Q165242282/ HTTP/1.1" 301 0 "-" "Mozilla/5.0 (Linux; Android 6.0.1; Nexus 5X Build/MMB29P) AppleWebKit/537.36 (KHTML, like Gecko) Chrome/147.0.7727.116 Mobile Safari/537.36 (compatible; Googlebot/2.1; +http://www.google.com/bot.html)"
109.234.166.131 - - [29/Apr/2026:02:01:45 +0200] "POST /wp-cron.php?doing_wp_cron=1777420905.8612730503082275390625 HTTP/1.1" 200 0 "-" "WordPress/6.9.4; https://marc-morin.ch"
66.249.75.4 - - [29/Apr/2026:02:01:45 +0200] "GET /items/G916060617/ HTTP/1.1" 301 0 "-" "Mozilla/5.0 (Linux; Android 6.0.1; Nexus 5X Build/MMB29P) AppleWebKit/537.36 (KHTML, like Gecko) Chrome/147.0.7727.116 Mobile Safari/537.36 (compatible; Googlebot/2.1; +http://www.google.com/bot.html)"
66.249.72.36 - - [29/Apr/2026:02:01:46 +0200] "GET /items/Q165242282/ HTTP/1.1" 404 100220 "-" "Mozilla/5.0 (Linux; Android 6.0.1; Nexus 5X Build/MMB29P) AppleWebKit/537.36 (KHTML, like Gecko) Chrome/147.0.7727.116 Mobile Safari/537.36 (compatible; Googlebot/2.1; +http://www.google.com/bot.html)"
66.249.72.36 - - [29/Apr/2026:02:01:47 +0200] "GET /items/G916060617/ HTTP/1.1" 404 100220 "-" "Mozilla/5.0 (Linux; Android 6.0.1; Nexus 5X Build/MMB29P) AppleWebKit/537.36 (KHTML, like Gecko) Chrome/147.0.7727.116 Mobile Safari/537.36 (compatible; Googlebot/2.1; +http://www.google.com/bot.html)"
66.249.75.4 - - [29/Apr/2026:02:01:53 +0200] "GET /items/L702651353/ HTTP/1.1" 301 0 "-" "Mozilla/5.0 (Linux; Android 6.0.1; Nexus 5X Build/MMB29P) AppleWebKit/537.36 (KHTML, like Gecko) Chrome/147.0.7727.116 Mobile Safari/537.36 (compatible; Googlebot/2.1; +http://www.google.com/bot.html)"
66.249.72.36 - - [29/Apr/2026:02:01:55 +0200] "GET /items/L702651353/ HTTP/1.1" 404 100220 "-" "Mozilla/5.0 (compatible; Googlebot/2.1; +http://www.google.com/bot.html)"
109.234.166.131 - - [29/Apr/2026:02:02:19 +0200] "POST /wp-cron.php?doing_wp_cron=1777420939.8767440319061279296875 HTTP/1.1" 200 0 "-" "WordPress/6.9.4; https://marc-morin.ch"
57.141.20.29 - - [29/Apr/2026:02:02:25 +0200] "GET /items/G464709094/ HTTP/1.1" 404 100220 "-" "meta-externalagent/1.1 (+https://developers.facebook.com/docs/sharing/webmasters/crawler)"
66.249.75.4 - - [29/Apr/2026:02:02:28 +0200] "GET /items/T305927167/ HTTP/1.1" 301 0 "-" "Mozilla/5.0 (Linux; Android 6.0.1; Nexus 5X Build/MMB29P) AppleWebKit/537.36 (KHTML, like Gecko) Chrome/147.0.7727.116 Mobile Safari/537.36 (compatible; Googlebot/2.1; +http://www.google.com/bot.html)"
66.249.75.4 - - [29/Apr/2026:02:02:35 +0200] "GET /items/Z302191917/ HTTP/1.1" 301 0 "-" "Mozilla/5.0 (compatible; Googlebot/2.1; +http://www.google.com/bot.html)"
66.249.72.36 - - [29/Apr/2026:02:02:36 +0200] "GET /items/Z302191917/ HTTP/1.1" 404 100220 "-" "Mozilla/5.0 (compatible; Googlebot/2.1; +http://www.google.com/bot.html)"
66.249.72.36 - - [29/Apr/2026:02:02:45 +0200] "GET /items/T552593570/ HTTP/1.1" 404 100220 "-" "Mozilla/5.0 (Linux; Android 6.0.1; Nexus 5X Build/MMB29P) AppleWebKit/537.36 (KHTML, like Gecko) Chrome/147.0.7727.116 Mobile Safari/537.36 (compatible; Googlebot/2.1; +http://www.google.com/bot.html)"
116.80.50.98 - - [29/Apr/2026:02:02:46 +0200] "GET /wp-json/wp/v2/posts HTTP/1.1" 200 2 "-" "Mozilla/5.0 (Windows NT 10.0; Win64; x64) AppleWebKit/537.36 (KHTML, like Gecko) Chrome/120.0.0.0 Safari/537.36"
57.141.20.41 - - [29/Apr/2026:02:03:01 +0200] "GET /?g=1130827z1phoq HTTP/1.1" 200 162120 "-" "meta-externalagent/1.1 (+https://developers.facebook.com/docs/sharing/webmasters/crawler)"
66.249.72.36 - - [29/Apr/2026:02:03:04 +0200] "GET /items/O933736983/ HTTP/1.1" 404 100220 "-" "Mozilla/5.0 (Linux; Android 6.0.1; Nexus 5X Build/MMB29P) AppleWebKit/537.36 (KHTML, like Gecko) Chrome/147.0.7727.116 Mobile Safari/537.36 (compatible; Googlebot/2.1; +http://www.google.com/bot.html)"
66.249.72.36 - - [29/Apr/2026:02:03:17 +0200] "GET /?g=3265499l1f5c1 HTTP/1.1" 200 162120 "-" "Mozilla/5.0 (Linux; Android 6.0.1; Nexus 5X Build/MMB29P) AppleWebKit/537.36 (KHTML, like Gecko) Chrome/147.0.7727.116 Mobile Safari/537.36 (compatible; Googlebot/2.1; +http://www.google.com/bot.html)"
66.249.72.36 - - [29/Apr/2026:02:03:31 +0200] "GET /items/A094893432/ HTTP/1.1" 404 100220 "-" "Mozilla/5.0 (compatible; Googlebot/2.1; +http://www.google.com/bot.html)"
109.234.166.131 - - [29/Apr/2026:02:03:50 +0200] "POST /wp-cron.php?doing_wp_cron=1777421030.0300920009613037109375 HTTP/1.1" 200 0 "-" "WordPress/6.9.4; https://marc-morin.ch"
66.249.72.36 - - [29/Apr/2026:02:03:55 +0200] "GET /items/G106047529/ HTTP/1.1" 404 100220 "-" "Mozilla/5.0 (compatible; Googlebot/2.1; +http://www.google.com/bot.html)"
57.141.20.54 - - [29/Apr/2026:02:03:59 +0200] "GET /items/G461877795/ HTTP/1.1" 404 100220 "-" "meta-externalagent/1.1 (+https://developers.facebook.com/docs/sharing/webmasters/crawler)"
66.249.72.36 - - [29/Apr/2026:02:04:07 +0200] "GET /items/K684502510/ HTTP/1.1" 404 100220 "-" "Mozilla/5.0 (compatible; Googlebot/2.1; +http://www.google.com/bot.html)"
109.234.166.131 - - [29/Apr/2026:02:04:18 +0200] "POST /wp-cron.php?doing_wp_cron=1777421058.7871339321136474609375 HTTP/1.1" 200 0 "-" "WordPress/6.9.4; https://marc-morin.ch"
66.249.72.36 - - [29/Apr/2026:02:04:23 +0200] "GET /items/T474576277/ HTTP/1.1" 404 100220 "-" "Mozilla/5.0 (Linux; Android 6.0.1; Nexus 5X Build/MMB29P) AppleWebKit/537.36 (KHTML, like Gecko) Chrome/147.0.7727.116 Mobile Safari/537.36 (compatible; Googlebot/2.1; +http://www.google.com/bot.html)"
66.249.75.4 - - [29/Apr/2026:02:04:28 +0200] "GET /items/P932214959/ HTTP/1.1" 301 0 "-" "Mozilla/5.0 (compatible; Googlebot/2.1; +http://www.google.com/bot.html)"
66.249.75.4 - - [29/Apr/2026:02:04:28 +0200] "GET /items/Z531177285/ HTTP/1.1" 301 0 "-" "Mozilla/5.0 (Linux; Android 6.0.1; Nexus 5X Build/MMB29P) AppleWebKit/537.36 (KHTML, like Gecko) Chrome/147.0.7727.116 Mobile Safari/537.36 (compatible; Googlebot/2.1; +http://www.google.com/bot.html)"
66.249.72.36 - - [29/Apr/2026:02:04:30 +0200] "GET /items/P932214959/ HTTP/1.1" 404 100220 "-" "Mozilla/5.0 (compatible; Googlebot/2.1; +http://www.google.com/bot.html)"
109.234.166.131 - - [29/Apr/2026:02:04:46 +0200] "POST /wp-cron.php?doing_wp_cron=1777421086.8863949775695800781250 HTTP/1.1" 200 0 "-" "WordPress/6.9.4; https://marc-morin.ch"
66.249.75.4 - - [29/Apr/2026:02:04:46 +0200] "GET /items/R695770064/ HTTP/1.1" 301 0 "-" "Mozilla/5.0 (Linux; Android 6.0.1; Nexus 5X Build/MMB29P) AppleWebKit/537.36 (KHTML, like Gecko) Chrome/147.0.7727.116 Mobile Safari/537.36 (compatible; Googlebot/2.1; +http://www.google.com/bot.html)"
57.141.20.54 - - [29/Apr/2026:02:03:11 +0200] "GET /items/G466003674/ HTTP/1.1" 404 100220 "-" "meta-externalagent/1.1 (+https://developers.facebook.com/docs/sharing/webmasters/crawler)"
57.141.20.3 - - [29/Apr/2026:02:03:21 +0200] "GET /items/G464545367/ HTTP/1.1" 404 100220 "-" "meta-externalagent/1.1 (+https://developers.facebook.com/docs/sharing/webmasters/crawler)"
66.249.75.4 - - [29/Apr/2026:02:03:27 +0200] "GET /items/A094893432/ HTTP/1.1" 301 0 "-" "Mozilla/5.0 (Linux; Android 6.0.1; Nexus 5X Build/MMB29P) AppleWebKit/537.36 (KHTML, like Gecko) Chrome/147.0.7727.116 Mobile Safari/537.36 (compatible; Googlebot/2.1; +http://www.google.com/bot.html)"
66.249.75.5 - - [29/Apr/2026:02:03:28 +0200] "GET /items/A094893432/ HTTP/1.1" 301 0 "-" "Mozilla/5.0 (compatible; Googlebot/2.1; +http://www.google.com/bot.html)"
66.249.75.4 - - [29/Apr/2026:02:03:29 +0200] "GET /items/I645121072/ HTTP/1.1" 301 0 "-" "Mozilla/5.0 (Linux; Android 6.0.1; Nexus 5X Build/MMB29P) AppleWebKit/537.36 (KHTML, like Gecko) Chrome/147.0.7727.116 Mobile Safari/537.36 (compatible; Googlebot/2.1; +http://www.google.com/bot.html)"
66.249.72.36 - - [29/Apr/2026:02:03:29 +0200] "GET /items/A094893432/ HTTP/1.1" 404 100220 "-" "Mozilla/5.0 (Linux; Android 6.0.1; Nexus 5X Build/MMB29P) AppleWebKit/537.36 (KHTML, like Gecko) Chrome/147.0.7727.116 Mobile Safari/537.36 (compatible; Googlebot/2.1; +http://www.google.com/bot.html)"
57.141.20.30 - - [29/Apr/2026:02:03:30 +0200] "GET /?g=3722903iq1ixq HTTP/1.1" 200 162120 "-" "meta-externalagent/1.1 (+https://developers.facebook.com/docs/sharing/webmasters/crawler)"
57.141.20.60 - - [29/Apr/2026:02:03:49 +0200] "GET /items/G464048230/ HTTP/1.1" 404 100220 "-" "meta-externalagent/1.1 (+https://developers.facebook.com/docs/sharing/webmasters/crawler)"
66.249.72.38 - - [29/Apr/2026:02:03:59 +0200] "GET /?g=5655280mqhgfh HTTP/1.1" 200 162120 "-" "Mozilla/5.0 (compatible; Googlebot/2.1; +http://www.google.com/bot.html)"
66.249.75.6 - - [29/Apr/2026:02:04:05 +0200] "GET /items/K684502510/ HTTP/1.1" 301 0 "-" "Mozilla/5.0 (compatible; Googlebot/2.1; +http://www.google.com/bot.html)"
66.249.75.5 - - [29/Apr/2026:02:04:09 +0200] "GET /items/X822279259/ HTTP/1.1" 301 0 "-" "Mozilla/5.0 (compatible; Googlebot/2.1; +http://www.google.com/bot.html)"
66.249.75.4 - - [29/Apr/2026:02:04:09 +0200] "GET /items/X822279259/ HTTP/1.1" 301 0 "-" "Mozilla/5.0 (compatible; Googlebot/2.1; +http://www.google.com/bot.html)"
66.249.72.37 - - [29/Apr/2026:02:04:10 +0200] "GET /items/X822279259/ HTTP/1.1" 404 100220 "-" "Mozilla/5.0 (compatible; Googlebot/2.1; +http://www.google.com/bot.html)"
57.141.20.20 - - [29/Apr/2026:02:04:17 +0200] "GET /?g=5422721o2oz6s HTTP/1.1" 200 162120 "-" "meta-externalagent/1.1 (+https://developers.facebook.com/docs/sharing/webmasters/crawler)"
57.141.20.53 - - [29/Apr/2026:02:04:25 +0200] "GET /items/G461422967/ HTTP/1.1" 404 100220 "-" "meta-externalagent/1.1 (+https://developers.facebook.com/docs/sharing/webmasters/crawler)"
66.249.72.36 - - [29/Apr/2026:02:04:32 +0200] "GET /items/Z531177285/ HTTP/1.1" 404 100220 "-" "Mozilla/5.0 (Linux; Android 6.0.1; Nexus 5X Build/MMB29P) AppleWebKit/537.36 (KHTML, like Gecko) Chrome/147.0.7727.116 Mobile Safari/537.36 (compatible; Googlebot/2.1; +http://www.google.com/bot.html)"
57.141.20.69 - - [29/Apr/2026:02:04:40 +0200] "GET /items/G464555869/ HTTP/1.1" 404 100220 "-" "meta-externalagent/1.1 (+https://developers.facebook.com/docs/sharing/webmasters/crawler)"
66.249.72.36 - - [29/Apr/2026:02:04:47 +0200] "GET /items/N417889413/ HTTP/1.1" 404 100220 "-" "Mozilla/5.0 (Linux; Android 6.0.1; Nexus 5X Build/MMB29P) AppleWebKit/537.36 (KHTML, like Gecko) Chrome/147.0.7727.116 Mobile Safari/537.36 (compatible; Googlebot/2.1; +http://www.google.com/bot.html)"
66.249.72.36 - - [29/Apr/2026:02:04:50 +0200] "GET /items/G915485988/ HTTP/1.1" 404 100220 "-" "Mozilla/5.0 (compatible; Googlebot/2.1; +http://www.google.com/bot.html)"
66.249.72.36 - - [29/Apr/2026:02:02:58 +0200] "GET /items/W375425083/ HTTP/1.1" 404 100220 "-" "Mozilla/5.0 (Linux; Android 6.0.1; Nexus 5X Build/MMB29P) AppleWebKit/537.36 (KHTML, like Gecko) Chrome/147.0.7727.116 Mobile Safari/537.36 (compatible; Googlebot/2.1; +http://www.google.com/bot.html)"
66.249.75.5 - - [29/Apr/2026:02:03:01 +0200] "GET /items/O933736983/ HTTP/1.1" 301 0 "-" "Mozilla/5.0 (Linux; Android 6.0.1; Nexus 5X Build/MMB29P) AppleWebKit/537.36 (KHTML, like Gecko) Chrome/147.0.7727.116 Mobile Safari/537.36 (compatible; Googlebot/2.1; +http://www.google.com/bot.html)"
66.249.72.36 - - [29/Apr/2026:02:03:32 +0200] "GET /items/I645121072/ HTTP/1.1" 404 100220 "-" "Mozilla/5.0 (Linux; Android 6.0.1; Nexus 5X Build/MMB29P) AppleWebKit/537.36 (KHTML, like Gecko) Chrome/147.0.7727.116 Mobile Safari/537.36 (compatible; Googlebot/2.1; +http://www.google.com/bot.html)"
66.249.75.4 - - [29/Apr/2026:02:03:54 +0200] "GET /items/G106047529/ HTTP/1.1" 301 0 "-" "Mozilla/5.0 (compatible; Googlebot/2.1; +http://www.google.com/bot.html)"
57.141.20.29 - - [29/Apr/2026:02:03:54 +0200] "GET /?g=3818873r83g2i HTTP/1.1" 200 162120 "-" "meta-externalagent/1.1 (+https://developers.facebook.com/docs/sharing/webmasters/crawler)"
57.141.20.6 - - [29/Apr/2026:02:04:08 +0200] "GET /?g=6590914udtzwp HTTP/1.1" 200 162120 "-" "meta-externalagent/1.1 (+https://developers.facebook.com/docs/sharing/webmasters/crawler)"
66.249.72.36 - - [29/Apr/2026:02:04:13 +0200] "GET /items/X822279259/ HTTP/1.1" 404 100220 "-" "Mozilla/5.0 (compatible; Googlebot/2.1; +http://www.google.com/bot.html)"
66.249.75.4 - - [29/Apr/2026:02:04:22 +0200] "GET /items/T474576277/ HTTP/1.1" 301 0 "-" "Mozilla/5.0 (Linux; Android 6.0.1; Nexus 5X Build/MMB29P) AppleWebKit/537.36 (KHTML, like Gecko) Chrome/147.0.7727.116 Mobile Safari/537.36 (compatible; Googlebot/2.1; +http://www.google.com/bot.html)"
57.141.20.7 - - [29/Apr/2026:02:04:41 +0200] "GET /?g=407908uupoeq HTTP/1.1" 200 162120 "-" "meta-externalagent/1.1 (+https://developers.facebook.com/docs/sharing/webmasters/crawler)"
66.249.72.36 - - [29/Apr/2026:02:04:48 +0200] "GET /items/R695770064/ HTTP/1.1" 404 100220 "-" "Mozilla/5.0 (Linux; Android 6.0.1; Nexus 5X Build/MMB29P) AppleWebKit/537.36 (KHTML, like Gecko) Chrome/147.0.7727.116 Mobile Safari/537.36 (compatible; Googlebot/2.1; +http://www.google.com/bot.html)"
57.141.20.30 - - [29/Apr/2026:02:04:49 +0200] "GET /items/G461214047/ HTTP/1.1" 404 100220 "-" "meta-externalagent/1.1 (+https://developers.facebook.com/docs/sharing/webmasters/crawler)"
66.249.75.4 - - [29/Apr/2026:02:04:50 +0200] "GET /items/G915485988/ HTTP/1.1" 301 0 "-" "Mozilla/5.0 (compatible; Googlebot/2.1; +http://www.google.com/bot.html)"
66.249.75.4 - - [29/Apr/2026:02:04:55 +0200] "GET /items/Z374614272/ HTTP/1.1" 301 0 "-" "Mozilla/5.0 (Linux; Android 6.0.1; Nexus 5X Build/MMB29P) AppleWebKit/537.36 (KHTML, like Gecko) Chrome/147.0.7727.116 Mobile Safari/537.36 (compatible; Googlebot/2.1; +http://www.google.com/bot.html)"
66.249.72.36 - - [29/Apr/2026:02:04:56 +0200] "GET /items/Z374614272/ HTTP/1.1" 404 100220 "-" "Mozilla/5.0 (Linux; Android 6.0.1; Nexus 5X Build/MMB29P) AppleWebKit/537.36 (KHTML, like Gecko) Chrome/147.0.7727.116 Mobile Safari/537.36 (compatible; Googlebot/2.1; +http://www.google.com/bot.html)"
57.141.20.17 - - [29/Apr/2026:02:04:57 +0200] "GET /?g=1591279932ew8 HTTP/1.1" 200 162120 "-" "meta-externalagent/1.1 (+https://developers.facebook.com/docs/sharing/webmasters/crawler)"
92.222.108.115 - - [29/Apr/2026:02:05:01 +0200] "GET /items/G461613079/ HTTP/1.1" 404 100220 "-" "Mozilla/5.0 (compatible; AhrefsBot/7.0; +http://ahrefs.com/robot/)"
66.249.72.36 - - [29/Apr/2026:02:05:18 +0200] "GET /?g=2855080y9cbyk HTTP/1.1" 200 162120 "-" "Mozilla/5.0 (Linux; Android 6.0.1; Nexus 5X Build/MMB29P) AppleWebKit/537.36 (KHTML, like Gecko) Chrome/147.0.7727.116 Mobile Safari/537.36 (compatible; Googlebot/2.1; +http://www.google.com/bot.html)"
66.249.75.4 - - [29/Apr/2026:02:05:20 +0200] "GET /items/O384521543/ HTTP/1.1" 301 0 "-" "Mozilla/5.0 (compatible; Googlebot/2.1; +http://www.google.com/bot.html)"
66.249.72.36 - - [29/Apr/2026:02:05:24 +0200] "GET /items/O384521543/ HTTP/1.1" 404 100220 "-" "Mozilla/5.0 (compatible; Googlebot/2.1; +http://www.google.com/bot.html)"
66.249.72.36 - - [29/Apr/2026:02:05:24 +0200] "GET /items/Z405648842/ HTTP/1.1" 404 100220 "-" "Mozilla/5.0 (compatible; Googlebot/2.1; +http://www.google.com/bot.html)"
57.141.20.51 - - [29/Apr/2026:02:05:26 +0200] "GET /?g=3429153wc84m1 HTTP/1.1" 200 162120 "-" "meta-externalagent/1.1 (+https://developers.facebook.com/docs/sharing/webmasters/crawler)"
66.249.75.5 - - [29/Apr/2026:02:05:37 +0200] "GET /items/B012284074/ HTTP/1.1" 301 0 "-" "Mozilla/5.0 (compatible; Googlebot/2.1; +http://www.google.com/bot.html)"
57.141.20.42 - - [29/Apr/2026:02:05:40 +0200] "GET /?g=3658492n379eb HTTP/1.1" 200 162120 "-" "meta-externalagent/1.1 (+https://developers.facebook.com/docs/sharing/webmasters/crawler)"
66.249.75.4 - - [29/Apr/2026:02:05:44 +0200] "GET /items/Y414451082/ HTTP/1.1" 301 0 "-" "Mozilla/5.0 (Linux; Android 6.0.1; Nexus 5X Build/MMB29P) AppleWebKit/537.36 (KHTML, like Gecko) Chrome/147.0.7727.116 Mobile Safari/537.36 (compatible; Googlebot/2.1; +http://www.google.com/bot.html)"
66.249.75.4 - - [29/Apr/2026:02:05:44 +0200] "GET /items/N342715962/ HTTP/1.1" 301 0 "-" "Mozilla/5.0 (compatible; Googlebot/2.1; +http://www.google.com/bot.html)"
66.249.72.36 - - [29/Apr/2026:02:05:44 +0200] "GET /items/Y414451082/ HTTP/1.1" 404 100220 "-" "Mozilla/5.0 (compatible; Googlebot/2.1; +http://www.google.com/bot.html)"
57.141.20.35 - - [29/Apr/2026:02:05:57 +0200] "GET /?g=63880073fz9y1 HTTP/1.1" 200 162120 "-" "meta-externalagent/1.1 (+https://developers.facebook.com/docs/sharing/webmasters/crawler)"
66.249.75.5 - - [29/Apr/2026:02:05:59 +0200] "GET /items/B975111930/ HTTP/1.1" 301 0 "-" "Mozilla/5.0 (compatible; Googlebot/2.1; +http://www.google.com/bot.html)"
66.249.72.36 - - [29/Apr/2026:02:06:02 +0200] "GET /items/B975111930/ HTTP/1.1" 404 100220 "-" "Mozilla/5.0 (compatible; Googlebot/2.1; +http://www.google.com/bot.html)"
57.141.20.53 - - [29/Apr/2026:02:06:07 +0200] "GET /items/G467848851/ HTTP/1.1" 404 100220 "-" "meta-externalagent/1.1 (+https://developers.facebook.com/docs/sharing/webmasters/crawler)"
66.249.72.36 - - [29/Apr/2026:02:06:20 +0200] "GET /items/Q673407717/ HTTP/1.1" 404 100220 "-" "Mozilla/5.0 (compatible; Googlebot/2.1; +http://www.google.com/bot.html)"
57.141.20.61 - - [29/Apr/2026:02:06:20 +0200] "GET /items/G462849002/ HTTP/1.1" 404 100220 "-" "meta-externalagent/1.1 (+https://developers.facebook.com/docs/sharing/webmasters/crawler)"
66.249.75.4 - - [29/Apr/2026:02:06:22 +0200] "GET /items/H973228253/ HTTP/1.1" 301 0 "-" "Mozilla/5.0 (Linux; Android 6.0.1; Nexus 5X Build/MMB29P) AppleWebKit/537.36 (KHTML, like Gecko) Chrome/147.0.7727.116 Mobile Safari/537.36 (compatible; Googlebot/2.1; +http://www.google.com/bot.html)"
66.249.75.4 - - [29/Apr/2026:02:06:22 +0200] "GET /items/T505562483/ HTTP/1.1" 301 0 "-" "Mozilla/5.0 (Linux; Android 6.0.1; Nexus 5X Build/MMB29P) AppleWebKit/537.36 (KHTML, like Gecko) Chrome/147.0.7727.116 Mobile Safari/537.36 (compatible; Googlebot/2.1; +http://www.google.com/bot.html)"
66.249.72.36 - - [29/Apr/2026:02:06:23 +0200] "GET /items/H973228253/ HTTP/1.1" 404 100220 "-" "Mozilla/5.0 (Linux; Android 6.0.1; Nexus 5X Build/MMB29P) AppleWebKit/537.36 (KHTML, like Gecko) Chrome/147.0.7727.116 Mobile Safari/537.36 (compatible; Googlebot/2.1; +http://www.google.com/bot.html)"
66.249.72.36 - - [29/Apr/2026:02:06:26 +0200] "GET /items/N342351875/ HTTP/1.1" 404 100220 "-" "Mozilla/5.0 (compatible; Googlebot/2.1; +http://www.google.com/bot.html)"
66.249.75.4 - - [29/Apr/2026:02:06:29 +0200] "GET /items/O932481870/ HTTP/1.1" 301 0 "-" "Mozilla/5.0 (compatible; Googlebot/2.1; +http://www.google.com/bot.html)"
66.249.72.36 - - [29/Apr/2026:02:04:59 +0200] "GET /?g=5494834ist2j6 HTTP/1.1" 200 162120 "-" "Mozilla/5.0 (Linux; Android 6.0.1; Nexus 5X Build/MMB29P) AppleWebKit/537.36 (KHTML, like Gecko) Chrome/147.0.7727.116 Mobile Safari/537.36 (compatible; Googlebot/2.1; +http://www.google.com/bot.html)"
57.141.20.32 - - [29/Apr/2026:02:05:12 +0200] "GET /?g=4125639as5b6c HTTP/1.1" 200 162120 "-" "meta-externalagent/1.1 (+https://developers.facebook.com/docs/sharing/webmasters/crawler)"
109.234.166.131 - - [29/Apr/2026:02:05:19 +0200] "POST /wp-cron.php?doing_wp_cron=1777421119.8115870952606201171875 HTTP/1.1" 200 0 "-" "WordPress/6.9.4; https://marc-morin.ch"
66.249.72.36 - - [29/Apr/2026:02:05:26 +0200] "GET /?g=6662769ql2lky HTTP/1.1" 200 162120 "-" "Mozilla/5.0 (Linux; Android 6.0.1; Nexus 5X Build/MMB29P) AppleWebKit/537.36 (KHTML, like Gecko) Chrome/147.0.7727.116 Mobile Safari/537.36 (compatible; Googlebot/2.1; +http://www.google.com/bot.html)"
109.234.166.131 - - [29/Apr/2026:02:05:33 +0200] "POST /wp-cron.php?doing_wp_cron=1777421133.7725160121917724609375 HTTP/1.1" 200 0 "-" "WordPress/6.9.4; https://marc-morin.ch"
