66.249.75.5 - - [29/Apr/2026:00:35:01 +0200] "GET /items/K562094941/ HTTP/1.1" 301 0 "-" "Mozilla/5.0 (Linux; Android 6.0.1; Nexus 5X Build/MMB29P) AppleWebKit/537.36 (KHTML, like Gecko) Chrome/147.0.7727.116 Mobile Safari/537.36 (compatible; Googlebot/2.1; +http://www.google.com/bot.html)"
66.249.72.37 - - [29/Apr/2026:00:35:02 +0200] "GET /items/K562094941/ HTTP/1.1" 404 100220 "-" "Mozilla/5.0 (Linux; Android 6.0.1; Nexus 5X Build/MMB29P) AppleWebKit/537.36 (KHTML, like Gecko) Chrome/147.0.7727.116 Mobile Safari/537.36 (compatible; Googlebot/2.1; +http://www.google.com/bot.html)"
57.141.20.35 - - [29/Apr/2026:00:35:14 +0200] "GET /?g=3846466fyu7h HTTP/1.1" 200 162120 "-" "meta-externalagent/1.1 (+https://developers.facebook.com/docs/sharing/webmasters/crawler)"
109.234.166.131 - - [29/Apr/2026:00:35:54 +0200] "POST /wp-cron.php?doing_wp_cron=1777415754.1930420398712158203125 HTTP/1.1" 200 0 "-" "WordPress/6.9.4; https://marc-morin.ch"
57.141.20.47 - - [29/Apr/2026:00:36:49 +0200] "GET /items/G462914226/ HTTP/1.1" 404 100220 "-" "meta-externalagent/1.1 (+https://developers.facebook.com/docs/sharing/webmasters/crawler)"
57.141.20.31 - - [29/Apr/2026:00:32:17 +0200] "GET /?g=11834394izkbf HTTP/1.1" 200 162120 "-" "meta-externalagent/1.1 (+https://developers.facebook.com/docs/sharing/webmasters/crawler)"
109.234.166.131 - - [29/Apr/2026:00:32:58 +0200] "POST /wp-cron.php?doing_wp_cron=1777415578.2654089927673339843750 HTTP/1.1" 200 0 "-" "WordPress/6.9.4; https://marc-morin.ch"
57.141.20.67 - - [29/Apr/2026:00:32:58 +0200] "GET /?g=873603iog62o HTTP/1.1" 200 162120 "-" "meta-externalagent/1.1 (+https://developers.facebook.com/docs/sharing/webmasters/crawler)"
57.141.20.34 - - [29/Apr/2026:00:33:36 +0200] "GET /?g=3195452ovwl5u HTTP/1.1" 200 162120 "-" "meta-externalagent/1.1 (+https://developers.facebook.com/docs/sharing/webmasters/crawler)"
109.234.166.131 - - [29/Apr/2026:00:33:54 +0200] "POST /wp-cron.php?doing_wp_cron=1777415634.8308498859405517578125 HTTP/1.1" 200 0 "-" "WordPress/6.9.4; https://marc-morin.ch"
57.141.20.4 - - [29/Apr/2026:00:34:08 +0200] "GET /?g=4746226or7tal HTTP/1.1" 200 162120 "-" "meta-externalagent/1.1 (+https://developers.facebook.com/docs/sharing/webmasters/crawler)"
57.141.20.5 - - [29/Apr/2026:00:36:17 +0200] "GET /items/G464699987/ HTTP/1.1" 404 100220 "-" "meta-externalagent/1.1 (+https://developers.facebook.com/docs/sharing/webmasters/crawler)"
57.141.20.69 - - [29/Apr/2026:00:36:27 +0200] "GET /items/G461396659/ HTTP/1.1" 404 100220 "-" "meta-externalagent/1.1 (+https://developers.facebook.com/docs/sharing/webmasters/crawler)"
109.234.166.131 - - [29/Apr/2026:00:36:49 +0200] "POST /wp-cron.php?doing_wp_cron=1777415809.8688659667968750000000 HTTP/1.1" 200 0 "-" "WordPress/6.9.4; https://marc-morin.ch"
57.141.20.17 - - [29/Apr/2026:00:36:59 +0200] "GET /?g=5063970ohy737 HTTP/1.1" 200 162120 "-" "meta-externalagent/1.1 (+https://developers.facebook.com/docs/sharing/webmasters/crawler)"
57.141.20.62 - - [29/Apr/2026:00:37:19 +0200] "GET /items/G462899930/ HTTP/1.1" 404 100220 "-" "meta-externalagent/1.1 (+https://developers.facebook.com/docs/sharing/webmasters/crawler)"
57.141.20.1 - - [29/Apr/2026:00:38:25 +0200] "GET /?g=4643190ih6wt9 HTTP/1.1" 200 162120 "-" "meta-externalagent/1.1 (+https://developers.facebook.com/docs/sharing/webmasters/crawler)"
109.234.166.131 - - [29/Apr/2026:00:38:58 +0200] "POST /wp-cron.php?doing_wp_cron=1777415938.0263509750366210937500 HTTP/1.1" 200 0 "-" "WordPress/6.9.4; https://marc-morin.ch"
57.141.20.49 - - [29/Apr/2026:00:38:57 +0200] "GET /items/G463829620/ HTTP/1.1" 404 100220 "-" "meta-externalagent/1.1 (+https://developers.facebook.com/docs/sharing/webmasters/crawler)"
66.249.72.37 - - [29/Apr/2026:00:39:20 +0200] "GET /items/C583351231/ HTTP/1.1" 404 100220 "-" "Mozilla/5.0 (compatible; Googlebot/2.1; +http://www.google.com/bot.html)"
109.234.166.131 - - [29/Apr/2026:00:40:33 +0200] "POST /wp-cron.php?doing_wp_cron=1777416033.0048959255218505859375 HTTP/1.1" 200 0 "-" "WordPress/6.9.4; https://marc-morin.ch"
57.141.20.59 - - [29/Apr/2026:00:40:44 +0200] "GET /?g=38305899px53f HTTP/1.1" 200 162120 "-" "meta-externalagent/1.1 (+https://developers.facebook.com/docs/sharing/webmasters/crawler)"
57.141.20.25 - - [29/Apr/2026:00:41:03 +0200] "GET /?g=2192790twtlsp HTTP/1.1" 200 162120 "-" "meta-externalagent/1.1 (+https://developers.facebook.com/docs/sharing/webmasters/crawler)"
66.249.75.4 - - [29/Apr/2026:00:41:15 +0200] "GET /items/H811609958/ HTTP/1.1" 301 0 "-" "Mozilla/5.0 (Linux; Android 6.0.1; Nexus 5X Build/MMB29P) AppleWebKit/537.36 (KHTML, like Gecko) Chrome/147.0.7727.116 Mobile Safari/537.36 (compatible; Googlebot/2.1; +http://www.google.com/bot.html)"
57.141.20.9 - - [29/Apr/2026:00:41:28 +0200] "GET /items/G461242957/ HTTP/1.1" 404 100220 "-" "meta-externalagent/1.1 (+https://developers.facebook.com/docs/sharing/webmasters/crawler)"
57.141.20.39 - - [29/Apr/2026:00:41:36 +0200] "GET /items/G461012159/ HTTP/1.1" 404 100220 "-" "meta-externalagent/1.1 (+https://developers.facebook.com/docs/sharing/webmasters/crawler)"
57.141.20.34 - - [29/Apr/2026:00:35:28 +0200] "GET /?g=4757927ernp2z HTTP/1.1" 200 162120 "-" "meta-externalagent/1.1 (+https://developers.facebook.com/docs/sharing/webmasters/crawler)"
57.141.20.33 - - [29/Apr/2026:00:35:41 +0200] "GET /items/G462925452/ HTTP/1.1" 404 100220 "-" "meta-externalagent/1.1 (+https://developers.facebook.com/docs/sharing/webmasters/crawler)"
57.141.20.64 - - [29/Apr/2026:00:35:53 +0200] "GET /items/G464700327/ HTTP/1.1" 404 100220 "-" "meta-externalagent/1.1 (+https://developers.facebook.com/docs/sharing/webmasters/crawler)"
57.141.20.41 - - [29/Apr/2026:00:36:04 +0200] "GET /?g=51350026x2t1p HTTP/1.1" 200 162120 "-" "meta-externalagent/1.1 (+https://developers.facebook.com/docs/sharing/webmasters/crawler)"
54.37.118.72 - - [29/Apr/2026:00:36:34 +0200] "GET /items/G466905360/ HTTP/1.1" 404 100220 "-" "Mozilla/5.0 (compatible; AhrefsBot/7.0; +http://ahrefs.com/robot/)"
57.141.20.62 - - [29/Apr/2026:00:36:38 +0200] "GET /items/G466716237/ HTTP/1.1" 404 100220 "-" "meta-externalagent/1.1 (+https://developers.facebook.com/docs/sharing/webmasters/crawler)"
57.141.20.39 - - [29/Apr/2026:00:37:31 +0200] "GET /items/G466358535/ HTTP/1.1" 404 100220 "-" "meta-externalagent/1.1 (+https://developers.facebook.com/docs/sharing/webmasters/crawler)"
66.249.75.6 - - [29/Apr/2026:00:37:34 +0200] "GET /items/F663027598/ HTTP/1.1" 301 0 "-" "Mozilla/5.0 (compatible; Googlebot/2.1; +http://www.google.com/bot.html)"
57.141.20.45 - - [29/Apr/2026:00:37:44 +0200] "GET /?g=6551321b9320c HTTP/1.1" 200 162120 "-" "meta-externalagent/1.1 (+https://developers.facebook.com/docs/sharing/webmasters/crawler)"
57.141.20.41 - - [29/Apr/2026:00:37:56 +0200] "GET /?g=584402350agit HTTP/1.1" 200 162120 "-" "meta-externalagent/1.1 (+https://developers.facebook.com/docs/sharing/webmasters/crawler)"
57.141.20.44 - - [29/Apr/2026:00:38:06 +0200] "GET /hominidaecpe.xml HTTP/1.1" 404 100212 "-" "meta-externalagent/1.1 (+https://developers.facebook.com/docs/sharing/webmasters/crawler)"
57.141.20.45 - - [29/Apr/2026:00:38:16 +0200] "GET /items/G461611146/ HTTP/1.1" 404 100220 "-" "meta-externalagent/1.1 (+https://developers.facebook.com/docs/sharing/webmasters/crawler)"
109.234.166.131 - - [29/Apr/2026:00:38:26 +0200] "POST /wp-cron.php?doing_wp_cron=1777415906.6018071174621582031250 HTTP/1.1" 200 0 "-" "WordPress/6.9.4; https://marc-morin.ch"
57.141.20.38 - - [29/Apr/2026:00:39:28 +0200] "GET /?g=475363368hgc6 HTTP/1.1" 200 162120 "-" "meta-externalagent/1.1 (+https://developers.facebook.com/docs/sharing/webmasters/crawler)"
109.234.166.131 - - [29/Apr/2026:00:39:46 +0200] "POST /wp-cron.php?doing_wp_cron=1777415986.8629040718078613281250 HTTP/1.1" 200 0 "-" "WordPress/6.9.4; https://marc-morin.ch"
57.141.20.55 - - [29/Apr/2026:00:39:46 +0200] "GET /items/G465650774/ HTTP/1.1" 404 100220 "-" "meta-externalagent/1.1 (+https://developers.facebook.com/docs/sharing/webmasters/crawler)"
57.141.20.17 - - [29/Apr/2026:00:39:57 +0200] "GET /?g=5043544mzyo6q HTTP/1.1" 200 162120 "-" "meta-externalagent/1.1 (+https://developers.facebook.com/docs/sharing/webmasters/crawler)"
57.141.20.26 - - [29/Apr/2026:00:40:11 +0200] "GET /?g=1147365pv028w HTTP/1.1" 200 162120 "-" "meta-externalagent/1.1 (+https://developers.facebook.com/docs/sharing/webmasters/crawler)"
57.141.20.20 - - [29/Apr/2026:00:40:31 +0200] "GET /?g=2625391m7ftl7 HTTP/1.1" 200 162120 "-" "meta-externalagent/1.1 (+https://developers.facebook.com/docs/sharing/webmasters/crawler)"
57.141.20.41 - - [29/Apr/2026:00:41:12 +0200] "GET /items/G462328334/ HTTP/1.1" 404 100220 "-" "meta-externalagent/1.1 (+https://developers.facebook.com/docs/sharing/webmasters/crawler)"
66.249.72.36 - - [29/Apr/2026:00:41:15 +0200] "GET /items/H811609958/ HTTP/1.1" 404 100220 "-" "Mozilla/5.0 (compatible; Googlebot/2.1; +http://www.google.com/bot.html)"
57.141.20.17 - - [29/Apr/2026:00:41:20 +0200] "GET /?g=1564317e8hnul HTTP/1.1" 200 162120 "-" "meta-externalagent/1.1 (+https://developers.facebook.com/docs/sharing/webmasters/crawler)"
57.141.20.10 - - [29/Apr/2026:00:37:32 +0200] "GET /items/G464645530/ HTTP/1.1" 404 100220 "-" "meta-externalagent/1.1 (+https://developers.facebook.com/docs/sharing/webmasters/crawler)"
66.249.72.37 - - [29/Apr/2026:00:37:35 +0200] "GET /items/F663027598/ HTTP/1.1" 404 100220 "-" "Mozilla/5.0 (compatible; Googlebot/2.1; +http://www.google.com/bot.html)"
109.234.166.131 - - [29/Apr/2026:00:37:45 +0200] "POST /wp-cron.php?doing_wp_cron=1777415865.4071090221405029296875 HTTP/1.1" 200 0 "-" "WordPress/6.9.4; https://marc-morin.ch"
92.222.108.102 - - [29/Apr/2026:00:39:01 +0200] "GET /items/G466785532/ HTTP/1.1" 404 100220 "-" "Mozilla/5.0 (compatible; AhrefsBot/7.0; +http://ahrefs.com/robot/)"
57.141.20.13 - - [29/Apr/2026:00:39:11 +0200] "GET /items/G462419807/ HTTP/1.1" 404 100220 "-" "meta-externalagent/1.1 (+https://developers.facebook.com/docs/sharing/webmasters/crawler)"
66.249.75.5 - - [29/Apr/2026:00:39:19 +0200] "GET /items/C583351231/ HTTP/1.1" 301 0 "-" "Mozilla/5.0 (Linux; Android 6.0.1; Nexus 5X Build/MMB29P) AppleWebKit/537.36 (KHTML, like Gecko) Chrome/147.0.7727.116 Mobile Safari/537.36 (compatible; Googlebot/2.1; +http://www.google.com/bot.html)"
66.249.75.5 - - [29/Apr/2026:00:39:20 +0200] "GET /items/C583351231/ HTTP/1.1" 301 0 "-" "Mozilla/5.0 (compatible; Googlebot/2.1; +http://www.google.com/bot.html)"
66.249.72.36 - - [29/Apr/2026:00:39:20 +0200] "GET /items/C583351231/ HTTP/1.1" 404 100220 "-" "Mozilla/5.0 (Linux; Android 6.0.1; Nexus 5X Build/MMB29P) AppleWebKit/537.36 (KHTML, like Gecko) Chrome/147.0.7727.116 Mobile Safari/537.36 (compatible; Googlebot/2.1; +http://www.google.com/bot.html)"
57.141.20.69 - - [29/Apr/2026:00:39:29 +0200] "GET /?g=966935iur06i HTTP/1.1" 200 162120 "-" "meta-externalagent/1.1 (+https://developers.facebook.com/docs/sharing/webmasters/crawler)"
57.141.20.43 - - [29/Apr/2026:00:40:33 +0200] "GET /items/G461804018/ HTTP/1.1" 404 100220 "-" "meta-externalagent/1.1 (+https://developers.facebook.com/docs/sharing/webmasters/crawler)"
109.234.166.131 - - [29/Apr/2026:00:40:45 +0200] "POST /wp-cron.php?doing_wp_cron=1777416045.0288479328155517578125 HTTP/1.1" 200 0 "-" "WordPress/6.9.4; https://marc-morin.ch"
57.141.20.8 - - [29/Apr/2026:00:40:54 +0200] "GET /items/G466581614/ HTTP/1.1" 404 100220 "-" "meta-externalagent/1.1 (+https://developers.facebook.com/docs/sharing/webmasters/crawler)"
66.249.75.6 - - [29/Apr/2026:00:41:14 +0200] "GET /items/H811609958/ HTTP/1.1" 301 0 "-" "Mozilla/5.0 (compatible; Googlebot/2.1; +http://www.google.com/bot.html)"
66.249.72.38 - - [29/Apr/2026:00:41:17 +0200] "GET /items/H811609958/ HTTP/1.1" 404 100220 "-" "Mozilla/5.0 (Linux; Android 6.0.1; Nexus 5X Build/MMB29P) AppleWebKit/537.36 (KHTML, like Gecko) Chrome/147.0.7727.116 Mobile Safari/537.36 (compatible; Googlebot/2.1; +http://www.google.com/bot.html)"
92.222.104.194 - - [29/Apr/2026:00:41:30 +0200] "GET /items/G466782017/ HTTP/1.1" 404 100220 "-" "Mozilla/5.0 (compatible; AhrefsBot/7.0; +http://ahrefs.com/robot/)"
66.249.75.5 - - [29/Apr/2026:00:42:14 +0200] "GET /items/A733704550/ HTTP/1.1" 301 0 "-" "Mozilla/5.0 (Linux; Android 6.0.1; Nexus 5X Build/MMB29P) AppleWebKit/537.36 (KHTML, like Gecko) Chrome/147.0.7727.116 Mobile Safari/537.36 (compatible; Googlebot/2.1; +http://www.google.com/bot.html)"
66.249.72.37 - - [29/Apr/2026:00:42:14 +0200] "GET /items/A733704550/ HTTP/1.1" 404 100220 "-" "Mozilla/5.0 (Linux; Android 6.0.1; Nexus 5X Build/MMB29P) AppleWebKit/537.36 (KHTML, like Gecko) Chrome/147.0.7727.116 Mobile Safari/537.36 (compatible; Googlebot/2.1; +http://www.google.com/bot.html)"
66.249.75.4 - - [29/Apr/2026:00:42:29 +0200] "GET /items/B133511448/ HTTP/1.1" 301 0 "-" "Mozilla/5.0 (compatible; Googlebot/2.1; +http://www.google.com/bot.html)"
57.141.20.32 - - [29/Apr/2026:00:42:28 +0200] "GET /sitemap2026-02-28.xml HTTP/1.1" 404 100220 "-" "meta-externalagent/1.1 (+https://developers.facebook.com/docs/sharing/webmasters/crawler)"
109.234.166.131 - - [29/Apr/2026:00:42:00 +0200] "POST /wp-cron.php?doing_wp_cron=1777416120.1576919555664062500000 HTTP/1.1" 200 0 "-" "WordPress/6.9.4; https://marc-morin.ch"
57.141.20.16 - - [29/Apr/2026:00:41:59 +0200] "GET /?g=4270366okx65p HTTP/1.1" 200 162120 "-" "meta-externalagent/1.1 (+https://developers.facebook.com/docs/sharing/webmasters/crawler)"
57.141.20.47 - - [29/Apr/2026:00:42:07 +0200] "GET /?g=6226570jtdv8 HTTP/1.1" 200 162120 "-" "meta-externalagent/1.1 (+https://developers.facebook.com/docs/sharing/webmasters/crawler)"
57.141.20.37 - - [29/Apr/2026:00:42:20 +0200] "GET /items/G462924494/ HTTP/1.1" 404 100220 "-" "meta-externalagent/1.1 (+https://developers.facebook.com/docs/sharing/webmasters/crawler)"
57.141.20.69 - - [29/Apr/2026:00:42:34 +0200] "GET /items/G464137178/ HTTP/1.1" 404 100220 "-" "meta-externalagent/1.1 (+https://developers.facebook.com/docs/sharing/webmasters/crawler)"
57.141.20.17 - - [29/Apr/2026:00:42:49 +0200] "GET /items/G462189980/ HTTP/1.1" 404 100220 "-" "meta-externalagent/1.1 (+https://developers.facebook.com/docs/sharing/webmasters/crawler)"
57.141.20.53 - - [29/Apr/2026:00:43:01 +0200] "GET /?g=5541652gx0faz HTTP/1.1" 200 162120 "-" "meta-externalagent/1.1 (+https://developers.facebook.com/docs/sharing/webmasters/crawler)"
66.249.72.38 - - [29/Apr/2026:00:43:10 +0200] "GET /?g=4570219hn4n30 HTTP/1.1" 200 162120 "-" "Mozilla/5.0 (Linux; Android 6.0.1; Nexus 5X Build/MMB29P) AppleWebKit/537.36 (KHTML, like Gecko) Chrome/147.0.7727.116 Mobile Safari/537.36 (compatible; GoogleOther)"
66.249.72.36 - - [29/Apr/2026:00:43:39 +0200] "GET /items/C584370510/ HTTP/1.1" 404 100220 "-" "Mozilla/5.0 (Linux; Android 6.0.1; Nexus 5X Build/MMB29P) AppleWebKit/537.36 (KHTML, like Gecko) Chrome/147.0.7727.116 Mobile Safari/537.36 (compatible; Googlebot/2.1; +http://www.google.com/bot.html)"
66.249.75.5 - - [29/Apr/2026:00:43:49 +0200] "GET /items/I614453410/ HTTP/1.1" 301 0 "-" "Mozilla/5.0 (Linux; Android 6.0.1; Nexus 5X Build/MMB29P) AppleWebKit/537.36 (KHTML, like Gecko) Chrome/147.0.7727.116 Mobile Safari/537.36 (compatible; Googlebot/2.1; +http://www.google.com/bot.html)"
66.249.72.36 - - [29/Apr/2026:00:43:49 +0200] "GET /items/I614453410/ HTTP/1.1" 404 100220 "-" "Mozilla/5.0 (compatible; Googlebot/2.1; +http://www.google.com/bot.html)"
66.249.72.36 - - [29/Apr/2026:00:43:50 +0200] "GET /items/I614453410/ HTTP/1.1" 404 100220 "-" "Mozilla/5.0 (Linux; Android 6.0.1; Nexus 5X Build/MMB29P) AppleWebKit/537.36 (KHTML, like Gecko) Chrome/147.0.7727.116 Mobile Safari/537.36 (compatible; Googlebot/2.1; +http://www.google.com/bot.html)"
57.141.20.54 - - [29/Apr/2026:00:43:57 +0200] "GET /items/G463946309/ HTTP/1.1" 404 100220 "-" "meta-externalagent/1.1 (+https://developers.facebook.com/docs/sharing/webmasters/crawler)"
57.141.20.69 - - [29/Apr/2026:00:44:18 +0200] "GET /items/G461851506/ HTTP/1.1" 404 100220 "-" "meta-externalagent/1.1 (+https://developers.facebook.com/docs/sharing/webmasters/crawler)"
66.249.72.36 - - [29/Apr/2026:00:44:34 +0200] "GET /items/L644201104/ HTTP/1.1" 404 100220 "-" "Mozilla/5.0 (compatible; Googlebot/2.1; +http://www.google.com/bot.html)"
57.141.20.41 - - [29/Apr/2026:00:44:48 +0200] "GET /items/G465834435/ HTTP/1.1" 404 100220 "-" "meta-externalagent/1.1 (+https://developers.facebook.com/docs/sharing/webmasters/crawler)"
57.141.20.0 - - [29/Apr/2026:00:44:55 +0200] "GET /items/G461831884/ HTTP/1.1" 404 100220 "-" "meta-externalagent/1.1 (+https://developers.facebook.com/docs/sharing/webmasters/crawler)"
57.141.20.43 - - [29/Apr/2026:00:45:03 +0200] "GET /blackouthkw.xml HTTP/1.1" 404 100212 "-" "meta-externalagent/1.1 (+https://developers.facebook.com/docs/sharing/webmasters/crawler)"
66.249.75.6 - - [29/Apr/2026:00:45:05 +0200] "GET /items/M111574001/ HTTP/1.1" 301 0 "-" "Mozilla/5.0 (Linux; Android 6.0.1; Nexus 5X Build/MMB29P) AppleWebKit/537.36 (KHTML, like Gecko) Chrome/147.0.7727.116 Mobile Safari/537.36 (compatible; Googlebot/2.1; +http://www.google.com/bot.html)"
57.141.20.9 - - [29/Apr/2026:00:41:43 +0200] "GET /?g=6026292bezgtf HTTP/1.1" 200 162120 "-" "meta-externalagent/1.1 (+https://developers.facebook.com/docs/sharing/webmasters/crawler)"
109.234.166.131 - - [29/Apr/2026:00:41:59 +0200] "POST /wp-cron.php?doing_wp_cron=1777416119.4082310199737548828125 HTTP/1.1" 200 0 "-" "WordPress/6.9.4; https://marc-morin.ch"
57.141.20.2 - - [29/Apr/2026:00:41:58 +0200] "GET /items/G466517276/ HTTP/1.1" 404 100220 "-" "meta-externalagent/1.1 (+https://developers.facebook.com/docs/sharing/webmasters/crawler)"
57.141.20.49 - - [29/Apr/2026:00:42:14 +0200] "GET /items/G463299342/ HTTP/1.1" 404 100220 "-" "meta-externalagent/1.1 (+https://developers.facebook.com/docs/sharing/webmasters/crawler)"
57.141.20.67 - - [29/Apr/2026:00:43:19 +0200] "GET /items/G461245857/ HTTP/1.1" 404 100220 "-" "meta-externalagent/1.1 (+https://developers.facebook.com/docs/sharing/webmasters/crawler)"
57.141.20.17 - - [29/Apr/2026:00:43:36 +0200] "GET /items/G462526507/ HTTP/1.1" 404 100220 "-" "meta-externalagent/1.1 (+https://developers.facebook.com/docs/sharing/webmasters/crawler)"
57.141.20.37 - - [29/Apr/2026:00:43:37 +0200] "GET /items/G461873913/ HTTP/1.1" 404 100220 "-" "meta-externalagent/1.1 (+https://developers.facebook.com/docs/sharing/webmasters/crawler)"
66.249.72.37 - - [29/Apr/2026:00:43:40 +0200] "GET /items/C584370510/ HTTP/1.1" 404 100220 "-" "Mozilla/5.0 (compatible; Googlebot/2.1; +http://www.google.com/bot.html)"
109.234.166.131 - - [29/Apr/2026:00:43:45 +0200] "POST /wp-cron.php?doing_wp_cron=1777416225.3673939704895019531250 HTTP/1.1" 200 0 "-" "WordPress/6.9.4; https://marc-morin.ch"
57.141.20.62 - - [29/Apr/2026:00:43:44 +0200] "GET /items/G463219253/ HTTP/1.1" 404 100220 "-" "meta-externalagent/1.1 (+https://developers.facebook.com/docs/sharing/webmasters/crawler)"
66.249.75.5 - - [29/Apr/2026:00:43:45 +0200] "GET /items/M115263752/ HTTP/1.1" 301 0 "-" "Mozilla/5.0 (compatible; Googlebot/2.1; +http://www.google.com/bot.html)"
57.141.20.56 - - [29/Apr/2026:00:43:50 +0200] "GET /items/G463779032/ HTTP/1.1" 404 100220 "-" "meta-externalagent/1.1 (+https://developers.facebook.com/docs/sharing/webmasters/crawler)"
66.249.75.5 - - [29/Apr/2026:00:44:15 +0200] "GET /items/N883734100/ HTTP/1.1" 301 0 "-" "Mozilla/5.0 (Linux; Android 6.0.1; Nexus 5X Build/MMB29P) AppleWebKit/537.36 (KHTML, like Gecko) Chrome/147.0.7727.116 Mobile Safari/537.36 (compatible; Googlebot/2.1; +http://www.google.com/bot.html)"
66.249.72.36 - - [29/Apr/2026:00:44:16 +0200] "GET /items/N883734100/ HTTP/1.1" 404 100220 "-" "Mozilla/5.0 (Linux; Android 6.0.1; Nexus 5X Build/MMB29P) AppleWebKit/537.36 (KHTML, like Gecko) Chrome/147.0.7727.116 Mobile Safari/537.36 (compatible; Googlebot/2.1; +http://www.google.com/bot.html)"
66.249.75.4 - - [29/Apr/2026:00:44:33 +0200] "GET /items/L644201104/ HTTP/1.1" 301 0 "-" "Mozilla/5.0 (compatible; Googlebot/2.1; +http://www.google.com/bot.html)"
57.141.20.39 - - [29/Apr/2026:00:44:33 +0200] "GET /?g=2004736a40uyt HTTP/1.1" 200 162120 "-" "meta-externalagent/1.1 (+https://developers.facebook.com/docs/sharing/webmasters/crawler)"
57.141.20.18 - - [29/Apr/2026:00:44:47 +0200] "GET /?g=36335283jzfan HTTP/1.1" 200 162120 "-" "meta-externalagent/1.1 (+https://developers.facebook.com/docs/sharing/webmasters/crawler)"
66.249.75.4 - - [29/Apr/2026:00:44:50 +0200] "GET /items/H151325997/ HTTP/1.1" 301 0 "-" "Mozilla/5.0 (compatible; Googlebot/2.1; +http://www.google.com/bot.html)"
66.249.75.4 - - [29/Apr/2026:00:44:50 +0200] "GET /items/H151325997/ HTTP/1.1" 301 0 "-" "Mozilla/5.0 (Linux; Android 6.0.1; Nexus 5X Build/MMB29P) AppleWebKit/537.36 (KHTML, like Gecko) Chrome/147.0.7727.116 Mobile Safari/537.36 (compatible; Googlebot/2.1; +http://www.google.com/bot.html)"
66.249.72.36 - - [29/Apr/2026:00:44:51 +0200] "GET /items/H151325997/ HTTP/1.1" 404 100220 "-" "Mozilla/5.0 (Linux; Android 6.0.1; Nexus 5X Build/MMB29P) AppleWebKit/537.36 (KHTML, like Gecko) Chrome/147.0.7727.116 Mobile Safari/537.36 (compatible; Googlebot/2.1; +http://www.google.com/bot.html)"
66.249.72.36 - - [29/Apr/2026:00:45:06 +0200] "GET /items/M111574001/ HTTP/1.1" 404 100220 "-" "Mozilla/5.0 (Linux; Android 6.0.1; Nexus 5X Build/MMB29P) AppleWebKit/537.36 (KHTML, like Gecko) Chrome/147.0.7727.116 Mobile Safari/537.36 (compatible; Googlebot/2.1; +http://www.google.com/bot.html)"
57.141.20.13 - - [29/Apr/2026:00:45:10 +0200] "GET /items/G463900231/ HTTP/1.1" 404 100220 "-" "meta-externalagent/1.1 (+https://developers.facebook.com/docs/sharing/webmasters/crawler)"
57.141.20.49 - - [29/Apr/2026:00:45:23 +0200] "GET /items/G464724900/ HTTP/1.1" 404 100220 "-" "meta-externalagent/1.1 (+https://developers.facebook.com/docs/sharing/webmasters/crawler)"
66.249.72.36 - - [29/Apr/2026:00:42:29 +0200] "GET /items/B133511448/ HTTP/1.1" 404 100220 "-" "Mozilla/5.0 (compatible; Googlebot/2.1; +http://www.google.com/bot.html)"
57.141.20.55 - - [29/Apr/2026:00:42:41 +0200] "GET /?g=3077836j3fyzl HTTP/1.1" 200 162120 "-" "meta-externalagent/1.1 (+https://developers.facebook.com/docs/sharing/webmasters/crawler)"
57.141.20.1 - - [29/Apr/2026:00:42:55 +0200] "GET /items/G461817035/ HTTP/1.1" 404 100220 "-" "meta-externalagent/1.1 (+https://developers.facebook.com/docs/sharing/webmasters/crawler)"
109.234.166.131 - - [29/Apr/2026:00:43:03 +0200] "POST /wp-cron.php?doing_wp_cron=1777416183.1100580692291259765625 HTTP/1.1" 200 0 "-" "WordPress/6.9.4; https://marc-morin.ch"
57.141.20.33 - - [29/Apr/2026:00:43:08 +0200] "GET /?g=5905242v3znok HTTP/1.1" 200 162120 "-" "meta-externalagent/1.1 (+https://developers.facebook.com/docs/sharing/webmasters/crawler)"
57.141.20.52 - - [29/Apr/2026:00:43:14 +0200] "GET /?g=45865770oyhpi HTTP/1.1" 200 162120 "-" "meta-externalagent/1.1 (+https://developers.facebook.com/docs/sharing/webmasters/crawler)"
57.141.20.12 - - [29/Apr/2026:00:43:30 +0200] "GET /items/G462547897/ HTTP/1.1" 404 100220 "-" "meta-externalagent/1.1 (+https://developers.facebook.com/docs/sharing/webmasters/crawler)"
66.249.75.5 - - [29/Apr/2026:00:43:37 +0200] "GET /items/C584370510/ HTTP/1.1" 301 0 "-" "Mozilla/5.0 (Linux; Android 6.0.1; Nexus 5X Build/MMB29P) AppleWebKit/537.36 (KHTML, like Gecko) Chrome/147.0.7727.116 Mobile Safari/537.36 (compatible; Googlebot/2.1; +http://www.google.com/bot.html)"
66.249.75.6 - - [29/Apr/2026:00:43:38 +0200] "GET /items/C584370510/ HTTP/1.1" 301 0 "-" "Mozilla/5.0 (compatible; Googlebot/2.1; +http://www.google.com/bot.html)"
66.249.72.36 - - [29/Apr/2026:00:43:46 +0200] "GET /items/M115263752/ HTTP/1.1" 404 100220 "-" "Mozilla/5.0 (compatible; Googlebot/2.1; +http://www.google.com/bot.html)"
66.249.75.5 - - [29/Apr/2026:00:43:48 +0200] "GET /items/I614453410/ HTTP/1.1" 301 0 "-" "Mozilla/5.0 (compatible; Googlebot/2.1; +http://www.google.com/bot.html)"
57.141.20.9 - - [29/Apr/2026:00:44:10 +0200] "GET /items/G467241268/ HTTP/1.1" 404 100220 "-" "meta-externalagent/1.1 (+https://developers.facebook.com/docs/sharing/webmasters/crawler)"
57.141.20.21 - - [29/Apr/2026:00:44:11 +0200] "GET /items/G465010476/ HTTP/1.1" 404 100220 "-" "meta-externalagent/1.1 (+https://developers.facebook.com/docs/sharing/webmasters/crawler)"
92.222.104.219 - - [29/Apr/2026:00:44:17 +0200] "GET /items/G466758866/ HTTP/1.1" 404 100220 "-" "Mozilla/5.0 (compatible; AhrefsBot/7.0; +http://ahrefs.com/robot/)"
66.249.75.4 - - [29/Apr/2026:00:44:26 +0200] "GET /items/J873886823/ HTTP/1.1" 301 0 "-" "Mozilla/5.0 (compatible; Googlebot/2.1; +http://www.google.com/bot.html)"
57.141.20.12 - - [29/Apr/2026:00:44:25 +0200] "GET /items/G463295279/ HTTP/1.1" 404 100220 "-" "meta-externalagent/1.1 (+https://developers.facebook.com/docs/sharing/webmasters/crawler)"
66.249.72.37 - - [29/Apr/2026:00:44:26 +0200] "GET /items/J873886823/ HTTP/1.1" 404 100220 "-" "Mozilla/5.0 (compatible; Googlebot/2.1; +http://www.google.com/bot.html)"
109.234.166.131 - - [29/Apr/2026:00:44:48 +0200] "POST /wp-cron.php?doing_wp_cron=1777416288.6302049160003662109375 HTTP/1.1" 200 0 "-" "WordPress/6.9.4; https://marc-morin.ch"
66.249.72.36 - - [29/Apr/2026:00:44:50 +0200] "GET /items/H151325997/ HTTP/1.1" 404 100220 "-" "Mozilla/5.0 (compatible; Googlebot/2.1; +http://www.google.com/bot.html)"
109.234.166.131 - - [29/Apr/2026:00:45:17 +0200] "POST /wp-cron.php?doing_wp_cron=1777416317.6790130138397216796875 HTTP/1.1" 200 0 "-" "WordPress/6.9.4; https://marc-morin.ch"
57.141.20.59 - - [29/Apr/2026:00:45:16 +0200] "GET /items/G463463964/ HTTP/1.1" 404 100220 "-" "meta-externalagent/1.1 (+https://developers.facebook.com/docs/sharing/webmasters/crawler)"
57.141.20.2 - - [29/Apr/2026:00:45:31 +0200] "GET /?g=15121094etbqq HTTP/1.1" 200 162120 "-" "meta-externalagent/1.1 (+https://developers.facebook.com/docs/sharing/webmasters/crawler)"
109.234.166.131 - - [29/Apr/2026:00:45:45 +0200] "POST /wp-cron.php?doing_wp_cron=1777416345.1469039916992187500000 HTTP/1.1" 200 0 "-" "WordPress/6.9.4; https://marc-morin.ch"
54.37.118.73 - - [29/Apr/2026:00:45:53 +0200] "GET /items/G466737305/ HTTP/1.1" 404 100220 "-" "Mozilla/5.0 (compatible; AhrefsBot/7.0; +http://ahrefs.com/robot/)"
57.141.20.70 - - [29/Apr/2026:00:46:29 +0200] "GET /?g=33300604gw4wr HTTP/1.1" 200 162120 "-" "meta-externalagent/1.1 (+https://developers.facebook.com/docs/sharing/webmasters/crawler)"
66.249.72.36 - - [29/Apr/2026:00:46:38 +0200] "GET /items/C273845106/ HTTP/1.1" 404 100220 "-" "Mozilla/5.0 (compatible; Googlebot/2.1; +http://www.google.com/bot.html)"
57.141.20.49 - - [29/Apr/2026:00:46:43 +0200] "GET /?g=60474121yqmxl HTTP/1.1" 200 162120 "-" "meta-externalagent/1.1 (+https://developers.facebook.com/docs/sharing/webmasters/crawler)"
109.234.166.131 - - [29/Apr/2026:00:46:51 +0200] "POST /wp-cron.php?doing_wp_cron=1777416411.0933680534362792968750 HTTP/1.1" 200 0 "-" "WordPress/6.9.4; https://marc-morin.ch"
57.141.20.29 - - [29/Apr/2026:00:46:50 +0200] "GET /?g=5016167kab7q2 HTTP/1.1" 200 162120 "-" "meta-externalagent/1.1 (+https://developers.facebook.com/docs/sharing/webmasters/crawler)"
57.141.20.68 - - [29/Apr/2026:00:47:20 +0200] "GET /?g=3657535vrpltp HTTP/1.1" 200 162120 "-" "meta-externalagent/1.1 (+https://developers.facebook.com/docs/sharing/webmasters/crawler)"
57.141.20.65 - - [29/Apr/2026:00:47:28 +0200] "GET /items/G464210179/ HTTP/1.1" 404 100220 "-" "meta-externalagent/1.1 (+https://developers.facebook.com/docs/sharing/webmasters/crawler)"
66.249.75.5 - - [29/Apr/2026:00:47:29 +0200] "GET /items/N922286430/ HTTP/1.1" 301 0 "-" "Mozilla/5.0 (Linux; Android 6.0.1; Nexus 5X Build/MMB29P) AppleWebKit/537.36 (KHTML, like Gecko) Chrome/147.0.7727.116 Mobile Safari/537.36 (compatible; Googlebot/2.1; +http://www.google.com/bot.html)"
66.249.72.37 - - [29/Apr/2026:00:47:30 +0200] "GET /items/N922286430/ HTTP/1.1" 404 100220 "-" "Mozilla/5.0 (Linux; Android 6.0.1; Nexus 5X Build/MMB29P) AppleWebKit/537.36 (KHTML, like Gecko) Chrome/147.0.7727.116 Mobile Safari/537.36 (compatible; Googlebot/2.1; +http://www.google.com/bot.html)"
57.141.20.8 - - [29/Apr/2026:00:47:41 +0200] "GET /?g=44741192rsm1 HTTP/1.1" 200 162120 "-" "meta-externalagent/1.1 (+https://developers.facebook.com/docs/sharing/webmasters/crawler)"
66.249.72.38 - - [29/Apr/2026:00:48:05 +0200] "GET /?g=21165855go35s HTTP/1.1" 200 162120 "-" "Mozilla/5.0 (Linux; Android 6.0.1; Nexus 5X Build/MMB29P) AppleWebKit/537.36 (KHTML, like Gecko) Chrome/147.0.7727.116 Mobile Safari/537.36 (compatible; Googlebot/2.1; +http://www.google.com/bot.html)"
57.141.20.27 - - [29/Apr/2026:00:48:13 +0200] "GET /items/G465619867/ HTTP/1.1" 404 100220 "-" "meta-externalagent/1.1 (+https://developers.facebook.com/docs/sharing/webmasters/crawler)"
57.141.20.58 - - [29/Apr/2026:00:48:28 +0200] "GET /?g=5292857r28lky HTTP/1.1" 200 162120 "-" "meta-externalagent/1.1 (+https://developers.facebook.com/docs/sharing/webmasters/crawler)"
109.234.166.131 - - [29/Apr/2026:00:48:48 +0200] "POST /wp-cron.php?doing_wp_cron=1777416528.6802608966827392578125 HTTP/1.1" 200 0 "-" "WordPress/6.9.4; https://marc-morin.ch"
57.141.20.27 - - [29/Apr/2026:00:48:54 +0200] "GET /items/G463601779/ HTTP/1.1" 404 100220 "-" "meta-externalagent/1.1 (+https://developers.facebook.com/docs/sharing/webmasters/crawler)"
54.37.118.82 - - [29/Apr/2026:00:49:15 +0200] "GET /items/G466677137/ HTTP/1.1" 404 100220 "-" "Mozilla/5.0 (compatible; AhrefsBot/7.0; +http://ahrefs.com/robot/)"
57.141.20.1 - - [29/Apr/2026:00:49:15 +0200] "GET /items/G463162160/ HTTP/1.1" 404 100220 "-" "meta-externalagent/1.1 (+https://developers.facebook.com/docs/sharing/webmasters/crawler)"
57.141.20.47 - - [29/Apr/2026:00:49:25 +0200] "GET /items/G466811364/ HTTP/1.1" 404 100220 "-" "meta-externalagent/1.1 (+https://developers.facebook.com/docs/sharing/webmasters/crawler)"
57.141.20.45 - - [29/Apr/2026:00:45:44 +0200] "GET /items/G465408988/ HTTP/1.1" 404 100220 "-" "meta-externalagent/1.1 (+https://developers.facebook.com/docs/sharing/webmasters/crawler)"
57.141.20.16 - - [29/Apr/2026:00:45:45 +0200] "GET /items/G464615597/ HTTP/1.1" 404 100220 "-" "meta-externalagent/1.1 (+https://developers.facebook.com/docs/sharing/webmasters/crawler)"
57.141.20.42 - - [29/Apr/2026:00:45:52 +0200] "GET /items/G462260336/ HTTP/1.1" 404 100220 "-" "meta-externalagent/1.1 (+https://developers.facebook.com/docs/sharing/webmasters/crawler)"
57.141.20.28 - - [29/Apr/2026:00:46:00 +0200] "GET /items/G462741476/ HTTP/1.1" 404 100220 "-" "meta-externalagent/1.1 (+https://developers.facebook.com/docs/sharing/webmasters/crawler)"
57.141.20.12 - - [29/Apr/2026:00:46:06 +0200] "GET /items/G462363626/ HTTP/1.1" 404 100220 "-" "meta-externalagent/1.1 (+https://developers.facebook.com/docs/sharing/webmasters/crawler)"
57.141.20.60 - - [29/Apr/2026:00:46:14 +0200] "GET /items/G462801853/ HTTP/1.1" 404 100220 "-" "meta-externalagent/1.1 (+https://developers.facebook.com/docs/sharing/webmasters/crawler)"
57.141.20.53 - - [29/Apr/2026:00:46:22 +0200] "GET /items/G465216295/ HTTP/1.1" 404 100220 "-" "meta-externalagent/1.1 (+https://developers.facebook.com/docs/sharing/webmasters/crawler)"
66.249.75.4 - - [29/Apr/2026:00:46:37 +0200] "GET /items/C273845106/ HTTP/1.1" 301 0 "-" "Mozilla/5.0 (compatible; Googlebot/2.1; +http://www.google.com/bot.html)"
57.141.20.14 - - [29/Apr/2026:00:46:36 +0200] "GET /?g=913920783lue HTTP/1.1" 200 162120 "-" "meta-externalagent/1.1 (+https://developers.facebook.com/docs/sharing/webmasters/crawler)"
57.141.20.52 - - [29/Apr/2026:00:46:56 +0200] "GET /items/G463753218/ HTTP/1.1" 404 100220 "-" "meta-externalagent/1.1 (+https://developers.facebook.com/docs/sharing/webmasters/crawler)"
57.141.20.30 - - [29/Apr/2026:00:47:21 +0200] "GET /items/G465205370/ HTTP/1.1" 404 100220 "-" "meta-externalagent/1.1 (+https://developers.facebook.com/docs/sharing/webmasters/crawler)"
57.141.20.68 - - [29/Apr/2026:00:47:34 +0200] "GET /items/G466511944/ HTTP/1.1" 404 100220 "-" "meta-externalagent/1.1 (+https://developers.facebook.com/docs/sharing/webmasters/crawler)"
57.141.20.0 - - [29/Apr/2026:00:47:47 +0200] "GET /?g=5834486dlljb2 HTTP/1.1" 200 162120 "-" "meta-externalagent/1.1 (+https://developers.facebook.com/docs/sharing/webmasters/crawler)"
57.141.20.54 - - [29/Apr/2026:00:47:59 +0200] "GET /items/G463893539/ HTTP/1.1" 404 100220 "-" "meta-externalagent/1.1 (+https://developers.facebook.com/docs/sharing/webmasters/crawler)"
57.141.20.12 - - [29/Apr/2026:00:48:21 +0200] "GET /?g=6202700t6vp38 HTTP/1.1" 200 162120 "-" "meta-externalagent/1.1 (+https://developers.facebook.com/docs/sharing/webmasters/crawler)"
66.249.72.36 - - [29/Apr/2026:00:48:32 +0200] "GET /?g=442212iccnfs HTTP/1.1" 200 162120 "-" "Mozilla/5.0 (Linux; Android 6.0.1; Nexus 5X Build/MMB29P) AppleWebKit/537.36 (KHTML, like Gecko) Chrome/147.0.7727.116 Mobile Safari/537.36 (compatible; Googlebot/2.1; +http://www.google.com/bot.html)"
57.141.20.42 - - [29/Apr/2026:00:48:34 +0200] "GET /?g=51524592nh0s6 HTTP/1.1" 200 162120 "-" "meta-externalagent/1.1 (+https://developers.facebook.com/docs/sharing/webmasters/crawler)"
57.141.20.30 - - [29/Apr/2026:00:48:54 +0200] "GET /?g=22909017vm193 HTTP/1.1" 200 162120 "-" "meta-externalagent/1.1 (+https://developers.facebook.com/docs/sharing/webmasters/crawler)"
57.141.20.64 - - [29/Apr/2026:00:50:16 +0200] "GET /?g=6129109kvy0f8 HTTP/1.1" 200 162120 "-" "meta-externalagent/1.1 (+https://developers.facebook.com/docs/sharing/webmasters/crawler)"
66.249.75.5 - - [29/Apr/2026:00:50:30 +0200] "GET /items/K634207404 HTTP/1.1" 301 0 "-" "Mozilla/5.0 (compatible; Googlebot/2.1; +http://www.google.com/bot.html)"
66.249.72.36 - - [29/Apr/2026:00:50:30 +0200] "GET /items/K634207404 HTTP/1.1" 404 100216 "-" "Mozilla/5.0 (Linux; Android 6.0.1; Nexus 5X Build/MMB29P) AppleWebKit/537.36 (KHTML, like Gecko) Chrome/147.0.7727.116 Mobile Safari/537.36 (compatible; Googlebot/2.1; +http://www.google.com/bot.html)"
57.141.20.2 - - [29/Apr/2026:00:47:07 +0200] "GET /items/G464990689/ HTTP/1.1" 404 100220 "-" "meta-externalagent/1.1 (+https://developers.facebook.com/docs/sharing/webmasters/crawler)"
57.141.20.6 - - [29/Apr/2026:00:47:08 +0200] "GET /items/G461601459/ HTTP/1.1" 404 100220 "-" "meta-externalagent/1.1 (+https://developers.facebook.com/docs/sharing/webmasters/crawler)"
92.222.104.212 - - [29/Apr/2026:00:47:26 +0200] "GET /items/G466679190/ HTTP/1.1" 404 100220 "-" "Mozilla/5.0 (compatible; AhrefsBot/7.0; +http://ahrefs.com/robot/)"
109.234.166.131 - - [29/Apr/2026:00:47:48 +0200] "POST /wp-cron.php?doing_wp_cron=1777416468.8422620296478271484375 HTTP/1.1" 200 0 "-" "WordPress/6.9.4; https://marc-morin.ch"
57.141.20.29 - - [29/Apr/2026:00:48:00 +0200] "GET /items/G461998180/ HTTP/1.1" 404 100220 "-" "meta-externalagent/1.1 (+https://developers.facebook.com/docs/sharing/webmasters/crawler)"
57.141.20.37 - - [29/Apr/2026:00:48:14 +0200] "GET /items/G462570426/ HTTP/1.1" 404 100220 "-" "meta-externalagent/1.1 (+https://developers.facebook.com/docs/sharing/webmasters/crawler)"
57.141.20.21 - - [29/Apr/2026:00:48:47 +0200] "GET /?g=11917763j0p14 HTTP/1.1" 200 162120 "-" "meta-externalagent/1.1 (+https://developers.facebook.com/docs/sharing/webmasters/crawler)"
57.141.20.33 - - [29/Apr/2026:00:49:26 +0200] "GET /?g=6135286zrnmhj HTTP/1.1" 200 162120 "-" "meta-externalagent/1.1 (+https://developers.facebook.com/docs/sharing/webmasters/crawler)"
57.141.20.1 - - [29/Apr/2026:00:49:36 +0200] "GET /items/G464170960/ HTTP/1.1" 404 100220 "-" "meta-externalagent/1.1 (+https://developers.facebook.com/docs/sharing/webmasters/crawler)"
109.234.166.131 - - [29/Apr/2026:00:49:46 +0200] "POST /wp-cron.php?doing_wp_cron=1777416586.1639490127563476562500 HTTP/1.1" 200 0 "-" "WordPress/6.9.4; https://marc-morin.ch"
57.141.20.39 - - [29/Apr/2026:00:49:45 +0200] "GET /items/G464820321/ HTTP/1.1" 404 100220 "-" "meta-externalagent/1.1 (+https://developers.facebook.com/docs/sharing/webmasters/crawler)"
66.249.72.38 - - [29/Apr/2026:00:49:45 +0200] "GET /items/Y415124813/ HTTP/1.1" 404 100220 "-" "Mozilla/5.0 (compatible; Googlebot/2.1; +http://www.google.com/bot.html)"
66.249.75.4 - - [29/Apr/2026:00:49:47 +0200] "GET /items/M113785934/ HTTP/1.1" 301 0 "-" "Mozilla/5.0 (compatible; Googlebot/2.1; +http://www.google.com/bot.html)"
57.141.20.20 - - [29/Apr/2026:00:50:17 +0200] "GET /?g=5755220bdvly5 HTTP/1.1" 200 162120 "-" "meta-externalagent/1.1 (+https://developers.facebook.com/docs/sharing/webmasters/crawler)"
66.249.75.5 - - [29/Apr/2026:00:50:22 +0200] "GET /items/Y034367536/ HTTP/1.1" 301 0 "-" "Mozilla/5.0 (compatible; Googlebot/2.1; +http://www.google.com/bot.html)"
66.249.75.5 - - [29/Apr/2026:00:50:30 +0200] "GET /items/K634207404 HTTP/1.1" 301 0 "-" "Mozilla/5.0 (Linux; Android 6.0.1; Nexus 5X Build/MMB29P) AppleWebKit/537.36 (KHTML, like Gecko) Chrome/147.0.7727.116 Mobile Safari/537.36 (compatible; Googlebot/2.1; +http://www.google.com/bot.html)"
57.141.20.9 - - [29/Apr/2026:00:50:30 +0200] "GET /items/G462605214/ HTTP/1.1" 404 100220 "-" "meta-externalagent/1.1 (+https://developers.facebook.com/docs/sharing/webmasters/crawler)"
51.68.247.192 - - [29/Apr/2026:00:51:02 +0200] "GET /items/G466641935/ HTTP/1.1" 404 100220 "-" "Mozilla/5.0 (compatible; AhrefsBot/7.0; +http://ahrefs.com/robot/)"
57.141.20.20 - - [29/Apr/2026:00:51:12 +0200] "GET /items/G462197233/ HTTP/1.1" 404 100220 "-" "meta-externalagent/1.1 (+https://developers.facebook.com/docs/sharing/webmasters/crawler)"
66.249.75.5 - - [29/Apr/2026:00:53:12 +0200] "GET /items/I002241187/ HTTP/1.1" 301 0 "-" "Mozilla/5.0 (compatible; Googlebot/2.1; +http://www.google.com/bot.html)"
66.249.72.37 - - [29/Apr/2026:00:53:12 +0200] "GET /items/I002241187/ HTTP/1.1" 404 100220 "-" "Mozilla/5.0 (compatible; Googlebot/2.1; +http://www.google.com/bot.html)"
57.141.20.1 - - [29/Apr/2026:00:53:18 +0200] "GET /?g=48373426km76o HTTP/1.1" 200 162120 "-" "meta-externalagent/1.1 (+https://developers.facebook.com/docs/sharing/webmasters/crawler)"
109.234.166.131 - - [29/Apr/2026:00:49:45 +0200] "POST /wp-cron.php?doing_wp_cron=1777416585.5014970302581787109375 HTTP/1.1" 200 0 "-" "WordPress/6.9.4; https://marc-morin.ch"
66.249.75.5 - - [29/Apr/2026:00:49:45 +0200] "GET /items/Y415124813/ HTTP/1.1" 301 0 "-" "Mozilla/5.0 (compatible; Googlebot/2.1; +http://www.google.com/bot.html)"
66.249.72.36 - - [29/Apr/2026:00:49:47 +0200] "GET /items/M113785934/ HTTP/1.1" 404 100220 "-" "Mozilla/5.0 (compatible; Googlebot/2.1; +http://www.google.com/bot.html)"
66.249.72.36 - - [29/Apr/2026:00:50:23 +0200] "GET /items/Y034367536/ HTTP/1.1" 404 100220 "-" "Mozilla/5.0 (compatible; Googlebot/2.1; +http://www.google.com/bot.html)"
109.234.166.131 - - [29/Apr/2026:00:50:53 +0200] "POST /wp-cron.php?doing_wp_cron=1777416653.1498730182647705078125 HTTP/1.1" 200 0 "-" "WordPress/6.9.4; https://marc-morin.ch"
57.141.20.1 - - [29/Apr/2026:00:51:02 +0200] "GET /echinomycinzep.xml HTTP/1.1" 404 100216 "-" "meta-externalagent/1.1 (+https://developers.facebook.com/docs/sharing/webmasters/crawler)"
109.234.166.131 - - [29/Apr/2026:00:51:52 +0200] "POST /wp-cron.php?doing_wp_cron=1777416712.5212490558624267578125 HTTP/1.1" 200 0 "-" "WordPress/6.9.4; https://marc-morin.ch"
57.141.20.44 - - [29/Apr/2026:00:51:51 +0200] "GET /items/G467078771/ HTTP/1.1" 404 100220 "-" "meta-externalagent/1.1 (+https://developers.facebook.com/docs/sharing/webmasters/crawler)"
57.141.20.69 - - [29/Apr/2026:00:52:07 +0200] "GET /?g=3733374ec08ku HTTP/1.1" 200 162120 "-" "meta-externalagent/1.1 (+https://developers.facebook.com/docs/sharing/webmasters/crawler)"
109.234.166.131 - - [29/Apr/2026:00:52:27 +0200] "POST /wp-cron.php?doing_wp_cron=1777416747.9577391147613525390625 HTTP/1.1" 200 0 "-" "WordPress/6.9.4; https://marc-morin.ch"
57.141.20.12 - - [29/Apr/2026:00:52:27 +0200] "GET /items/G464056607/ HTTP/1.1" 404 100220 "-" "meta-externalagent/1.1 (+https://developers.facebook.com/docs/sharing/webmasters/crawler)"
109.234.166.131 - - [29/Apr/2026:00:53:08 +0200] "POST /wp-cron.php?doing_wp_cron=1777416788.2851290702819824218750 HTTP/1.1" 200 0 "-" "WordPress/6.9.4; https://marc-morin.ch"
66.249.75.4 - - [29/Apr/2026:00:53:08 +0200] "GET /items/U365014448/ HTTP/1.1" 301 0 "-" "Mozilla/5.0 (Linux; Android 6.0.1; Nexus 5X Build/MMB29P) AppleWebKit/537.36 (KHTML, like Gecko) Chrome/147.0.7727.116 Mobile Safari/537.36 (compatible; Googlebot/2.1; +http://www.google.com/bot.html)"
57.141.20.21 - - [29/Apr/2026:00:53:20 +0200] "GET /items/G461130666/ HTTP/1.1" 404 100220 "-" "meta-externalagent/1.1 (+https://developers.facebook.com/docs/sharing/webmasters/crawler)"
109.234.166.131 - - [29/Apr/2026:00:53:39 +0200] "POST /wp-cron.php?doing_wp_cron=1777416819.5258181095123291015625 HTTP/1.1" 200 0 "-" "WordPress/6.9.4; https://marc-morin.ch"
57.141.20.47 - - [29/Apr/2026:00:53:38 +0200] "GET /items/G466329949/ HTTP/1.1" 404 100220 "-" "meta-externalagent/1.1 (+https://developers.facebook.com/docs/sharing/webmasters/crawler)"
57.141.20.47 - - [29/Apr/2026:00:54:10 +0200] "GET /items/G465287841/ HTTP/1.1" 404 100220 "-" "meta-externalagent/1.1 (+https://developers.facebook.com/docs/sharing/webmasters/crawler)"
57.141.20.53 - - [29/Apr/2026:00:54:38 +0200] "GET /items/G461964473/ HTTP/1.1" 404 100220 "-" "meta-externalagent/1.1 (+https://developers.facebook.com/docs/sharing/webmasters/crawler)"
57.141.20.27 - - [29/Apr/2026:00:55:03 +0200] "GET /items/G466554862/ HTTP/1.1" 404 100220 "-" "meta-externalagent/1.1 (+https://developers.facebook.com/docs/sharing/webmasters/crawler)"
66.249.72.37 - - [29/Apr/2026:00:55:27 +0200] "GET /?g=1543453p9nyz2 HTTP/1.1" 200 162120 "-" "Mozilla/5.0 (Linux; Android 6.0.1; Nexus 5X Build/MMB29P) AppleWebKit/537.36 (KHTML, like Gecko) Chrome/147.0.7727.116 Mobile Safari/537.36 (compatible; Googlebot/2.1; +http://www.google.com/bot.html)"
57.141.20.17 - - [29/Apr/2026:00:55:34 +0200] "GET /items/G463170642/ HTTP/1.1" 404 100220 "-" "meta-externalagent/1.1 (+https://developers.facebook.com/docs/sharing/webmasters/crawler)"
66.249.72.37 - - [29/Apr/2026:00:50:31 +0200] "GET /items/K634207404 HTTP/1.1" 404 100216 "-" "Mozilla/5.0 (compatible; Googlebot/2.1; +http://www.google.com/bot.html)"
57.141.20.6 - - [29/Apr/2026:00:50:41 +0200] "GET /items/G464932860/ HTTP/1.1" 404 100220 "-" "meta-externalagent/1.1 (+https://developers.facebook.com/docs/sharing/webmasters/crawler)"
57.141.20.60 - - [29/Apr/2026:00:50:52 +0200] "GET /items/G461656223/ HTTP/1.1" 404 100220 "-" "meta-externalagent/1.1 (+https://developers.facebook.com/docs/sharing/webmasters/crawler)"
57.141.20.9 - - [29/Apr/2026:00:52:43 +0200] "GET /items/G465311508/ HTTP/1.1" 404 100220 "-" "meta-externalagent/1.1 (+https://developers.facebook.com/docs/sharing/webmasters/crawler)"
66.249.72.37 - - [29/Apr/2026:00:53:08 +0200] "GET /items/U365014448/ HTTP/1.1" 404 100220 "-" "Mozilla/5.0 (Linux; Android 6.0.1; Nexus 5X Build/MMB29P) AppleWebKit/537.36 (KHTML, like Gecko) Chrome/147.0.7727.116 Mobile Safari/537.36 (compatible; Googlebot/2.1; +http://www.google.com/bot.html)"
57.141.20.10 - - [29/Apr/2026:00:53:54 +0200] "GET /?g=2979981e2nfey HTTP/1.1" 200 162120 "-" "meta-externalagent/1.1 (+https://developers.facebook.com/docs/sharing/webmasters/crawler)"
66.249.72.37 - - [29/Apr/2026:00:54:05 +0200] "GET /?g=5195094vip2um HTTP/1.1" 200 162120 "-" "Mozilla/5.0 (Linux; Android 6.0.1; Nexus 5X Build/MMB29P) AppleWebKit/537.36 (KHTML, like Gecko) Chrome/147.0.7727.116 Mobile Safari/537.36 (compatible; Googlebot/2.1; +http://www.google.com/bot.html)"
57.141.20.57 - - [29/Apr/2026:00:54:24 +0200] "GET /?g=47418863eaht8 HTTP/1.1" 200 162120 "-" "meta-externalagent/1.1 (+https://developers.facebook.com/docs/sharing/webmasters/crawler)"
57.141.20.3 - - [29/Apr/2026:00:55:04 +0200] "GET /items/G463318131/ HTTP/1.1" 404 100220 "-" "meta-externalagent/1.1 (+https://developers.facebook.com/docs/sharing/webmasters/crawler)"
66.249.75.6 - - [29/Apr/2026:00:55:12 +0200] "GET /items/J443456168/ HTTP/1.1" 301 0 "-" "Mozilla/5.0 (Linux; Android 6.0.1; Nexus 5X Build/MMB29P) AppleWebKit/537.36 (KHTML, like Gecko) Chrome/147.0.7727.116 Mobile Safari/537.36 (compatible; Googlebot/2.1; +http://www.google.com/bot.html)"
66.249.72.36 - - [29/Apr/2026:00:55:13 +0200] "GET /items/J443456168/ HTTP/1.1" 404 100220 "-" "Mozilla/5.0 (Linux; Android 6.0.1; Nexus 5X Build/MMB29P) AppleWebKit/537.36 (KHTML, like Gecko) Chrome/147.0.7727.116 Mobile Safari/537.36 (compatible; Googlebot/2.1; +http://www.google.com/bot.html)"
5.39.1.243 - - [29/Apr/2026:00:55:15 +0200] "GET /items/G467301123/ HTTP/1.1" 404 100220 "-" "Mozilla/5.0 (compatible; AhrefsBot/7.0; +http://ahrefs.com/robot/)"
57.141.20.28 - - [29/Apr/2026:00:55:19 +0200] "GET /items/G467015661/ HTTP/1.1" 404 100220 "-" "meta-externalagent/1.1 (+https://developers.facebook.com/docs/sharing/webmasters/crawler)"
66.249.72.36 - - [29/Apr/2026:00:55:29 +0200] "GET /items/X475355436/ HTTP/1.1" 404 100220 "-" "Mozilla/5.0 (Linux; Android 6.0.1; Nexus 5X Build/MMB29P) AppleWebKit/537.36 (KHTML, like Gecko) Chrome/147.0.7727.116 Mobile Safari/537.36 (compatible; Googlebot/2.1; +http://www.google.com/bot.html)"
57.141.20.53 - - [29/Apr/2026:00:55:49 +0200] "GET /?g=6487890tpempg HTTP/1.1" 200 162120 "-" "meta-externalagent/1.1 (+https://developers.facebook.com/docs/sharing/webmasters/crawler)"
57.141.20.7 - - [29/Apr/2026:00:56:19 +0200] "GET /?g=2668282p2993h HTTP/1.1" 200 162120 "-" "meta-externalagent/1.1 (+https://developers.facebook.com/docs/sharing/webmasters/crawler)"
94.23.188.219 - - [29/Apr/2026:00:57:37 +0200] "GET /items/G467295633/ HTTP/1.1" 404 100220 "-" "Mozilla/5.0 (compatible; AhrefsBot/7.0; +http://ahrefs.com/robot/)"
57.141.20.55 - - [29/Apr/2026:00:58:50 +0200] "GET /items/G465507725/ HTTP/1.1" 404 100220 "-" "meta-externalagent/1.1 (+https://developers.facebook.com/docs/sharing/webmasters/crawler)"
66.249.75.5 - - [29/Apr/2026:00:59:08 +0200] "GET /items/R883436302/ HTTP/1.1" 301 0 "-" "Mozilla/5.0 (compatible; Googlebot/2.1; +http://www.google.com/bot.html)"
66.249.72.36 - - [29/Apr/2026:00:55:43 +0200] "GET /?g=819800br3sib HTTP/1.1" 200 162120 "-" "Mozilla/5.0 (compatible; Googlebot/2.1; +http://www.google.com/bot.html)"
109.234.166.131 - - [29/Apr/2026:00:55:50 +0200] "POST /wp-cron.php?doing_wp_cron=1777416950.0969159603118896484375 HTTP/1.1" 200 0 "-" "WordPress/6.9.4; https://marc-morin.ch"
57.141.20.56 - - [29/Apr/2026:00:56:38 +0200] "GET /items/G465054526/ HTTP/1.1" 404 100220 "-" "meta-externalagent/1.1 (+https://developers.facebook.com/docs/sharing/webmasters/crawler)"
109.234.166.131 - - [29/Apr/2026:00:57:13 +0200] "POST /wp-cron.php?doing_wp_cron=1777417033.8160390853881835937500 HTTP/1.1" 200 0 "-" "WordPress/6.9.4; https://marc-morin.ch"
57.141.20.3 - - [29/Apr/2026:00:57:13 +0200] "GET /items/G462357599/ HTTP/1.1" 404 100220 "-" "meta-externalagent/1.1 (+https://developers.facebook.com/docs/sharing/webmasters/crawler)"
109.234.166.131 - - [29/Apr/2026:00:57:49 +0200] "POST /wp-cron.php?doing_wp_cron=1777417069.9619700908660888671875 HTTP/1.1" 200 0 "-" "WordPress/6.9.4; https://marc-morin.ch"
57.141.20.33 - - [29/Apr/2026:00:58:04 +0200] "GET /items/G467560799/ HTTP/1.1" 404 100220 "-" "meta-externalagent/1.1 (+https://developers.facebook.com/docs/sharing/webmasters/crawler)"
57.141.20.27 - - [29/Apr/2026:00:58:18 +0200] "GET /items/G462258444/ HTTP/1.1" 404 100220 "-" "meta-externalagent/1.1 (+https://developers.facebook.com/docs/sharing/webmasters/crawler)"
66.249.72.37 - - [29/Apr/2026:00:58:34 +0200] "GET /?g=4706072mq67ci HTTP/1.1" 200 162120 "-" "Mozilla/5.0 (compatible; Googlebot/2.1; +http://www.google.com/bot.html)"
109.234.166.131 - - [29/Apr/2026:00:58:49 +0200] "POST /wp-cron.php?doing_wp_cron=1777417129.5782771110534667968750 HTTP/1.1" 200 0 "-" "WordPress/6.9.4; https://marc-morin.ch"
57.141.20.53 - - [29/Apr/2026:00:58:48 +0200] "GET /items/G463149793/ HTTP/1.1" 404 100220 "-" "meta-externalagent/1.1 (+https://developers.facebook.com/docs/sharing/webmasters/crawler)"
66.249.72.36 - - [29/Apr/2026:00:59:09 +0200] "GET /items/R883436302/ HTTP/1.1" 404 100220 "-" "Mozilla/5.0 (compatible; Googlebot/2.1; +http://www.google.com/bot.html)"
66.249.72.36 - - [29/Apr/2026:00:59:18 +0200] "GET /items/Y413693381/ HTTP/1.1" 404 100220 "-" "Mozilla/5.0 (Linux; Android 6.0.1; Nexus 5X Build/MMB29P) AppleWebKit/537.36 (KHTML, like Gecko) Chrome/147.0.7727.116 Mobile Safari/537.36 (compatible; Googlebot/2.1; +http://www.google.com/bot.html)"
66.249.72.37 - - [29/Apr/2026:00:59:21 +0200] "GET /items/R884417370/ HTTP/1.1" 404 100220 "-" "Mozilla/5.0 (Linux; Android 6.0.1; Nexus 5X Build/MMB29P) AppleWebKit/537.36 (KHTML, like Gecko) Chrome/147.0.7727.116 Mobile Safari/537.36 (compatible; Googlebot/2.1; +http://www.google.com/bot.html)"
57.141.20.60 - - [29/Apr/2026:01:00:04 +0200] "GET /items/G465891897/ HTTP/1.1" 404 100220 "-" "meta-externalagent/1.1 (+https://developers.facebook.com/docs/sharing/webmasters/crawler)"
109.234.166.131 - - [29/Apr/2026:01:00:23 +0200] "POST /wp-cron.php?doing_wp_cron=1777417223.5917549133300781250000 HTTP/1.1" 200 0 "-" "WordPress/6.9.4; https://marc-morin.ch"
57.141.20.37 - - [29/Apr/2026:01:00:22 +0200] "GET /items/G467859768/ HTTP/1.1" 404 100220 "-" "meta-externalagent/1.1 (+https://developers.facebook.com/docs/sharing/webmasters/crawler)"
109.234.166.131 - - [29/Apr/2026:01:01:07 +0200] "POST /wp-cron.php?doing_wp_cron=1777417267.2219159603118896484375 HTTP/1.1" 200 0 "-" "WordPress/6.9.4; https://marc-morin.ch"
66.249.75.4 - - [29/Apr/2026:01:01:07 +0200] "GET /items/C242557924/ HTTP/1.1" 301 0 "-" "Mozilla/5.0 (compatible; Googlebot/2.1; +http://www.google.com/bot.html)"
57.141.20.39 - - [29/Apr/2026:01:01:18 +0200] "GET /items/G461244716/ HTTP/1.1" 404 100220 "-" "meta-externalagent/1.1 (+https://developers.facebook.com/docs/sharing/webmasters/crawler)"
109.234.166.131 - - [29/Apr/2026:01:01:59 +0200] "POST /wp-cron.php?doing_wp_cron=1777417318.9942350387573242187500 HTTP/1.1" 200 0 "-" "WordPress/6.9.4; https://marc-morin.ch"
