57.141.20.26 - - [29/Apr/2026:06:59:47 +0200] "GET /?g=2646706bd25ko HTTP/1.1" 200 162120 "-" "meta-externalagent/1.1 (+https://developers.facebook.com/docs/sharing/webmasters/crawler)"
57.141.20.26 - - [29/Apr/2026:06:59:55 +0200] "GET /?g=17866334cp257 HTTP/1.1" 200 162120 "-" "meta-externalagent/1.1 (+https://developers.facebook.com/docs/sharing/webmasters/crawler)"
57.141.20.42 - - [29/Apr/2026:07:00:07 +0200] "GET /items/G464029874/ HTTP/1.1" 404 100220 "-" "meta-externalagent/1.1 (+https://developers.facebook.com/docs/sharing/webmasters/crawler)"
66.249.75.4 - - [29/Apr/2026:07:00:40 +0200] "GET /items/T644997504/ HTTP/1.1" 301 0 "-" "Mozilla/5.0 (compatible; Googlebot/2.1; +http://www.google.com/bot.html)"
57.141.20.32 - - [29/Apr/2026:07:00:59 +0200] "GET /?g=9413699innmn HTTP/1.1" 200 162120 "-" "meta-externalagent/1.1 (+https://developers.facebook.com/docs/sharing/webmasters/crawler)"
57.141.20.51 - - [29/Apr/2026:07:01:15 +0200] "GET /items/G465640478/ HTTP/1.1" 404 100220 "-" "meta-externalagent/1.1 (+https://developers.facebook.com/docs/sharing/webmasters/crawler)"
57.141.20.45 - - [29/Apr/2026:07:01:55 +0200] "GET /items/G463389346/ HTTP/1.1" 404 100220 "-" "meta-externalagent/1.1 (+https://developers.facebook.com/docs/sharing/webmasters/crawler)"
109.234.166.131 - - [29/Apr/2026:07:02:15 +0200] "POST /wp-cron.php?doing_wp_cron=1777438935.4418489933013916015625 HTTP/1.1" 200 0 "-" "WordPress/6.9.4; https://marc-morin.ch"
57.141.20.56 - - [29/Apr/2026:07:02:14 +0200] "GET /?g=2762311raoj48 HTTP/1.1" 200 162120 "-" "meta-externalagent/1.1 (+https://developers.facebook.com/docs/sharing/webmasters/crawler)"
57.141.20.18 - - [29/Apr/2026:07:02:25 +0200] "GET /items/G465958605/ HTTP/1.1" 404 100220 "-" "meta-externalagent/1.1 (+https://developers.facebook.com/docs/sharing/webmasters/crawler)"
198.244.183.197 - - [29/Apr/2026:07:02:37 +0200] "GET /items/G465620101/ HTTP/1.1" 404 100220 "-" "Mozilla/5.0 (compatible; AhrefsBot/7.0; +http://ahrefs.com/robot/)"
66.249.72.36 - - [29/Apr/2026:07:02:41 +0200] "GET /items/A093339410/ HTTP/1.1" 404 100220 "-" "Mozilla/5.0 (compatible; Googlebot/2.1; +http://www.google.com/bot.html)"
109.234.166.131 - - [29/Apr/2026:07:02:47 +0200] "POST /wp-cron.php?doing_wp_cron=1777438967.4779500961303710937500 HTTP/1.1" 200 0 "-" "WordPress/6.9.4; https://marc-morin.ch"
57.141.20.42 - - [29/Apr/2026:07:02:46 +0200] "GET /items/G462381161/ HTTP/1.1" 404 100220 "-" "meta-externalagent/1.1 (+https://developers.facebook.com/docs/sharing/webmasters/crawler)"
57.141.20.38 - - [29/Apr/2026:07:02:57 +0200] "GET /?g=37045089xl1cs HTTP/1.1" 200 162120 "-" "meta-externalagent/1.1 (+https://developers.facebook.com/docs/sharing/webmasters/crawler)"
74.125.216.36 - - [29/Apr/2026:07:02:58 +0200] "GET /wp-content/themes/hello-elementor/assets/css/header-footer.css?ver=3.4.7 HTTP/1.1" 200 7182 "https://marc-morin.ch/?g=5131311qak08f" "Mozilla/5.0 (X11; Linux x86_64) AppleWebKit/537.36 (KHTML, like Gecko) Chrome/146.0.7680.177 Safari/537.36"
74.125.216.36 - - [29/Apr/2026:07:02:59 +0200] "GET /wp-content/plugins/elementor-pro/assets/css/widget-form.min.css?ver=3.26.2 HTTP/1.1" 200 6798 "https://marc-morin.ch/?g=5131311qak08f" "Mozilla/5.0 (X11; Linux x86_64) AppleWebKit/537.36 (KHTML, like Gecko) Chrome/146.0.7680.177 Safari/537.36"
74.125.216.36 - - [29/Apr/2026:07:03:00 +0200] "GET /wp-content/plugins/elementor/assets/lib/animations/styles/fadeIn.min.css?ver=4.0.2 HTTP/1.1" 200 77 "https://marc-morin.ch/?g=5131311qak08f" "Mozilla/5.0 (X11; Linux x86_64) AppleWebKit/537.36 (KHTML, like Gecko) Chrome/146.0.7680.177 Safari/537.36"
74.125.216.36 - - [29/Apr/2026:07:02:57 +0200] "GET /wp-content/themes/hello-elementor/assets/css/reset.css?ver=3.4.7 HTTP/1.1" 200 5456 "https://marc-morin.ch/?g=5131311qak08f" "Mozilla/5.0 (X11; Linux x86_64) AppleWebKit/537.36 (KHTML, like Gecko) Chrome/146.0.7680.177 Safari/537.36"
74.125.216.36 - - [29/Apr/2026:07:03:00 +0200] "GET /wp-content/plugins/elementor/assets/css/widget-spacer.min.css?ver=4.0.2 HTTP/1.1" 200 1793 "https://marc-morin.ch/?g=5131311qak08f" "Mozilla/5.0 (X11; Linux x86_64) AppleWebKit/537.36 (KHTML, like Gecko) Chrome/146.0.7680.177 Safari/537.36"
74.125.216.36 - - [29/Apr/2026:07:03:00 +0200] "GET /wp-content/plugins/elementor/assets/lib/eicons/css/elementor-icons.min.css?ver=5.48.0 HTTP/1.1" 200 21780 "https://marc-morin.ch/?g=5131311qak08f" "Mozilla/5.0 (X11; Linux x86_64) AppleWebKit/537.36 (KHTML, like Gecko) Chrome/146.0.7680.177 Safari/537.36"
74.125.216.36 - - [29/Apr/2026:07:03:01 +0200] "GET /wp-content/plugins/elementor/assets/lib/swiper/v8/css/swiper.min.css?ver=8.4.5 HTTP/1.1" 200 16471 "https://marc-morin.ch/?g=5131311qak08f" "Mozilla/5.0 (X11; Linux x86_64) AppleWebKit/537.36 (KHTML, like Gecko) Chrome/146.0.7680.177 Safari/537.36"
74.125.216.36 - - [29/Apr/2026:07:03:02 +0200] "GET /wp-content/plugins/elementor-pro/assets/css/widget-loop-common.min.css?ver=3.26.2 HTTP/1.1" 200 208 "https://marc-morin.ch/?g=5131311qak08f" "Mozilla/5.0 (X11; Linux x86_64) AppleWebKit/537.36 (KHTML, like Gecko) Chrome/146.0.7680.177 Safari/537.36"
74.125.216.36 - - [29/Apr/2026:07:03:03 +0200] "GET /wp-content/plugins/elementor/assets/lib/font-awesome/css/solid.min.css?ver=5.15.3 HTTP/1.1" 200 669 "https://marc-morin.ch/?g=5131311qak08f" "Mozilla/5.0 (X11; Linux x86_64) AppleWebKit/537.36 (KHTML, like Gecko) Chrome/146.0.7680.177 Safari/537.36"
74.125.216.36 - - [29/Apr/2026:07:03:04 +0200] "GET /wp-content/uploads/2022/07/Courvreur-Marc-Morin-300x200.png HTTP/1.1" 200 6325 "https://marc-morin.ch/?g=5131311qak08f" "Mozilla/5.0 (X11; Linux x86_64) AppleWebKit/537.36 (KHTML, like Gecko) Chrome/146.0.7680.177 Safari/537.36"
74.125.216.36 - - [29/Apr/2026:07:03:05 +0200] "GET /wp-content/uploads/2025/06/Travaux-sur-toiture-suisse.jpg HTTP/1.1" 200 422367 "https://marc-morin.ch/?g=5131311qak08f" "Mozilla/5.0 (X11; Linux x86_64) AppleWebKit/537.36 (KHTML, like Gecko) Chrome/146.0.7680.177 Safari/537.36"
74.125.216.36 - - [29/Apr/2026:07:03:07 +0200] "GET /wp-content/plugins/elementor/assets/lib/font-awesome/css/fontawesome.min.css?ver=5.15.3 HTTP/1.1" 200 58071 "https://marc-morin.ch/?g=5131311qak08f" "Mozilla/5.0 (X11; Linux x86_64) AppleWebKit/537.36 (KHTML, like Gecko) Chrome/146.0.7680.177 Safari/537.36"
57.141.20.16 - - [29/Apr/2026:07:03:08 +0200] "GET /?g=1493569p3w55y HTTP/1.1" 200 162120 "-" "meta-externalagent/1.1 (+https://developers.facebook.com/docs/sharing/webmasters/crawler)"
74.125.216.36 - - [29/Apr/2026:07:03:09 +0200] "GET /wp-content/plugins/elementor/assets/js/frontend-modules.min.js?ver=4.0.2 HTTP/1.1" 200 50602 "https://marc-morin.ch/?g=5131311qak08f" "Mozilla/5.0 (X11; Linux x86_64) AppleWebKit/537.36 (KHTML, like Gecko) Chrome/146.0.7680.177 Safari/537.36"
74.125.216.36 - - [29/Apr/2026:07:03:10 +0200] "GET /wp-content/plugins/elementor-pro/assets/js/elements-handlers.min.js?ver=3.26.2 HTTP/1.1" 200 44624 "https://marc-morin.ch/?g=5131311qak08f" "Mozilla/5.0 (X11; Linux x86_64) AppleWebKit/537.36 (KHTML, like Gecko) Chrome/146.0.7680.177 Safari/537.36"
74.125.216.36 - - [29/Apr/2026:07:03:10 +0200] "GET /wp-content/plugins/elementor-pro/assets/css/modules/sticky.min.css?ver=3.26.2 HTTP/1.1" 200 162 "https://marc-morin.ch/?g=5131311qak08f" "Mozilla/5.0 (X11; Linux x86_64) AppleWebKit/537.36 (KHTML, like Gecko) Chrome/146.0.7680.177 Safari/537.36"
74.125.216.36 - - [29/Apr/2026:07:03:11 +0200] "GET /wp-content/plugins/elementor-pro/assets/lib/smartmenus/jquery.smartmenus.min.js?ver=1.2.1 HTTP/1.1" 200 24109 "https://marc-morin.ch/?g=5131311qak08f" "Mozilla/5.0 (X11; Linux x86_64) AppleWebKit/537.36 (KHTML, like Gecko) Chrome/146.0.7680.177 Safari/537.36"
109.234.166.131 - - [29/Apr/2026:07:01:46 +0200] "POST /wp-cron.php?doing_wp_cron=1777438906.5084760189056396484375 HTTP/1.1" 200 0 "-" "WordPress/6.9.4; https://marc-morin.ch"
57.141.20.13 - - [29/Apr/2026:07:01:45 +0200] "GET /items/G461562358/ HTTP/1.1" 404 100220 "-" "meta-externalagent/1.1 (+https://developers.facebook.com/docs/sharing/webmasters/crawler)"
66.249.75.4 - - [29/Apr/2026:07:02:40 +0200] "GET /items/A093339410/ HTTP/1.1" 301 0 "-" "Mozilla/5.0 (compatible; Googlebot/2.1; +http://www.google.com/bot.html)"
74.125.216.36 - - [29/Apr/2026:07:02:53 +0200] "GET /?g=5131311qak08f HTTP/1.1" 200 162120 "-" "Mozilla/5.0 (X11; Linux x86_64) AppleWebKit/537.36 (KHTML, like Gecko) Chrome/146.0.7680.177 Safari/537.36"
51.195.86.160 - - [29/Apr/2026:07:02:57 +0200] "POST /wp-login.php HTTP/1.1" 404 40674 "-" "Mozilla/5.0 (Windows NT 10.0; Win64; x64) AppleWebKit/537.36 (KHTML, like Gecko) Chrome/140.0.0.0 Safari/537.36 Edg/140.0.0.0"
74.125.216.36 - - [29/Apr/2026:07:02:59 +0200] "GET /wp-content/uploads/elementor/css/custom-frontend.min.css?ver=1777404202 HTTP/1.1" 200 54915 "https://marc-morin.ch/?g=5131311qak08f" "Mozilla/5.0 (X11; Linux x86_64) AppleWebKit/537.36 (KHTML, like Gecko) Chrome/146.0.7680.177 Safari/537.36"
74.125.216.36 - - [29/Apr/2026:07:02:59 +0200] "GET /wp-content/uploads/elementor/css/post-7.css?ver=1777404202 HTTP/1.1" 200 2140 "https://marc-morin.ch/?g=5131311qak08f" "Mozilla/5.0 (X11; Linux x86_64) AppleWebKit/537.36 (KHTML, like Gecko) Chrome/146.0.7680.177 Safari/537.36"
66.249.75.5 - - [29/Apr/2026:07:02:59 +0200] "GET /items/U791872754/ HTTP/1.1" 301 0 "-" "Mozilla/5.0 (compatible; Googlebot/2.1; +http://www.google.com/bot.html)"
66.249.72.36 - - [29/Apr/2026:07:02:59 +0200] "GET /?g=62318621sa3i0 HTTP/1.1" 200 162120 "-" "Mozilla/5.0 (Linux; Android 6.0.1; Nexus 5X Build/MMB29P) AppleWebKit/537.36 (KHTML, like Gecko) Chrome/147.0.7727.116 Mobile Safari/537.36 (compatible; Googlebot/2.1; +http://www.google.com/bot.html)"
66.249.72.36 - - [29/Apr/2026:07:03:01 +0200] "GET /items/U791872754/ HTTP/1.1" 404 100220 "-" "Mozilla/5.0 (compatible; Googlebot/2.1; +http://www.google.com/bot.html)"
74.125.216.36 - - [29/Apr/2026:07:03:02 +0200] "GET /wp-content/plugins/elementor/assets/css/widget-image.min.css?ver=4.0.2 HTTP/1.1" 200 214 "https://marc-morin.ch/?g=5131311qak08f" "Mozilla/5.0 (X11; Linux x86_64) AppleWebKit/537.36 (KHTML, like Gecko) Chrome/146.0.7680.177 Safari/537.36"
74.125.216.36 - - [29/Apr/2026:07:03:07 +0200] "GET /wp-content/uploads/elementor/css/post-827.css?ver=1777404205 HTTP/1.1" 200 12815 "https://marc-morin.ch/?g=5131311qak08f" "Mozilla/5.0 (X11; Linux x86_64) AppleWebKit/537.36 (KHTML, like Gecko) Chrome/146.0.7680.177 Safari/537.36"
74.125.216.36 - - [29/Apr/2026:07:03:08 +0200] "GET /wp-content/uploads/elementor/css/custom-widget-icon-box.min.css?ver=1777404202 HTTP/1.1" 200 4764 "https://marc-morin.ch/?g=5131311qak08f" "Mozilla/5.0 (X11; Linux x86_64) AppleWebKit/537.36 (KHTML, like Gecko) Chrome/146.0.7680.177 Safari/537.36"
74.125.216.36 - - [29/Apr/2026:07:03:09 +0200] "GET /wp-includes/js/dist/i18n.min.js?ver=c26c3dc7bed366793375 HTTP/1.1" 200 5314 "https://marc-morin.ch/?g=5131311qak08f" "Mozilla/5.0 (X11; Linux x86_64) AppleWebKit/537.36 (KHTML, like Gecko) Chrome/146.0.7680.177 Safari/537.36"
74.125.216.36 - - [29/Apr/2026:07:03:09 +0200] "GET /wp-content/plugins/elementor-pro/assets/js/frontend.min.js?ver=3.26.2 HTTP/1.1" 200 24210 "https://marc-morin.ch/?g=5131311qak08f" "Mozilla/5.0 (X11; Linux x86_64) AppleWebKit/537.36 (KHTML, like Gecko) Chrome/146.0.7680.177 Safari/537.36"
74.125.216.36 - - [29/Apr/2026:07:03:18 +0200] "GET /wp-content/uploads/2025/06/securite-dun-couvreur.jpg HTTP/1.1" 200 475103 "https://marc-morin.ch/wp-content/uploads/elementor/css/post-12.css?ver=1777404203" "Mozilla/5.0 (X11; Linux x86_64) AppleWebKit/537.36 (KHTML, like Gecko) Chrome/146.0.7680.177 Safari/537.36"
74.125.216.36 - - [29/Apr/2026:07:03:02 +0200] "GET /wp-content/uploads/elementor/css/post-171.css?ver=1777404204 HTTP/1.1" 200 43825 "https://marc-morin.ch/?g=5131311qak08f" "Mozilla/5.0 (X11; Linux x86_64) AppleWebKit/537.36 (KHTML, like Gecko) Chrome/146.0.7680.177 Safari/537.36"
74.125.216.36 - - [29/Apr/2026:07:03:03 +0200] "GET /wp-content/themes/hello-theme-child-master/style.css?ver=1.0.0 HTTP/1.1" 200 623 "https://marc-morin.ch/?g=5131311qak08f" "Mozilla/5.0 (X11; Linux x86_64) AppleWebKit/537.36 (KHTML, like Gecko) Chrome/146.0.7680.177 Safari/537.36"
74.125.216.36 - - [29/Apr/2026:07:03:04 +0200] "GET /wp-content/uploads/2022/07/Courvreur-Marc-Morin.png HTTP/1.1" 200 14460 "https://marc-morin.ch/?g=5131311qak08f" "Mozilla/5.0 (X11; Linux x86_64) AppleWebKit/537.36 (KHTML, like Gecko) Chrome/146.0.7680.177 Safari/537.36"
74.125.216.36 - - [29/Apr/2026:07:03:05 +0200] "GET /wp-includes/js/jquery/jquery-migrate.min.js?ver=3.4.1 HTTP/1.1" 200 13577 "https://marc-morin.ch/?g=5131311qak08f" "Mozilla/5.0 (X11; Linux x86_64) AppleWebKit/537.36 (KHTML, like Gecko) Chrome/146.0.7680.177 Safari/537.36"
74.125.216.36 - - [29/Apr/2026:07:03:07 +0200] "GET /wp-content/plugins/elementor/assets/css/conditionals/e-swiper.min.css?ver=4.0.2 HTTP/1.1" 200 5486 "https://marc-morin.ch/?g=5131311qak08f" "Mozilla/5.0 (X11; Linux x86_64) AppleWebKit/537.36 (KHTML, like Gecko) Chrome/146.0.7680.177 Safari/537.36"
74.125.216.36 - - [29/Apr/2026:07:03:08 +0200] "GET /wp-content/uploads/2022/07/10-ans.png HTTP/1.1" 200 6914 "https://marc-morin.ch/?g=5131311qak08f" "Mozilla/5.0 (X11; Linux x86_64) AppleWebKit/537.36 (KHTML, like Gecko) Chrome/146.0.7680.177 Safari/537.36"
74.125.216.36 - - [29/Apr/2026:07:03:08 +0200] "GET /wp-includes/js/imagesloaded.min.js?ver=5.0.0 HTTP/1.1" 200 5520 "https://marc-morin.ch/?g=5131311qak08f" "Mozilla/5.0 (X11; Linux x86_64) AppleWebKit/537.36 (KHTML, like Gecko) Chrome/146.0.7680.177 Safari/537.36"
74.125.216.36 - - [29/Apr/2026:07:03:12 +0200] "GET /wp-content/uploads/2025/06/entreprise-de-couverture-reparation-de-toiture-canton-de-geneve.png HTTP/1.1" 200 956 "https://marc-morin.ch/?g=5131311qak08f" "Mozilla/5.0 (X11; Linux x86_64) AppleWebKit/537.36 (KHTML, like Gecko) Chrome/146.0.7680.177 Safari/537.36"
74.125.216.36 - - [29/Apr/2026:07:03:19 +0200] "GET ///wp-content/uploads/2022/07/Avenir-LT-Std-45-Book.ttf HTTP/1.1" 200 27432 "https://marc-morin.ch/wp-content/uploads/elementor/css/post-7.css?ver=1777404202" "Mozilla/5.0 (X11; Linux x86_64) AppleWebKit/537.36 (KHTML, like Gecko) Chrome/146.0.7680.177 Safari/537.36"
66.249.72.36 - - [29/Apr/2026:07:03:18 +0200] "GET /items/R552295680/ HTTP/1.1" 404 100220 "-" "Mozilla/5.0 (Linux; Android 6.0.1; Nexus 5X Build/MMB29P) AppleWebKit/537.36 (KHTML, like Gecko) Chrome/147.0.7727.116 Mobile Safari/537.36 (compatible; Googlebot/2.1; +http://www.google.com/bot.html)"
66.249.75.4 - - [29/Apr/2026:07:03:22 +0200] "GET /items/H705143007/ HTTP/1.1" 301 0 "-" "Mozilla/5.0 (compatible; Googlebot/2.1; +http://www.google.com/bot.html)"
66.249.72.36 - - [29/Apr/2026:07:03:23 +0200] "GET /items/H705143007/ HTTP/1.1" 404 100220 "-" "Mozilla/5.0 (compatible; Googlebot/2.1; +http://www.google.com/bot.html)"
74.125.216.36 - - [29/Apr/2026:07:03:26 +0200] "GET /wp-content/uploads/2024/12/Sur-les-toits-de-Haute-Savoie-depuis-29-ans.jpeg HTTP/1.1" 200 161737 "https://marc-morin.ch/wp-content/uploads/elementor/css/post-12.css?ver=1777404203" "Mozilla/5.0 (X11; Linux x86_64) AppleWebKit/537.36 (KHTML, like Gecko) Chrome/146.0.7680.177 Safari/537.36"
66.249.72.37 - - [29/Apr/2026:07:03:40 +0200] "GET /?g=5462858mkp1m3 HTTP/1.1" 200 162120 "-" "Mozilla/5.0 (compatible; Googlebot/2.1; +http://www.google.com/bot.html)"
57.141.20.62 - - [29/Apr/2026:07:03:52 +0200] "GET /items/G463886191/ HTTP/1.1" 404 100220 "-" "meta-externalagent/1.1 (+https://developers.facebook.com/docs/sharing/webmasters/crawler)"
74.125.216.36 - - [29/Apr/2026:07:03:11 +0200] "GET /wp-content/plugins/elementor/assets/js/webpack.runtime.min.js?ver=4.0.2 HTTP/1.1" 200 5722 "https://marc-morin.ch/?g=5131311qak08f" "Mozilla/5.0 (X11; Linux x86_64) AppleWebKit/537.36 (KHTML, like Gecko) Chrome/146.0.7680.177 Safari/537.36"
74.125.216.36 - - [29/Apr/2026:07:03:12 +0200] "GET /wp-content/plugins/complianz-gdpr/cookiebanner/js/complianz.min.js?ver=1776712997 HTTP/1.1" 200 42015 "https://marc-morin.ch/?g=5131311qak08f" "Mozilla/5.0 (X11; Linux x86_64) AppleWebKit/537.36 (KHTML, like Gecko) Chrome/146.0.7680.177 Safari/537.36"
66.249.75.5 - - [29/Apr/2026:07:03:15 +0200] "GET /items/R552295680/ HTTP/1.1" 301 0 "-" "Mozilla/5.0 (Linux; Android 6.0.1; Nexus 5X Build/MMB29P) AppleWebKit/537.36 (KHTML, like Gecko) Chrome/147.0.7727.116 Mobile Safari/537.36 (compatible; Googlebot/2.1; +http://www.google.com/bot.html)"
74.125.216.36 - - [29/Apr/2026:07:03:17 +0200] "GET /wp-content/uploads/complianz/css/banner-1-optin.css?v=16 HTTP/1.1" 200 15962 "https://marc-morin.ch/?g=5131311qak08f" "Mozilla/5.0 (X11; Linux x86_64) AppleWebKit/537.36 (KHTML, like Gecko) Chrome/146.0.7680.177 Safari/537.36"
74.125.216.36 - - [29/Apr/2026:07:03:19 +0200] "GET /wp-content/plugins/elementor/assets/lib/font-awesome/webfonts/fa-solid-900.woff2 HTTP/1.1" 200 78196 "https://marc-morin.ch/wp-content/plugins/elementor/assets/lib/font-awesome/css/solid.min.css?ver=5.15.3" "Mozilla/5.0 (X11; Linux x86_64) AppleWebKit/537.36 (KHTML, like Gecko) Chrome/146.0.7680.177 Safari/537.36"
66.249.72.36 - - [29/Apr/2026:07:03:20 +0200] "GET /?g=565448187br6k HTTP/1.1" 200 162120 "-" "Mozilla/5.0 (compatible; Googlebot/2.1; +http://www.google.com/bot.html)"
74.125.216.36 - - [29/Apr/2026:07:03:21 +0200] "GET /wp-content/uploads/2024/12/couvreur-traitement-hydrofuge-toiture.png HTTP/1.1" 200 988 "https://marc-morin.ch/?g=5131311qak08f" "Mozilla/5.0 (X11; Linux x86_64) AppleWebKit/537.36 (KHTML, like Gecko) Chrome/146.0.7680.177 Safari/537.36"
74.125.216.36 - - [29/Apr/2026:07:03:21 +0200] "GET /wp-content/uploads/2025/11/Renovation-complete-de-toiture-a-Meinier-768x1024.jpeg HTTP/1.1" 200 141081 "https://marc-morin.ch/?g=5131311qak08f" "Mozilla/5.0 (X11; Linux x86_64) AppleWebKit/537.36 (KHTML, like Gecko) Chrome/146.0.7680.177 Safari/537.36"
74.125.216.36 - - [29/Apr/2026:07:03:22 +0200] "GET /wp-content/uploads/2025/10/Pose-dune-fenetre-de-toit-avec-volet-roulant-a-Onex-Geneve-768x1024.jpg HTTP/1.1" 200 143016 "https://marc-morin.ch/?g=5131311qak08f" "Mozilla/5.0 (X11; Linux x86_64) AppleWebKit/537.36 (KHTML, like Gecko) Chrome/146.0.7680.177 Safari/537.36"
74.125.216.36 - - [29/Apr/2026:07:03:22 +0200] "GET /wp-content/uploads/2024/12/dalep-logo-512px@2x.png HTTP/1.1" 200 47496 "https://marc-morin.ch/?g=5131311qak08f" "Mozilla/5.0 (X11; Linux x86_64) AppleWebKit/537.36 (KHTML, like Gecko) Chrome/146.0.7680.177 Safari/537.36"
57.141.20.65 - - [29/Apr/2026:07:03:35 +0200] "GET /?g=3997674b92rvt HTTP/1.1" 200 162120 "-" "meta-externalagent/1.1 (+https://developers.facebook.com/docs/sharing/webmasters/crawler)"
66.249.72.38 - - [29/Apr/2026:07:04:00 +0200] "GET /?g=363182702osnb HTTP/1.1" 200 162120 "-" "Mozilla/5.0 (Linux; Android 6.0.1; Nexus 5X Build/MMB29P) AppleWebKit/537.36 (KHTML, like Gecko) Chrome/147.0.7727.116 Mobile Safari/537.36 (compatible; Googlebot/2.1; +http://www.google.com/bot.html)"
57.141.20.0 - - [29/Apr/2026:07:04:03 +0200] "GET /items/G466085276/ HTTP/1.1" 404 100220 "-" "meta-externalagent/1.1 (+https://developers.facebook.com/docs/sharing/webmasters/crawler)"
66.249.75.6 - - [29/Apr/2026:07:04:06 +0200] "GET /items/J795436364/ HTTP/1.1" 301 0 "-" "Mozilla/5.0 (compatible; Googlebot/2.1; +http://www.google.com/bot.html)"
57.141.20.38 - - [29/Apr/2026:07:04:25 +0200] "GET /?g=2588311dp3re8 HTTP/1.1" 200 162120 "-" "meta-externalagent/1.1 (+https://developers.facebook.com/docs/sharing/webmasters/crawler)"
57.141.20.68 - - [29/Apr/2026:07:03:18 +0200] "GET /items/G464088591/ HTTP/1.1" 404 100220 "-" "meta-externalagent/1.1 (+https://developers.facebook.com/docs/sharing/webmasters/crawler)"
74.125.216.36 - - [29/Apr/2026:07:03:19 +0200] "GET ///wp-content/uploads/2022/07/FontsFree-Net-Circular-Std-Book.ttf HTTP/1.1" 200 82868 "https://marc-morin.ch/wp-content/uploads/elementor/css/post-7.css?ver=1777404202" "Mozilla/5.0 (X11; Linux x86_64) AppleWebKit/537.36 (KHTML, like Gecko) Chrome/146.0.7680.177 Safari/537.36"
74.125.216.36 - - [29/Apr/2026:07:03:21 +0200] "GET /wp-content/uploads/2025/06/traitement-et-peinture-de-tuile.png HTTP/1.1" 200 761 "https://marc-morin.ch/?g=5131311qak08f" "Mozilla/5.0 (X11; Linux x86_64) AppleWebKit/537.36 (KHTML, like Gecko) Chrome/146.0.7680.177 Safari/537.36"
74.125.216.36 - - [29/Apr/2026:07:03:23 +0200] "GET /wp-content/uploads/2025/06/dalep-demoussage.png HTTP/1.1" 200 500409 "https://marc-morin.ch/?g=5131311qak08f" "Mozilla/5.0 (X11; Linux x86_64) AppleWebKit/537.36 (KHTML, like Gecko) Chrome/146.0.7680.177 Safari/537.36"
57.141.20.0 - - [29/Apr/2026:07:03:27 +0200] "GET /items/G461639499/ HTTP/1.1" 404 100220 "-" "meta-externalagent/1.1 (+https://developers.facebook.com/docs/sharing/webmasters/crawler)"
109.234.166.131 - - [29/Apr/2026:07:03:53 +0200] "POST /wp-cron.php?doing_wp_cron=1777439033.6182510852813720703125 HTTP/1.1" 200 0 "-" "WordPress/6.9.4; https://marc-morin.ch"
66.249.72.38 - - [29/Apr/2026:07:04:00 +0200] "GET /?g=363182702osnb HTTP/1.1" 200 162120 "-" "Mozilla/5.0 (compatible; Googlebot/2.1; +http://www.google.com/bot.html)"
66.249.72.37 - - [29/Apr/2026:07:04:07 +0200] "GET /items/J795436364/ HTTP/1.1" 404 100220 "-" "Mozilla/5.0 (compatible; Googlebot/2.1; +http://www.google.com/bot.html)"
109.234.166.131 - - [29/Apr/2026:07:04:26 +0200] "POST /wp-cron.php?doing_wp_cron=1777439066.2248721122741699218750 HTTP/1.1" 200 0 "-" "WordPress/6.9.4; https://marc-morin.ch"
51.195.183.58 - - [29/Apr/2026:07:04:44 +0200] "GET /items/G465592859/ HTTP/1.1" 404 100220 "-" "Mozilla/5.0 (compatible; AhrefsBot/7.0; +http://ahrefs.com/robot/)"
57.141.20.52 - - [29/Apr/2026:07:04:46 +0200] "GET /items/G462487696/ HTTP/1.1" 404 100220 "-" "meta-externalagent/1.1 (+https://developers.facebook.com/docs/sharing/webmasters/crawler)"
57.141.20.1 - - [29/Apr/2026:07:05:00 +0200] "GET /items/G461523075/ HTTP/1.1" 404 100220 "-" "meta-externalagent/1.1 (+https://developers.facebook.com/docs/sharing/webmasters/crawler)"
66.249.72.38 - - [29/Apr/2026:07:05:20 +0200] "GET /items/O463882251/ HTTP/1.1" 404 100220 "-" "Mozilla/5.0 (compatible; Googlebot/2.1; +http://www.google.com/bot.html)"
66.249.75.5 - - [29/Apr/2026:07:05:27 +0200] "GET /items/P515055474/ HTTP/1.1" 301 0 "-" "Mozilla/5.0 (Linux; Android 6.0.1; Nexus 5X Build/MMB29P) AppleWebKit/537.36 (KHTML, like Gecko) Chrome/147.0.7727.116 Mobile Safari/537.36 (compatible; Googlebot/2.1; +http://www.google.com/bot.html)"
57.141.20.20 - - [29/Apr/2026:07:05:34 +0200] "GET /?g=4688308nb821z HTTP/1.1" 200 162120 "-" "meta-externalagent/1.1 (+https://developers.facebook.com/docs/sharing/webmasters/crawler)"
66.249.72.36 - - [29/Apr/2026:07:05:37 +0200] "GET /items/G101262294/ HTTP/1.1" 404 100220 "-" "Mozilla/5.0 (Linux; Android 6.0.1; Nexus 5X Build/MMB29P) AppleWebKit/537.36 (KHTML, like Gecko) Chrome/147.0.7727.116 Mobile Safari/537.36 (compatible; Googlebot/2.1; +http://www.google.com/bot.html)"
66.249.72.36 - - [29/Apr/2026:07:05:39 +0200] "GET /items/G101262294/ HTTP/1.1" 404 100220 "-" "Mozilla/5.0 (compatible; Googlebot/2.1; +http://www.google.com/bot.html)"
66.249.75.5 - - [29/Apr/2026:07:06:06 +0200] "GET /items/C244854038/ HTTP/1.1" 301 0 "-" "Mozilla/5.0 (compatible; Googlebot/2.1; +http://www.google.com/bot.html)"
66.249.72.36 - - [29/Apr/2026:07:06:07 +0200] "GET /items/C244854038/ HTTP/1.1" 404 100220 "-" "Mozilla/5.0 (compatible; Googlebot/2.1; +http://www.google.com/bot.html)"
66.249.75.4 - - [29/Apr/2026:07:04:44 +0200] "GET /items/L662963779/ HTTP/1.1" 301 0 "-" "Mozilla/5.0 (Linux; Android 6.0.1; Nexus 5X Build/MMB29P) AppleWebKit/537.36 (KHTML, like Gecko) Chrome/147.0.7727.116 Mobile Safari/537.36 (compatible; Googlebot/2.1; +http://www.google.com/bot.html)"
109.234.166.131 - - [29/Apr/2026:07:04:45 +0200] "POST /wp-cron.php?doing_wp_cron=1777439085.5850589275360107421875 HTTP/1.1" 200 0 "-" "WordPress/6.9.4; https://marc-morin.ch"
66.249.72.36 - - [29/Apr/2026:07:04:46 +0200] "GET /items/L662963779/ HTTP/1.1" 404 100220 "-" "Mozilla/5.0 (Linux; Android 6.0.1; Nexus 5X Build/MMB29P) AppleWebKit/537.36 (KHTML, like Gecko) Chrome/147.0.7727.116 Mobile Safari/537.36 (compatible; Googlebot/2.1; +http://www.google.com/bot.html)"
57.141.20.10 - - [29/Apr/2026:07:04:48 +0200] "GET /items/G464188245/ HTTP/1.1" 404 100220 "-" "meta-externalagent/1.1 (+https://developers.facebook.com/docs/sharing/webmasters/crawler)"
57.141.20.39 - - [29/Apr/2026:07:05:10 +0200] "GET /items/G462209216/ HTTP/1.1" 404 100220 "-" "meta-externalagent/1.1 (+https://developers.facebook.com/docs/sharing/webmasters/crawler)"
66.249.75.6 - - [29/Apr/2026:07:05:19 +0200] "GET /items/O463882251/ HTTP/1.1" 301 0 "-" "Mozilla/5.0 (compatible; Googlebot/2.1; +http://www.google.com/bot.html)"
66.249.72.36 - - [29/Apr/2026:07:05:29 +0200] "GET /items/P515055474/ HTTP/1.1" 404 100220 "-" "Mozilla/5.0 (Linux; Android 6.0.1; Nexus 5X Build/MMB29P) AppleWebKit/537.36 (KHTML, like Gecko) Chrome/147.0.7727.116 Mobile Safari/537.36 (compatible; Googlebot/2.1; +http://www.google.com/bot.html)"
66.249.75.4 - - [29/Apr/2026:07:05:35 +0200] "GET /items/G101262294/ HTTP/1.1" 301 0 "-" "Mozilla/5.0 (compatible; Googlebot/2.1; +http://www.google.com/bot.html)"
66.249.75.4 - - [29/Apr/2026:07:06:02 +0200] "GET /items/A691436713/ HTTP/1.1" 301 0 "-" "Mozilla/5.0 (compatible; Googlebot/2.1; +http://www.google.com/bot.html)"
57.141.20.4 - - [29/Apr/2026:07:06:13 +0200] "GET /?g=5635490648yj6 HTTP/1.1" 200 162120 "-" "meta-externalagent/1.1 (+https://developers.facebook.com/docs/sharing/webmasters/crawler)"
57.141.20.2 - - [29/Apr/2026:07:06:40 +0200] "GET /?g=726332z4qq3h HTTP/1.1" 200 162120 "-" "meta-externalagent/1.1 (+https://developers.facebook.com/docs/sharing/webmasters/crawler)"
198.244.242.142 - - [29/Apr/2026:07:06:46 +0200] "GET /items/G465565850/ HTTP/1.1" 404 100220 "-" "Mozilla/5.0 (compatible; AhrefsBot/7.0; +http://ahrefs.com/robot/)"
66.249.72.37 - - [29/Apr/2026:07:07:07 +0200] "GET /?g=2788099yrepnv HTTP/1.1" 200 162120 "-" "Mozilla/5.0 (Linux; Android 6.0.1; Nexus 5X Build/MMB29P) AppleWebKit/537.36 (KHTML, like Gecko) Chrome/147.0.7727.116 Mobile Safari/537.36 (compatible; Googlebot/2.1; +http://www.google.com/bot.html)"
66.249.72.38 - - [29/Apr/2026:07:07:08 +0200] "GET /items/B863836659/ HTTP/1.1" 404 100220 "-" "Mozilla/5.0 (Linux; Android 6.0.1; Nexus 5X Build/MMB29P) AppleWebKit/537.36 (KHTML, like Gecko) Chrome/147.0.7727.116 Mobile Safari/537.36 (compatible; Googlebot/2.1; +http://www.google.com/bot.html)"
57.141.20.6 - - [29/Apr/2026:07:07:10 +0200] "GET /?g=6397586k4bcd8 HTTP/1.1" 200 162120 "-" "meta-externalagent/1.1 (+https://developers.facebook.com/docs/sharing/webmasters/crawler)"
66.249.75.4 - - [29/Apr/2026:07:07:24 +0200] "GET /items/B914125404/ HTTP/1.1" 301 0 "-" "Mozilla/5.0 (compatible; Googlebot/2.1; +http://www.google.com/bot.html)"
66.249.72.36 - - [29/Apr/2026:07:07:36 +0200] "GET /items/Y414574166/ HTTP/1.1" 404 100220 "-" "Mozilla/5.0 (compatible; Googlebot/2.1; +http://www.google.com/bot.html)"
66.249.75.4 - - [29/Apr/2026:07:07:44 +0200] "GET /items/P935741899/ HTTP/1.1" 301 0 "-" "Mozilla/5.0 (compatible; Googlebot/2.1; +http://www.google.com/bot.html)"
109.234.166.131 - - [29/Apr/2026:07:07:46 +0200] "POST /wp-cron.php?doing_wp_cron=1777439266.5493509769439697265625 HTTP/1.1" 200 0 "-" "WordPress/6.9.4; https://marc-morin.ch"
57.141.20.28 - - [29/Apr/2026:07:04:13 +0200] "GET /?g=2637383gkm6gm HTTP/1.1" 200 162120 "-" "meta-externalagent/1.1 (+https://developers.facebook.com/docs/sharing/webmasters/crawler)"
109.234.166.131 - - [29/Apr/2026:07:04:45 +0200] "POST /wp-cron.php?doing_wp_cron=1777439085.0678789615631103515625 HTTP/1.1" 200 0 "-" "WordPress/6.9.4; https://marc-morin.ch"
57.141.20.39 - - [29/Apr/2026:07:05:32 +0200] "GET /items/G464019222/ HTTP/1.1" 404 100220 "-" "meta-externalagent/1.1 (+https://developers.facebook.com/docs/sharing/webmasters/crawler)"
66.249.75.4 - - [29/Apr/2026:07:05:35 +0200] "GET /items/G101262294/ HTTP/1.1" 301 0 "-" "Mozilla/5.0 (Linux; Android 6.0.1; Nexus 5X Build/MMB29P) AppleWebKit/537.36 (KHTML, like Gecko) Chrome/147.0.7727.116 Mobile Safari/537.36 (compatible; Googlebot/2.1; +http://www.google.com/bot.html)"
109.234.166.131 - - [29/Apr/2026:07:05:59 +0200] "POST /wp-cron.php?doing_wp_cron=1777439159.6350729465484619140625 HTTP/1.1" 200 0 "-" "WordPress/6.9.4; https://marc-morin.ch"
57.141.20.35 - - [29/Apr/2026:07:05:58 +0200] "GET /?g=4598980tfy416 HTTP/1.1" 200 162120 "-" "meta-externalagent/1.1 (+https://developers.facebook.com/docs/sharing/webmasters/crawler)"
66.249.72.38 - - [29/Apr/2026:07:06:02 +0200] "GET /items/A691436713/ HTTP/1.1" 404 100220 "-" "Mozilla/5.0 (compatible; Googlebot/2.1; +http://www.google.com/bot.html)"
57.141.20.41 - - [29/Apr/2026:07:06:26 +0200] "GET /?g=9215168x6i83 HTTP/1.1" 200 162120 "-" "meta-externalagent/1.1 (+https://developers.facebook.com/docs/sharing/webmasters/crawler)"
109.234.166.131 - - [29/Apr/2026:07:06:47 +0200] "POST /wp-cron.php?doing_wp_cron=1777439207.4303629398345947265625 HTTP/1.1" 200 0 "-" "WordPress/6.9.4; https://marc-morin.ch"
57.141.20.7 - - [29/Apr/2026:07:06:59 +0200] "GET /items/G464793440/ HTTP/1.1" 404 100220 "-" "meta-externalagent/1.1 (+https://developers.facebook.com/docs/sharing/webmasters/crawler)"
66.249.75.5 - - [29/Apr/2026:07:07:06 +0200] "GET /items/B863836659/ HTTP/1.1" 301 0 "-" "Mozilla/5.0 (Linux; Android 6.0.1; Nexus 5X Build/MMB29P) AppleWebKit/537.36 (KHTML, like Gecko) Chrome/147.0.7727.116 Mobile Safari/537.36 (compatible; Googlebot/2.1; +http://www.google.com/bot.html)"
66.249.72.36 - - [29/Apr/2026:07:07:09 +0200] "GET /items/O554757076/ HTTP/1.1" 404 100220 "-" "Mozilla/5.0 (compatible; Googlebot/2.1; +http://www.google.com/bot.html)"
66.249.72.36 - - [29/Apr/2026:07:07:24 +0200] "GET /items/B914125404/ HTTP/1.1" 404 100220 "-" "Mozilla/5.0 (compatible; Googlebot/2.1; +http://www.google.com/bot.html)"
57.141.20.12 - - [29/Apr/2026:07:07:40 +0200] "GET /?g=16056001wwzwo HTTP/1.1" 200 162120 "-" "meta-externalagent/1.1 (+https://developers.facebook.com/docs/sharing/webmasters/crawler)"
57.141.20.53 - - [29/Apr/2026:07:07:51 +0200] "GET /contemplationsdmc.xml HTTP/1.1" 404 100220 "-" "meta-externalagent/1.1 (+https://developers.facebook.com/docs/sharing/webmasters/crawler)"
57.141.20.9 - - [29/Apr/2026:07:08:08 +0200] "GET /?g=2345803q7ada7 HTTP/1.1" 200 162120 "-" "meta-externalagent/1.1 (+https://developers.facebook.com/docs/sharing/webmasters/crawler)"
109.234.166.131 - - [29/Apr/2026:07:08:25 +0200] "POST /wp-cron.php?doing_wp_cron=1777439305.3642160892486572265625 HTTP/1.1" 200 0 "-" "WordPress/6.9.4; https://marc-morin.ch"
57.141.20.4 - - [29/Apr/2026:07:08:28 +0200] "GET /items/G463078334/ HTTP/1.1" 404 100220 "-" "meta-externalagent/1.1 (+https://developers.facebook.com/docs/sharing/webmasters/crawler)"
66.249.72.36 - - [29/Apr/2026:07:08:34 +0200] "GET /items/F215772973/ HTTP/1.1" 404 100220 "-" "Mozilla/5.0 (Linux; Android 6.0.1; Nexus 5X Build/MMB29P) AppleWebKit/537.36 (KHTML, like Gecko) Chrome/147.0.7727.116 Mobile Safari/537.36 (compatible; Googlebot/2.1; +http://www.google.com/bot.html)"
57.141.20.4 - - [29/Apr/2026:07:08:35 +0200] "GET /?g=41966634gsu3r HTTP/1.1" 200 162120 "-" "meta-externalagent/1.1 (+https://developers.facebook.com/docs/sharing/webmasters/crawler)"
57.141.20.13 - - [29/Apr/2026:07:06:59 +0200] "GET /?g=9390039noxui HTTP/1.1" 200 162120 "-" "meta-externalagent/1.1 (+https://developers.facebook.com/docs/sharing/webmasters/crawler)"
66.249.75.5 - - [29/Apr/2026:07:07:07 +0200] "GET /items/O554757076/ HTTP/1.1" 301 0 "-" "Mozilla/5.0 (compatible; Googlebot/2.1; +http://www.google.com/bot.html)"
57.141.20.68 - - [29/Apr/2026:07:07:29 +0200] "GET /items/G461252030/ HTTP/1.1" 404 100220 "-" "meta-externalagent/1.1 (+https://developers.facebook.com/docs/sharing/webmasters/crawler)"
66.249.75.4 - - [29/Apr/2026:07:07:35 +0200] "GET /items/Y414574166/ HTTP/1.1" 301 0 "-" "Mozilla/5.0 (compatible; Googlebot/2.1; +http://www.google.com/bot.html)"
57.141.20.13 - - [29/Apr/2026:07:07:39 +0200] "GET /?g=5482311hldn5g HTTP/1.1" 200 162120 "-" "meta-externalagent/1.1 (+https://developers.facebook.com/docs/sharing/webmasters/crawler)"
66.249.72.36 - - [29/Apr/2026:07:07:45 +0200] "GET /items/P935741899/ HTTP/1.1" 404 100220 "-" "Mozilla/5.0 (compatible; Googlebot/2.1; +http://www.google.com/bot.html)"
57.141.20.70 - - [29/Apr/2026:07:08:09 +0200] "GET /?g=2391095mlppnk HTTP/1.1" 200 162120 "-" "meta-externalagent/1.1 (+https://developers.facebook.com/docs/sharing/webmasters/crawler)"
66.249.75.5 - - [29/Apr/2026:07:08:25 +0200] "GET /items/A882534761/ HTTP/1.1" 301 0 "-" "Mozilla/5.0 (Linux; Android 6.0.1; Nexus 5X Build/MMB29P) AppleWebKit/537.36 (KHTML, like Gecko) Chrome/147.0.7727.116 Mobile Safari/537.36 (compatible; Googlebot/2.1; +http://www.google.com/bot.html)"
66.249.75.4 - - [29/Apr/2026:07:08:32 +0200] "GET /items/F215772973/ HTTP/1.1" 301 0 "-" "Mozilla/5.0 (Linux; Android 6.0.1; Nexus 5X Build/MMB29P) AppleWebKit/537.36 (KHTML, like Gecko) Chrome/147.0.7727.116 Mobile Safari/537.36 (compatible; Googlebot/2.1; +http://www.google.com/bot.html)"
66.249.72.36 - - [29/Apr/2026:07:08:33 +0200] "GET /?g=4336158xxqt5w HTTP/1.1" 200 162120 "-" "Mozilla/5.0 (Linux; Android 6.0.1; Nexus 5X Build/MMB29P) AppleWebKit/537.36 (KHTML, like Gecko) Chrome/147.0.7727.116 Mobile Safari/537.36 (compatible; Googlebot/2.1; +http://www.google.com/bot.html)"
57.141.20.41 - - [29/Apr/2026:07:08:42 +0200] "GET /?g=6838619lr92kw HTTP/1.1" 200 162120 "-" "meta-externalagent/1.1 (+https://developers.facebook.com/docs/sharing/webmasters/crawler)"
66.249.72.36 - - [29/Apr/2026:07:08:46 +0200] "GET /items/L665287245/ HTTP/1.1" 404 100220 "-" "Mozilla/5.0 (Linux; Android 6.0.1; Nexus 5X Build/MMB29P) AppleWebKit/537.36 (KHTML, like Gecko) Chrome/147.0.7727.116 Mobile Safari/537.36 (compatible; Googlebot/2.1; +http://www.google.com/bot.html)"
66.249.72.36 - - [29/Apr/2026:07:09:04 +0200] "GET /items/P093021825/ HTTP/1.1" 404 100220 "-" "Mozilla/5.0 (Linux; Android 6.0.1; Nexus 5X Build/MMB29P) AppleWebKit/537.36 (KHTML, like Gecko) Chrome/147.0.7727.116 Mobile Safari/537.36 (compatible; Googlebot/2.1; +http://www.google.com/bot.html)"
66.249.75.6 - - [29/Apr/2026:07:08:04 +0200] "GET /items/O883131343/ HTTP/1.1" 301 0 "-" "Mozilla/5.0 (Linux; Android 6.0.1; Nexus 5X Build/MMB29P) AppleWebKit/537.36 (KHTML, like Gecko) Chrome/147.0.7727.116 Mobile Safari/537.36 (compatible; Googlebot/2.1; +http://www.google.com/bot.html)"
66.249.72.38 - - [29/Apr/2026:07:08:06 +0200] "GET /items/O883131343/ HTTP/1.1" 404 100220 "-" "Mozilla/5.0 (Linux; Android 6.0.1; Nexus 5X Build/MMB29P) AppleWebKit/537.36 (KHTML, like Gecko) Chrome/147.0.7727.116 Mobile Safari/537.36 (compatible; Googlebot/2.1; +http://www.google.com/bot.html)"
57.141.20.1 - - [29/Apr/2026:07:08:18 +0200] "GET /?g=523781x846p3 HTTP/1.1" 200 162120 "-" "meta-externalagent/1.1 (+https://developers.facebook.com/docs/sharing/webmasters/crawler)"
66.249.72.36 - - [29/Apr/2026:07:08:26 +0200] "GET /items/A882534761/ HTTP/1.1" 404 100220 "-" "Mozilla/5.0 (Linux; Android 6.0.1; Nexus 5X Build/MMB29P) AppleWebKit/537.36 (KHTML, like Gecko) Chrome/147.0.7727.116 Mobile Safari/537.36 (compatible; Googlebot/2.1; +http://www.google.com/bot.html)"
66.249.72.36 - - [29/Apr/2026:07:08:41 +0200] "GET /items/P422995851/ HTTP/1.1" 404 100220 "-" "Mozilla/5.0 (compatible; Googlebot/2.1; +http://www.google.com/bot.html)"
66.249.75.4 - - [29/Apr/2026:07:08:45 +0200] "GET /items/L665287245/ HTTP/1.1" 301 0 "-" "Mozilla/5.0 (compatible; Googlebot/2.1; +http://www.google.com/bot.html)"
66.249.75.4 - - [29/Apr/2026:07:08:47 +0200] "GET /items/Y415299550/ HTTP/1.1" 301 0 "-" "Mozilla/5.0 (compatible; Googlebot/2.1; +http://www.google.com/bot.html)"
54.38.147.153 - - [29/Apr/2026:07:08:48 +0200] "GET /items/G465557653/ HTTP/1.1" 404 100220 "-" "Mozilla/5.0 (compatible; AhrefsBot/7.0; +http://ahrefs.com/robot/)"
66.249.72.36 - - [29/Apr/2026:07:08:48 +0200] "GET /items/Y415299550/ HTTP/1.1" 404 100220 "-" "Mozilla/5.0 (compatible; Googlebot/2.1; +http://www.google.com/bot.html)"
57.141.20.9 - - [29/Apr/2026:07:09:04 +0200] "GET /?g=2363828ajtx60 HTTP/1.1" 200 162120 "-" "meta-externalagent/1.1 (+https://developers.facebook.com/docs/sharing/webmasters/crawler)"
66.249.75.5 - - [29/Apr/2026:07:09:16 +0200] "GET /items/O384771056/ HTTP/1.1" 301 0 "-" "Mozilla/5.0 (compatible; Googlebot/2.1; +http://www.google.com/bot.html)"
57.141.20.42 - - [29/Apr/2026:07:09:15 +0200] "GET /?g=262131y0j01r HTTP/1.1" 200 162120 "-" "meta-externalagent/1.1 (+https://developers.facebook.com/docs/sharing/webmasters/crawler)"
66.249.75.4 - - [29/Apr/2026:07:08:40 +0200] "GET /items/P422995851/ HTTP/1.1" 301 0 "-" "Mozilla/5.0 (compatible; Googlebot/2.1; +http://www.google.com/bot.html)"
109.234.166.131 - - [29/Apr/2026:07:08:45 +0200] "POST /wp-cron.php?doing_wp_cron=1777439325.2460370063781738281250 HTTP/1.1" 200 0 "-" "WordPress/6.9.4; https://marc-morin.ch"
66.249.75.4 - - [29/Apr/2026:07:08:45 +0200] "GET /items/L665287245/ HTTP/1.1" 301 0 "-" "Mozilla/5.0 (Linux; Android 6.0.1; Nexus 5X Build/MMB29P) AppleWebKit/537.36 (KHTML, like Gecko) Chrome/147.0.7727.116 Mobile Safari/537.36 (compatible; Googlebot/2.1; +http://www.google.com/bot.html)"
66.249.72.36 - - [29/Apr/2026:07:08:45 +0200] "GET /items/L665287245/ HTTP/1.1" 404 100220 "-" "Mozilla/5.0 (compatible; Googlebot/2.1; +http://www.google.com/bot.html)"
66.249.75.4 - - [29/Apr/2026:07:08:54 +0200] "GET /items/T553777024/ HTTP/1.1" 301 0 "-" "Mozilla/5.0 (Linux; Android 6.0.1; Nexus 5X Build/MMB29P) AppleWebKit/537.36 (KHTML, like Gecko) Chrome/147.0.7727.116 Mobile Safari/537.36 (compatible; Googlebot/2.1; +http://www.google.com/bot.html)"
66.249.75.5 - - [29/Apr/2026:07:09:03 +0200] "GET /items/P093021825/ HTTP/1.1" 301 0 "-" "Mozilla/5.0 (Linux; Android 6.0.1; Nexus 5X Build/MMB29P) AppleWebKit/537.36 (KHTML, like Gecko) Chrome/147.0.7727.116 Mobile Safari/537.36 (compatible; Googlebot/2.1; +http://www.google.com/bot.html)"
57.141.20.58 - - [29/Apr/2026:07:09:06 +0200] "GET /?g=19533842fekls HTTP/1.1" 200 162120 "-" "meta-externalagent/1.1 (+https://developers.facebook.com/docs/sharing/webmasters/crawler)"
66.249.72.36 - - [29/Apr/2026:07:09:18 +0200] "GET /items/O384771056/ HTTP/1.1" 404 100220 "-" "Mozilla/5.0 (compatible; Googlebot/2.1; +http://www.google.com/bot.html)"
57.141.20.57 - - [29/Apr/2026:07:09:23 +0200] "GET /?g=29554553c8dmn HTTP/1.1" 200 162120 "-" "meta-externalagent/1.1 (+https://developers.facebook.com/docs/sharing/webmasters/crawler)"
66.249.72.36 - - [29/Apr/2026:07:09:30 +0200] "GET /items/Y121632545/ HTTP/1.1" 404 100220 "-" "Mozilla/5.0 (compatible; Googlebot/2.1; +http://www.google.com/bot.html)"
57.141.20.12 - - [29/Apr/2026:07:09:30 +0200] "GET /?g=1441918bqpy3e HTTP/1.1" 200 162120 "-" "meta-externalagent/1.1 (+https://developers.facebook.com/docs/sharing/webmasters/crawler)"
57.141.20.16 - - [29/Apr/2026:07:09:43 +0200] "GET /?g=2963963m8mnvx HTTP/1.1" 200 162120 "-" "meta-externalagent/1.1 (+https://developers.facebook.com/docs/sharing/webmasters/crawler)"
109.234.166.131 - - [29/Apr/2026:07:09:51 +0200] "POST /wp-cron.php?doing_wp_cron=1777439391.8604030609130859375000 HTTP/1.1" 200 0 "-" "WordPress/6.9.4; https://marc-morin.ch"
57.141.20.59 - - [29/Apr/2026:07:09:58 +0200] "GET /items/G467372818/ HTTP/1.1" 404 100220 "-" "meta-externalagent/1.1 (+https://developers.facebook.com/docs/sharing/webmasters/crawler)"
66.249.75.4 - - [29/Apr/2026:07:10:00 +0200] "GET /items/Z925450894/ HTTP/1.1" 301 0 "-" "Mozilla/5.0 (Linux; Android 6.0.1; Nexus 5X Build/MMB29P) AppleWebKit/537.36 (KHTML, like Gecko) Chrome/147.0.7727.116 Mobile Safari/537.36 (compatible; Googlebot/2.1; +http://www.google.com/bot.html)"
66.249.72.36 - - [29/Apr/2026:07:10:00 +0200] "GET /items/Z925450894/ HTTP/1.1" 404 100220 "-" "Mozilla/5.0 (Linux; Android 6.0.1; Nexus 5X Build/MMB29P) AppleWebKit/537.36 (KHTML, like Gecko) Chrome/147.0.7727.116 Mobile Safari/537.36 (compatible; Googlebot/2.1; +http://www.google.com/bot.html)"
57.141.20.5 - - [29/Apr/2026:07:10:05 +0200] "GET /items/G461768223/ HTTP/1.1" 404 100220 "-" "meta-externalagent/1.1 (+https://developers.facebook.com/docs/sharing/webmasters/crawler)"
66.249.72.36 - - [29/Apr/2026:07:10:10 +0200] "GET /items/F731924248/ HTTP/1.1" 404 100220 "-" "Mozilla/5.0 (compatible; Googlebot/2.1; +http://www.google.com/bot.html)"
66.249.72.36 - - [29/Apr/2026:07:10:12 +0200] "GET /items/H151266791/ HTTP/1.1" 404 100220 "-" "Mozilla/5.0 (Linux; Android 6.0.1; Nexus 5X Build/MMB29P) AppleWebKit/537.36 (KHTML, like Gecko) Chrome/147.0.7727.116 Mobile Safari/537.36 (compatible; Googlebot/2.1; +http://www.google.com/bot.html)"
66.249.75.4 - - [29/Apr/2026:07:10:17 +0200] "GET /items/A735176499/ HTTP/1.1" 301 0 "-" "Mozilla/5.0 (compatible; Googlebot/2.1; +http://www.google.com/bot.html)"
66.249.72.36 - - [29/Apr/2026:07:10:17 +0200] "GET /items/A735176499/ HTTP/1.1" 404 100220 "-" "Mozilla/5.0 (compatible; Googlebot/2.1; +http://www.google.com/bot.html)"
57.141.20.57 - - [29/Apr/2026:07:10:24 +0200] "GET /?g=4115938pn1est HTTP/1.1" 200 162183 "-" "meta-externalagent/1.1 (+https://developers.facebook.com/docs/sharing/webmasters/crawler)"
66.249.72.36 - - [29/Apr/2026:07:10:30 +0200] "GET /items/X164126052/ HTTP/1.1" 404 100283 "-" "Mozilla/5.0 (compatible; Googlebot/2.1; +http://www.google.com/bot.html)"
57.141.20.18 - - [29/Apr/2026:07:10:31 +0200] "GET /?g=4287352zduaaq HTTP/1.1" 200 162183 "-" "meta-externalagent/1.1 (+https://developers.facebook.com/docs/sharing/webmasters/crawler)"
57.141.20.53 - - [29/Apr/2026:07:10:36 +0200] "GET /richlandsrvq.xml HTTP/1.1" 404 100275 "-" "meta-externalagent/1.1 (+https://developers.facebook.com/docs/sharing/webmasters/crawler)"
66.249.72.36 - - [29/Apr/2026:07:10:41 +0200] "GET /items/P932881871/ HTTP/1.1" 404 100283 "-" "Mozilla/5.0 (compatible; Googlebot/2.1; +http://www.google.com/bot.html)"
198.244.183.251 - - [29/Apr/2026:07:10:48 +0200] "GET /items/G465411354/ HTTP/1.1" 404 100283 "-" "Mozilla/5.0 (compatible; AhrefsBot/7.0; +http://ahrefs.com/robot/)"
109.234.166.131 - - [29/Apr/2026:07:10:52 +0200] "POST /wp-cron.php?doing_wp_cron=1777439452.5274279117584228515625 HTTP/1.1" 200 0 "-" "WordPress/6.9.4; https://marc-morin.ch"
66.249.75.4 - - [29/Apr/2026:07:09:28 +0200] "GET /items/Y121632545/ HTTP/1.1" 301 0 "-" "Mozilla/5.0 (compatible; Googlebot/2.1; +http://www.google.com/bot.html)"
66.249.72.36 - - [29/Apr/2026:07:09:34 +0200] "GET /?g=5748679ka37o3 HTTP/1.1" 200 162120 "-" "Mozilla/5.0 (Linux; Android 6.0.1; Nexus 5X Build/MMB29P) AppleWebKit/537.36 (KHTML, like Gecko) Chrome/147.0.7727.116 Mobile Safari/537.36 (compatible; Googlebot/2.1; +http://www.google.com/bot.html)"
34.0.223.126 - - [29/Apr/2026:07:09:39 +0200] "GET / HTTP/1.1" 200 162096 "-" "Mozilla/5.0 (Windows NT 10.0; Win64; x64) AppleWebKit/537.36 (KHTML, like Gecko; compatible; BuiltWith/1.4; rb.gy/xprgqj) Chrome/124.0.0.0 Safari/537.36"
34.0.223.126 - - [29/Apr/2026:07:09:41 +0200] "GET /robots.txt HTTP/1.1" 200 171 "-" "Mozilla/5.0 (Windows NT 10.0; Win64; x64) AppleWebKit/537.36 (KHTML, like Gecko; compatible; BuiltWith/1.4; rb.gy/xprgqj) Chrome/124.0.0.0 Safari/537.36"
34.0.223.126 - - [29/Apr/2026:07:09:41 +0200] "GET /couvreur-a-collonge-bellerive-et-ses-environs/ HTTP/1.1" 200 160081 "-" "Mozilla/5.0 (Windows NT 10.0; Win64; x64) AppleWebKit/537.36 (KHTML, like Gecko; compatible; BuiltWith/1.4; rb.gy/xprgqj) Chrome/124.0.0.0 Safari/537.36"
34.0.223.126 - - [29/Apr/2026:07:09:43 +0200] "GET /ads.txt HTTP/1.1" 404 100200 "-" "Mozilla/5.0 (Windows NT 10.0; Win64; x64) AppleWebKit/537.36 (KHTML, like Gecko; compatible; BuiltWith/1.4; rb.gy/xprgqj) Chrome/124.0.0.0 Safari/537.36"
57.141.20.61 - - [29/Apr/2026:07:09:50 +0200] "GET /?g=24643739ow53t HTTP/1.1" 200 162120 "-" "meta-externalagent/1.1 (+https://developers.facebook.com/docs/sharing/webmasters/crawler)"
66.249.72.37 - - [29/Apr/2026:07:10:06 +0200] "GET /?g=39525135vro7q HTTP/1.1" 200 162120 "-" "Mozilla/5.0 (Linux; Android 6.0.1; Nexus 5X Build/MMB29P) AppleWebKit/537.36 (KHTML, like Gecko) Chrome/147.0.7727.116 Mobile Safari/537.36 (compatible; Googlebot/2.1; +http://www.google.com/bot.html)"
66.249.66.42 - - [29/Apr/2026:07:10:10 +0200] "GET /items/F731924248/ HTTP/1.1" 301 0 "-" "Mozilla/5.0 (compatible; Googlebot/2.1; +http://www.google.com/bot.html)"
66.249.75.4 - - [29/Apr/2026:07:10:10 +0200] "GET /items/H151266791/ HTTP/1.1" 301 0 "-" "Mozilla/5.0 (Linux; Android 6.0.1; Nexus 5X Build/MMB29P) AppleWebKit/537.36 (KHTML, like Gecko) Chrome/147.0.7727.116 Mobile Safari/537.36 (compatible; Googlebot/2.1; +http://www.google.com/bot.html)"
66.249.72.36 - - [29/Apr/2026:07:10:11 +0200] "GET /items/H151266791/ HTTP/1.1" 404 100220 "-" "Mozilla/5.0 (compatible; Googlebot/2.1; +http://www.google.com/bot.html)"
57.141.20.38 - - [29/Apr/2026:07:10:17 +0200] "GET /?g=33945hlzzc5 HTTP/1.1" 200 162183 "-" "meta-externalagent/1.1 (+https://developers.facebook.com/docs/sharing/webmasters/crawler)"
66.249.75.4 - - [29/Apr/2026:07:10:29 +0200] "GET /items/X164126052/ HTTP/1.1" 301 0 "-" "Mozilla/5.0 (compatible; Googlebot/2.1; +http://www.google.com/bot.html)"
66.249.75.4 - - [29/Apr/2026:07:10:40 +0200] "GET /items/P932881871/ HTTP/1.1" 301 0 "-" "Mozilla/5.0 (compatible; Googlebot/2.1; +http://www.google.com/bot.html)"
57.141.20.37 - - [29/Apr/2026:07:10:41 +0200] "GET /?g=2740397i3jydg HTTP/1.1" 200 162183 "-" "meta-externalagent/1.1 (+https://developers.facebook.com/docs/sharing/webmasters/crawler)"
66.249.75.4 - - [29/Apr/2026:07:10:52 +0200] "GET /items/N922465041/ HTTP/1.1" 301 0 "-" "Mozilla/5.0 (Linux; Android 6.0.1; Nexus 5X Build/MMB29P) AppleWebKit/537.36 (KHTML, like Gecko) Chrome/147.0.7727.116 Mobile Safari/537.36 (compatible; Googlebot/2.1; +http://www.google.com/bot.html)"
66.249.75.4 - - [29/Apr/2026:07:10:55 +0200] "GET /items/J872388035/ HTTP/1.1" 301 0 "-" "Mozilla/5.0 (compatible; Googlebot/2.1; +http://www.google.com/bot.html)"
66.249.75.4 - - [29/Apr/2026:07:10:56 +0200] "GET /items/J872388035/ HTTP/1.1" 301 0 "-" "Mozilla/5.0 (Linux; Android 6.0.1; Nexus 5X Build/MMB29P) AppleWebKit/537.36 (KHTML, like Gecko) Chrome/147.0.7727.116 Mobile Safari/537.36 (compatible; Googlebot/2.1; +http://www.google.com/bot.html)"
57.141.20.35 - - [29/Apr/2026:07:10:51 +0200] "GET /?g=6663128ydut52 HTTP/1.1" 200 162183 "-" "meta-externalagent/1.1 (+https://developers.facebook.com/docs/sharing/webmasters/crawler)"
57.141.20.34 - - [29/Apr/2026:07:10:52 +0200] "GET /drymionczh.xml HTTP/1.1" 404 100271 "-" "meta-externalagent/1.1 (+https://developers.facebook.com/docs/sharing/webmasters/crawler)"
66.249.75.4 - - [29/Apr/2026:07:10:53 +0200] "GET /items/N922465041/ HTTP/1.1" 301 0 "-" "Mozilla/5.0 (Linux; Android 6.0.1; Nexus 5X Build/MMB29P) AppleWebKit/537.36 (KHTML, like Gecko) Chrome/147.0.7727.116 Mobile Safari/537.36 (compatible; Googlebot/2.1; +http://www.google.com/bot.html)"
66.249.72.36 - - [29/Apr/2026:07:10:58 +0200] "GET /items/N922465041/ HTTP/1.1" 404 100283 "-" "Mozilla/5.0 (Linux; Android 6.0.1; Nexus 5X Build/MMB29P) AppleWebKit/537.36 (KHTML, like Gecko) Chrome/147.0.7727.116 Mobile Safari/537.36 (compatible; Googlebot/2.1; +http://www.google.com/bot.html)"
66.249.72.36 - - [29/Apr/2026:07:11:01 +0200] "GET /items/N922465041/ HTTP/1.1" 404 100283 "-" "Mozilla/5.0 (Linux; Android 6.0.1; Nexus 5X Build/MMB29P) AppleWebKit/537.36 (KHTML, like Gecko) Chrome/147.0.7727.116 Mobile Safari/537.36 (compatible; Googlebot/2.1; +http://www.google.com/bot.html)"
66.249.72.36 - - [29/Apr/2026:07:11:02 +0200] "GET /items/J872388035/ HTTP/1.1" 404 100283 "-" "Mozilla/5.0 (Linux; Android 6.0.1; Nexus 5X Build/MMB29P) AppleWebKit/537.36 (KHTML, like Gecko) Chrome/147.0.7727.116 Mobile Safari/537.36 (compatible; Googlebot/2.1; +http://www.google.com/bot.html)"
66.249.72.36 - - [29/Apr/2026:07:11:05 +0200] "GET /?g=1096929e7tqyc HTTP/1.1" 200 162183 "-" "Mozilla/5.0 (Linux; Android 6.0.1; Nexus 5X Build/MMB29P) AppleWebKit/537.36 (KHTML, like Gecko) Chrome/147.0.7727.116 Mobile Safari/537.36 (compatible; Googlebot/2.1; +http://www.google.com/bot.html)"
57.141.20.42 - - [29/Apr/2026:07:11:26 +0200] "GET /?g=4235521cunx4y HTTP/1.1" 200 162183 "-" "meta-externalagent/1.1 (+https://developers.facebook.com/docs/sharing/webmasters/crawler)"
66.249.72.36 - - [29/Apr/2026:07:11:35 +0200] "GET /items/A505550014/ HTTP/1.1" 404 100283 "-" "Mozilla/5.0 (Linux; Android 6.0.1; Nexus 5X Build/MMB29P) AppleWebKit/537.36 (KHTML, like Gecko) Chrome/147.0.7727.116 Mobile Safari/537.36 (compatible; Googlebot/2.1; +http://www.google.com/bot.html)"
57.141.20.26 - - [29/Apr/2026:07:11:42 +0200] "GET /items/G464602538/ HTTP/1.1" 404 100283 "-" "meta-externalagent/1.1 (+https://developers.facebook.com/docs/sharing/webmasters/crawler)"
109.234.166.131 - - [29/Apr/2026:07:11:49 +0200] "POST /wp-cron.php?doing_wp_cron=1777439509.8334589004516601562500 HTTP/1.1" 200 0 "-" "WordPress/6.9.4; https://marc-morin.ch"
57.141.20.65 - - [29/Apr/2026:07:12:20 +0200] "GET /?g=65195403gs9ss HTTP/1.1" 200 162183 "-" "meta-externalagent/1.1 (+https://developers.facebook.com/docs/sharing/webmasters/crawler)"
66.249.75.5 - - [29/Apr/2026:07:12:24 +0200] "GET /items/X042018715/ HTTP/1.1" 301 0 "-" "Mozilla/5.0 (compatible; Googlebot/2.1; +http://www.google.com/bot.html)"
66.249.75.5 - - [29/Apr/2026:07:12:26 +0200] "GET /items/R881565481/ HTTP/1.1" 301 0 "-" "Mozilla/5.0 (compatible; Googlebot/2.1; +http://www.google.com/bot.html)"
57.141.20.58 - - [29/Apr/2026:07:12:27 +0200] "GET /?g=3869965e6ayql HTTP/1.1" 200 162183 "-" "meta-externalagent/1.1 (+https://developers.facebook.com/docs/sharing/webmasters/crawler)"
57.141.20.57 - - [29/Apr/2026:07:12:27 +0200] "GET /mankwcj.xml HTTP/1.1" 404 100267 "-" "meta-externalagent/1.1 (+https://developers.facebook.com/docs/sharing/webmasters/crawler)"
