88.168.175.22 - - [29/Apr/2026:01:20:45 +0200] "POST /wp-admin/admin-ajax.php HTTP/1.1" 200 187 "https://marc-morin.fr/wp-admin/" "Mozilla/5.0 (Windows NT 10.0; Win64; x64) AppleWebKit/537.36 (KHTML, like Gecko) Chrome/147.0.0.0 Safari/537.36"
88.168.175.22 - - [29/Apr/2026:01:21:09 +0200] "POST /wp-admin/admin-ajax.php HTTP/1.1" 200 187 "https://marc-morin.fr/wp-admin/" "Mozilla/5.0 (Windows NT 10.0; Win64; x64) AppleWebKit/537.36 (KHTML, like Gecko) Chrome/147.0.0.0 Safari/537.36"
88.168.175.22 - - [29/Apr/2026:01:21:21 +0200] "POST /wp-admin/admin-ajax.php HTTP/1.1" 200 187 "https://marc-morin.fr/wp-admin/" "Mozilla/5.0 (Windows NT 10.0; Win64; x64) AppleWebKit/537.36 (KHTML, like Gecko) Chrome/147.0.0.0 Safari/537.36"
57.141.20.43 - - [29/Apr/2026:01:21:31 +0200] "GET /items/D796297050/ HTTP/1.1" 404 100692 "-" "meta-externalagent/1.1 (+https://developers.facebook.com/docs/sharing/webmasters/crawler)"
88.168.175.22 - - [29/Apr/2026:01:21:51 +0200] "POST /wp-admin/admin-ajax.php HTTP/1.1" 200 187 "https://marc-morin.fr/wp-admin/" "Mozilla/5.0 (Windows NT 10.0; Win64; x64) AppleWebKit/537.36 (KHTML, like Gecko) Chrome/147.0.0.0 Safari/537.36"
88.168.175.22 - - [29/Apr/2026:01:21:57 +0200] "POST /wp-admin/admin-ajax.php HTTP/1.1" 200 187 "https://marc-morin.fr/wp-admin/" "Mozilla/5.0 (Windows NT 10.0; Win64; x64) AppleWebKit/537.36 (KHTML, like Gecko) Chrome/147.0.0.0 Safari/537.36"
88.168.175.22 - - [29/Apr/2026:01:22:09 +0200] "POST /wp-admin/admin-ajax.php HTTP/1.1" 200 187 "https://marc-morin.fr/wp-admin/" "Mozilla/5.0 (Windows NT 10.0; Win64; x64) AppleWebKit/537.36 (KHTML, like Gecko) Chrome/147.0.0.0 Safari/537.36"
88.168.175.22 - - [29/Apr/2026:01:22:27 +0200] "POST /wp-admin/admin-ajax.php HTTP/1.1" 200 187 "https://marc-morin.fr/wp-admin/" "Mozilla/5.0 (Windows NT 10.0; Win64; x64) AppleWebKit/537.36 (KHTML, like Gecko) Chrome/147.0.0.0 Safari/537.36"
66.249.77.66 - - [29/Apr/2026:01:22:31 +0200] "GET /items/U533975349 HTTP/1.1" 404 100688 "-" "Mozilla/5.0 (Linux; Android 6.0.1; Nexus 5X Build/MMB29P) AppleWebKit/537.36 (KHTML, like Gecko) Chrome/147.0.7727.116 Mobile Safari/537.36 (compatible; Googlebot/2.1; +http://www.google.com/bot.html)"
88.168.175.22 - - [29/Apr/2026:01:22:57 +0200] "POST /wp-admin/admin-ajax.php HTTP/1.1" 200 187 "https://marc-morin.fr/wp-admin/" "Mozilla/5.0 (Windows NT 10.0; Win64; x64) AppleWebKit/537.36 (KHTML, like Gecko) Chrome/147.0.0.0 Safari/537.36"
88.168.175.22 - - [29/Apr/2026:01:23:03 +0200] "POST /wp-admin/admin-ajax.php HTTP/1.1" 200 187 "https://marc-morin.fr/wp-admin/" "Mozilla/5.0 (Windows NT 10.0; Win64; x64) AppleWebKit/537.36 (KHTML, like Gecko) Chrome/147.0.0.0 Safari/537.36"
109.234.166.131 - - [29/Apr/2026:01:22:16 +0200] "POST /wp-cron.php?doing_wp_cron=1777418536.1784870624542236328125 HTTP/1.1" 200 0 "-" "WordPress/6.9.4; https://marc-morin.fr"
88.168.175.22 - - [29/Apr/2026:01:22:21 +0200] "POST /wp-admin/admin-ajax.php HTTP/1.1" 200 187 "https://marc-morin.fr/wp-admin/" "Mozilla/5.0 (Windows NT 10.0; Win64; x64) AppleWebKit/537.36 (KHTML, like Gecko) Chrome/147.0.0.0 Safari/537.36"
88.168.175.22 - - [29/Apr/2026:01:22:39 +0200] "POST /wp-admin/admin-ajax.php HTTP/1.1" 200 187 "https://marc-morin.fr/wp-admin/" "Mozilla/5.0 (Windows NT 10.0; Win64; x64) AppleWebKit/537.36 (KHTML, like Gecko) Chrome/147.0.0.0 Safari/537.36"
88.168.175.22 - - [29/Apr/2026:01:22:51 +0200] "POST /wp-admin/admin-ajax.php HTTP/1.1" 200 187 "https://marc-morin.fr/wp-admin/" "Mozilla/5.0 (Windows NT 10.0; Win64; x64) AppleWebKit/537.36 (KHTML, like Gecko) Chrome/147.0.0.0 Safari/537.36"
88.168.175.22 - - [29/Apr/2026:01:23:09 +0200] "POST /wp-admin/admin-ajax.php HTTP/1.1" 200 187 "https://marc-morin.fr/wp-admin/" "Mozilla/5.0 (Windows NT 10.0; Win64; x64) AppleWebKit/537.36 (KHTML, like Gecko) Chrome/147.0.0.0 Safari/537.36"
109.234.166.131 - - [29/Apr/2026:01:23:16 +0200] "POST /wp-cron.php?doing_wp_cron=1777418596.1900260448455810546875 HTTP/1.1" 200 0 "-" "WordPress/6.9.4; https://marc-morin.fr"
88.168.175.22 - - [29/Apr/2026:01:23:45 +0200] "POST /wp-admin/admin-ajax.php HTTP/1.1" 200 187 "https://marc-morin.fr/wp-admin/" "Mozilla/5.0 (Windows NT 10.0; Win64; x64) AppleWebKit/537.36 (KHTML, like Gecko) Chrome/147.0.0.0 Safari/537.36"
57.141.20.41 - - [29/Apr/2026:01:23:46 +0200] "GET /items/D795660112/ HTTP/1.1" 404 100692 "-" "meta-externalagent/1.1 (+https://developers.facebook.com/docs/sharing/webmasters/crawler)"
88.168.175.22 - - [29/Apr/2026:01:23:51 +0200] "POST /wp-admin/admin-ajax.php HTTP/1.1" 200 187 "https://marc-morin.fr/wp-admin/" "Mozilla/5.0 (Windows NT 10.0; Win64; x64) AppleWebKit/537.36 (KHTML, like Gecko) Chrome/147.0.0.0 Safari/537.36"
88.168.175.22 - - [29/Apr/2026:01:23:57 +0200] "POST /wp-admin/admin-ajax.php HTTP/1.1" 200 187 "https://marc-morin.fr/wp-admin/" "Mozilla/5.0 (Windows NT 10.0; Win64; x64) AppleWebKit/537.36 (KHTML, like Gecko) Chrome/147.0.0.0 Safari/537.36"
88.168.175.22 - - [29/Apr/2026:01:24:03 +0200] "POST /wp-admin/admin-ajax.php HTTP/1.1" 200 187 "https://marc-morin.fr/wp-admin/" "Mozilla/5.0 (Windows NT 10.0; Win64; x64) AppleWebKit/537.36 (KHTML, like Gecko) Chrome/147.0.0.0 Safari/537.36"
88.168.175.22 - - [29/Apr/2026:01:24:09 +0200] "POST /wp-admin/admin-ajax.php HTTP/1.1" 200 187 "https://marc-morin.fr/wp-admin/" "Mozilla/5.0 (Windows NT 10.0; Win64; x64) AppleWebKit/537.36 (KHTML, like Gecko) Chrome/147.0.0.0 Safari/537.36"
40.77.167.254 - - [29/Apr/2026:01:24:13 +0200] "GET /items/D795929759/ HTTP/1.1" 404 100692 "-" "Mozilla/5.0 AppleWebKit/537.36 (KHTML, like Gecko; compatible; bingbot/2.0; +http://www.bing.com/bingbot.htm) Chrome/116.0.1938.76 Safari/537.36"
40.77.167.254 - - [29/Apr/2026:01:24:13 +0200] "GET /items/D796808401/ HTTP/1.1" 404 100692 "-" "Mozilla/5.0 AppleWebKit/537.36 (KHTML, like Gecko; compatible; bingbot/2.0; +http://www.bing.com/bingbot.htm) Chrome/116.0.1938.76 Safari/537.36"
88.168.175.22 - - [29/Apr/2026:01:24:15 +0200] "POST /wp-admin/admin-ajax.php HTTP/1.1" 200 187 "https://marc-morin.fr/wp-admin/" "Mozilla/5.0 (Windows NT 10.0; Win64; x64) AppleWebKit/537.36 (KHTML, like Gecko) Chrome/147.0.0.0 Safari/537.36"
88.168.175.22 - - [29/Apr/2026:01:24:21 +0200] "POST /wp-admin/admin-ajax.php HTTP/1.1" 200 187 "https://marc-morin.fr/wp-admin/" "Mozilla/5.0 (Windows NT 10.0; Win64; x64) AppleWebKit/537.36 (KHTML, like Gecko) Chrome/147.0.0.0 Safari/537.36"
88.168.175.22 - - [29/Apr/2026:01:24:27 +0200] "POST /wp-admin/admin-ajax.php HTTP/1.1" 200 187 "https://marc-morin.fr/wp-admin/" "Mozilla/5.0 (Windows NT 10.0; Win64; x64) AppleWebKit/537.36 (KHTML, like Gecko) Chrome/147.0.0.0 Safari/537.36"
66.249.77.66 - - [29/Apr/2026:01:23:04 +0200] "GET /items/X346397934 HTTP/1.1" 404 100688 "-" "Mozilla/5.0 (Linux; Android 6.0.1; Nexus 5X Build/MMB29P) AppleWebKit/537.36 (KHTML, like Gecko) Chrome/147.0.7727.116 Mobile Safari/537.36 (compatible; Googlebot/2.1; +http://www.google.com/bot.html)"
109.234.166.131 - - [29/Apr/2026:01:23:28 +0200] "POST /wp-cron.php?doing_wp_cron=1777418608.2500629425048828125000 HTTP/1.1" 200 0 "-" "WordPress/6.9.4; https://marc-morin.fr"
88.168.175.22 - - [29/Apr/2026:01:23:27 +0200] "POST /wp-admin/admin-ajax.php HTTP/1.1" 200 187 "https://marc-morin.fr/wp-admin/" "Mozilla/5.0 (Windows NT 10.0; Win64; x64) AppleWebKit/537.36 (KHTML, like Gecko) Chrome/147.0.0.0 Safari/537.36"
88.168.175.22 - - [29/Apr/2026:01:23:33 +0200] "POST /wp-admin/admin-ajax.php HTTP/1.1" 200 187 "https://marc-morin.fr/wp-admin/" "Mozilla/5.0 (Windows NT 10.0; Win64; x64) AppleWebKit/537.36 (KHTML, like Gecko) Chrome/147.0.0.0 Safari/537.36"
88.168.175.22 - - [29/Apr/2026:01:23:39 +0200] "POST /wp-admin/admin-ajax.php HTTP/1.1" 200 187 "https://marc-morin.fr/wp-admin/" "Mozilla/5.0 (Windows NT 10.0; Win64; x64) AppleWebKit/537.36 (KHTML, like Gecko) Chrome/147.0.0.0 Safari/537.36"
66.249.77.66 - - [29/Apr/2026:01:23:47 +0200] "GET /items/L753084566 HTTP/1.1" 404 100688 "-" "Mozilla/5.0 (Linux; Android 6.0.1; Nexus 5X Build/MMB29P) AppleWebKit/537.36 (KHTML, like Gecko) Chrome/147.0.7727.116 Mobile Safari/537.36 (compatible; Googlebot/2.1; +http://www.google.com/bot.html)"
5.39.1.230 - - [29/Apr/2026:01:23:50 +0200] "GET /items/D793656248/ HTTP/1.1" 404 100692 "-" "Mozilla/5.0 (compatible; AhrefsBot/7.0; +http://ahrefs.com/robot/)"
109.234.166.131 - - [29/Apr/2026:01:24:14 +0200] "POST /wp-cron.php?doing_wp_cron=1777418654.3356730937957763671875 HTTP/1.1" 200 0 "-" "WordPress/6.9.4; https://marc-morin.fr"
88.168.175.22 - - [29/Apr/2026:01:24:33 +0200] "POST /wp-admin/admin-ajax.php HTTP/1.1" 200 187 "https://marc-morin.fr/wp-admin/" "Mozilla/5.0 (Windows NT 10.0; Win64; x64) AppleWebKit/537.36 (KHTML, like Gecko) Chrome/147.0.0.0 Safari/537.36"
88.168.175.22 - - [29/Apr/2026:01:24:39 +0200] "POST /wp-admin/admin-ajax.php HTTP/1.1" 200 187 "https://marc-morin.fr/wp-admin/" "Mozilla/5.0 (Windows NT 10.0; Win64; x64) AppleWebKit/537.36 (KHTML, like Gecko) Chrome/147.0.0.0 Safari/537.36"
109.234.166.131 - - [29/Apr/2026:01:24:52 +0200] "POST /wp-cron.php?doing_wp_cron=1777418692.1745600700378417968750 HTTP/1.1" 200 0 "-" "WordPress/6.9.4; https://marc-morin.fr"
88.168.175.22 - - [29/Apr/2026:01:24:53 +0200] "POST /wp-admin/admin-ajax.php HTTP/1.1" 200 47 "https://marc-morin.fr/wp-admin/" "Mozilla/5.0 (Windows NT 10.0; Win64; x64) AppleWebKit/537.36 (KHTML, like Gecko) Chrome/147.0.0.0 Safari/537.36"
88.168.175.22 - - [29/Apr/2026:01:24:57 +0200] "POST /wp-admin/admin-ajax.php HTTP/1.1" 200 187 "https://marc-morin.fr/wp-admin/" "Mozilla/5.0 (Windows NT 10.0; Win64; x64) AppleWebKit/537.36 (KHTML, like Gecko) Chrome/147.0.0.0 Safari/537.36"
66.249.77.67 - - [29/Apr/2026:01:25:06 +0200] "GET /items/L954763517/m HTTP/1.1" 404 100692 "-" "Mozilla/5.0 (Linux; Android 6.0.1; Nexus 5X Build/MMB29P) AppleWebKit/537.36 (KHTML, like Gecko) Chrome/147.0.7727.116 Mobile Safari/537.36 (compatible; Googlebot/2.1; +http://www.google.com/bot.html)"
66.249.77.66 - - [29/Apr/2026:01:25:17 +0200] "GET /items/L936180588 HTTP/1.1" 404 100688 "-" "Mozilla/5.0 (Linux; Android 6.0.1; Nexus 5X Build/MMB29P) AppleWebKit/537.36 (KHTML, like Gecko) Chrome/147.0.7727.116 Mobile Safari/537.36 (compatible; Googlebot/2.1; +http://www.google.com/bot.html)"
88.168.175.22 - - [29/Apr/2026:01:25:21 +0200] "POST /wp-admin/admin-ajax.php HTTP/1.1" 200 187 "https://marc-morin.fr/wp-admin/" "Mozilla/5.0 (Windows NT 10.0; Win64; x64) AppleWebKit/537.36 (KHTML, like Gecko) Chrome/147.0.0.0 Safari/537.36"
66.249.77.68 - - [29/Apr/2026:01:21:49 +0200] "GET /items/V265569247 HTTP/1.1" 404 100688 "-" "Mozilla/5.0 (Linux; Android 6.0.1; Nexus 5X Build/MMB29P) AppleWebKit/537.36 (KHTML, like Gecko) Chrome/147.0.7727.116 Mobile Safari/537.36 (compatible; Googlebot/2.1; +http://www.google.com/bot.html)"
88.168.175.22 - - [29/Apr/2026:01:22:15 +0200] "POST /wp-admin/admin-ajax.php HTTP/1.1" 200 187 "https://marc-morin.fr/wp-admin/" "Mozilla/5.0 (Windows NT 10.0; Win64; x64) AppleWebKit/537.36 (KHTML, like Gecko) Chrome/147.0.0.0 Safari/537.36"
88.168.175.22 - - [29/Apr/2026:01:22:33 +0200] "POST /wp-admin/admin-ajax.php HTTP/1.1" 200 187 "https://marc-morin.fr/wp-admin/" "Mozilla/5.0 (Windows NT 10.0; Win64; x64) AppleWebKit/537.36 (KHTML, like Gecko) Chrome/147.0.0.0 Safari/537.36"
88.168.175.22 - - [29/Apr/2026:01:22:45 +0200] "POST /wp-admin/admin-ajax.php HTTP/1.1" 200 187 "https://marc-morin.fr/wp-admin/" "Mozilla/5.0 (Windows NT 10.0; Win64; x64) AppleWebKit/537.36 (KHTML, like Gecko) Chrome/147.0.0.0 Safari/537.36"
88.168.175.22 - - [29/Apr/2026:01:22:52 +0200] "POST /wp-admin/admin-ajax.php HTTP/1.1" 200 47 "https://marc-morin.fr/wp-admin/" "Mozilla/5.0 (Windows NT 10.0; Win64; x64) AppleWebKit/537.36 (KHTML, like Gecko) Chrome/147.0.0.0 Safari/537.36"
88.168.175.22 - - [29/Apr/2026:01:23:15 +0200] "POST /wp-admin/admin-ajax.php HTTP/1.1" 200 187 "https://marc-morin.fr/wp-admin/" "Mozilla/5.0 (Windows NT 10.0; Win64; x64) AppleWebKit/537.36 (KHTML, like Gecko) Chrome/147.0.0.0 Safari/537.36"
88.168.175.22 - - [29/Apr/2026:01:23:21 +0200] "POST /wp-admin/admin-ajax.php HTTP/1.1" 200 187 "https://marc-morin.fr/wp-admin/" "Mozilla/5.0 (Windows NT 10.0; Win64; x64) AppleWebKit/537.36 (KHTML, like Gecko) Chrome/147.0.0.0 Safari/537.36"
40.77.167.254 - - [29/Apr/2026:01:24:12 +0200] "GET /items/D794855879/ HTTP/1.1" 404 100692 "-" "Mozilla/5.0 AppleWebKit/537.36 (KHTML, like Gecko; compatible; bingbot/2.0; +http://www.bing.com/bingbot.htm) Chrome/116.0.1938.76 Safari/537.36"
40.77.167.254 - - [29/Apr/2026:01:24:14 +0200] "GET /items/D796813825/ HTTP/1.1" 404 100692 "-" "Mozilla/5.0 AppleWebKit/537.36 (KHTML, like Gecko; compatible; bingbot/2.0; +http://www.bing.com/bingbot.htm) Chrome/116.0.1938.76 Safari/537.36"
57.141.20.60 - - [29/Apr/2026:01:24:51 +0200] "GET /items/D794641134/ HTTP/1.1" 404 100692 "-" "meta-externalagent/1.1 (+https://developers.facebook.com/docs/sharing/webmasters/crawler)"
88.168.175.22 - - [29/Apr/2026:01:25:03 +0200] "POST /wp-admin/admin-ajax.php HTTP/1.1" 200 187 "https://marc-morin.fr/wp-admin/" "Mozilla/5.0 (Windows NT 10.0; Win64; x64) AppleWebKit/537.36 (KHTML, like Gecko) Chrome/147.0.0.0 Safari/537.36"
109.234.166.131 - - [29/Apr/2026:01:25:14 +0200] "POST /wp-cron.php?doing_wp_cron=1777418714.7833139896392822265625 HTTP/1.1" 200 0 "-" "WordPress/6.9.4; https://marc-morin.fr"
66.249.77.66 - - [29/Apr/2026:01:25:19 +0200] "GET /items/Y595825108/m HTTP/1.1" 404 100692 "-" "Mozilla/5.0 (Linux; Android 6.0.1; Nexus 5X Build/MMB29P) AppleWebKit/537.36 (KHTML, like Gecko) Chrome/147.0.7727.116 Mobile Safari/537.36 (compatible; Googlebot/2.1; +http://www.google.com/bot.html)"
88.168.175.22 - - [29/Apr/2026:01:25:33 +0200] "POST /wp-admin/admin-ajax.php HTTP/1.1" 200 187 "https://marc-morin.fr/wp-admin/" "Mozilla/5.0 (Windows NT 10.0; Win64; x64) AppleWebKit/537.36 (KHTML, like Gecko) Chrome/147.0.0.0 Safari/537.36"
66.249.77.66 - - [29/Apr/2026:01:25:43 +0200] "GET /shop/customer/menu HTTP/1.1" 404 100692 "-" "Mozilla/5.0 (Linux; Android 6.0.1; Nexus 5X Build/MMB29P) AppleWebKit/537.36 (KHTML, like Gecko) Chrome/147.0.7727.116 Mobile Safari/537.36 (compatible; Googlebot/2.1; +http://www.google.com/bot.html)"
88.168.175.22 - - [29/Apr/2026:01:25:51 +0200] "POST /wp-admin/admin-ajax.php HTTP/1.1" 200 187 "https://marc-morin.fr/wp-admin/" "Mozilla/5.0 (Windows NT 10.0; Win64; x64) AppleWebKit/537.36 (KHTML, like Gecko) Chrome/147.0.0.0 Safari/537.36"
88.168.175.22 - - [29/Apr/2026:01:24:45 +0200] "POST /wp-admin/admin-ajax.php HTTP/1.1" 200 187 "https://marc-morin.fr/wp-admin/" "Mozilla/5.0 (Windows NT 10.0; Win64; x64) AppleWebKit/537.36 (KHTML, like Gecko) Chrome/147.0.0.0 Safari/537.36"
88.168.175.22 - - [29/Apr/2026:01:24:51 +0200] "POST /wp-admin/admin-ajax.php HTTP/1.1" 200 187 "https://marc-morin.fr/wp-admin/" "Mozilla/5.0 (Windows NT 10.0; Win64; x64) AppleWebKit/537.36 (KHTML, like Gecko) Chrome/147.0.0.0 Safari/537.36"
88.168.175.22 - - [29/Apr/2026:01:25:09 +0200] "POST /wp-admin/admin-ajax.php HTTP/1.1" 200 187 "https://marc-morin.fr/wp-admin/" "Mozilla/5.0 (Windows NT 10.0; Win64; x64) AppleWebKit/537.36 (KHTML, like Gecko) Chrome/147.0.0.0 Safari/537.36"
66.249.77.67 - - [29/Apr/2026:01:25:14 +0200] "GET /items/C384110231/m HTTP/1.1" 404 100692 "-" "Mozilla/5.0 (Linux; Android 6.0.1; Nexus 5X Build/MMB29P) AppleWebKit/537.36 (KHTML, like Gecko) Chrome/147.0.7727.116 Mobile Safari/537.36 (compatible; Googlebot/2.1; +http://www.google.com/bot.html)"
88.168.175.22 - - [29/Apr/2026:01:25:15 +0200] "POST /wp-admin/admin-ajax.php HTTP/1.1" 200 187 "https://marc-morin.fr/wp-admin/" "Mozilla/5.0 (Windows NT 10.0; Win64; x64) AppleWebKit/537.36 (KHTML, like Gecko) Chrome/147.0.0.0 Safari/537.36"
66.249.77.66 - - [29/Apr/2026:01:25:32 +0200] "GET /items/U413961849/m HTTP/1.1" 404 100692 "-" "Mozilla/5.0 (Linux; Android 6.0.1; Nexus 5X Build/MMB29P) AppleWebKit/537.36 (KHTML, like Gecko) Chrome/147.0.7727.116 Mobile Safari/537.36 (compatible; Googlebot/2.1; +http://www.google.com/bot.html)"
66.249.77.66 - - [29/Apr/2026:01:25:32 +0200] "GET /shop/storeSearch/KeepCriteria?&transition=top HTTP/1.1" 301 0 "-" "Mozilla/5.0 (Linux; Android 6.0.1; Nexus 5X Build/MMB29P) AppleWebKit/537.36 (KHTML, like Gecko) Chrome/147.0.7727.116 Mobile Safari/537.36 (compatible; Googlebot/2.1; +http://www.google.com/bot.html)"
66.249.77.67 - - [29/Apr/2026:01:26:02 +0200] "GET /shop/storeSearch/KeepCriteriaInput?&transition=top HTTP/1.1" 301 0 "-" "Mozilla/5.0 (Linux; Android 6.0.1; Nexus 5X Build/MMB29P) AppleWebKit/537.36 (KHTML, like Gecko) Chrome/147.0.7727.116 Mobile Safari/537.36 (compatible; Googlebot/2.1; +http://www.google.com/bot.html)"
88.168.175.22 - - [29/Apr/2026:01:26:03 +0200] "POST /wp-admin/admin-ajax.php HTTP/1.1" 200 187 "https://marc-morin.fr/wp-admin/" "Mozilla/5.0 (Windows NT 10.0; Win64; x64) AppleWebKit/537.36 (KHTML, like Gecko) Chrome/147.0.0.0 Safari/537.36"
88.168.175.22 - - [29/Apr/2026:01:26:09 +0200] "POST /wp-admin/admin-ajax.php HTTP/1.1" 200 187 "https://marc-morin.fr/wp-admin/" "Mozilla/5.0 (Windows NT 10.0; Win64; x64) AppleWebKit/537.36 (KHTML, like Gecko) Chrome/147.0.0.0 Safari/537.36"
88.168.175.22 - - [29/Apr/2026:01:26:33 +0200] "POST /wp-admin/admin-ajax.php HTTP/1.1" 200 187 "https://marc-morin.fr/wp-admin/" "Mozilla/5.0 (Windows NT 10.0; Win64; x64) AppleWebKit/537.36 (KHTML, like Gecko) Chrome/147.0.0.0 Safari/537.36"
88.168.175.22 - - [29/Apr/2026:01:26:39 +0200] "POST /wp-admin/admin-ajax.php HTTP/1.1" 200 187 "https://marc-morin.fr/wp-admin/" "Mozilla/5.0 (Windows NT 10.0; Win64; x64) AppleWebKit/537.36 (KHTML, like Gecko) Chrome/147.0.0.0 Safari/537.36"
66.249.77.66 - - [29/Apr/2026:01:26:51 +0200] "GET /shop/userreview/write HTTP/1.1" 404 100696 "-" "Mozilla/5.0 (Linux; Android 6.0.1; Nexus 5X Build/MMB29P) AppleWebKit/537.36 (KHTML, like Gecko) Chrome/147.0.7727.116 Mobile Safari/537.36 (compatible; Googlebot/2.1; +http://www.google.com/bot.html)"
57.141.20.53 - - [29/Apr/2026:01:27:05 +0200] "GET /items/D796188599/ HTTP/1.1" 404 100692 "-" "meta-externalagent/1.1 (+https://developers.facebook.com/docs/sharing/webmasters/crawler)"
88.168.175.22 - - [29/Apr/2026:01:27:09 +0200] "POST /wp-admin/admin-ajax.php HTTP/1.1" 200 187 "https://marc-morin.fr/wp-admin/" "Mozilla/5.0 (Windows NT 10.0; Win64; x64) AppleWebKit/537.36 (KHTML, like Gecko) Chrome/147.0.0.0 Safari/537.36"
66.249.77.66 - - [29/Apr/2026:01:25:24 +0200] "GET /items/T364425534/m HTTP/1.1" 404 100692 "-" "Mozilla/5.0 (Linux; Android 6.0.1; Nexus 5X Build/MMB29P) AppleWebKit/537.36 (KHTML, like Gecko) Chrome/147.0.7727.116 Mobile Safari/537.36 (compatible; Googlebot/2.1; +http://www.google.com/bot.html)"
88.168.175.22 - - [29/Apr/2026:01:25:27 +0200] "POST /wp-admin/admin-ajax.php HTTP/1.1" 200 187 "https://marc-morin.fr/wp-admin/" "Mozilla/5.0 (Windows NT 10.0; Win64; x64) AppleWebKit/537.36 (KHTML, like Gecko) Chrome/147.0.0.0 Safari/537.36"
88.168.175.22 - - [29/Apr/2026:01:25:39 +0200] "POST /wp-admin/admin-ajax.php HTTP/1.1" 200 187 "https://marc-morin.fr/wp-admin/" "Mozilla/5.0 (Windows NT 10.0; Win64; x64) AppleWebKit/537.36 (KHTML, like Gecko) Chrome/147.0.0.0 Safari/537.36"
88.168.175.22 - - [29/Apr/2026:01:25:45 +0200] "POST /wp-admin/admin-ajax.php HTTP/1.1" 200 187 "https://marc-morin.fr/wp-admin/" "Mozilla/5.0 (Windows NT 10.0; Win64; x64) AppleWebKit/537.36 (KHTML, like Gecko) Chrome/147.0.0.0 Safari/537.36"
66.249.77.68 - - [29/Apr/2026:01:26:04 +0200] "GET /shop/storeSearch/CriteriaInput HTTP/1.1" 404 100708 "-" "Mozilla/5.0 (Linux; Android 6.0.1; Nexus 5X Build/MMB29P) AppleWebKit/537.36 (KHTML, like Gecko) Chrome/147.0.7727.116 Mobile Safari/537.36 (compatible; Googlebot/2.1; +http://www.google.com/bot.html)"
88.168.175.22 - - [29/Apr/2026:01:26:15 +0200] "POST /wp-admin/admin-ajax.php HTTP/1.1" 200 187 "https://marc-morin.fr/wp-admin/" "Mozilla/5.0 (Windows NT 10.0; Win64; x64) AppleWebKit/537.36 (KHTML, like Gecko) Chrome/147.0.0.0 Safari/537.36"
66.249.77.67 - - [29/Apr/2026:01:26:35 +0200] "GET /items/F854590224 HTTP/1.1" 404 100688 "-" "Mozilla/5.0 (Linux; Android 6.0.1; Nexus 5X Build/MMB29P) AppleWebKit/537.36 (KHTML, like Gecko) Chrome/147.0.7727.116 Mobile Safari/537.36 (compatible; Googlebot/2.1; +http://www.google.com/bot.html)"
88.168.175.22 - - [29/Apr/2026:01:26:45 +0200] "POST /wp-admin/admin-ajax.php HTTP/1.1" 200 187 "https://marc-morin.fr/wp-admin/" "Mozilla/5.0 (Windows NT 10.0; Win64; x64) AppleWebKit/537.36 (KHTML, like Gecko) Chrome/147.0.0.0 Safari/537.36"
88.168.175.22 - - [29/Apr/2026:01:27:03 +0200] "POST /wp-admin/admin-ajax.php HTTP/1.1" 200 187 "https://marc-morin.fr/wp-admin/" "Mozilla/5.0 (Windows NT 10.0; Win64; x64) AppleWebKit/537.36 (KHTML, like Gecko) Chrome/147.0.0.0 Safari/537.36"
109.234.166.131 - - [29/Apr/2026:01:27:15 +0200] "POST /wp-cron.php?doing_wp_cron=1777418835.9575119018554687500000 HTTP/1.1" 200 0 "-" "WordPress/6.9.4; https://marc-morin.fr"
88.168.175.22 - - [29/Apr/2026:01:27:21 +0200] "POST /wp-admin/admin-ajax.php HTTP/1.1" 200 187 "https://marc-morin.fr/wp-admin/" "Mozilla/5.0 (Windows NT 10.0; Win64; x64) AppleWebKit/537.36 (KHTML, like Gecko) Chrome/147.0.0.0 Safari/537.36"
88.168.175.22 - - [29/Apr/2026:01:27:27 +0200] "POST /wp-admin/admin-ajax.php HTTP/1.1" 200 187 "https://marc-morin.fr/wp-admin/" "Mozilla/5.0 (Windows NT 10.0; Win64; x64) AppleWebKit/537.36 (KHTML, like Gecko) Chrome/147.0.0.0 Safari/537.36"
88.168.175.22 - - [29/Apr/2026:01:28:09 +0200] "POST /wp-admin/admin-ajax.php HTTP/1.1" 200 187 "https://marc-morin.fr/wp-admin/" "Mozilla/5.0 (Windows NT 10.0; Win64; x64) AppleWebKit/537.36 (KHTML, like Gecko) Chrome/147.0.0.0 Safari/537.36"
57.141.20.58 - - [29/Apr/2026:01:28:10 +0200] "GET /items/D796776498/ HTTP/1.1" 404 100692 "-" "meta-externalagent/1.1 (+https://developers.facebook.com/docs/sharing/webmasters/crawler)"
109.234.166.131 - - [29/Apr/2026:01:28:14 +0200] "POST /wp-cron.php?doing_wp_cron=1777418894.6044890880584716796875 HTTP/1.1" 200 0 "-" "WordPress/6.9.4; https://marc-morin.fr"
88.168.175.22 - - [29/Apr/2026:01:28:15 +0200] "POST /wp-admin/admin-ajax.php HTTP/1.1" 200 187 "https://marc-morin.fr/wp-admin/" "Mozilla/5.0 (Windows NT 10.0; Win64; x64) AppleWebKit/537.36 (KHTML, like Gecko) Chrome/147.0.0.0 Safari/537.36"
88.168.175.22 - - [29/Apr/2026:01:25:57 +0200] "POST /wp-admin/admin-ajax.php HTTP/1.1" 200 187 "https://marc-morin.fr/wp-admin/" "Mozilla/5.0 (Windows NT 10.0; Win64; x64) AppleWebKit/537.36 (KHTML, like Gecko) Chrome/147.0.0.0 Safari/537.36"
66.249.77.67 - - [29/Apr/2026:01:26:04 +0200] "GET /shop/storeSearch/Criteria HTTP/1.1" 404 100700 "-" "Mozilla/5.0 (Linux; Android 6.0.1; Nexus 5X Build/MMB29P) AppleWebKit/537.36 (KHTML, like Gecko) Chrome/147.0.7727.116 Mobile Safari/537.36 (compatible; Googlebot/2.1; +http://www.google.com/bot.html)"
109.234.166.131 - - [29/Apr/2026:01:26:15 +0200] "POST /wp-cron.php?doing_wp_cron=1777418775.9682760238647460937500 HTTP/1.1" 200 0 "-" "WordPress/6.9.4; https://marc-morin.fr"
88.168.175.22 - - [29/Apr/2026:01:26:21 +0200] "POST /wp-admin/admin-ajax.php HTTP/1.1" 200 187 "https://marc-morin.fr/wp-admin/" "Mozilla/5.0 (Windows NT 10.0; Win64; x64) AppleWebKit/537.36 (KHTML, like Gecko) Chrome/147.0.0.0 Safari/537.36"
88.168.175.22 - - [29/Apr/2026:01:26:27 +0200] "POST /wp-admin/admin-ajax.php HTTP/1.1" 200 187 "https://marc-morin.fr/wp-admin/" "Mozilla/5.0 (Windows NT 10.0; Win64; x64) AppleWebKit/537.36 (KHTML, like Gecko) Chrome/147.0.0.0 Safari/537.36"
88.168.175.22 - - [29/Apr/2026:01:26:51 +0200] "POST /wp-admin/admin-ajax.php HTTP/1.1" 200 187 "https://marc-morin.fr/wp-admin/" "Mozilla/5.0 (Windows NT 10.0; Win64; x64) AppleWebKit/537.36 (KHTML, like Gecko) Chrome/147.0.0.0 Safari/537.36"
88.168.175.22 - - [29/Apr/2026:01:26:54 +0200] "POST /wp-admin/admin-ajax.php HTTP/1.1" 200 47 "https://marc-morin.fr/wp-admin/" "Mozilla/5.0 (Windows NT 10.0; Win64; x64) AppleWebKit/537.36 (KHTML, like Gecko) Chrome/147.0.0.0 Safari/537.36"
88.168.175.22 - - [29/Apr/2026:01:26:57 +0200] "POST /wp-admin/admin-ajax.php HTTP/1.1" 200 187 "https://marc-morin.fr/wp-admin/" "Mozilla/5.0 (Windows NT 10.0; Win64; x64) AppleWebKit/537.36 (KHTML, like Gecko) Chrome/147.0.0.0 Safari/537.36"
88.168.175.22 - - [29/Apr/2026:01:27:45 +0200] "POST /wp-admin/admin-ajax.php HTTP/1.1" 200 187 "https://marc-morin.fr/wp-admin/" "Mozilla/5.0 (Windows NT 10.0; Win64; x64) AppleWebKit/537.36 (KHTML, like Gecko) Chrome/147.0.0.0 Safari/537.36"
88.168.175.22 - - [29/Apr/2026:01:28:03 +0200] "POST /wp-admin/admin-ajax.php HTTP/1.1" 200 187 "https://marc-morin.fr/wp-admin/" "Mozilla/5.0 (Windows NT 10.0; Win64; x64) AppleWebKit/537.36 (KHTML, like Gecko) Chrome/147.0.0.0 Safari/537.36"
88.168.175.22 - - [29/Apr/2026:01:28:33 +0200] "POST /wp-admin/admin-ajax.php HTTP/1.1" 200 187 "https://marc-morin.fr/wp-admin/" "Mozilla/5.0 (Windows NT 10.0; Win64; x64) AppleWebKit/537.36 (KHTML, like Gecko) Chrome/147.0.0.0 Safari/537.36"
88.168.175.22 - - [29/Apr/2026:01:28:39 +0200] "POST /wp-admin/admin-ajax.php HTTP/1.1" 200 187 "https://marc-morin.fr/wp-admin/" "Mozilla/5.0 (Windows NT 10.0; Win64; x64) AppleWebKit/537.36 (KHTML, like Gecko) Chrome/147.0.0.0 Safari/537.36"
66.249.77.66 - - [29/Apr/2026:01:28:41 +0200] "GET /items/H815758615 HTTP/1.1" 404 100688 "-" "Mozilla/5.0 (Linux; Android 6.0.1; Nexus 5X Build/MMB29P) AppleWebKit/537.36 (KHTML, like Gecko) Chrome/147.0.7727.116 Mobile Safari/537.36 (compatible; Googlebot/2.1; +http://www.google.com/bot.html)"
88.168.175.22 - - [29/Apr/2026:01:28:51 +0200] "POST /wp-admin/admin-ajax.php HTTP/1.1" 200 187 "https://marc-morin.fr/wp-admin/" "Mozilla/5.0 (Windows NT 10.0; Win64; x64) AppleWebKit/537.36 (KHTML, like Gecko) Chrome/147.0.0.0 Safari/537.36"
88.168.175.22 - - [29/Apr/2026:01:28:55 +0200] "POST /wp-admin/admin-ajax.php HTTP/1.1" 200 47 "https://marc-morin.fr/wp-admin/" "Mozilla/5.0 (Windows NT 10.0; Win64; x64) AppleWebKit/537.36 (KHTML, like Gecko) Chrome/147.0.0.0 Safari/537.36"
88.168.175.22 - - [29/Apr/2026:01:29:15 +0200] "POST /wp-admin/admin-ajax.php HTTP/1.1" 200 187 "https://marc-morin.fr/wp-admin/" "Mozilla/5.0 (Windows NT 10.0; Win64; x64) AppleWebKit/537.36 (KHTML, like Gecko) Chrome/147.0.0.0 Safari/537.36"
88.168.175.22 - - [29/Apr/2026:01:27:15 +0200] "POST /wp-admin/admin-ajax.php HTTP/1.1" 200 187 "https://marc-morin.fr/wp-admin/" "Mozilla/5.0 (Windows NT 10.0; Win64; x64) AppleWebKit/537.36 (KHTML, like Gecko) Chrome/147.0.0.0 Safari/537.36"
88.168.175.22 - - [29/Apr/2026:01:27:33 +0200] "POST /wp-admin/admin-ajax.php HTTP/1.1" 200 187 "https://marc-morin.fr/wp-admin/" "Mozilla/5.0 (Windows NT 10.0; Win64; x64) AppleWebKit/537.36 (KHTML, like Gecko) Chrome/147.0.0.0 Safari/537.36"
88.168.175.22 - - [29/Apr/2026:01:27:39 +0200] "POST /wp-admin/admin-ajax.php HTTP/1.1" 200 187 "https://marc-morin.fr/wp-admin/" "Mozilla/5.0 (Windows NT 10.0; Win64; x64) AppleWebKit/537.36 (KHTML, like Gecko) Chrome/147.0.0.0 Safari/537.36"
88.168.175.22 - - [29/Apr/2026:01:27:51 +0200] "POST /wp-admin/admin-ajax.php HTTP/1.1" 200 187 "https://marc-morin.fr/wp-admin/" "Mozilla/5.0 (Windows NT 10.0; Win64; x64) AppleWebKit/537.36 (KHTML, like Gecko) Chrome/147.0.0.0 Safari/537.36"
88.168.175.22 - - [29/Apr/2026:01:27:57 +0200] "POST /wp-admin/admin-ajax.php HTTP/1.1" 200 187 "https://marc-morin.fr/wp-admin/" "Mozilla/5.0 (Windows NT 10.0; Win64; x64) AppleWebKit/537.36 (KHTML, like Gecko) Chrome/147.0.0.0 Safari/537.36"
66.249.77.67 - - [29/Apr/2026:01:28:14 +0200] "GET /shop/order/make_estimate?locker_flg=true HTTP/1.1" 404 100728 "-" "Mozilla/5.0 (Linux; Android 6.0.1; Nexus 5X Build/MMB29P) AppleWebKit/537.36 (KHTML, like Gecko) Chrome/147.0.7727.116 Mobile Safari/537.36 (compatible; Googlebot/2.1; +http://www.google.com/bot.html)"
88.168.175.22 - - [29/Apr/2026:01:28:21 +0200] "POST /wp-admin/admin-ajax.php HTTP/1.1" 200 187 "https://marc-morin.fr/wp-admin/" "Mozilla/5.0 (Windows NT 10.0; Win64; x64) AppleWebKit/537.36 (KHTML, like Gecko) Chrome/147.0.0.0 Safari/537.36"
88.168.175.22 - - [29/Apr/2026:01:28:27 +0200] "POST /wp-admin/admin-ajax.php HTTP/1.1" 200 187 "https://marc-morin.fr/wp-admin/" "Mozilla/5.0 (Windows NT 10.0; Win64; x64) AppleWebKit/537.36 (KHTML, like Gecko) Chrome/147.0.0.0 Safari/537.36"
66.249.77.66 - - [29/Apr/2026:01:28:50 +0200] "GET /items/O784117162 HTTP/1.1" 404 100688 "-" "Mozilla/5.0 (Linux; Android 6.0.1; Nexus 5X Build/MMB29P) AppleWebKit/537.36 (KHTML, like Gecko) Chrome/147.0.7727.116 Mobile Safari/537.36 (compatible; Googlebot/2.1; +http://www.google.com/bot.html)"
176.31.139.3 - - [29/Apr/2026:01:28:53 +0200] "GET /items/D793638830/ HTTP/1.1" 404 100692 "-" "Mozilla/5.0 (compatible; AhrefsBot/7.0; +http://ahrefs.com/robot/)"
66.249.77.66 - - [29/Apr/2026:01:28:55 +0200] "GET /items/R835340758/ HTTP/1.1" 404 100692 "-" "Mozilla/5.0 (Linux; Android 6.0.1; Nexus 5X Build/MMB29P) AppleWebKit/537.36 (KHTML, like Gecko) Chrome/147.0.7727.116 Mobile Safari/537.36 (compatible; Googlebot/2.1; +http://www.google.com/bot.html)"
88.168.175.22 - - [29/Apr/2026:01:29:03 +0200] "POST /wp-admin/admin-ajax.php HTTP/1.1" 200 187 "https://marc-morin.fr/wp-admin/" "Mozilla/5.0 (Windows NT 10.0; Win64; x64) AppleWebKit/537.36 (KHTML, like Gecko) Chrome/147.0.0.0 Safari/537.36"
66.249.77.68 - - [29/Apr/2026:01:29:06 +0200] "GET /shop/e/e009001036001/ HTTP/1.1" 404 100700 "-" "Mozilla/5.0 (Linux; Android 6.0.1; Nexus 5X Build/MMB29P) AppleWebKit/537.36 (KHTML, like Gecko) Chrome/147.0.7727.116 Mobile Safari/537.36 (compatible; Googlebot/2.1; +http://www.google.com/bot.html)"
109.234.166.131 - - [29/Apr/2026:01:29:14 +0200] "POST /wp-cron.php?doing_wp_cron=1777418954.5644409656524658203125 HTTP/1.1" 200 0 "-" "WordPress/6.9.4; https://marc-morin.fr"
57.141.20.38 - - [29/Apr/2026:01:29:17 +0200] "GET /items/D794527870/ HTTP/1.1" 404 100692 "-" "meta-externalagent/1.1 (+https://developers.facebook.com/docs/sharing/webmasters/crawler)"
88.168.175.22 - - [29/Apr/2026:01:29:27 +0200] "POST /wp-admin/admin-ajax.php HTTP/1.1" 200 187 "https://marc-morin.fr/wp-admin/" "Mozilla/5.0 (Windows NT 10.0; Win64; x64) AppleWebKit/537.36 (KHTML, like Gecko) Chrome/147.0.0.0 Safari/537.36"
88.168.175.22 - - [29/Apr/2026:01:28:45 +0200] "POST /wp-admin/admin-ajax.php HTTP/1.1" 200 187 "https://marc-morin.fr/wp-admin/" "Mozilla/5.0 (Windows NT 10.0; Win64; x64) AppleWebKit/537.36 (KHTML, like Gecko) Chrome/147.0.0.0 Safari/537.36"
88.168.175.22 - - [29/Apr/2026:01:28:57 +0200] "POST /wp-admin/admin-ajax.php HTTP/1.1" 200 187 "https://marc-morin.fr/wp-admin/" "Mozilla/5.0 (Windows NT 10.0; Win64; x64) AppleWebKit/537.36 (KHTML, like Gecko) Chrome/147.0.0.0 Safari/537.36"
88.168.175.22 - - [29/Apr/2026:01:29:09 +0200] "POST /wp-admin/admin-ajax.php HTTP/1.1" 200 187 "https://marc-morin.fr/wp-admin/" "Mozilla/5.0 (Windows NT 10.0; Win64; x64) AppleWebKit/537.36 (KHTML, like Gecko) Chrome/147.0.0.0 Safari/537.36"
52.167.144.16 - - [29/Apr/2026:01:29:12 +0200] "GET /items/D794578205/ HTTP/1.1" 404 100692 "-" "Mozilla/5.0 AppleWebKit/537.36 (KHTML, like Gecko; compatible; bingbot/2.0; +http://www.bing.com/bingbot.htm) Chrome/116.0.1938.76 Safari/537.36"
52.167.144.16 - - [29/Apr/2026:01:29:13 +0200] "GET /items/D795730153/ HTTP/1.1" 404 100692 "-" "Mozilla/5.0 AppleWebKit/537.36 (KHTML, like Gecko; compatible; bingbot/2.0; +http://www.bing.com/bingbot.htm) Chrome/116.0.1938.76 Safari/537.36"
52.167.144.16 - - [29/Apr/2026:01:29:14 +0200] "GET /items/D796509021/ HTTP/1.1" 404 100692 "-" "Mozilla/5.0 AppleWebKit/537.36 (KHTML, like Gecko; compatible; bingbot/2.0; +http://www.bing.com/bingbot.htm) Chrome/116.0.1938.76 Safari/537.36"
52.167.144.221 - - [29/Apr/2026:01:29:17 +0200] "GET /items/D795609588/ HTTP/1.1" 404 100692 "-" "Mozilla/5.0 AppleWebKit/537.36 (KHTML, like Gecko; compatible; bingbot/2.0; +http://www.bing.com/bingbot.htm) Chrome/116.0.1938.76 Safari/537.36"
52.167.144.221 - - [29/Apr/2026:01:29:18 +0200] "GET /items/D793697651/ HTTP/1.1" 404 100692 "-" "Mozilla/5.0 AppleWebKit/537.36 (KHTML, like Gecko; compatible; bingbot/2.0; +http://www.bing.com/bingbot.htm) Chrome/116.0.1938.76 Safari/537.36"
88.168.175.22 - - [29/Apr/2026:01:29:21 +0200] "POST /wp-admin/admin-ajax.php HTTP/1.1" 200 187 "https://marc-morin.fr/wp-admin/" "Mozilla/5.0 (Windows NT 10.0; Win64; x64) AppleWebKit/537.36 (KHTML, like Gecko) Chrome/147.0.0.0 Safari/537.36"
88.168.175.22 - - [29/Apr/2026:01:29:33 +0200] "POST /wp-admin/admin-ajax.php HTTP/1.1" 200 187 "https://marc-morin.fr/wp-admin/" "Mozilla/5.0 (Windows NT 10.0; Win64; x64) AppleWebKit/537.36 (KHTML, like Gecko) Chrome/147.0.0.0 Safari/537.36"
66.249.77.66 - - [29/Apr/2026:01:29:41 +0200] "GET /items/K544734490 HTTP/1.1" 404 100688 "-" "Mozilla/5.0 (Linux; Android 6.0.1; Nexus 5X Build/MMB29P) AppleWebKit/537.36 (KHTML, like Gecko) Chrome/147.0.7727.116 Mobile Safari/537.36 (compatible; Googlebot/2.1; +http://www.google.com/bot.html)"
88.168.175.22 - - [29/Apr/2026:01:29:45 +0200] "POST /wp-admin/admin-ajax.php HTTP/1.1" 200 187 "https://marc-morin.fr/wp-admin/" "Mozilla/5.0 (Windows NT 10.0; Win64; x64) AppleWebKit/537.36 (KHTML, like Gecko) Chrome/147.0.0.0 Safari/537.36"
109.234.166.131 - - [29/Apr/2026:01:29:57 +0200] "POST /wp-cron.php?doing_wp_cron=1777418997.9769918918609619140625 HTTP/1.1" 200 0 "-" "WordPress/6.9.4; https://marc-morin.fr"
88.168.175.22 - - [29/Apr/2026:01:30:03 +0200] "POST /wp-admin/admin-ajax.php HTTP/1.1" 200 187 "https://marc-morin.fr/wp-admin/" "Mozilla/5.0 (Windows NT 10.0; Win64; x64) AppleWebKit/537.36 (KHTML, like Gecko) Chrome/147.0.0.0 Safari/537.36"
88.168.175.22 - - [29/Apr/2026:01:30:45 +0200] "POST /wp-admin/admin-ajax.php HTTP/1.1" 200 187 "https://marc-morin.fr/wp-admin/" "Mozilla/5.0 (Windows NT 10.0; Win64; x64) AppleWebKit/537.36 (KHTML, like Gecko) Chrome/147.0.0.0 Safari/537.36"
88.168.175.22 - - [29/Apr/2026:01:30:51 +0200] "POST /wp-admin/admin-ajax.php HTTP/1.1" 200 187 "https://marc-morin.fr/wp-admin/" "Mozilla/5.0 (Windows NT 10.0; Win64; x64) AppleWebKit/537.36 (KHTML, like Gecko) Chrome/147.0.0.0 Safari/537.36"
88.168.175.22 - - [29/Apr/2026:01:29:39 +0200] "POST /wp-admin/admin-ajax.php HTTP/1.1" 200 187 "https://marc-morin.fr/wp-admin/" "Mozilla/5.0 (Windows NT 10.0; Win64; x64) AppleWebKit/537.36 (KHTML, like Gecko) Chrome/147.0.0.0 Safari/537.36"
88.168.175.22 - - [29/Apr/2026:01:29:57 +0200] "POST /wp-admin/admin-ajax.php HTTP/1.1" 200 187 "https://marc-morin.fr/wp-admin/" "Mozilla/5.0 (Windows NT 10.0; Win64; x64) AppleWebKit/537.36 (KHTML, like Gecko) Chrome/147.0.0.0 Safari/537.36"
109.234.166.131 - - [29/Apr/2026:01:30:15 +0200] "POST /wp-cron.php?doing_wp_cron=1777419015.9408829212188720703125 HTTP/1.1" 200 0 "-" "WordPress/6.9.4; https://marc-morin.fr"
88.168.175.22 - - [29/Apr/2026:01:30:15 +0200] "POST /wp-admin/admin-ajax.php HTTP/1.1" 200 187 "https://marc-morin.fr/wp-admin/" "Mozilla/5.0 (Windows NT 10.0; Win64; x64) AppleWebKit/537.36 (KHTML, like Gecko) Chrome/147.0.0.0 Safari/537.36"
88.168.175.22 - - [29/Apr/2026:01:30:27 +0200] "POST /wp-admin/admin-ajax.php HTTP/1.1" 200 187 "https://marc-morin.fr/wp-admin/" "Mozilla/5.0 (Windows NT 10.0; Win64; x64) AppleWebKit/537.36 (KHTML, like Gecko) Chrome/147.0.0.0 Safari/537.36"
88.168.175.22 - - [29/Apr/2026:01:30:33 +0200] "POST /wp-admin/admin-ajax.php HTTP/1.1" 200 187 "https://marc-morin.fr/wp-admin/" "Mozilla/5.0 (Windows NT 10.0; Win64; x64) AppleWebKit/537.36 (KHTML, like Gecko) Chrome/147.0.0.0 Safari/537.36"
109.234.166.131 - - [29/Apr/2026:01:30:52 +0200] "POST /wp-cron.php?doing_wp_cron=1777419051.9946711063385009765625 HTTP/1.1" 200 0 "-" "WordPress/6.9.4; https://marc-morin.fr"
88.168.175.22 - - [29/Apr/2026:01:30:56 +0200] "POST /wp-admin/admin-ajax.php HTTP/1.1" 200 47 "https://marc-morin.fr/wp-admin/" "Mozilla/5.0 (Windows NT 10.0; Win64; x64) AppleWebKit/537.36 (KHTML, like Gecko) Chrome/147.0.0.0 Safari/537.36"
88.168.175.22 - - [29/Apr/2026:01:30:57 +0200] "POST /wp-admin/admin-ajax.php HTTP/1.1" 200 187 "https://marc-morin.fr/wp-admin/" "Mozilla/5.0 (Windows NT 10.0; Win64; x64) AppleWebKit/537.36 (KHTML, like Gecko) Chrome/147.0.0.0 Safari/537.36"
88.168.175.22 - - [29/Apr/2026:01:31:03 +0200] "POST /wp-admin/admin-ajax.php HTTP/1.1" 200 187 "https://marc-morin.fr/wp-admin/" "Mozilla/5.0 (Windows NT 10.0; Win64; x64) AppleWebKit/537.36 (KHTML, like Gecko) Chrome/147.0.0.0 Safari/537.36"
66.249.77.67 - - [29/Apr/2026:01:31:07 +0200] "GET /shop/cart/cart HTTP/1.1" 404 100688 "-" "Mozilla/5.0 (Linux; Android 6.0.1; Nexus 5X Build/MMB29P) AppleWebKit/537.36 (KHTML, like Gecko) Chrome/147.0.7727.116 Mobile Safari/537.36 (compatible; Googlebot/2.1; +http://www.google.com/bot.html)"
88.168.175.22 - - [29/Apr/2026:01:31:09 +0200] "POST /wp-admin/admin-ajax.php HTTP/1.1" 200 187 "https://marc-morin.fr/wp-admin/" "Mozilla/5.0 (Windows NT 10.0; Win64; x64) AppleWebKit/537.36 (KHTML, like Gecko) Chrome/147.0.0.0 Safari/537.36"
88.168.175.22 - - [29/Apr/2026:01:31:21 +0200] "POST /wp-admin/admin-ajax.php HTTP/1.1" 200 187 "https://marc-morin.fr/wp-admin/" "Mozilla/5.0 (Windows NT 10.0; Win64; x64) AppleWebKit/537.36 (KHTML, like Gecko) Chrome/147.0.0.0 Safari/537.36"
88.168.175.22 - - [29/Apr/2026:01:31:27 +0200] "POST /wp-admin/admin-ajax.php HTTP/1.1" 200 187 "https://marc-morin.fr/wp-admin/" "Mozilla/5.0 (Windows NT 10.0; Win64; x64) AppleWebKit/537.36 (KHTML, like Gecko) Chrome/147.0.0.0 Safari/537.36"
88.168.175.22 - - [29/Apr/2026:01:31:33 +0200] "POST /wp-admin/admin-ajax.php HTTP/1.1" 200 187 "https://marc-morin.fr/wp-admin/" "Mozilla/5.0 (Windows NT 10.0; Win64; x64) AppleWebKit/537.36 (KHTML, like Gecko) Chrome/147.0.0.0 Safari/537.36"
88.168.175.22 - - [29/Apr/2026:01:31:39 +0200] "POST /wp-admin/admin-ajax.php HTTP/1.1" 200 187 "https://marc-morin.fr/wp-admin/" "Mozilla/5.0 (Windows NT 10.0; Win64; x64) AppleWebKit/537.36 (KHTML, like Gecko) Chrome/147.0.0.0 Safari/537.36"
88.168.175.22 - - [29/Apr/2026:01:31:45 +0200] "POST /wp-admin/admin-ajax.php HTTP/1.1" 200 187 "https://marc-morin.fr/wp-admin/" "Mozilla/5.0 (Windows NT 10.0; Win64; x64) AppleWebKit/537.36 (KHTML, like Gecko) Chrome/147.0.0.0 Safari/537.36"
88.168.175.22 - - [29/Apr/2026:01:29:51 +0200] "POST /wp-admin/admin-ajax.php HTTP/1.1" 200 187 "https://marc-morin.fr/wp-admin/" "Mozilla/5.0 (Windows NT 10.0; Win64; x64) AppleWebKit/537.36 (KHTML, like Gecko) Chrome/147.0.0.0 Safari/537.36"
88.168.175.22 - - [29/Apr/2026:01:30:09 +0200] "POST /wp-admin/admin-ajax.php HTTP/1.1" 200 187 "https://marc-morin.fr/wp-admin/" "Mozilla/5.0 (Windows NT 10.0; Win64; x64) AppleWebKit/537.36 (KHTML, like Gecko) Chrome/147.0.0.0 Safari/537.36"
66.249.77.68 - - [29/Apr/2026:01:30:13 +0200] "GET /shop/category/categorylist HTTP/1.1" 404 100704 "-" "Mozilla/5.0 (Linux; Android 6.0.1; Nexus 5X Build/MMB29P) AppleWebKit/537.36 (KHTML, like Gecko) Chrome/147.0.7727.116 Mobile Safari/537.36 (compatible; Googlebot/2.1; +http://www.google.com/bot.html)"
88.168.175.22 - - [29/Apr/2026:01:30:21 +0200] "POST /wp-admin/admin-ajax.php HTTP/1.1" 200 187 "https://marc-morin.fr/wp-admin/" "Mozilla/5.0 (Windows NT 10.0; Win64; x64) AppleWebKit/537.36 (KHTML, like Gecko) Chrome/147.0.0.0 Safari/537.36"
88.168.175.22 - - [29/Apr/2026:01:30:39 +0200] "POST /wp-admin/admin-ajax.php HTTP/1.1" 200 187 "https://marc-morin.fr/wp-admin/" "Mozilla/5.0 (Windows NT 10.0; Win64; x64) AppleWebKit/537.36 (KHTML, like Gecko) Chrome/147.0.0.0 Safari/537.36"
109.234.166.131 - - [29/Apr/2026:01:31:15 +0200] "POST /wp-cron.php?doing_wp_cron=1777419075.9664919376373291015625 HTTP/1.1" 200 0 "-" "WordPress/6.9.4; https://marc-morin.fr"
88.168.175.22 - - [29/Apr/2026:01:31:15 +0200] "POST /wp-admin/admin-ajax.php HTTP/1.1" 200 187 "https://marc-morin.fr/wp-admin/" "Mozilla/5.0 (Windows NT 10.0; Win64; x64) AppleWebKit/537.36 (KHTML, like Gecko) Chrome/147.0.0.0 Safari/537.36"
66.249.77.66 - - [29/Apr/2026:01:32:05 +0200] "GET /shop/customer/bookmark HTTP/1.1" 404 100696 "-" "Mozilla/5.0 (Linux; Android 6.0.1; Nexus 5X Build/MMB29P) AppleWebKit/537.36 (KHTML, like Gecko) Chrome/147.0.7727.116 Mobile Safari/537.36 (compatible; Googlebot/2.1; +http://www.google.com/bot.html)"
109.234.166.131 - - [29/Apr/2026:01:32:15 +0200] "POST /wp-cron.php?doing_wp_cron=1777419135.9663319587707519531250 HTTP/1.1" 200 0 "-" "WordPress/6.9.4; https://marc-morin.fr"
88.168.175.22 - - [29/Apr/2026:01:32:15 +0200] "POST /wp-admin/admin-ajax.php HTTP/1.1" 200 187 "https://marc-morin.fr/wp-admin/" "Mozilla/5.0 (Windows NT 10.0; Win64; x64) AppleWebKit/537.36 (KHTML, like Gecko) Chrome/147.0.0.0 Safari/537.36"
88.168.175.22 - - [29/Apr/2026:01:32:33 +0200] "POST /wp-admin/admin-ajax.php HTTP/1.1" 200 187 "https://marc-morin.fr/wp-admin/" "Mozilla/5.0 (Windows NT 10.0; Win64; x64) AppleWebKit/537.36 (KHTML, like Gecko) Chrome/147.0.0.0 Safari/537.36"
88.168.175.22 - - [29/Apr/2026:01:32:45 +0200] "POST /wp-admin/admin-ajax.php HTTP/1.1" 200 187 "https://marc-morin.fr/wp-admin/" "Mozilla/5.0 (Windows NT 10.0; Win64; x64) AppleWebKit/537.36 (KHTML, like Gecko) Chrome/147.0.0.0 Safari/537.36"
88.168.175.22 - - [29/Apr/2026:01:32:57 +0200] "POST /wp-admin/admin-ajax.php HTTP/1.1" 200 47 "https://marc-morin.fr/wp-admin/" "Mozilla/5.0 (Windows NT 10.0; Win64; x64) AppleWebKit/537.36 (KHTML, like Gecko) Chrome/147.0.0.0 Safari/537.36"
88.168.175.22 - - [29/Apr/2026:01:33:03 +0200] "POST /wp-admin/admin-ajax.php HTTP/1.1" 200 187 "https://marc-morin.fr/wp-admin/" "Mozilla/5.0 (Windows NT 10.0; Win64; x64) AppleWebKit/537.36 (KHTML, like Gecko) Chrome/147.0.0.0 Safari/537.36"
52.167.144.16 - - [29/Apr/2026:01:33:22 +0200] "GET /items/F953248540/ HTTP/1.1" 404 100692 "-" "Mozilla/5.0 AppleWebKit/537.36 (KHTML, like Gecko; compatible; bingbot/2.0; +http://www.bing.com/bingbot.htm) Chrome/116.0.1938.76 Safari/537.36"
52.167.144.16 - - [29/Apr/2026:01:33:24 +0200] "GET /items/D795647791/ HTTP/1.1" 404 100692 "-" "Mozilla/5.0 AppleWebKit/537.36 (KHTML, like Gecko; compatible; bingbot/2.0; +http://www.bing.com/bingbot.htm) Chrome/116.0.1938.76 Safari/537.36"
176.31.139.4 - - [29/Apr/2026:01:33:52 +0200] "GET /items/D793601671/ HTTP/1.1" 404 100692 "-" "Mozilla/5.0 (compatible; AhrefsBot/7.0; +http://ahrefs.com/robot/)"
88.168.175.22 - - [29/Apr/2026:01:34:03 +0200] "POST /wp-admin/admin-ajax.php HTTP/1.1" 200 187 "https://marc-morin.fr/wp-admin/" "Mozilla/5.0 (Windows NT 10.0; Win64; x64) AppleWebKit/537.36 (KHTML, like Gecko) Chrome/147.0.0.0 Safari/537.36"
109.234.166.131 - - [29/Apr/2026:01:34:15 +0200] "POST /wp-cron.php?doing_wp_cron=1777419255.9685308933258056640625 HTTP/1.1" 200 0 "-" "WordPress/6.9.4; https://marc-morin.fr"
88.168.175.22 - - [29/Apr/2026:01:34:15 +0200] "POST /wp-admin/admin-ajax.php HTTP/1.1" 200 187 "https://marc-morin.fr/wp-admin/" "Mozilla/5.0 (Windows NT 10.0; Win64; x64) AppleWebKit/537.36 (KHTML, like Gecko) Chrome/147.0.0.0 Safari/537.36"
88.168.175.22 - - [29/Apr/2026:01:34:21 +0200] "POST /wp-admin/admin-ajax.php HTTP/1.1" 200 187 "https://marc-morin.fr/wp-admin/" "Mozilla/5.0 (Windows NT 10.0; Win64; x64) AppleWebKit/537.36 (KHTML, like Gecko) Chrome/147.0.0.0 Safari/537.36"
88.168.175.22 - - [29/Apr/2026:01:34:27 +0200] "POST /wp-admin/admin-ajax.php HTTP/1.1" 200 187 "https://marc-morin.fr/wp-admin/" "Mozilla/5.0 (Windows NT 10.0; Win64; x64) AppleWebKit/537.36 (KHTML, like Gecko) Chrome/147.0.0.0 Safari/537.36"
88.168.175.22 - - [29/Apr/2026:01:34:39 +0200] "POST /wp-admin/admin-ajax.php HTTP/1.1" 200 187 "https://marc-morin.fr/wp-admin/" "Mozilla/5.0 (Windows NT 10.0; Win64; x64) AppleWebKit/537.36 (KHTML, like Gecko) Chrome/147.0.0.0 Safari/537.36"
57.141.20.69 - - [29/Apr/2026:01:34:51 +0200] "GET /items/D794555203/ HTTP/1.1" 404 100692 "-" "meta-externalagent/1.1 (+https://developers.facebook.com/docs/sharing/webmasters/crawler)"
88.168.175.22 - - [29/Apr/2026:01:34:51 +0200] "POST /wp-admin/admin-ajax.php HTTP/1.1" 200 187 "https://marc-morin.fr/wp-admin/" "Mozilla/5.0 (Windows NT 10.0; Win64; x64) AppleWebKit/537.36 (KHTML, like Gecko) Chrome/147.0.0.0 Safari/537.36"
88.168.175.22 - - [29/Apr/2026:01:34:57 +0200] "POST /wp-admin/admin-ajax.php HTTP/1.1" 200 47 "https://marc-morin.fr/wp-admin/" "Mozilla/5.0 (Windows NT 10.0; Win64; x64) AppleWebKit/537.36 (KHTML, like Gecko) Chrome/147.0.0.0 Safari/537.36"
109.234.166.131 - - [29/Apr/2026:01:35:15 +0200] "POST /wp-cron.php?doing_wp_cron=1777419315.9603929519653320312500 HTTP/1.1" 200 0 "-" "WordPress/6.9.4; https://marc-morin.fr"
88.168.175.22 - - [29/Apr/2026:01:35:15 +0200] "POST /wp-admin/admin-ajax.php HTTP/1.1" 200 187 "https://marc-morin.fr/wp-admin/" "Mozilla/5.0 (Windows NT 10.0; Win64; x64) AppleWebKit/537.36 (KHTML, like Gecko) Chrome/147.0.0.0 Safari/537.36"
88.168.175.22 - - [29/Apr/2026:01:32:09 +0200] "POST /wp-admin/admin-ajax.php HTTP/1.1" 200 187 "https://marc-morin.fr/wp-admin/" "Mozilla/5.0 (Windows NT 10.0; Win64; x64) AppleWebKit/537.36 (KHTML, like Gecko) Chrome/147.0.0.0 Safari/537.36"
88.168.175.22 - - [29/Apr/2026:01:32:21 +0200] "POST /wp-admin/admin-ajax.php HTTP/1.1" 200 187 "https://marc-morin.fr/wp-admin/" "Mozilla/5.0 (Windows NT 10.0; Win64; x64) AppleWebKit/537.36 (KHTML, like Gecko) Chrome/147.0.0.0 Safari/537.36"
88.168.175.22 - - [29/Apr/2026:01:32:27 +0200] "POST /wp-admin/admin-ajax.php HTTP/1.1" 200 187 "https://marc-morin.fr/wp-admin/" "Mozilla/5.0 (Windows NT 10.0; Win64; x64) AppleWebKit/537.36 (KHTML, like Gecko) Chrome/147.0.0.0 Safari/537.36"
109.234.166.131 - - [29/Apr/2026:01:33:15 +0200] "POST /wp-cron.php?doing_wp_cron=1777419195.0921220779418945312500 HTTP/1.1" 200 0 "-" "WordPress/6.9.4; https://marc-morin.fr"
52.167.144.221 - - [29/Apr/2026:01:33:14 +0200] "GET /items/D796078132/ HTTP/1.1" 404 100692 "-" "Mozilla/5.0 AppleWebKit/537.36 (KHTML, like Gecko; compatible; bingbot/2.0; +http://www.bing.com/bingbot.htm) Chrome/116.0.1938.76 Safari/537.36"
88.168.175.22 - - [29/Apr/2026:01:33:21 +0200] "POST /wp-admin/admin-ajax.php HTTP/1.1" 200 187 "https://marc-morin.fr/wp-admin/" "Mozilla/5.0 (Windows NT 10.0; Win64; x64) AppleWebKit/537.36 (KHTML, like Gecko) Chrome/147.0.0.0 Safari/537.36"
52.167.144.16 - - [29/Apr/2026:01:33:23 +0200] "GET /items/D792921304/ HTTP/1.1" 404 100692 "-" "Mozilla/5.0 AppleWebKit/537.36 (KHTML, like Gecko; compatible; bingbot/2.0; +http://www.bing.com/bingbot.htm) Chrome/116.0.1938.76 Safari/537.36"
88.168.175.22 - - [29/Apr/2026:01:33:33 +0200] "POST /wp-admin/admin-ajax.php HTTP/1.1" 200 187 "https://marc-morin.fr/wp-admin/" "Mozilla/5.0 (Windows NT 10.0; Win64; x64) AppleWebKit/537.36 (KHTML, like Gecko) Chrome/147.0.0.0 Safari/537.36"
88.168.175.22 - - [29/Apr/2026:01:33:39 +0200] "POST /wp-admin/admin-ajax.php HTTP/1.1" 200 187 "https://marc-morin.fr/wp-admin/" "Mozilla/5.0 (Windows NT 10.0; Win64; x64) AppleWebKit/537.36 (KHTML, like Gecko) Chrome/147.0.0.0 Safari/537.36"
88.168.175.22 - - [29/Apr/2026:01:33:51 +0200] "POST /wp-admin/admin-ajax.php HTTP/1.1" 200 187 "https://marc-morin.fr/wp-admin/" "Mozilla/5.0 (Windows NT 10.0; Win64; x64) AppleWebKit/537.36 (KHTML, like Gecko) Chrome/147.0.0.0 Safari/537.36"
88.168.175.22 - - [29/Apr/2026:01:34:09 +0200] "POST /wp-admin/admin-ajax.php HTTP/1.1" 200 187 "https://marc-morin.fr/wp-admin/" "Mozilla/5.0 (Windows NT 10.0; Win64; x64) AppleWebKit/537.36 (KHTML, like Gecko) Chrome/147.0.0.0 Safari/537.36"
88.168.175.22 - - [29/Apr/2026:01:34:33 +0200] "POST /wp-admin/admin-ajax.php HTTP/1.1" 200 187 "https://marc-morin.fr/wp-admin/" "Mozilla/5.0 (Windows NT 10.0; Win64; x64) AppleWebKit/537.36 (KHTML, like Gecko) Chrome/147.0.0.0 Safari/537.36"
109.234.166.131 - - [29/Apr/2026:01:34:57 +0200] "POST /wp-cron.php?doing_wp_cron=1777419297.9615559577941894531250 HTTP/1.1" 200 0 "-" "WordPress/6.9.4; https://marc-morin.fr"
88.168.175.22 - - [29/Apr/2026:01:35:27 +0200] "POST /wp-admin/admin-ajax.php HTTP/1.1" 200 187 "https://marc-morin.fr/wp-admin/" "Mozilla/5.0 (Windows NT 10.0; Win64; x64) AppleWebKit/537.36 (KHTML, like Gecko) Chrome/147.0.0.0 Safari/537.36"
88.168.175.22 - - [29/Apr/2026:01:35:33 +0200] "POST /wp-admin/admin-ajax.php HTTP/1.1" 200 187 "https://marc-morin.fr/wp-admin/" "Mozilla/5.0 (Windows NT 10.0; Win64; x64) AppleWebKit/537.36 (KHTML, like Gecko) Chrome/147.0.0.0 Safari/537.36"
88.168.175.22 - - [29/Apr/2026:01:31:51 +0200] "POST /wp-admin/admin-ajax.php HTTP/1.1" 200 187 "https://marc-morin.fr/wp-admin/" "Mozilla/5.0 (Windows NT 10.0; Win64; x64) AppleWebKit/537.36 (KHTML, like Gecko) Chrome/147.0.0.0 Safari/537.36"
88.168.175.22 - - [29/Apr/2026:01:31:57 +0200] "POST /wp-admin/admin-ajax.php HTTP/1.1" 200 187 "https://marc-morin.fr/wp-admin/" "Mozilla/5.0 (Windows NT 10.0; Win64; x64) AppleWebKit/537.36 (KHTML, like Gecko) Chrome/147.0.0.0 Safari/537.36"
88.168.175.22 - - [29/Apr/2026:01:32:03 +0200] "POST /wp-admin/admin-ajax.php HTTP/1.1" 200 187 "https://marc-morin.fr/wp-admin/" "Mozilla/5.0 (Windows NT 10.0; Win64; x64) AppleWebKit/537.36 (KHTML, like Gecko) Chrome/147.0.0.0 Safari/537.36"
88.168.175.22 - - [29/Apr/2026:01:32:39 +0200] "POST /wp-admin/admin-ajax.php HTTP/1.1" 200 187 "https://marc-morin.fr/wp-admin/" "Mozilla/5.0 (Windows NT 10.0; Win64; x64) AppleWebKit/537.36 (KHTML, like Gecko) Chrome/147.0.0.0 Safari/537.36"
88.168.175.22 - - [29/Apr/2026:01:32:51 +0200] "POST /wp-admin/admin-ajax.php HTTP/1.1" 200 187 "https://marc-morin.fr/wp-admin/" "Mozilla/5.0 (Windows NT 10.0; Win64; x64) AppleWebKit/537.36 (KHTML, like Gecko) Chrome/147.0.0.0 Safari/537.36"
88.168.175.22 - - [29/Apr/2026:01:32:57 +0200] "POST /wp-admin/admin-ajax.php HTTP/1.1" 200 187 "https://marc-morin.fr/wp-admin/" "Mozilla/5.0 (Windows NT 10.0; Win64; x64) AppleWebKit/537.36 (KHTML, like Gecko) Chrome/147.0.0.0 Safari/537.36"
88.168.175.22 - - [29/Apr/2026:01:33:09 +0200] "POST /wp-admin/admin-ajax.php HTTP/1.1" 200 187 "https://marc-morin.fr/wp-admin/" "Mozilla/5.0 (Windows NT 10.0; Win64; x64) AppleWebKit/537.36 (KHTML, like Gecko) Chrome/147.0.0.0 Safari/537.36"
