88.168.175.22 - - [29/Apr/2026:01:33:15 +0200] "POST /wp-admin/admin-ajax.php HTTP/1.1" 200 187 "https://marc-morin.fr/wp-admin/" "Mozilla/5.0 (Windows NT 10.0; Win64; x64) AppleWebKit/537.36 (KHTML, like Gecko) Chrome/147.0.0.0 Safari/537.36"
88.168.175.22 - - [29/Apr/2026:01:33:27 +0200] "POST /wp-admin/admin-ajax.php HTTP/1.1" 200 187 "https://marc-morin.fr/wp-admin/" "Mozilla/5.0 (Windows NT 10.0; Win64; x64) AppleWebKit/537.36 (KHTML, like Gecko) Chrome/147.0.0.0 Safari/537.36"
57.141.20.51 - - [29/Apr/2026:01:33:44 +0200] "GET /items/D794254880/ HTTP/1.1" 404 100692 "-" "meta-externalagent/1.1 (+https://developers.facebook.com/docs/sharing/webmasters/crawler)"
88.168.175.22 - - [29/Apr/2026:01:33:45 +0200] "POST /wp-admin/admin-ajax.php HTTP/1.1" 200 187 "https://marc-morin.fr/wp-admin/" "Mozilla/5.0 (Windows NT 10.0; Win64; x64) AppleWebKit/537.36 (KHTML, like Gecko) Chrome/147.0.0.0 Safari/537.36"
88.168.175.22 - - [29/Apr/2026:01:33:57 +0200] "POST /wp-admin/admin-ajax.php HTTP/1.1" 200 187 "https://marc-morin.fr/wp-admin/" "Mozilla/5.0 (Windows NT 10.0; Win64; x64) AppleWebKit/537.36 (KHTML, like Gecko) Chrome/147.0.0.0 Safari/537.36"
88.168.175.22 - - [29/Apr/2026:01:34:45 +0200] "POST /wp-admin/admin-ajax.php HTTP/1.1" 200 187 "https://marc-morin.fr/wp-admin/" "Mozilla/5.0 (Windows NT 10.0; Win64; x64) AppleWebKit/537.36 (KHTML, like Gecko) Chrome/147.0.0.0 Safari/537.36"
88.168.175.22 - - [29/Apr/2026:01:34:57 +0200] "POST /wp-admin/admin-ajax.php HTTP/1.1" 200 187 "https://marc-morin.fr/wp-admin/" "Mozilla/5.0 (Windows NT 10.0; Win64; x64) AppleWebKit/537.36 (KHTML, like Gecko) Chrome/147.0.0.0 Safari/537.36"
88.168.175.22 - - [29/Apr/2026:01:35:03 +0200] "POST /wp-admin/admin-ajax.php HTTP/1.1" 200 187 "https://marc-morin.fr/wp-admin/" "Mozilla/5.0 (Windows NT 10.0; Win64; x64) AppleWebKit/537.36 (KHTML, like Gecko) Chrome/147.0.0.0 Safari/537.36"
88.168.175.22 - - [29/Apr/2026:01:35:09 +0200] "POST /wp-admin/admin-ajax.php HTTP/1.1" 200 187 "https://marc-morin.fr/wp-admin/" "Mozilla/5.0 (Windows NT 10.0; Win64; x64) AppleWebKit/537.36 (KHTML, like Gecko) Chrome/147.0.0.0 Safari/537.36"
88.168.175.22 - - [29/Apr/2026:01:35:21 +0200] "POST /wp-admin/admin-ajax.php HTTP/1.1" 200 187 "https://marc-morin.fr/wp-admin/" "Mozilla/5.0 (Windows NT 10.0; Win64; x64) AppleWebKit/537.36 (KHTML, like Gecko) Chrome/147.0.0.0 Safari/537.36"
88.168.175.22 - - [29/Apr/2026:01:35:39 +0200] "POST /wp-admin/admin-ajax.php HTTP/1.1" 200 187 "https://marc-morin.fr/wp-admin/" "Mozilla/5.0 (Windows NT 10.0; Win64; x64) AppleWebKit/537.36 (KHTML, like Gecko) Chrome/147.0.0.0 Safari/537.36"
88.168.175.22 - - [29/Apr/2026:01:35:45 +0200] "POST /wp-admin/admin-ajax.php HTTP/1.1" 200 187 "https://marc-morin.fr/wp-admin/" "Mozilla/5.0 (Windows NT 10.0; Win64; x64) AppleWebKit/537.36 (KHTML, like Gecko) Chrome/147.0.0.0 Safari/537.36"
88.168.175.22 - - [29/Apr/2026:01:35:51 +0200] "POST /wp-admin/admin-ajax.php HTTP/1.1" 200 187 "https://marc-morin.fr/wp-admin/" "Mozilla/5.0 (Windows NT 10.0; Win64; x64) AppleWebKit/537.36 (KHTML, like Gecko) Chrome/147.0.0.0 Safari/537.36"
88.168.175.22 - - [29/Apr/2026:01:35:57 +0200] "POST /wp-admin/admin-ajax.php HTTP/1.1" 200 187 "https://marc-morin.fr/wp-admin/" "Mozilla/5.0 (Windows NT 10.0; Win64; x64) AppleWebKit/537.36 (KHTML, like Gecko) Chrome/147.0.0.0 Safari/537.36"
88.168.175.22 - - [29/Apr/2026:01:36:27 +0200] "POST /wp-admin/admin-ajax.php HTTP/1.1" 200 187 "https://marc-morin.fr/wp-admin/" "Mozilla/5.0 (Windows NT 10.0; Win64; x64) AppleWebKit/537.36 (KHTML, like Gecko) Chrome/147.0.0.0 Safari/537.36"
88.168.175.22 - - [29/Apr/2026:01:36:33 +0200] "POST /wp-admin/admin-ajax.php HTTP/1.1" 200 187 "https://marc-morin.fr/wp-admin/" "Mozilla/5.0 (Windows NT 10.0; Win64; x64) AppleWebKit/537.36 (KHTML, like Gecko) Chrome/147.0.0.0 Safari/537.36"
88.168.175.22 - - [29/Apr/2026:01:36:45 +0200] "POST /wp-admin/admin-ajax.php HTTP/1.1" 200 187 "https://marc-morin.fr/wp-admin/" "Mozilla/5.0 (Windows NT 10.0; Win64; x64) AppleWebKit/537.36 (KHTML, like Gecko) Chrome/147.0.0.0 Safari/537.36"
88.168.175.22 - - [29/Apr/2026:01:36:58 +0200] "POST /wp-admin/admin-ajax.php HTTP/1.1" 200 47 "https://marc-morin.fr/wp-admin/" "Mozilla/5.0 (Windows NT 10.0; Win64; x64) AppleWebKit/537.36 (KHTML, like Gecko) Chrome/147.0.0.0 Safari/537.36"
88.168.175.22 - - [29/Apr/2026:01:37:03 +0200] "POST /wp-admin/admin-ajax.php HTTP/1.1" 200 187 "https://marc-morin.fr/wp-admin/" "Mozilla/5.0 (Windows NT 10.0; Win64; x64) AppleWebKit/537.36 (KHTML, like Gecko) Chrome/147.0.0.0 Safari/537.36"
57.141.20.70 - - [29/Apr/2026:01:37:04 +0200] "GET /items/D793214930/ HTTP/1.1" 404 100692 "-" "meta-externalagent/1.1 (+https://developers.facebook.com/docs/sharing/webmasters/crawler)"
88.168.175.22 - - [29/Apr/2026:01:37:39 +0200] "POST /wp-admin/admin-ajax.php HTTP/1.1" 200 187 "https://marc-morin.fr/wp-admin/" "Mozilla/5.0 (Windows NT 10.0; Win64; x64) AppleWebKit/537.36 (KHTML, like Gecko) Chrome/147.0.0.0 Safari/537.36"
88.168.175.22 - - [29/Apr/2026:01:37:45 +0200] "POST /wp-admin/admin-ajax.php HTTP/1.1" 200 187 "https://marc-morin.fr/wp-admin/" "Mozilla/5.0 (Windows NT 10.0; Win64; x64) AppleWebKit/537.36 (KHTML, like Gecko) Chrome/147.0.0.0 Safari/537.36"
88.168.175.22 - - [29/Apr/2026:01:38:03 +0200] "POST /wp-admin/admin-ajax.php HTTP/1.1" 200 187 "https://marc-morin.fr/wp-admin/" "Mozilla/5.0 (Windows NT 10.0; Win64; x64) AppleWebKit/537.36 (KHTML, like Gecko) Chrome/147.0.0.0 Safari/537.36"
57.141.20.13 - - [29/Apr/2026:01:38:11 +0200] "GET /items/D796416540/ HTTP/1.1" 404 100692 "-" "meta-externalagent/1.1 (+https://developers.facebook.com/docs/sharing/webmasters/crawler)"
109.234.166.131 - - [29/Apr/2026:01:38:15 +0200] "POST /wp-cron.php?doing_wp_cron=1777419495.9520959854125976562500 HTTP/1.1" 200 0 "-" "WordPress/6.9.4; https://marc-morin.fr"
88.168.175.22 - - [29/Apr/2026:01:38:15 +0200] "POST /wp-admin/admin-ajax.php HTTP/1.1" 200 187 "https://marc-morin.fr/wp-admin/" "Mozilla/5.0 (Windows NT 10.0; Win64; x64) AppleWebKit/537.36 (KHTML, like Gecko) Chrome/147.0.0.0 Safari/537.36"
92.222.104.207 - - [29/Apr/2026:01:38:23 +0200] "GET /items/D793482913/ HTTP/1.1" 404 100692 "-" "Mozilla/5.0 (compatible; AhrefsBot/7.0; +http://ahrefs.com/robot/)"
88.168.175.22 - - [29/Apr/2026:01:36:03 +0200] "POST /wp-admin/admin-ajax.php HTTP/1.1" 200 187 "https://marc-morin.fr/wp-admin/" "Mozilla/5.0 (Windows NT 10.0; Win64; x64) AppleWebKit/537.36 (KHTML, like Gecko) Chrome/147.0.0.0 Safari/537.36"
109.234.166.131 - - [29/Apr/2026:01:36:16 +0200] "POST /wp-cron.php?doing_wp_cron=1777419376.1280169486999511718750 HTTP/1.1" 200 0 "-" "WordPress/6.9.4; https://marc-morin.fr"
88.168.175.22 - - [29/Apr/2026:01:36:15 +0200] "POST /wp-admin/admin-ajax.php HTTP/1.1" 200 187 "https://marc-morin.fr/wp-admin/" "Mozilla/5.0 (Windows NT 10.0; Win64; x64) AppleWebKit/537.36 (KHTML, like Gecko) Chrome/147.0.0.0 Safari/537.36"
88.168.175.22 - - [29/Apr/2026:01:36:21 +0200] "POST /wp-admin/admin-ajax.php HTTP/1.1" 200 187 "https://marc-morin.fr/wp-admin/" "Mozilla/5.0 (Windows NT 10.0; Win64; x64) AppleWebKit/537.36 (KHTML, like Gecko) Chrome/147.0.0.0 Safari/537.36"
88.168.175.22 - - [29/Apr/2026:01:36:39 +0200] "POST /wp-admin/admin-ajax.php HTTP/1.1" 200 187 "https://marc-morin.fr/wp-admin/" "Mozilla/5.0 (Windows NT 10.0; Win64; x64) AppleWebKit/537.36 (KHTML, like Gecko) Chrome/147.0.0.0 Safari/537.36"
88.168.175.22 - - [29/Apr/2026:01:36:51 +0200] "POST /wp-admin/admin-ajax.php HTTP/1.1" 200 187 "https://marc-morin.fr/wp-admin/" "Mozilla/5.0 (Windows NT 10.0; Win64; x64) AppleWebKit/537.36 (KHTML, like Gecko) Chrome/147.0.0.0 Safari/537.36"
88.168.175.22 - - [29/Apr/2026:01:36:57 +0200] "POST /wp-admin/admin-ajax.php HTTP/1.1" 200 187 "https://marc-morin.fr/wp-admin/" "Mozilla/5.0 (Windows NT 10.0; Win64; x64) AppleWebKit/537.36 (KHTML, like Gecko) Chrome/147.0.0.0 Safari/537.36"
66.249.77.66 - - [29/Apr/2026:01:36:59 +0200] "GET /items/G893285452/ HTTP/1.1" 404 100692 "-" "Mozilla/5.0 (Linux; Android 6.0.1; Nexus 5X Build/MMB29P) AppleWebKit/537.36 (KHTML, like Gecko) Chrome/147.0.7727.116 Mobile Safari/537.36 (compatible; Googlebot/2.1; +http://www.google.com/bot.html)"
88.168.175.22 - - [29/Apr/2026:01:37:15 +0200] "POST /wp-admin/admin-ajax.php HTTP/1.1" 200 187 "https://marc-morin.fr/wp-admin/" "Mozilla/5.0 (Windows NT 10.0; Win64; x64) AppleWebKit/537.36 (KHTML, like Gecko) Chrome/147.0.0.0 Safari/537.36"
88.168.175.22 - - [29/Apr/2026:01:37:33 +0200] "POST /wp-admin/admin-ajax.php HTTP/1.1" 200 187 "https://marc-morin.fr/wp-admin/" "Mozilla/5.0 (Windows NT 10.0; Win64; x64) AppleWebKit/537.36 (KHTML, like Gecko) Chrome/147.0.0.0 Safari/537.36"
88.168.175.22 - - [29/Apr/2026:01:37:51 +0200] "POST /wp-admin/admin-ajax.php HTTP/1.1" 200 187 "https://marc-morin.fr/wp-admin/" "Mozilla/5.0 (Windows NT 10.0; Win64; x64) AppleWebKit/537.36 (KHTML, like Gecko) Chrome/147.0.0.0 Safari/537.36"
88.168.175.22 - - [29/Apr/2026:01:37:57 +0200] "POST /wp-admin/admin-ajax.php HTTP/1.1" 200 187 "https://marc-morin.fr/wp-admin/" "Mozilla/5.0 (Windows NT 10.0; Win64; x64) AppleWebKit/537.36 (KHTML, like Gecko) Chrome/147.0.0.0 Safari/537.36"
88.168.175.22 - - [29/Apr/2026:01:38:09 +0200] "POST /wp-admin/admin-ajax.php HTTP/1.1" 200 187 "https://marc-morin.fr/wp-admin/" "Mozilla/5.0 (Windows NT 10.0; Win64; x64) AppleWebKit/537.36 (KHTML, like Gecko) Chrome/147.0.0.0 Safari/537.36"
40.77.167.7 - - [29/Apr/2026:01:38:33 +0200] "GET /items/D793275407/ HTTP/1.1" 404 100692 "-" "Mozilla/5.0 AppleWebKit/537.36 (KHTML, like Gecko; compatible; bingbot/2.0; +http://www.bing.com/bingbot.htm) Chrome/116.0.1938.76 Safari/537.36"
40.77.167.7 - - [29/Apr/2026:01:38:34 +0200] "GET /items/D796363894/ HTTP/1.1" 404 100692 "-" "Mozilla/5.0 AppleWebKit/537.36 (KHTML, like Gecko; compatible; bingbot/2.0; +http://www.bing.com/bingbot.htm) Chrome/116.0.1938.76 Safari/537.36"
52.167.144.221 - - [29/Apr/2026:01:38:37 +0200] "GET /items/D793953257/ HTTP/1.1" 404 100692 "-" "Mozilla/5.0 AppleWebKit/537.36 (KHTML, like Gecko; compatible; bingbot/2.0; +http://www.bing.com/bingbot.htm) Chrome/116.0.1938.76 Safari/537.36"
88.168.175.22 - - [29/Apr/2026:01:36:09 +0200] "POST /wp-admin/admin-ajax.php HTTP/1.1" 200 187 "https://marc-morin.fr/wp-admin/" "Mozilla/5.0 (Windows NT 10.0; Win64; x64) AppleWebKit/537.36 (KHTML, like Gecko) Chrome/147.0.0.0 Safari/537.36"
88.168.175.22 - - [29/Apr/2026:01:37:09 +0200] "POST /wp-admin/admin-ajax.php HTTP/1.1" 200 187 "https://marc-morin.fr/wp-admin/" "Mozilla/5.0 (Windows NT 10.0; Win64; x64) AppleWebKit/537.36 (KHTML, like Gecko) Chrome/147.0.0.0 Safari/537.36"
109.234.166.131 - - [29/Apr/2026:01:37:15 +0200] "POST /wp-cron.php?doing_wp_cron=1777419435.9447100162506103515625 HTTP/1.1" 200 0 "-" "WordPress/6.9.4; https://marc-morin.fr"
88.168.175.22 - - [29/Apr/2026:01:37:21 +0200] "POST /wp-admin/admin-ajax.php HTTP/1.1" 200 187 "https://marc-morin.fr/wp-admin/" "Mozilla/5.0 (Windows NT 10.0; Win64; x64) AppleWebKit/537.36 (KHTML, like Gecko) Chrome/147.0.0.0 Safari/537.36"
88.168.175.22 - - [29/Apr/2026:01:37:27 +0200] "POST /wp-admin/admin-ajax.php HTTP/1.1" 200 187 "https://marc-morin.fr/wp-admin/" "Mozilla/5.0 (Windows NT 10.0; Win64; x64) AppleWebKit/537.36 (KHTML, like Gecko) Chrome/147.0.0.0 Safari/537.36"
88.168.175.22 - - [29/Apr/2026:01:38:21 +0200] "POST /wp-admin/admin-ajax.php HTTP/1.1" 200 187 "https://marc-morin.fr/wp-admin/" "Mozilla/5.0 (Windows NT 10.0; Win64; x64) AppleWebKit/537.36 (KHTML, like Gecko) Chrome/147.0.0.0 Safari/537.36"
109.234.166.131 - - [29/Apr/2026:01:38:23 +0200] "POST /wp-cron.php?doing_wp_cron=1777419503.4141359329223632812500 HTTP/1.1" 200 0 "-" "WordPress/6.9.4; https://marc-morin.fr"
88.168.175.22 - - [29/Apr/2026:01:38:33 +0200] "POST /wp-admin/admin-ajax.php HTTP/1.1" 200 187 "https://marc-morin.fr/wp-admin/" "Mozilla/5.0 (Windows NT 10.0; Win64; x64) AppleWebKit/537.36 (KHTML, like Gecko) Chrome/147.0.0.0 Safari/537.36"
66.249.77.66 - - [29/Apr/2026:01:38:42 +0200] "GET /items/J494699129 HTTP/1.1" 404 100688 "-" "Mozilla/5.0 (Linux; Android 6.0.1; Nexus 5X Build/MMB29P) AppleWebKit/537.36 (KHTML, like Gecko) Chrome/147.0.7727.116 Mobile Safari/537.36 (compatible; Googlebot/2.1; +http://www.google.com/bot.html)"
88.168.175.22 - - [29/Apr/2026:01:39:03 +0200] "POST /wp-admin/admin-ajax.php HTTP/1.1" 200 187 "https://marc-morin.fr/wp-admin/" "Mozilla/5.0 (Windows NT 10.0; Win64; x64) AppleWebKit/537.36 (KHTML, like Gecko) Chrome/147.0.0.0 Safari/537.36"
88.168.175.22 - - [29/Apr/2026:01:39:09 +0200] "POST /wp-admin/admin-ajax.php HTTP/1.1" 200 187 "https://marc-morin.fr/wp-admin/" "Mozilla/5.0 (Windows NT 10.0; Win64; x64) AppleWebKit/537.36 (KHTML, like Gecko) Chrome/147.0.0.0 Safari/537.36"
88.168.175.22 - - [29/Apr/2026:01:39:15 +0200] "POST /wp-admin/admin-ajax.php HTTP/1.1" 200 187 "https://marc-morin.fr/wp-admin/" "Mozilla/5.0 (Windows NT 10.0; Win64; x64) AppleWebKit/537.36 (KHTML, like Gecko) Chrome/147.0.0.0 Safari/537.36"
57.141.20.29 - - [29/Apr/2026:01:39:17 +0200] "GET /items/D793627406/ HTTP/1.1" 404 100692 "-" "meta-externalagent/1.1 (+https://developers.facebook.com/docs/sharing/webmasters/crawler)"
88.168.175.22 - - [29/Apr/2026:01:39:57 +0200] "POST /wp-admin/admin-ajax.php HTTP/1.1" 200 187 "https://marc-morin.fr/wp-admin/" "Mozilla/5.0 (Windows NT 10.0; Win64; x64) AppleWebKit/537.36 (KHTML, like Gecko) Chrome/147.0.0.0 Safari/537.36"
88.168.175.22 - - [29/Apr/2026:01:40:27 +0200] "POST /wp-admin/admin-ajax.php HTTP/1.1" 200 187 "https://marc-morin.fr/wp-admin/" "Mozilla/5.0 (Windows NT 10.0; Win64; x64) AppleWebKit/537.36 (KHTML, like Gecko) Chrome/147.0.0.0 Safari/537.36"
88.168.175.22 - - [29/Apr/2026:01:40:39 +0200] "POST /wp-admin/admin-ajax.php HTTP/1.1" 200 187 "https://marc-morin.fr/wp-admin/" "Mozilla/5.0 (Windows NT 10.0; Win64; x64) AppleWebKit/537.36 (KHTML, like Gecko) Chrome/147.0.0.0 Safari/537.36"
88.168.175.22 - - [29/Apr/2026:01:40:45 +0200] "POST /wp-admin/admin-ajax.php HTTP/1.1" 200 187 "https://marc-morin.fr/wp-admin/" "Mozilla/5.0 (Windows NT 10.0; Win64; x64) AppleWebKit/537.36 (KHTML, like Gecko) Chrome/147.0.0.0 Safari/537.36"
88.168.175.22 - - [29/Apr/2026:01:38:27 +0200] "POST /wp-admin/admin-ajax.php HTTP/1.1" 200 187 "https://marc-morin.fr/wp-admin/" "Mozilla/5.0 (Windows NT 10.0; Win64; x64) AppleWebKit/537.36 (KHTML, like Gecko) Chrome/147.0.0.0 Safari/537.36"
40.77.167.7 - - [29/Apr/2026:01:38:34 +0200] "GET /items/D793764591/ HTTP/1.1" 404 100692 "-" "Mozilla/5.0 AppleWebKit/537.36 (KHTML, like Gecko; compatible; bingbot/2.0; +http://www.bing.com/bingbot.htm) Chrome/116.0.1938.76 Safari/537.36"
88.168.175.22 - - [29/Apr/2026:01:38:45 +0200] "POST /wp-admin/admin-ajax.php HTTP/1.1" 200 187 "https://marc-morin.fr/wp-admin/" "Mozilla/5.0 (Windows NT 10.0; Win64; x64) AppleWebKit/537.36 (KHTML, like Gecko) Chrome/147.0.0.0 Safari/537.36"
88.168.175.22 - - [29/Apr/2026:01:38:51 +0200] "POST /wp-admin/admin-ajax.php HTTP/1.1" 200 187 "https://marc-morin.fr/wp-admin/" "Mozilla/5.0 (Windows NT 10.0; Win64; x64) AppleWebKit/537.36 (KHTML, like Gecko) Chrome/147.0.0.0 Safari/537.36"
88.168.175.22 - - [29/Apr/2026:01:38:57 +0200] "POST /wp-admin/admin-ajax.php HTTP/1.1" 200 187 "https://marc-morin.fr/wp-admin/" "Mozilla/5.0 (Windows NT 10.0; Win64; x64) AppleWebKit/537.36 (KHTML, like Gecko) Chrome/147.0.0.0 Safari/537.36"
88.168.175.22 - - [29/Apr/2026:01:39:33 +0200] "POST /wp-admin/admin-ajax.php HTTP/1.1" 200 187 "https://marc-morin.fr/wp-admin/" "Mozilla/5.0 (Windows NT 10.0; Win64; x64) AppleWebKit/537.36 (KHTML, like Gecko) Chrome/147.0.0.0 Safari/537.36"
88.168.175.22 - - [29/Apr/2026:01:39:39 +0200] "POST /wp-admin/admin-ajax.php HTTP/1.1" 200 187 "https://marc-morin.fr/wp-admin/" "Mozilla/5.0 (Windows NT 10.0; Win64; x64) AppleWebKit/537.36 (KHTML, like Gecko) Chrome/147.0.0.0 Safari/537.36"
88.168.175.22 - - [29/Apr/2026:01:39:45 +0200] "POST /wp-admin/admin-ajax.php HTTP/1.1" 200 187 "https://marc-morin.fr/wp-admin/" "Mozilla/5.0 (Windows NT 10.0; Win64; x64) AppleWebKit/537.36 (KHTML, like Gecko) Chrome/147.0.0.0 Safari/537.36"
109.234.166.131 - - [29/Apr/2026:01:39:52 +0200] "POST /wp-cron.php?doing_wp_cron=1777419592.0170130729675292968750 HTTP/1.1" 200 0 "-" "WordPress/6.9.4; https://marc-morin.fr"
88.168.175.22 - - [29/Apr/2026:01:39:51 +0200] "POST /wp-admin/admin-ajax.php HTTP/1.1" 200 187 "https://marc-morin.fr/wp-admin/" "Mozilla/5.0 (Windows NT 10.0; Win64; x64) AppleWebKit/537.36 (KHTML, like Gecko) Chrome/147.0.0.0 Safari/537.36"
88.168.175.22 - - [29/Apr/2026:01:40:03 +0200] "POST /wp-admin/admin-ajax.php HTTP/1.1" 200 187 "https://marc-morin.fr/wp-admin/" "Mozilla/5.0 (Windows NT 10.0; Win64; x64) AppleWebKit/537.36 (KHTML, like Gecko) Chrome/147.0.0.0 Safari/537.36"
88.168.175.22 - - [29/Apr/2026:01:40:21 +0200] "POST /wp-admin/admin-ajax.php HTTP/1.1" 200 187 "https://marc-morin.fr/wp-admin/" "Mozilla/5.0 (Windows NT 10.0; Win64; x64) AppleWebKit/537.36 (KHTML, like Gecko) Chrome/147.0.0.0 Safari/537.36"
57.141.20.8 - - [29/Apr/2026:01:40:24 +0200] "GET /items/D796176994/ HTTP/1.1" 404 100692 "-" "meta-externalagent/1.1 (+https://developers.facebook.com/docs/sharing/webmasters/crawler)"
88.168.175.22 - - [29/Apr/2026:01:40:33 +0200] "POST /wp-admin/admin-ajax.php HTTP/1.1" 200 187 "https://marc-morin.fr/wp-admin/" "Mozilla/5.0 (Windows NT 10.0; Win64; x64) AppleWebKit/537.36 (KHTML, like Gecko) Chrome/147.0.0.0 Safari/537.36"
88.168.175.22 - - [29/Apr/2026:01:41:00 +0200] "POST /wp-admin/admin-ajax.php HTTP/1.1" 200 47 "https://marc-morin.fr/wp-admin/" "Mozilla/5.0 (Windows NT 10.0; Win64; x64) AppleWebKit/537.36 (KHTML, like Gecko) Chrome/147.0.0.0 Safari/537.36"
88.168.175.22 - - [29/Apr/2026:01:41:15 +0200] "POST /wp-admin/admin-ajax.php HTTP/1.1" 200 187 "https://marc-morin.fr/wp-admin/" "Mozilla/5.0 (Windows NT 10.0; Win64; x64) AppleWebKit/537.36 (KHTML, like Gecko) Chrome/147.0.0.0 Safari/537.36"
88.168.175.22 - - [29/Apr/2026:01:41:39 +0200] "POST /wp-admin/admin-ajax.php HTTP/1.1" 200 187 "https://marc-morin.fr/wp-admin/" "Mozilla/5.0 (Windows NT 10.0; Win64; x64) AppleWebKit/537.36 (KHTML, like Gecko) Chrome/147.0.0.0 Safari/537.36"
88.168.175.22 - - [29/Apr/2026:01:38:39 +0200] "POST /wp-admin/admin-ajax.php HTTP/1.1" 200 187 "https://marc-morin.fr/wp-admin/" "Mozilla/5.0 (Windows NT 10.0; Win64; x64) AppleWebKit/537.36 (KHTML, like Gecko) Chrome/147.0.0.0 Safari/537.36"
88.168.175.22 - - [29/Apr/2026:01:38:59 +0200] "POST /wp-admin/admin-ajax.php HTTP/1.1" 200 47 "https://marc-morin.fr/wp-admin/" "Mozilla/5.0 (Windows NT 10.0; Win64; x64) AppleWebKit/537.36 (KHTML, like Gecko) Chrome/147.0.0.0 Safari/537.36"
109.234.166.131 - - [29/Apr/2026:01:39:16 +0200] "POST /wp-cron.php?doing_wp_cron=1777419556.0110940933227539062500 HTTP/1.1" 200 0 "-" "WordPress/6.9.4; https://marc-morin.fr"
88.168.175.22 - - [29/Apr/2026:01:39:21 +0200] "POST /wp-admin/admin-ajax.php HTTP/1.1" 200 187 "https://marc-morin.fr/wp-admin/" "Mozilla/5.0 (Windows NT 10.0; Win64; x64) AppleWebKit/537.36 (KHTML, like Gecko) Chrome/147.0.0.0 Safari/537.36"
88.168.175.22 - - [29/Apr/2026:01:39:27 +0200] "POST /wp-admin/admin-ajax.php HTTP/1.1" 200 187 "https://marc-morin.fr/wp-admin/" "Mozilla/5.0 (Windows NT 10.0; Win64; x64) AppleWebKit/537.36 (KHTML, like Gecko) Chrome/147.0.0.0 Safari/537.36"
66.249.77.66 - - [29/Apr/2026:01:39:31 +0200] "GET /shop/storeSearch/KeepCriteria?transition=top HTTP/1.1" 404 100732 "-" "Mozilla/5.0 (Linux; Android 6.0.1; Nexus 5X Build/MMB29P) AppleWebKit/537.36 (KHTML, like Gecko) Chrome/147.0.7727.116 Mobile Safari/537.36 (compatible; Googlebot/2.1; +http://www.google.com/bot.html)"
88.168.175.22 - - [29/Apr/2026:01:40:09 +0200] "POST /wp-admin/admin-ajax.php HTTP/1.1" 200 187 "https://marc-morin.fr/wp-admin/" "Mozilla/5.0 (Windows NT 10.0; Win64; x64) AppleWebKit/537.36 (KHTML, like Gecko) Chrome/147.0.0.0 Safari/537.36"
109.234.166.131 - - [29/Apr/2026:01:40:15 +0200] "POST /wp-cron.php?doing_wp_cron=1777419615.9827001094818115234375 HTTP/1.1" 200 0 "-" "WordPress/6.9.4; https://marc-morin.fr"
88.168.175.22 - - [29/Apr/2026:01:40:15 +0200] "POST /wp-admin/admin-ajax.php HTTP/1.1" 200 187 "https://marc-morin.fr/wp-admin/" "Mozilla/5.0 (Windows NT 10.0; Win64; x64) AppleWebKit/537.36 (KHTML, like Gecko) Chrome/147.0.0.0 Safari/537.36"
88.168.175.22 - - [29/Apr/2026:01:40:51 +0200] "POST /wp-admin/admin-ajax.php HTTP/1.1" 200 187 "https://marc-morin.fr/wp-admin/" "Mozilla/5.0 (Windows NT 10.0; Win64; x64) AppleWebKit/537.36 (KHTML, like Gecko) Chrome/147.0.0.0 Safari/537.36"
88.168.175.22 - - [29/Apr/2026:01:41:03 +0200] "POST /wp-admin/admin-ajax.php HTTP/1.1" 200 187 "https://marc-morin.fr/wp-admin/" "Mozilla/5.0 (Windows NT 10.0; Win64; x64) AppleWebKit/537.36 (KHTML, like Gecko) Chrome/147.0.0.0 Safari/537.36"
109.234.166.131 - - [29/Apr/2026:01:41:15 +0200] "POST /wp-cron.php?doing_wp_cron=1777419675.9264540672302246093750 HTTP/1.1" 200 0 "-" "WordPress/6.9.4; https://marc-morin.fr"
88.168.175.22 - - [29/Apr/2026:01:41:21 +0200] "POST /wp-admin/admin-ajax.php HTTP/1.1" 200 187 "https://marc-morin.fr/wp-admin/" "Mozilla/5.0 (Windows NT 10.0; Win64; x64) AppleWebKit/537.36 (KHTML, like Gecko) Chrome/147.0.0.0 Safari/537.36"
88.168.175.22 - - [29/Apr/2026:01:41:33 +0200] "POST /wp-admin/admin-ajax.php HTTP/1.1" 200 187 "https://marc-morin.fr/wp-admin/" "Mozilla/5.0 (Windows NT 10.0; Win64; x64) AppleWebKit/537.36 (KHTML, like Gecko) Chrome/147.0.0.0 Safari/537.36"
88.168.175.22 - - [29/Apr/2026:01:41:51 +0200] "POST /wp-admin/admin-ajax.php HTTP/1.1" 200 187 "https://marc-morin.fr/wp-admin/" "Mozilla/5.0 (Windows NT 10.0; Win64; x64) AppleWebKit/537.36 (KHTML, like Gecko) Chrome/147.0.0.0 Safari/537.36"
66.249.77.67 - - [29/Apr/2026:01:42:43 +0200] "GET /shop/storeSearch/KeepCriteriaInput?transition=top HTTP/1.1" 404 100740 "-" "Mozilla/5.0 (Linux; Android 6.0.1; Nexus 5X Build/MMB29P) AppleWebKit/537.36 (KHTML, like Gecko) Chrome/147.0.7727.116 Mobile Safari/537.36 (compatible; Googlebot/2.1; +http://www.google.com/bot.html)"
88.168.175.22 - - [29/Apr/2026:01:40:57 +0200] "POST /wp-admin/admin-ajax.php HTTP/1.1" 200 187 "https://marc-morin.fr/wp-admin/" "Mozilla/5.0 (Windows NT 10.0; Win64; x64) AppleWebKit/537.36 (KHTML, like Gecko) Chrome/147.0.0.0 Safari/537.36"
88.168.175.22 - - [29/Apr/2026:01:41:09 +0200] "POST /wp-admin/admin-ajax.php HTTP/1.1" 200 187 "https://marc-morin.fr/wp-admin/" "Mozilla/5.0 (Windows NT 10.0; Win64; x64) AppleWebKit/537.36 (KHTML, like Gecko) Chrome/147.0.0.0 Safari/537.36"
88.168.175.22 - - [29/Apr/2026:01:41:27 +0200] "POST /wp-admin/admin-ajax.php HTTP/1.1" 200 187 "https://marc-morin.fr/wp-admin/" "Mozilla/5.0 (Windows NT 10.0; Win64; x64) AppleWebKit/537.36 (KHTML, like Gecko) Chrome/147.0.0.0 Safari/537.36"
88.168.175.22 - - [29/Apr/2026:01:42:03 +0200] "POST /wp-admin/admin-ajax.php HTTP/1.1" 200 187 "https://marc-morin.fr/wp-admin/" "Mozilla/5.0 (Windows NT 10.0; Win64; x64) AppleWebKit/537.36 (KHTML, like Gecko) Chrome/147.0.0.0 Safari/537.36"
88.168.175.22 - - [29/Apr/2026:01:42:09 +0200] "POST /wp-admin/admin-ajax.php HTTP/1.1" 200 187 "https://marc-morin.fr/wp-admin/" "Mozilla/5.0 (Windows NT 10.0; Win64; x64) AppleWebKit/537.36 (KHTML, like Gecko) Chrome/147.0.0.0 Safari/537.36"
109.234.166.131 - - [29/Apr/2026:01:42:15 +0200] "POST /wp-cron.php?doing_wp_cron=1777419735.9560608863830566406250 HTTP/1.1" 200 0 "-" "WordPress/6.9.4; https://marc-morin.fr"
88.168.175.22 - - [29/Apr/2026:01:42:21 +0200] "POST /wp-admin/admin-ajax.php HTTP/1.1" 200 187 "https://marc-morin.fr/wp-admin/" "Mozilla/5.0 (Windows NT 10.0; Win64; x64) AppleWebKit/537.36 (KHTML, like Gecko) Chrome/147.0.0.0 Safari/537.36"
51.75.236.148 - - [29/Apr/2026:01:42:46 +0200] "GET /items/D793423181/ HTTP/1.1" 404 100692 "-" "Mozilla/5.0 (compatible; AhrefsBot/7.0; +http://ahrefs.com/robot/)"
88.168.175.22 - - [29/Apr/2026:01:42:51 +0200] "POST /wp-admin/admin-ajax.php HTTP/1.1" 200 187 "https://marc-morin.fr/wp-admin/" "Mozilla/5.0 (Windows NT 10.0; Win64; x64) AppleWebKit/537.36 (KHTML, like Gecko) Chrome/147.0.0.0 Safari/537.36"
88.168.175.22 - - [29/Apr/2026:01:43:27 +0200] "POST /wp-admin/admin-ajax.php HTTP/1.1" 200 187 "https://marc-morin.fr/wp-admin/" "Mozilla/5.0 (Windows NT 10.0; Win64; x64) AppleWebKit/537.36 (KHTML, like Gecko) Chrome/147.0.0.0 Safari/537.36"
57.141.20.33 - - [29/Apr/2026:01:43:44 +0200] "GET /items/D795919295/ HTTP/1.1" 404 100692 "-" "meta-externalagent/1.1 (+https://developers.facebook.com/docs/sharing/webmasters/crawler)"
66.249.77.68 - - [29/Apr/2026:01:43:57 +0200] "GET /items/C176186502/ HTTP/1.1" 404 100692 "-" "Mozilla/5.0 (Linux; Android 6.0.1; Nexus 5X Build/MMB29P) AppleWebKit/537.36 (KHTML, like Gecko) Chrome/147.0.7727.116 Mobile Safari/537.36 (compatible; Googlebot/2.1; +http://www.google.com/bot.html)"
66.249.77.66 - - [29/Apr/2026:01:44:01 +0200] "GET /items/D386264205/ HTTP/1.1" 404 100692 "-" "Mozilla/5.0 (Linux; Android 6.0.1; Nexus 5X Build/MMB29P) AppleWebKit/537.36 (KHTML, like Gecko) Chrome/147.0.7727.116 Mobile Safari/537.36 (compatible; Googlebot/2.1; +http://www.google.com/bot.html)"
88.168.175.22 - - [29/Apr/2026:01:44:03 +0200] "POST /wp-admin/admin-ajax.php HTTP/1.1" 200 187 "https://marc-morin.fr/wp-admin/" "Mozilla/5.0 (Windows NT 10.0; Win64; x64) AppleWebKit/537.36 (KHTML, like Gecko) Chrome/147.0.0.0 Safari/537.36"
40.77.167.7 - - [29/Apr/2026:01:44:04 +0200] "GET /items/D796708775/ HTTP/1.1" 404 100692 "-" "Mozilla/5.0 AppleWebKit/537.36 (KHTML, like Gecko; compatible; bingbot/2.0; +http://www.bing.com/bingbot.htm) Chrome/116.0.1938.76 Safari/537.36"
40.77.167.7 - - [29/Apr/2026:01:44:05 +0200] "GET /items/D796230521/ HTTP/1.1" 404 100692 "-" "Mozilla/5.0 AppleWebKit/537.36 (KHTML, like Gecko; compatible; bingbot/2.0; +http://www.bing.com/bingbot.htm) Chrome/116.0.1938.76 Safari/537.36"
40.77.167.55 - - [29/Apr/2026:01:44:07 +0200] "GET /items/D794723564/ HTTP/1.1" 404 100692 "-" "Mozilla/5.0 AppleWebKit/537.36 (KHTML, like Gecko; compatible; bingbot/2.0; +http://www.bing.com/bingbot.htm) Chrome/116.0.1938.76 Safari/537.36"
88.168.175.22 - - [29/Apr/2026:01:41:45 +0200] "POST /wp-admin/admin-ajax.php HTTP/1.1" 200 187 "https://marc-morin.fr/wp-admin/" "Mozilla/5.0 (Windows NT 10.0; Win64; x64) AppleWebKit/537.36 (KHTML, like Gecko) Chrome/147.0.0.0 Safari/537.36"
88.168.175.22 - - [29/Apr/2026:01:41:57 +0200] "POST /wp-admin/admin-ajax.php HTTP/1.1" 200 187 "https://marc-morin.fr/wp-admin/" "Mozilla/5.0 (Windows NT 10.0; Win64; x64) AppleWebKit/537.36 (KHTML, like Gecko) Chrome/147.0.0.0 Safari/537.36"
88.168.175.22 - - [29/Apr/2026:01:42:15 +0200] "POST /wp-admin/admin-ajax.php HTTP/1.1" 200 187 "https://marc-morin.fr/wp-admin/" "Mozilla/5.0 (Windows NT 10.0; Win64; x64) AppleWebKit/537.36 (KHTML, like Gecko) Chrome/147.0.0.0 Safari/537.36"
88.168.175.22 - - [29/Apr/2026:01:42:27 +0200] "POST /wp-admin/admin-ajax.php HTTP/1.1" 200 187 "https://marc-morin.fr/wp-admin/" "Mozilla/5.0 (Windows NT 10.0; Win64; x64) AppleWebKit/537.36 (KHTML, like Gecko) Chrome/147.0.0.0 Safari/537.36"
88.168.175.22 - - [29/Apr/2026:01:42:33 +0200] "POST /wp-admin/admin-ajax.php HTTP/1.1" 200 187 "https://marc-morin.fr/wp-admin/" "Mozilla/5.0 (Windows NT 10.0; Win64; x64) AppleWebKit/537.36 (KHTML, like Gecko) Chrome/147.0.0.0 Safari/537.36"
57.141.20.62 - - [29/Apr/2026:01:42:38 +0200] "GET /items/D795835855/ HTTP/1.1" 404 100692 "-" "meta-externalagent/1.1 (+https://developers.facebook.com/docs/sharing/webmasters/crawler)"
88.168.175.22 - - [29/Apr/2026:01:42:39 +0200] "POST /wp-admin/admin-ajax.php HTTP/1.1" 200 187 "https://marc-morin.fr/wp-admin/" "Mozilla/5.0 (Windows NT 10.0; Win64; x64) AppleWebKit/537.36 (KHTML, like Gecko) Chrome/147.0.0.0 Safari/537.36"
88.168.175.22 - - [29/Apr/2026:01:42:45 +0200] "POST /wp-admin/admin-ajax.php HTTP/1.1" 200 187 "https://marc-morin.fr/wp-admin/" "Mozilla/5.0 (Windows NT 10.0; Win64; x64) AppleWebKit/537.36 (KHTML, like Gecko) Chrome/147.0.0.0 Safari/537.36"
88.168.175.22 - - [29/Apr/2026:01:43:01 +0200] "POST /wp-admin/admin-ajax.php HTTP/1.1" 200 47 "https://marc-morin.fr/wp-admin/" "Mozilla/5.0 (Windows NT 10.0; Win64; x64) AppleWebKit/537.36 (KHTML, like Gecko) Chrome/147.0.0.0 Safari/537.36"
109.234.166.131 - - [29/Apr/2026:01:43:15 +0200] "POST /wp-cron.php?doing_wp_cron=1777419795.9482560157775878906250 HTTP/1.1" 200 0 "-" "WordPress/6.9.4; https://marc-morin.fr"
88.168.175.22 - - [29/Apr/2026:01:43:15 +0200] "POST /wp-admin/admin-ajax.php HTTP/1.1" 200 187 "https://marc-morin.fr/wp-admin/" "Mozilla/5.0 (Windows NT 10.0; Win64; x64) AppleWebKit/537.36 (KHTML, like Gecko) Chrome/147.0.0.0 Safari/537.36"
88.168.175.22 - - [29/Apr/2026:01:43:33 +0200] "POST /wp-admin/admin-ajax.php HTTP/1.1" 200 187 "https://marc-morin.fr/wp-admin/" "Mozilla/5.0 (Windows NT 10.0; Win64; x64) AppleWebKit/537.36 (KHTML, like Gecko) Chrome/147.0.0.0 Safari/537.36"
88.168.175.22 - - [29/Apr/2026:01:43:39 +0200] "POST /wp-admin/admin-ajax.php HTTP/1.1" 200 187 "https://marc-morin.fr/wp-admin/" "Mozilla/5.0 (Windows NT 10.0; Win64; x64) AppleWebKit/537.36 (KHTML, like Gecko) Chrome/147.0.0.0 Safari/537.36"
88.168.175.22 - - [29/Apr/2026:01:43:57 +0200] "POST /wp-admin/admin-ajax.php HTTP/1.1" 200 187 "https://marc-morin.fr/wp-admin/" "Mozilla/5.0 (Windows NT 10.0; Win64; x64) AppleWebKit/537.36 (KHTML, like Gecko) Chrome/147.0.0.0 Safari/537.36"
40.77.167.7 - - [29/Apr/2026:01:44:03 +0200] "GET /items/D795360439/ HTTP/1.1" 404 100692 "-" "Mozilla/5.0 AppleWebKit/537.36 (KHTML, like Gecko; compatible; bingbot/2.0; +http://www.bing.com/bingbot.htm) Chrome/116.0.1938.76 Safari/537.36"
40.77.167.7 - - [29/Apr/2026:01:44:04 +0200] "GET /items/D793812829/ HTTP/1.1" 404 100692 "-" "Mozilla/5.0 AppleWebKit/537.36 (KHTML, like Gecko; compatible; bingbot/2.0; +http://www.bing.com/bingbot.htm) Chrome/116.0.1938.76 Safari/537.36"
88.168.175.22 - - [29/Apr/2026:01:44:15 +0200] "POST /wp-admin/admin-ajax.php HTTP/1.1" 200 187 "https://marc-morin.fr/wp-admin/" "Mozilla/5.0 (Windows NT 10.0; Win64; x64) AppleWebKit/537.36 (KHTML, like Gecko) Chrome/147.0.0.0 Safari/537.36"
88.168.175.22 - - [29/Apr/2026:01:42:57 +0200] "POST /wp-admin/admin-ajax.php HTTP/1.1" 200 187 "https://marc-morin.fr/wp-admin/" "Mozilla/5.0 (Windows NT 10.0; Win64; x64) AppleWebKit/537.36 (KHTML, like Gecko) Chrome/147.0.0.0 Safari/537.36"
88.168.175.22 - - [29/Apr/2026:01:43:03 +0200] "POST /wp-admin/admin-ajax.php HTTP/1.1" 200 187 "https://marc-morin.fr/wp-admin/" "Mozilla/5.0 (Windows NT 10.0; Win64; x64) AppleWebKit/537.36 (KHTML, like Gecko) Chrome/147.0.0.0 Safari/537.36"
88.168.175.22 - - [29/Apr/2026:01:43:09 +0200] "POST /wp-admin/admin-ajax.php HTTP/1.1" 200 187 "https://marc-morin.fr/wp-admin/" "Mozilla/5.0 (Windows NT 10.0; Win64; x64) AppleWebKit/537.36 (KHTML, like Gecko) Chrome/147.0.0.0 Safari/537.36"
88.168.175.22 - - [29/Apr/2026:01:43:21 +0200] "POST /wp-admin/admin-ajax.php HTTP/1.1" 200 187 "https://marc-morin.fr/wp-admin/" "Mozilla/5.0 (Windows NT 10.0; Win64; x64) AppleWebKit/537.36 (KHTML, like Gecko) Chrome/147.0.0.0 Safari/537.36"
88.168.175.22 - - [29/Apr/2026:01:43:45 +0200] "POST /wp-admin/admin-ajax.php HTTP/1.1" 200 187 "https://marc-morin.fr/wp-admin/" "Mozilla/5.0 (Windows NT 10.0; Win64; x64) AppleWebKit/537.36 (KHTML, like Gecko) Chrome/147.0.0.0 Safari/537.36"
88.168.175.22 - - [29/Apr/2026:01:43:51 +0200] "POST /wp-admin/admin-ajax.php HTTP/1.1" 200 187 "https://marc-morin.fr/wp-admin/" "Mozilla/5.0 (Windows NT 10.0; Win64; x64) AppleWebKit/537.36 (KHTML, like Gecko) Chrome/147.0.0.0 Safari/537.36"
40.77.167.7 - - [29/Apr/2026:01:44:05 +0200] "GET /items/D795587545/ HTTP/1.1" 404 100692 "-" "Mozilla/5.0 AppleWebKit/537.36 (KHTML, like Gecko; compatible; bingbot/2.0; +http://www.bing.com/bingbot.htm) Chrome/116.0.1938.76 Safari/537.36"
88.168.175.22 - - [29/Apr/2026:01:44:39 +0200] "POST /wp-admin/admin-ajax.php HTTP/1.1" 200 187 "https://marc-morin.fr/wp-admin/" "Mozilla/5.0 (Windows NT 10.0; Win64; x64) AppleWebKit/537.36 (KHTML, like Gecko) Chrome/147.0.0.0 Safari/537.36"
57.141.20.49 - - [29/Apr/2026:01:44:51 +0200] "GET /items/D796116813/ HTTP/1.1" 404 100692 "-" "meta-externalagent/1.1 (+https://developers.facebook.com/docs/sharing/webmasters/crawler)"
88.168.175.22 - - [29/Apr/2026:01:44:51 +0200] "POST /wp-admin/admin-ajax.php HTTP/1.1" 200 187 "https://marc-morin.fr/wp-admin/" "Mozilla/5.0 (Windows NT 10.0; Win64; x64) AppleWebKit/537.36 (KHTML, like Gecko) Chrome/147.0.0.0 Safari/537.36"
88.168.175.22 - - [29/Apr/2026:01:44:57 +0200] "POST /wp-admin/admin-ajax.php HTTP/1.1" 200 187 "https://marc-morin.fr/wp-admin/" "Mozilla/5.0 (Windows NT 10.0; Win64; x64) AppleWebKit/537.36 (KHTML, like Gecko) Chrome/147.0.0.0 Safari/537.36"
88.168.175.22 - - [29/Apr/2026:01:45:03 +0200] "POST /wp-admin/admin-ajax.php HTTP/1.1" 200 187 "https://marc-morin.fr/wp-admin/" "Mozilla/5.0 (Windows NT 10.0; Win64; x64) AppleWebKit/537.36 (KHTML, like Gecko) Chrome/147.0.0.0 Safari/537.36"
88.168.175.22 - - [29/Apr/2026:01:45:39 +0200] "POST /wp-admin/admin-ajax.php HTTP/1.1" 200 187 "https://marc-morin.fr/wp-admin/" "Mozilla/5.0 (Windows NT 10.0; Win64; x64) AppleWebKit/537.36 (KHTML, like Gecko) Chrome/147.0.0.0 Safari/537.36"
66.249.77.68 - - [29/Apr/2026:01:46:01 +0200] "GET /items/T725898194 HTTP/1.1" 404 100688 "-" "Mozilla/5.0 (Linux; Android 6.0.1; Nexus 5X Build/MMB29P) AppleWebKit/537.36 (KHTML, like Gecko) Chrome/147.0.7727.116 Mobile Safari/537.36 (compatible; Googlebot/2.1; +http://www.google.com/bot.html)"
88.168.175.22 - - [29/Apr/2026:01:46:03 +0200] "POST /wp-admin/admin-ajax.php HTTP/1.1" 200 187 "https://marc-morin.fr/wp-admin/" "Mozilla/5.0 (Windows NT 10.0; Win64; x64) AppleWebKit/537.36 (KHTML, like Gecko) Chrome/147.0.0.0 Safari/537.36"
51.75.236.154 - - [29/Apr/2026:01:46:04 +0200] "GET /items/D793176676/ HTTP/1.1" 404 100692 "-" "Mozilla/5.0 (compatible; AhrefsBot/7.0; +http://ahrefs.com/robot/)"
88.168.175.22 - - [29/Apr/2026:01:46:09 +0200] "POST /wp-admin/admin-ajax.php HTTP/1.1" 200 187 "https://marc-morin.fr/wp-admin/" "Mozilla/5.0 (Windows NT 10.0; Win64; x64) AppleWebKit/537.36 (KHTML, like Gecko) Chrome/147.0.0.0 Safari/537.36"
88.168.175.22 - - [29/Apr/2026:01:44:09 +0200] "POST /wp-admin/admin-ajax.php HTTP/1.1" 200 187 "https://marc-morin.fr/wp-admin/" "Mozilla/5.0 (Windows NT 10.0; Win64; x64) AppleWebKit/537.36 (KHTML, like Gecko) Chrome/147.0.0.0 Safari/537.36"
109.234.166.131 - - [29/Apr/2026:01:44:15 +0200] "POST /wp-cron.php?doing_wp_cron=1777419855.9499790668487548828125 HTTP/1.1" 200 0 "-" "WordPress/6.9.4; https://marc-morin.fr"
88.168.175.22 - - [29/Apr/2026:01:44:21 +0200] "POST /wp-admin/admin-ajax.php HTTP/1.1" 200 187 "https://marc-morin.fr/wp-admin/" "Mozilla/5.0 (Windows NT 10.0; Win64; x64) AppleWebKit/537.36 (KHTML, like Gecko) Chrome/147.0.0.0 Safari/537.36"
88.168.175.22 - - [29/Apr/2026:01:44:27 +0200] "POST /wp-admin/admin-ajax.php HTTP/1.1" 200 187 "https://marc-morin.fr/wp-admin/" "Mozilla/5.0 (Windows NT 10.0; Win64; x64) AppleWebKit/537.36 (KHTML, like Gecko) Chrome/147.0.0.0 Safari/537.36"
88.168.175.22 - - [29/Apr/2026:01:44:45 +0200] "POST /wp-admin/admin-ajax.php HTTP/1.1" 200 187 "https://marc-morin.fr/wp-admin/" "Mozilla/5.0 (Windows NT 10.0; Win64; x64) AppleWebKit/537.36 (KHTML, like Gecko) Chrome/147.0.0.0 Safari/537.36"
109.234.166.131 - - [29/Apr/2026:01:44:57 +0200] "POST /wp-cron.php?doing_wp_cron=1777419897.9616239070892333984375 HTTP/1.1" 200 0 "-" "WordPress/6.9.4; https://marc-morin.fr"
88.168.175.22 - - [29/Apr/2026:01:45:02 +0200] "POST /wp-admin/admin-ajax.php HTTP/1.1" 200 47 "https://marc-morin.fr/wp-admin/" "Mozilla/5.0 (Windows NT 10.0; Win64; x64) AppleWebKit/537.36 (KHTML, like Gecko) Chrome/147.0.0.0 Safari/537.36"
88.168.175.22 - - [29/Apr/2026:01:45:21 +0200] "POST /wp-admin/admin-ajax.php HTTP/1.1" 200 187 "https://marc-morin.fr/wp-admin/" "Mozilla/5.0 (Windows NT 10.0; Win64; x64) AppleWebKit/537.36 (KHTML, like Gecko) Chrome/147.0.0.0 Safari/537.36"
88.168.175.22 - - [29/Apr/2026:01:45:27 +0200] "POST /wp-admin/admin-ajax.php HTTP/1.1" 200 187 "https://marc-morin.fr/wp-admin/" "Mozilla/5.0 (Windows NT 10.0; Win64; x64) AppleWebKit/537.36 (KHTML, like Gecko) Chrome/147.0.0.0 Safari/537.36"
88.168.175.22 - - [29/Apr/2026:01:45:51 +0200] "POST /wp-admin/admin-ajax.php HTTP/1.1" 200 187 "https://marc-morin.fr/wp-admin/" "Mozilla/5.0 (Windows NT 10.0; Win64; x64) AppleWebKit/537.36 (KHTML, like Gecko) Chrome/147.0.0.0 Safari/537.36"
88.168.175.22 - - [29/Apr/2026:01:45:57 +0200] "POST /wp-admin/admin-ajax.php HTTP/1.1" 200 187 "https://marc-morin.fr/wp-admin/" "Mozilla/5.0 (Windows NT 10.0; Win64; x64) AppleWebKit/537.36 (KHTML, like Gecko) Chrome/147.0.0.0 Safari/537.36"
109.234.166.131 - - [29/Apr/2026:01:46:15 +0200] "POST /wp-cron.php?doing_wp_cron=1777419975.9898140430450439453125 HTTP/1.1" 200 0 "-" "WordPress/6.9.4; https://marc-morin.fr"
88.168.175.22 - - [29/Apr/2026:01:46:21 +0200] "POST /wp-admin/admin-ajax.php HTTP/1.1" 200 187 "https://marc-morin.fr/wp-admin/" "Mozilla/5.0 (Windows NT 10.0; Win64; x64) AppleWebKit/537.36 (KHTML, like Gecko) Chrome/147.0.0.0 Safari/537.36"
88.168.175.22 - - [29/Apr/2026:01:46:39 +0200] "POST /wp-admin/admin-ajax.php HTTP/1.1" 200 187 "https://marc-morin.fr/wp-admin/" "Mozilla/5.0 (Windows NT 10.0; Win64; x64) AppleWebKit/537.36 (KHTML, like Gecko) Chrome/147.0.0.0 Safari/537.36"
88.168.175.22 - - [29/Apr/2026:01:46:45 +0200] "POST /wp-admin/admin-ajax.php HTTP/1.1" 200 187 "https://marc-morin.fr/wp-admin/" "Mozilla/5.0 (Windows NT 10.0; Win64; x64) AppleWebKit/537.36 (KHTML, like Gecko) Chrome/147.0.0.0 Safari/537.36"
88.168.175.22 - - [29/Apr/2026:01:47:15 +0200] "POST /wp-admin/admin-ajax.php HTTP/1.1" 200 187 "https://marc-morin.fr/wp-admin/" "Mozilla/5.0 (Windows NT 10.0; Win64; x64) AppleWebKit/537.36 (KHTML, like Gecko) Chrome/147.0.0.0 Safari/537.36"
88.168.175.22 - - [29/Apr/2026:01:47:21 +0200] "POST /wp-admin/admin-ajax.php HTTP/1.1" 200 187 "https://marc-morin.fr/wp-admin/" "Mozilla/5.0 (Windows NT 10.0; Win64; x64) AppleWebKit/537.36 (KHTML, like Gecko) Chrome/147.0.0.0 Safari/537.36"
88.168.175.22 - - [29/Apr/2026:01:46:27 +0200] "POST /wp-admin/admin-ajax.php HTTP/1.1" 200 187 "https://marc-morin.fr/wp-admin/" "Mozilla/5.0 (Windows NT 10.0; Win64; x64) AppleWebKit/537.36 (KHTML, like Gecko) Chrome/147.0.0.0 Safari/537.36"
66.249.77.67 - - [29/Apr/2026:01:46:37 +0200] "GET /items/L873037965 HTTP/1.1" 404 100688 "-" "Mozilla/5.0 (Linux; Android 6.0.1; Nexus 5X Build/MMB29P) AppleWebKit/537.36 (KHTML, like Gecko) Chrome/147.0.7727.116 Mobile Safari/537.36 (compatible; Googlebot/2.1; +http://www.google.com/bot.html)"
88.168.175.22 - - [29/Apr/2026:01:46:51 +0200] "POST /wp-admin/admin-ajax.php HTTP/1.1" 200 187 "https://marc-morin.fr/wp-admin/" "Mozilla/5.0 (Windows NT 10.0; Win64; x64) AppleWebKit/537.36 (KHTML, like Gecko) Chrome/147.0.0.0 Safari/537.36"
66.249.77.66 - - [29/Apr/2026:01:46:54 +0200] "GET /items/W145715258 HTTP/1.1" 404 100688 "-" "Mozilla/5.0 (Linux; Android 6.0.1; Nexus 5X Build/MMB29P) AppleWebKit/537.36 (KHTML, like Gecko) Chrome/147.0.7727.116 Mobile Safari/537.36 (compatible; Googlebot/2.1; +http://www.google.com/bot.html)"
88.168.175.22 - - [29/Apr/2026:01:47:03 +0200] "POST /wp-admin/admin-ajax.php HTTP/1.1" 200 47 "https://marc-morin.fr/wp-admin/" "Mozilla/5.0 (Windows NT 10.0; Win64; x64) AppleWebKit/537.36 (KHTML, like Gecko) Chrome/147.0.0.0 Safari/537.36"
88.168.175.22 - - [29/Apr/2026:01:47:03 +0200] "POST /wp-admin/admin-ajax.php HTTP/1.1" 200 187 "https://marc-morin.fr/wp-admin/" "Mozilla/5.0 (Windows NT 10.0; Win64; x64) AppleWebKit/537.36 (KHTML, like Gecko) Chrome/147.0.0.0 Safari/537.36"
88.168.175.22 - - [29/Apr/2026:01:47:09 +0200] "POST /wp-admin/admin-ajax.php HTTP/1.1" 200 187 "https://marc-morin.fr/wp-admin/" "Mozilla/5.0 (Windows NT 10.0; Win64; x64) AppleWebKit/537.36 (KHTML, like Gecko) Chrome/147.0.0.0 Safari/537.36"
66.249.77.66 - - [29/Apr/2026:01:47:17 +0200] "GET /items/W656095704 HTTP/1.1" 404 100688 "-" "Mozilla/5.0 (Linux; Android 6.0.1; Nexus 5X Build/MMB29P) AppleWebKit/537.36 (KHTML, like Gecko) Chrome/147.0.7727.116 Mobile Safari/537.36 (compatible; Googlebot/2.1; +http://www.google.com/bot.html)"
88.168.175.22 - - [29/Apr/2026:01:47:33 +0200] "POST /wp-admin/admin-ajax.php HTTP/1.1" 200 187 "https://marc-morin.fr/wp-admin/" "Mozilla/5.0 (Windows NT 10.0; Win64; x64) AppleWebKit/537.36 (KHTML, like Gecko) Chrome/147.0.0.0 Safari/537.36"
66.249.77.66 - - [29/Apr/2026:01:47:50 +0200] "GET /items/W465691254 HTTP/1.1" 404 100688 "-" "Mozilla/5.0 (Linux; Android 6.0.1; Nexus 5X Build/MMB29P) AppleWebKit/537.36 (KHTML, like Gecko) Chrome/147.0.7727.116 Mobile Safari/537.36 (compatible; Googlebot/2.1; +http://www.google.com/bot.html)"
88.168.175.22 - - [29/Apr/2026:01:47:51 +0200] "POST /wp-admin/admin-ajax.php HTTP/1.1" 200 187 "https://marc-morin.fr/wp-admin/" "Mozilla/5.0 (Windows NT 10.0; Win64; x64) AppleWebKit/537.36 (KHTML, like Gecko) Chrome/147.0.0.0 Safari/537.36"
66.249.77.66 - - [29/Apr/2026:01:47:57 +0200] "GET /items/A105924963 HTTP/1.1" 404 100688 "-" "Mozilla/5.0 (Linux; Android 6.0.1; Nexus 5X Build/MMB29P) AppleWebKit/537.36 (KHTML, like Gecko) Chrome/147.0.7727.116 Mobile Safari/537.36 (compatible; Googlebot/2.1; +http://www.google.com/bot.html)"
88.168.175.22 - - [29/Apr/2026:01:48:09 +0200] "POST /wp-admin/admin-ajax.php HTTP/1.1" 200 187 "https://marc-morin.fr/wp-admin/" "Mozilla/5.0 (Windows NT 10.0; Win64; x64) AppleWebKit/537.36 (KHTML, like Gecko) Chrome/147.0.0.0 Safari/537.36"
57.141.20.56 - - [29/Apr/2026:01:48:11 +0200] "GET /items/D796388068/ HTTP/1.1" 404 100692 "-" "meta-externalagent/1.1 (+https://developers.facebook.com/docs/sharing/webmasters/crawler)"
88.168.175.22 - - [29/Apr/2026:01:48:27 +0200] "POST /wp-admin/admin-ajax.php HTTP/1.1" 200 187 "https://marc-morin.fr/wp-admin/" "Mozilla/5.0 (Windows NT 10.0; Win64; x64) AppleWebKit/537.36 (KHTML, like Gecko) Chrome/147.0.0.0 Safari/537.36"
88.168.175.22 - - [29/Apr/2026:01:44:33 +0200] "POST /wp-admin/admin-ajax.php HTTP/1.1" 200 187 "https://marc-morin.fr/wp-admin/" "Mozilla/5.0 (Windows NT 10.0; Win64; x64) AppleWebKit/537.36 (KHTML, like Gecko) Chrome/147.0.0.0 Safari/537.36"
88.168.175.22 - - [29/Apr/2026:01:45:09 +0200] "POST /wp-admin/admin-ajax.php HTTP/1.1" 200 187 "https://marc-morin.fr/wp-admin/" "Mozilla/5.0 (Windows NT 10.0; Win64; x64) AppleWebKit/537.36 (KHTML, like Gecko) Chrome/147.0.0.0 Safari/537.36"
109.234.166.131 - - [29/Apr/2026:01:45:15 +0200] "POST /wp-cron.php?doing_wp_cron=1777419915.9209830760955810546875 HTTP/1.1" 200 0 "-" "WordPress/6.9.4; https://marc-morin.fr"
88.168.175.22 - - [29/Apr/2026:01:45:15 +0200] "POST /wp-admin/admin-ajax.php HTTP/1.1" 200 187 "https://marc-morin.fr/wp-admin/" "Mozilla/5.0 (Windows NT 10.0; Win64; x64) AppleWebKit/537.36 (KHTML, like Gecko) Chrome/147.0.0.0 Safari/537.36"
88.168.175.22 - - [29/Apr/2026:01:45:33 +0200] "POST /wp-admin/admin-ajax.php HTTP/1.1" 200 187 "https://marc-morin.fr/wp-admin/" "Mozilla/5.0 (Windows NT 10.0; Win64; x64) AppleWebKit/537.36 (KHTML, like Gecko) Chrome/147.0.0.0 Safari/537.36"
88.168.175.22 - - [29/Apr/2026:01:45:45 +0200] "POST /wp-admin/admin-ajax.php HTTP/1.1" 200 187 "https://marc-morin.fr/wp-admin/" "Mozilla/5.0 (Windows NT 10.0; Win64; x64) AppleWebKit/537.36 (KHTML, like Gecko) Chrome/147.0.0.0 Safari/537.36"
88.168.175.22 - - [29/Apr/2026:01:46:15 +0200] "POST /wp-admin/admin-ajax.php HTTP/1.1" 200 187 "https://marc-morin.fr/wp-admin/" "Mozilla/5.0 (Windows NT 10.0; Win64; x64) AppleWebKit/537.36 (KHTML, like Gecko) Chrome/147.0.0.0 Safari/537.36"
88.168.175.22 - - [29/Apr/2026:01:46:33 +0200] "POST /wp-admin/admin-ajax.php HTTP/1.1" 200 187 "https://marc-morin.fr/wp-admin/" "Mozilla/5.0 (Windows NT 10.0; Win64; x64) AppleWebKit/537.36 (KHTML, like Gecko) Chrome/147.0.0.0 Safari/537.36"
88.168.175.22 - - [29/Apr/2026:01:46:57 +0200] "POST /wp-admin/admin-ajax.php HTTP/1.1" 200 187 "https://marc-morin.fr/wp-admin/" "Mozilla/5.0 (Windows NT 10.0; Win64; x64) AppleWebKit/537.36 (KHTML, like Gecko) Chrome/147.0.0.0 Safari/537.36"
109.234.166.131 - - [29/Apr/2026:01:47:15 +0200] "POST /wp-cron.php?doing_wp_cron=1777420035.9873468875885009765625 HTTP/1.1" 200 0 "-" "WordPress/6.9.4; https://marc-morin.fr"
88.168.175.22 - - [29/Apr/2026:01:47:27 +0200] "POST /wp-admin/admin-ajax.php HTTP/1.1" 200 187 "https://marc-morin.fr/wp-admin/" "Mozilla/5.0 (Windows NT 10.0; Win64; x64) AppleWebKit/537.36 (KHTML, like Gecko) Chrome/147.0.0.0 Safari/537.36"
88.168.175.22 - - [29/Apr/2026:01:47:39 +0200] "POST /wp-admin/admin-ajax.php HTTP/1.1" 200 187 "https://marc-morin.fr/wp-admin/" "Mozilla/5.0 (Windows NT 10.0; Win64; x64) AppleWebKit/537.36 (KHTML, like Gecko) Chrome/147.0.0.0 Safari/537.36"
66.249.77.66 - - [29/Apr/2026:01:47:57 +0200] "GET /items/Q264346548 HTTP/1.1" 404 100688 "-" "Mozilla/5.0 (Linux; Android 6.0.1; Nexus 5X Build/MMB29P) AppleWebKit/537.36 (KHTML, like Gecko) Chrome/147.0.7727.116 Mobile Safari/537.36 (compatible; Googlebot/2.1; +http://www.google.com/bot.html)"
66.249.77.68 - - [29/Apr/2026:01:48:03 +0200] "GET /items/V545034037/ HTTP/1.1" 404 100692 "-" "Mozilla/5.0 (Linux; Android 6.0.1; Nexus 5X Build/MMB29P) AppleWebKit/537.36 (KHTML, like Gecko) Chrome/147.0.7727.116 Mobile Safari/537.36 (compatible; Googlebot/2.1; +http://www.google.com/bot.html)"
88.168.175.22 - - [29/Apr/2026:01:48:03 +0200] "POST /wp-admin/admin-ajax.php HTTP/1.1" 200 187 "https://marc-morin.fr/wp-admin/" "Mozilla/5.0 (Windows NT 10.0; Win64; x64) AppleWebKit/537.36 (KHTML, like Gecko) Chrome/147.0.0.0 Safari/537.36"
109.234.166.131 - - [29/Apr/2026:01:48:15 +0200] "POST /wp-cron.php?doing_wp_cron=1777420095.9654738903045654296875 HTTP/1.1" 200 0 "-" "WordPress/6.9.4; https://marc-morin.fr"
88.168.175.22 - - [29/Apr/2026:01:47:45 +0200] "POST /wp-admin/admin-ajax.php HTTP/1.1" 200 187 "https://marc-morin.fr/wp-admin/" "Mozilla/5.0 (Windows NT 10.0; Win64; x64) AppleWebKit/537.36 (KHTML, like Gecko) Chrome/147.0.0.0 Safari/537.36"
88.168.175.22 - - [29/Apr/2026:01:47:57 +0200] "POST /wp-admin/admin-ajax.php HTTP/1.1" 200 187 "https://marc-morin.fr/wp-admin/" "Mozilla/5.0 (Windows NT 10.0; Win64; x64) AppleWebKit/537.36 (KHTML, like Gecko) Chrome/147.0.0.0 Safari/537.36"
88.168.175.22 - - [29/Apr/2026:01:48:15 +0200] "POST /wp-admin/admin-ajax.php HTTP/1.1" 200 187 "https://marc-morin.fr/wp-admin/" "Mozilla/5.0 (Windows NT 10.0; Win64; x64) AppleWebKit/537.36 (KHTML, like Gecko) Chrome/147.0.0.0 Safari/537.36"
88.168.175.22 - - [29/Apr/2026:01:48:21 +0200] "POST /wp-admin/admin-ajax.php HTTP/1.1" 200 187 "https://marc-morin.fr/wp-admin/" "Mozilla/5.0 (Windows NT 10.0; Win64; x64) AppleWebKit/537.36 (KHTML, like Gecko) Chrome/147.0.0.0 Safari/537.36"
66.249.77.67 - - [29/Apr/2026:01:48:27 +0200] "GET /items/%E6%AC%B2%E3%81%97%E3%81%84%E3%82%82%E3%81%AE%E3%83%AA%E3%82%B9%E3%83%88%E3%81%AB%E8%BF%BD%E5%8A%A0%E3%81%95%E3%82%8C%E3%81%BE%E3%81%97%E3%81%9F/shop/customer/bookmark_guest HTTP/1.1" 404 101040 "-" "Mozilla/5.0 (Linux; Android 6.0.1; Nexus 5X Build/MMB29P) AppleWebKit/537.36 (KHTML, like Gecko) Chrome/147.0.7727.116 Mobile Safari/537.36 (compatible; Googlebot/2.1; +http://www.google.com/bot.html)"
66.249.77.66 - - [29/Apr/2026:01:48:41 +0200] "GET /shop/pg/81963875-4 HTTP/1.1" 404 100692 "-" "Mozilla/5.0 (Linux; Android 6.0.1; Nexus 5X Build/MMB29P) AppleWebKit/537.36 (KHTML, like Gecko) Chrome/147.0.7727.116 Mobile Safari/537.36 (compatible; Googlebot/2.1; +http://www.google.com/bot.html)"
66.249.77.66 - - [29/Apr/2026:01:49:02 +0200] "GET /shop/pg/81963875-1 HTTP/1.1" 404 100692 "-" "Mozilla/5.0 (Linux; Android 6.0.1; Nexus 5X Build/MMB29P) AppleWebKit/537.36 (KHTML, like Gecko) Chrome/147.0.7727.116 Mobile Safari/537.36 (compatible; Googlebot/2.1; +http://www.google.com/bot.html)"
66.249.77.68 - - [29/Apr/2026:01:49:02 +0200] "GET /items/Y373379479 HTTP/1.1" 404 100688 "-" "Mozilla/5.0 (Linux; Android 6.0.1; Nexus 5X Build/MMB29P) AppleWebKit/537.36 (KHTML, like Gecko) Chrome/147.0.7727.116 Mobile Safari/537.36 (compatible; Googlebot/2.1; +http://www.google.com/bot.html)"
88.168.175.22 - - [29/Apr/2026:01:49:03 +0200] "POST /wp-admin/admin-ajax.php HTTP/1.1" 200 187 "https://marc-morin.fr/wp-admin/" "Mozilla/5.0 (Windows NT 10.0; Win64; x64) AppleWebKit/537.36 (KHTML, like Gecko) Chrome/147.0.0.0 Safari/537.36"
66.249.77.66 - - [29/Apr/2026:01:49:03 +0200] "GET /items/V366066257/%E6%AC%B2%E3%81%97%E3%81%84%E3%82%82%E3%81%AE%E3%83%AA%E3%82%B9%E3%83%88%E3%81%AB%E8%BF%BD%E5%8A%A0%E3%81%95%E3%82%8C%E3%81%BE%E3%81%97%E3%81%9F/shop/customer/bookmark_guest HTTP/1.1" 404 101056 "-" "Mozilla/5.0 (Linux; Android 6.0.1; Nexus 5X Build/MMB29P) AppleWebKit/537.36 (KHTML, like Gecko) Chrome/147.0.7727.116 Mobile Safari/537.36 (compatible; Googlebot/2.1; +http://www.google.com/bot.html)"
88.168.175.22 - - [29/Apr/2026:01:49:09 +0200] "POST /wp-admin/admin-ajax.php HTTP/1.1" 200 187 "https://marc-morin.fr/wp-admin/" "Mozilla/5.0 (Windows NT 10.0; Win64; x64) AppleWebKit/537.36 (KHTML, like Gecko) Chrome/147.0.0.0 Safari/537.36"
66.249.77.66 - - [29/Apr/2026:01:49:13 +0200] "GET /shop/pg/46001347-2 HTTP/1.1" 404 100692 "-" "Mozilla/5.0 (Linux; Android 6.0.1; Nexus 5X Build/MMB29P) AppleWebKit/537.36 (KHTML, like Gecko) Chrome/147.0.7727.116 Mobile Safari/537.36 (compatible; Googlebot/2.1; +http://www.google.com/bot.html)"
109.234.166.131 - - [29/Apr/2026:01:49:14 +0200] "POST /wp-cron.php?doing_wp_cron=1777420154.5645658969879150390625 HTTP/1.1" 200 0 "-" "WordPress/6.9.4; https://marc-morin.fr"
66.249.77.67 - - [29/Apr/2026:01:49:15 +0200] "GET /shop/pg/46001347-3 HTTP/1.1" 404 100692 "-" "Mozilla/5.0 (Linux; Android 6.0.1; Nexus 5X Build/MMB29P) AppleWebKit/537.36 (KHTML, like Gecko) Chrome/147.0.7727.116 Mobile Safari/537.36 (compatible; Googlebot/2.1; +http://www.google.com/bot.html)"
