104.28.158.82 - - [29/Apr/2026:17:47:00 +0200] "GET /wtghjxi/?NA HTTP/1.1" 200 1557 "http://nseurope.eu/wtghjxi/?ND" "Googlebot/2.1 (+http://www.google.com/bot.html)"
104.28.158.82 - - [29/Apr/2026:17:47:08 +0200] "GET /wtghjxi/gbmswk1/ HTTP/1.1" 200 0 "http://nseurope.eu/wtghjxi/" "Googlebot/2.1 (+http://www.google.com/bot.html)"
41.248.229.245 - - [29/Apr/2026:17:45:32 +0200] "GET /cgi-bin/ HTTP/1.1" 403 1242 "www.google.com" "Mozlila/5.0 (Linux; Android 7.0; SM-G892A Bulid/NRD90M; wv) AppleWebKit/537.36 (KHTML, like Gecko) Version/4.0 Chrome/60.0.3112.107 Moblie Safari/537.36"
104.28.158.82 - - [29/Apr/2026:17:45:39 +0200] "GET /agvchpe/ybqtxau/ HTTP/1.1" 200 0 "http://nseurope.eu/agvchpe/" "Googlebot/2.1 (+http://www.google.com/bot.html)"
104.28.158.82 - - [29/Apr/2026:17:45:39 +0200] "GET /bd1sqwt/?MA HTTP/1.1" 200 1557 "http://nseurope.eu/bd1sqwt/" "Googlebot/2.1 (+http://www.google.com/bot.html)"
104.28.158.82 - - [29/Apr/2026:17:45:51 +0200] "GET /dmhyptz/?SD HTTP/1.1" 200 1558 "http://nseurope.eu/dmhyptz/?SA" "Googlebot/2.1 (+http://www.google.com/bot.html)"
104.28.158.82 - - [29/Apr/2026:17:46:14 +0200] "GET /lrxh1ou/?NA HTTP/1.1" 200 1557 "http://nseurope.eu/lrxh1ou/?ND" "Googlebot/2.1 (+http://www.google.com/bot.html)"
104.28.158.82 - - [29/Apr/2026:17:46:14 +0200] "GET /lafwceu/?SD HTTP/1.1" 200 1558 "http://nseurope.eu/lafwceu/?SA" "Googlebot/2.1 (+http://www.google.com/bot.html)"
104.28.158.82 - - [29/Apr/2026:17:46:25 +0200] "GET /ntjzsxv/?SD HTTP/1.1" 200 1558 "http://nseurope.eu/ntjzsxv/?SA" "Googlebot/2.1 (+http://www.google.com/bot.html)"
104.28.158.82 - - [29/Apr/2026:17:46:25 +0200] "GET /ntjzsxv/?NA HTTP/1.1" 200 1557 "http://nseurope.eu/ntjzsxv/?SA" "Googlebot/2.1 (+http://www.google.com/bot.html)"
104.28.158.82 - - [29/Apr/2026:17:46:35 +0200] "GET /omxjzaq/?SD HTTP/1.1" 200 1558 "http://nseurope.eu/omxjzaq/?SA" "Googlebot/2.1 (+http://www.google.com/bot.html)"
41.248.229.245 - - [29/Apr/2026:17:46:35 +0200] "GET /.well-known/acme-challenge/ HTTP/1.1" 200 1374 "www.google.com" "Mozlila/5.0 (Linux; Android 7.0; SM-G892A Bulid/NRD90M; wv) AppleWebKit/537.36 (KHTML, like Gecko) Version/4.0 Chrome/60.0.3112.107 Moblie Safari/537.36"
104.28.158.82 - - [29/Apr/2026:17:46:37 +0200] "GET /pxvqaei/?SA HTTP/1.1" 200 1557 "http://nseurope.eu/pxvqaei/" "Googlebot/2.1 (+http://www.google.com/bot.html)"
104.28.158.82 - - [29/Apr/2026:17:46:37 +0200] "GET /qdlam1t/?MA HTTP/1.1" 200 1557 "http://nseurope.eu/qdlam1t/" "Googlebot/2.1 (+http://www.google.com/bot.html)"
104.28.158.82 - - [29/Apr/2026:17:46:37 +0200] "GET /qdlam1t/?NA HTTP/1.1" 200 1557 "http://nseurope.eu/qdlam1t/?ND" "Googlebot/2.1 (+http://www.google.com/bot.html)"
104.28.158.82 - - [29/Apr/2026:17:46:48 +0200] "GET /rguinqt/ivtnseo/ HTTP/1.1" 200 0 "http://nseurope.eu/rguinqt/" "Googlebot/2.1 (+http://www.google.com/bot.html)"
41.248.229.245 - - [29/Apr/2026:17:46:52 +0200] "GET /.well-known/ HTTP/1.1" 200 1589 "www.google.com" "Mozlila/5.0 (Linux; Android 7.0; SM-G892A Bulid/NRD90M; wv) AppleWebKit/537.36 (KHTML, like Gecko) Version/4.0 Chrome/60.0.3112.107 Moblie Safari/537.36"
104.28.158.82 - - [29/Apr/2026:17:46:59 +0200] "GET /vycuhrb/?MD HTTP/1.1" 200 1558 "http://nseurope.eu/vycuhrb/?MA" "Googlebot/2.1 (+http://www.google.com/bot.html)"
104.28.158.82 - - [29/Apr/2026:17:47:11 +0200] "GET /xnlryqc/?MA HTTP/1.1" 200 1557 "http://nseurope.eu/xnlryqc/" "Googlebot/2.1 (+http://www.google.com/bot.html)"
104.28.158.82 - - [29/Apr/2026:17:47:11 +0200] "GET /xstwkoy/?SA HTTP/1.1" 200 1557 "http://nseurope.eu/xstwkoy/" "Googlebot/2.1 (+http://www.google.com/bot.html)"
104.28.158.82 - - [29/Apr/2026:17:47:19 +0200] "GET /?NA HTTP/1.1" 200 22474 "http://nseurope.eu/?ND" "Googlebot/2.1 (+http://www.google.com/bot.html)"
41.248.229.245 - - [29/Apr/2026:17:47:25 +0200] "GET /uploads/ HTTP/1.1" 404 1251 "www.google.com" "Mozlila/5.0 (Linux; Android 7.0; SM-G892A Bulid/NRD90M; wv) AppleWebKit/537.36 (KHTML, like Gecko) Version/4.0 Chrome/60.0.3112.107 Moblie Safari/537.36"
104.28.158.82 - - [29/Apr/2026:17:47:34 +0200] "GET /dmhyptz/?ND HTTP/1.1" 200 1558 "http://nseurope.eu/dmhyptz/" "Googlebot/2.1 (+http://www.google.com/bot.html)"
104.28.158.82 - - [29/Apr/2026:17:47:35 +0200] "GET /g1stdmu/?ND HTTP/1.1" 200 1558 "http://nseurope.eu/g1stdmu/" "Googlebot/2.1 (+http://www.google.com/bot.html)"
104.28.158.82 - - [29/Apr/2026:17:46:24 +0200] "GET /lrxh1ou/?SD HTTP/1.1" 200 1558 "http://nseurope.eu/lrxh1ou/?SA" "Googlebot/2.1 (+http://www.google.com/bot.html)"
104.28.158.82 - - [29/Apr/2026:17:46:25 +0200] "GET /omxjzaq/?NA HTTP/1.1" 200 1557 "http://nseurope.eu/omxjzaq/?ND" "Googlebot/2.1 (+http://www.google.com/bot.html)"
104.28.158.82 - - [29/Apr/2026:17:46:49 +0200] "GET /vskopc1/?NA HTTP/1.1" 200 1557 "http://nseurope.eu/vskopc1/?ND" "Googlebot/2.1 (+http://www.google.com/bot.html)"
104.28.158.82 - - [29/Apr/2026:17:47:00 +0200] "POST /06bdc12ede3ae0.php HTTP/1.1" 200 21276 "https://nseurope.eu/06bdc12ede3ae0.php" "Mozilla/5.0 (Windows NT 10.0; Win64; x64) AppleWebKit/537.36 (KHTML, like Gecko) Chrome/135.0.0.0 Safari/537.36 OPR/121.0.0.0 (Edition developer)"
104.28.158.82 - - [29/Apr/2026:17:47:00 +0200] "GET /wtghjxi/?MA HTTP/1.1" 200 1557 "http://nseurope.eu/wtghjxi/" "Googlebot/2.1 (+http://www.google.com/bot.html)"
104.28.158.82 - - [29/Apr/2026:17:47:19 +0200] "POST /06bdc12ede3ae0.php HTTP/1.1" 200 468 "https://nseurope.eu/06bdc12ede3ae0.php" "Mozilla/5.0 (Windows NT 10.0; Win64; x64) AppleWebKit/537.36 (KHTML, like Gecko) Chrome/135.0.0.0 Safari/537.36 OPR/121.0.0.0 (Edition developer)"
104.28.158.82 - - [29/Apr/2026:17:47:22 +0200] "GET /1byazom/?SD HTTP/1.1" 200 1558 "http://nseurope.eu/1byazom/?SA" "Googlebot/2.1 (+http://www.google.com/bot.html)"
104.28.158.82 - - [29/Apr/2026:17:47:23 +0200] "GET /bd1sqwt/?MD HTTP/1.1" 200 1558 "http://nseurope.eu/bd1sqwt/?MA" "Googlebot/2.1 (+http://www.google.com/bot.html)"
104.28.158.82 - - [29/Apr/2026:17:47:31 +0200] "GET /btnjegx/?MD HTTP/1.1" 200 1558 "http://nseurope.eu/btnjegx/?MA" "Googlebot/2.1 (+http://www.google.com/bot.html)"
104.28.158.82 - - [29/Apr/2026:17:48:07 +0200] "GET /vskopc1/?SA HTTP/1.1" 200 1557 "http://nseurope.eu/vskopc1/" "Googlebot/2.1 (+http://www.google.com/bot.html)"
104.28.158.82 - - [29/Apr/2026:17:48:19 +0200] "GET /xnlryqc/?MD HTTP/1.1" 200 1558 "http://nseurope.eu/xnlryqc/?MA" "Googlebot/2.1 (+http://www.google.com/bot.html)"
104.28.158.82 - - [29/Apr/2026:17:48:19 +0200] "GET /xstwkoy/?MD HTTP/1.1" 200 1558 "http://nseurope.eu/xstwkoy/?MA" "Googlebot/2.1 (+http://www.google.com/bot.html)"
104.28.158.82 - - [29/Apr/2026:17:48:31 +0200] "GET /lrxh1ou/?MD HTTP/1.1" 200 1558 "http://nseurope.eu/lrxh1ou/?MA" "Googlebot/2.1 (+http://www.google.com/bot.html)"
51.89.129.201 - - [29/Apr/2026:17:48:32 +0200] "GET /products/12650382755256 HTTP/1.1" 404 1251 "-" "Mozilla/5.0 (compatible; AhrefsBot/7.0; +http://ahrefs.com/robot/)"
104.28.158.82 - - [29/Apr/2026:17:48:34 +0200] "POST /06bdc12ede3ae0.php HTTP/1.1" 200 66402 "https://nseurope.eu/06bdc12ede3ae0.php" "Mozilla/5.0 (Windows NT 10.0; Win64; x64) AppleWebKit/537.36 (KHTML, like Gecko) Chrome/135.0.0.0 Safari/537.36 OPR/121.0.0.0 (Edition developer)"
104.28.158.82 - - [29/Apr/2026:17:48:40 +0200] "GET /pxvqaei/?NA HTTP/1.1" 200 1557 "http://nseurope.eu/pxvqaei/?ND" "Googlebot/2.1 (+http://www.google.com/bot.html)"
104.28.158.82 - - [29/Apr/2026:17:48:42 +0200] "GET /vskopc1/?MD HTTP/1.1" 200 1558 "http://nseurope.eu/vskopc1/?MA" "Googlebot/2.1 (+http://www.google.com/bot.html)"
104.28.158.82 - - [29/Apr/2026:17:48:42 +0200] "GET /rguinqt/?SD HTTP/1.1" 200 1558 "http://nseurope.eu/rguinqt/?SA" "Googlebot/2.1 (+http://www.google.com/bot.html)"
104.28.158.82 - - [29/Apr/2026:17:48:44 +0200] "POST /06bdc12ede3ae0.php HTTP/1.1" 200 11963 "https://nseurope.eu/06bdc12ede3ae0.php" "Mozilla/5.0 (Windows NT 10.0; Win64; x64) AppleWebKit/537.36 (KHTML, like Gecko) Chrome/135.0.0.0 Safari/537.36 OPR/121.0.0.0 (Edition developer)"
104.28.158.82 - - [29/Apr/2026:17:48:51 +0200] "GET /vycuhrb/?SD HTTP/1.1" 200 1558 "http://nseurope.eu/vycuhrb/?SA" "Googlebot/2.1 (+http://www.google.com/bot.html)"
104.28.158.82 - - [29/Apr/2026:17:48:54 +0200] "GET /kxrz1qg/?MD HTTP/1.1" 200 1558 "http://nseurope.eu/kxrz1qg/?MA" "Googlebot/2.1 (+http://www.google.com/bot.html)"
41.248.229.245 - - [29/Apr/2026:17:47:39 +0200] "GET /upload/ HTTP/1.1" 404 1251 "www.google.com" "Mozlila/5.0 (Linux; Android 7.0; SM-G892A Bulid/NRD90M; wv) AppleWebKit/537.36 (KHTML, like Gecko) Version/4.0 Chrome/60.0.3112.107 Moblie Safari/537.36"
104.28.158.82 - - [29/Apr/2026:17:47:42 +0200] "GET /kxrz1qg/?MA HTTP/1.1" 200 1557 "http://nseurope.eu/kxrz1qg/" "Googlebot/2.1 (+http://www.google.com/bot.html)"
104.28.158.82 - - [29/Apr/2026:17:47:42 +0200] "POST /06bdc12ede3ae0.php HTTP/1.1" 200 67898 "https://nseurope.eu/06bdc12ede3ae0.php" "Mozilla/5.0 (Windows NT 10.0; Win64; x64) AppleWebKit/537.36 (KHTML, like Gecko) Chrome/135.0.0.0 Safari/537.36 OPR/121.0.0.0 (Edition developer)"
104.28.158.82 - - [29/Apr/2026:17:47:45 +0200] "GET /lafwceu/?MA HTTP/1.1" 200 1557 "http://nseurope.eu/lafwceu/" "Googlebot/2.1 (+http://www.google.com/bot.html)"
104.28.158.82 - - [29/Apr/2026:17:47:45 +0200] "GET /lrxh1ou/?MA HTTP/1.1" 200 1557 "http://nseurope.eu/lrxh1ou/" "Googlebot/2.1 (+http://www.google.com/bot.html)"
104.28.158.82 - - [29/Apr/2026:17:47:46 +0200] "GET /ntjzsxv/?ND HTTP/1.1" 200 1558 "http://nseurope.eu/ntjzsxv/" "Googlebot/2.1 (+http://www.google.com/bot.html)"
104.28.158.82 - - [29/Apr/2026:17:47:57 +0200] "GET /pxvqaei/?SD HTTP/1.1" 200 1558 "http://nseurope.eu/pxvqaei/?SA" "Googlebot/2.1 (+http://www.google.com/bot.html)"
104.28.158.82 - - [29/Apr/2026:17:48:08 +0200] "GET /vycuhrb/?NA HTTP/1.1" 200 1557 "http://nseurope.eu/vycuhrb/?ND" "Googlebot/2.1 (+http://www.google.com/bot.html)"
104.28.158.82 - - [29/Apr/2026:17:48:19 +0200] "GET /xstwkoy/?SD HTTP/1.1" 200 1558 "http://nseurope.eu/xstwkoy/?SA" "Googlebot/2.1 (+http://www.google.com/bot.html)"
41.248.229.245 - - [29/Apr/2026:17:48:21 +0200] "GET /Admin/uploads/ HTTP/1.1" 404 1251 "www.google.com" "Mozlila/5.0 (Linux; Android 7.0; SM-G892A Bulid/NRD90M; wv) AppleWebKit/537.36 (KHTML, like Gecko) Version/4.0 Chrome/60.0.3112.107 Moblie Safari/537.36"
104.28.158.82 - - [29/Apr/2026:17:48:24 +0200] "POST /06bdc12ede3ae0.php HTTP/1.1" 200 1064 "https://nseurope.eu/06bdc12ede3ae0.php" "Mozilla/5.0 (Windows NT 10.0; Win64; x64) AppleWebKit/537.36 (KHTML, like Gecko) Chrome/135.0.0.0 Safari/537.36 OPR/121.0.0.0 (Edition developer)"
104.28.158.82 - - [29/Apr/2026:17:48:28 +0200] "GET /1byazom/?MD HTTP/1.1" 200 1558 "http://nseurope.eu/1byazom/?MA" "Googlebot/2.1 (+http://www.google.com/bot.html)"
104.28.158.82 - - [29/Apr/2026:17:48:30 +0200] "GET /agvchpe/?SD HTTP/1.1" 200 1558 "http://nseurope.eu/agvchpe/?SA" "Googlebot/2.1 (+http://www.google.com/bot.html)"
104.28.158.82 - - [29/Apr/2026:17:48:31 +0200] "GET /lafwceu/?MD HTTP/1.1" 200 1558 "http://nseurope.eu/lafwceu/?MA" "Googlebot/2.1 (+http://www.google.com/bot.html)"
104.28.158.82 - - [29/Apr/2026:17:48:42 +0200] "GET /qdlam1t/?MD HTTP/1.1" 200 1558 "http://nseurope.eu/qdlam1t/?MA" "Googlebot/2.1 (+http://www.google.com/bot.html)"
104.28.158.82 - - [29/Apr/2026:17:48:53 +0200] "GET /wtghjxi/?SD HTTP/1.1" 200 1558 "http://nseurope.eu/wtghjxi/?SA" "Googlebot/2.1 (+http://www.google.com/bot.html)"
104.28.158.82 - - [29/Apr/2026:17:48:57 +0200] "POST /06bdc12ede3ae0.php HTTP/1.1" 200 72433 "https://nseurope.eu/06bdc12ede3ae0.php" "Mozilla/5.0 (Windows NT 10.0; Win64; x64) AppleWebKit/537.36 (KHTML, like Gecko) Chrome/135.0.0.0 Safari/537.36 OPR/121.0.0.0 (Edition developer)"
104.28.158.82 - - [29/Apr/2026:17:49:05 +0200] "POST /06bdc12ede3ae0.php HTTP/1.1" 200 42327 "https://nseurope.eu/06bdc12ede3ae0.php" "Mozilla/5.0 (Windows NT 10.0; Win64; x64) AppleWebKit/537.36 (KHTML, like Gecko) Chrome/135.0.0.0 Safari/537.36 OPR/121.0.0.0 (Edition developer)"
104.28.158.82 - - [29/Apr/2026:17:49:06 +0200] "GET /wtghjxi/?MD HTTP/1.1" 200 1558 "http://nseurope.eu/wtghjxi/?MA" "Googlebot/2.1 (+http://www.google.com/bot.html)"
104.28.158.82 - - [29/Apr/2026:17:49:06 +0200] "GET /vskopc1/?SD HTTP/1.1" 200 1558 "http://nseurope.eu/vskopc1/?SA" "Googlebot/2.1 (+http://www.google.com/bot.html)"
104.28.158.82 - - [29/Apr/2026:17:47:11 +0200] "GET /xstwkoy/?MA HTTP/1.1" 200 1557 "http://nseurope.eu/xstwkoy/" "Googlebot/2.1 (+http://www.google.com/bot.html)"
104.28.158.82 - - [29/Apr/2026:17:47:23 +0200] "GET /agvchpe/?SA HTTP/1.1" 200 1557 "http://nseurope.eu/agvchpe/" "Googlebot/2.1 (+http://www.google.com/bot.html)"
104.28.158.82 - - [29/Apr/2026:17:47:31 +0200] "POST /06bdc12ede3ae0.php HTTP/1.1" 200 125874 "https://nseurope.eu/06bdc12ede3ae0.php" "Mozilla/5.0 (Windows NT 10.0; Win64; x64) AppleWebKit/537.36 (KHTML, like Gecko) Chrome/135.0.0.0 Safari/537.36 OPR/121.0.0.0 (Edition developer)"
104.28.158.82 - - [29/Apr/2026:17:47:34 +0200] "POST /06bdc12ede3ae0.php HTTP/1.1" 200 72433 "https://nseurope.eu/06bdc12ede3ae0.php" "Mozilla/5.0 (Windows NT 10.0; Win64; x64) AppleWebKit/537.36 (KHTML, like Gecko) Chrome/135.0.0.0 Safari/537.36 OPR/121.0.0.0 (Edition developer)"
104.28.158.82 - - [29/Apr/2026:17:47:34 +0200] "GET /fsor1eq/cqfuspr/ HTTP/1.1" 200 0 "http://nseurope.eu/fsor1eq/" "Googlebot/2.1 (+http://www.google.com/bot.html)"
41.248.229.245 - - [29/Apr/2026:17:47:53 +0200] "GET /admin/uploads/ HTTP/1.1" 404 1251 "www.google.com" "Mozlila/5.0 (Linux; Android 7.0; SM-G892A Bulid/NRD90M; wv) AppleWebKit/537.36 (KHTML, like Gecko) Version/4.0 Chrome/60.0.3112.107 Moblie Safari/537.36"
104.28.158.82 - - [29/Apr/2026:17:47:53 +0200] "GET /omxjzaq/?MA HTTP/1.1" 200 1557 "http://nseurope.eu/omxjzaq/" "Googlebot/2.1 (+http://www.google.com/bot.html)"
104.28.158.82 - - [29/Apr/2026:17:47:56 +0200] "GET /pxvqaei/?MA HTTP/1.1" 200 1557 "http://nseurope.eu/pxvqaei/" "Googlebot/2.1 (+http://www.google.com/bot.html)"
104.28.158.82 - - [29/Apr/2026:17:47:57 +0200] "GET /qdlam1t/?SA HTTP/1.1" 200 1557 "http://nseurope.eu/qdlam1t/" "Googlebot/2.1 (+http://www.google.com/bot.html)"
104.28.158.82 - - [29/Apr/2026:17:48:06 +0200] "GET /rguinqt/?MD HTTP/1.1" 200 1558 "http://nseurope.eu/rguinqt/?MA" "Googlebot/2.1 (+http://www.google.com/bot.html)"
104.28.158.82 - - [29/Apr/2026:17:48:07 +0200] "POST /06bdc12ede3ae0.php HTTP/1.1" 200 22877 "https://nseurope.eu/06bdc12ede3ae0.php" "Mozilla/5.0 (Windows NT 10.0; Win64; x64) AppleWebKit/537.36 (KHTML, like Gecko) Chrome/135.0.0.0 Safari/537.36 OPR/121.0.0.0 (Edition developer)"
104.28.158.82 - - [29/Apr/2026:17:48:08 +0200] "GET /vycuhrb/lagfsxh/ HTTP/1.1" 200 0 "http://nseurope.eu/vycuhrb/" "Googlebot/2.1 (+http://www.google.com/bot.html)"
104.28.158.82 - - [29/Apr/2026:17:48:17 +0200] "GET /wtghjxi/?SA HTTP/1.1" 200 1557 "http://nseurope.eu/wtghjxi/" "Googlebot/2.1 (+http://www.google.com/bot.html)"
41.248.229.245 - - [29/Apr/2026:17:48:39 +0200] "GET /admin/ HTTP/1.1" 404 1251 "www.google.com" "Mozlila/5.0 (Linux; Android 7.0; SM-G892A Bulid/NRD90M; wv) AppleWebKit/537.36 (KHTML, like Gecko) Version/4.0 Chrome/60.0.3112.107 Moblie Safari/537.36"
104.28.158.82 - - [29/Apr/2026:17:48:54 +0200] "GET /xstwkoy/?NA HTTP/1.1" 200 1557 "http://nseurope.eu/xstwkoy/?ND" "Googlebot/2.1 (+http://www.google.com/bot.html)"
104.28.158.82 - - [29/Apr/2026:17:49:03 +0200] "GET /pxvqaei/?MD HTTP/1.1" 200 1558 "http://nseurope.eu/pxvqaei/?MA" "Googlebot/2.1 (+http://www.google.com/bot.html)"
104.28.158.82 - - [29/Apr/2026:17:49:06 +0200] "GET /qdlam1t/?SD HTTP/1.1" 200 1558 "http://nseurope.eu/qdlam1t/?SA" "Googlebot/2.1 (+http://www.google.com/bot.html)"
104.28.158.82 - - [29/Apr/2026:17:49:22 +0200] "POST /06bdc12ede3ae0.php HTTP/1.1" 200 723 "https://nseurope.eu/06bdc12ede3ae0.php" "Mozilla/5.0 (Windows NT 10.0; Win64; x64) AppleWebKit/537.36 (KHTML, like Gecko) Chrome/135.0.0.0 Safari/537.36 OPR/121.0.0.0 (Edition developer)"
41.248.229.245 - - [29/Apr/2026:17:49:50 +0200] "GET /wp-admin/network/ HTTP/1.1" 404 1251 "www.google.com" "Mozlila/5.0 (Linux; Android 7.0; SM-G892A Bulid/NRD90M; wv) AppleWebKit/537.36 (KHTML, like Gecko) Version/4.0 Chrome/60.0.3112.107 Moblie Safari/537.36"
41.248.229.245 - - [29/Apr/2026:17:49:03 +0200] "GET /images/ HTTP/1.1" 404 1251 "www.google.com" "Mozlila/5.0 (Linux; Android 7.0; SM-G892A Bulid/NRD90M; wv) AppleWebKit/537.36 (KHTML, like Gecko) Version/4.0 Chrome/60.0.3112.107 Moblie Safari/537.36"
104.28.158.82 - - [29/Apr/2026:17:49:39 +0200] "POST /06bdc12ede3ae0.php HTTP/1.1" 200 72433 "https://nseurope.eu/06bdc12ede3ae0.php" "Mozilla/5.0 (Windows NT 10.0; Win64; x64) AppleWebKit/537.36 (KHTML, like Gecko) Chrome/135.0.0.0 Safari/537.36 OPR/121.0.0.0 (Edition developer)"
104.28.158.82 - - [29/Apr/2026:17:50:03 +0200] "POST /06bdc12ede3ae0.php HTTP/1.1" 200 9550 "https://nseurope.eu/06bdc12ede3ae0.php" "Mozilla/5.0 (Windows NT 10.0; Win64; x64) AppleWebKit/537.36 (KHTML, like Gecko) Chrome/135.0.0.0 Safari/537.36 OPR/121.0.0.0 (Edition developer)"
104.28.158.82 - - [29/Apr/2026:17:50:44 +0200] "POST /06bdc12ede3ae0.php HTTP/1.1" 200 72433 "https://nseurope.eu/06bdc12ede3ae0.php" "Mozilla/5.0 (Windows NT 10.0; Win64; x64) AppleWebKit/537.36 (KHTML, like Gecko) Chrome/135.0.0.0 Safari/537.36 OPR/121.0.0.0 (Edition developer)"
41.248.229.245 - - [29/Apr/2026:17:50:56 +0200] "GET /wp-content/plugins/ HTTP/1.1" 404 1251 "www.google.com" "Mozlila/5.0 (Linux; Android 7.0; SM-G892A Bulid/NRD90M; wv) AppleWebKit/537.36 (KHTML, like Gecko) Version/4.0 Chrome/60.0.3112.107 Moblie Safari/537.36"
41.248.229.245 - - [29/Apr/2026:17:50:57 +0200] "GET /vendor/ HTTP/1.1" 404 1251 "www.google.com" "Mozlila/5.0 (Linux; Android 7.0; SM-G892A Bulid/NRD90M; wv) AppleWebKit/537.36 (KHTML, like Gecko) Version/4.0 Chrome/60.0.3112.107 Moblie Safari/537.36"
109.234.166.131 - - [29/Apr/2026:17:51:12 +0200] "GET /xzqbein/mbuwycl/obhdxfe/index.php?pass=1ouvsjrVZGp HTTP/1.1" 200 5708 "-" "Mozilla/5.0 (Windows NT 10.0; Win64; x64) AppleWebKit/537.36 (KHTML, like Gecko) Chrome/122.0.6261.57 Safari/537.36"
41.248.229.245 - - [29/Apr/2026:17:51:31 +0200] "GET /modules/ HTTP/1.1" 404 1251 "www.google.com" "Mozlila/5.0 (Linux; Android 7.0; SM-G892A Bulid/NRD90M; wv) AppleWebKit/537.36 (KHTML, like Gecko) Version/4.0 Chrome/60.0.3112.107 Moblie Safari/537.36"
104.28.158.82 - - [29/Apr/2026:17:53:02 +0200] "GET /qdlam1t/ HTTP/1.1" 200 1557 "https://nseurope.eu/" "Mozilla/5.0 (Windows NT 10.0; Win64; x64) AppleWebKit/537.36 (KHTML, like Gecko) Chrome/135.0.0.0 Safari/537.36 OPR/121.0.0.0 (Edition developer)"
104.28.158.82 - - [29/Apr/2026:17:53:04 +0200] "GET /qdlam1t/pyfenvm/ HTTP/1.1" 200 0 "https://nseurope.eu/qdlam1t/" "Mozilla/5.0 (Windows NT 10.0; Win64; x64) AppleWebKit/537.36 (KHTML, like Gecko) Chrome/135.0.0.0 Safari/537.36 OPR/121.0.0.0 (Edition developer)"
41.248.229.245 - - [29/Apr/2026:17:54:38 +0200] "GET /shop/ HTTP/1.1" 404 1251 "www.google.com" "Mozlila/5.0 (Linux; Android 7.0; SM-G892A Bulid/NRD90M; wv) AppleWebKit/537.36 (KHTML, like Gecko) Version/4.0 Chrome/60.0.3112.107 Moblie Safari/537.36"
41.248.229.245 - - [29/Apr/2026:17:54:55 +0200] "GET /files/ HTTP/1.1" 404 1251 "www.google.com" "Mozlila/5.0 (Linux; Android 7.0; SM-G892A Bulid/NRD90M; wv) AppleWebKit/537.36 (KHTML, like Gecko) Version/4.0 Chrome/60.0.3112.107 Moblie Safari/537.36"
41.248.229.245 - - [29/Apr/2026:17:55:13 +0200] "GET /admin/editor/ HTTP/1.1" 404 1251 "www.google.com" "Mozlila/5.0 (Linux; Android 7.0; SM-G892A Bulid/NRD90M; wv) AppleWebKit/537.36 (KHTML, like Gecko) Version/4.0 Chrome/60.0.3112.107 Moblie Safari/537.36"
41.248.229.245 - - [29/Apr/2026:17:55:51 +0200] "GET /Assets/ HTTP/1.1" 404 1251 "www.google.com" "Mozlila/5.0 (Linux; Android 7.0; SM-G892A Bulid/NRD90M; wv) AppleWebKit/537.36 (KHTML, like Gecko) Version/4.0 Chrome/60.0.3112.107 Moblie Safari/537.36"
41.248.229.245 - - [29/Apr/2026:17:56:00 +0200] "GET /images/stories/ HTTP/1.1" 404 1251 "www.google.com" "Mozlila/5.0 (Linux; Android 7.0; SM-G892A Bulid/NRD90M; wv) AppleWebKit/537.36 (KHTML, like Gecko) Version/4.0 Chrome/60.0.3112.107 Moblie Safari/537.36"
46.1.67.66 - - [29/Apr/2026:17:56:13 +0200] "GET /wp-json/wp/v2/posts/?per_page=1&orderby=date&order=desc HTTP/1.1" 404 1251 "-" "-"
41.248.229.245 - - [29/Apr/2026:17:49:16 +0200] "GET /assets/ HTTP/1.1" 404 1251 "www.google.com" "Mozlila/5.0 (Linux; Android 7.0; SM-G892A Bulid/NRD90M; wv) AppleWebKit/537.36 (KHTML, like Gecko) Version/4.0 Chrome/60.0.3112.107 Moblie Safari/537.36"
41.248.229.245 - - [29/Apr/2026:17:49:40 +0200] "GET /vendor/phpunit/phpunit/src/Util/PHP/ HTTP/1.1" 404 1251 "www.google.com" "Mozlila/5.0 (Linux; Android 7.0; SM-G892A Bulid/NRD90M; wv) AppleWebKit/537.36 (KHTML, like Gecko) Version/4.0 Chrome/60.0.3112.107 Moblie Safari/537.36"
104.28.158.82 - - [29/Apr/2026:17:49:47 +0200] "POST /06bdc12ede3ae0.php HTTP/1.1" 200 49564 "https://nseurope.eu/06bdc12ede3ae0.php" "Mozilla/5.0 (Windows NT 10.0; Win64; x64) AppleWebKit/537.36 (KHTML, like Gecko) Chrome/135.0.0.0 Safari/537.36 OPR/121.0.0.0 (Edition developer)"
41.248.229.245 - - [29/Apr/2026:17:50:07 +0200] "GET /wp-admin/user/ HTTP/1.1" 404 1251 "www.google.com" "Mozlila/5.0 (Linux; Android 7.0; SM-G892A Bulid/NRD90M; wv) AppleWebKit/537.36 (KHTML, like Gecko) Version/4.0 Chrome/60.0.3112.107 Moblie Safari/537.36"
104.28.158.82 - - [29/Apr/2026:17:50:42 +0200] "POST /06bdc12ede3ae0.php HTTP/1.1" 200 9554 "https://nseurope.eu/06bdc12ede3ae0.php" "Mozilla/5.0 (Windows NT 10.0; Win64; x64) AppleWebKit/537.36 (KHTML, like Gecko) Chrome/135.0.0.0 Safari/537.36 OPR/121.0.0.0 (Edition developer)"
104.28.158.82 - - [29/Apr/2026:17:50:55 +0200] "POST /06bdc12ede3ae0.php HTTP/1.1" 200 51519 "https://nseurope.eu/06bdc12ede3ae0.php" "Mozilla/5.0 (Windows NT 10.0; Win64; x64) AppleWebKit/537.36 (KHTML, like Gecko) Chrome/135.0.0.0 Safari/537.36 OPR/121.0.0.0 (Edition developer)"
41.248.229.245 - - [29/Apr/2026:17:51:14 +0200] "GET /local/ HTTP/1.1" 404 1251 "www.google.com" "Mozlila/5.0 (Linux; Android 7.0; SM-G892A Bulid/NRD90M; wv) AppleWebKit/537.36 (KHTML, like Gecko) Version/4.0 Chrome/60.0.3112.107 Moblie Safari/537.36"
109.234.166.131 - - [29/Apr/2026:17:51:20 +0200] "GET /pfavmts/fqzglwo/sledigt/index.php?pass=cwHVvSIdhs2 HTTP/1.1" 200 5708 "-" "Mozilla/5.0 (Windows NT 10.0; Win64; x64) AppleWebKit/537.36 (KHTML, like Gecko) Chrome/121.0.0.0 Safari/537.36 Edg/121.0.2277.83"
177.85.189.71 - - [29/Apr/2026:17:51:20 +0200] "GET /moon_Vq3XdqSP.php?action=84d454352485d243f2771667e2f2a72607e277660333f6 HTTP/1.1" 200 2917 "-" "Mozilla/5.0 (Macintosh; Intel Mac OS X 13_6_1) AppleWebKit/605.1.15 (KHTML, like Gecko) Version/17.0 Safari/605.1.15"
51.89.129.55 - - [29/Apr/2026:17:52:55 +0200] "GET /products/42696330108620 HTTP/1.1" 404 1251 "-" "Mozilla/5.0 (compatible; AhrefsBot/7.0; +http://ahrefs.com/robot/)"
41.248.229.245 - - [29/Apr/2026:17:53:34 +0200] "GET /Site/ HTTP/1.1" 404 1251 "www.google.com" "Mozlila/5.0 (Linux; Android 7.0; SM-G892A Bulid/NRD90M; wv) AppleWebKit/537.36 (KHTML, like Gecko) Version/4.0 Chrome/60.0.3112.107 Moblie Safari/537.36"
41.248.229.245 - - [29/Apr/2026:17:54:15 +0200] "GET /template/ HTTP/1.1" 404 1251 "www.google.com" "Mozlila/5.0 (Linux; Android 7.0; SM-G892A Bulid/NRD90M; wv) AppleWebKit/537.36 (KHTML, like Gecko) Version/4.0 Chrome/60.0.3112.107 Moblie Safari/537.36"
109.234.166.131 - - [29/Apr/2026:17:56:22 +0200] "GET /kvhetui/bhpvwkt/wdvzpnr/index.php?pass=xt37LcPUFa5 HTTP/1.1" 200 5708 "-" "Mozilla/5.0 (X11; Linux x86_64) Gecko/20100101 Firefox/121.0"
109.234.166.131 - - [29/Apr/2026:17:56:29 +0200] "GET /pfxdlyn/jelbykh/rolafh1/index.php?pass=4l3opHLSDeh HTTP/1.1" 200 5708 "-" "Mozilla/5.0 (X11; Linux x86_64) AppleWebKit/537.36 (KHTML, like Gecko) Chrome/122.0.6261.57 Safari/537.36"
109.234.166.131 - - [29/Apr/2026:17:56:31 +0200] "GET /svr1xdp/sjkif1d/z1dsnxm/index.php?pass=sOX9g3Uz5Ff HTTP/1.1" 200 5708 "-" "Mozilla/5.0 (X11; Linux x86_64) Gecko/20100101 Firefox/121.0"
109.234.166.131 - - [29/Apr/2026:17:56:35 +0200] "GET /xupizvd/ludn1oq/hwsnlva/index.php?pass=Lpu7ZFweM4V HTTP/1.1" 200 5708 "-" "Mozilla/5.0 (Macintosh; Intel Mac OS X 10.15) Gecko/20100101 Firefox/122.0"
41.248.229.245 - - [29/Apr/2026:17:50:00 +0200] "GET /upload/image/ HTTP/1.1" 404 1251 "www.google.com" "Mozlila/5.0 (Linux; Android 7.0; SM-G892A Bulid/NRD90M; wv) AppleWebKit/537.36 (KHTML, like Gecko) Version/4.0 Chrome/60.0.3112.107 Moblie Safari/537.36"
104.28.158.82 - - [29/Apr/2026:17:50:09 +0200] "POST /06bdc12ede3ae0.php HTTP/1.1" 200 109213 "https://nseurope.eu/06bdc12ede3ae0.php" "Mozilla/5.0 (Windows NT 10.0; Win64; x64) AppleWebKit/537.36 (KHTML, like Gecko) Chrome/135.0.0.0 Safari/537.36 OPR/121.0.0.0 (Edition developer)"
41.248.229.245 - - [29/Apr/2026:17:50:23 +0200] "GET /assets/images/ HTTP/1.1" 404 1251 "www.google.com" "Mozlila/5.0 (Linux; Android 7.0; SM-G892A Bulid/NRD90M; wv) AppleWebKit/537.36 (KHTML, like Gecko) Version/4.0 Chrome/60.0.3112.107 Moblie Safari/537.36"
41.248.229.245 - - [29/Apr/2026:17:50:41 +0200] "GET /Public/ HTTP/1.1" 404 1251 "www.google.com" "Mozlila/5.0 (Linux; Android 7.0; SM-G892A Bulid/NRD90M; wv) AppleWebKit/537.36 (KHTML, like Gecko) Version/4.0 Chrome/60.0.3112.107 Moblie Safari/537.36"
51.89.129.40 - - [29/Apr/2026:17:50:42 +0200] "GET /products/22660694066361 HTTP/1.1" 404 1251 "-" "Mozilla/5.0 (compatible; AhrefsBot/7.0; +http://ahrefs.com/robot/)"
109.234.166.131 - - [29/Apr/2026:17:51:01 +0200] "GET /uivmjqe/updmejo/nqzfdjc/index.php?pass=TngQXU7Aoat HTTP/1.1" 200 5708 "-" "Mozilla/5.0 (Windows NT 10.0; Win64; x64) AppleWebKit/537.36 (KHTML, like Gecko) Chrome/118.0.5993.88 Safari/537.36"
109.234.166.131 - - [29/Apr/2026:17:51:12 +0200] "GET /ldbxyzn/vxoskml/bvmrnqd/index.php?pass=qKXdQC8JjtU HTTP/1.1" 200 5708 "-" "Mozilla/5.0 (Windows NT 10.0; Win64; x64) Gecko/20100101 Firefox/118.0.2"
177.85.189.71 - - [29/Apr/2026:17:51:19 +0200] "GET /moon_Vq3XdqSP.php HTTP/1.1" 200 78 "-" "Mozilla/5.0 (X11; Ubuntu; Linux x86_64) AppleWebKit/537.36 (KHTML, like Gecko) Chrome/122.0.6261.57 Safari/537.36"
177.85.189.71 - - [29/Apr/2026:17:51:19 +0200] "GET /moon_Vq3XdqSP.php?action=a4752555d405d233f2771667e2f2a72607e277660333f6 HTTP/1.1" 200 401 "-" "Mozilla/5.0 (Windows NT 10.0; Win64; x64) AppleWebKit/537.36 (KHTML, like Gecko) Chrome/121.0.0.0 Safari/537.36 Edg/121.0.2277.83"
109.234.166.131 - - [29/Apr/2026:17:51:25 +0200] "GET /sxnbedk/srqwgva/xpz1lfg/index.php?pass=ryUwfp5WXgx HTTP/1.1" 200 5708 "-" "Mozilla/5.0 (Windows NT 11.0; Win64; x64) AppleWebKit/537.36 (KHTML, like Gecko) Chrome/120.0.6099.130 Safari/537.36"
41.248.229.245 - - [29/Apr/2026:17:53:33 +0200] "GET /wp-admin/ HTTP/1.1" 404 1251 "www.google.com" "Mozlila/5.0 (Linux; Android 7.0; SM-G892A Bulid/NRD90M; wv) AppleWebKit/537.36 (KHTML, like Gecko) Version/4.0 Chrome/60.0.3112.107 Moblie Safari/537.36"
41.248.229.245 - - [29/Apr/2026:17:53:59 +0200] "GET /system/ HTTP/1.1" 404 1251 "www.google.com" "Mozlila/5.0 (Linux; Android 7.0; SM-G892A Bulid/NRD90M; wv) AppleWebKit/537.36 (KHTML, like Gecko) Version/4.0 Chrome/60.0.3112.107 Moblie Safari/537.36"
41.248.229.245 - - [29/Apr/2026:17:55:27 +0200] "GET /include/ HTTP/1.1" 404 1251 "www.google.com" "Mozlila/5.0 (Linux; Android 7.0; SM-G892A Bulid/NRD90M; wv) AppleWebKit/537.36 (KHTML, like Gecko) Version/4.0 Chrome/60.0.3112.107 Moblie Safari/537.36"
177.85.189.71 - - [29/Apr/2026:17:56:12 +0200] "GET /moon_uH5xR6rE.php HTTP/1.1" 200 78 "-" "Mozilla/5.0 (Macintosh; Intel Mac OS X 10_15_7) AppleWebKit/605.1.15 (KHTML, like Gecko) Version/17.0 Safari/605.1.15"
177.85.189.71 - - [29/Apr/2026:17:56:29 +0200] "GET /moon_9XD0AMgQ.php HTTP/1.1" 200 78 "-" "Mozilla/5.0 (Windows NT 10.0; Win64; x64) AppleWebKit/537.36 (KHTML, like Gecko) Chrome/120.0.6099.130 Safari/537.36"
109.234.166.131 - - [29/Apr/2026:17:56:33 +0200] "GET /rxwispv/toywmjf/wkshujb/index.php?pass=PDg1meNtMSr HTTP/1.1" 200 5708 "-" "Mozilla/5.0 (Windows NT 10.0; Win64; x64) AppleWebKit/537.36 (KHTML, like Gecko) Chrome/119.0.6045.159 Safari/537.36"
109.234.166.131 - - [29/Apr/2026:17:56:35 +0200] "GET /qcngbou/ysazlqx/qrykilp/index.php?pass=YqV7DcZAkHX HTTP/1.1" 200 5708 "-" "Mozilla/5.0 (Windows NT 10.0; Win64; x64) AppleWebKit/537.36 (KHTML, like Gecko) Chrome/120.0.6099.130 Safari/537.36"
109.234.166.131 - - [29/Apr/2026:17:56:13 +0200] "GET /zxrjcpb/dqs1jnf/ynmslqd/index.php?pass=omX7xa4vIZ3 HTTP/1.1" 200 5708 "-" "Mozilla/5.0 (X11; Linux x86_64) AppleWebKit/537.36 (KHTML, like Gecko) Chrome/122.0.6261.57 Safari/537.36"
177.85.189.71 - - [29/Apr/2026:17:56:13 +0200] "GET /moon_uH5xR6rE.php?action=a4752555d405d233f2771667e2f2a72607e277660333f6 HTTP/1.1" 200 401 "-" "Mozilla/5.0 (X11; Linux x86_64) AppleWebKit/537.36 (KHTML, like Gecko) Chrome/122.0.6261.57 Safari/537.36"
109.234.166.131 - - [29/Apr/2026:17:56:17 +0200] "GET /cxjezso/sfi1avj/1tvckse/index.php?pass=N3sxXmg5bpP HTTP/1.1" 200 5708 "-" "Mozilla/5.0 (X11; Linux x86_64) AppleWebKit/537.36 (KHTML, like Gecko) Chrome/118.0.5993.88 Safari/537.36"
109.234.166.131 - - [29/Apr/2026:17:56:17 +0200] "GET /jibhmvy/flzqkxs/qkdoljm/index.php?pass=glcxqAzNmMT HTTP/1.1" 200 5708 "-" "Mozilla/5.0 (X11; Linux x86_64) Gecko/20100101 Firefox/120.0.1"
109.234.166.131 - - [29/Apr/2026:17:56:17 +0200] "GET /zxqcvmt/dgobtpq/ocjpwdy/index.php?pass=2sefzX9VTU6 HTTP/1.1" 200 5708 "-" "Mozilla/5.0 (Macintosh; Intel Mac OS X 11_7_2) AppleWebKit/605.1.15 (KHTML, like Gecko) Version/16.6.1 Safari/605.1.15"
109.234.166.131 - - [29/Apr/2026:17:56:21 +0200] "GET /vldpzu1/r1vbijl/mufg1vs/index.php?pass=spdeFVALZji HTTP/1.1" 200 5708 "-" "Mozilla/5.0 (Macintosh; Intel Mac OS X 13_6_2) AppleWebKit/537.36 (KHTML, like Gecko) Chrome/118.0.5993.88 Safari/537.36"
109.234.166.131 - - [29/Apr/2026:17:56:21 +0200] "GET /laifsnh/yxrnbfq/cushyzn/index.php?pass=EXr8AhZksSb HTTP/1.1" 200 5708 "-" "Mozilla/5.0 (X11; Linux x86_64) AppleWebKit/537.36 (KHTML, like Gecko) Chrome/120.0.6099.130 Safari/537.36"
109.234.166.131 - - [29/Apr/2026:17:56:23 +0200] "GET /cv1ytul/k1xzilp/fajydgs/index.php?pass=gOqAxF1zkie HTTP/1.1" 200 5708 "-" "Mozilla/5.0 (X11; Ubuntu; Linux x86_64) AppleWebKit/537.36 (KHTML, like Gecko) Chrome/120.0.6099.130 Safari/537.36"
177.85.189.71 - - [29/Apr/2026:17:56:15 +0200] "GET /moon_uH5xR6rE.php?action=84d454352485d243f2771667e2f2a72607e277660333f6 HTTP/1.1" 200 2917 "-" "Mozilla/5.0 (Macintosh; Intel Mac OS X 10_15_7) AppleWebKit/605.1.15 (KHTML, like Gecko) Version/17.0 Safari/605.1.15"
41.248.229.245 - - [29/Apr/2026:17:56:29 +0200] "GET /plugins/ HTTP/1.1" 404 1251 "www.google.com" "Mozlila/5.0 (Linux; Android 7.0; SM-G892A Bulid/NRD90M; wv) AppleWebKit/537.36 (KHTML, like Gecko) Version/4.0 Chrome/60.0.3112.107 Moblie Safari/537.36"
177.85.189.71 - - [29/Apr/2026:17:56:30 +0200] "GET /moon_9XD0AMgQ.php?action=a4752555d405d233f2771667e2f2a72607e277660333f6 HTTP/1.1" 200 401 "-" "Mozilla/5.0 (X11; Linux x86_64) Gecko/20100101 Firefox/121.0"
109.234.166.131 - - [29/Apr/2026:17:56:33 +0200] "GET /tdsyiou/zvhrsfi/avykuo1/index.php?pass=lMkjKFu4h5Z HTTP/1.1" 200 5708 "-" "Mozilla/5.0 (X11; Linux x86_64) Gecko/20100101 Firefox/120.0.1"
109.234.166.131 - - [29/Apr/2026:17:56:33 +0200] "GET /isc1mya/b1zjfuv/ecdfglm/index.php?pass=M4lmSVQAcj6 HTTP/1.1" 200 5708 "-" "Mozilla/5.0 (Windows NT 10.0; Win64; x64) AppleWebKit/537.36 (KHTML, like Gecko) Chrome/122.0.6261.57 Safari/537.36"
109.234.166.131 - - [29/Apr/2026:17:56:34 +0200] "GET /uhcmviq/1hzgkex/zejpciu/index.php?pass=Ebm4YpXALOk HTTP/1.1" 200 5708 "-" "Mozilla/5.0 (Windows NT 10.0; Win64; x64) AppleWebKit/537.36 (KHTML, like Gecko) Chrome/120.0.0.0 Safari/537.36 Edg/120.0.2210.133"
41.248.229.245 - - [29/Apr/2026:17:56:45 +0200] "GET /php/ HTTP/1.1" 404 1251 "www.google.com" "Mozlila/5.0 (Linux; Android 7.0; SM-G892A Bulid/NRD90M; wv) AppleWebKit/537.36 (KHTML, like Gecko) Version/4.0 Chrome/60.0.3112.107 Moblie Safari/537.36"
109.234.166.131 - - [29/Apr/2026:17:56:47 +0200] "GET /kmho1te/lejwpzm/xmhsjci/index.php?pass=6QFt5d1zVDk HTTP/1.1" 200 5708 "-" "Mozilla/5.0 (Windows NT 10.0; Win64; x64) Gecko/20100101 Firefox/120.0.1"
109.234.166.131 - - [29/Apr/2026:17:56:50 +0200] "GET /mktxhjg/yqhbfad/jpqiabr/index.php?pass=1KNCOyYkDP2 HTTP/1.1" 200 5708 "-" "Mozilla/5.0 (Windows NT 10.0; Win64; x64) AppleWebKit/537.36 (KHTML, like Gecko) Chrome/120.0.0.0 Safari/537.36 Edg/120.0.2210.133"
109.234.166.131 - - [29/Apr/2026:17:56:37 +0200] "GET /xjkec1y/xbrnhyf/csxpkum/index.php?pass=r8GiOq6s9QC HTTP/1.1" 200 5708 "-" "Mozilla/5.0 (X11; Ubuntu; Linux x86_64) AppleWebKit/537.36 (KHTML, like Gecko) Chrome/119.0.6045.159 Safari/537.36"
109.234.166.131 - - [29/Apr/2026:17:56:47 +0200] "GET /aej1vto/pryxjst/grmk1dx/index.php?pass=OW7X6zajR9Y HTTP/1.1" 200 5708 "-" "Mozilla/5.0 (X11; Ubuntu; Linux x86_64; rv:121.0) Gecko/20100101 Firefox/121.0"
109.234.166.131 - - [29/Apr/2026:17:56:49 +0200] "GET /imcoqsg/lmexoji/inqzmko/index.php?pass=2Ou7bKdjDQ4 HTTP/1.1" 200 5708 "-" "Mozilla/5.0 (Windows NT 10.0; Win64; x64) AppleWebKit/537.36 (KHTML, like Gecko) Chrome/122.0.6261.57 Safari/537.36"
109.234.166.131 - - [29/Apr/2026:17:56:49 +0200] "GET /yzil1st/wulcfnp/krxcogt/index.php?pass=37ipN2fZKSU HTTP/1.1" 200 5708 "-" "Mozilla/5.0 (Macintosh; Intel Mac OS X 13_6_1) AppleWebKit/605.1.15 (KHTML, like Gecko) Version/17.0 Safari/605.1.15"
109.234.166.131 - - [29/Apr/2026:17:56:49 +0200] "GET /abwo1ny/vhaogdf/tql1urw/index.php?pass=XFobelKYmpr HTTP/1.1" 200 5708 "-" "Mozilla/5.0 (X11; Ubuntu; Linux x86_64) AppleWebKit/537.36 (KHTML, like Gecko) Chrome/118.0.5993.88 Safari/537.36"
109.234.166.131 - - [29/Apr/2026:17:56:50 +0200] "GET /vgwmnzb/dhsox1k/m1ywqbk/index.php?pass=HYOWVy2o7Ra HTTP/1.1" 200 5708 "-" "Mozilla/5.0 (Macintosh; Intel Mac OS X 10_15_7) AppleWebKit/537.36 (KHTML, like Gecko) Chrome/121.0.6167.85 Safari/537.36"
177.85.189.71 - - [29/Apr/2026:17:57:06 +0200] "GET /moon_uVZU92lj.php HTTP/1.1" 200 78 "-" "Mozilla/5.0 (Windows NT 11.0; Win64; x64) AppleWebKit/537.36 (KHTML, like Gecko) Chrome/119.0.6045.159 Safari/537.36"
109.234.166.131 - - [29/Apr/2026:17:57:06 +0200] "GET /vzubpks/zhvgtqc/zqcyvhu/index.php?pass=1VNozdXG8Ix HTTP/1.1" 200 5708 "-" "Mozilla/5.0 (Macintosh; Intel Mac OS X 11_7_2) AppleWebKit/605.1.15 (KHTML, like Gecko) Version/16.6.1 Safari/605.1.15"
109.234.166.131 - - [29/Apr/2026:17:57:08 +0200] "GET /wybvmas/yswcuei/dtyqhok/index.php?pass=MqFvkRbprw1 HTTP/1.1" 200 5708 "-" "Mozilla/5.0 (Windows NT 11.0; Win64; x64) AppleWebKit/537.36 (KHTML, like Gecko) Chrome/120.0.6099.130 Safari/537.36"
109.234.166.131 - - [29/Apr/2026:17:57:09 +0200] "GET /1krxfab/zshleit/qvrobpe/index.php?pass=mh4U9yIxL5T HTTP/1.1" 200 5708 "-" "Mozilla/5.0 (X11; Linux x86_64) Gecko/20100101 Firefox/121.0"
109.234.166.131 - - [29/Apr/2026:17:57:18 +0200] "GET /dopxtcb/lmrsjde/jzhubyl/index.php?pass=dy4u3brXelH HTTP/1.1" 200 5708 "-" "Mozilla/5.0 (Macintosh; Intel Mac OS X 12_6_2) AppleWebKit/605.1.15 (KHTML, like Gecko) Version/17.0 Safari/605.1.15"
177.85.189.71 - - [29/Apr/2026:17:57:09 +0200] "GET /moon_uVZU92lj.php?action=84d454352485d243f2771667e2f2a72607e277660333f6 HTTP/1.1" 200 2917 "-" "Mozilla/5.0 (Windows NT 10.0; Win64; x64) Gecko/20100101 Firefox/120.0.1"
109.234.166.131 - - [29/Apr/2026:17:57:20 +0200] "GET /vpljfun/oiasrqu/smfhopz/index.php?pass=Z6RiUF8mDyw HTTP/1.1" 200 5708 "-" "Mozilla/5.0 (X11; Linux x86_64) Gecko/20100101 Firefox/119.0.1"
109.234.166.131 - - [29/Apr/2026:17:57:22 +0200] "GET /wtc1uli/mhuejkc/pjamxcl/index.php?pass=jfsHQzNR4ay HTTP/1.1" 200 5708 "-" "Mozilla/5.0 (Windows NT 10.0; Win64; x64) AppleWebKit/537.36 (KHTML, like Gecko) Chrome/120.0.0.0 Safari/537.36 Edg/120.0.2210.133"
109.234.166.131 - - [29/Apr/2026:17:57:26 +0200] "GET /ipgwkuv/labcgrz/vfumjos/index.php?pass=3WD6jmqFtlR HTTP/1.1" 200 5708 "-" "Mozilla/5.0 (Macintosh; Intel Mac OS X 12_6_2) AppleWebKit/605.1.15 (KHTML, like Gecko) Version/17.0 Safari/605.1.15"
109.234.166.131 - - [29/Apr/2026:17:57:35 +0200] "GET /a1npgru/kvztgrh/kxzatfh/index.php?pass=tQmRg3bhvfB HTTP/1.1" 200 5708 "-" "Mozilla/5.0 (Macintosh; Intel Mac OS X 13_6_2) AppleWebKit/537.36 (KHTML, like Gecko) Chrome/120.0.6099.130 Safari/537.36"
109.234.166.131 - - [29/Apr/2026:17:57:36 +0200] "GET /tlq1jhy/wczkphi/lgyd1iu/index.php?pass=4I8l152cAFn HTTP/1.1" 200 5708 "-" "Mozilla/5.0 (Windows NT 11.0; Win64; x64) AppleWebKit/537.36 (KHTML, like Gecko) Chrome/118.0.5993.88 Safari/537.36"
109.234.166.131 - - [29/Apr/2026:17:56:53 +0200] "GET /gfkobax/emryapx/rfukhvm/index.php?pass=Fl9WnDfX1PJ HTTP/1.1" 200 5708 "-" "Mozilla/5.0 (Macintosh; Intel Mac OS X 10_15_7) AppleWebKit/537.36 (KHTML, like Gecko) Chrome/121.0.6167.85 Safari/537.36"
109.234.166.131 - - [29/Apr/2026:17:56:57 +0200] "GET /inefpuh/tmfbxda/xswvagl/index.php?pass=UMvomRXVaSq HTTP/1.1" 200 5708 "-" "Mozilla/5.0 (X11; Ubuntu; Linux x86_64) AppleWebKit/537.36 (KHTML, like Gecko) Chrome/118.0.5993.88 Safari/537.36"
109.234.166.131 - - [29/Apr/2026:17:57:06 +0200] "GET /etsxivl/wyaledr/wlamxhe/index.php?pass=Jcr7bI4ZK6g HTTP/1.1" 200 5708 "-" "Mozilla/5.0 (Windows NT 11.0; Win64; x64) AppleWebKit/537.36 (KHTML, like Gecko) Chrome/118.0.5993.88 Safari/537.36"
177.85.189.71 - - [29/Apr/2026:17:57:07 +0200] "GET /moon_uVZU92lj.php?action=a4752555d405d233f2771667e2f2a72607e277660333f6 HTTP/1.1" 200 401 "-" "Mozilla/5.0 (Windows NT 11.0; Win64; x64) AppleWebKit/537.36 (KHTML, like Gecko) Chrome/120.0.6099.130 Safari/537.36"
109.234.166.131 - - [29/Apr/2026:17:57:18 +0200] "GET /aithqde/poxyvlg/1iqenyj/index.php?pass=lxk4BcwJF7D HTTP/1.1" 200 5708 "-" "Mozilla/5.0 (Windows NT 11.0; Win64; x64) AppleWebKit/537.36 (KHTML, like Gecko) Chrome/118.0.5993.88 Safari/537.36"
109.234.166.131 - - [29/Apr/2026:17:57:19 +0200] "GET /evqaytn/wmj1trk/kocd1ie/index.php?pass=aS5EvU1hNos HTTP/1.1" 200 5708 "-" "Mozilla/5.0 (Windows NT 10.0; Win64; x64) AppleWebKit/537.36 (KHTML, like Gecko) Chrome/121.0.0.0 Safari/537.36 Edg/121.0.2277.83"
177.85.189.71 - - [29/Apr/2026:17:57:21 +0200] "GET /moon_nl3jZBsd.php HTTP/1.1" 200 78 "-" "Mozilla/5.0 (X11; Ubuntu; Linux x86_64; rv:119.0.1) Gecko/20100101 Firefox/119.0.1"
109.234.166.131 - - [29/Apr/2026:17:57:22 +0200] "GET /wibgmkc/dexhsbj/zvgt1ec/index.php?pass=1upekSVAh93 HTTP/1.1" 200 5708 "-" "Mozilla/5.0 (X11; Linux x86_64) AppleWebKit/537.36 (KHTML, like Gecko) Chrome/118.0.5993.88 Safari/537.36"
177.85.189.71 - - [29/Apr/2026:17:57:22 +0200] "GET /moon_nl3jZBsd.php?action=a4752555d405d233f2771667e2f2a72607e277660333f6 HTTP/1.1" 200 401 "-" "Mozilla/5.0 (X11; Linux x86_64) AppleWebKit/537.36 (KHTML, like Gecko) Chrome/118.0.5993.88 Safari/537.36"
109.234.166.131 - - [29/Apr/2026:17:57:26 +0200] "GET /mnku1io/urocgnp/mxln1wp/index.php?pass=vy2WYDH4r5I HTTP/1.1" 200 5708 "-" "Mozilla/5.0 (Macintosh; Intel Mac OS X 10.15) Gecko/20100101 Firefox/122.0"
177.85.189.71 - - [29/Apr/2026:17:57:23 +0200] "GET /moon_nl3jZBsd.php?action=84d454352485d243f2771667e2f2a72607e277660333f6 HTTP/1.1" 200 2917 "-" "Mozilla/5.0 (Windows NT 10.0; Win64; x64) AppleWebKit/537.36 (KHTML, like Gecko) Chrome/120.0.0.0 Safari/537.36 Edg/120.0.2210.133"
109.234.166.131 - - [29/Apr/2026:17:57:34 +0200] "GET /tho1dqe/vhz1efw/v1qpyol/index.php?pass=19fIMlDcuAC HTTP/1.1" 200 5708 "-" "Mozilla/5.0 (Macintosh; Intel Mac OS X 13_6_1) AppleWebKit/605.1.15 (KHTML, like Gecko) Version/16.6.1 Safari/605.1.15"
109.234.166.131 - - [29/Apr/2026:17:57:34 +0200] "GET /rycbkaf/rtmilxj/cxszegn/index.php?pass=uVHDTWiFqRc HTTP/1.1" 200 5708 "-" "Mozilla/5.0 (Windows NT 11.0; Win64; x64) AppleWebKit/537.36 (KHTML, like Gecko) Chrome/119.0.6045.159 Safari/537.36"
109.234.166.131 - - [29/Apr/2026:17:57:37 +0200] "GET /zphqibg/kic1hmv/nsbemrh/index.php?pass=zTIK7Wr32uO HTTP/1.1" 200 5708 "-" "Mozilla/5.0 (X11; Ubuntu; Linux x86_64) AppleWebKit/537.36 (KHTML, like Gecko) Chrome/118.0.5993.88 Safari/537.36"
177.85.189.71 - - [29/Apr/2026:17:57:42 +0200] "GET /moon_WCowKNsh.php HTTP/1.1" 200 78 "-" "Mozilla/5.0 (Windows NT 10.0; Win64; x64) AppleWebKit/537.36 (KHTML, like Gecko) Chrome/120.0.6099.130 Safari/537.36"
109.234.166.131 - - [29/Apr/2026:17:57:49 +0200] "GET /jcnxput/kmvsafc/tdz1sah/index.php?pass=jZMR43g8bcW HTTP/1.1" 200 5708 "-" "Mozilla/5.0 (Windows NT 10.0; Win64; x64) AppleWebKit/537.36 (KHTML, like Gecko) Chrome/122.0.6261.57 Safari/537.36"
109.234.166.131 - - [29/Apr/2026:17:56:43 +0200] "GET /uznsgoy/mxeodsi/mvofrzx/index.php?pass=71GCdpIv9yl HTTP/1.1" 200 5708 "-" "Mozilla/5.0 (X11; Ubuntu; Linux x86_64) AppleWebKit/537.36 (KHTML, like Gecko) Chrome/118.0.5993.88 Safari/537.36"
177.85.189.71 - - [29/Apr/2026:17:56:32 +0200] "GET /moon_9XD0AMgQ.php?action=84d454352485d243f2771667e2f2a72607e277660333f6 HTTP/1.1" 200 2917 "-" "Mozilla/5.0 (X11; Ubuntu; Linux x86_64) AppleWebKit/537.36 (KHTML, like Gecko) Chrome/121.0.6167.85 Safari/537.36"
109.234.166.131 - - [29/Apr/2026:17:56:54 +0200] "GET /wg1yvnd/kywftch/ghscmin/index.php?pass=LyYp5vicSPW HTTP/1.1" 200 5708 "-" "Mozilla/5.0 (X11; Ubuntu; Linux x86_64; rv:120.0.1) Gecko/20100101 Firefox/120.0.1"
109.234.166.131 - - [29/Apr/2026:17:57:02 +0200] "GET /1jymakz/sbqfy1g/gqwfmyj/index.php?pass=iPoNDKbfOrx HTTP/1.1" 200 5708 "-" "Mozilla/5.0 (Macintosh; Intel Mac OS X 10.15) Gecko/20100101 Firefox/120.0.1"
109.234.166.131 - - [29/Apr/2026:17:57:02 +0200] "GET /u1jqftr/ndjaps1/mrae1xp/index.php?pass=o5chw4VQKYO HTTP/1.1" 200 5708 "-" "Mozilla/5.0 (Windows NT 10.0; Win64; x64) AppleWebKit/537.36 (KHTML, like Gecko) Chrome/118.0.5993.88 Safari/537.36"
109.234.166.131 - - [29/Apr/2026:17:57:04 +0200] "GET /rfhvizc/uxikeby/rjisymg/index.php?pass=sg1KclmYRMh HTTP/1.1" 200 5708 "-" "Mozilla/5.0 (Windows NT 10.0; Win64; x64) Gecko/20100101 Firefox/120.0.1"
109.234.166.131 - - [29/Apr/2026:17:57:04 +0200] "GET /ma1vqjb/mluj1gd/zpgabwi/index.php?pass=ITrjXVn2AGq HTTP/1.1" 200 5708 "-" "Mozilla/5.0 (X11; Ubuntu; Linux x86_64; rv:119.0.1) Gecko/20100101 Firefox/119.0.1"
109.234.166.131 - - [29/Apr/2026:17:57:06 +0200] "GET /lykxfrt/irqykcz/mow1bty/index.php?pass=qUpDXCP92fd HTTP/1.1" 200 5708 "-" "Mozilla/5.0 (Windows NT 10.0; Win64; x64) AppleWebKit/537.36 (KHTML, like Gecko) Chrome/119.0.6045.159 Safari/537.36"
109.234.166.131 - - [29/Apr/2026:17:57:09 +0200] "GET /vnh1moz/vtcxhrk/hqztwko/index.php?pass=bfYBzKGEiQH HTTP/1.1" 200 5708 "-" "Mozilla/5.0 (X11; Linux x86_64) AppleWebKit/537.36 (KHTML, like Gecko) Chrome/119.0.6045.159 Safari/537.36"
109.234.166.131 - - [29/Apr/2026:17:57:19 +0200] "GET /deqmvbh/vgiyqoa/xkt1enh/index.php?pass=xpIKSy8EU2j HTTP/1.1" 200 5708 "-" "Mozilla/5.0 (Macintosh; Intel Mac OS X 12_6_2) AppleWebKit/605.1.15 (KHTML, like Gecko) Version/17.0 Safari/605.1.15"
109.234.166.131 - - [29/Apr/2026:17:57:21 +0200] "GET /ckrxypu/ltiauey/xb1iper/index.php?pass=cfFVQvw4iEP HTTP/1.1" 200 5708 "-" "Mozilla/5.0 (Macintosh; Intel Mac OS X 10_15_7) AppleWebKit/537.36 (KHTML, like Gecko) Chrome/119.0.6045.159 Safari/537.36"
109.234.166.131 - - [29/Apr/2026:17:57:34 +0200] "GET /tjhksxw/qjaybcf/oeyvh1b/index.php?pass=QX3kO6aJvC9 HTTP/1.1" 200 5708 "-" "Mozilla/5.0 (Windows NT 10.0; Win64; x64) AppleWebKit/537.36 (KHTML, like Gecko) Chrome/120.0.0.0 Safari/537.36 Edg/120.0.2210.133"
109.234.166.131 - - [29/Apr/2026:17:57:40 +0200] "GET /wxtqivp/wjex1st/oetn1fc/index.php?pass=2tvHBlrnQXk HTTP/1.1" 200 5708 "-" "Mozilla/5.0 (X11; Linux x86_64) Gecko/20100101 Firefox/122.0"
109.234.166.131 - - [29/Apr/2026:17:57:43 +0200] "GET /nrb1owt/ydtinov/eryqhdm/index.php?pass=PlV45BhH9fC HTTP/1.1" 200 5708 "-" "Mozilla/5.0 (X11; Ubuntu; Linux x86_64) AppleWebKit/537.36 (KHTML, like Gecko) Chrome/120.0.6099.130 Safari/537.36"
109.234.166.131 - - [29/Apr/2026:17:57:50 +0200] "GET /xpqjmis/covdbfw/jcbyiom/index.php?pass=R5ejDOIBQJ3 HTTP/1.1" 200 5708 "-" "Mozilla/5.0 (Windows NT 10.0; Win64; x64) Gecko/20100101 Firefox/122.0"
109.234.166.131 - - [29/Apr/2026:17:57:52 +0200] "GET /kezalxg/l1maypq/deoxmpl/index.php?pass=3zd5lRGkvVW HTTP/1.1" 200 5708 "-" "Mozilla/5.0 (Windows NT 10.0; Win64; x64) AppleWebKit/537.36 (KHTML, like Gecko) Chrome/120.0.6099.130 Safari/537.36"
109.234.166.131 - - [29/Apr/2026:17:57:54 +0200] "GET /cmzuifl/zvjypnd/ohmvqle/index.php?pass=HpljqcBrOaE HTTP/1.1" 200 5708 "-" "Mozilla/5.0 (Windows NT 10.0; Win64; x64) Gecko/20100101 Firefox/121.0"
109.234.166.131 - - [29/Apr/2026:17:57:54 +0200] "GET /syuvrkh/xkhvnfs/1xckjzl/index.php?pass=buyECsOpL2D HTTP/1.1" 200 5708 "-" "Mozilla/5.0 (X11; Linux x86_64) AppleWebKit/537.36 (KHTML, like Gecko) Chrome/122.0.6261.57 Safari/537.36"
177.85.189.71 - - [29/Apr/2026:17:57:57 +0200] "GET /moon_oq0QqLWZ.php HTTP/1.1" 200 78 "-" "Mozilla/5.0 (X11; Linux x86_64) AppleWebKit/537.36 (KHTML, like Gecko) Chrome/121.0.6167.85 Safari/537.36"
109.234.166.131 - - [29/Apr/2026:17:57:59 +0200] "GET /mpqtoga/acrl1fn/wuyhkvg/index.php?pass=RuxW8j1vcge HTTP/1.1" 200 5708 "-" "Mozilla/5.0 (X11; Ubuntu; Linux x86_64; rv:121.0) Gecko/20100101 Firefox/121.0"
177.85.189.71 - - [29/Apr/2026:17:57:58 +0200] "GET /moon_oq0QqLWZ.php?action=a4752555d405d233f2771667e2f2a72607e277660333f6 HTTP/1.1" 200 401 "-" "Mozilla/5.0 (X11; Ubuntu; Linux x86_64; rv:121.0) Gecko/20100101 Firefox/121.0"
109.234.166.131 - - [29/Apr/2026:17:58:04 +0200] "GET /dqblnri/ykpsidq/ugzmewa/index.php?pass=moQMs2cL45C HTTP/1.1" 200 5708 "-" "Mozilla/5.0 (X11; Ubuntu; Linux x86_64) AppleWebKit/537.36 (KHTML, like Gecko) Chrome/120.0.6099.130 Safari/537.36"
109.234.166.131 - - [29/Apr/2026:17:58:05 +0200] "GET /eqpgrml/wxykszd/svgijhf/index.php?pass=noJLZty12MT HTTP/1.1" 200 5708 "-" "Mozilla/5.0 (Macintosh; Intel Mac OS X 10_15_7) AppleWebKit/537.36 (KHTML, like Gecko) Chrome/122.0.6261.57 Safari/537.36"
109.234.166.131 - - [29/Apr/2026:17:58:08 +0200] "GET /ihlzqkp/bmfhgxn/fbxqpwa/index.php?pass=YV6dSw2LMEA HTTP/1.1" 200 5708 "-" "Mozilla/5.0 (X11; Ubuntu; Linux x86_64) AppleWebKit/537.36 (KHTML, like Gecko) Chrome/118.0.5993.88 Safari/537.36"
177.85.189.71 - - [29/Apr/2026:17:58:00 +0200] "GET /moon_oq0QqLWZ.php?action=84d454352485d243f2771667e2f2a72607e277660333f6 HTTP/1.1" 200 2917 "-" "Mozilla/5.0 (X11; Ubuntu; Linux x86_64; rv:122.0) Gecko/20100101 Firefox/122.0"
177.85.189.71 - - [29/Apr/2026:17:58:12 +0200] "GET /moon_TnjywqFq.php HTTP/1.1" 200 78 "-" "Mozilla/5.0 (Windows NT 10.0; Win64; x64) AppleWebKit/537.36 (KHTML, like Gecko) Chrome/122.0.6261.57 Safari/537.36"
109.234.166.131 - - [29/Apr/2026:17:58:14 +0200] "GET /r1umbly/xlazn1k/sevbndq/index.php?pass=YfC5AS1o7w9 HTTP/1.1" 200 5708 "-" "Mozilla/5.0 (X11; Ubuntu; Linux x86_64) AppleWebKit/537.36 (KHTML, like Gecko) Chrome/120.0.6099.130 Safari/537.36"
177.85.189.71 - - [29/Apr/2026:17:58:13 +0200] "GET /moon_TnjywqFq.php?action=a4752555d405d233f2771667e2f2a72607e277660333f6 HTTP/1.1" 200 401 "-" "Mozilla/5.0 (X11; Ubuntu; Linux x86_64) AppleWebKit/537.36 (KHTML, like Gecko) Chrome/120.0.6099.130 Safari/537.36"
109.234.166.131 - - [29/Apr/2026:17:58:19 +0200] "GET /seojr1n/eyrdpnt/atyo1nd/index.php?pass=ivjOYAIgGsR HTTP/1.1" 200 5708 "-" "Mozilla/5.0 (Macintosh; Intel Mac OS X 10_15_7) AppleWebKit/605.1.15 (KHTML, like Gecko) Version/17.0 Safari/605.1.15"
109.234.166.131 - - [29/Apr/2026:17:58:20 +0200] "GET /chiteak/wm1vlqh/wjo1frx/index.php?pass=e8RDJuqTvFs HTTP/1.1" 200 5708 "-" "Mozilla/5.0 (X11; Linux x86_64) Gecko/20100101 Firefox/118.0.2"
109.234.166.131 - - [29/Apr/2026:17:58:20 +0200] "GET /oukprta/xveckdn/onjsz1m/index.php?pass=sy9DMq7PUnl HTTP/1.1" 200 5708 "-" "Mozilla/5.0 (Macintosh; Intel Mac OS X 10_15_7) AppleWebKit/605.1.15 (KHTML, like Gecko) Version/16.6.1 Safari/605.1.15"
177.85.189.71 - - [29/Apr/2026:17:58:15 +0200] "GET /moon_TnjywqFq.php?action=84d454352485d243f2771667e2f2a72607e277660333f6 HTTP/1.1" 200 2917 "-" "Mozilla/5.0 (Windows NT 11.0; Win64; x64) AppleWebKit/537.36 (KHTML, like Gecko) Chrome/120.0.6099.130 Safari/537.36"
109.234.166.131 - - [29/Apr/2026:17:58:30 +0200] "GET /i1wclfo/wtbvasy/lpcqd1o/index.php?pass=3941EDjkLGe HTTP/1.1" 200 5708 "-" "Mozilla/5.0 (Macintosh; Intel Mac OS X 13_6_1) AppleWebKit/605.1.15 (KHTML, like Gecko) Version/17.1 Safari/605.1.15"
198.244.240.231 - - [29/Apr/2026:17:58:31 +0200] "GET /products/43733594217043 HTTP/1.1" 404 1251 "-" "Mozilla/5.0 (compatible; AhrefsBot/7.0; +http://ahrefs.com/robot/)"
109.234.166.131 - - [29/Apr/2026:17:57:49 +0200] "GET /obyzare/usjgayq/hkwzqnp/index.php?pass=59D7d3BJYZf HTTP/1.1" 200 5708 "-" "Mozilla/5.0 (X11; Linux x86_64) AppleWebKit/537.36 (KHTML, like Gecko) Chrome/122.0.6261.57 Safari/537.36"
109.234.166.131 - - [29/Apr/2026:17:57:50 +0200] "GET /doacnqj/kmbpqvn/blkevjm/index.php?pass=8LEFkptjbRV HTTP/1.1" 200 5708 "-" "Mozilla/5.0 (Macintosh; Intel Mac OS X 13_6_1) AppleWebKit/605.1.15 (KHTML, like Gecko) Version/16.6.1 Safari/605.1.15"
177.85.189.71 - - [29/Apr/2026:17:57:45 +0200] "GET /moon_WCowKNsh.php?action=84d454352485d243f2771667e2f2a72607e277660333f6 HTTP/1.1" 200 2917 "-" "Mozilla/5.0 (Windows NT 10.0; Win64; x64) AppleWebKit/537.36 (KHTML, like Gecko) Chrome/119.0.6045.159 Safari/537.36"
109.234.166.131 - - [29/Apr/2026:17:58:04 +0200] "GET /uosmxpv/nehxvdf/tygvpkr/index.php?pass=cqR8EYujFfB HTTP/1.1" 200 5708 "-" "Mozilla/5.0 (Macintosh; Intel Mac OS X 13_6_2) AppleWebKit/537.36 (KHTML, like Gecko) Chrome/120.0.6099.130 Safari/537.36"
109.234.166.131 - - [29/Apr/2026:17:58:05 +0200] "GET /cyxzgpu/vs1omgf/zhsveib/index.php?pass=RDkSvnxL9ic HTTP/1.1" 200 5708 "-" "Mozilla/5.0 (Windows NT 10.0; Win64; x64) AppleWebKit/537.36 (KHTML, like Gecko) Chrome/119.0.0.0 Safari/537.36 Edg/119.0.2151.97"
109.234.166.131 - - [29/Apr/2026:17:58:06 +0200] "GET /pxnrsvh/mr1jiqz/luwgvdb/index.php?pass=HXcGbS2sziN HTTP/1.1" 200 5708 "-" "Mozilla/5.0 (X11; Linux x86_64) AppleWebKit/537.36 (KHTML, like Gecko) Chrome/122.0.6261.57 Safari/537.36"
109.234.166.131 - - [29/Apr/2026:17:58:08 +0200] "GET /higcayb/fkwqetx/qcfdtxs/index.php?pass=FHn82EUVyoM HTTP/1.1" 200 5708 "-" "Mozilla/5.0 (Macintosh; Intel Mac OS X 10_15_7) AppleWebKit/537.36 (KHTML, like Gecko) Chrome/120.0.6099.130 Safari/537.36"
