160.177.172.63 - - [29/Apr/2026:22:12:21 +0200] "GET /upload/image/ HTTP/1.1" 404 1251 "www.google.com" "Mozlila/5.0 (Linux; Android 7.0; SM-G892A Bulid/NRD90M; wv) AppleWebKit/537.36 (KHTML, like Gecko) Version/4.0 Chrome/60.0.3112.107 Moblie Safari/537.36"
160.177.172.63 - - [29/Apr/2026:22:12:27 +0200] "GET /assets/images/ HTTP/1.1" 404 1251 "www.google.com" "Mozlila/5.0 (Linux; Android 7.0; SM-G892A Bulid/NRD90M; wv) AppleWebKit/537.36 (KHTML, like Gecko) Version/4.0 Chrome/60.0.3112.107 Moblie Safari/537.36"
160.177.172.63 - - [29/Apr/2026:22:13:07 +0200] "GET /Public/ HTTP/1.1" 404 1251 "www.google.com" "Mozlila/5.0 (Linux; Android 7.0; SM-G892A Bulid/NRD90M; wv) AppleWebKit/537.36 (KHTML, like Gecko) Version/4.0 Chrome/60.0.3112.107 Moblie Safari/537.36"
160.177.172.63 - - [29/Apr/2026:22:13:23 +0200] "GET /local/ HTTP/1.1" 404 1251 "www.google.com" "Mozlila/5.0 (Linux; Android 7.0; SM-G892A Bulid/NRD90M; wv) AppleWebKit/537.36 (KHTML, like Gecko) Version/4.0 Chrome/60.0.3112.107 Moblie Safari/537.36"
160.177.172.63 - - [29/Apr/2026:22:13:27 +0200] "GET /modules/ HTTP/1.1" 404 1251 "www.google.com" "Mozlila/5.0 (Linux; Android 7.0; SM-G892A Bulid/NRD90M; wv) AppleWebKit/537.36 (KHTML, like Gecko) Version/4.0 Chrome/60.0.3112.107 Moblie Safari/537.36"
160.177.172.63 - - [29/Apr/2026:22:14:09 +0200] "GET /assets/ HTTP/1.1" 404 1251 "www.google.com" "Mozlila/5.0 (Linux; Android 7.0; SM-G892A Bulid/NRD90M; wv) AppleWebKit/537.36 (KHTML, like Gecko) Version/4.0 Chrome/60.0.3112.107 Moblie Safari/537.36"
160.177.172.63 - - [29/Apr/2026:22:14:26 +0200] "GET /Site/ HTTP/1.1" 404 1251 "www.google.com" "Mozlila/5.0 (Linux; Android 7.0; SM-G892A Bulid/NRD90M; wv) AppleWebKit/537.36 (KHTML, like Gecko) Version/4.0 Chrome/60.0.3112.107 Moblie Safari/537.36"
160.177.172.63 - - [29/Apr/2026:22:14:52 +0200] "GET /shop/ HTTP/1.1" 404 1251 "www.google.com" "Mozlila/5.0 (Linux; Android 7.0; SM-G892A Bulid/NRD90M; wv) AppleWebKit/537.36 (KHTML, like Gecko) Version/4.0 Chrome/60.0.3112.107 Moblie Safari/537.36"
160.177.172.63 - - [29/Apr/2026:22:14:59 +0200] "GET /assets/images/ HTTP/1.1" 404 1251 "www.google.com" "Mozlila/5.0 (Linux; Android 7.0; SM-G892A Bulid/NRD90M; wv) AppleWebKit/537.36 (KHTML, like Gecko) Version/4.0 Chrome/60.0.3112.107 Moblie Safari/537.36"
160.177.172.63 - - [29/Apr/2026:22:15:03 +0200] "GET /Public/ HTTP/1.1" 404 1251 "www.google.com" "Mozlila/5.0 (Linux; Android 7.0; SM-G892A Bulid/NRD90M; wv) AppleWebKit/537.36 (KHTML, like Gecko) Version/4.0 Chrome/60.0.3112.107 Moblie Safari/537.36"
160.177.172.63 - - [29/Apr/2026:22:15:26 +0200] "GET /admin/editor/ HTTP/1.1" 404 1251 "www.google.com" "Mozlila/5.0 (Linux; Android 7.0; SM-G892A Bulid/NRD90M; wv) AppleWebKit/537.36 (KHTML, like Gecko) Version/4.0 Chrome/60.0.3112.107 Moblie Safari/537.36"
198.244.240.176 - - [29/Apr/2026:22:12:20 +0200] "GET /products/17889467662347 HTTP/1.1" 404 1251 "-" "Mozilla/5.0 (compatible; AhrefsBot/7.0; +http://ahrefs.com/robot/)"
160.177.172.63 - - [29/Apr/2026:22:12:38 +0200] "GET /images/ HTTP/1.1" 404 1251 "www.google.com" "Mozlila/5.0 (Linux; Android 7.0; SM-G892A Bulid/NRD90M; wv) AppleWebKit/537.36 (KHTML, like Gecko) Version/4.0 Chrome/60.0.3112.107 Moblie Safari/537.36"
160.177.172.63 - - [29/Apr/2026:22:12:39 +0200] "GET /assets/ HTTP/1.1" 404 1251 "www.google.com" "Mozlila/5.0 (Linux; Android 7.0; SM-G892A Bulid/NRD90M; wv) AppleWebKit/537.36 (KHTML, like Gecko) Version/4.0 Chrome/60.0.3112.107 Moblie Safari/537.36"
160.177.172.63 - - [29/Apr/2026:22:13:07 +0200] "GET /upload/image/ HTTP/1.1" 404 1251 "www.google.com" "Mozlila/5.0 (Linux; Android 7.0; SM-G892A Bulid/NRD90M; wv) AppleWebKit/537.36 (KHTML, like Gecko) Version/4.0 Chrome/60.0.3112.107 Moblie Safari/537.36"
160.177.172.63 - - [29/Apr/2026:22:13:07 +0200] "GET /assets/images/ HTTP/1.1" 404 1251 "www.google.com" "Mozlila/5.0 (Linux; Android 7.0; SM-G892A Bulid/NRD90M; wv) AppleWebKit/537.36 (KHTML, like Gecko) Version/4.0 Chrome/60.0.3112.107 Moblie Safari/537.36"
160.177.172.63 - - [29/Apr/2026:22:13:11 +0200] "GET /php/ HTTP/1.1" 404 1251 "www.google.com" "Mozlila/5.0 (Linux; Android 7.0; SM-G892A Bulid/NRD90M; wv) AppleWebKit/537.36 (KHTML, like Gecko) Version/4.0 Chrome/60.0.3112.107 Moblie Safari/537.36"
160.177.172.63 - - [29/Apr/2026:22:14:42 +0200] "GET /shop/ HTTP/1.1" 404 1251 "www.google.com" "Mozlila/5.0 (Linux; Android 7.0; SM-G892A Bulid/NRD90M; wv) AppleWebKit/537.36 (KHTML, like Gecko) Version/4.0 Chrome/60.0.3112.107 Moblie Safari/537.36"
160.177.172.63 - - [29/Apr/2026:22:17:12 +0200] "GET /template/ HTTP/1.1" 404 1251 "www.google.com" "Mozlila/5.0 (Linux; Android 7.0; SM-G892A Bulid/NRD90M; wv) AppleWebKit/537.36 (KHTML, like Gecko) Version/4.0 Chrome/60.0.3112.107 Moblie Safari/537.36"
160.177.172.63 - - [29/Apr/2026:22:17:14 +0200] "GET /wp-content/mu-plugins-old/ HTTP/1.1" 404 1251 "www.google.com" "Mozlila/5.0 (Linux; Android 7.0; SM-G892A Bulid/NRD90M; wv) AppleWebKit/537.36 (KHTML, like Gecko) Version/4.0 Chrome/60.0.3112.107 Moblie Safari/537.36"
160.177.172.63 - - [29/Apr/2026:22:17:18 +0200] "GET /Assets/ HTTP/1.1" 404 1251 "www.google.com" "Mozlila/5.0 (Linux; Android 7.0; SM-G892A Bulid/NRD90M; wv) AppleWebKit/537.36 (KHTML, like Gecko) Version/4.0 Chrome/60.0.3112.107 Moblie Safari/537.36"
160.177.172.63 - - [29/Apr/2026:22:17:18 +0200] "GET /images/stories/ HTTP/1.1" 404 1251 "www.google.com" "Mozlila/5.0 (Linux; Android 7.0; SM-G892A Bulid/NRD90M; wv) AppleWebKit/537.36 (KHTML, like Gecko) Version/4.0 Chrome/60.0.3112.107 Moblie Safari/537.36"
198.244.226.165 - - [29/Apr/2026:22:27:47 +0200] "GET /products/34910195966020 HTTP/1.1" 404 1251 "-" "Mozilla/5.0 (compatible; AhrefsBot/7.0; +http://ahrefs.com/robot/)"
104.28.165.220 - - [29/Apr/2026:22:47:52 +0200] "GET /wp-admin/ HTTP/1.1" 404 1251 "-" "Mozilla/5.0 (Macintosh; Intel Mac OS X 10_15_7; rv:121.0) Gecko/20100101 Firefox/121.0"
198.244.183.28 - - [29/Apr/2026:22:48:02 +0200] "GET /products/57026364716374 HTTP/1.1" 404 1251 "-" "Mozilla/5.0 (compatible; AhrefsBot/7.0; +http://ahrefs.com/robot/)"
54.38.147.160 - - [29/Apr/2026:22:50:36 +0200] "GET /products/62524000423754 HTTP/1.1" 404 1251 "-" "Mozilla/5.0 (compatible; AhrefsBot/7.0; +http://ahrefs.com/robot/)"
27.153.182.53 - - [29/Apr/2026:22:58:06 +0200] "GET / HTTP/1.1" 200 141782 "-" "Mozilla/5.0 (Windows NT 10.0; Win64; x64) AppleWebKit/537.36 (KHTML, like Gecko) Chrome/119.0.0.0 Safari/537.36"
27.153.182.53 - - [29/Apr/2026:22:58:07 +0200] "GET /_autoindex/assets/css/autoindex.css HTTP/1.1" 200 3562 "http://nseurope.eu/" "Mozilla/5.0 (Windows NT 10.0; Win64; x64) AppleWebKit/537.36 (KHTML, like Gecko) Chrome/109.0.0.0 Safari/537.36"
198.244.242.107 - - [29/Apr/2026:23:02:13 +0200] "GET /products/40922438696694 HTTP/1.1" 404 1251 "-" "Mozilla/5.0 (compatible; AhrefsBot/7.0; +http://ahrefs.com/robot/)"
160.177.172.63 - - [29/Apr/2026:22:14:45 +0200] "GET /files/ HTTP/1.1" 404 1251 "www.google.com" "Mozlila/5.0 (Linux; Android 7.0; SM-G892A Bulid/NRD90M; wv) AppleWebKit/537.36 (KHTML, like Gecko) Version/4.0 Chrome/60.0.3112.107 Moblie Safari/537.36"
198.244.183.8 - - [29/Apr/2026:22:15:43 +0200] "GET /products/42801298809342 HTTP/1.1" 404 1251 "-" "Mozilla/5.0 (compatible; AhrefsBot/7.0; +http://ahrefs.com/robot/)"
160.177.172.63 - - [29/Apr/2026:22:15:54 +0200] "GET /php/ HTTP/1.1" 404 1251 "www.google.com" "Mozlila/5.0 (Linux; Android 7.0; SM-G892A Bulid/NRD90M; wv) AppleWebKit/537.36 (KHTML, like Gecko) Version/4.0 Chrome/60.0.3112.107 Moblie Safari/537.36"
160.177.172.63 - - [29/Apr/2026:22:17:16 +0200] "GET /files/ HTTP/1.1" 404 1251 "www.google.com" "Mozlila/5.0 (Linux; Android 7.0; SM-G892A Bulid/NRD90M; wv) AppleWebKit/537.36 (KHTML, like Gecko) Version/4.0 Chrome/60.0.3112.107 Moblie Safari/537.36"
160.177.172.63 - - [29/Apr/2026:22:17:16 +0200] "GET /admin/editor/ HTTP/1.1" 404 1251 "www.google.com" "Mozlila/5.0 (Linux; Android 7.0; SM-G892A Bulid/NRD90M; wv) AppleWebKit/537.36 (KHTML, like Gecko) Version/4.0 Chrome/60.0.3112.107 Moblie Safari/537.36"
160.177.172.63 - - [29/Apr/2026:22:17:17 +0200] "GET /include/ HTTP/1.1" 404 1251 "www.google.com" "Mozlila/5.0 (Linux; Android 7.0; SM-G892A Bulid/NRD90M; wv) AppleWebKit/537.36 (KHTML, like Gecko) Version/4.0 Chrome/60.0.3112.107 Moblie Safari/537.36"
160.177.172.63 - - [29/Apr/2026:22:17:19 +0200] "GET /wp-content/plugins/ninja-forms/ HTTP/1.1" 404 1251 "www.google.com" "Mozlila/5.0 (Linux; Android 7.0; SM-G892A Bulid/NRD90M; wv) AppleWebKit/537.36 (KHTML, like Gecko) Version/4.0 Chrome/60.0.3112.107 Moblie Safari/537.36"
5.230.153.97 - - [29/Apr/2026:22:35:26 +0200] "GET /Mailer_5c2c99561f3b74.php?pass=BDKR28 HTTP/1.1" 200 5618 "-" "Mozilla/5.0 (Windows NT 10.0; Win64; x64) AppleWebKit/537.36 (KHTML, like Gecko) Chrome/127.0.0.0 Safari/537.36"
198.244.226.57 - - [29/Apr/2026:22:40:04 +0200] "GET /products/52757709793304 HTTP/1.1" 404 1251 "-" "Mozilla/5.0 (compatible; AhrefsBot/7.0; +http://ahrefs.com/robot/)"
104.28.165.220 - - [29/Apr/2026:22:47:50 +0200] "GET /wp-login.php HTTP/1.1" 404 1251 "https://wordpress.org/" "Mozilla/5.0 (Windows NT 10.0; Win64; x64) AppleWebKit/537.36 (KHTML, like Gecko) Chrome/118.0.0.0 Safari/537.36"
104.28.165.220 - - [29/Apr/2026:22:47:51 +0200] "GET /wp-login.php HTTP/1.1" 404 1251 "-" "Mozilla/5.0 (Windows NT 10.0; Win64; x64; rv:119.0) Gecko/20100101 Firefox/119.0"
51.195.244.164 - - [29/Apr/2026:22:53:24 +0200] "GET /products/52955996712922 HTTP/1.1" 404 1251 "-" "Mozilla/5.0 (compatible; AhrefsBot/7.0; +http://ahrefs.com/robot/)"
173.211.88.153 - - [29/Apr/2026:22:57:09 +0200] "GET /Mailer_5c2c99561f3b74.php?pass=BDKR28 HTTP/1.1" 404 1251 "-" "Mozilla/5.0 (Windows NT 10.0; Win64; x64) AppleWebKit/537.36 (KHTML, like Gecko) Chrome/127.0.0.0 Safari/537.36"
198.244.226.147 - - [29/Apr/2026:22:57:47 +0200] "GET /products/932861316405 HTTP/1.1" 404 1251 "-" "Mozilla/5.0 (compatible; AhrefsBot/7.0; +http://ahrefs.com/robot/)"
27.153.182.53 - - [29/Apr/2026:22:58:07 +0200] "GET /_autoindex/assets/js/tablesort.js HTTP/1.1" 200 7706 "http://nseurope.eu/" "Mozilla/5.0 (Windows NT 10.0; Win64; x64) AppleWebKit/537.36 (KHTML, like Gecko) Chrome/109.0.0.0 Safari/537.36"
27.153.182.53 - - [29/Apr/2026:22:58:07 +0200] "GET /_autoindex/assets/icons/folder-fill.svg HTTP/1.1" 200 591 "http://nseurope.eu/" "Mozilla/5.0 (Windows NT 10.0; Win64; x64) AppleWebKit/537.36 (KHTML, like Gecko) Chrome/109.0.0.0 Safari/537.36"
27.153.182.53 - - [29/Apr/2026:22:58:08 +0200] "GET /favicon.ico HTTP/1.1" 404 1251 "http://nseurope.eu/" "Mozilla/5.0 (Windows NT 10.0; Win64; x64) AppleWebKit/537.36 (KHTML, like Gecko) Chrome/109.0.0.0 Safari/537.36"
41.249.41.145 - - [29/Apr/2026:23:08:53 +0200] "GET //wp-mail.php HTTP/1.1" 404 1251 "https://www.google.com" "Mozilla/5.0 (Windows NT 10.0; WOW64; rv:52.0) Gecko/20100101 Firefox/52.0"
160.177.172.63 - - [29/Apr/2026:22:15:27 +0200] "GET /include/ HTTP/1.1" 404 1251 "www.google.com" "Mozlila/5.0 (Linux; Android 7.0; SM-G892A Bulid/NRD90M; wv) AppleWebKit/537.36 (KHTML, like Gecko) Version/4.0 Chrome/60.0.3112.107 Moblie Safari/537.36"
160.177.172.63 - - [29/Apr/2026:22:15:45 +0200] "GET /Assets/ HTTP/1.1" 404 1251 "www.google.com" "Mozlila/5.0 (Linux; Android 7.0; SM-G892A Bulid/NRD90M; wv) AppleWebKit/537.36 (KHTML, like Gecko) Version/4.0 Chrome/60.0.3112.107 Moblie Safari/537.36"
160.177.172.63 - - [29/Apr/2026:22:15:53 +0200] "GET /images/stories/ HTTP/1.1" 404 1251 "www.google.com" "Mozlila/5.0 (Linux; Android 7.0; SM-G892A Bulid/NRD90M; wv) AppleWebKit/537.36 (KHTML, like Gecko) Version/4.0 Chrome/60.0.3112.107 Moblie Safari/537.36"
160.177.172.63 - - [29/Apr/2026:22:15:53 +0200] "GET /plugins/ HTTP/1.1" 404 1251 "www.google.com" "Mozlila/5.0 (Linux; Android 7.0; SM-G892A Bulid/NRD90M; wv) AppleWebKit/537.36 (KHTML, like Gecko) Version/4.0 Chrome/60.0.3112.107 Moblie Safari/537.36"
160.177.172.63 - - [29/Apr/2026:22:17:13 +0200] "GET /shop/ HTTP/1.1" 404 1251 "www.google.com" "Mozlila/5.0 (Linux; Android 7.0; SM-G892A Bulid/NRD90M; wv) AppleWebKit/537.36 (KHTML, like Gecko) Version/4.0 Chrome/60.0.3112.107 Moblie Safari/537.36"
160.177.172.63 - - [29/Apr/2026:22:17:16 +0200] "GET /wp-content/themes/classic/inc/ HTTP/1.1" 404 1251 "www.google.com" "Mozlila/5.0 (Linux; Android 7.0; SM-G892A Bulid/NRD90M; wv) AppleWebKit/537.36 (KHTML, like Gecko) Version/4.0 Chrome/60.0.3112.107 Moblie Safari/537.36"
160.177.172.63 - - [29/Apr/2026:22:17:21 +0200] "GET /plugins/ HTTP/1.1" 404 1251 "www.google.com" "Mozlila/5.0 (Linux; Android 7.0; SM-G892A Bulid/NRD90M; wv) AppleWebKit/537.36 (KHTML, like Gecko) Version/4.0 Chrome/60.0.3112.107 Moblie Safari/537.36"
198.244.226.160 - - [29/Apr/2026:22:23:08 +0200] "GET /products/28447154487756 HTTP/1.1" 404 1251 "-" "Mozilla/5.0 (compatible; AhrefsBot/7.0; +http://ahrefs.com/robot/)"
5.230.153.114 - - [29/Apr/2026:22:32:46 +0200] "GET /Mailer_737b88c3ad9b21.php?pass=BDKR28 HTTP/1.1" 200 5618 "-" "Mozilla/5.0 (Windows NT 10.0; Win64; x64) AppleWebKit/537.36 (KHTML, like Gecko) Chrome/127.0.0.0 Safari/537.36"
198.244.226.177 - - [29/Apr/2026:22:33:39 +0200] "GET /products/12356357003548 HTTP/1.1" 404 1251 "-" "Mozilla/5.0 (compatible; AhrefsBot/7.0; +http://ahrefs.com/robot/)"
5.230.153.173 - - [29/Apr/2026:22:35:26 +0200] "POST /Mailer_5c2c99561f3b74.php?pass=BDKR28 HTTP/1.1" 200 5768 "-" "Mozilla/5.0 (Windows NT 10.0; Win64; x64) AppleWebKit/537.36 (KHTML, like Gecko) Chrome/127.0.0.0 Safari/537.36"
51.195.215.102 - - [29/Apr/2026:22:37:03 +0200] "GET /products/57267029802547 HTTP/1.1" 404 1251 "-" "Mozilla/5.0 (compatible; AhrefsBot/7.0; +http://ahrefs.com/robot/)"
51.89.129.248 - - [29/Apr/2026:22:42:54 +0200] "GET /products/62739899142836 HTTP/1.1" 404 1251 "-" "Mozilla/5.0 (compatible; AhrefsBot/7.0; +http://ahrefs.com/robot/)"
198.244.183.160 - - [29/Apr/2026:22:45:27 +0200] "GET /products/18094422455631 HTTP/1.1" 404 1251 "-" "Mozilla/5.0 (compatible; AhrefsBot/7.0; +http://ahrefs.com/robot/)"
27.153.182.53 - - [29/Apr/2026:22:58:07 +0200] "GET /_autoindex/assets/js/tablesort.number.js HTTP/1.1" 200 682 "http://nseurope.eu/" "Mozilla/5.0 (Windows NT 10.0; Win64; x64) AppleWebKit/537.36 (KHTML, like Gecko) Chrome/109.0.0.0 Safari/537.36"
5.230.153.13 - - [29/Apr/2026:22:58:45 +0200] "GET /Mailer_862a9c587b7396.php?pass=BDKR28 HTTP/1.1" 404 1251 "-" "Mozilla/5.0 (Windows NT 10.0; Win64; x64) AppleWebKit/537.36 (KHTML, like Gecko) Chrome/127.0.0.0 Safari/537.36"
41.249.41.145 - - [29/Apr/2026:23:08:53 +0200] "GET //01232.php HTTP/1.1" 404 1251 "https://www.google.com" "Mozilla/5.0 (Windows NT 10.0; WOW64; rv:52.0) Gecko/20100101 Firefox/52.0"
41.249.41.145 - - [29/Apr/2026:23:08:53 +0200] "GET //rw3.php HTTP/1.1" 404 1251 "https://www.google.com" "Mozilla/5.0 (Windows NT 10.0; WOW64; rv:52.0) Gecko/20100101 Firefox/52.0"
41.249.41.145 - - [29/Apr/2026:23:08:53 +0200] "GET //BDKR28WP.php HTTP/1.1" 404 1251 "https://www.google.com" "Mozilla/5.0 (Windows NT 10.0; WOW64; rv:52.0) Gecko/20100101 Firefox/52.0"
41.249.41.145 - - [29/Apr/2026:23:08:54 +0200] "GET //simi.php HTTP/1.1" 404 1251 "https://www.google.com" "Mozilla/5.0 (Windows NT 10.0; WOW64; rv:52.0) Gecko/20100101 Firefox/52.0"
41.249.41.145 - - [29/Apr/2026:23:08:55 +0200] "GET //sx21_1.php HTTP/1.1" 404 1251 "https://www.google.com" "Mozilla/5.0 (Windows NT 10.0; WOW64; rv:52.0) Gecko/20100101 Firefox/52.0"
41.249.41.145 - - [29/Apr/2026:23:08:55 +0200] "GET //login.php HTTP/1.1" 404 1251 "https://www.google.com" "Mozilla/5.0 (Windows NT 10.0; WOW64; rv:52.0) Gecko/20100101 Firefox/52.0"
41.249.41.145 - - [29/Apr/2026:23:08:57 +0200] "GET //MuPlugin.php HTTP/1.1" 404 1251 "https://www.google.com" "Mozilla/5.0 (Windows NT 10.0; WOW64; rv:52.0) Gecko/20100101 Firefox/52.0"
41.249.41.145 - - [29/Apr/2026:23:08:58 +0200] "GET //ObeQY2t7P.php HTTP/1.1" 404 1251 "https://www.google.com" "Mozilla/5.0 (Windows NT 10.0; WOW64; rv:52.0) Gecko/20100101 Firefox/52.0"
41.249.41.145 - - [29/Apr/2026:23:09:00 +0200] "GET //berax.php HTTP/1.1" 404 1251 "https://www.google.com" "Mozilla/5.0 (Windows NT 10.0; WOW64; rv:52.0) Gecko/20100101 Firefox/52.0"
41.249.41.145 - - [29/Apr/2026:23:09:00 +0200] "GET //ckmail.php HTTP/1.1" 404 1251 "https://www.google.com" "Mozilla/5.0 (Windows NT 10.0; WOW64; rv:52.0) Gecko/20100101 Firefox/52.0"
41.249.41.145 - - [29/Apr/2026:23:09:00 +0200] "GET //csv.php HTTP/1.1" 404 1251 "https://www.google.com" "Mozilla/5.0 (Windows NT 10.0; WOW64; rv:52.0) Gecko/20100101 Firefox/52.0"
41.249.41.145 - - [29/Apr/2026:23:09:01 +0200] "GET //database.php HTTP/1.1" 404 1251 "https://www.google.com" "Mozilla/5.0 (Windows NT 10.0; WOW64; rv:52.0) Gecko/20100101 Firefox/52.0"
41.249.41.145 - - [29/Apr/2026:23:09:02 +0200] "GET //db.php HTTP/1.1" 404 1251 "https://www.google.com" "Mozilla/5.0 (Windows NT 10.0; WOW64; rv:52.0) Gecko/20100101 Firefox/52.0"
41.249.41.145 - - [29/Apr/2026:23:09:03 +0200] "GET //ex.php HTTP/1.1" 404 1251 "https://www.google.com" "Mozilla/5.0 (Windows NT 10.0; WOW64; rv:52.0) Gecko/20100101 Firefox/52.0"
41.249.41.145 - - [29/Apr/2026:23:09:04 +0200] "GET //fix.php7 HTTP/1.1" 404 1251 "https://www.google.com" "Mozilla/5.0 (Windows NT 10.0; WOW64; rv:52.0) Gecko/20100101 Firefox/52.0"
41.249.41.145 - - [29/Apr/2026:23:09:06 +0200] "GET //item.php HTTP/1.1" 404 1251 "https://www.google.com" "Mozilla/5.0 (Windows NT 10.0; WOW64; rv:52.0) Gecko/20100101 Firefox/52.0"
41.249.41.145 - - [29/Apr/2026:23:09:08 +0200] "GET //content.php HTTP/1.1" 404 1251 "https://www.google.com" "Mozilla/5.0 (Windows NT 10.0; WOW64; rv:52.0) Gecko/20100101 Firefox/52.0"
41.249.41.145 - - [29/Apr/2026:23:09:09 +0200] "GET //r.php HTTP/1.1" 404 1251 "https://www.google.com" "Mozilla/5.0 (Windows NT 10.0; WOW64; rv:52.0) Gecko/20100101 Firefox/52.0"
41.249.41.145 - - [29/Apr/2026:23:09:11 +0200] "GET //c.php HTTP/1.1" 404 1251 "https://www.google.com" "Mozilla/5.0 (Windows NT 10.0; WOW64; rv:52.0) Gecko/20100101 Firefox/52.0"
41.249.41.145 - - [29/Apr/2026:23:09:12 +0200] "GET //aa.php HTTP/1.1" 404 1251 "https://www.google.com" "Mozilla/5.0 (Windows NT 10.0; WOW64; rv:52.0) Gecko/20100101 Firefox/52.0"
41.249.41.145 - - [29/Apr/2026:23:09:12 +0200] "GET //wordpress.php HTTP/1.1" 404 1251 "https://www.google.com" "Mozilla/5.0 (Windows NT 10.0; WOW64; rv:52.0) Gecko/20100101 Firefox/52.0"
41.249.41.145 - - [29/Apr/2026:23:09:14 +0200] "GET //lf_utchiha.php HTTP/1.1" 404 1251 "https://www.google.com" "Mozilla/5.0 (Windows NT 10.0; WOW64; rv:52.0) Gecko/20100101 Firefox/52.0"
41.249.41.145 - - [29/Apr/2026:23:09:16 +0200] "GET //alfanew.php7 HTTP/1.1" 404 1251 "https://www.google.com" "Mozilla/5.0 (Windows NT 10.0; WOW64; rv:52.0) Gecko/20100101 Firefox/52.0"
41.249.41.145 - - [29/Apr/2026:23:09:16 +0200] "GET //user.php HTTP/1.1" 404 1251 "https://www.google.com" "Mozilla/5.0 (Windows NT 10.0; WOW64; rv:52.0) Gecko/20100101 Firefox/52.0"
41.249.41.145 - - [29/Apr/2026:23:08:55 +0200] "GET /priv8.php HTTP/1.1" 404 1251 "https://www.google.com" "Mozilla/5.0 (Windows NT 10.0; WOW64; rv:52.0) Gecko/20100101 Firefox/52.0"
41.249.41.145 - - [29/Apr/2026:23:08:56 +0200] "GET //zone.php HTTP/1.1" 404 1251 "https://www.google.com" "Mozilla/5.0 (Windows NT 10.0; WOW64; rv:52.0) Gecko/20100101 Firefox/52.0"
41.249.41.145 - - [29/Apr/2026:23:08:56 +0200] "GET //zonexx.php HTTP/1.1" 404 1251 "https://www.google.com" "Mozilla/5.0 (Windows NT 10.0; WOW64; rv:52.0) Gecko/20100101 Firefox/52.0"
41.249.41.145 - - [29/Apr/2026:23:08:56 +0200] "GET //403webshell.php HTTP/1.1" 404 1251 "https://www.google.com" "Mozilla/5.0 (Windows NT 10.0; WOW64; rv:52.0) Gecko/20100101 Firefox/52.0"
41.249.41.145 - - [29/Apr/2026:23:08:57 +0200] "GET //O-Simple.php HTTP/1.1" 404 1251 "https://www.google.com" "Mozilla/5.0 (Windows NT 10.0; WOW64; rv:52.0) Gecko/20100101 Firefox/52.0"
41.249.41.145 - - [29/Apr/2026:23:08:59 +0200] "GET //admin.php HTTP/1.1" 404 1251 "https://www.google.com" "Mozilla/5.0 (Windows NT 10.0; WOW64; rv:52.0) Gecko/20100101 Firefox/52.0"
41.249.41.145 - - [29/Apr/2026:23:09:01 +0200] "GET //database.php7 HTTP/1.1" 404 1251 "https://www.google.com" "Mozilla/5.0 (Windows NT 10.0; WOW64; rv:52.0) Gecko/20100101 Firefox/52.0"
41.249.41.145 - - [29/Apr/2026:23:09:04 +0200] "GET //execlude.php HTTP/1.1" 404 1251 "https://www.google.com" "Mozilla/5.0 (Windows NT 10.0; WOW64; rv:52.0) Gecko/20100101 Firefox/52.0"
41.249.41.145 - - [29/Apr/2026:23:09:04 +0200] "GET //f8.php HTTP/1.1" 404 1251 "https://www.google.com" "Mozilla/5.0 (Windows NT 10.0; WOW64; rv:52.0) Gecko/20100101 Firefox/52.0"
41.249.41.145 - - [29/Apr/2026:23:09:04 +0200] "GET //fix.php HTTP/1.1" 404 1251 "https://www.google.com" "Mozilla/5.0 (Windows NT 10.0; WOW64; rv:52.0) Gecko/20100101 Firefox/52.0"
41.249.41.145 - - [29/Apr/2026:23:09:06 +0200] "GET //asmtp.php HTTP/1.1" 404 1251 "https://www.google.com" "Mozilla/5.0 (Windows NT 10.0; WOW64; rv:52.0) Gecko/20100101 Firefox/52.0"
41.249.41.145 - - [29/Apr/2026:23:09:07 +0200] "GET //about.php HTTP/1.1" 404 1251 "https://www.google.com" "Mozilla/5.0 (Windows NT 10.0; WOW64; rv:52.0) Gecko/20100101 Firefox/52.0"
41.249.41.145 - - [29/Apr/2026:23:09:10 +0200] "GET //y.php HTTP/1.1" 404 1251 "https://www.google.com" "Mozilla/5.0 (Windows NT 10.0; WOW64; rv:52.0) Gecko/20100101 Firefox/52.0"
41.249.41.145 - - [29/Apr/2026:23:09:10 +0200] "GET //a.php HTTP/1.1" 404 1251 "https://www.google.com" "Mozilla/5.0 (Windows NT 10.0; WOW64; rv:52.0) Gecko/20100101 Firefox/52.0"
41.249.41.145 - - [29/Apr/2026:23:09:10 +0200] "GET //b.php HTTP/1.1" 404 1251 "https://www.google.com" "Mozilla/5.0 (Windows NT 10.0; WOW64; rv:52.0) Gecko/20100101 Firefox/52.0"
41.249.41.145 - - [29/Apr/2026:23:09:11 +0200] "GET //e.php HTTP/1.1" 404 1251 "https://www.google.com" "Mozilla/5.0 (Windows NT 10.0; WOW64; rv:52.0) Gecko/20100101 Firefox/52.0"
41.249.41.145 - - [29/Apr/2026:23:09:11 +0200] "GET //zz.php HTTP/1.1" 404 1251 "https://www.google.com" "Mozilla/5.0 (Windows NT 10.0; WOW64; rv:52.0) Gecko/20100101 Firefox/52.0"
41.249.41.145 - - [29/Apr/2026:23:09:12 +0200] "GET //upload.php HTTP/1.1" 404 1251 "https://www.google.com" "Mozilla/5.0 (Windows NT 10.0; WOW64; rv:52.0) Gecko/20100101 Firefox/52.0"
41.249.41.145 - - [29/Apr/2026:23:09:13 +0200] "GET //core.php HTTP/1.1" 404 1251 "https://www.google.com" "Mozilla/5.0 (Windows NT 10.0; WOW64; rv:52.0) Gecko/20100101 Firefox/52.0"
41.249.41.145 - - [29/Apr/2026:23:09:13 +0200] "GET //wso112233.php HTTP/1.1" 404 1251 "https://www.google.com" "Mozilla/5.0 (Windows NT 10.0; WOW64; rv:52.0) Gecko/20100101 Firefox/52.0"
41.249.41.145 - - [29/Apr/2026:23:09:14 +0200] "GET //zossipei.php HTTP/1.1" 404 1251 "https://www.google.com" "Mozilla/5.0 (Windows NT 10.0; WOW64; rv:52.0) Gecko/20100101 Firefox/52.0"
41.249.41.145 - - [29/Apr/2026:23:09:21 +0200] "GET //rdpl.php HTTP/1.1" 404 1251 "https://www.google.com" "Mozilla/5.0 (Windows NT 10.0; WOW64; rv:52.0) Gecko/20100101 Firefox/52.0"
198.244.242.230 - - [29/Apr/2026:23:05:46 +0200] "GET /products/48507014712022 HTTP/1.1" 404 1251 "-" "Mozilla/5.0 (compatible; AhrefsBot/7.0; +http://ahrefs.com/robot/)"
198.244.183.221 - - [29/Apr/2026:23:08:44 +0200] "GET /products/55103720808082 HTTP/1.1" 404 1251 "-" "Mozilla/5.0 (compatible; AhrefsBot/7.0; +http://ahrefs.com/robot/)"
41.249.41.145 - - [29/Apr/2026:23:08:53 +0200] "GET //0123b.php HTTP/1.1" 404 1251 "https://www.google.com" "Mozilla/5.0 (Windows NT 10.0; WOW64; rv:52.0) Gecko/20100101 Firefox/52.0"
41.249.41.145 - - [29/Apr/2026:23:08:54 +0200] "GET //rest.php HTTP/1.1" 404 1251 "https://www.google.com" "Mozilla/5.0 (Windows NT 10.0; WOW64; rv:52.0) Gecko/20100101 Firefox/52.0"
41.249.41.145 - - [29/Apr/2026:23:08:56 +0200] "GET //Jada.php HTTP/1.1" 404 1251 "https://www.google.com" "Mozilla/5.0 (Windows NT 10.0; WOW64; rv:52.0) Gecko/20100101 Firefox/52.0"
41.249.41.145 - - [29/Apr/2026:23:09:00 +0200] "GET //click.php HTTP/1.1" 404 1251 "https://www.google.com" "Mozilla/5.0 (Windows NT 10.0; WOW64; rv:52.0) Gecko/20100101 Firefox/52.0"
41.249.41.145 - - [29/Apr/2026:23:09:03 +0200] "GET //defaults.php HTTP/1.1" 404 1251 "https://www.google.com" "Mozilla/5.0 (Windows NT 10.0; WOW64; rv:52.0) Gecko/20100101 Firefox/52.0"
41.249.41.145 - - [29/Apr/2026:23:09:03 +0200] "GET //documentroot.php HTTP/1.1" 404 1251 "https://www.google.com" "Mozilla/5.0 (Windows NT 10.0; WOW64; rv:52.0) Gecko/20100101 Firefox/52.0"
41.249.41.145 - - [29/Apr/2026:23:09:05 +0200] "GET //goods.php HTTP/1.1" 404 1251 "https://www.google.com" "Mozilla/5.0 (Windows NT 10.0; WOW64; rv:52.0) Gecko/20100101 Firefox/52.0"
41.249.41.145 - - [29/Apr/2026:23:09:07 +0200] "GET //malro.php HTTP/1.1" 404 1251 "https://www.google.com" "Mozilla/5.0 (Windows NT 10.0; WOW64; rv:52.0) Gecko/20100101 Firefox/52.0"
41.249.41.145 - - [29/Apr/2026:23:09:09 +0200] "GET //shop.php HTTP/1.1" 404 1251 "https://www.google.com" "Mozilla/5.0 (Windows NT 10.0; WOW64; rv:52.0) Gecko/20100101 Firefox/52.0"
41.249.41.145 - - [29/Apr/2026:23:09:15 +0200] "GET //ninjasec.php HTTP/1.1" 404 1251 "https://www.google.com" "Mozilla/5.0 (Windows NT 10.0; WOW64; rv:52.0) Gecko/20100101 Firefox/52.0"
41.249.41.145 - - [29/Apr/2026:23:09:15 +0200] "GET //wso.php HTTP/1.1" 404 1251 "https://www.google.com" "Mozilla/5.0 (Windows NT 10.0; WOW64; rv:52.0) Gecko/20100101 Firefox/52.0"
41.249.41.145 - - [29/Apr/2026:23:09:16 +0200] "GET //utchiha_offer.php HTTP/1.1" 404 1251 "https://www.google.com" "Mozilla/5.0 (Windows NT 10.0; WOW64; rv:52.0) Gecko/20100101 Firefox/52.0"
41.249.41.145 - - [29/Apr/2026:23:09:16 +0200] "GET //style.php HTTP/1.1" 404 1251 "https://www.google.com" "Mozilla/5.0 (Windows NT 10.0; WOW64; rv:52.0) Gecko/20100101 Firefox/52.0"
41.249.41.145 - - [29/Apr/2026:23:09:18 +0200] "GET //shell-script.php HTTP/1.1" 404 1251 "https://www.google.com" "Mozilla/5.0 (Windows NT 10.0; WOW64; rv:52.0) Gecko/20100101 Firefox/52.0"
41.249.41.145 - - [29/Apr/2026:23:09:20 +0200] "GET //xleet.php HTTP/1.1" 404 1251 "https://www.google.com" "Mozilla/5.0 (Windows NT 10.0; WOW64; rv:52.0) Gecko/20100101 Firefox/52.0"
41.249.41.145 - - [29/Apr/2026:23:09:22 +0200] "GET //copy.php HTTP/1.1" 404 1251 "https://www.google.com" "Mozilla/5.0 (Windows NT 10.0; WOW64; rv:52.0) Gecko/20100101 Firefox/52.0"
51.195.183.231 - - [29/Apr/2026:23:11:20 +0200] "GET /products/5563110706735 HTTP/1.1" 404 1251 "-" "Mozilla/5.0 (compatible; AhrefsBot/7.0; +http://ahrefs.com/robot/)"
68.183.132.163 - - [29/Apr/2026:23:15:05 +0200] "GET /wp-admin/upload.php HTTP/1.1" 404 1251 "-" "Mozilla/5.0 (Windows; U; Windows NT 6.1; en-US; rv:1.9.1.5) Gecko/20091102 Firefox/3.5.5 (.NET CLR 3.5.30729)"
51.89.129.6 - - [29/Apr/2026:23:16:37 +0200] "GET /products/8188050661905 HTTP/1.1" 404 1251 "-" "Mozilla/5.0 (compatible; AhrefsBot/7.0; +http://ahrefs.com/robot/)"
198.244.240.98 - - [29/Apr/2026:23:18:17 +0200] "GET /products/15302038825235 HTTP/1.1" 404 1251 "-" "Mozilla/5.0 (compatible; AhrefsBot/7.0; +http://ahrefs.com/robot/)"
41.249.41.145 - - [29/Apr/2026:23:09:18 +0200] "GET //rdpl.php HTTP/1.1" 404 1251 "https://www.google.com" "Mozilla/5.0 (Windows NT 10.0; WOW64; rv:52.0) Gecko/20100101 Firefox/52.0"
41.249.41.145 - - [29/Apr/2026:23:09:19 +0200] "GET //simple.php HTTP/1.1" 404 1251 "https://www.google.com" "Mozilla/5.0 (Windows NT 10.0; WOW64; rv:52.0) Gecko/20100101 Firefox/52.0"
41.249.41.145 - - [29/Apr/2026:23:09:20 +0200] "GET //wso112233.php HTTP/1.1" 404 1251 "https://www.google.com" "Mozilla/5.0 (Windows NT 10.0; WOW64; rv:52.0) Gecko/20100101 Firefox/52.0"
41.249.41.145 - - [29/Apr/2026:23:09:21 +0200] "GET //rain.php HTTP/1.1" 404 1251 "https://www.google.com" "Mozilla/5.0 (Windows NT 10.0; WOW64; rv:52.0) Gecko/20100101 Firefox/52.0"
41.249.41.145 - - [29/Apr/2026:23:09:21 +0200] "GET //dnvokikk.php HTTP/1.1" 404 1251 "https://www.google.com" "Mozilla/5.0 (Windows NT 10.0; WOW64; rv:52.0) Gecko/20100101 Firefox/52.0"
41.249.41.145 - - [29/Apr/2026:23:09:21 +0200] "GET //contents.php HTTP/1.1" 404 1251 "https://www.google.com" "Mozilla/5.0 (Windows NT 10.0; WOW64; rv:52.0) Gecko/20100101 Firefox/52.0"
51.195.183.174 - - [29/Apr/2026:23:14:56 +0200] "GET /products/6365991869965 HTTP/1.1" 404 1251 "-" "Mozilla/5.0 (compatible; AhrefsBot/7.0; +http://ahrefs.com/robot/)"
68.183.132.163 - - [29/Apr/2026:23:19:25 +0200] "GET /image/wp-22.php HTTP/1.1" 404 1251 "-" "Mozilla/5.0 (Windows; U; Windows NT 6.1; en-US; rv:1.9.1.5) Gecko/20091102 Firefox/3.5.5 (.NET CLR 3.5.30729)"
68.183.132.163 - - [29/Apr/2026:23:19:27 +0200] "GET /image/xleet.php HTTP/1.1" 404 1251 "-" "Mozilla/5.0 (Windows; U; Windows NT 6.1; en-US; rv:1.9.1.5) Gecko/20091102 Firefox/3.5.5 (.NET CLR 3.5.30729)"
68.183.132.163 - - [29/Apr/2026:23:19:35 +0200] "GET /image/wp.php HTTP/1.1" 404 1251 "-" "Mozilla/5.0 (Windows; U; Windows NT 6.1; en-US; rv:1.9.1.5) Gecko/20091102 Firefox/3.5.5 (.NET CLR 3.5.30729)"
68.183.132.163 - - [29/Apr/2026:23:19:41 +0200] "GET /image/x.php HTTP/1.1" 404 1251 "-" "Mozilla/5.0 (Windows; U; Windows NT 6.1; en-US; rv:1.9.1.5) Gecko/20091102 Firefox/3.5.5 (.NET CLR 3.5.30729)"
68.183.132.163 - - [29/Apr/2026:23:19:41 +0200] "GET /image/1.php HTTP/1.1" 404 1251 "-" "Mozilla/5.0 (Windows; U; Windows NT 6.1; en-US; rv:1.9.1.5) Gecko/20091102 Firefox/3.5.5 (.NET CLR 3.5.30729)"
68.183.132.163 - - [29/Apr/2026:23:19:43 +0200] "GET /image/3.php HTTP/1.1" 404 1251 "-" "Mozilla/5.0 (Windows; U; Windows NT 6.1; en-US; rv:1.9.1.5) Gecko/20091102 Firefox/3.5.5 (.NET CLR 3.5.30729)"
68.183.132.163 - - [29/Apr/2026:23:19:44 +0200] "GET /image/4.php HTTP/1.1" 404 1251 "-" "Mozilla/5.0 (Windows; U; Windows NT 6.1; en-US; rv:1.9.1.5) Gecko/20091102 Firefox/3.5.5 (.NET CLR 3.5.30729)"
68.183.132.163 - - [29/Apr/2026:23:19:45 +0200] "GET /image/5.php HTTP/1.1" 404 1251 "-" "Mozilla/5.0 (Windows; U; Windows NT 6.1; en-US; rv:1.9.1.5) Gecko/20091102 Firefox/3.5.5 (.NET CLR 3.5.30729)"
68.183.132.163 - - [29/Apr/2026:23:19:49 +0200] "GET /image/8.php HTTP/1.1" 404 1251 "-" "Mozilla/5.0 (Windows; U; Windows NT 6.1; en-US; rv:1.9.1.5) Gecko/20091102 Firefox/3.5.5 (.NET CLR 3.5.30729)"
68.183.132.163 - - [29/Apr/2026:23:19:54 +0200] "GET /image/a.php HTTP/1.1" 404 1251 "-" "Mozilla/5.0 (Windows; U; Windows NT 6.1; en-US; rv:1.9.1.5) Gecko/20091102 Firefox/3.5.5 (.NET CLR 3.5.30729)"
160.177.172.63 - - [29/Apr/2026:23:19:55 +0200] "GET /admin/fckeditor/editor/filemanager/ HTTP/1.1" 404 1251 "www.google.com" "Mozlila/5.0 (Linux; Android 7.0; SM-G892A Bulid/NRD90M; wv) AppleWebKit/537.36 (KHTML, like Gecko) Version/4.0 Chrome/60.0.3112.107 Moblie Safari/537.36"
68.183.132.163 - - [29/Apr/2026:23:19:58 +0200] "GET /image/z.php HTTP/1.1" 404 1251 "-" "Mozilla/5.0 (Windows; U; Windows NT 6.1; en-US; rv:1.9.1.5) Gecko/20091102 Firefox/3.5.5 (.NET CLR 3.5.30729)"
68.183.132.163 - - [29/Apr/2026:23:20:07 +0200] "GET /image/y.php HTTP/1.1" 404 1251 "-" "Mozilla/5.0 (Windows; U; Windows NT 6.1; en-US; rv:1.9.1.5) Gecko/20091102 Firefox/3.5.5 (.NET CLR 3.5.30729)"
54.38.147.41 - - [29/Apr/2026:23:13:17 +0200] "GET /products/23395948843921 HTTP/1.1" 404 1251 "-" "Mozilla/5.0 (compatible; AhrefsBot/7.0; +http://ahrefs.com/robot/)"
68.183.132.163 - - [29/Apr/2026:23:19:26 +0200] "GET /image/1234.php HTTP/1.1" 404 1251 "-" "Mozilla/5.0 (Windows; U; Windows NT 6.1; en-US; rv:1.9.1.5) Gecko/20091102 Firefox/3.5.5 (.NET CLR 3.5.30729)"
68.183.132.163 - - [29/Apr/2026:23:19:28 +0200] "GET /image/0byte.php HTTP/1.1" 404 1251 "-" "Mozilla/5.0 (Windows; U; Windows NT 6.1; en-US; rv:1.9.1.5) Gecko/20091102 Firefox/3.5.5 (.NET CLR 3.5.30729)"
68.183.132.163 - - [29/Apr/2026:23:19:28 +0200] "GET /image/image/fw.php HTTP/1.1" 404 1251 "-" "Mozilla/5.0 (Windows; U; Windows NT 6.1; en-US; rv:1.9.1.5) Gecko/20091102 Firefox/3.5.5 (.NET CLR 3.5.30729)"
68.183.132.163 - - [29/Apr/2026:23:19:34 +0200] "GET /image/symlink.php HTTP/1.1" 404 1251 "-" "Mozilla/5.0 (Windows; U; Windows NT 6.1; en-US; rv:1.9.1.5) Gecko/20091102 Firefox/3.5.5 (.NET CLR 3.5.30729)"
68.183.132.163 - - [29/Apr/2026:23:19:38 +0200] "GET /image/404.php HTTP/1.1" 404 1251 "-" "Mozilla/5.0 (Windows; U; Windows NT 6.1; en-US; rv:1.9.1.5) Gecko/20091102 Firefox/3.5.5 (.NET CLR 3.5.30729)"
68.183.132.163 - - [29/Apr/2026:23:19:39 +0200] "GET /image/up.php HTTP/1.1" 404 1251 "-" "Mozilla/5.0 (Windows; U; Windows NT 6.1; en-US; rv:1.9.1.5) Gecko/20091102 Firefox/3.5.5 (.NET CLR 3.5.30729)"
68.183.132.163 - - [29/Apr/2026:23:19:39 +0200] "GET /image/c99.php HTTP/1.1" 404 1251 "-" "Mozilla/5.0 (Windows; U; Windows NT 6.1; en-US; rv:1.9.1.5) Gecko/20091102 Firefox/3.5.5 (.NET CLR 3.5.30729)"
68.183.132.163 - - [29/Apr/2026:23:19:39 +0200] "GET /image/xxx.php HTTP/1.1" 404 1251 "-" "Mozilla/5.0 (Windows; U; Windows NT 6.1; en-US; rv:1.9.1.5) Gecko/20091102 Firefox/3.5.5 (.NET CLR 3.5.30729)"
68.183.132.163 - - [29/Apr/2026:23:19:40 +0200] "GET /image/0.php HTTP/1.1" 404 1251 "-" "Mozilla/5.0 (Windows; U; Windows NT 6.1; en-US; rv:1.9.1.5) Gecko/20091102 Firefox/3.5.5 (.NET CLR 3.5.30729)"
68.183.132.163 - - [29/Apr/2026:23:19:42 +0200] "GET /image/2.php HTTP/1.1" 404 1251 "-" "Mozilla/5.0 (Windows; U; Windows NT 6.1; en-US; rv:1.9.1.5) Gecko/20091102 Firefox/3.5.5 (.NET CLR 3.5.30729)"
68.183.132.163 - - [29/Apr/2026:23:19:46 +0200] "GET /image/6.php HTTP/1.1" 404 1251 "-" "Mozilla/5.0 (Windows; U; Windows NT 6.1; en-US; rv:1.9.1.5) Gecko/20091102 Firefox/3.5.5 (.NET CLR 3.5.30729)"
160.177.172.63 - - [29/Apr/2026:23:19:55 +0200] "GET /php/ HTTP/1.1" 404 1251 "www.google.com" "Mozlila/5.0 (Linux; Android 7.0; SM-G892A Bulid/NRD90M; wv) AppleWebKit/537.36 (KHTML, like Gecko) Version/4.0 Chrome/60.0.3112.107 Moblie Safari/537.36"
68.183.132.163 - - [29/Apr/2026:23:20:00 +0200] "GET /image/e.php HTTP/1.1" 404 1251 "-" "Mozilla/5.0 (Windows; U; Windows NT 6.1; en-US; rv:1.9.1.5) Gecko/20091102 Firefox/3.5.5 (.NET CLR 3.5.30729)"
68.183.132.163 - - [29/Apr/2026:23:20:05 +0200] "GET /image/t.php HTTP/1.1" 404 1251 "-" "Mozilla/5.0 (Windows; U; Windows NT 6.1; en-US; rv:1.9.1.5) Gecko/20091102 Firefox/3.5.5 (.NET CLR 3.5.30729)"
68.183.132.163 - - [29/Apr/2026:23:20:10 +0200] "GET /image/i.php HTTP/1.1" 404 1251 "-" "Mozilla/5.0 (Windows; U; Windows NT 6.1; en-US; rv:1.9.1.5) Gecko/20091102 Firefox/3.5.5 (.NET CLR 3.5.30729)"
68.183.132.163 - - [29/Apr/2026:23:20:11 +0200] "GET /image/o.php HTTP/1.1" 404 1251 "-" "Mozilla/5.0 (Windows; U; Windows NT 6.1; en-US; rv:1.9.1.5) Gecko/20091102 Firefox/3.5.5 (.NET CLR 3.5.30729)"
68.183.132.163 - - [29/Apr/2026:23:20:18 +0200] "GET /image/s.php HTTP/1.1" 404 1251 "-" "Mozilla/5.0 (Windows; U; Windows NT 6.1; en-US; rv:1.9.1.5) Gecko/20091102 Firefox/3.5.5 (.NET CLR 3.5.30729)"
68.183.132.163 - - [29/Apr/2026:23:20:20 +0200] "GET /image/d.php HTTP/1.1" 404 1251 "-" "Mozilla/5.0 (Windows; U; Windows NT 6.1; en-US; rv:1.9.1.5) Gecko/20091102 Firefox/3.5.5 (.NET CLR 3.5.30729)"
68.183.132.163 - - [29/Apr/2026:23:20:26 +0200] "GET /image/k.php HTTP/1.1" 404 1251 "-" "Mozilla/5.0 (Windows; U; Windows NT 6.1; en-US; rv:1.9.1.5) Gecko/20091102 Firefox/3.5.5 (.NET CLR 3.5.30729)"
68.183.132.163 - - [29/Apr/2026:23:19:27 +0200] "GET /image/asdasd.php HTTP/1.1" 404 1251 "-" "Mozilla/5.0 (Windows; U; Windows NT 6.1; en-US; rv:1.9.1.5) Gecko/20091102 Firefox/3.5.5 (.NET CLR 3.5.30729)"
68.183.132.163 - - [29/Apr/2026:23:19:29 +0200] "GET /image/sym.php HTTP/1.1" 404 1251 "-" "Mozilla/5.0 (Windows; U; Windows NT 6.1; en-US; rv:1.9.1.5) Gecko/20091102 Firefox/3.5.5 (.NET CLR 3.5.30729)"
68.183.132.163 - - [29/Apr/2026:23:19:30 +0200] "GET /image/sym403.php HTTP/1.1" 404 1251 "-" "Mozilla/5.0 (Windows; U; Windows NT 6.1; en-US; rv:1.9.1.5) Gecko/20091102 Firefox/3.5.5 (.NET CLR 3.5.30729)"
68.183.132.163 - - [29/Apr/2026:23:19:31 +0200] "GET /image/xl.php HTTP/1.1" 404 1251 "-" "Mozilla/5.0 (Windows; U; Windows NT 6.1; en-US; rv:1.9.1.5) Gecko/20091102 Firefox/3.5.5 (.NET CLR 3.5.30729)"
68.183.132.163 - - [29/Apr/2026:23:19:38 +0200] "GET /image/403.php HTTP/1.1" 404 1251 "-" "Mozilla/5.0 (Windows; U; Windows NT 6.1; en-US; rv:1.9.1.5) Gecko/20091102 Firefox/3.5.5 (.NET CLR 3.5.30729)"
68.183.132.163 - - [29/Apr/2026:23:19:40 +0200] "GET /image/ok.php HTTP/1.1" 404 1251 "-" "Mozilla/5.0 (Windows; U; Windows NT 6.1; en-US; rv:1.9.1.5) Gecko/20091102 Firefox/3.5.5 (.NET CLR 3.5.30729)"
68.183.132.163 - - [29/Apr/2026:23:19:41 +0200] "GET /image/xx.php HTTP/1.1" 404 1251 "-" "Mozilla/5.0 (Windows; U; Windows NT 6.1; en-US; rv:1.9.1.5) Gecko/20091102 Firefox/3.5.5 (.NET CLR 3.5.30729)"
68.183.132.163 - - [29/Apr/2026:23:19:46 +0200] "GET /image/7.php HTTP/1.1" 404 1251 "-" "Mozilla/5.0 (Windows; U; Windows NT 6.1; en-US; rv:1.9.1.5) Gecko/20091102 Firefox/3.5.5 (.NET CLR 3.5.30729)"
68.183.132.163 - - [29/Apr/2026:23:19:51 +0200] "GET /image/9.php HTTP/1.1" 404 1251 "-" "Mozilla/5.0 (Windows; U; Windows NT 6.1; en-US; rv:1.9.1.5) Gecko/20091102 Firefox/3.5.5 (.NET CLR 3.5.30729)"
68.183.132.163 - - [29/Apr/2026:23:19:53 +0200] "GET /image/10.php HTTP/1.1" 404 1251 "-" "Mozilla/5.0 (Windows; U; Windows NT 6.1; en-US; rv:1.9.1.5) Gecko/20091102 Firefox/3.5.5 (.NET CLR 3.5.30729)"
198.244.183.92 - - [29/Apr/2026:23:19:56 +0200] "GET /products/63480674666625 HTTP/1.1" 404 1251 "-" "Mozilla/5.0 (compatible; AhrefsBot/7.0; +http://ahrefs.com/robot/)"
160.177.172.63 - - [29/Apr/2026:23:20:03 +0200] "GET /sites/default/files/ HTTP/1.1" 404 1251 "www.google.com" "Mozlila/5.0 (Linux; Android 7.0; SM-G892A Bulid/NRD90M; wv) AppleWebKit/537.36 (KHTML, like Gecko) Version/4.0 Chrome/60.0.3112.107 Moblie Safari/537.36"
68.183.132.163 - - [29/Apr/2026:23:20:03 +0200] "GET /image/r.php HTTP/1.1" 404 1251 "-" "Mozilla/5.0 (Windows; U; Windows NT 6.1; en-US; rv:1.9.1.5) Gecko/20091102 Firefox/3.5.5 (.NET CLR 3.5.30729)"
68.183.132.163 - - [29/Apr/2026:23:20:14 +0200] "GET /image/p.php HTTP/1.1" 404 1251 "-" "Mozilla/5.0 (Windows; U; Windows NT 6.1; en-US; rv:1.9.1.5) Gecko/20091102 Firefox/3.5.5 (.NET CLR 3.5.30729)"
160.177.172.63 - - [29/Apr/2026:23:20:20 +0200] "GET /modules/mod_simplefileuploadv1.3/elements/ HTTP/1.1" 404 1251 "www.google.com" "Mozlila/5.0 (Linux; Android 7.0; SM-G892A Bulid/NRD90M; wv) AppleWebKit/537.36 (KHTML, like Gecko) Version/4.0 Chrome/60.0.3112.107 Moblie Safari/537.36"
68.183.132.163 - - [29/Apr/2026:23:20:21 +0200] "GET /image/g.php HTTP/1.1" 404 1251 "-" "Mozilla/5.0 (Windows; U; Windows NT 6.1; en-US; rv:1.9.1.5) Gecko/20091102 Firefox/3.5.5 (.NET CLR 3.5.30729)"
68.183.132.163 - - [29/Apr/2026:23:20:23 +0200] "GET /image/h.php HTTP/1.1" 404 1251 "-" "Mozilla/5.0 (Windows; U; Windows NT 6.1; en-US; rv:1.9.1.5) Gecko/20091102 Firefox/3.5.5 (.NET CLR 3.5.30729)"
160.177.172.63 - - [29/Apr/2026:23:20:31 +0200] "GET /admin/images/slider/ HTTP/1.1" 404 1251 "www.google.com" "Mozlila/5.0 (Linux; Android 7.0; SM-G892A Bulid/NRD90M; wv) AppleWebKit/537.36 (KHTML, like Gecko) Version/4.0 Chrome/60.0.3112.107 Moblie Safari/537.36"
160.177.172.63 - - [29/Apr/2026:23:20:31 +0200] "GET /sites/default/files/ HTTP/1.1" 404 1251 "www.google.com" "Mozlila/5.0 (Linux; Android 7.0; SM-G892A Bulid/NRD90M; wv) AppleWebKit/537.36 (KHTML, like Gecko) Version/4.0 Chrome/60.0.3112.107 Moblie Safari/537.36"
160.177.172.63 - - [29/Apr/2026:23:20:31 +0200] "GET /admin/fckeditor/editor/filemanager/ HTTP/1.1" 404 1251 "www.google.com" "Mozlila/5.0 (Linux; Android 7.0; SM-G892A Bulid/NRD90M; wv) AppleWebKit/537.36 (KHTML, like Gecko) Version/4.0 Chrome/60.0.3112.107 Moblie Safari/537.36"
160.177.172.63 - - [29/Apr/2026:23:20:38 +0200] "GET /admin/controller/extension/extension/ HTTP/1.1" 404 1251 "www.google.com" "Mozlila/5.0 (Linux; Android 7.0; SM-G892A Bulid/NRD90M; wv) AppleWebKit/537.36 (KHTML, like Gecko) Version/4.0 Chrome/60.0.3112.107 Moblie Safari/537.36"
68.183.132.163 - - [29/Apr/2026:23:20:41 +0200] "GET /image/n.php HTTP/1.1" 404 1251 "-" "Mozilla/5.0 (Windows; U; Windows NT 6.1; en-US; rv:1.9.1.5) Gecko/20091102 Firefox/3.5.5 (.NET CLR 3.5.30729)"
68.183.132.163 - - [29/Apr/2026:23:20:45 +0200] "GET /image/b.php HTTP/1.1" 404 1251 "-" "Mozilla/5.0 (Windows; U; Windows NT 6.1; en-US; rv:1.9.1.5) Gecko/20091102 Firefox/3.5.5 (.NET CLR 3.5.30729)"
68.183.132.163 - - [29/Apr/2026:23:20:56 +0200] "GET /image/V3.php HTTP/1.1" 404 1251 "-" "Mozilla/5.0 (Windows; U; Windows NT 6.1; en-US; rv:1.9.1.5) Gecko/20091102 Firefox/3.5.5 (.NET CLR 3.5.30729)"
68.183.132.163 - - [29/Apr/2026:23:21:03 +0200] "GET /image/100.php HTTP/1.1" 404 1251 "-" "Mozilla/5.0 (Windows; U; Windows NT 6.1; en-US; rv:1.9.1.5) Gecko/20091102 Firefox/3.5.5 (.NET CLR 3.5.30729)"
68.183.132.163 - - [29/Apr/2026:23:21:05 +0200] "GET /image/777.php HTTP/1.1" 404 1251 "-" "Mozilla/5.0 (Windows; U; Windows NT 6.1; en-US; rv:1.9.1.5) Gecko/20091102 Firefox/3.5.5 (.NET CLR 3.5.30729)"
68.183.132.163 - - [29/Apr/2026:23:21:08 +0200] "GET /image/wi.php HTTP/1.1" 404 1251 "-" "Mozilla/5.0 (Windows; U; Windows NT 6.1; en-US; rv:1.9.1.5) Gecko/20091102 Firefox/3.5.5 (.NET CLR 3.5.30729)"
68.183.132.163 - - [29/Apr/2026:23:21:09 +0200] "GET /image/root.php HTTP/1.1" 404 1251 "-" "Mozilla/5.0 (Windows; U; Windows NT 6.1; en-US; rv:1.9.1.5) Gecko/20091102 Firefox/3.5.5 (.NET CLR 3.5.30729)"
68.183.132.163 - - [29/Apr/2026:23:21:10 +0200] "GET /image/lol.php HTTP/1.1" 404 1251 "-" "Mozilla/5.0 (Windows; U; Windows NT 6.1; en-US; rv:1.9.1.5) Gecko/20091102 Firefox/3.5.5 (.NET CLR 3.5.30729)"
68.183.132.163 - - [29/Apr/2026:23:21:11 +0200] "GET /image/87.php HTTP/1.1" 404 1251 "-" "Mozilla/5.0 (Windows; U; Windows NT 6.1; en-US; rv:1.9.1.5) Gecko/20091102 Firefox/3.5.5 (.NET CLR 3.5.30729)"
68.183.132.163 - - [29/Apr/2026:23:21:16 +0200] "GET /image/haxor.php HTTP/1.1" 404 1251 "-" "Mozilla/5.0 (Windows; U; Windows NT 6.1; en-US; rv:1.9.1.5) Gecko/20091102 Firefox/3.5.5 (.NET CLR 3.5.30729)"
68.183.132.163 - - [29/Apr/2026:23:21:18 +0200] "GET /image/13.php HTTP/1.1" 404 1251 "-" "Mozilla/5.0 (Windows; U; Windows NT 6.1; en-US; rv:1.9.1.5) Gecko/20091102 Firefox/3.5.5 (.NET CLR 3.5.30729)"
68.183.132.163 - - [29/Apr/2026:23:21:20 +0200] "GET /image/FoxWSOv1.php HTTP/1.1" 404 1251 "-" "Mozilla/5.0 (Windows; U; Windows NT 6.1; en-US; rv:1.9.1.5) Gecko/20091102 Firefox/3.5.5 (.NET CLR 3.5.30729)"
68.183.132.163 - - [29/Apr/2026:23:21:27 +0200] "GET /image/lf.php HTTP/1.1" 404 1251 "-" "Mozilla/5.0 (Windows; U; Windows NT 6.1; en-US; rv:1.9.1.5) Gecko/20091102 Firefox/3.5.5 (.NET CLR 3.5.30729)"
68.183.132.163 - - [29/Apr/2026:23:21:27 +0200] "GET /image/WSO.php HTTP/1.1" 404 1251 "-" "Mozilla/5.0 (Windows; U; Windows NT 6.1; en-US; rv:1.9.1.5) Gecko/20091102 Firefox/3.5.5 (.NET CLR 3.5.30729)"
68.183.132.163 - - [29/Apr/2026:23:21:28 +0200] "GET /image/if.php HTTP/1.1" 404 1251 "-" "Mozilla/5.0 (Windows; U; Windows NT 6.1; en-US; rv:1.9.1.5) Gecko/20091102 Firefox/3.5.5 (.NET CLR 3.5.30729)"
68.183.132.163 - - [29/Apr/2026:23:21:29 +0200] "GET /image/kk.php HTTP/1.1" 404 1251 "-" "Mozilla/5.0 (Windows; U; Windows NT 6.1; en-US; rv:1.9.1.5) Gecko/20091102 Firefox/3.5.5 (.NET CLR 3.5.30729)"
68.183.132.163 - - [29/Apr/2026:23:21:31 +0200] "GET /image/mrjn.php HTTP/1.1" 404 1251 "-" "Mozilla/5.0 (Windows; U; Windows NT 6.1; en-US; rv:1.9.1.5) Gecko/20091102 Firefox/3.5.5 (.NET CLR 3.5.30729)"
68.183.132.163 - - [29/Apr/2026:23:20:31 +0200] "GET /image/m.php HTTP/1.1" 404 1251 "-" "Mozilla/5.0 (Windows; U; Windows NT 6.1; en-US; rv:1.9.1.5) Gecko/20091102 Firefox/3.5.5 (.NET CLR 3.5.30729)"
68.183.132.163 - - [29/Apr/2026:23:20:38 +0200] "GET /image/v.php HTTP/1.1" 404 1251 "-" "Mozilla/5.0 (Windows; U; Windows NT 6.1; en-US; rv:1.9.1.5) Gecko/20091102 Firefox/3.5.5 (.NET CLR 3.5.30729)"
68.183.132.163 - - [29/Apr/2026:23:20:49 +0200] "GET /image/c.php HTTP/1.1" 404 1251 "-" "Mozilla/5.0 (Windows; U; Windows NT 6.1; en-US; rv:1.9.1.5) Gecko/20091102 Firefox/3.5.5 (.NET CLR 3.5.30729)"
68.183.132.163 - - [29/Apr/2026:23:20:52 +0200] "GET /image/priv8.php HTTP/1.1" 404 1251 "-" "Mozilla/5.0 (Windows; U; Windows NT 6.1; en-US; rv:1.9.1.5) Gecko/20091102 Firefox/3.5.5 (.NET CLR 3.5.30729)"
68.183.132.163 - - [29/Apr/2026:23:20:53 +0200] "GET /image/minimo.php HTTP/1.1" 404 1251 "-" "Mozilla/5.0 (Windows; U; Windows NT 6.1; en-US; rv:1.9.1.5) Gecko/20091102 Firefox/3.5.5 (.NET CLR 3.5.30729)"
68.183.132.163 - - [29/Apr/2026:23:21:02 +0200] "GET /image/www.php HTTP/1.1" 404 1251 "-" "Mozilla/5.0 (Windows; U; Windows NT 6.1; en-US; rv:1.9.1.5) Gecko/20091102 Firefox/3.5.5 (.NET CLR 3.5.30729)"
160.177.172.63 - - [29/Apr/2026:23:21:06 +0200] "GET /.well-known/ HTTP/1.1" 200 1589 "www.google.com" "Mozlila/5.0 (Linux; Android 7.0; SM-G892A Bulid/NRD90M; wv) AppleWebKit/537.36 (KHTML, like Gecko) Version/4.0 Chrome/60.0.3112.107 Moblie Safari/537.36"
68.183.132.163 - - [29/Apr/2026:23:21:08 +0200] "GET /image/xox.php HTTP/1.1" 404 1251 "-" "Mozilla/5.0 (Windows; U; Windows NT 6.1; en-US; rv:1.9.1.5) Gecko/20091102 Firefox/3.5.5 (.NET CLR 3.5.30729)"
68.183.132.163 - - [29/Apr/2026:23:21:08 +0200] "GET /image/new.php HTTP/1.1" 404 1251 "-" "Mozilla/5.0 (Windows; U; Windows NT 6.1; en-US; rv:1.9.1.5) Gecko/20091102 Firefox/3.5.5 (.NET CLR 3.5.30729)"
68.183.132.163 - - [29/Apr/2026:23:21:09 +0200] "GET /image/mar.php HTTP/1.1" 404 1251 "-" "Mozilla/5.0 (Windows; U; Windows NT 6.1; en-US; rv:1.9.1.5) Gecko/20091102 Firefox/3.5.5 (.NET CLR 3.5.30729)"
68.183.132.163 - - [29/Apr/2026:23:21:10 +0200] "GET /image/nee.php HTTP/1.1" 404 1251 "-" "Mozilla/5.0 (Windows; U; Windows NT 6.1; en-US; rv:1.9.1.5) Gecko/20091102 Firefox/3.5.5 (.NET CLR 3.5.30729)"
68.183.132.163 - - [29/Apr/2026:23:21:10 +0200] "GET /image/ws.php HTTP/1.1" 404 1251 "-" "Mozilla/5.0 (Windows; U; Windows NT 6.1; en-US; rv:1.9.1.5) Gecko/20091102 Firefox/3.5.5 (.NET CLR 3.5.30729)"
160.177.172.63 - - [29/Apr/2026:23:21:10 +0200] "GET /admin/uploads/images/ HTTP/1.1" 404 1251 "www.google.com" "Mozlila/5.0 (Linux; Android 7.0; SM-G892A Bulid/NRD90M; wv) AppleWebKit/537.36 (KHTML, like Gecko) Version/4.0 Chrome/60.0.3112.107 Moblie Safari/537.36"
68.183.132.163 - - [29/Apr/2026:23:21:12 +0200] "GET /image/7yn.php HTTP/1.1" 404 1251 "-" "Mozilla/5.0 (Windows; U; Windows NT 6.1; en-US; rv:1.9.1.5) Gecko/20091102 Firefox/3.5.5 (.NET CLR 3.5.30729)"
68.183.132.163 - - [29/Apr/2026:23:21:28 +0200] "GET /image/hello.php HTTP/1.1" 404 1251 "-" "Mozilla/5.0 (Windows; U; Windows NT 6.1; en-US; rv:1.9.1.5) Gecko/20091102 Firefox/3.5.5 (.NET CLR 3.5.30729)"
68.183.132.163 - - [29/Apr/2026:23:21:48 +0200] "GET /image/wp-ad.php HTTP/1.1" 404 1251 "-" "Mozilla/5.0 (Windows; U; Windows NT 6.1; en-US; rv:1.9.1.5) Gecko/20091102 Firefox/3.5.5 (.NET CLR 3.5.30729)"
68.183.132.163 - - [29/Apr/2026:23:21:48 +0200] "GET /image/send.php HTTP/1.1" 404 1251 "-" "Mozilla/5.0 (Windows; U; Windows NT 6.1; en-US; rv:1.9.1.5) Gecko/20091102 Firefox/3.5.5 (.NET CLR 3.5.30729)"
68.183.132.163 - - [29/Apr/2026:23:22:00 +0200] "GET /image/alfa123.php HTTP/1.1" 404 1251 "-" "Mozilla/5.0 (Windows; U; Windows NT 6.1; en-US; rv:1.9.1.5) Gecko/20091102 Firefox/3.5.5 (.NET CLR 3.5.30729)"
68.183.132.163 - - [29/Apr/2026:23:22:11 +0200] "GET /image/wso1337.php HTTP/1.1" 404 1251 "-" "Mozilla/5.0 (Windows; U; Windows NT 6.1; en-US; rv:1.9.1.5) Gecko/20091102 Firefox/3.5.5 (.NET CLR 3.5.30729)"
68.183.132.163 - - [29/Apr/2026:23:20:09 +0200] "GET /image/u.php HTTP/1.1" 404 1251 "-" "Mozilla/5.0 (Windows; U; Windows NT 6.1; en-US; rv:1.9.1.5) Gecko/20091102 Firefox/3.5.5 (.NET CLR 3.5.30729)"
68.183.132.163 - - [29/Apr/2026:23:20:16 +0200] "GET /image/q.php HTTP/1.1" 404 1251 "-" "Mozilla/5.0 (Windows; U; Windows NT 6.1; en-US; rv:1.9.1.5) Gecko/20091102 Firefox/3.5.5 (.NET CLR 3.5.30729)"
68.183.132.163 - - [29/Apr/2026:23:20:20 +0200] "GET /image/f.php HTTP/1.1" 404 1251 "-" "Mozilla/5.0 (Windows; U; Windows NT 6.1; en-US; rv:1.9.1.5) Gecko/20091102 Firefox/3.5.5 (.NET CLR 3.5.30729)"
68.183.132.163 - - [29/Apr/2026:23:20:24 +0200] "GET /image/j.php HTTP/1.1" 404 1251 "-" "Mozilla/5.0 (Windows; U; Windows NT 6.1; en-US; rv:1.9.1.5) Gecko/20091102 Firefox/3.5.5 (.NET CLR 3.5.30729)"
68.183.132.163 - - [29/Apr/2026:23:20:30 +0200] "GET /image/l.php HTTP/1.1" 404 1251 "-" "Mozilla/5.0 (Windows; U; Windows NT 6.1; en-US; rv:1.9.1.5) Gecko/20091102 Firefox/3.5.5 (.NET CLR 3.5.30729)"
68.183.132.163 - - [29/Apr/2026:23:20:35 +0200] "GET /image/w.php HTTP/1.1" 404 1251 "-" "Mozilla/5.0 (Windows; U; Windows NT 6.1; en-US; rv:1.9.1.5) Gecko/20091102 Firefox/3.5.5 (.NET CLR 3.5.30729)"
68.183.132.163 - - [29/Apr/2026:23:20:51 +0200] "GET /image/wp-wso.php HTTP/1.1" 404 1251 "-" "Mozilla/5.0 (Windows; U; Windows NT 6.1; en-US; rv:1.9.1.5) Gecko/20091102 Firefox/3.5.5 (.NET CLR 3.5.30729)"
68.183.132.163 - - [29/Apr/2026:23:21:00 +0200] "GET /image/V5.php HTTP/1.1" 404 1251 "-" "Mozilla/5.0 (Windows; U; Windows NT 6.1; en-US; rv:1.9.1.5) Gecko/20091102 Firefox/3.5.5 (.NET CLR 3.5.30729)"
68.183.132.163 - - [29/Apr/2026:23:21:06 +0200] "GET /image/defau1t.php HTTP/1.1" 404 1251 "-" "Mozilla/5.0 (Windows; U; Windows NT 6.1; en-US; rv:1.9.1.5) Gecko/20091102 Firefox/3.5.5 (.NET CLR 3.5.30729)"
68.183.132.163 - - [29/Apr/2026:23:21:22 +0200] "GET /image/alf.php HTTP/1.1" 404 1251 "-" "Mozilla/5.0 (Windows; U; Windows NT 6.1; en-US; rv:1.9.1.5) Gecko/20091102 Firefox/3.5.5 (.NET CLR 3.5.30729)"
68.183.132.163 - - [29/Apr/2026:23:21:25 +0200] "GET /image/bb.php HTTP/1.1" 404 1251 "-" "Mozilla/5.0 (Windows; U; Windows NT 6.1; en-US; rv:1.9.1.5) Gecko/20091102 Firefox/3.5.5 (.NET CLR 3.5.30729)"
68.183.132.163 - - [29/Apr/2026:23:21:44 +0200] "GET /image/mailer.php HTTP/1.1" 404 1251 "-" "Mozilla/5.0 (Windows; U; Windows NT 6.1; en-US; rv:1.9.1.5) Gecko/20091102 Firefox/3.5.5 (.NET CLR 3.5.30729)"
68.183.132.163 - - [29/Apr/2026:23:21:47 +0200] "GET /image/anone.php HTTP/1.1" 404 1251 "-" "Mozilla/5.0 (Windows; U; Windows NT 6.1; en-US; rv:1.9.1.5) Gecko/20091102 Firefox/3.5.5 (.NET CLR 3.5.30729)"
68.183.132.163 - - [29/Apr/2026:23:21:47 +0200] "GET /image/wp-configer.php HTTP/1.1" 404 1251 "-" "Mozilla/5.0 (Windows; U; Windows NT 6.1; en-US; rv:1.9.1.5) Gecko/20091102 Firefox/3.5.5 (.NET CLR 3.5.30729)"
