159.223.61.167 - - [29/Apr/2026:16:07:07 +0200] "POST /.well-known/pki-validation/ALFA_DATA/alfacgiapi/bash.alfa HTTP/1.1" 404 1251 "-" "Mozilla/5.0 (Linux; Android 11; Redmi Note 9 Pro Build/RKQ1.200826.002; wv) AppleWebKit/537.36 (KHTML, like Gecko) Version/4.0 Chrome/90.0.4430.210 Mobile Safari/537.36"
159.223.61.167 - - [29/Apr/2026:16:07:07 +0200] "POST /.well-known/pki-validation/ALFA_DATA/alfacgiapi/bash.alfa HTTP/1.1" 404 1251 "-" "Mozilla/5.0 (Linux; Android 11; Redmi Note 9 Pro Build/RKQ1.200826.002; wv) AppleWebKit/537.36 (KHTML, like Gecko) Version/4.0 Chrome/90.0.4430.210 Mobile Safari/537.36"
159.223.61.167 - - [29/Apr/2026:16:07:07 +0200] "POST /.well-known/pki-validation/ALFA_DATA/alfacgiapi/py.alfa HTTP/1.1" 404 1251 "-" "Mozilla/5.0 (Linux; Android 11; Redmi Note 9 Pro Build/RKQ1.200826.002; wv) AppleWebKit/537.36 (KHTML, like Gecko) Version/4.0 Chrome/90.0.4430.210 Mobile Safari/537.36"
159.223.61.167 - - [29/Apr/2026:16:07:02 +0200] "GET /.well-known/acme-challenge/alfacgiapi/404.php HTTP/1.1" 404 1251 "-" "Mozilla/5.0 (Linux; Android 11; Redmi Note 9 Pro Build/RKQ1.200826.002; wv) AppleWebKit/537.36 (KHTML, like Gecko) Version/4.0 Chrome/90.0.4430.210 Mobile Safari/537.36"
159.223.61.167 - - [29/Apr/2026:16:07:03 +0200] "POST /.well-known/acme-challenge/ALFA_DATA/alfacgiapi/perl.alfa HTTP/1.1" 404 1251 "-" "Mozilla/5.0 (Linux; Android 11; Redmi Note 9 Pro Build/RKQ1.200826.002; wv) AppleWebKit/537.36 (KHTML, like Gecko) Version/4.0 Chrome/90.0.4430.210 Mobile Safari/537.36"
159.223.61.167 - - [29/Apr/2026:16:07:03 +0200] "POST /.well-known/acme-challenge/ALFA_DATA/alfacgiapi/perl.alfa HTTP/1.1" 404 1251 "-" "Mozilla/5.0 (Linux; Android 11; Redmi Note 9 Pro Build/RKQ1.200826.002; wv) AppleWebKit/537.36 (KHTML, like Gecko) Version/4.0 Chrome/90.0.4430.210 Mobile Safari/537.36"
159.223.61.167 - - [29/Apr/2026:16:07:03 +0200] "POST /.well-known/acme-challenge/ALFA_DATA/alfacgiapi/bash.alfa HTTP/1.1" 404 1251 "-" "Mozilla/5.0 (Linux; Android 11; Redmi Note 9 Pro Build/RKQ1.200826.002; wv) AppleWebKit/537.36 (KHTML, like Gecko) Version/4.0 Chrome/90.0.4430.210 Mobile Safari/537.36"
159.223.61.167 - - [29/Apr/2026:16:07:04 +0200] "GET /.well-known/acme-challenge/ALFA_DATA/alfacgiapi/radio.php HTTP/1.1" 404 1251 "-" "Mozilla/5.0 (Linux; Android 11; Redmi Note 9 Pro Build/RKQ1.200826.002; wv) AppleWebKit/537.36 (KHTML, like Gecko) Version/4.0 Chrome/90.0.4430.210 Mobile Safari/537.36"
159.223.61.167 - - [29/Apr/2026:16:07:04 +0200] "GET /.well-known/acme-challenge/ALFA_DATA/alfacgiapi/404.php HTTP/1.1" 404 1251 "-" "Mozilla/5.0 (Linux; Android 11; Redmi Note 9 Pro Build/RKQ1.200826.002; wv) AppleWebKit/537.36 (KHTML, like Gecko) Version/4.0 Chrome/90.0.4430.210 Mobile Safari/537.36"
159.223.61.167 - - [29/Apr/2026:16:07:05 +0200] "POST /.well-known/pki-validation/alfacgiapi/bash.alfa HTTP/1.1" 404 1251 "-" "Mozilla/5.0 (Linux; Android 11; Redmi Note 9 Pro Build/RKQ1.200826.002; wv) AppleWebKit/537.36 (KHTML, like Gecko) Version/4.0 Chrome/90.0.4430.210 Mobile Safari/537.36"
159.223.61.167 - - [29/Apr/2026:16:07:05 +0200] "POST /.well-known/pki-validation/alfacgiapi/bash.alfa HTTP/1.1" 404 1251 "-" "Mozilla/5.0 (Linux; Android 11; Redmi Note 9 Pro Build/RKQ1.200826.002; wv) AppleWebKit/537.36 (KHTML, like Gecko) Version/4.0 Chrome/90.0.4430.210 Mobile Safari/537.36"
159.223.61.167 - - [29/Apr/2026:16:07:05 +0200] "POST /.well-known/pki-validation/alfacgiapi/py.alfa HTTP/1.1" 404 1251 "-" "Mozilla/5.0 (Linux; Android 11; Redmi Note 9 Pro Build/RKQ1.200826.002; wv) AppleWebKit/537.36 (KHTML, like Gecko) Version/4.0 Chrome/90.0.4430.210 Mobile Safari/537.36"
159.223.61.167 - - [29/Apr/2026:16:07:06 +0200] "GET /.well-known/pki-validation/alfacgiapi/404.php HTTP/1.1" 404 1251 "-" "Mozilla/5.0 (Linux; Android 11; Redmi Note 9 Pro Build/RKQ1.200826.002; wv) AppleWebKit/537.36 (KHTML, like Gecko) Version/4.0 Chrome/90.0.4430.210 Mobile Safari/537.36"
159.223.61.167 - - [29/Apr/2026:16:07:06 +0200] "POST /.well-known/pki-validation/ALFA_DATA/alfacgiapi/perl.alfa HTTP/1.1" 404 1251 "-" "Mozilla/5.0 (Linux; Android 11; Redmi Note 9 Pro Build/RKQ1.200826.002; wv) AppleWebKit/537.36 (KHTML, like Gecko) Version/4.0 Chrome/90.0.4430.210 Mobile Safari/537.36"
159.223.61.167 - - [29/Apr/2026:16:07:07 +0200] "POST /.well-known/pki-validation/ALFA_DATA/alfacgiapi/py.alfa HTTP/1.1" 404 1251 "-" "Mozilla/5.0 (Linux; Android 11; Redmi Note 9 Pro Build/RKQ1.200826.002; wv) AppleWebKit/537.36 (KHTML, like Gecko) Version/4.0 Chrome/90.0.4430.210 Mobile Safari/537.36"
41.248.229.245 - - [29/Apr/2026:16:07:09 +0200] "GET /mar.php HTTP/1.1" 404 1251 "-" "Mozilla/5.0 (X11; Ubuntu; Linux i686; rv:28.0) Gecko/20100101 Firefox/72.0"
159.223.61.167 - - [29/Apr/2026:16:07:14 +0200] "POST /cgi-bin/alfacgiapi/perl.alfa HTTP/1.1" 404 1251 "-" "Mozilla/5.0 (Linux; Android 11; Redmi Note 9 Pro Build/RKQ1.200826.002; wv) AppleWebKit/537.36 (KHTML, like Gecko) Version/4.0 Chrome/90.0.4430.210 Mobile Safari/537.36"
159.223.61.167 - - [29/Apr/2026:16:07:06 +0200] "GET /.well-known/pki-validation/alfacgiapi/index.php HTTP/1.1" 404 1251 "-" "Mozilla/5.0 (Linux; Android 11; Redmi Note 9 Pro Build/RKQ1.200826.002; wv) AppleWebKit/537.36 (KHTML, like Gecko) Version/4.0 Chrome/90.0.4430.210 Mobile Safari/537.36"
159.223.61.167 - - [29/Apr/2026:16:07:06 +0200] "GET /.well-known/pki-validation/alfacgiapi/radio.php HTTP/1.1" 404 1251 "-" "Mozilla/5.0 (Linux; Android 11; Redmi Note 9 Pro Build/RKQ1.200826.002; wv) AppleWebKit/537.36 (KHTML, like Gecko) Version/4.0 Chrome/90.0.4430.210 Mobile Safari/537.36"
159.223.61.167 - - [29/Apr/2026:16:07:08 +0200] "GET /.well-known/pki-validation/ALFA_DATA/alfacgiapi/404.php HTTP/1.1" 404 1251 "-" "Mozilla/5.0 (Linux; Android 11; Redmi Note 9 Pro Build/RKQ1.200826.002; wv) AppleWebKit/537.36 (KHTML, like Gecko) Version/4.0 Chrome/90.0.4430.210 Mobile Safari/537.36"
41.248.229.245 - - [29/Apr/2026:16:07:12 +0200] "GET /kanghoax.php HTTP/1.1" 404 1251 "-" "Mozilla/5.0 (X11; Ubuntu; Linux i686; rv:28.0) Gecko/20100101 Firefox/72.0"
159.223.61.167 - - [29/Apr/2026:16:07:15 +0200] "GET /cgi-bin/alfacgiapi/index.php HTTP/1.1" 404 1251 "-" "Mozilla/5.0 (Linux; Android 11; Redmi Note 9 Pro Build/RKQ1.200826.002; wv) AppleWebKit/537.36 (KHTML, like Gecko) Version/4.0 Chrome/90.0.4430.210 Mobile Safari/537.36"
41.248.229.245 - - [29/Apr/2026:16:07:16 +0200] "GET /401.php HTTP/1.1" 404 1251 "-" "Mozilla/5.0 (X11; Ubuntu; Linux i686; rv:28.0) Gecko/20100101 Firefox/72.0"
159.223.61.167 - - [29/Apr/2026:16:07:16 +0200] "POST /cgi-bin/ALFA_DATA/alfacgiapi/bash.alfa HTTP/1.1" 404 1251 "-" "Mozilla/5.0 (Linux; Android 11; Redmi Note 9 Pro Build/RKQ1.200826.002; wv) AppleWebKit/537.36 (KHTML, like Gecko) Version/4.0 Chrome/90.0.4430.210 Mobile Safari/537.36"
159.223.61.167 - - [29/Apr/2026:16:07:16 +0200] "POST /cgi-bin/ALFA_DATA/alfacgiapi/bash.alfa HTTP/1.1" 404 1251 "-" "Mozilla/5.0 (Linux; Android 11; Redmi Note 9 Pro Build/RKQ1.200826.002; wv) AppleWebKit/537.36 (KHTML, like Gecko) Version/4.0 Chrome/90.0.4430.210 Mobile Safari/537.36"
159.223.61.167 - - [29/Apr/2026:16:07:17 +0200] "GET /cgi-bin/ALFA_DATA/alfacgiapi/radio.php HTTP/1.1" 404 1251 "-" "Mozilla/5.0 (Linux; Android 11; Redmi Note 9 Pro Build/RKQ1.200826.002; wv) AppleWebKit/537.36 (KHTML, like Gecko) Version/4.0 Chrome/90.0.4430.210 Mobile Safari/537.36"
159.223.61.167 - - [29/Apr/2026:16:07:17 +0200] "GET /cgi-bin/ALFA_DATA/alfacgiapi/404.php HTTP/1.1" 404 1251 "-" "Mozilla/5.0 (Linux; Android 11; Redmi Note 9 Pro Build/RKQ1.200826.002; wv) AppleWebKit/537.36 (KHTML, like Gecko) Version/4.0 Chrome/90.0.4430.210 Mobile Safari/537.36"
41.248.229.245 - - [29/Apr/2026:16:07:17 +0200] "GET /ups.php HTTP/1.1" 404 1251 "-" "Mozilla/5.0 (X11; Ubuntu; Linux i686; rv:28.0) Gecko/20100101 Firefox/72.0"
159.223.61.167 - - [29/Apr/2026:16:07:17 +0200] "POST /images/alfacgiapi/perl.alfa HTTP/1.1" 404 1251 "-" "Mozilla/5.0 (Linux; Android 11; Redmi Note 9 Pro Build/RKQ1.200826.002; wv) AppleWebKit/537.36 (KHTML, like Gecko) Version/4.0 Chrome/90.0.4430.210 Mobile Safari/537.36"
159.223.61.167 - - [29/Apr/2026:16:07:18 +0200] "POST /images/alfacgiapi/bash.alfa HTTP/1.1" 404 1251 "-" "Mozilla/5.0 (Linux; Android 11; Redmi Note 9 Pro Build/RKQ1.200826.002; wv) AppleWebKit/537.36 (KHTML, like Gecko) Version/4.0 Chrome/90.0.4430.210 Mobile Safari/537.36"
159.223.61.167 - - [29/Apr/2026:16:07:18 +0200] "POST /images/alfacgiapi/py.alfa HTTP/1.1" 404 1251 "-" "Mozilla/5.0 (Linux; Android 11; Redmi Note 9 Pro Build/RKQ1.200826.002; wv) AppleWebKit/537.36 (KHTML, like Gecko) Version/4.0 Chrome/90.0.4430.210 Mobile Safari/537.36"
159.223.61.167 - - [29/Apr/2026:16:07:19 +0200] "POST /images/ALFA_DATA/alfacgiapi/perl.alfa HTTP/1.1" 404 1251 "-" "Mozilla/5.0 (Linux; Android 11; Redmi Note 9 Pro Build/RKQ1.200826.002; wv) AppleWebKit/537.36 (KHTML, like Gecko) Version/4.0 Chrome/90.0.4430.210 Mobile Safari/537.36"
159.223.61.167 - - [29/Apr/2026:16:07:14 +0200] "POST /cgi-bin/alfacgiapi/perl.alfa HTTP/1.1" 404 1251 "-" "Mozilla/5.0 (Linux; Android 11; Redmi Note 9 Pro Build/RKQ1.200826.002; wv) AppleWebKit/537.36 (KHTML, like Gecko) Version/4.0 Chrome/90.0.4430.210 Mobile Safari/537.36"
159.223.61.167 - - [29/Apr/2026:16:07:15 +0200] "POST /cgi-bin/alfacgiapi/py.alfa HTTP/1.1" 404 1251 "-" "Mozilla/5.0 (Linux; Android 11; Redmi Note 9 Pro Build/RKQ1.200826.002; wv) AppleWebKit/537.36 (KHTML, like Gecko) Version/4.0 Chrome/90.0.4430.210 Mobile Safari/537.36"
159.223.61.167 - - [29/Apr/2026:16:07:15 +0200] "GET /cgi-bin/alfacgiapi/404.php HTTP/1.1" 404 1251 "-" "Mozilla/5.0 (Linux; Android 11; Redmi Note 9 Pro Build/RKQ1.200826.002; wv) AppleWebKit/537.36 (KHTML, like Gecko) Version/4.0 Chrome/90.0.4430.210 Mobile Safari/537.36"
159.223.61.167 - - [29/Apr/2026:16:07:16 +0200] "POST /cgi-bin/ALFA_DATA/alfacgiapi/perl.alfa HTTP/1.1" 404 1251 "-" "Mozilla/5.0 (Linux; Android 11; Redmi Note 9 Pro Build/RKQ1.200826.002; wv) AppleWebKit/537.36 (KHTML, like Gecko) Version/4.0 Chrome/90.0.4430.210 Mobile Safari/537.36"
159.223.61.167 - - [29/Apr/2026:16:07:16 +0200] "POST /cgi-bin/ALFA_DATA/alfacgiapi/perl.alfa HTTP/1.1" 404 1251 "-" "Mozilla/5.0 (Linux; Android 11; Redmi Note 9 Pro Build/RKQ1.200826.002; wv) AppleWebKit/537.36 (KHTML, like Gecko) Version/4.0 Chrome/90.0.4430.210 Mobile Safari/537.36"
41.248.229.245 - - [29/Apr/2026:16:07:16 +0200] "GET /vendor/phpunit/phpunit/src/Util/PHP/ HTTP/1.1" 404 1251 "www.google.com" "Mozlila/5.0 (Linux; Android 7.0; SM-G892A Bulid/NRD90M; wv) AppleWebKit/537.36 (KHTML, like Gecko) Version/4.0 Chrome/60.0.3112.107 Moblie Safari/537.36"
159.223.61.167 - - [29/Apr/2026:16:07:17 +0200] "POST /cgi-bin/ALFA_DATA/alfacgiapi/py.alfa HTTP/1.1" 404 1251 "-" "Mozilla/5.0 (Linux; Android 11; Redmi Note 9 Pro Build/RKQ1.200826.002; wv) AppleWebKit/537.36 (KHTML, like Gecko) Version/4.0 Chrome/90.0.4430.210 Mobile Safari/537.36"
159.223.61.167 - - [29/Apr/2026:16:07:18 +0200] "POST /images/alfacgiapi/bash.alfa HTTP/1.1" 404 1251 "-" "Mozilla/5.0 (Linux; Android 11; Redmi Note 9 Pro Build/RKQ1.200826.002; wv) AppleWebKit/537.36 (KHTML, like Gecko) Version/4.0 Chrome/90.0.4430.210 Mobile Safari/537.36"
159.223.61.167 - - [29/Apr/2026:16:07:18 +0200] "POST /images/alfacgiapi/py.alfa HTTP/1.1" 404 1251 "-" "Mozilla/5.0 (Linux; Android 11; Redmi Note 9 Pro Build/RKQ1.200826.002; wv) AppleWebKit/537.36 (KHTML, like Gecko) Version/4.0 Chrome/90.0.4430.210 Mobile Safari/537.36"
159.223.61.167 - - [29/Apr/2026:16:07:19 +0200] "GET /images/alfacgiapi/404.php HTTP/1.1" 404 1251 "-" "Mozilla/5.0 (Linux; Android 11; Redmi Note 9 Pro Build/RKQ1.200826.002; wv) AppleWebKit/537.36 (KHTML, like Gecko) Version/4.0 Chrome/90.0.4430.210 Mobile Safari/537.36"
41.248.229.245 - - [29/Apr/2026:16:07:19 +0200] "GET /ye.php HTTP/1.1" 404 1251 "-" "Mozilla/5.0 (X11; Ubuntu; Linux i686; rv:28.0) Gecko/20100101 Firefox/72.0"
159.223.61.167 - - [29/Apr/2026:16:07:19 +0200] "POST /images/ALFA_DATA/alfacgiapi/bash.alfa HTTP/1.1" 404 1251 "-" "Mozilla/5.0 (Linux; Android 11; Redmi Note 9 Pro Build/RKQ1.200826.002; wv) AppleWebKit/537.36 (KHTML, like Gecko) Version/4.0 Chrome/90.0.4430.210 Mobile Safari/537.36"
41.248.229.245 - - [29/Apr/2026:16:07:20 +0200] "GET /upload/image/ HTTP/1.1" 404 1251 "www.google.com" "Mozlila/5.0 (Linux; Android 7.0; SM-G892A Bulid/NRD90M; wv) AppleWebKit/537.36 (KHTML, like Gecko) Version/4.0 Chrome/60.0.3112.107 Moblie Safari/537.36"
159.223.61.167 - - [29/Apr/2026:16:07:20 +0200] "POST /images/ALFA_DATA/alfacgiapi/py.alfa HTTP/1.1" 404 1251 "-" "Mozilla/5.0 (Linux; Android 11; Redmi Note 9 Pro Build/RKQ1.200826.002; wv) AppleWebKit/537.36 (KHTML, like Gecko) Version/4.0 Chrome/90.0.4430.210 Mobile Safari/537.36"
159.223.61.167 - - [29/Apr/2026:16:07:20 +0200] "GET /images/ALFA_DATA/alfacgiapi/index.php HTTP/1.1" 404 1251 "-" "Mozilla/5.0 (Linux; Android 11; Redmi Note 9 Pro Build/RKQ1.200826.002; wv) AppleWebKit/537.36 (KHTML, like Gecko) Version/4.0 Chrome/90.0.4430.210 Mobile Safari/537.36"
159.223.61.167 - - [29/Apr/2026:16:07:07 +0200] "GET /.well-known/pki-validation/ALFA_DATA/alfacgiapi/index.php HTTP/1.1" 404 1251 "-" "Mozilla/5.0 (Linux; Android 11; Redmi Note 9 Pro Build/RKQ1.200826.002; wv) AppleWebKit/537.36 (KHTML, like Gecko) Version/4.0 Chrome/90.0.4430.210 Mobile Safari/537.36"
159.223.61.167 - - [29/Apr/2026:16:07:08 +0200] "GET /.well-known/pki-validation/ALFA_DATA/alfacgiapi/radio.php HTTP/1.1" 404 1251 "-" "Mozilla/5.0 (Linux; Android 11; Redmi Note 9 Pro Build/RKQ1.200826.002; wv) AppleWebKit/537.36 (KHTML, like Gecko) Version/4.0 Chrome/90.0.4430.210 Mobile Safari/537.36"
41.248.229.245 - - [29/Apr/2026:16:07:10 +0200] "GET /cpanel.php HTTP/1.1" 404 1251 "-" "Mozilla/5.0 (X11; Ubuntu; Linux i686; rv:28.0) Gecko/20100101 Firefox/72.0"
41.248.229.245 - - [29/Apr/2026:16:07:14 +0200] "GET /langar.php HTTP/1.1" 404 1251 "-" "Mozilla/5.0 (X11; Ubuntu; Linux i686; rv:28.0) Gecko/20100101 Firefox/72.0"
159.223.61.167 - - [29/Apr/2026:16:07:14 +0200] "POST /cgi-bin/alfacgiapi/bash.alfa HTTP/1.1" 404 1251 "-" "Mozilla/5.0 (Linux; Android 11; Redmi Note 9 Pro Build/RKQ1.200826.002; wv) AppleWebKit/537.36 (KHTML, like Gecko) Version/4.0 Chrome/90.0.4430.210 Mobile Safari/537.36"
159.223.61.167 - - [29/Apr/2026:16:07:14 +0200] "POST /cgi-bin/alfacgiapi/bash.alfa HTTP/1.1" 404 1251 "-" "Mozilla/5.0 (Linux; Android 11; Redmi Note 9 Pro Build/RKQ1.200826.002; wv) AppleWebKit/537.36 (KHTML, like Gecko) Version/4.0 Chrome/90.0.4430.210 Mobile Safari/537.36"
159.223.61.167 - - [29/Apr/2026:16:07:15 +0200] "POST /cgi-bin/alfacgiapi/py.alfa HTTP/1.1" 404 1251 "-" "Mozilla/5.0 (Linux; Android 11; Redmi Note 9 Pro Build/RKQ1.200826.002; wv) AppleWebKit/537.36 (KHTML, like Gecko) Version/4.0 Chrome/90.0.4430.210 Mobile Safari/537.36"
159.223.61.167 - - [29/Apr/2026:16:07:15 +0200] "GET /cgi-bin/alfacgiapi/radio.php HTTP/1.1" 404 1251 "-" "Mozilla/5.0 (Linux; Android 11; Redmi Note 9 Pro Build/RKQ1.200826.002; wv) AppleWebKit/537.36 (KHTML, like Gecko) Version/4.0 Chrome/90.0.4430.210 Mobile Safari/537.36"
159.223.61.167 - - [29/Apr/2026:16:07:16 +0200] "POST /cgi-bin/ALFA_DATA/alfacgiapi/py.alfa HTTP/1.1" 404 1251 "-" "Mozilla/5.0 (Linux; Android 11; Redmi Note 9 Pro Build/RKQ1.200826.002; wv) AppleWebKit/537.36 (KHTML, like Gecko) Version/4.0 Chrome/90.0.4430.210 Mobile Safari/537.36"
159.223.61.167 - - [29/Apr/2026:16:07:17 +0200] "GET /cgi-bin/ALFA_DATA/alfacgiapi/index.php HTTP/1.1" 404 1251 "-" "Mozilla/5.0 (Linux; Android 11; Redmi Note 9 Pro Build/RKQ1.200826.002; wv) AppleWebKit/537.36 (KHTML, like Gecko) Version/4.0 Chrome/90.0.4430.210 Mobile Safari/537.36"
159.223.61.167 - - [29/Apr/2026:16:07:17 +0200] "POST /images/alfacgiapi/perl.alfa HTTP/1.1" 404 1251 "-" "Mozilla/5.0 (Linux; Android 11; Redmi Note 9 Pro Build/RKQ1.200826.002; wv) AppleWebKit/537.36 (KHTML, like Gecko) Version/4.0 Chrome/90.0.4430.210 Mobile Safari/537.36"
159.223.61.167 - - [29/Apr/2026:16:07:18 +0200] "GET /images/alfacgiapi/index.php HTTP/1.1" 404 1251 "-" "Mozilla/5.0 (Linux; Android 11; Redmi Note 9 Pro Build/RKQ1.200826.002; wv) AppleWebKit/537.36 (KHTML, like Gecko) Version/4.0 Chrome/90.0.4430.210 Mobile Safari/537.36"
159.223.61.167 - - [29/Apr/2026:16:07:19 +0200] "GET /images/alfacgiapi/radio.php HTTP/1.1" 404 1251 "-" "Mozilla/5.0 (Linux; Android 11; Redmi Note 9 Pro Build/RKQ1.200826.002; wv) AppleWebKit/537.36 (KHTML, like Gecko) Version/4.0 Chrome/90.0.4430.210 Mobile Safari/537.36"
159.223.61.167 - - [29/Apr/2026:16:07:19 +0200] "POST /images/ALFA_DATA/alfacgiapi/bash.alfa HTTP/1.1" 404 1251 "-" "Mozilla/5.0 (Linux; Android 11; Redmi Note 9 Pro Build/RKQ1.200826.002; wv) AppleWebKit/537.36 (KHTML, like Gecko) Version/4.0 Chrome/90.0.4430.210 Mobile Safari/537.36"
159.223.61.167 - - [29/Apr/2026:16:07:20 +0200] "GET /images/ALFA_DATA/alfacgiapi/radio.php HTTP/1.1" 404 1251 "-" "Mozilla/5.0 (Linux; Android 11; Redmi Note 9 Pro Build/RKQ1.200826.002; wv) AppleWebKit/537.36 (KHTML, like Gecko) Version/4.0 Chrome/90.0.4430.210 Mobile Safari/537.36"
159.223.61.167 - - [29/Apr/2026:16:07:19 +0200] "POST /images/ALFA_DATA/alfacgiapi/perl.alfa HTTP/1.1" 404 1251 "-" "Mozilla/5.0 (Linux; Android 11; Redmi Note 9 Pro Build/RKQ1.200826.002; wv) AppleWebKit/537.36 (KHTML, like Gecko) Version/4.0 Chrome/90.0.4430.210 Mobile Safari/537.36"
159.223.61.167 - - [29/Apr/2026:16:07:20 +0200] "POST /images/ALFA_DATA/alfacgiapi/py.alfa HTTP/1.1" 404 1251 "-" "Mozilla/5.0 (Linux; Android 11; Redmi Note 9 Pro Build/RKQ1.200826.002; wv) AppleWebKit/537.36 (KHTML, like Gecko) Version/4.0 Chrome/90.0.4430.210 Mobile Safari/537.36"
159.223.61.167 - - [29/Apr/2026:16:07:21 +0200] "POST /components/alfacgiapi/perl.alfa HTTP/1.1" 404 1251 "-" "Mozilla/5.0 (Linux; Android 11; Redmi Note 9 Pro Build/RKQ1.200826.002; wv) AppleWebKit/537.36 (KHTML, like Gecko) Version/4.0 Chrome/90.0.4430.210 Mobile Safari/537.36"
159.223.61.167 - - [29/Apr/2026:16:07:21 +0200] "POST /components/alfacgiapi/bash.alfa HTTP/1.1" 404 1251 "-" "Mozilla/5.0 (Linux; Android 11; Redmi Note 9 Pro Build/RKQ1.200826.002; wv) AppleWebKit/537.36 (KHTML, like Gecko) Version/4.0 Chrome/90.0.4430.210 Mobile Safari/537.36"
159.223.61.167 - - [29/Apr/2026:16:07:21 +0200] "POST /components/alfacgiapi/bash.alfa HTTP/1.1" 404 1251 "-" "Mozilla/5.0 (Linux; Android 11; Redmi Note 9 Pro Build/RKQ1.200826.002; wv) AppleWebKit/537.36 (KHTML, like Gecko) Version/4.0 Chrome/90.0.4430.210 Mobile Safari/537.36"
159.223.61.167 - - [29/Apr/2026:16:07:22 +0200] "POST /components/alfacgiapi/py.alfa HTTP/1.1" 404 1251 "-" "Mozilla/5.0 (Linux; Android 11; Redmi Note 9 Pro Build/RKQ1.200826.002; wv) AppleWebKit/537.36 (KHTML, like Gecko) Version/4.0 Chrome/90.0.4430.210 Mobile Safari/537.36"
159.223.61.167 - - [29/Apr/2026:16:07:23 +0200] "POST /components/ALFA_DATA/alfacgiapi/py.alfa HTTP/1.1" 404 1251 "-" "Mozilla/5.0 (Linux; Android 11; Redmi Note 9 Pro Build/RKQ1.200826.002; wv) AppleWebKit/537.36 (KHTML, like Gecko) Version/4.0 Chrome/90.0.4430.210 Mobile Safari/537.36"
159.223.61.167 - - [29/Apr/2026:16:07:23 +0200] "GET /components/ALFA_DATA/alfacgiapi/index.php HTTP/1.1" 404 1251 "-" "Mozilla/5.0 (Linux; Android 11; Redmi Note 9 Pro Build/RKQ1.200826.002; wv) AppleWebKit/537.36 (KHTML, like Gecko) Version/4.0 Chrome/90.0.4430.210 Mobile Safari/537.36"
159.223.61.167 - - [29/Apr/2026:16:07:23 +0200] "GET /components/ALFA_DATA/alfacgiapi/radio.php HTTP/1.1" 404 1251 "-" "Mozilla/5.0 (Linux; Android 11; Redmi Note 9 Pro Build/RKQ1.200826.002; wv) AppleWebKit/537.36 (KHTML, like Gecko) Version/4.0 Chrome/90.0.4430.210 Mobile Safari/537.36"
159.223.61.167 - - [29/Apr/2026:16:07:24 +0200] "GET /components/ALFA_DATA/alfacgiapi/404.php HTTP/1.1" 404 1251 "-" "Mozilla/5.0 (Linux; Android 11; Redmi Note 9 Pro Build/RKQ1.200826.002; wv) AppleWebKit/537.36 (KHTML, like Gecko) Version/4.0 Chrome/90.0.4430.210 Mobile Safari/537.36"
159.223.61.167 - - [29/Apr/2026:16:07:24 +0200] "POST /wordpress/alfacgiapi/perl.alfa HTTP/1.1" 404 1251 "-" "Mozilla/5.0 (Linux; Android 11; Redmi Note 9 Pro Build/RKQ1.200826.002; wv) AppleWebKit/537.36 (KHTML, like Gecko) Version/4.0 Chrome/90.0.4430.210 Mobile Safari/537.36"
159.223.61.167 - - [29/Apr/2026:16:07:25 +0200] "GET /wordpress/alfacgiapi/radio.php HTTP/1.1" 404 1251 "-" "Mozilla/5.0 (Linux; Android 11; Redmi Note 9 Pro Build/RKQ1.200826.002; wv) AppleWebKit/537.36 (KHTML, like Gecko) Version/4.0 Chrome/90.0.4430.210 Mobile Safari/537.36"
159.223.61.167 - - [29/Apr/2026:16:07:25 +0200] "POST /wordpress/ALFA_DATA/alfacgiapi/perl.alfa HTTP/1.1" 404 1251 "-" "Mozilla/5.0 (Linux; Android 11; Redmi Note 9 Pro Build/RKQ1.200826.002; wv) AppleWebKit/537.36 (KHTML, like Gecko) Version/4.0 Chrome/90.0.4430.210 Mobile Safari/537.36"
159.223.61.167 - - [29/Apr/2026:16:07:26 +0200] "POST /wordpress/ALFA_DATA/alfacgiapi/bash.alfa HTTP/1.1" 404 1251 "-" "Mozilla/5.0 (Linux; Android 11; Redmi Note 9 Pro Build/RKQ1.200826.002; wv) AppleWebKit/537.36 (KHTML, like Gecko) Version/4.0 Chrome/90.0.4430.210 Mobile Safari/537.36"
41.248.229.245 - - [29/Apr/2026:16:07:20 +0200] "GET /b.php HTTP/1.1" 404 1251 "-" "Mozilla/5.0 (X11; Ubuntu; Linux i686; rv:28.0) Gecko/20100101 Firefox/72.0"
159.223.61.167 - - [29/Apr/2026:16:07:20 +0200] "GET /images/ALFA_DATA/alfacgiapi/404.php HTTP/1.1" 404 1251 "-" "Mozilla/5.0 (Linux; Android 11; Redmi Note 9 Pro Build/RKQ1.200826.002; wv) AppleWebKit/537.36 (KHTML, like Gecko) Version/4.0 Chrome/90.0.4430.210 Mobile Safari/537.36"
159.223.61.167 - - [29/Apr/2026:16:07:21 +0200] "POST /components/alfacgiapi/perl.alfa HTTP/1.1" 404 1251 "-" "Mozilla/5.0 (Linux; Android 11; Redmi Note 9 Pro Build/RKQ1.200826.002; wv) AppleWebKit/537.36 (KHTML, like Gecko) Version/4.0 Chrome/90.0.4430.210 Mobile Safari/537.36"
159.223.61.167 - - [29/Apr/2026:16:07:22 +0200] "GET /components/alfacgiapi/404.php HTTP/1.1" 404 1251 "-" "Mozilla/5.0 (Linux; Android 11; Redmi Note 9 Pro Build/RKQ1.200826.002; wv) AppleWebKit/537.36 (KHTML, like Gecko) Version/4.0 Chrome/90.0.4430.210 Mobile Safari/537.36"
159.223.61.167 - - [29/Apr/2026:16:07:22 +0200] "POST /components/ALFA_DATA/alfacgiapi/perl.alfa HTTP/1.1" 404 1251 "-" "Mozilla/5.0 (Linux; Android 11; Redmi Note 9 Pro Build/RKQ1.200826.002; wv) AppleWebKit/537.36 (KHTML, like Gecko) Version/4.0 Chrome/90.0.4430.210 Mobile Safari/537.36"
159.223.61.167 - - [29/Apr/2026:16:07:22 +0200] "POST /components/ALFA_DATA/alfacgiapi/perl.alfa HTTP/1.1" 404 1251 "-" "Mozilla/5.0 (Linux; Android 11; Redmi Note 9 Pro Build/RKQ1.200826.002; wv) AppleWebKit/537.36 (KHTML, like Gecko) Version/4.0 Chrome/90.0.4430.210 Mobile Safari/537.36"
159.223.61.167 - - [29/Apr/2026:16:07:23 +0200] "POST /components/ALFA_DATA/alfacgiapi/bash.alfa HTTP/1.1" 404 1251 "-" "Mozilla/5.0 (Linux; Android 11; Redmi Note 9 Pro Build/RKQ1.200826.002; wv) AppleWebKit/537.36 (KHTML, like Gecko) Version/4.0 Chrome/90.0.4430.210 Mobile Safari/537.36"
159.223.61.167 - - [29/Apr/2026:16:07:23 +0200] "POST /components/ALFA_DATA/alfacgiapi/bash.alfa HTTP/1.1" 404 1251 "-" "Mozilla/5.0 (Linux; Android 11; Redmi Note 9 Pro Build/RKQ1.200826.002; wv) AppleWebKit/537.36 (KHTML, like Gecko) Version/4.0 Chrome/90.0.4430.210 Mobile Safari/537.36"
159.223.61.167 - - [29/Apr/2026:16:07:23 +0200] "POST /components/ALFA_DATA/alfacgiapi/py.alfa HTTP/1.1" 404 1251 "-" "Mozilla/5.0 (Linux; Android 11; Redmi Note 9 Pro Build/RKQ1.200826.002; wv) AppleWebKit/537.36 (KHTML, like Gecko) Version/4.0 Chrome/90.0.4430.210 Mobile Safari/537.36"
159.223.61.167 - - [29/Apr/2026:16:07:24 +0200] "POST /wordpress/alfacgiapi/bash.alfa HTTP/1.1" 404 1251 "-" "Mozilla/5.0 (Linux; Android 11; Redmi Note 9 Pro Build/RKQ1.200826.002; wv) AppleWebKit/537.36 (KHTML, like Gecko) Version/4.0 Chrome/90.0.4430.210 Mobile Safari/537.36"
159.223.61.167 - - [29/Apr/2026:16:07:24 +0200] "POST /wordpress/alfacgiapi/py.alfa HTTP/1.1" 404 1251 "-" "Mozilla/5.0 (Linux; Android 11; Redmi Note 9 Pro Build/RKQ1.200826.002; wv) AppleWebKit/537.36 (KHTML, like Gecko) Version/4.0 Chrome/90.0.4430.210 Mobile Safari/537.36"
159.223.61.167 - - [29/Apr/2026:16:07:25 +0200] "POST /wordpress/alfacgiapi/py.alfa HTTP/1.1" 404 1251 "-" "Mozilla/5.0 (Linux; Android 11; Redmi Note 9 Pro Build/RKQ1.200826.002; wv) AppleWebKit/537.36 (KHTML, like Gecko) Version/4.0 Chrome/90.0.4430.210 Mobile Safari/537.36"
159.223.61.167 - - [29/Apr/2026:16:07:25 +0200] "GET /wordpress/alfacgiapi/index.php HTTP/1.1" 404 1251 "-" "Mozilla/5.0 (Linux; Android 11; Redmi Note 9 Pro Build/RKQ1.200826.002; wv) AppleWebKit/537.36 (KHTML, like Gecko) Version/4.0 Chrome/90.0.4430.210 Mobile Safari/537.36"
159.223.61.167 - - [29/Apr/2026:16:07:27 +0200] "GET /wordpress/ALFA_DATA/alfacgiapi/radio.php HTTP/1.1" 404 1251 "-" "Mozilla/5.0 (Linux; Android 11; Redmi Note 9 Pro Build/RKQ1.200826.002; wv) AppleWebKit/537.36 (KHTML, like Gecko) Version/4.0 Chrome/90.0.4430.210 Mobile Safari/537.36"
159.223.61.167 - - [29/Apr/2026:16:07:21 +0200] "POST /components/alfacgiapi/py.alfa HTTP/1.1" 404 1251 "-" "Mozilla/5.0 (Linux; Android 11; Redmi Note 9 Pro Build/RKQ1.200826.002; wv) AppleWebKit/537.36 (KHTML, like Gecko) Version/4.0 Chrome/90.0.4430.210 Mobile Safari/537.36"
159.223.61.167 - - [29/Apr/2026:16:07:22 +0200] "GET /components/alfacgiapi/index.php HTTP/1.1" 404 1251 "-" "Mozilla/5.0 (Linux; Android 11; Redmi Note 9 Pro Build/RKQ1.200826.002; wv) AppleWebKit/537.36 (KHTML, like Gecko) Version/4.0 Chrome/90.0.4430.210 Mobile Safari/537.36"
159.223.61.167 - - [29/Apr/2026:16:07:22 +0200] "GET /components/alfacgiapi/radio.php HTTP/1.1" 404 1251 "-" "Mozilla/5.0 (Linux; Android 11; Redmi Note 9 Pro Build/RKQ1.200826.002; wv) AppleWebKit/537.36 (KHTML, like Gecko) Version/4.0 Chrome/90.0.4430.210 Mobile Safari/537.36"
159.223.61.167 - - [29/Apr/2026:16:07:24 +0200] "POST /wordpress/alfacgiapi/perl.alfa HTTP/1.1" 404 1251 "-" "Mozilla/5.0 (Linux; Android 11; Redmi Note 9 Pro Build/RKQ1.200826.002; wv) AppleWebKit/537.36 (KHTML, like Gecko) Version/4.0 Chrome/90.0.4430.210 Mobile Safari/537.36"
159.223.61.167 - - [29/Apr/2026:16:07:24 +0200] "POST /wordpress/alfacgiapi/bash.alfa HTTP/1.1" 404 1251 "-" "Mozilla/5.0 (Linux; Android 11; Redmi Note 9 Pro Build/RKQ1.200826.002; wv) AppleWebKit/537.36 (KHTML, like Gecko) Version/4.0 Chrome/90.0.4430.210 Mobile Safari/537.36"
159.223.61.167 - - [29/Apr/2026:16:07:25 +0200] "GET /wordpress/alfacgiapi/404.php HTTP/1.1" 404 1251 "-" "Mozilla/5.0 (Linux; Android 11; Redmi Note 9 Pro Build/RKQ1.200826.002; wv) AppleWebKit/537.36 (KHTML, like Gecko) Version/4.0 Chrome/90.0.4430.210 Mobile Safari/537.36"
159.223.61.167 - - [29/Apr/2026:16:07:26 +0200] "POST /wordpress/ALFA_DATA/alfacgiapi/perl.alfa HTTP/1.1" 404 1251 "-" "Mozilla/5.0 (Linux; Android 11; Redmi Note 9 Pro Build/RKQ1.200826.002; wv) AppleWebKit/537.36 (KHTML, like Gecko) Version/4.0 Chrome/90.0.4430.210 Mobile Safari/537.36"
159.223.61.167 - - [29/Apr/2026:16:07:26 +0200] "POST /wordpress/ALFA_DATA/alfacgiapi/py.alfa HTTP/1.1" 404 1251 "-" "Mozilla/5.0 (Linux; Android 11; Redmi Note 9 Pro Build/RKQ1.200826.002; wv) AppleWebKit/537.36 (KHTML, like Gecko) Version/4.0 Chrome/90.0.4430.210 Mobile Safari/537.36"
159.223.61.167 - - [29/Apr/2026:16:07:27 +0200] "POST /wordpress/ALFA_DATA/alfacgiapi/py.alfa HTTP/1.1" 404 1251 "-" "Mozilla/5.0 (Linux; Android 11; Redmi Note 9 Pro Build/RKQ1.200826.002; wv) AppleWebKit/537.36 (KHTML, like Gecko) Version/4.0 Chrome/90.0.4430.210 Mobile Safari/537.36"
159.223.61.167 - - [29/Apr/2026:16:07:27 +0200] "POST /wp/alfacgiapi/perl.alfa HTTP/1.1" 404 1251 "-" "Mozilla/5.0 (Linux; Android 11; Redmi Note 9 Pro Build/RKQ1.200826.002; wv) AppleWebKit/537.36 (KHTML, like Gecko) Version/4.0 Chrome/90.0.4430.210 Mobile Safari/537.36"
159.223.61.167 - - [29/Apr/2026:16:07:27 +0200] "POST /wp/alfacgiapi/perl.alfa HTTP/1.1" 404 1251 "-" "Mozilla/5.0 (Linux; Android 11; Redmi Note 9 Pro Build/RKQ1.200826.002; wv) AppleWebKit/537.36 (KHTML, like Gecko) Version/4.0 Chrome/90.0.4430.210 Mobile Safari/537.36"
159.223.61.167 - - [29/Apr/2026:16:07:28 +0200] "POST /wp/alfacgiapi/bash.alfa HTTP/1.1" 404 1251 "-" "Mozilla/5.0 (Linux; Android 11; Redmi Note 9 Pro Build/RKQ1.200826.002; wv) AppleWebKit/537.36 (KHTML, like Gecko) Version/4.0 Chrome/90.0.4430.210 Mobile Safari/537.36"
159.223.61.167 - - [29/Apr/2026:16:07:28 +0200] "POST /wp/alfacgiapi/py.alfa HTTP/1.1" 404 1251 "-" "Mozilla/5.0 (Linux; Android 11; Redmi Note 9 Pro Build/RKQ1.200826.002; wv) AppleWebKit/537.36 (KHTML, like Gecko) Version/4.0 Chrome/90.0.4430.210 Mobile Safari/537.36"
159.223.61.167 - - [29/Apr/2026:16:07:29 +0200] "POST /wp/ALFA_DATA/alfacgiapi/perl.alfa HTTP/1.1" 404 1251 "-" "Mozilla/5.0 (Linux; Android 11; Redmi Note 9 Pro Build/RKQ1.200826.002; wv) AppleWebKit/537.36 (KHTML, like Gecko) Version/4.0 Chrome/90.0.4430.210 Mobile Safari/537.36"
159.223.61.167 - - [29/Apr/2026:16:07:26 +0200] "POST /wordpress/ALFA_DATA/alfacgiapi/bash.alfa HTTP/1.1" 404 1251 "-" "Mozilla/5.0 (Linux; Android 11; Redmi Note 9 Pro Build/RKQ1.200826.002; wv) AppleWebKit/537.36 (KHTML, like Gecko) Version/4.0 Chrome/90.0.4430.210 Mobile Safari/537.36"
159.223.61.167 - - [29/Apr/2026:16:07:27 +0200] "GET /wordpress/ALFA_DATA/alfacgiapi/index.php HTTP/1.1" 404 1251 "-" "Mozilla/5.0 (Linux; Android 11; Redmi Note 9 Pro Build/RKQ1.200826.002; wv) AppleWebKit/537.36 (KHTML, like Gecko) Version/4.0 Chrome/90.0.4430.210 Mobile Safari/537.36"
159.223.61.167 - - [29/Apr/2026:16:07:29 +0200] "GET /wp/alfacgiapi/404.php HTTP/1.1" 404 1251 "-" "Mozilla/5.0 (Linux; Android 11; Redmi Note 9 Pro Build/RKQ1.200826.002; wv) AppleWebKit/537.36 (KHTML, like Gecko) Version/4.0 Chrome/90.0.4430.210 Mobile Safari/537.36"
159.223.61.167 - - [29/Apr/2026:16:07:29 +0200] "POST /wp/ALFA_DATA/alfacgiapi/bash.alfa HTTP/1.1" 404 1251 "-" "Mozilla/5.0 (Linux; Android 11; Redmi Note 9 Pro Build/RKQ1.200826.002; wv) AppleWebKit/537.36 (KHTML, like Gecko) Version/4.0 Chrome/90.0.4430.210 Mobile Safari/537.36"
159.223.61.167 - - [29/Apr/2026:16:07:29 +0200] "POST /wp/ALFA_DATA/alfacgiapi/py.alfa HTTP/1.1" 404 1251 "-" "Mozilla/5.0 (Linux; Android 11; Redmi Note 9 Pro Build/RKQ1.200826.002; wv) AppleWebKit/537.36 (KHTML, like Gecko) Version/4.0 Chrome/90.0.4430.210 Mobile Safari/537.36"
159.223.61.167 - - [29/Apr/2026:16:07:30 +0200] "GET /wp/ALFA_DATA/alfacgiapi/radio.php HTTP/1.1" 404 1251 "-" "Mozilla/5.0 (Linux; Android 11; Redmi Note 9 Pro Build/RKQ1.200826.002; wv) AppleWebKit/537.36 (KHTML, like Gecko) Version/4.0 Chrome/90.0.4430.210 Mobile Safari/537.36"
41.248.229.245 - - [29/Apr/2026:16:07:31 +0200] "GET /assets/images/ HTTP/1.1" 404 1251 "www.google.com" "Mozlila/5.0 (Linux; Android 7.0; SM-G892A Bulid/NRD90M; wv) AppleWebKit/537.36 (KHTML, like Gecko) Version/4.0 Chrome/60.0.3112.107 Moblie Safari/537.36"
159.223.61.167 - - [29/Apr/2026:16:07:31 +0200] "POST /blog/alfacgiapi/perl.alfa HTTP/1.1" 404 1251 "-" "Mozilla/5.0 (Linux; Android 11; Redmi Note 9 Pro Build/RKQ1.200826.002; wv) AppleWebKit/537.36 (KHTML, like Gecko) Version/4.0 Chrome/90.0.4430.210 Mobile Safari/537.36"
159.223.61.167 - - [29/Apr/2026:16:07:31 +0200] "POST /blog/alfacgiapi/bash.alfa HTTP/1.1" 404 1251 "-" "Mozilla/5.0 (Linux; Android 11; Redmi Note 9 Pro Build/RKQ1.200826.002; wv) AppleWebKit/537.36 (KHTML, like Gecko) Version/4.0 Chrome/90.0.4430.210 Mobile Safari/537.36"
159.223.61.167 - - [29/Apr/2026:16:07:31 +0200] "POST /blog/alfacgiapi/bash.alfa HTTP/1.1" 404 1251 "-" "Mozilla/5.0 (Linux; Android 11; Redmi Note 9 Pro Build/RKQ1.200826.002; wv) AppleWebKit/537.36 (KHTML, like Gecko) Version/4.0 Chrome/90.0.4430.210 Mobile Safari/537.36"
159.223.61.167 - - [29/Apr/2026:16:07:32 +0200] "GET /blog/alfacgiapi/radio.php HTTP/1.1" 404 1251 "-" "Mozilla/5.0 (Linux; Android 11; Redmi Note 9 Pro Build/RKQ1.200826.002; wv) AppleWebKit/537.36 (KHTML, like Gecko) Version/4.0 Chrome/90.0.4430.210 Mobile Safari/537.36"
159.223.61.167 - - [29/Apr/2026:16:07:33 +0200] "POST /blog/ALFA_DATA/alfacgiapi/perl.alfa HTTP/1.1" 404 1251 "-" "Mozilla/5.0 (Linux; Android 11; Redmi Note 9 Pro Build/RKQ1.200826.002; wv) AppleWebKit/537.36 (KHTML, like Gecko) Version/4.0 Chrome/90.0.4430.210 Mobile Safari/537.36"
159.223.61.167 - - [29/Apr/2026:16:07:33 +0200] "POST /blog/ALFA_DATA/alfacgiapi/py.alfa HTTP/1.1" 404 1251 "-" "Mozilla/5.0 (Linux; Android 11; Redmi Note 9 Pro Build/RKQ1.200826.002; wv) AppleWebKit/537.36 (KHTML, like Gecko) Version/4.0 Chrome/90.0.4430.210 Mobile Safari/537.36"
159.223.61.167 - - [29/Apr/2026:16:07:34 +0200] "GET /blog/ALFA_DATA/alfacgiapi/radio.php HTTP/1.1" 404 1251 "-" "Mozilla/5.0 (Linux; Android 11; Redmi Note 9 Pro Build/RKQ1.200826.002; wv) AppleWebKit/537.36 (KHTML, like Gecko) Version/4.0 Chrome/90.0.4430.210 Mobile Safari/537.36"
159.223.61.167 - - [29/Apr/2026:16:07:29 +0200] "POST /wp/ALFA_DATA/alfacgiapi/perl.alfa HTTP/1.1" 404 1251 "-" "Mozilla/5.0 (Linux; Android 11; Redmi Note 9 Pro Build/RKQ1.200826.002; wv) AppleWebKit/537.36 (KHTML, like Gecko) Version/4.0 Chrome/90.0.4430.210 Mobile Safari/537.36"
159.223.61.167 - - [29/Apr/2026:16:07:29 +0200] "POST /wp/ALFA_DATA/alfacgiapi/bash.alfa HTTP/1.1" 404 1251 "-" "Mozilla/5.0 (Linux; Android 11; Redmi Note 9 Pro Build/RKQ1.200826.002; wv) AppleWebKit/537.36 (KHTML, like Gecko) Version/4.0 Chrome/90.0.4430.210 Mobile Safari/537.36"
159.223.61.167 - - [29/Apr/2026:16:07:30 +0200] "POST /wp/ALFA_DATA/alfacgiapi/py.alfa HTTP/1.1" 404 1251 "-" "Mozilla/5.0 (Linux; Android 11; Redmi Note 9 Pro Build/RKQ1.200826.002; wv) AppleWebKit/537.36 (KHTML, like Gecko) Version/4.0 Chrome/90.0.4430.210 Mobile Safari/537.36"
159.223.61.167 - - [29/Apr/2026:16:07:31 +0200] "POST /blog/alfacgiapi/perl.alfa HTTP/1.1" 404 1251 "-" "Mozilla/5.0 (Linux; Android 11; Redmi Note 9 Pro Build/RKQ1.200826.002; wv) AppleWebKit/537.36 (KHTML, like Gecko) Version/4.0 Chrome/90.0.4430.210 Mobile Safari/537.36"
159.223.61.167 - - [29/Apr/2026:16:07:31 +0200] "POST /blog/alfacgiapi/py.alfa HTTP/1.1" 404 1251 "-" "Mozilla/5.0 (Linux; Android 11; Redmi Note 9 Pro Build/RKQ1.200826.002; wv) AppleWebKit/537.36 (KHTML, like Gecko) Version/4.0 Chrome/90.0.4430.210 Mobile Safari/537.36"
159.223.61.167 - - [29/Apr/2026:16:07:32 +0200] "POST /blog/alfacgiapi/py.alfa HTTP/1.1" 404 1251 "-" "Mozilla/5.0 (Linux; Android 11; Redmi Note 9 Pro Build/RKQ1.200826.002; wv) AppleWebKit/537.36 (KHTML, like Gecko) Version/4.0 Chrome/90.0.4430.210 Mobile Safari/537.36"
159.223.61.167 - - [29/Apr/2026:16:07:32 +0200] "GET /blog/alfacgiapi/index.php HTTP/1.1" 404 1251 "-" "Mozilla/5.0 (Linux; Android 11; Redmi Note 9 Pro Build/RKQ1.200826.002; wv) AppleWebKit/537.36 (KHTML, like Gecko) Version/4.0 Chrome/90.0.4430.210 Mobile Safari/537.36"
159.223.61.167 - - [29/Apr/2026:16:07:33 +0200] "POST /blog/ALFA_DATA/alfacgiapi/bash.alfa HTTP/1.1" 404 1251 "-" "Mozilla/5.0 (Linux; Android 11; Redmi Note 9 Pro Build/RKQ1.200826.002; wv) AppleWebKit/537.36 (KHTML, like Gecko) Version/4.0 Chrome/90.0.4430.210 Mobile Safari/537.36"
159.223.61.167 - - [29/Apr/2026:16:07:33 +0200] "POST /blog/ALFA_DATA/alfacgiapi/bash.alfa HTTP/1.1" 404 1251 "-" "Mozilla/5.0 (Linux; Android 11; Redmi Note 9 Pro Build/RKQ1.200826.002; wv) AppleWebKit/537.36 (KHTML, like Gecko) Version/4.0 Chrome/90.0.4430.210 Mobile Safari/537.36"
159.223.61.167 - - [29/Apr/2026:16:07:33 +0200] "POST /blog/ALFA_DATA/alfacgiapi/py.alfa HTTP/1.1" 404 1251 "-" "Mozilla/5.0 (Linux; Android 11; Redmi Note 9 Pro Build/RKQ1.200826.002; wv) AppleWebKit/537.36 (KHTML, like Gecko) Version/4.0 Chrome/90.0.4430.210 Mobile Safari/537.36"
159.223.61.167 - - [29/Apr/2026:16:07:34 +0200] "GET /blog/ALFA_DATA/alfacgiapi/404.php HTTP/1.1" 404 1251 "-" "Mozilla/5.0 (Linux; Android 11; Redmi Note 9 Pro Build/RKQ1.200826.002; wv) AppleWebKit/537.36 (KHTML, like Gecko) Version/4.0 Chrome/90.0.4430.210 Mobile Safari/537.36"
159.223.61.167 - - [29/Apr/2026:16:07:34 +0200] "POST /new/alfacgiapi/perl.alfa HTTP/1.1" 404 1251 "-" "Mozilla/5.0 (Linux; Android 11; Redmi Note 9 Pro Build/RKQ1.200826.002; wv) AppleWebKit/537.36 (KHTML, like Gecko) Version/4.0 Chrome/90.0.4430.210 Mobile Safari/537.36"
41.248.229.245 - - [29/Apr/2026:16:07:35 +0200] "GET /x.php HTTP/1.1" 404 1251 "-" "Mozilla/5.0 (X11; Ubuntu; Linux i686; rv:28.0) Gecko/20100101 Firefox/72.0"
41.248.229.245 - - [29/Apr/2026:16:07:40 +0200] "GET /webshell.php HTTP/1.1" 404 1251 "-" "Mozilla/5.0 (X11; Ubuntu; Linux i686; rv:28.0) Gecko/20100101 Firefox/72.0"
41.248.229.245 - - [29/Apr/2026:16:07:40 +0200] "GET /vendor/ HTTP/1.1" 404 1251 "www.google.com" "Mozlila/5.0 (Linux; Android 7.0; SM-G892A Bulid/NRD90M; wv) AppleWebKit/537.36 (KHTML, like Gecko) Version/4.0 Chrome/60.0.3112.107 Moblie Safari/537.36"
41.248.229.245 - - [29/Apr/2026:16:07:48 +0200] "GET /sh.php HTTP/1.1" 404 1251 "-" "Mozilla/5.0 (X11; Ubuntu; Linux i686; rv:28.0) Gecko/20100101 Firefox/72.0"
159.223.61.167 - - [29/Apr/2026:16:07:27 +0200] "GET /wordpress/ALFA_DATA/alfacgiapi/404.php HTTP/1.1" 404 1251 "-" "Mozilla/5.0 (Linux; Android 11; Redmi Note 9 Pro Build/RKQ1.200826.002; wv) AppleWebKit/537.36 (KHTML, like Gecko) Version/4.0 Chrome/90.0.4430.210 Mobile Safari/537.36"
159.223.61.167 - - [29/Apr/2026:16:07:28 +0200] "POST /wp/alfacgiapi/bash.alfa HTTP/1.1" 404 1251 "-" "Mozilla/5.0 (Linux; Android 11; Redmi Note 9 Pro Build/RKQ1.200826.002; wv) AppleWebKit/537.36 (KHTML, like Gecko) Version/4.0 Chrome/90.0.4430.210 Mobile Safari/537.36"
159.223.61.167 - - [29/Apr/2026:16:07:28 +0200] "POST /wp/alfacgiapi/py.alfa HTTP/1.1" 404 1251 "-" "Mozilla/5.0 (Linux; Android 11; Redmi Note 9 Pro Build/RKQ1.200826.002; wv) AppleWebKit/537.36 (KHTML, like Gecko) Version/4.0 Chrome/90.0.4430.210 Mobile Safari/537.36"
159.223.61.167 - - [29/Apr/2026:16:07:28 +0200] "GET /wp/alfacgiapi/index.php HTTP/1.1" 404 1251 "-" "Mozilla/5.0 (Linux; Android 11; Redmi Note 9 Pro Build/RKQ1.200826.002; wv) AppleWebKit/537.36 (KHTML, like Gecko) Version/4.0 Chrome/90.0.4430.210 Mobile Safari/537.36"
159.223.61.167 - - [29/Apr/2026:16:07:28 +0200] "GET /wp/alfacgiapi/radio.php HTTP/1.1" 404 1251 "-" "Mozilla/5.0 (Linux; Android 11; Redmi Note 9 Pro Build/RKQ1.200826.002; wv) AppleWebKit/537.36 (KHTML, like Gecko) Version/4.0 Chrome/90.0.4430.210 Mobile Safari/537.36"
159.223.61.167 - - [29/Apr/2026:16:07:30 +0200] "GET /wp/ALFA_DATA/alfacgiapi/index.php HTTP/1.1" 404 1251 "-" "Mozilla/5.0 (Linux; Android 11; Redmi Note 9 Pro Build/RKQ1.200826.002; wv) AppleWebKit/537.36 (KHTML, like Gecko) Version/4.0 Chrome/90.0.4430.210 Mobile Safari/537.36"
41.248.229.245 - - [29/Apr/2026:16:07:30 +0200] "GET /skipper.php HTTP/1.1" 404 1251 "-" "Mozilla/5.0 (X11; Ubuntu; Linux i686; rv:28.0) Gecko/20100101 Firefox/72.0"
159.223.61.167 - - [29/Apr/2026:16:07:30 +0200] "GET /wp/ALFA_DATA/alfacgiapi/404.php HTTP/1.1" 404 1251 "-" "Mozilla/5.0 (Linux; Android 11; Redmi Note 9 Pro Build/RKQ1.200826.002; wv) AppleWebKit/537.36 (KHTML, like Gecko) Version/4.0 Chrome/90.0.4430.210 Mobile Safari/537.36"
159.223.61.167 - - [29/Apr/2026:16:07:32 +0200] "GET /blog/alfacgiapi/404.php HTTP/1.1" 404 1251 "-" "Mozilla/5.0 (Linux; Android 11; Redmi Note 9 Pro Build/RKQ1.200826.002; wv) AppleWebKit/537.36 (KHTML, like Gecko) Version/4.0 Chrome/90.0.4430.210 Mobile Safari/537.36"
159.223.61.167 - - [29/Apr/2026:16:07:33 +0200] "POST /blog/ALFA_DATA/alfacgiapi/perl.alfa HTTP/1.1" 404 1251 "-" "Mozilla/5.0 (Linux; Android 11; Redmi Note 9 Pro Build/RKQ1.200826.002; wv) AppleWebKit/537.36 (KHTML, like Gecko) Version/4.0 Chrome/90.0.4430.210 Mobile Safari/537.36"
41.248.229.245 - - [29/Apr/2026:16:07:33 +0200] "GET /skippershell.php HTTP/1.1" 404 1251 "-" "Mozilla/5.0 (X11; Ubuntu; Linux i686; rv:28.0) Gecko/20100101 Firefox/72.0"
159.223.61.167 - - [29/Apr/2026:16:07:34 +0200] "GET /blog/ALFA_DATA/alfacgiapi/index.php HTTP/1.1" 404 1251 "-" "Mozilla/5.0 (Linux; Android 11; Redmi Note 9 Pro Build/RKQ1.200826.002; wv) AppleWebKit/537.36 (KHTML, like Gecko) Version/4.0 Chrome/90.0.4430.210 Mobile Safari/537.36"
159.223.61.167 - - [29/Apr/2026:16:07:34 +0200] "POST /new/alfacgiapi/perl.alfa HTTP/1.1" 404 1251 "-" "Mozilla/5.0 (Linux; Android 11; Redmi Note 9 Pro Build/RKQ1.200826.002; wv) AppleWebKit/537.36 (KHTML, like Gecko) Version/4.0 Chrome/90.0.4430.210 Mobile Safari/537.36"
41.248.229.245 - - [29/Apr/2026:16:07:39 +0200] "GET /webadmin.php HTTP/1.1" 404 1251 "-" "Mozilla/5.0 (X11; Ubuntu; Linux i686; rv:28.0) Gecko/20100101 Firefox/72.0"
41.248.229.245 - - [29/Apr/2026:16:07:46 +0200] "GET /simattacker.php HTTP/1.1" 404 1251 "-" "Mozilla/5.0 (X11; Ubuntu; Linux i686; rv:28.0) Gecko/20100101 Firefox/72.0"
41.248.229.245 - - [29/Apr/2026:16:07:50 +0200] "GET /local/ HTTP/1.1" 404 1251 "www.google.com" "Mozlila/5.0 (Linux; Android 7.0; SM-G892A Bulid/NRD90M; wv) AppleWebKit/537.36 (KHTML, like Gecko) Version/4.0 Chrome/60.0.3112.107 Moblie Safari/537.36"
159.223.61.167 - - [29/Apr/2026:16:07:51 +0200] "GET /pws.php HTTP/1.1" 404 1251 "-" "Mozilla/5.0 (Windows NT 10.0; Win64; x64) AppleWebKit/537.36 (KHTML, like Gecko) Chrome/85.0.4183.102 Safari/537.36"
159.223.61.167 - - [29/Apr/2026:16:07:51 +0200] "GET /qsd-php-backdoor.php HTTP/1.1" 404 1251 "-" "Mozilla/5.0 (Windows NT 10.0; Win64; x64) AppleWebKit/537.36 (KHTML, like Gecko) Chrome/85.0.4183.102 Safari/537.36"
159.223.61.167 - - [29/Apr/2026:16:07:52 +0200] "GET /Update%20rootshell.php HTTP/1.1" 404 1251 "-" "Mozilla/5.0 (Windows NT 10.0; Win64; x64) AppleWebKit/537.36 (KHTML, like Gecko) Chrome/85.0.4183.102 Safari/537.36"
159.223.61.167 - - [29/Apr/2026:16:07:53 +0200] "GET /Update%20s72%20Shell%20v1.1%20Coding.php HTTP/1.1" 404 1251 "-" "Mozilla/5.0 (Windows NT 10.0; Win64; x64) AppleWebKit/537.36 (KHTML, like Gecko) Chrome/85.0.4183.102 Safari/537.36"
41.248.229.245 - - [29/Apr/2026:16:07:53 +0200] "GET /shankar.php HTTP/1.1" 404 1251 "-" "Mozilla/5.0 (X11; Ubuntu; Linux i686; rv:28.0) Gecko/20100101 Firefox/72.0"
159.223.61.167 - - [29/Apr/2026:16:07:53 +0200] "GET /Update%20safe0ver.php HTTP/1.1" 404 1251 "-" "Mozilla/5.0 (Windows NT 10.0; Win64; x64) AppleWebKit/537.36 (KHTML, like Gecko) Chrome/85.0.4183.102 Safari/537.36"
159.223.61.167 - - [29/Apr/2026:16:07:53 +0200] "GET /securityghost-priv-Zero5.php HTTP/1.1" 404 1251 "-" "Mozilla/5.0 (Windows NT 10.0; Win64; x64) AppleWebKit/537.36 (KHTML, like Gecko) Chrome/85.0.4183.102 Safari/537.36"
159.223.61.167 - - [29/Apr/2026:16:07:54 +0200] "GET /small.php HTTP/1.1" 404 1251 "-" "Mozilla/5.0 (Windows NT 10.0; Win64; x64) AppleWebKit/537.36 (KHTML, like Gecko) Chrome/85.0.4183.102 Safari/537.36"
159.223.61.167 - - [29/Apr/2026:16:07:54 +0200] "GET /sym.php HTTP/1.1" 404 1251 "-" "Mozilla/5.0 (Windows NT 10.0; Win64; x64) AppleWebKit/537.36 (KHTML, like Gecko) Chrome/85.0.4183.102 Safari/537.36"
159.223.61.167 - - [29/Apr/2026:16:07:55 +0200] "GET /wso-latest.php HTTP/1.1" 404 1251 "-" "Mozilla/5.0 (Windows NT 10.0; Win64; x64) AppleWebKit/537.36 (KHTML, like Gecko) Chrome/85.0.4183.102 Safari/537.36"
159.223.61.167 - - [29/Apr/2026:16:07:55 +0200] "GET /wso2.8 HTTP/1.1" 404 1251 "-" "Mozilla/5.0 (Windows NT 10.0; Win64; x64) AppleWebKit/537.36 (KHTML, like Gecko) Chrome/85.0.4183.102 Safari/537.36"
159.223.61.167 - - [29/Apr/2026:16:07:55 +0200] "GET /b.php HTTP/1.1" 404 1251 "-" "Mozilla/5.0 (Windows NT 10.0; Win64; x64) AppleWebKit/537.36 (KHTML, like Gecko) Chrome/85.0.4183.102 Safari/537.36"
159.223.61.167 - - [29/Apr/2026:16:07:55 +0200] "GET /s.php HTTP/1.1" 404 1251 "-" "Mozilla/5.0 (Windows NT 10.0; Win64; x64) AppleWebKit/537.36 (KHTML, like Gecko) Chrome/85.0.4183.102 Safari/537.36"
159.223.61.167 - - [29/Apr/2026:16:07:56 +0200] "GET /u.php HTTP/1.1" 404 1251 "-" "Mozilla/5.0 (Windows NT 10.0; Win64; x64) AppleWebKit/537.36 (KHTML, like Gecko) Chrome/85.0.4183.102 Safari/537.36"
159.223.61.167 - - [29/Apr/2026:16:07:56 +0200] "GET /y.php HTTP/1.1" 404 1251 "-" "Mozilla/5.0 (Windows NT 10.0; Win64; x64) AppleWebKit/537.36 (KHTML, like Gecko) Chrome/85.0.4183.102 Safari/537.36"
159.223.61.167 - - [29/Apr/2026:16:07:56 +0200] "GET /l.php HTTP/1.1" 404 1251 "-" "Mozilla/5.0 (Windows NT 10.0; Win64; x64) AppleWebKit/537.36 (KHTML, like Gecko) Chrome/85.0.4183.102 Safari/537.36"
159.223.61.167 - - [29/Apr/2026:16:07:56 +0200] "GET /o.php HTTP/1.1" 404 1251 "-" "Mozilla/5.0 (Windows NT 10.0; Win64; x64) AppleWebKit/537.36 (KHTML, like Gecko) Chrome/85.0.4183.102 Safari/537.36"
159.223.61.167 - - [29/Apr/2026:16:07:57 +0200] "GET /m.php HTTP/1.1" 404 1251 "-" "Mozilla/5.0 (Windows NT 10.0; Win64; x64) AppleWebKit/537.36 (KHTML, like Gecko) Chrome/85.0.4183.102 Safari/537.36"
159.223.61.167 - - [29/Apr/2026:16:07:57 +0200] "GET /q.php HTTP/1.1" 404 1251 "-" "Mozilla/5.0 (Windows NT 10.0; Win64; x64) AppleWebKit/537.36 (KHTML, like Gecko) Chrome/85.0.4183.102 Safari/537.36"
159.223.61.167 - - [29/Apr/2026:16:07:50 +0200] "GET /pHpINJ-encoded.php HTTP/1.1" 404 1251 "-" "Mozilla/5.0 (Windows NT 10.0; Win64; x64) AppleWebKit/537.36 (KHTML, like Gecko) Chrome/85.0.4183.102 Safari/537.36"
159.223.61.167 - - [29/Apr/2026:16:07:50 +0200] "GET /php-include-w-shell.php HTTP/1.1" 404 1251 "-" "Mozilla/5.0 (Windows NT 10.0; Win64; x64) AppleWebKit/537.36 (KHTML, like Gecko) Chrome/85.0.4183.102 Safari/537.36"
159.223.61.167 - - [29/Apr/2026:16:07:51 +0200] "GET /Update%20php-reverse-shell.php HTTP/1.1" 404 1251 "-" "Mozilla/5.0 (Windows NT 10.0; Win64; x64) AppleWebKit/537.36 (KHTML, like Gecko) Chrome/85.0.4183.102 Safari/537.36"
159.223.61.167 - - [29/Apr/2026:16:07:51 +0200] "GET /Update%20pws.php HTTP/1.1" 404 1251 "-" "Mozilla/5.0 (Windows NT 10.0; Win64; x64) AppleWebKit/537.36 (KHTML, like Gecko) Chrome/85.0.4183.102 Safari/537.36"
159.223.61.167 - - [29/Apr/2026:16:07:52 +0200] "GET /Update%20qsd-php-backdoor.php HTTP/1.1" 404 1251 "-" "Mozilla/5.0 (Windows NT 10.0; Win64; x64) AppleWebKit/537.36 (KHTML, like Gecko) Chrome/85.0.4183.102 Safari/537.36"
159.223.61.167 - - [29/Apr/2026:16:07:52 +0200] "GET /rootshell.php HTTP/1.1" 404 1251 "-" "Mozilla/5.0 (Windows NT 10.0; Win64; x64) AppleWebKit/537.36 (KHTML, like Gecko) Chrome/85.0.4183.102 Safari/537.36"
159.223.61.167 - - [29/Apr/2026:16:07:52 +0200] "GET /ru24_post_sh.php HTTP/1.1" 404 1251 "-" "Mozilla/5.0 (Windows NT 10.0; Win64; x64) AppleWebKit/537.36 (KHTML, like Gecko) Chrome/85.0.4183.102 Safari/537.36"
159.223.61.167 - - [29/Apr/2026:16:07:53 +0200] "GET /safe0ver.php HTTP/1.1" 404 1251 "-" "Mozilla/5.0 (Windows NT 10.0; Win64; x64) AppleWebKit/537.36 (KHTML, like Gecko) Chrome/85.0.4183.102 Safari/537.36"
41.248.229.245 - - [29/Apr/2026:16:07:53 +0200] "GET /sincap.php HTTP/1.1" 404 1251 "-" "Mozilla/5.0 (X11; Ubuntu; Linux i686; rv:28.0) Gecko/20100101 Firefox/72.0"
159.223.61.167 - - [29/Apr/2026:16:07:53 +0200] "GET /simattacker.php HTTP/1.1" 404 1251 "-" "Mozilla/5.0 (Windows NT 10.0; Win64; x64) AppleWebKit/537.36 (KHTML, like Gecko) Chrome/85.0.4183.102 Safari/537.36"
159.223.61.167 - - [29/Apr/2026:16:07:54 +0200] "GET /simple-php-backdoor.php HTTP/1.1" 404 1251 "-" "Mozilla/5.0 (Windows NT 10.0; Win64; x64) AppleWebKit/537.36 (KHTML, like Gecko) Chrome/85.0.4183.102 Safari/537.36"
159.223.61.167 - - [29/Apr/2026:16:07:54 +0200] "GET /Update%20and%20rename%20simple-backdoor.php%20to%20simple-php-backdoor.php HTTP/1.1" 404 1251 "-" "Mozilla/5.0 (Windows NT 10.0; Win64; x64) AppleWebKit/537.36 (KHTML, like Gecko) Chrome/85.0.4183.102 Safari/537.36"
159.223.61.167 - - [29/Apr/2026:16:07:54 +0200] "GET /simple-uploadv2.php HTTP/1.1" 404 1251 "-" "Mozilla/5.0 (Windows NT 10.0; Win64; x64) AppleWebKit/537.36 (KHTML, like Gecko) Chrome/85.0.4183.102 Safari/537.36"
159.223.61.167 - - [29/Apr/2026:16:07:55 +0200] "GET /r.php HTTP/1.1" 404 1251 "-" "Mozilla/5.0 (Windows NT 10.0; Win64; x64) AppleWebKit/537.36 (KHTML, like Gecko) Chrome/85.0.4183.102 Safari/537.36"
41.248.229.245 - - [29/Apr/2026:16:07:55 +0200] "GET /modules/ HTTP/1.1" 404 1251 "www.google.com" "Mozlila/5.0 (Linux; Android 7.0; SM-G892A Bulid/NRD90M; wv) AppleWebKit/537.36 (KHTML, like Gecko) Version/4.0 Chrome/60.0.3112.107 Moblie Safari/537.36"
159.223.61.167 - - [29/Apr/2026:16:07:57 +0200] "GET /j.php HTTP/1.1" 404 1251 "-" "Mozilla/5.0 (Windows NT 10.0; Win64; x64) AppleWebKit/537.36 (KHTML, like Gecko) Chrome/85.0.4183.102 Safari/537.36"
159.223.61.167 - - [29/Apr/2026:16:07:57 +0200] "GET /e.php HTTP/1.1" 404 1251 "-" "Mozilla/5.0 (Windows NT 10.0; Win64; x64) AppleWebKit/537.36 (KHTML, like Gecko) Chrome/85.0.4183.102 Safari/537.36"
41.248.229.245 - - [29/Apr/2026:16:08:09 +0200] "GET /wso2.7.php HTTP/1.1" 404 1251 "-" "Mozilla/5.0 (X11; Ubuntu; Linux i686; rv:28.0) Gecko/20100101 Firefox/72.0"
41.248.229.245 - - [29/Apr/2026:16:08:13 +0200] "GET /w.php HTTP/1.1" 404 1251 "-" "Mozilla/5.0 (X11; Ubuntu; Linux i686; rv:28.0) Gecko/20100101 Firefox/72.0"
41.248.229.245 - - [29/Apr/2026:16:07:35 +0200] "GET /Public/ HTTP/1.1" 404 1251 "www.google.com" "Mozlila/5.0 (Linux; Android 7.0; SM-G892A Bulid/NRD90M; wv) AppleWebKit/537.36 (KHTML, like Gecko) Version/4.0 Chrome/60.0.3112.107 Moblie Safari/537.36"
159.223.61.167 - - [29/Apr/2026:16:07:50 +0200] "GET /php-backdoor-encoded.php HTTP/1.1" 404 1251 "-" "Mozilla/5.0 (Windows NT 10.0; Win64; x64) AppleWebKit/537.36 (KHTML, like Gecko) Chrome/85.0.4183.102 Safari/537.36"
159.223.61.167 - - [29/Apr/2026:16:07:51 +0200] "GET /Update%20php-include-w-shell.php HTTP/1.1" 404 1251 "-" "Mozilla/5.0 (Windows NT 10.0; Win64; x64) AppleWebKit/537.36 (KHTML, like Gecko) Chrome/85.0.4183.102 Safari/537.36"
159.223.61.167 - - [29/Apr/2026:16:07:51 +0200] "GET /php-reverse-shell.php HTTP/1.1" 404 1251 "-" "Mozilla/5.0 (Windows NT 10.0; Win64; x64) AppleWebKit/537.36 (KHTML, like Gecko) Chrome/85.0.4183.102 Safari/537.36"
159.223.61.167 - - [29/Apr/2026:16:07:52 +0200] "GET /Update%20ru24_post_sh.php HTTP/1.1" 404 1251 "-" "Mozilla/5.0 (Windows NT 10.0; Win64; x64) AppleWebKit/537.36 (KHTML, like Gecko) Chrome/85.0.4183.102 Safari/537.36"
