41.248.229.245 - - [29/Apr/2026:17:37:40 +0200] "GET /wp-content/plugins/ HTTP/1.1" 404 1251 "www.google.com" "Mozlila/5.0 (Linux; Android 7.0; SM-G892A Bulid/NRD90M; wv) AppleWebKit/537.36 (KHTML, like Gecko) Version/4.0 Chrome/60.0.3112.107 Moblie Safari/537.36"
104.28.158.82 - - [29/Apr/2026:17:38:15 +0200] "GET /favicon.ico HTTP/1.1" 404 1251 "https://nseurope.eu/Readme_bc28.txt" "Mozilla/5.0 (Windows NT 10.0; Win64; x64) AppleWebKit/537.36 (KHTML, like Gecko) Chrome/135.0.0.0 Safari/537.36 OPR/121.0.0.0 (Edition developer)"
104.28.158.82 - - [29/Apr/2026:17:38:23 +0200] "GET /Readme_bc28.php HTTP/1.1" 404 1251 "-" "Mozilla/5.0 (Windows NT 10.0; Win64; x64) AppleWebKit/537.36 (KHTML, like Gecko) Chrome/135.0.0.0 Safari/537.36 OPR/121.0.0.0 (Edition developer)"
104.28.158.82 - - [29/Apr/2026:17:39:10 +0200] "GET /_autoindex/assets/css/autoindex.css HTTP/1.1" 200 3562 "https://nseurope.eu/" "Mozilla/5.0 (Windows NT 10.0; Win64; x64) AppleWebKit/537.36 (KHTML, like Gecko) Chrome/135.0.0.0 Safari/537.36 OPR/121.0.0.0 (Edition developer)"
104.28.158.82 - - [29/Apr/2026:17:39:10 +0200] "GET /_autoindex/assets/js/tablesort.js HTTP/1.1" 200 7706 "https://nseurope.eu/" "Mozilla/5.0 (Windows NT 10.0; Win64; x64) AppleWebKit/537.36 (KHTML, like Gecko) Chrome/135.0.0.0 Safari/537.36 OPR/121.0.0.0 (Edition developer)"
104.28.158.82 - - [29/Apr/2026:17:39:10 +0200] "GET /_autoindex/assets/icons/file-text.svg HTTP/1.1" 200 768 "https://nseurope.eu/" "Mozilla/5.0 (Windows NT 10.0; Win64; x64) AppleWebKit/537.36 (KHTML, like Gecko) Chrome/135.0.0.0 Safari/537.36 OPR/121.0.0.0 (Edition developer)"
104.28.165.220 - - [29/Apr/2026:17:39:25 +0200] "GET /ztukvivl.php HTTP/1.1" 200 140 "-" "Mozilla/5.0 (Linux; Android 7.0; SM-G892A Build/NRD90M; wv) AppleWebKit/537.36 (KHTML, like Gecko) Version/4.0 Chrome/60.0.3112.107 Mobile Safari/537.36"
41.248.229.245 - - [29/Apr/2026:17:39:46 +0200] "GET /wp-content/mu-plugins-old/ HTTP/1.1" 404 1251 "www.google.com" "Mozlila/5.0 (Linux; Android 7.0; SM-G892A Bulid/NRD90M; wv) AppleWebKit/537.36 (KHTML, like Gecko) Version/4.0 Chrome/60.0.3112.107 Moblie Safari/537.36"
104.28.158.82 - - [29/Apr/2026:17:40:04 +0200] "GET /ztukvivl.php HTTP/1.1" 200 140 "https://nseurope.eu/" "Mozilla/5.0 (Windows NT 10.0; Win64; x64) AppleWebKit/537.36 (KHTML, like Gecko) Chrome/135.0.0.0 Safari/537.36 OPR/121.0.0.0 (Edition developer)"
41.248.229.245 - - [29/Apr/2026:17:33:40 +0200] "GET /Public/ HTTP/1.1" 404 1251 "www.google.com" "Mozlila/5.0 (Linux; Android 7.0; SM-G892A Bulid/NRD90M; wv) AppleWebKit/537.36 (KHTML, like Gecko) Version/4.0 Chrome/60.0.3112.107 Moblie Safari/537.36"
41.248.229.245 - - [29/Apr/2026:17:35:56 +0200] "GET /template/ HTTP/1.1" 404 1251 "www.google.com" "Mozlila/5.0 (Linux; Android 7.0; SM-G892A Bulid/NRD90M; wv) AppleWebKit/537.36 (KHTML, like Gecko) Version/4.0 Chrome/60.0.3112.107 Moblie Safari/537.36"
41.248.229.245 - - [29/Apr/2026:17:36:46 +0200] "GET /admin/editor/ HTTP/1.1" 404 1251 "www.google.com" "Mozlila/5.0 (Linux; Android 7.0; SM-G892A Bulid/NRD90M; wv) AppleWebKit/537.36 (KHTML, like Gecko) Version/4.0 Chrome/60.0.3112.107 Moblie Safari/537.36"
198.244.168.205 - - [29/Apr/2026:17:38:10 +0200] "GET /products/15695880192367 HTTP/1.1" 404 1251 "-" "Mozilla/5.0 (compatible; AhrefsBot/7.0; +http://ahrefs.com/robot/)"
41.248.229.245 - - [29/Apr/2026:17:38:28 +0200] "GET /php/ HTTP/1.1" 404 1251 "www.google.com" "Mozlila/5.0 (Linux; Android 7.0; SM-G892A Bulid/NRD90M; wv) AppleWebKit/537.36 (KHTML, like Gecko) Version/4.0 Chrome/60.0.3112.107 Moblie Safari/537.36"
41.248.229.245 - - [29/Apr/2026:17:38:49 +0200] "GET /wp-admin/ HTTP/1.1" 404 1251 "www.google.com" "Mozlila/5.0 (Linux; Android 7.0; SM-G892A Bulid/NRD90M; wv) AppleWebKit/537.36 (KHTML, like Gecko) Version/4.0 Chrome/60.0.3112.107 Moblie Safari/537.36"
104.28.158.82 - - [29/Apr/2026:17:39:10 +0200] "GET /_autoindex/assets/icons/folder-fill.svg HTTP/1.1" 200 591 "https://nseurope.eu/" "Mozilla/5.0 (Windows NT 10.0; Win64; x64) AppleWebKit/537.36 (KHTML, like Gecko) Chrome/135.0.0.0 Safari/537.36 OPR/121.0.0.0 (Edition developer)"
104.28.158.82 - - [29/Apr/2026:17:39:10 +0200] "GET /_autoindex/assets/icons/file.svg HTTP/1.1" 200 619 "https://nseurope.eu/" "Mozilla/5.0 (Windows NT 10.0; Win64; x64) AppleWebKit/537.36 (KHTML, like Gecko) Chrome/135.0.0.0 Safari/537.36 OPR/121.0.0.0 (Edition developer)"
177.85.189.71 - - [29/Apr/2026:17:39:28 +0200] "POST /ztukvivl.php HTTP/1.1" 200 390 "-" "python-requests/2.28.2"
41.248.229.245 - - [29/Apr/2026:17:40:08 +0200] "GET /wp-content/themes/classic/inc/ HTTP/1.1" 404 1251 "www.google.com" "Mozlila/5.0 (Linux; Android 7.0; SM-G892A Bulid/NRD90M; wv) AppleWebKit/537.36 (KHTML, like Gecko) Version/4.0 Chrome/60.0.3112.107 Moblie Safari/537.36"
104.28.158.82 - - [29/Apr/2026:17:40:31 +0200] "GET /moon_wy6VsjDk.php HTTP/1.1" 200 78 "https://nseurope.eu/" "Mozilla/5.0 (Windows NT 10.0; Win64; x64) AppleWebKit/537.36 (KHTML, like Gecko) Chrome/135.0.0.0 Safari/537.36 OPR/121.0.0.0 (Edition developer)"
41.248.229.245 - - [29/Apr/2026:17:40:48 +0200] "GET /wp-content/mu-plugins/ HTTP/1.1" 404 1251 "www.google.com" "Mozlila/5.0 (Linux; Android 7.0; SM-G892A Bulid/NRD90M; wv) AppleWebKit/537.36 (KHTML, like Gecko) Version/4.0 Chrome/60.0.3112.107 Moblie Safari/537.36"
104.28.158.82 - - [29/Apr/2026:17:40:49 +0200] "POST /06bdc12ede3ae0.php HTTP/1.1" 200 19523 "https://nseurope.eu/06bdc12ede3ae0.php" "Mozilla/5.0 (Windows NT 10.0; Win64; x64) AppleWebKit/537.36 (KHTML, like Gecko) Chrome/135.0.0.0 Safari/537.36 OPR/121.0.0.0 (Edition developer)"
104.28.158.82 - - [29/Apr/2026:17:41:07 +0200] "GET /_autoindex/assets/icons/corner-left-up.svg HTTP/1.1" 200 576 "https://nseurope.eu/lrxh1ou/" "Mozilla/5.0 (Windows NT 10.0; Win64; x64) AppleWebKit/537.36 (KHTML, like Gecko) Chrome/135.0.0.0 Safari/537.36 OPR/121.0.0.0 (Edition developer)"
104.28.158.82 - - [29/Apr/2026:17:41:08 +0200] "GET /lrxh1ou/g1qbdwf/ HTTP/1.1" 200 0 "https://nseurope.eu/lrxh1ou/" "Mozilla/5.0 (Windows NT 10.0; Win64; x64) AppleWebKit/537.36 (KHTML, like Gecko) Chrome/135.0.0.0 Safari/537.36 OPR/121.0.0.0 (Edition developer)"
104.28.158.82 - - [29/Apr/2026:17:41:14 +0200] "GET /1byazom/ HTTP/1.1" 200 1557 "https://nseurope.eu/" "Mozilla/5.0 (Windows NT 10.0; Win64; x64) AppleWebKit/537.36 (KHTML, like Gecko) Chrome/135.0.0.0 Safari/537.36 OPR/121.0.0.0 (Edition developer)"
41.248.229.245 - - [29/Apr/2026:17:34:00 +0200] "GET /vendor/ HTTP/1.1" 404 1251 "www.google.com" "Mozlila/5.0 (Linux; Android 7.0; SM-G892A Bulid/NRD90M; wv) AppleWebKit/537.36 (KHTML, like Gecko) Version/4.0 Chrome/60.0.3112.107 Moblie Safari/537.36"
41.248.229.245 - - [29/Apr/2026:17:34:21 +0200] "GET /local/ HTTP/1.1" 404 1251 "www.google.com" "Mozlila/5.0 (Linux; Android 7.0; SM-G892A Bulid/NRD90M; wv) AppleWebKit/537.36 (KHTML, like Gecko) Version/4.0 Chrome/60.0.3112.107 Moblie Safari/537.36"
41.248.229.245 - - [29/Apr/2026:17:36:30 +0200] "GET /files/ HTTP/1.1" 404 1251 "www.google.com" "Mozlila/5.0 (Linux; Android 7.0; SM-G892A Bulid/NRD90M; wv) AppleWebKit/537.36 (KHTML, like Gecko) Version/4.0 Chrome/60.0.3112.107 Moblie Safari/537.36"
41.248.229.245 - - [29/Apr/2026:17:36:56 +0200] "GET /wp-content/uploads/ HTTP/1.1" 404 1251 "www.google.com" "Mozlila/5.0 (Linux; Android 7.0; SM-G892A Bulid/NRD90M; wv) AppleWebKit/537.36 (KHTML, like Gecko) Version/4.0 Chrome/60.0.3112.107 Moblie Safari/537.36"
41.248.229.245 - - [29/Apr/2026:17:37:28 +0200] "GET /Assets/ HTTP/1.1" 404 1251 "www.google.com" "Mozlila/5.0 (Linux; Android 7.0; SM-G892A Bulid/NRD90M; wv) AppleWebKit/537.36 (KHTML, like Gecko) Version/4.0 Chrome/60.0.3112.107 Moblie Safari/537.36"
41.248.229.245 - - [29/Apr/2026:17:37:51 +0200] "GET /images/stories/ HTTP/1.1" 404 1251 "www.google.com" "Mozlila/5.0 (Linux; Android 7.0; SM-G892A Bulid/NRD90M; wv) AppleWebKit/537.36 (KHTML, like Gecko) Version/4.0 Chrome/60.0.3112.107 Moblie Safari/537.36"
41.248.229.245 - - [29/Apr/2026:17:38:10 +0200] "GET /plugins/ HTTP/1.1" 404 1251 "www.google.com" "Mozlila/5.0 (Linux; Android 7.0; SM-G892A Bulid/NRD90M; wv) AppleWebKit/537.36 (KHTML, like Gecko) Version/4.0 Chrome/60.0.3112.107 Moblie Safari/537.36"
104.28.158.82 - - [29/Apr/2026:17:38:15 +0200] "GET /Readme_bc28.txt HTTP/1.1" 200 84 "-" "Mozilla/5.0 (Windows NT 10.0; Win64; x64) AppleWebKit/537.36 (KHTML, like Gecko) Chrome/135.0.0.0 Safari/537.36 OPR/121.0.0.0 (Edition developer)"
104.28.158.82 - - [29/Apr/2026:17:39:10 +0200] "GET / HTTP/1.1" 200 22217 "-" "Mozilla/5.0 (Windows NT 10.0; Win64; x64) AppleWebKit/537.36 (KHTML, like Gecko) Chrome/135.0.0.0 Safari/537.36 OPR/121.0.0.0 (Edition developer)"
104.28.158.82 - - [29/Apr/2026:17:39:10 +0200] "GET /_autoindex/assets/js/tablesort.number.js HTTP/1.1" 200 682 "https://nseurope.eu/" "Mozilla/5.0 (Windows NT 10.0; Win64; x64) AppleWebKit/537.36 (KHTML, like Gecko) Chrome/135.0.0.0 Safari/537.36 OPR/121.0.0.0 (Edition developer)"
177.85.189.71 - - [29/Apr/2026:17:39:28 +0200] "GET /ztukvivl.php HTTP/1.1" 200 140 "-" "python-requests/2.28.2"
104.28.158.82 - - [29/Apr/2026:17:39:37 +0200] "GET /06bdc12ede3ae0.php HTTP/1.1" 200 64665 "https://nseurope.eu/" "Mozilla/5.0 (Windows NT 10.0; Win64; x64) AppleWebKit/537.36 (KHTML, like Gecko) Chrome/135.0.0.0 Safari/537.36 OPR/121.0.0.0 (Edition developer)"
104.28.158.82 - - [29/Apr/2026:17:40:13 +0200] "POST /06bdc12ede3ae0.php HTTP/1.1" 200 1672 "https://nseurope.eu/06bdc12ede3ae0.php" "Mozilla/5.0 (Windows NT 10.0; Win64; x64) AppleWebKit/537.36 (KHTML, like Gecko) Chrome/135.0.0.0 Safari/537.36 OPR/121.0.0.0 (Edition developer)"
104.28.158.82 - - [29/Apr/2026:17:41:06 +0200] "GET /lrxh1ou/ HTTP/1.1" 200 1557 "https://nseurope.eu/" "Mozilla/5.0 (Windows NT 10.0; Win64; x64) AppleWebKit/537.36 (KHTML, like Gecko) Chrome/135.0.0.0 Safari/537.36 OPR/121.0.0.0 (Edition developer)"
104.28.165.220 - - [29/Apr/2026:17:41:51 +0200] "GET /06bdc12ede3ae0.php HTTP/1.1" 200 64666 "-" "Mozilla/5.0 (Linux; Android 7.0; SM-G892A Build/NRD90M; wv) AppleWebKit/537.36 (KHTML, like Gecko) Version/4.0 Chrome/60.0.3112.107 Mobile Safari/537.36"
104.28.165.220 - - [29/Apr/2026:17:42:03 +0200] "GET /c17d291cfd5338.php HTTP/1.1" 200 64666 "-" "Mozilla/5.0 (Linux; Android 7.0; SM-G892A Build/NRD90M; wv) AppleWebKit/537.36 (KHTML, like Gecko) Version/4.0 Chrome/60.0.3112.107 Mobile Safari/537.36"
104.28.165.220 - - [29/Apr/2026:17:42:25 +0200] "GET /3bc323aca11a35.php HTTP/1.1" 200 64666 "-" "Mozilla/5.0 (Linux; Android 7.0; SM-G892A Build/NRD90M; wv) AppleWebKit/537.36 (KHTML, like Gecko) Version/4.0 Chrome/60.0.3112.107 Mobile Safari/537.36"
104.28.165.220 - - [29/Apr/2026:17:42:26 +0200] "GET /737b88c3ad9b21.php HTTP/1.1" 200 64666 "-" "Mozilla/5.0 (Linux; Android 7.0; SM-G892A Build/NRD90M; wv) AppleWebKit/537.36 (KHTML, like Gecko) Version/4.0 Chrome/60.0.3112.107 Mobile Safari/537.36"
104.28.165.220 - - [29/Apr/2026:17:42:41 +0200] "GET /c2b653fd11c458.php HTTP/1.1" 200 64666 "-" "Mozilla/5.0 (Linux; Android 7.0; SM-G892A Build/NRD90M; wv) AppleWebKit/537.36 (KHTML, like Gecko) Version/4.0 Chrome/60.0.3112.107 Mobile Safari/537.36"
104.28.158.82 - - [29/Apr/2026:17:43:01 +0200] "GET /robots.txt HTTP/1.1" 404 1251 "-" "Googlebot/2.1 (+http://www.google.com/bot.html)"
104.28.158.82 - - [29/Apr/2026:17:43:02 +0200] "GET / HTTP/1.1" 200 22474 "-" "Googlebot/2.1 (+http://www.google.com/bot.html)"
104.28.158.82 - - [29/Apr/2026:17:43:02 +0200] "GET /_autoindex/assets/icons/folder-fill.svg HTTP/1.1" 200 591 "http://nseurope.eu/" "Googlebot/2.1 (+http://www.google.com/bot.html)"
104.28.158.82 - - [29/Apr/2026:17:43:02 +0200] "GET /?MA HTTP/1.1" 200 22474 "http://nseurope.eu/" "Googlebot/2.1 (+http://www.google.com/bot.html)"
104.28.158.82 - - [29/Apr/2026:17:43:03 +0200] "GET /0a3170fad6056c.php HTTP/1.1" 404 0 "http://nseurope.eu/" "Googlebot/2.1 (+http://www.google.com/bot.html)"
104.28.158.82 - - [29/Apr/2026:17:43:03 +0200] "GET /3bc323aca11a35.php HTTP/1.1" 404 0 "http://nseurope.eu/" "Googlebot/2.1 (+http://www.google.com/bot.html)"
104.28.158.82 - - [29/Apr/2026:17:43:03 +0200] "GET /?SA HTTP/1.1" 200 22474 "http://nseurope.eu/" "Googlebot/2.1 (+http://www.google.com/bot.html)"
104.28.158.82 - - [29/Apr/2026:17:43:04 +0200] "GET /862a9c587b7396.php HTTP/1.1" 404 0 "http://nseurope.eu/" "Googlebot/2.1 (+http://www.google.com/bot.html)"
104.28.158.82 - - [29/Apr/2026:17:43:04 +0200] "GET /c2b653fd11c458.php HTTP/1.1" 404 0 "http://nseurope.eu/" "Googlebot/2.1 (+http://www.google.com/bot.html)"
104.28.158.82 - - [29/Apr/2026:17:43:04 +0200] "GET /1byazom/ HTTP/1.1" 200 1557 "http://nseurope.eu/" "Googlebot/2.1 (+http://www.google.com/bot.html)"
104.28.158.82 - - [29/Apr/2026:17:43:05 +0200] "GET /d03ff56cd9fc33.php HTTP/1.1" 404 0 "http://nseurope.eu/" "Googlebot/2.1 (+http://www.google.com/bot.html)"
198.244.226.212 - - [29/Apr/2026:17:43:06 +0200] "GET /products/63884107750050 HTTP/1.1" 404 1251 "-" "Mozilla/5.0 (compatible; AhrefsBot/7.0; +http://ahrefs.com/robot/)"
104.28.158.82 - - [29/Apr/2026:17:43:07 +0200] "GET /mailer_5c2c99561f3b74.php HTTP/1.1" 404 1251 "http://nseurope.eu/" "Googlebot/2.1 (+http://www.google.com/bot.html)"
104.28.158.82 - - [29/Apr/2026:17:43:07 +0200] "GET /btnjegx/ HTTP/1.1" 200 1557 "http://nseurope.eu/" "Googlebot/2.1 (+http://www.google.com/bot.html)"
104.28.158.82 - - [29/Apr/2026:17:43:08 +0200] "GET /mailer_737b88c3ad9b21.php HTTP/1.1" 404 1251 "http://nseurope.eu/" "Googlebot/2.1 (+http://www.google.com/bot.html)"
104.28.158.82 - - [29/Apr/2026:17:43:08 +0200] "GET /mailer_862a9c587b7396.php HTTP/1.1" 404 1251 "http://nseurope.eu/" "Googlebot/2.1 (+http://www.google.com/bot.html)"
104.28.158.82 - - [29/Apr/2026:17:43:08 +0200] "GET /Mailer_862a9c587b7396.php HTTP/1.1" 200 126 "http://nseurope.eu/" "Googlebot/2.1 (+http://www.google.com/bot.html)"
104.28.158.82 - - [29/Apr/2026:17:43:08 +0200] "GET /mailer_8a70b4bc6b5038.php HTTP/1.1" 404 1251 "http://nseurope.eu/" "Googlebot/2.1 (+http://www.google.com/bot.html)"
104.28.158.82 - - [29/Apr/2026:17:43:09 +0200] "GET /Mailer_8a70b4bc6b5038.php HTTP/1.1" 200 126 "http://nseurope.eu/" "Googlebot/2.1 (+http://www.google.com/bot.html)"
104.28.158.82 - - [29/Apr/2026:17:43:09 +0200] "GET /Mailer_c17d291cfd5338.php HTTP/1.1" 200 126 "http://nseurope.eu/" "Googlebot/2.1 (+http://www.google.com/bot.html)"
41.248.229.245 - - [29/Apr/2026:17:40:25 +0200] "GET /wp-content/plugins/ninja-forms/ HTTP/1.1" 404 1251 "www.google.com" "Mozlila/5.0 (Linux; Android 7.0; SM-G892A Bulid/NRD90M; wv) AppleWebKit/537.36 (KHTML, like Gecko) Version/4.0 Chrome/60.0.3112.107 Moblie Safari/537.36"
54.38.147.168 - - [29/Apr/2026:17:40:52 +0200] "GET /products/13017914875091 HTTP/1.1" 404 1251 "-" "Mozilla/5.0 (compatible; AhrefsBot/7.0; +http://ahrefs.com/robot/)"
104.28.158.82 - - [29/Apr/2026:17:41:13 +0200] "GET / HTTP/1.1" 200 22474 "https://nseurope.eu/lrxh1ou/" "Mozilla/5.0 (Windows NT 10.0; Win64; x64) AppleWebKit/537.36 (KHTML, like Gecko) Chrome/135.0.0.0 Safari/537.36 OPR/121.0.0.0 (Edition developer)"
104.28.158.82 - - [29/Apr/2026:17:41:16 +0200] "GET /1byazom/hyezmtj/ HTTP/1.1" 200 0 "https://nseurope.eu/1byazom/" "Mozilla/5.0 (Windows NT 10.0; Win64; x64) AppleWebKit/537.36 (KHTML, like Gecko) Chrome/135.0.0.0 Safari/537.36 OPR/121.0.0.0 (Edition developer)"
104.28.165.220 - - [29/Apr/2026:17:41:54 +0200] "GET /d03ff56cd9fc33.php HTTP/1.1" 200 64666 "-" "Mozilla/5.0 (Linux; Android 7.0; SM-G892A Build/NRD90M; wv) AppleWebKit/537.36 (KHTML, like Gecko) Version/4.0 Chrome/60.0.3112.107 Mobile Safari/537.36"
104.28.165.220 - - [29/Apr/2026:17:41:59 +0200] "GET /c6c6c941f9dab1.php HTTP/1.1" 200 64666 "-" "Mozilla/5.0 (Linux; Android 7.0; SM-G892A Build/NRD90M; wv) AppleWebKit/537.36 (KHTML, like Gecko) Version/4.0 Chrome/60.0.3112.107 Mobile Safari/537.36"
104.28.158.82 - - [29/Apr/2026:17:43:02 +0200] "GET /_autoindex/assets/icons/file-text.svg HTTP/1.1" 200 768 "http://nseurope.eu/" "Googlebot/2.1 (+http://www.google.com/bot.html)"
104.28.158.82 - - [29/Apr/2026:17:43:03 +0200] "GET /5c2c99561f3b74.php HTTP/1.1" 404 0 "http://nseurope.eu/" "Googlebot/2.1 (+http://www.google.com/bot.html)"
104.28.158.82 - - [29/Apr/2026:17:43:04 +0200] "GET /8a70b4bc6b5038.php HTTP/1.1" 404 0 "http://nseurope.eu/" "Googlebot/2.1 (+http://www.google.com/bot.html)"
104.28.158.82 - - [29/Apr/2026:17:43:04 +0200] "GET /c17d291cfd5338.php HTTP/1.1" 404 0 "http://nseurope.eu/" "Googlebot/2.1 (+http://www.google.com/bot.html)"
104.28.158.82 - - [29/Apr/2026:17:43:05 +0200] "GET /fac0bfb17cb424.php HTTP/1.1" 404 0 "http://nseurope.eu/" "Googlebot/2.1 (+http://www.google.com/bot.html)"
104.28.158.82 - - [29/Apr/2026:17:43:05 +0200] "GET /izcknhge.php HTTP/1.1" 200 138 "http://nseurope.eu/" "Googlebot/2.1 (+http://www.google.com/bot.html)"
104.28.158.82 - - [29/Apr/2026:17:43:06 +0200] "GET /agvchpe/ HTTP/1.1" 200 1557 "http://nseurope.eu/" "Googlebot/2.1 (+http://www.google.com/bot.html)"
104.28.158.82 - - [29/Apr/2026:17:43:06 +0200] "GET /mailer_0a3170fad6056c.php HTTP/1.1" 404 1251 "http://nseurope.eu/" "Googlebot/2.1 (+http://www.google.com/bot.html)"
104.28.158.82 - - [29/Apr/2026:17:43:07 +0200] "GET /bd1sqwt/ HTTP/1.1" 200 1557 "http://nseurope.eu/" "Googlebot/2.1 (+http://www.google.com/bot.html)"
104.28.158.82 - - [29/Apr/2026:17:43:07 +0200] "GET /Mailer_0a3170fad6056c.php HTTP/1.1" 200 126 "http://nseurope.eu/" "Googlebot/2.1 (+http://www.google.com/bot.html)"
104.28.158.82 - - [29/Apr/2026:17:43:07 +0200] "GET /Mailer_3bc323aca11a35.php HTTP/1.1" 200 126 "http://nseurope.eu/" "Googlebot/2.1 (+http://www.google.com/bot.html)"
104.28.158.82 - - [29/Apr/2026:17:43:07 +0200] "GET /Mailer_5c2c99561f3b74.php HTTP/1.1" 200 126 "http://nseurope.eu/" "Googlebot/2.1 (+http://www.google.com/bot.html)"
104.28.158.82 - - [29/Apr/2026:17:43:08 +0200] "GET /Mailer_737b88c3ad9b21.php HTTP/1.1" 200 126 "http://nseurope.eu/" "Googlebot/2.1 (+http://www.google.com/bot.html)"
104.28.158.82 - - [29/Apr/2026:17:43:08 +0200] "GET /cgi-bin/ HTTP/1.1" 403 1242 "http://nseurope.eu/" "Googlebot/2.1 (+http://www.google.com/bot.html)"
104.28.158.82 - - [29/Apr/2026:17:43:09 +0200] "GET /mailer_c17d291cfd5338.php HTTP/1.1" 404 1251 "http://nseurope.eu/" "Googlebot/2.1 (+http://www.google.com/bot.html)"
104.28.158.82 - - [29/Apr/2026:17:43:09 +0200] "GET /dmhyptz/ HTTP/1.1" 200 1557 "http://nseurope.eu/" "Googlebot/2.1 (+http://www.google.com/bot.html)"
104.28.165.220 - - [29/Apr/2026:17:41:54 +0200] "GET /5c2c99561f3b74.php HTTP/1.1" 200 64666 "-" "Mozilla/5.0 (Linux; Android 7.0; SM-G892A Build/NRD90M; wv) AppleWebKit/537.36 (KHTML, like Gecko) Version/4.0 Chrome/60.0.3112.107 Mobile Safari/537.36"
104.28.165.220 - - [29/Apr/2026:17:42:04 +0200] "GET /fac0bfb17cb424.php HTTP/1.1" 200 64666 "-" "Mozilla/5.0 (Linux; Android 7.0; SM-G892A Build/NRD90M; wv) AppleWebKit/537.36 (KHTML, like Gecko) Version/4.0 Chrome/60.0.3112.107 Mobile Safari/537.36"
104.28.165.220 - - [29/Apr/2026:17:42:05 +0200] "GET /862a9c587b7396.php HTTP/1.1" 200 64666 "-" "Mozilla/5.0 (Linux; Android 7.0; SM-G892A Build/NRD90M; wv) AppleWebKit/537.36 (KHTML, like Gecko) Version/4.0 Chrome/60.0.3112.107 Mobile Safari/537.36"
104.28.165.220 - - [29/Apr/2026:17:42:11 +0200] "GET /8a70b4bc6b5038.php HTTP/1.1" 200 64666 "-" "Mozilla/5.0 (Linux; Android 7.0; SM-G892A Build/NRD90M; wv) AppleWebKit/537.36 (KHTML, like Gecko) Version/4.0 Chrome/60.0.3112.107 Mobile Safari/537.36"
104.28.165.220 - - [29/Apr/2026:17:42:18 +0200] "GET /0a3170fad6056c.php HTTP/1.1" 200 64666 "-" "Mozilla/5.0 (Linux; Android 7.0; SM-G892A Build/NRD90M; wv) AppleWebKit/537.36 (KHTML, like Gecko) Version/4.0 Chrome/60.0.3112.107 Mobile Safari/537.36"
104.28.165.220 - - [29/Apr/2026:17:42:42 +0200] "GET /d6c00bda6a5049.php HTTP/1.1" 200 64666 "-" "Mozilla/5.0 (Linux; Android 7.0; SM-G892A Build/NRD90M; wv) AppleWebKit/537.36 (KHTML, like Gecko) Version/4.0 Chrome/60.0.3112.107 Mobile Safari/537.36"
104.28.158.82 - - [29/Apr/2026:17:43:02 +0200] "GET /?ND HTTP/1.1" 200 22475 "http://nseurope.eu/" "Googlebot/2.1 (+http://www.google.com/bot.html)"
104.28.158.82 - - [29/Apr/2026:17:43:02 +0200] "GET /06bdc12ede3ae0.php HTTP/1.1" 404 0 "http://nseurope.eu/" "Googlebot/2.1 (+http://www.google.com/bot.html)"
104.28.158.82 - - [29/Apr/2026:17:43:03 +0200] "GET /737b88c3ad9b21.php HTTP/1.1" 404 0 "http://nseurope.eu/" "Googlebot/2.1 (+http://www.google.com/bot.html)"
104.28.158.82 - - [29/Apr/2026:17:43:04 +0200] "GET /c6c6c941f9dab1.php HTTP/1.1" 404 0 "http://nseurope.eu/" "Googlebot/2.1 (+http://www.google.com/bot.html)"
104.28.158.82 - - [29/Apr/2026:17:43:05 +0200] "GET /d6c00bda6a5049.php HTTP/1.1" 404 0 "http://nseurope.eu/" "Googlebot/2.1 (+http://www.google.com/bot.html)"
104.28.158.82 - - [29/Apr/2026:17:43:06 +0200] "GET /mailer_06bdc12ede3ae0.php HTTP/1.1" 404 1251 "http://nseurope.eu/" "Googlebot/2.1 (+http://www.google.com/bot.html)"
104.28.158.82 - - [29/Apr/2026:17:43:06 +0200] "GET /Mailer_06bdc12ede3ae0.php HTTP/1.1" 200 126 "http://nseurope.eu/" "Googlebot/2.1 (+http://www.google.com/bot.html)"
104.28.158.82 - - [29/Apr/2026:17:43:07 +0200] "GET /mailer_3bc323aca11a35.php HTTP/1.1" 404 1251 "http://nseurope.eu/" "Googlebot/2.1 (+http://www.google.com/bot.html)"
104.28.158.82 - - [29/Apr/2026:17:43:10 +0200] "GET /Mailer_c6c6c941f9dab1.php HTTP/1.1" 200 126 "http://nseurope.eu/" "Googlebot/2.1 (+http://www.google.com/bot.html)"
104.28.158.82 - - [29/Apr/2026:17:43:11 +0200] "GET /mailer_d6c00bda6a5049.php HTTP/1.1" 404 1251 "http://nseurope.eu/" "Googlebot/2.1 (+http://www.google.com/bot.html)"
104.28.158.82 - - [29/Apr/2026:17:43:11 +0200] "GET /Mailer_d6c00bda6a5049.php HTTP/1.1" 200 126 "http://nseurope.eu/" "Googlebot/2.1 (+http://www.google.com/bot.html)"
104.28.158.82 - - [29/Apr/2026:17:43:11 +0200] "GET /g1stdmu/ HTTP/1.1" 200 1557 "http://nseurope.eu/" "Googlebot/2.1 (+http://www.google.com/bot.html)"
104.28.158.82 - - [29/Apr/2026:17:43:12 +0200] "GET /moon_8ohszchw.php HTTP/1.1" 404 1251 "http://nseurope.eu/" "Googlebot/2.1 (+http://www.google.com/bot.html)"
104.28.158.82 - - [29/Apr/2026:17:43:12 +0200] "GET /moon_8oHSZChw.php HTTP/1.1" 200 78 "http://nseurope.eu/" "Googlebot/2.1 (+http://www.google.com/bot.html)"
104.28.158.82 - - [29/Apr/2026:17:43:12 +0200] "GET /kxrz1qg/ HTTP/1.1" 200 1557 "http://nseurope.eu/" "Googlebot/2.1 (+http://www.google.com/bot.html)"
104.28.158.82 - - [29/Apr/2026:17:43:10 +0200] "GET /mailer_c6c6c941f9dab1.php HTTP/1.1" 404 1251 "http://nseurope.eu/" "Googlebot/2.1 (+http://www.google.com/bot.html)"
104.28.158.82 - - [29/Apr/2026:17:43:10 +0200] "GET /mailer_d03ff56cd9fc33.php HTTP/1.1" 404 1251 "http://nseurope.eu/" "Googlebot/2.1 (+http://www.google.com/bot.html)"
104.28.158.82 - - [29/Apr/2026:17:43:10 +0200] "GET /Mailer_d03ff56cd9fc33.php HTTP/1.1" 200 126 "http://nseurope.eu/" "Googlebot/2.1 (+http://www.google.com/bot.html)"
104.28.158.82 - - [29/Apr/2026:17:43:12 +0200] "GET /moon_9xd0amgq.php HTTP/1.1" 404 1251 "http://nseurope.eu/" "Googlebot/2.1 (+http://www.google.com/bot.html)"
104.28.158.82 - - [29/Apr/2026:17:43:13 +0200] "GET /moon_9XD0AMgQ.php HTTP/1.1" 200 78 "http://nseurope.eu/" "Googlebot/2.1 (+http://www.google.com/bot.html)"
104.28.158.82 - - [29/Apr/2026:17:43:13 +0200] "GET /moon_l7kvn5yr.php HTTP/1.1" 404 1251 "http://nseurope.eu/" "Googlebot/2.1 (+http://www.google.com/bot.html)"
104.28.158.82 - - [29/Apr/2026:17:43:14 +0200] "GET /moon_lpTYRi9s.php HTTP/1.1" 200 78 "http://nseurope.eu/" "Googlebot/2.1 (+http://www.google.com/bot.html)"
104.28.158.82 - - [29/Apr/2026:17:43:14 +0200] "GET /lrxh1ou/ HTTP/1.1" 200 1557 "http://nseurope.eu/" "Googlebot/2.1 (+http://www.google.com/bot.html)"
104.28.158.82 - - [29/Apr/2026:17:43:15 +0200] "GET /moon_njeemkxm.php HTTP/1.1" 404 1251 "http://nseurope.eu/" "Googlebot/2.1 (+http://www.google.com/bot.html)"
104.28.158.82 - - [29/Apr/2026:17:43:15 +0200] "GET /moon_nJEeMKXM.php HTTP/1.1" 200 78 "http://nseurope.eu/" "Googlebot/2.1 (+http://www.google.com/bot.html)"
104.28.158.82 - - [29/Apr/2026:17:43:15 +0200] "GET /ntjzsxv/ HTTP/1.1" 200 1557 "http://nseurope.eu/" "Googlebot/2.1 (+http://www.google.com/bot.html)"
104.28.158.82 - - [29/Apr/2026:17:43:16 +0200] "GET /moon_TnjywqFq.php HTTP/1.1" 200 78 "http://nseurope.eu/" "Googlebot/2.1 (+http://www.google.com/bot.html)"
104.28.158.82 - - [29/Apr/2026:17:43:17 +0200] "GET /moon_uh5xr6re.php HTTP/1.1" 404 1251 "http://nseurope.eu/" "Googlebot/2.1 (+http://www.google.com/bot.html)"
104.28.158.82 - - [29/Apr/2026:17:43:17 +0200] "GET /moon_uvzu92lj.php HTTP/1.1" 404 1251 "http://nseurope.eu/" "Googlebot/2.1 (+http://www.google.com/bot.html)"
104.28.158.82 - - [29/Apr/2026:17:43:18 +0200] "GET /moon_Vq3XdqSP.php HTTP/1.1" 200 78 "http://nseurope.eu/" "Googlebot/2.1 (+http://www.google.com/bot.html)"
104.28.158.82 - - [29/Apr/2026:17:43:18 +0200] "GET /moon_wcowknsh.php HTTP/1.1" 404 1251 "http://nseurope.eu/" "Googlebot/2.1 (+http://www.google.com/bot.html)"
104.28.158.82 - - [29/Apr/2026:17:43:19 +0200] "GET /qdlam1t/ HTTP/1.1" 200 1557 "http://nseurope.eu/" "Googlebot/2.1 (+http://www.google.com/bot.html)"
104.28.158.82 - - [29/Apr/2026:17:43:19 +0200] "GET /moon_wy6vsjdk.php HTTP/1.1" 404 1251 "http://nseurope.eu/" "Googlebot/2.1 (+http://www.google.com/bot.html)"
104.28.158.82 - - [29/Apr/2026:17:43:20 +0200] "GET /Readme_bc28.txt HTTP/1.1" 200 84 "http://nseurope.eu/" "Googlebot/2.1 (+http://www.google.com/bot.html)"
104.28.158.82 - - [29/Apr/2026:17:43:22 +0200] "GET /xnlryqc/ HTTP/1.1" 200 1557 "http://nseurope.eu/" "Googlebot/2.1 (+http://www.google.com/bot.html)"
41.248.229.245 - - [29/Apr/2026:17:43:32 +0200] "GET /.well-known/ HTTP/1.1" 200 1589 "www.google.com" "Mozlila/5.0 (Linux; Android 7.0; SM-G892A Bulid/NRD90M; wv) AppleWebKit/537.36 (KHTML, like Gecko) Version/4.0 Chrome/60.0.3112.107 Moblie Safari/537.36"
104.28.158.82 - - [29/Apr/2026:17:43:32 +0200] "GET /1byazom/?ND HTTP/1.1" 200 1558 "http://nseurope.eu/1byazom/" "Googlebot/2.1 (+http://www.google.com/bot.html)"
104.28.158.82 - - [29/Apr/2026:17:43:44 +0200] "GET /bd1sqwt/xvdoiyw/ HTTP/1.1" 200 0 "http://nseurope.eu/bd1sqwt/" "Googlebot/2.1 (+http://www.google.com/bot.html)"
104.28.158.82 - - [29/Apr/2026:17:43:44 +0200] "GET /btnjegx/?ND HTTP/1.1" 200 1558 "http://nseurope.eu/btnjegx/" "Googlebot/2.1 (+http://www.google.com/bot.html)"
104.28.158.82 - - [29/Apr/2026:17:43:09 +0200] "GET /mailer_c2b653fd11c458.php HTTP/1.1" 404 1251 "http://nseurope.eu/" "Googlebot/2.1 (+http://www.google.com/bot.html)"
104.28.158.82 - - [29/Apr/2026:17:43:09 +0200] "GET /Mailer_c2b653fd11c458.php HTTP/1.1" 200 126 "http://nseurope.eu/" "Googlebot/2.1 (+http://www.google.com/bot.html)"
104.28.158.82 - - [29/Apr/2026:17:43:10 +0200] "GET /fsor1eq/ HTTP/1.1" 200 1557 "http://nseurope.eu/" "Googlebot/2.1 (+http://www.google.com/bot.html)"
104.28.158.82 - - [29/Apr/2026:17:43:11 +0200] "GET /mailer_fac0bfb17cb424.php HTTP/1.1" 404 1251 "http://nseurope.eu/" "Googlebot/2.1 (+http://www.google.com/bot.html)"
104.28.158.82 - - [29/Apr/2026:17:43:11 +0200] "GET /Mailer_fac0bfb17cb424.php HTTP/1.1" 200 126 "http://nseurope.eu/" "Googlebot/2.1 (+http://www.google.com/bot.html)"
104.28.158.82 - - [29/Apr/2026:17:43:11 +0200] "GET /moon_6cahzrr8.php HTTP/1.1" 404 1251 "http://nseurope.eu/" "Googlebot/2.1 (+http://www.google.com/bot.html)"
104.28.158.82 - - [29/Apr/2026:17:43:12 +0200] "GET /moon_6CAHZrr8.php HTTP/1.1" 200 78 "http://nseurope.eu/" "Googlebot/2.1 (+http://www.google.com/bot.html)"
104.28.158.82 - - [29/Apr/2026:17:43:13 +0200] "GET /moon_fmPVgIUe.php HTTP/1.1" 200 78 "http://nseurope.eu/" "Googlebot/2.1 (+http://www.google.com/bot.html)"
104.28.158.82 - - [29/Apr/2026:17:43:14 +0200] "GET /moon_lptyri9s.php HTTP/1.1" 404 1251 "http://nseurope.eu/" "Googlebot/2.1 (+http://www.google.com/bot.html)"
104.28.158.82 - - [29/Apr/2026:17:43:15 +0200] "GET /moon_MyJcWYTw.php HTTP/1.1" 200 78 "http://nseurope.eu/" "Googlebot/2.1 (+http://www.google.com/bot.html)"
104.28.158.82 - - [29/Apr/2026:17:43:15 +0200] "GET /moon_nl3jzbsd.php HTTP/1.1" 404 1251 "http://nseurope.eu/" "Googlebot/2.1 (+http://www.google.com/bot.html)"
104.28.158.82 - - [29/Apr/2026:17:43:17 +0200] "GET /pxvqaei/ HTTP/1.1" 200 1557 "http://nseurope.eu/" "Googlebot/2.1 (+http://www.google.com/bot.html)"
104.28.158.82 - - [29/Apr/2026:17:43:18 +0200] "GET /moon_vq3xdqsp.php HTTP/1.1" 404 1251 "http://nseurope.eu/" "Googlebot/2.1 (+http://www.google.com/bot.html)"
104.28.158.82 - - [29/Apr/2026:17:43:20 +0200] "GET /readme.txt HTTP/1.1" 200 46 "http://nseurope.eu/" "Googlebot/2.1 (+http://www.google.com/bot.html)"
104.28.158.82 - - [29/Apr/2026:17:43:20 +0200] "GET /readme_bc28.txt HTTP/1.1" 404 1251 "http://nseurope.eu/" "Googlebot/2.1 (+http://www.google.com/bot.html)"
104.28.158.82 - - [29/Apr/2026:17:43:20 +0200] "GET /znknsaxf.php HTTP/1.1" 200 139 "http://nseurope.eu/" "Googlebot/2.1 (+http://www.google.com/bot.html)"
104.28.158.82 - - [29/Apr/2026:17:43:20 +0200] "GET /vskopc1/ HTTP/1.1" 200 1557 "http://nseurope.eu/" "Googlebot/2.1 (+http://www.google.com/bot.html)"
104.28.158.82 - - [29/Apr/2026:17:43:21 +0200] "GET /ztukvivl.php HTTP/1.1" 200 140 "http://nseurope.eu/" "Googlebot/2.1 (+http://www.google.com/bot.html)"
104.28.158.82 - - [29/Apr/2026:17:43:21 +0200] "GET /vycuhrb/ HTTP/1.1" 200 1557 "http://nseurope.eu/" "Googlebot/2.1 (+http://www.google.com/bot.html)"
104.28.158.82 - - [29/Apr/2026:17:43:33 +0200] "GET /1byazom/?SA HTTP/1.1" 200 1557 "http://nseurope.eu/1byazom/" "Googlebot/2.1 (+http://www.google.com/bot.html)"
104.28.158.82 - - [29/Apr/2026:17:43:33 +0200] "GET /1byazom/hyezmtj/ HTTP/1.1" 200 0 "http://nseurope.eu/1byazom/" "Googlebot/2.1 (+http://www.google.com/bot.html)"
104.28.158.82 - - [29/Apr/2026:17:43:33 +0200] "GET /agvchpe/?ND HTTP/1.1" 200 1558 "http://nseurope.eu/agvchpe/" "Googlebot/2.1 (+http://www.google.com/bot.html)"
104.28.158.82 - - [29/Apr/2026:17:43:55 +0200] "GET /dmhyptz/?SA HTTP/1.1" 200 1557 "http://nseurope.eu/dmhyptz/" "Googlebot/2.1 (+http://www.google.com/bot.html)"
104.28.158.82 - - [29/Apr/2026:17:43:56 +0200] "GET /dmhyptz/rjvfgen/ HTTP/1.1" 200 0 "http://nseurope.eu/dmhyptz/" "Googlebot/2.1 (+http://www.google.com/bot.html)"
104.28.158.82 - - [29/Apr/2026:17:43:13 +0200] "GET /moon_fmpvgiue.php HTTP/1.1" 404 1251 "http://nseurope.eu/" "Googlebot/2.1 (+http://www.google.com/bot.html)"
104.28.158.82 - - [29/Apr/2026:17:43:14 +0200] "GET /lafwceu/ HTTP/1.1" 200 1557 "http://nseurope.eu/" "Googlebot/2.1 (+http://www.google.com/bot.html)"
104.28.158.82 - - [29/Apr/2026:17:43:14 +0200] "GET /moon_l7KVN5yr.php HTTP/1.1" 200 78 "http://nseurope.eu/" "Googlebot/2.1 (+http://www.google.com/bot.html)"
104.28.158.82 - - [29/Apr/2026:17:43:14 +0200] "GET /moon_myjcwytw.php HTTP/1.1" 404 1251 "http://nseurope.eu/" "Googlebot/2.1 (+http://www.google.com/bot.html)"
104.28.158.82 - - [29/Apr/2026:17:43:15 +0200] "GET /moon_nl3jZBsd.php HTTP/1.1" 200 78 "http://nseurope.eu/" "Googlebot/2.1 (+http://www.google.com/bot.html)"
104.28.158.82 - - [29/Apr/2026:17:43:16 +0200] "GET /moon_oq0qqlwz.php HTTP/1.1" 404 1251 "http://nseurope.eu/" "Googlebot/2.1 (+http://www.google.com/bot.html)"
104.28.158.82 - - [29/Apr/2026:17:43:16 +0200] "GET /moon_oq0QqLWZ.php HTTP/1.1" 200 78 "http://nseurope.eu/" "Googlebot/2.1 (+http://www.google.com/bot.html)"
104.28.158.82 - - [29/Apr/2026:17:43:16 +0200] "GET /moon_tnjywqfq.php HTTP/1.1" 404 1251 "http://nseurope.eu/" "Googlebot/2.1 (+http://www.google.com/bot.html)"
104.28.158.82 - - [29/Apr/2026:17:43:17 +0200] "GET /omxjzaq/ HTTP/1.1" 200 1557 "http://nseurope.eu/" "Googlebot/2.1 (+http://www.google.com/bot.html)"
104.28.158.82 - - [29/Apr/2026:17:43:17 +0200] "GET /moon_uH5xR6rE.php HTTP/1.1" 200 78 "http://nseurope.eu/" "Googlebot/2.1 (+http://www.google.com/bot.html)"
104.28.158.82 - - [29/Apr/2026:17:43:17 +0200] "GET /moon_uVZU92lj.php HTTP/1.1" 200 78 "http://nseurope.eu/" "Googlebot/2.1 (+http://www.google.com/bot.html)"
104.28.158.82 - - [29/Apr/2026:17:43:18 +0200] "GET /moon_WCowKNsh.php HTTP/1.1" 200 78 "http://nseurope.eu/" "Googlebot/2.1 (+http://www.google.com/bot.html)"
104.28.158.82 - - [29/Apr/2026:17:43:19 +0200] "GET /moon_wy6VsjDk.php HTTP/1.1" 200 78 "http://nseurope.eu/" "Googlebot/2.1 (+http://www.google.com/bot.html)"
104.28.158.82 - - [29/Apr/2026:17:43:20 +0200] "GET /rguinqt/ HTTP/1.1" 200 1557 "http://nseurope.eu/" "Googlebot/2.1 (+http://www.google.com/bot.html)"
104.28.158.82 - - [29/Apr/2026:17:43:20 +0200] "GET /_autoindex/assets/icons/file.svg HTTP/1.1" 200 619 "http://nseurope.eu/" "Googlebot/2.1 (+http://www.google.com/bot.html)"
104.28.158.82 - - [29/Apr/2026:17:43:21 +0200] "GET /wtghjxi/ HTTP/1.1" 200 1557 "http://nseurope.eu/" "Googlebot/2.1 (+http://www.google.com/bot.html)"
104.28.158.82 - - [29/Apr/2026:17:43:22 +0200] "GET /xstwkoy/ HTTP/1.1" 200 1557 "http://nseurope.eu/" "Googlebot/2.1 (+http://www.google.com/bot.html)"
104.28.158.82 - - [29/Apr/2026:17:43:32 +0200] "GET /_autoindex/assets/icons/corner-left-up.svg HTTP/1.1" 200 576 "http://nseurope.eu/1byazom/" "Googlebot/2.1 (+http://www.google.com/bot.html)"
104.28.158.82 - - [29/Apr/2026:17:43:44 +0200] "GET /bd1sqwt/?ND HTTP/1.1" 200 1558 "http://nseurope.eu/bd1sqwt/" "Googlebot/2.1 (+http://www.google.com/bot.html)"
104.28.158.82 - - [29/Apr/2026:17:43:44 +0200] "GET /bd1sqwt/?SA HTTP/1.1" 200 1557 "http://nseurope.eu/bd1sqwt/" "Googlebot/2.1 (+http://www.google.com/bot.html)"
104.28.158.82 - - [29/Apr/2026:17:43:56 +0200] "GET /fsor1eq/?ND HTTP/1.1" 200 1558 "http://nseurope.eu/fsor1eq/" "Googlebot/2.1 (+http://www.google.com/bot.html)"
104.28.158.82 - - [29/Apr/2026:17:44:06 +0200] "GET /fsor1eq/?SA HTTP/1.1" 200 1557 "http://nseurope.eu/fsor1eq/" "Googlebot/2.1 (+http://www.google.com/bot.html)"
104.28.158.82 - - [29/Apr/2026:17:44:07 +0200] "GET /kxrz1qg/?ND HTTP/1.1" 200 1558 "http://nseurope.eu/kxrz1qg/" "Googlebot/2.1 (+http://www.google.com/bot.html)"
104.28.158.82 - - [29/Apr/2026:17:44:18 +0200] "GET /lrxh1ou/?ND HTTP/1.1" 200 1558 "http://nseurope.eu/lrxh1ou/" "Googlebot/2.1 (+http://www.google.com/bot.html)"
104.28.158.82 - - [29/Apr/2026:17:43:55 +0200] "GET /btnjegx/mfz1ges/ HTTP/1.1" 200 0 "http://nseurope.eu/btnjegx/" "Googlebot/2.1 (+http://www.google.com/bot.html)"
104.28.158.82 - - [29/Apr/2026:17:44:07 +0200] "GET /g1stdmu/?SA HTTP/1.1" 200 1557 "http://nseurope.eu/g1stdmu/" "Googlebot/2.1 (+http://www.google.com/bot.html)"
104.28.158.82 - - [29/Apr/2026:17:44:07 +0200] "GET /g1stdmu/xnuzasb/ HTTP/1.1" 200 0 "http://nseurope.eu/g1stdmu/" "Googlebot/2.1 (+http://www.google.com/bot.html)"
104.28.158.82 - - [29/Apr/2026:17:44:18 +0200] "GET /lafwceu/?SA HTTP/1.1" 200 1557 "http://nseurope.eu/lafwceu/" "Googlebot/2.1 (+http://www.google.com/bot.html)"
104.28.158.82 - - [29/Apr/2026:17:44:18 +0200] "GET /lafwceu/qyureik/ HTTP/1.1" 200 0 "http://nseurope.eu/lafwceu/" "Googlebot/2.1 (+http://www.google.com/bot.html)"
41.248.229.245 - - [29/Apr/2026:17:44:23 +0200] "GET /admin/fckeditor/editor/filemanager/ HTTP/1.1" 404 1251 "www.google.com" "Mozlila/5.0 (Linux; Android 7.0; SM-G892A Bulid/NRD90M; wv) AppleWebKit/537.36 (KHTML, like Gecko) Version/4.0 Chrome/60.0.3112.107 Moblie Safari/537.36"
104.28.158.82 - - [29/Apr/2026:17:44:30 +0200] "GET /omxjzaq/?ND HTTP/1.1" 200 1558 "http://nseurope.eu/omxjzaq/" "Googlebot/2.1 (+http://www.google.com/bot.html)"
104.28.158.82 - - [29/Apr/2026:17:44:40 +0200] "GET /omxjzaq/?SA HTTP/1.1" 200 1557 "http://nseurope.eu/omxjzaq/" "Googlebot/2.1 (+http://www.google.com/bot.html)"
104.28.165.220 - - [29/Apr/2026:17:44:40 +0200] "GET /cgi-bin/c17d291cfd5338.php HTTP/1.1" 500 90 "-" "Mozilla/5.0 (Linux; Android 7.0; SM-G892A Build/NRD90M; wv) AppleWebKit/537.36 (KHTML, like Gecko) Version/4.0 Chrome/60.0.3112.107 Mobile Safari/537.36"
41.248.229.245 - - [29/Apr/2026:17:44:44 +0200] "GET /.well-known/acme-challenge/ HTTP/1.1" 200 1374 "www.google.com" "Mozlila/5.0 (Linux; Android 7.0; SM-G892A Bulid/NRD90M; wv) AppleWebKit/537.36 (KHTML, like Gecko) Version/4.0 Chrome/60.0.3112.107 Moblie Safari/537.36"
104.28.165.220 - - [29/Apr/2026:17:44:48 +0200] "GET /cgi-bin/d6c00bda6a5049.php HTTP/1.1" 500 90 "-" "Mozilla/5.0 (Linux; Android 7.0; SM-G892A Build/NRD90M; wv) AppleWebKit/537.36 (KHTML, like Gecko) Version/4.0 Chrome/60.0.3112.107 Mobile Safari/537.36"
104.28.165.220 - - [29/Apr/2026:17:44:48 +0200] "GET /cgi-bin/c6c6c941f9dab1.php HTTP/1.1" 500 90 "-" "Mozilla/5.0 (Linux; Android 7.0; SM-G892A Build/NRD90M; wv) AppleWebKit/537.36 (KHTML, like Gecko) Version/4.0 Chrome/60.0.3112.107 Mobile Safari/537.36"
104.28.158.82 - - [29/Apr/2026:17:44:52 +0200] "GET /rguinqt/?SA HTTP/1.1" 200 1557 "http://nseurope.eu/rguinqt/" "Googlebot/2.1 (+http://www.google.com/bot.html)"
104.28.165.220 - - [29/Apr/2026:17:44:56 +0200] "GET /cgi-bin/06bdc12ede3ae0.php HTTP/1.1" 500 90 "-" "Mozilla/5.0 (Linux; Android 7.0; SM-G892A Build/NRD90M; wv) AppleWebKit/537.36 (KHTML, like Gecko) Version/4.0 Chrome/60.0.3112.107 Mobile Safari/537.36"
104.28.158.82 - - [29/Apr/2026:17:45:03 +0200] "GET /vycuhrb/?ND HTTP/1.1" 200 1558 "http://nseurope.eu/vycuhrb/" "Googlebot/2.1 (+http://www.google.com/bot.html)"
41.248.229.245 - - [29/Apr/2026:17:45:11 +0200] "GET /admin/controller/extension/extension/ HTTP/1.1" 404 1251 "www.google.com" "Mozlila/5.0 (Linux; Android 7.0; SM-G892A Bulid/NRD90M; wv) AppleWebKit/537.36 (KHTML, like Gecko) Version/4.0 Chrome/60.0.3112.107 Moblie Safari/537.36"
104.28.158.82 - - [29/Apr/2026:17:45:15 +0200] "GET /xnlryqc/?ND HTTP/1.1" 200 1558 "http://nseurope.eu/xnlryqc/" "Googlebot/2.1 (+http://www.google.com/bot.html)"
104.28.158.82 - - [29/Apr/2026:17:45:24 +0200] "POST /06bdc12ede3ae0.php HTTP/1.1" 200 23199690 "https://nseurope.eu/06bdc12ede3ae0.php" "Mozilla/5.0 (Windows NT 10.0; Win64; x64) AppleWebKit/537.36 (KHTML, like Gecko) Chrome/135.0.0.0 Safari/537.36 OPR/121.0.0.0 (Edition developer)"
104.28.158.82 - - [29/Apr/2026:17:45:27 +0200] "GET /1byazom/?NA HTTP/1.1" 200 1557 "http://nseurope.eu/1byazom/?ND" "Googlebot/2.1 (+http://www.google.com/bot.html)"
104.28.165.220 - - [29/Apr/2026:17:44:38 +0200] "GET /cgi-bin/737b88c3ad9b21.php HTTP/1.1" 500 90 "-" "Mozilla/5.0 (Linux; Android 7.0; SM-G892A Build/NRD90M; wv) AppleWebKit/537.36 (KHTML, like Gecko) Version/4.0 Chrome/60.0.3112.107 Mobile Safari/537.36"
104.28.158.82 - - [29/Apr/2026:17:44:41 +0200] "GET /qdlam1t/?ND HTTP/1.1" 200 1558 "http://nseurope.eu/qdlam1t/" "Googlebot/2.1 (+http://www.google.com/bot.html)"
41.248.229.245 - - [29/Apr/2026:17:44:49 +0200] "GET /sites/default/files/ HTTP/1.1" 404 1251 "www.google.com" "Mozlila/5.0 (Linux; Android 7.0; SM-G892A Bulid/NRD90M; wv) AppleWebKit/537.36 (KHTML, like Gecko) Version/4.0 Chrome/60.0.3112.107 Moblie Safari/537.36"
104.28.158.82 - - [29/Apr/2026:17:44:52 +0200] "GET /rguinqt/?MA HTTP/1.1" 200 1557 "http://nseurope.eu/rguinqt/" "Googlebot/2.1 (+http://www.google.com/bot.html)"
54.38.147.6 - - [29/Apr/2026:17:44:54 +0200] "GET /products/25881473350681 HTTP/1.1" 404 1251 "-" "Mozilla/5.0 (compatible; AhrefsBot/7.0; +http://ahrefs.com/robot/)"
104.28.158.82 - - [29/Apr/2026:17:44:55 +0200] "POST /06bdc12ede3ae0.php HTTP/1.1" 200 125874 "https://nseurope.eu/06bdc12ede3ae0.php" "Mozilla/5.0 (Windows NT 10.0; Win64; x64) AppleWebKit/537.36 (KHTML, like Gecko) Chrome/135.0.0.0 Safari/537.36 OPR/121.0.0.0 (Edition developer)"
104.28.165.220 - - [29/Apr/2026:17:44:56 +0200] "GET /cgi-bin/5c2c99561f3b74.php HTTP/1.1" 500 90 "-" "Mozilla/5.0 (Linux; Android 7.0; SM-G892A Build/NRD90M; wv) AppleWebKit/537.36 (KHTML, like Gecko) Version/4.0 Chrome/60.0.3112.107 Mobile Safari/537.36"
41.248.229.245 - - [29/Apr/2026:17:45:01 +0200] "GET /.well-known/ HTTP/1.1" 200 1589 "www.google.com" "Mozlila/5.0 (Linux; Android 7.0; SM-G892A Bulid/NRD90M; wv) AppleWebKit/537.36 (KHTML, like Gecko) Version/4.0 Chrome/60.0.3112.107 Moblie Safari/537.36"
104.28.158.82 - - [29/Apr/2026:17:45:03 +0200] "GET /vycuhrb/?MA HTTP/1.1" 200 1557 "http://nseurope.eu/vycuhrb/" "Googlebot/2.1 (+http://www.google.com/bot.html)"
104.28.158.82 - - [29/Apr/2026:17:45:03 +0200] "GET /vycuhrb/?SA HTTP/1.1" 200 1557 "http://nseurope.eu/vycuhrb/" "Googlebot/2.1 (+http://www.google.com/bot.html)"
104.28.165.220 - - [29/Apr/2026:17:45:06 +0200] "GET /cgi-bin/3bc323aca11a35.php HTTP/1.1" 500 90 "-" "Mozilla/5.0 (Linux; Android 7.0; SM-G892A Build/NRD90M; wv) AppleWebKit/537.36 (KHTML, like Gecko) Version/4.0 Chrome/60.0.3112.107 Mobile Safari/537.36"
104.28.165.220 - - [29/Apr/2026:17:45:06 +0200] "GET /cgi-bin/c2b653fd11c458.php HTTP/1.1" 500 90 "-" "Mozilla/5.0 (Linux; Android 7.0; SM-G892A Build/NRD90M; wv) AppleWebKit/537.36 (KHTML, like Gecko) Version/4.0 Chrome/60.0.3112.107 Mobile Safari/537.36"
104.28.165.220 - - [29/Apr/2026:17:45:09 +0200] "GET /cgi-bin/8a70b4bc6b5038.php HTTP/1.1" 500 90 "-" "Mozilla/5.0 (Linux; Android 7.0; SM-G892A Build/NRD90M; wv) AppleWebKit/537.36 (KHTML, like Gecko) Version/4.0 Chrome/60.0.3112.107 Mobile Safari/537.36"
104.28.158.82 - - [29/Apr/2026:17:45:15 +0200] "GET /xstwkoy/?ND HTTP/1.1" 200 1558 "http://nseurope.eu/xstwkoy/" "Googlebot/2.1 (+http://www.google.com/bot.html)"
104.28.165.220 - - [29/Apr/2026:17:45:18 +0200] "GET /cgi-bin/fac0bfb17cb424.php HTTP/1.1" 500 90 "-" "Mozilla/5.0 (Linux; Android 7.0; SM-G892A Build/NRD90M; wv) AppleWebKit/537.36 (KHTML, like Gecko) Version/4.0 Chrome/60.0.3112.107 Mobile Safari/537.36"
104.28.158.82 - - [29/Apr/2026:17:45:27 +0200] "GET /?MD HTTP/1.1" 200 22475 "http://nseurope.eu/?MA" "Googlebot/2.1 (+http://www.google.com/bot.html)"
104.28.158.82 - - [29/Apr/2026:17:45:27 +0200] "GET /?SD HTTP/1.1" 200 22475 "http://nseurope.eu/?SA" "Googlebot/2.1 (+http://www.google.com/bot.html)"
104.28.158.82 - - [29/Apr/2026:17:45:27 +0200] "GET /1byazom/?MA HTTP/1.1" 200 1557 "http://nseurope.eu/1byazom/" "Googlebot/2.1 (+http://www.google.com/bot.html)"
41.248.229.245 - - [29/Apr/2026:17:45:36 +0200] "GET /modules/mod_simplefileuploadv1.3/elements/ HTTP/1.1" 404 1251 "www.google.com" "Mozlila/5.0 (Linux; Android 7.0; SM-G892A Bulid/NRD90M; wv) AppleWebKit/537.36 (KHTML, like Gecko) Version/4.0 Chrome/60.0.3112.107 Moblie Safari/537.36"
41.248.229.245 - - [29/Apr/2026:17:43:56 +0200] "GET /ALFA_DATA/ HTTP/1.1" 404 1251 "www.google.com" "Mozlila/5.0 (Linux; Android 7.0; SM-G892A Bulid/NRD90M; wv) AppleWebKit/537.36 (KHTML, like Gecko) Version/4.0 Chrome/60.0.3112.107 Moblie Safari/537.36"
104.28.158.82 - - [29/Apr/2026:17:44:12 +0200] "POST /06bdc12ede3ae0.php HTTP/1.1" 200 72433 "https://nseurope.eu/06bdc12ede3ae0.php" "Mozilla/5.0 (Windows NT 10.0; Win64; x64) AppleWebKit/537.36 (KHTML, like Gecko) Chrome/135.0.0.0 Safari/537.36 OPR/121.0.0.0 (Edition developer)"
104.28.158.82 - - [29/Apr/2026:17:44:17 +0200] "GET /kxrz1qg/?SA HTTP/1.1" 200 1557 "http://nseurope.eu/kxrz1qg/" "Googlebot/2.1 (+http://www.google.com/bot.html)"
41.248.229.245 - - [29/Apr/2026:17:44:19 +0200] "GET /admin/images/slider/ HTTP/1.1" 404 1251 "www.google.com" "Mozlila/5.0 (Linux; Android 7.0; SM-G892A Bulid/NRD90M; wv) AppleWebKit/537.36 (KHTML, like Gecko) Version/4.0 Chrome/60.0.3112.107 Moblie Safari/537.36"
104.28.158.82 - - [29/Apr/2026:17:44:29 +0200] "GET /lrxh1ou/?SA HTTP/1.1" 200 1557 "http://nseurope.eu/lrxh1ou/" "Googlebot/2.1 (+http://www.google.com/bot.html)"
104.28.158.82 - - [29/Apr/2026:17:44:29 +0200] "GET /ntjzsxv/?SA HTTP/1.1" 200 1557 "http://nseurope.eu/ntjzsxv/" "Googlebot/2.1 (+http://www.google.com/bot.html)"
104.28.158.82 - - [29/Apr/2026:17:44:29 +0200] "GET /ntjzsxv/kvzocqx/ HTTP/1.1" 200 0 "http://nseurope.eu/ntjzsxv/" "Googlebot/2.1 (+http://www.google.com/bot.html)"
104.28.165.220 - - [29/Apr/2026:17:44:30 +0200] "GET /cgi-bin/d03ff56cd9fc33.php HTTP/1.1" 500 90 "-" "Mozilla/5.0 (Linux; Android 7.0; SM-G892A Build/NRD90M; wv) AppleWebKit/537.36 (KHTML, like Gecko) Version/4.0 Chrome/60.0.3112.107 Mobile Safari/537.36"
104.28.158.82 - - [29/Apr/2026:17:44:40 +0200] "GET /pxvqaei/?ND HTTP/1.1" 200 1558 "http://nseurope.eu/pxvqaei/" "Googlebot/2.1 (+http://www.google.com/bot.html)"
104.28.158.82 - - [29/Apr/2026:17:44:41 +0200] "GET /pxvqaei/lrgjskm/ HTTP/1.1" 200 0 "http://nseurope.eu/pxvqaei/" "Googlebot/2.1 (+http://www.google.com/bot.html)"
104.28.165.220 - - [29/Apr/2026:17:44:48 +0200] "GET /cgi-bin/0a3170fad6056c.php HTTP/1.1" 500 90 "-" "Mozilla/5.0 (Linux; Android 7.0; SM-G892A Build/NRD90M; wv) AppleWebKit/537.36 (KHTML, like Gecko) Version/4.0 Chrome/60.0.3112.107 Mobile Safari/537.36"
104.28.158.82 - - [29/Apr/2026:17:44:52 +0200] "GET /rguinqt/?ND HTTP/1.1" 200 1558 "http://nseurope.eu/rguinqt/" "Googlebot/2.1 (+http://www.google.com/bot.html)"
104.28.158.82 - - [29/Apr/2026:17:44:52 +0200] "GET /vskopc1/?ND HTTP/1.1" 200 1558 "http://nseurope.eu/vskopc1/" "Googlebot/2.1 (+http://www.google.com/bot.html)"
104.28.158.82 - - [29/Apr/2026:17:45:04 +0200] "GET /wtghjxi/?ND HTTP/1.1" 200 1558 "http://nseurope.eu/wtghjxi/" "Googlebot/2.1 (+http://www.google.com/bot.html)"
104.28.165.220 - - [29/Apr/2026:17:45:08 +0200] "GET /cgi-bin/862a9c587b7396.php HTTP/1.1" 500 90 "-" "Mozilla/5.0 (Linux; Android 7.0; SM-G892A Build/NRD90M; wv) AppleWebKit/537.36 (KHTML, like Gecko) Version/4.0 Chrome/60.0.3112.107 Mobile Safari/537.36"
104.28.158.82 - - [29/Apr/2026:17:45:15 +0200] "GET /xnlryqc/?SA HTTP/1.1" 200 1557 "http://nseurope.eu/xnlryqc/" "Googlebot/2.1 (+http://www.google.com/bot.html)"
104.28.158.82 - - [29/Apr/2026:17:45:15 +0200] "GET /xnlryqc/ruqaipl/ HTTP/1.1" 200 0 "http://nseurope.eu/xnlryqc/" "Googlebot/2.1 (+http://www.google.com/bot.html)"
104.28.158.82 - - [29/Apr/2026:17:45:39 +0200] "GET /bd1sqwt/?NA HTTP/1.1" 200 1557 "http://nseurope.eu/bd1sqwt/?ND" "Googlebot/2.1 (+http://www.google.com/bot.html)"
104.28.158.82 - - [29/Apr/2026:17:45:49 +0200] "GET /btnjegx/?MA HTTP/1.1" 200 1557 "http://nseurope.eu/btnjegx/" "Googlebot/2.1 (+http://www.google.com/bot.html)"
104.28.158.82 - - [29/Apr/2026:17:45:51 +0200] "GET /dmhyptz/?NA HTTP/1.1" 200 1557 "http://nseurope.eu/dmhyptz/?SA" "Googlebot/2.1 (+http://www.google.com/bot.html)"
104.28.158.82 - - [29/Apr/2026:17:46:02 +0200] "GET /g1stdmu/?SD HTTP/1.1" 200 1558 "http://nseurope.eu/g1stdmu/?SA" "Googlebot/2.1 (+http://www.google.com/bot.html)"
104.28.158.82 - - [29/Apr/2026:17:45:39 +0200] "GET /bd1sqwt/?SD HTTP/1.1" 200 1558 "http://nseurope.eu/bd1sqwt/?SA" "Googlebot/2.1 (+http://www.google.com/bot.html)"
104.28.158.82 - - [29/Apr/2026:17:45:43 +0200] "POST /06bdc12ede3ae0.php HTTP/1.1" 200 28133399 "https://nseurope.eu/06bdc12ede3ae0.php" "Mozilla/5.0 (Windows NT 10.0; Win64; x64) AppleWebKit/537.36 (KHTML, like Gecko) Chrome/135.0.0.0 Safari/537.36 OPR/121.0.0.0 (Edition developer)"
104.28.158.82 - - [29/Apr/2026:17:45:51 +0200] "GET /fsor1eq/?NA HTTP/1.1" 200 1557 "http://nseurope.eu/fsor1eq/?ND" "Googlebot/2.1 (+http://www.google.com/bot.html)"
41.248.229.245 - - [29/Apr/2026:17:45:54 +0200] "GET /ALFA_DATA/ HTTP/1.1" 404 1251 "www.google.com" "Mozlila/5.0 (Linux; Android 7.0; SM-G892A Bulid/NRD90M; wv) AppleWebKit/537.36 (KHTML, like Gecko) Version/4.0 Chrome/60.0.3112.107 Moblie Safari/537.36"
41.248.229.245 - - [29/Apr/2026:17:45:56 +0200] "GET /components/ HTTP/1.1" 404 1251 "www.google.com" "Mozlila/5.0 (Linux; Android 7.0; SM-G892A Bulid/NRD90M; wv) AppleWebKit/537.36 (KHTML, like Gecko) Version/4.0 Chrome/60.0.3112.107 Moblie Safari/537.36"
104.28.158.82 - - [29/Apr/2026:17:45:57 +0200] "POST /06bdc12ede3ae0.php HTTP/1.1" 200 16562482 "https://nseurope.eu/06bdc12ede3ae0.php" "Mozilla/5.0 (Windows NT 10.0; Win64; x64) AppleWebKit/537.36 (KHTML, like Gecko) Chrome/135.0.0.0 Safari/537.36 OPR/121.0.0.0 (Edition developer)"
104.28.158.82 - - [29/Apr/2026:17:46:01 +0200] "GET /fsor1eq/?SD HTTP/1.1" 200 1558 "http://nseurope.eu/fsor1eq/?SA" "Googlebot/2.1 (+http://www.google.com/bot.html)"
104.28.158.82 - - [29/Apr/2026:17:46:02 +0200] "GET /g1stdmu/?NA HTTP/1.1" 200 1557 "http://nseurope.eu/g1stdmu/?SA" "Googlebot/2.1 (+http://www.google.com/bot.html)"
104.28.158.82 - - [29/Apr/2026:17:46:02 +0200] "GET /kxrz1qg/?NA HTTP/1.1" 200 1557 "http://nseurope.eu/kxrz1qg/?ND" "Googlebot/2.1 (+http://www.google.com/bot.html)"
104.28.158.82 - - [29/Apr/2026:17:46:12 +0200] "GET /kxrz1qg/?SD HTTP/1.1" 200 1558 "http://nseurope.eu/kxrz1qg/?SA" "Googlebot/2.1 (+http://www.google.com/bot.html)"
104.28.158.82 - - [29/Apr/2026:17:46:14 +0200] "GET /lafwceu/?NA HTTP/1.1" 200 1557 "http://nseurope.eu/lafwceu/?SA" "Googlebot/2.1 (+http://www.google.com/bot.html)"
41.248.229.245 - - [29/Apr/2026:17:46:15 +0200] "GET /admin/uploads/images/ HTTP/1.1" 404 1251 "www.google.com" "Mozlila/5.0 (Linux; Android 7.0; SM-G892A Bulid/NRD90M; wv) AppleWebKit/537.36 (KHTML, like Gecko) Version/4.0 Chrome/60.0.3112.107 Moblie Safari/537.36"
104.28.158.82 - - [29/Apr/2026:17:46:14 +0200] "POST /06bdc12ede3ae0.php HTTP/1.1" 200 37455676 "https://nseurope.eu/06bdc12ede3ae0.php" "Mozilla/5.0 (Windows NT 10.0; Win64; x64) AppleWebKit/537.36 (KHTML, like Gecko) Chrome/135.0.0.0 Safari/537.36 OPR/121.0.0.0 (Edition developer)"
104.28.158.82 - - [29/Apr/2026:17:46:39 +0200] "POST /06bdc12ede3ae0.php HTTP/1.1" 200 12775563 "https://nseurope.eu/06bdc12ede3ae0.php" "Mozilla/5.0 (Windows NT 10.0; Win64; x64) AppleWebKit/537.36 (KHTML, like Gecko) Chrome/135.0.0.0 Safari/537.36 OPR/121.0.0.0 (Edition developer)"
198.244.240.5 - - [29/Apr/2026:17:46:42 +0200] "GET /products/60376642282497 HTTP/1.1" 404 1251 "-" "Mozilla/5.0 (compatible; AhrefsBot/7.0; +http://ahrefs.com/robot/)"
104.28.158.82 - - [29/Apr/2026:17:46:47 +0200] "GET /qdlam1t/pyfenvm/ HTTP/1.1" 200 0 "http://nseurope.eu/qdlam1t/" "Googlebot/2.1 (+http://www.google.com/bot.html)"
104.28.158.82 - - [29/Apr/2026:17:46:49 +0200] "GET /vskopc1/?MA HTTP/1.1" 200 1557 "http://nseurope.eu/vskopc1/" "Googlebot/2.1 (+http://www.google.com/bot.html)"
104.28.158.82 - - [29/Apr/2026:17:46:57 +0200] "GET /vskopc1/uklafin/ HTTP/1.1" 200 0 "http://nseurope.eu/vskopc1/" "Googlebot/2.1 (+http://www.google.com/bot.html)"
