57.141.20.30 - - [29/Apr/2026:08:24:42 +0200] "GET /items/D271646066/ HTTP/1.1" 200 1 "-" "meta-externalagent/1.1 (+https://developers.facebook.com/docs/sharing/webmasters/crawler)"
57.141.20.5 - - [29/Apr/2026:08:25:03 +0200] "GET /items/D273825228/ HTTP/1.1" 200 1 "-" "meta-externalagent/1.1 (+https://developers.facebook.com/docs/sharing/webmasters/crawler)"
57.141.20.2 - - [29/Apr/2026:08:25:09 +0200] "GET /items/D272769365/ HTTP/1.1" 200 1 "-" "meta-externalagent/1.1 (+https://developers.facebook.com/docs/sharing/webmasters/crawler)"
57.141.20.60 - - [29/Apr/2026:08:25:13 +0200] "GET /items/D273233292/ HTTP/1.1" 200 1 "-" "meta-externalagent/1.1 (+https://developers.facebook.com/docs/sharing/webmasters/crawler)"
57.141.20.67 - - [29/Apr/2026:08:25:19 +0200] "GET /items/D271962686/ HTTP/1.1" 200 1 "-" "meta-externalagent/1.1 (+https://developers.facebook.com/docs/sharing/webmasters/crawler)"
57.141.20.54 - - [29/Apr/2026:08:25:28 +0200] "GET /items/D274603838/ HTTP/1.1" 200 1 "-" "meta-externalagent/1.1 (+https://developers.facebook.com/docs/sharing/webmasters/crawler)"
57.141.20.21 - - [29/Apr/2026:08:25:36 +0200] "GET /items/D273884905/ HTTP/1.1" 200 1 "-" "meta-externalagent/1.1 (+https://developers.facebook.com/docs/sharing/webmasters/crawler)"
57.141.20.38 - - [29/Apr/2026:08:25:45 +0200] "GET /items/D273367248/ HTTP/1.1" 200 1 "-" "meta-externalagent/1.1 (+https://developers.facebook.com/docs/sharing/webmasters/crawler)"
57.141.20.35 - - [29/Apr/2026:08:25:50 +0200] "GET /items/D271500523/ HTTP/1.1" 200 1 "-" "meta-externalagent/1.1 (+https://developers.facebook.com/docs/sharing/webmasters/crawler)"
57.141.20.29 - - [29/Apr/2026:08:26:23 +0200] "GET /items/D274764998/ HTTP/1.1" 200 1 "-" "meta-externalagent/1.1 (+https://developers.facebook.com/docs/sharing/webmasters/crawler)"
57.141.20.41 - - [29/Apr/2026:08:26:30 +0200] "GET /items/D271803233/ HTTP/1.1" 200 1 "-" "meta-externalagent/1.1 (+https://developers.facebook.com/docs/sharing/webmasters/crawler)"
57.141.20.63 - - [29/Apr/2026:08:26:44 +0200] "GET /items/D275746328/ HTTP/1.1" 200 1 "-" "meta-externalagent/1.1 (+https://developers.facebook.com/docs/sharing/webmasters/crawler)"
57.141.20.10 - - [29/Apr/2026:08:26:44 +0200] "GET /items/D275203404/ HTTP/1.1" 200 1 "-" "meta-externalagent/1.1 (+https://developers.facebook.com/docs/sharing/webmasters/crawler)"
57.141.20.54 - - [29/Apr/2026:08:26:52 +0200] "GET /items/D273859781/ HTTP/1.1" 200 1 "-" "meta-externalagent/1.1 (+https://developers.facebook.com/docs/sharing/webmasters/crawler)"
57.141.20.39 - - [29/Apr/2026:08:27:05 +0200] "GET /items/D271794911/ HTTP/1.1" 200 1 "-" "meta-externalagent/1.1 (+https://developers.facebook.com/docs/sharing/webmasters/crawler)"
57.141.20.30 - - [29/Apr/2026:08:22:56 +0200] "GET /items/D274581432/ HTTP/1.1" 200 1 "-" "meta-externalagent/1.1 (+https://developers.facebook.com/docs/sharing/webmasters/crawler)"
57.141.20.6 - - [29/Apr/2026:08:23:17 +0200] "GET /items/D274231709/ HTTP/1.1" 200 1 "-" "meta-externalagent/1.1 (+https://developers.facebook.com/docs/sharing/webmasters/crawler)"
57.141.20.20 - - [29/Apr/2026:08:23:21 +0200] "GET /items/D275212951/ HTTP/1.1" 200 1 "-" "meta-externalagent/1.1 (+https://developers.facebook.com/docs/sharing/webmasters/crawler)"
57.141.20.42 - - [29/Apr/2026:08:23:31 +0200] "GET /items/D272112673/ HTTP/1.1" 200 1 "-" "meta-externalagent/1.1 (+https://developers.facebook.com/docs/sharing/webmasters/crawler)"
57.141.20.63 - - [29/Apr/2026:08:23:47 +0200] "GET /items/D274398561/ HTTP/1.1" 200 1 "-" "meta-externalagent/1.1 (+https://developers.facebook.com/docs/sharing/webmasters/crawler)"
57.141.20.64 - - [29/Apr/2026:08:23:51 +0200] "GET /items/D275146650/ HTTP/1.1" 200 1 "-" "meta-externalagent/1.1 (+https://developers.facebook.com/docs/sharing/webmasters/crawler)"
57.141.20.12 - - [29/Apr/2026:08:24:15 +0200] "GET /items/D275480400/ HTTP/1.1" 200 1 "-" "meta-externalagent/1.1 (+https://developers.facebook.com/docs/sharing/webmasters/crawler)"
57.141.20.2 - - [29/Apr/2026:08:24:38 +0200] "GET /items/D271905553/ HTTP/1.1" 200 1 "-" "meta-externalagent/1.1 (+https://developers.facebook.com/docs/sharing/webmasters/crawler)"
57.141.20.1 - - [29/Apr/2026:08:24:54 +0200] "GET /items/D271127801/ HTTP/1.1" 200 1 "-" "meta-externalagent/1.1 (+https://developers.facebook.com/docs/sharing/webmasters/crawler)"
57.141.20.32 - - [29/Apr/2026:08:25:15 +0200] "GET /items/D273718369/ HTTP/1.1" 200 1 "-" "meta-externalagent/1.1 (+https://developers.facebook.com/docs/sharing/webmasters/crawler)"
57.141.20.32 - - [29/Apr/2026:08:25:44 +0200] "GET /items/D271326943/ HTTP/1.1" 200 1 "-" "meta-externalagent/1.1 (+https://developers.facebook.com/docs/sharing/webmasters/crawler)"
57.141.20.43 - - [29/Apr/2026:08:25:58 +0200] "GET /items/D271287530/ HTTP/1.1" 200 1 "-" "meta-externalagent/1.1 (+https://developers.facebook.com/docs/sharing/webmasters/crawler)"
57.141.20.44 - - [29/Apr/2026:08:25:59 +0200] "GET /items/D274705327/ HTTP/1.1" 200 1 "-" "meta-externalagent/1.1 (+https://developers.facebook.com/docs/sharing/webmasters/crawler)"
57.141.20.63 - - [29/Apr/2026:08:26:07 +0200] "GET /items/D274141105/ HTTP/1.1" 200 1 "-" "meta-externalagent/1.1 (+https://developers.facebook.com/docs/sharing/webmasters/crawler)"
57.141.20.34 - - [29/Apr/2026:08:26:15 +0200] "GET /items/D273416606/ HTTP/1.1" 200 1 "-" "meta-externalagent/1.1 (+https://developers.facebook.com/docs/sharing/webmasters/crawler)"
57.141.20.20 - - [29/Apr/2026:08:26:28 +0200] "GET /items/D271099436/ HTTP/1.1" 200 1 "-" "meta-externalagent/1.1 (+https://developers.facebook.com/docs/sharing/webmasters/crawler)"
57.141.20.49 - - [29/Apr/2026:08:26:40 +0200] "GET /items/D271451776/ HTTP/1.1" 200 1 "-" "meta-externalagent/1.1 (+https://developers.facebook.com/docs/sharing/webmasters/crawler)"
57.141.20.54 - - [29/Apr/2026:08:26:48 +0200] "GET /items/D274308064/ HTTP/1.1" 200 1 "-" "meta-externalagent/1.1 (+https://developers.facebook.com/docs/sharing/webmasters/crawler)"
57.141.20.16 - - [29/Apr/2026:08:27:02 +0200] "GET /items/D274444622/ HTTP/1.1" 200 1 "-" "meta-externalagent/1.1 (+https://developers.facebook.com/docs/sharing/webmasters/crawler)"
57.141.20.28 - - [29/Apr/2026:08:27:32 +0200] "GET /items/D271246309/ HTTP/1.1" 200 1 "-" "meta-externalagent/1.1 (+https://developers.facebook.com/docs/sharing/webmasters/crawler)"
57.141.20.61 - - [29/Apr/2026:08:27:43 +0200] "GET /items/D271994080/ HTTP/1.1" 200 1 "-" "meta-externalagent/1.1 (+https://developers.facebook.com/docs/sharing/webmasters/crawler)"
57.128.22.95 - - [29/Apr/2026:08:27:44 +0200] "GET / HTTP/1.1" 200 1 "-" "Mozilla/5.0 (Macintosh; Intel Mac OS X 10_15_7) AppleWebKit/537.36 (KHTML, like Gecko) Chrome/146.0.0.0 Safari/537.36"
57.141.20.1 - - [29/Apr/2026:08:27:20 +0200] "GET /items/D271644834/ HTTP/1.1" 200 1 "-" "meta-externalagent/1.1 (+https://developers.facebook.com/docs/sharing/webmasters/crawler)"
57.141.20.53 - - [29/Apr/2026:08:27:28 +0200] "GET /items/D272738302/ HTTP/1.1" 200 1 "-" "meta-externalagent/1.1 (+https://developers.facebook.com/docs/sharing/webmasters/crawler)"
57.141.20.14 - - [29/Apr/2026:08:27:36 +0200] "GET /items/D274878875/ HTTP/1.1" 200 1 "-" "meta-externalagent/1.1 (+https://developers.facebook.com/docs/sharing/webmasters/crawler)"
57.141.20.44 - - [29/Apr/2026:08:27:48 +0200] "GET /items/D271622161/ HTTP/1.1" 200 1 "-" "meta-externalagent/1.1 (+https://developers.facebook.com/docs/sharing/webmasters/crawler)"
51.68.111.239 - - [29/Apr/2026:08:27:49 +0200] "GET / HTTP/1.1" 200 1 "-" "Mozilla/5.0 (compatible; MJ12bot/v2.0.5; http://mj12bot.com/)"
57.141.20.4 - - [29/Apr/2026:08:27:59 +0200] "GET /items/D274368566/ HTTP/1.1" 200 1 "-" "meta-externalagent/1.1 (+https://developers.facebook.com/docs/sharing/webmasters/crawler)"
57.141.20.70 - - [29/Apr/2026:08:28:08 +0200] "GET /items/D275482779/ HTTP/1.1" 200 1 "-" "meta-externalagent/1.1 (+https://developers.facebook.com/docs/sharing/webmasters/crawler)"
57.141.20.56 - - [29/Apr/2026:08:28:18 +0200] "GET /precalculusaem.xml HTTP/1.1" 200 382609 "-" "meta-externalagent/1.1 (+https://developers.facebook.com/docs/sharing/webmasters/crawler)"
57.141.20.54 - - [29/Apr/2026:08:28:23 +0200] "GET /detail/312392870 HTTP/1.1" 200 1 "-" "meta-externalagent/1.1 (+https://developers.facebook.com/docs/sharing/webmasters/crawler)"
57.141.20.21 - - [29/Apr/2026:08:28:35 +0200] "GET /items/D272573267/ HTTP/1.1" 200 1 "-" "meta-externalagent/1.1 (+https://developers.facebook.com/docs/sharing/webmasters/crawler)"
57.141.20.38 - - [29/Apr/2026:08:28:47 +0200] "GET /scatomancyxce.xml HTTP/1.1" 200 382609 "-" "meta-externalagent/1.1 (+https://developers.facebook.com/docs/sharing/webmasters/crawler)"
57.141.20.9 - - [29/Apr/2026:08:29:07 +0200] "GET /items/D271884755/ HTTP/1.1" 200 1 "-" "meta-externalagent/1.1 (+https://developers.facebook.com/docs/sharing/webmasters/crawler)"
57.141.20.61 - - [29/Apr/2026:08:29:21 +0200] "GET /detail/157183092 HTTP/1.1" 200 1 "-" "meta-externalagent/1.1 (+https://developers.facebook.com/docs/sharing/webmasters/crawler)"
57.141.20.63 - - [29/Apr/2026:08:29:52 +0200] "GET /items/D272754805/ HTTP/1.1" 200 1 "-" "meta-externalagent/1.1 (+https://developers.facebook.com/docs/sharing/webmasters/crawler)"
57.141.20.68 - - [29/Apr/2026:08:29:55 +0200] "GET /items/D271581766/ HTTP/1.1" 200 1 "-" "meta-externalagent/1.1 (+https://developers.facebook.com/docs/sharing/webmasters/crawler)"
57.141.20.18 - - [29/Apr/2026:08:29:59 +0200] "GET /items/D274943990/ HTTP/1.1" 200 1 "-" "meta-externalagent/1.1 (+https://developers.facebook.com/docs/sharing/webmasters/crawler)"
57.141.20.32 - - [29/Apr/2026:08:30:09 +0200] "GET /items/D274271938/ HTTP/1.1" 200 1 "-" "meta-externalagent/1.1 (+https://developers.facebook.com/docs/sharing/webmasters/crawler)"
57.141.20.62 - - [29/Apr/2026:08:30:22 +0200] "GET /items/D272259711/ HTTP/1.1" 200 1 "-" "meta-externalagent/1.1 (+https://developers.facebook.com/docs/sharing/webmasters/crawler)"
57.141.20.47 - - [29/Apr/2026:08:30:25 +0200] "GET /items/D274955578/ HTTP/1.1" 200 1 "-" "meta-externalagent/1.1 (+https://developers.facebook.com/docs/sharing/webmasters/crawler)"
57.141.20.25 - - [29/Apr/2026:08:30:29 +0200] "GET /items/D272586241/ HTTP/1.1" 200 1 "-" "meta-externalagent/1.1 (+https://developers.facebook.com/docs/sharing/webmasters/crawler)"
57.141.20.43 - - [29/Apr/2026:08:30:37 +0200] "GET /items/D271644493/ HTTP/1.1" 200 1 "-" "meta-externalagent/1.1 (+https://developers.facebook.com/docs/sharing/webmasters/crawler)"
57.141.20.21 - - [29/Apr/2026:08:30:46 +0200] "GET /items/D272987921/ HTTP/1.1" 200 1 "-" "meta-externalagent/1.1 (+https://developers.facebook.com/docs/sharing/webmasters/crawler)"
57.141.20.34 - - [29/Apr/2026:08:27:47 +0200] "GET /items/D271271707/ HTTP/1.1" 200 1 "-" "meta-externalagent/1.1 (+https://developers.facebook.com/docs/sharing/webmasters/crawler)"
51.68.111.239 - - [29/Apr/2026:08:27:49 +0200] "GET /robots.txt HTTP/1.1" 200 416 "-" "Mozilla/5.0 (compatible; MJ12bot/v2.0.5; http://mj12bot.com/)"
57.141.20.32 - - [29/Apr/2026:08:28:04 +0200] "GET /items/D274991309/ HTTP/1.1" 200 1 "-" "meta-externalagent/1.1 (+https://developers.facebook.com/docs/sharing/webmasters/crawler)"
57.141.20.16 - - [29/Apr/2026:08:28:13 +0200] "GET /items/D272791794/ HTTP/1.1" 200 1 "-" "meta-externalagent/1.1 (+https://developers.facebook.com/docs/sharing/webmasters/crawler)"
57.141.20.60 - - [29/Apr/2026:08:28:36 +0200] "GET /items/D272950081/ HTTP/1.1" 200 1 "-" "meta-externalagent/1.1 (+https://developers.facebook.com/docs/sharing/webmasters/crawler)"
57.141.20.3 - - [29/Apr/2026:08:28:42 +0200] "GET /detail/158386231 HTTP/1.1" 200 1 "-" "meta-externalagent/1.1 (+https://developers.facebook.com/docs/sharing/webmasters/crawler)"
57.141.20.58 - - [29/Apr/2026:08:28:52 +0200] "GET /items/D272840067/ HTTP/1.1" 200 1 "-" "meta-externalagent/1.1 (+https://developers.facebook.com/docs/sharing/webmasters/crawler)"
57.141.20.57 - - [29/Apr/2026:08:29:16 +0200] "GET /items/D273211364/ HTTP/1.1" 200 1 "-" "meta-externalagent/1.1 (+https://developers.facebook.com/docs/sharing/webmasters/crawler)"
57.141.20.26 - - [29/Apr/2026:08:29:40 +0200] "GET /items/D275506828/ HTTP/1.1" 200 1 "-" "meta-externalagent/1.1 (+https://developers.facebook.com/docs/sharing/webmasters/crawler)"
57.141.20.21 - - [29/Apr/2026:08:29:44 +0200] "GET /items/D274015453/ HTTP/1.1" 200 1 "-" "meta-externalagent/1.1 (+https://developers.facebook.com/docs/sharing/webmasters/crawler)"
57.141.20.70 - - [29/Apr/2026:08:29:48 +0200] "GET /items/D271247756/ HTTP/1.1" 200 1 "-" "meta-externalagent/1.1 (+https://developers.facebook.com/docs/sharing/webmasters/crawler)"
57.141.20.57 - - [29/Apr/2026:08:30:06 +0200] "GET /items/D272850438/ HTTP/1.1" 200 1 "-" "meta-externalagent/1.1 (+https://developers.facebook.com/docs/sharing/webmasters/crawler)"
57.141.20.3 - - [29/Apr/2026:08:30:12 +0200] "GET /items/D271633367/ HTTP/1.1" 200 1 "-" "meta-externalagent/1.1 (+https://developers.facebook.com/docs/sharing/webmasters/crawler)"
57.141.20.55 - - [29/Apr/2026:08:30:18 +0200] "GET /items/D273166911/ HTTP/1.1" 200 1 "-" "meta-externalagent/1.1 (+https://developers.facebook.com/docs/sharing/webmasters/crawler)"
57.141.20.54 - - [29/Apr/2026:08:30:19 +0200] "GET /afritewdm.xml HTTP/1.1" 200 382609 "-" "meta-externalagent/1.1 (+https://developers.facebook.com/docs/sharing/webmasters/crawler)"
57.141.20.13 - - [29/Apr/2026:08:30:33 +0200] "GET /items/D271476643/ HTTP/1.1" 200 1 "-" "meta-externalagent/1.1 (+https://developers.facebook.com/docs/sharing/webmasters/crawler)"
57.141.20.1 - - [29/Apr/2026:08:30:43 +0200] "GET /items/D272910421/ HTTP/1.1" 200 1 "-" "meta-externalagent/1.1 (+https://developers.facebook.com/docs/sharing/webmasters/crawler)"
57.141.20.65 - - [29/Apr/2026:08:30:48 +0200] "GET /items/D272477797/ HTTP/1.1" 200 1 "-" "meta-externalagent/1.1 (+https://developers.facebook.com/docs/sharing/webmasters/crawler)"
57.141.20.55 - - [29/Apr/2026:08:30:50 +0200] "GET /items/D274274024/ HTTP/1.1" 200 1 "-" "meta-externalagent/1.1 (+https://developers.facebook.com/docs/sharing/webmasters/crawler)"
57.141.20.64 - - [29/Apr/2026:08:30:54 +0200] "GET /items/D274987772/ HTTP/1.1" 200 1 "-" "meta-externalagent/1.1 (+https://developers.facebook.com/docs/sharing/webmasters/crawler)"
57.141.20.43 - - [29/Apr/2026:08:30:56 +0200] "GET /items/D271459575/ HTTP/1.1" 200 1 "-" "meta-externalagent/1.1 (+https://developers.facebook.com/docs/sharing/webmasters/crawler)"
57.141.20.54 - - [29/Apr/2026:08:31:03 +0200] "GET /items/D273207107/ HTTP/1.1" 200 1 "-" "meta-externalagent/1.1 (+https://developers.facebook.com/docs/sharing/webmasters/crawler)"
57.141.20.12 - - [29/Apr/2026:08:26:34 +0200] "GET /items/D274544506/ HTTP/1.1" 200 1 "-" "meta-externalagent/1.1 (+https://developers.facebook.com/docs/sharing/webmasters/crawler)"
57.141.20.17 - - [29/Apr/2026:08:26:55 +0200] "GET /items/D274274884/ HTTP/1.1" 200 1 "-" "meta-externalagent/1.1 (+https://developers.facebook.com/docs/sharing/webmasters/crawler)"
57.141.20.25 - - [29/Apr/2026:08:26:58 +0200] "GET /items/D271660343/ HTTP/1.1" 200 1 "-" "meta-externalagent/1.1 (+https://developers.facebook.com/docs/sharing/webmasters/crawler)"
57.141.20.6 - - [29/Apr/2026:08:27:15 +0200] "GET /items/D273298619/ HTTP/1.1" 200 1 "-" "meta-externalagent/1.1 (+https://developers.facebook.com/docs/sharing/webmasters/crawler)"
57.141.20.26 - - [29/Apr/2026:08:27:20 +0200] "GET /items/D275132524/ HTTP/1.1" 200 1 "-" "meta-externalagent/1.1 (+https://developers.facebook.com/docs/sharing/webmasters/crawler)"
57.141.20.3 - - [29/Apr/2026:08:27:25 +0200] "GET /items/D275457222/ HTTP/1.1" 200 1 "-" "meta-externalagent/1.1 (+https://developers.facebook.com/docs/sharing/webmasters/crawler)"
57.141.20.41 - - [29/Apr/2026:08:27:52 +0200] "GET /detail/252239753 HTTP/1.1" 200 1 "-" "meta-externalagent/1.1 (+https://developers.facebook.com/docs/sharing/webmasters/crawler)"
57.141.20.5 - - [29/Apr/2026:08:28:30 +0200] "GET /items/D274575880/ HTTP/1.1" 200 1 "-" "meta-externalagent/1.1 (+https://developers.facebook.com/docs/sharing/webmasters/crawler)"
57.141.20.0 - - [29/Apr/2026:08:29:01 +0200] "GET /items/D275459748/ HTTP/1.1" 200 1 "-" "meta-externalagent/1.1 (+https://developers.facebook.com/docs/sharing/webmasters/crawler)"
57.141.20.29 - - [29/Apr/2026:08:29:02 +0200] "GET /items/D273108769/ HTTP/1.1" 200 1 "-" "meta-externalagent/1.1 (+https://developers.facebook.com/docs/sharing/webmasters/crawler)"
57.141.20.44 - - [29/Apr/2026:08:29:16 +0200] "GET /items/D273857132/ HTTP/1.1" 200 1 "-" "meta-externalagent/1.1 (+https://developers.facebook.com/docs/sharing/webmasters/crawler)"
57.141.20.14 - - [29/Apr/2026:08:29:30 +0200] "GET /items/D271035960/ HTTP/1.1" 200 1 "-" "meta-externalagent/1.1 (+https://developers.facebook.com/docs/sharing/webmasters/crawler)"
57.141.20.29 - - [29/Apr/2026:08:29:31 +0200] "GET /items/D274016507/ HTTP/1.1" 200 1 "-" "meta-externalagent/1.1 (+https://developers.facebook.com/docs/sharing/webmasters/crawler)"
57.141.20.9 - - [29/Apr/2026:08:29:35 +0200] "GET /items/D273510862/ HTTP/1.1" 200 1 "-" "meta-externalagent/1.1 (+https://developers.facebook.com/docs/sharing/webmasters/crawler)"
57.141.20.6 - - [29/Apr/2026:08:30:02 +0200] "GET /items/D275863983/ HTTP/1.1" 200 1 "-" "meta-externalagent/1.1 (+https://developers.facebook.com/docs/sharing/webmasters/crawler)"
57.141.20.9 - - [29/Apr/2026:08:30:33 +0200] "GET /items/D273735046/ HTTP/1.1" 200 1 "-" "meta-externalagent/1.1 (+https://developers.facebook.com/docs/sharing/webmasters/crawler)"
57.141.20.62 - - [29/Apr/2026:08:30:39 +0200] "GET /items/D275871113/ HTTP/1.1" 200 1 "-" "meta-externalagent/1.1 (+https://developers.facebook.com/docs/sharing/webmasters/crawler)"
57.141.20.0 - - [29/Apr/2026:08:31:01 +0200] "GET /items/D272041436/ HTTP/1.1" 200 1 "-" "meta-externalagent/1.1 (+https://developers.facebook.com/docs/sharing/webmasters/crawler)"
57.141.20.41 - - [29/Apr/2026:08:31:05 +0200] "GET /items/D275535626/ HTTP/1.1" 200 1 "-" "meta-externalagent/1.1 (+https://developers.facebook.com/docs/sharing/webmasters/crawler)"
57.141.20.30 - - [29/Apr/2026:08:31:17 +0200] "GET /items/D272539136/ HTTP/1.1" 200 1 "-" "meta-externalagent/1.1 (+https://developers.facebook.com/docs/sharing/webmasters/crawler)"
198.244.240.120 - - [29/Apr/2026:08:31:20 +0200] "GET /detail/67243387 HTTP/1.1" 200 1 "-" "Mozilla/5.0 (compatible; AhrefsBot/7.0; +http://ahrefs.com/robot/)"
57.141.20.39 - - [29/Apr/2026:08:31:41 +0200] "GET /items/D273401767/ HTTP/1.1" 200 1 "-" "meta-externalagent/1.1 (+https://developers.facebook.com/docs/sharing/webmasters/crawler)"
57.141.20.32 - - [29/Apr/2026:08:31:46 +0200] "GET /items/D274487498/ HTTP/1.1" 200 1 "-" "meta-externalagent/1.1 (+https://developers.facebook.com/docs/sharing/webmasters/crawler)"
57.141.20.6 - - [29/Apr/2026:08:31:58 +0200] "GET /items/D272434122/ HTTP/1.1" 200 1 "-" "meta-externalagent/1.1 (+https://developers.facebook.com/docs/sharing/webmasters/crawler)"
57.141.20.18 - - [29/Apr/2026:08:32:05 +0200] "GET /items/D274749457/ HTTP/1.1" 200 1 "-" "meta-externalagent/1.1 (+https://developers.facebook.com/docs/sharing/webmasters/crawler)"
57.141.20.59 - - [29/Apr/2026:08:32:09 +0200] "GET /items/D274772278/ HTTP/1.1" 200 1 "-" "meta-externalagent/1.1 (+https://developers.facebook.com/docs/sharing/webmasters/crawler)"
57.141.20.17 - - [29/Apr/2026:08:32:18 +0200] "GET /items/D275332568/ HTTP/1.1" 200 1 "-" "meta-externalagent/1.1 (+https://developers.facebook.com/docs/sharing/webmasters/crawler)"
57.141.20.57 - - [29/Apr/2026:08:32:21 +0200] "GET /items/D272764914/ HTTP/1.1" 200 1 "-" "meta-externalagent/1.1 (+https://developers.facebook.com/docs/sharing/webmasters/crawler)"
57.141.20.37 - - [29/Apr/2026:08:32:32 +0200] "GET /items/D274843586/ HTTP/1.1" 200 1 "-" "meta-externalagent/1.1 (+https://developers.facebook.com/docs/sharing/webmasters/crawler)"
57.141.20.60 - - [29/Apr/2026:08:30:58 +0200] "GET /items/D272981711/ HTTP/1.1" 200 1 "-" "meta-externalagent/1.1 (+https://developers.facebook.com/docs/sharing/webmasters/crawler)"
57.141.20.2 - - [29/Apr/2026:08:31:10 +0200] "GET /items/D274634630/ HTTP/1.1" 200 1 "-" "meta-externalagent/1.1 (+https://developers.facebook.com/docs/sharing/webmasters/crawler)"
57.141.20.14 - - [29/Apr/2026:08:31:17 +0200] "GET /items/D272523195/ HTTP/1.1" 200 1 "-" "meta-externalagent/1.1 (+https://developers.facebook.com/docs/sharing/webmasters/crawler)"
57.141.20.45 - - [29/Apr/2026:08:31:26 +0200] "GET /items/D274042574/ HTTP/1.1" 200 1 "-" "meta-externalagent/1.1 (+https://developers.facebook.com/docs/sharing/webmasters/crawler)"
57.141.20.44 - - [29/Apr/2026:08:31:31 +0200] "GET /items/D271743177/ HTTP/1.1" 200 1 "-" "meta-externalagent/1.1 (+https://developers.facebook.com/docs/sharing/webmasters/crawler)"
57.141.20.30 - - [29/Apr/2026:08:31:31 +0200] "GET /items/D272020854/ HTTP/1.1" 200 1 "-" "meta-externalagent/1.1 (+https://developers.facebook.com/docs/sharing/webmasters/crawler)"
57.141.20.42 - - [29/Apr/2026:08:31:50 +0200] "GET /items/D272341421/ HTTP/1.1" 200 1 "-" "meta-externalagent/1.1 (+https://developers.facebook.com/docs/sharing/webmasters/crawler)"
57.141.20.26 - - [29/Apr/2026:08:31:54 +0200] "GET /items/D273113828/ HTTP/1.1" 200 1 "-" "meta-externalagent/1.1 (+https://developers.facebook.com/docs/sharing/webmasters/crawler)"
57.141.20.61 - - [29/Apr/2026:08:32:22 +0200] "GET /items/D275487128/ HTTP/1.1" 200 1 "-" "meta-externalagent/1.1 (+https://developers.facebook.com/docs/sharing/webmasters/crawler)"
57.141.20.7 - - [29/Apr/2026:08:32:26 +0200] "GET /items/D272256761/ HTTP/1.1" 200 1 "-" "meta-externalagent/1.1 (+https://developers.facebook.com/docs/sharing/webmasters/crawler)"
57.141.20.33 - - [29/Apr/2026:08:32:37 +0200] "GET /items/D273968523/ HTTP/1.1" 200 1 "-" "meta-externalagent/1.1 (+https://developers.facebook.com/docs/sharing/webmasters/crawler)"
57.141.20.34 - - [29/Apr/2026:08:32:40 +0200] "GET /items/D275972184/ HTTP/1.1" 200 1 "-" "meta-externalagent/1.1 (+https://developers.facebook.com/docs/sharing/webmasters/crawler)"
57.141.20.35 - - [29/Apr/2026:08:31:08 +0200] "GET /items/D274736844/ HTTP/1.1" 200 1 "-" "meta-externalagent/1.1 (+https://developers.facebook.com/docs/sharing/webmasters/crawler)"
57.141.20.34 - - [29/Apr/2026:08:31:35 +0200] "GET /items/D275746108/ HTTP/1.1" 200 1 "-" "meta-externalagent/1.1 (+https://developers.facebook.com/docs/sharing/webmasters/crawler)"
57.141.20.65 - - [29/Apr/2026:08:31:46 +0200] "GET /items/D275458259/ HTTP/1.1" 200 1 "-" "meta-externalagent/1.1 (+https://developers.facebook.com/docs/sharing/webmasters/crawler)"
57.141.20.29 - - [29/Apr/2026:08:32:02 +0200] "GET /items/D274480909/ HTTP/1.1" 200 1 "-" "meta-externalagent/1.1 (+https://developers.facebook.com/docs/sharing/webmasters/crawler)"
57.141.20.5 - - [29/Apr/2026:08:32:12 +0200] "GET /items/D271634781/ HTTP/1.1" 200 1 "-" "meta-externalagent/1.1 (+https://developers.facebook.com/docs/sharing/webmasters/crawler)"
57.141.20.1 - - [29/Apr/2026:08:32:32 +0200] "GET /items/D272112761/ HTTP/1.1" 200 1 "-" "meta-externalagent/1.1 (+https://developers.facebook.com/docs/sharing/webmasters/crawler)"
57.141.20.20 - - [29/Apr/2026:08:32:43 +0200] "GET /items/D273981881/ HTTP/1.1" 200 1 "-" "meta-externalagent/1.1 (+https://developers.facebook.com/docs/sharing/webmasters/crawler)"
57.141.20.38 - - [29/Apr/2026:08:32:46 +0200] "GET /items/D272239188/ HTTP/1.1" 200 1 "-" "meta-externalagent/1.1 (+https://developers.facebook.com/docs/sharing/webmasters/crawler)"
57.141.20.52 - - [29/Apr/2026:08:32:56 +0200] "GET /items/D272611024/ HTTP/1.1" 200 1 "-" "meta-externalagent/1.1 (+https://developers.facebook.com/docs/sharing/webmasters/crawler)"
57.141.20.8 - - [29/Apr/2026:08:33:04 +0200] "GET /items/D273033949/ HTTP/1.1" 200 1 "-" "meta-externalagent/1.1 (+https://developers.facebook.com/docs/sharing/webmasters/crawler)"
57.141.20.63 - - [29/Apr/2026:08:33:10 +0200] "GET /items/D274295624/ HTTP/1.1" 200 1 "-" "meta-externalagent/1.1 (+https://developers.facebook.com/docs/sharing/webmasters/crawler)"
57.141.20.64 - - [29/Apr/2026:08:33:40 +0200] "GET /items/D275054701/ HTTP/1.1" 200 1 "-" "meta-externalagent/1.1 (+https://developers.facebook.com/docs/sharing/webmasters/crawler)"
57.141.20.18 - - [29/Apr/2026:08:33:50 +0200] "GET /items/D275833755/ HTTP/1.1" 200 1 "-" "meta-externalagent/1.1 (+https://developers.facebook.com/docs/sharing/webmasters/crawler)"
57.141.20.27 - - [29/Apr/2026:08:34:05 +0200] "GET /items/D271395611/ HTTP/1.1" 200 1 "-" "meta-externalagent/1.1 (+https://developers.facebook.com/docs/sharing/webmasters/crawler)"
57.141.20.68 - - [29/Apr/2026:08:34:24 +0200] "GET /items/D272427051/ HTTP/1.1" 200 1 "-" "meta-externalagent/1.1 (+https://developers.facebook.com/docs/sharing/webmasters/crawler)"
57.141.20.29 - - [29/Apr/2026:08:34:32 +0200] "GET /items/D274410151/ HTTP/1.1" 200 1 "-" "meta-externalagent/1.1 (+https://developers.facebook.com/docs/sharing/webmasters/crawler)"
57.141.20.53 - - [29/Apr/2026:08:34:40 +0200] "GET /items/D274518306/ HTTP/1.1" 200 1 "-" "meta-externalagent/1.1 (+https://developers.facebook.com/docs/sharing/webmasters/crawler)"
57.141.20.39 - - [29/Apr/2026:08:34:54 +0200] "GET /items/D274892919/ HTTP/1.1" 200 1 "-" "meta-externalagent/1.1 (+https://developers.facebook.com/docs/sharing/webmasters/crawler)"
57.141.20.26 - - [29/Apr/2026:08:34:55 +0200] "GET /items/D274974661/ HTTP/1.1" 200 1 "-" "meta-externalagent/1.1 (+https://developers.facebook.com/docs/sharing/webmasters/crawler)"
57.141.20.0 - - [29/Apr/2026:08:35:10 +0200] "GET /items/D273345561/ HTTP/1.1" 200 1 "-" "meta-externalagent/1.1 (+https://developers.facebook.com/docs/sharing/webmasters/crawler)"
57.141.20.6 - - [29/Apr/2026:08:35:18 +0200] "GET /detail/320383065 HTTP/1.1" 200 1 "-" "meta-externalagent/1.1 (+https://developers.facebook.com/docs/sharing/webmasters/crawler)"
57.141.20.30 - - [29/Apr/2026:08:35:27 +0200] "GET /items/D274414139/ HTTP/1.1" 200 1 "-" "meta-externalagent/1.1 (+https://developers.facebook.com/docs/sharing/webmasters/crawler)"
57.141.20.56 - - [29/Apr/2026:08:35:38 +0200] "GET /items/D274385684/ HTTP/1.1" 200 1 "-" "meta-externalagent/1.1 (+https://developers.facebook.com/docs/sharing/webmasters/crawler)"
57.141.20.21 - - [29/Apr/2026:08:35:38 +0200] "GET /items/D271477524/ HTTP/1.1" 200 1 "-" "meta-externalagent/1.1 (+https://developers.facebook.com/docs/sharing/webmasters/crawler)"
57.141.20.37 - - [29/Apr/2026:08:35:52 +0200] "GET /items/D274101204/ HTTP/1.1" 200 1 "-" "meta-externalagent/1.1 (+https://developers.facebook.com/docs/sharing/webmasters/crawler)"
57.141.20.29 - - [29/Apr/2026:08:35:54 +0200] "GET /items/D275179016/ HTTP/1.1" 200 1 "-" "meta-externalagent/1.1 (+https://developers.facebook.com/docs/sharing/webmasters/crawler)"
57.141.20.17 - - [29/Apr/2026:08:36:06 +0200] "GET /items/D271160883/ HTTP/1.1" 200 1 "-" "meta-externalagent/1.1 (+https://developers.facebook.com/docs/sharing/webmasters/crawler)"
57.141.20.45 - - [29/Apr/2026:08:36:09 +0200] "GET /items/D272564509/ HTTP/1.1" 200 1 "-" "meta-externalagent/1.1 (+https://developers.facebook.com/docs/sharing/webmasters/crawler)"
57.141.20.14 - - [29/Apr/2026:08:36:10 +0200] "GET /items/D273099368/ HTTP/1.1" 200 1 "-" "meta-externalagent/1.1 (+https://developers.facebook.com/docs/sharing/webmasters/crawler)"
57.141.20.9 - - [29/Apr/2026:08:36:22 +0200] "GET /items/D273735532/ HTTP/1.1" 200 1 "-" "meta-externalagent/1.1 (+https://developers.facebook.com/docs/sharing/webmasters/crawler)"
57.141.20.27 - - [29/Apr/2026:08:32:53 +0200] "GET /items/D275887420/ HTTP/1.1" 200 1 "-" "meta-externalagent/1.1 (+https://developers.facebook.com/docs/sharing/webmasters/crawler)"
57.141.20.58 - - [29/Apr/2026:08:33:10 +0200] "GET /items/D271656202/ HTTP/1.1" 200 1 "-" "meta-externalagent/1.1 (+https://developers.facebook.com/docs/sharing/webmasters/crawler)"
57.141.20.7 - - [29/Apr/2026:08:33:20 +0200] "GET /items/D272556406/ HTTP/1.1" 200 1 "-" "meta-externalagent/1.1 (+https://developers.facebook.com/docs/sharing/webmasters/crawler)"
57.141.20.32 - - [29/Apr/2026:08:33:31 +0200] "GET /items/D272321349/ HTTP/1.1" 200 1 "-" "meta-externalagent/1.1 (+https://developers.facebook.com/docs/sharing/webmasters/crawler)"
57.141.20.63 - - [29/Apr/2026:08:33:40 +0200] "GET /items/D274863839/ HTTP/1.1" 200 1 "-" "meta-externalagent/1.1 (+https://developers.facebook.com/docs/sharing/webmasters/crawler)"
57.141.20.35 - - [29/Apr/2026:08:33:56 +0200] "GET /items/D273905826/ HTTP/1.1" 200 1 "-" "meta-externalagent/1.1 (+https://developers.facebook.com/docs/sharing/webmasters/crawler)"
57.141.20.61 - - [29/Apr/2026:08:34:01 +0200] "GET /items/D274807170/ HTTP/1.1" 200 1 "-" "meta-externalagent/1.1 (+https://developers.facebook.com/docs/sharing/webmasters/crawler)"
57.141.20.62 - - [29/Apr/2026:08:34:09 +0200] "GET /items/D272361270/ HTTP/1.1" 200 1 "-" "meta-externalagent/1.1 (+https://developers.facebook.com/docs/sharing/webmasters/crawler)"
57.141.20.43 - - [29/Apr/2026:08:34:17 +0200] "GET /items/D273884938/ HTTP/1.1" 200 1 "-" "meta-externalagent/1.1 (+https://developers.facebook.com/docs/sharing/webmasters/crawler)"
57.141.20.62 - - [29/Apr/2026:08:35:00 +0200] "GET /items/D273607852/ HTTP/1.1" 200 1 "-" "meta-externalagent/1.1 (+https://developers.facebook.com/docs/sharing/webmasters/crawler)"
57.141.20.41 - - [29/Apr/2026:08:35:23 +0200] "GET /items/D271435097/ HTTP/1.1" 200 1 "-" "meta-externalagent/1.1 (+https://developers.facebook.com/docs/sharing/webmasters/crawler)"
57.141.20.26 - - [29/Apr/2026:08:35:43 +0200] "GET /items/D275711650/ HTTP/1.1" 200 1 "-" "meta-externalagent/1.1 (+https://developers.facebook.com/docs/sharing/webmasters/crawler)"
57.141.20.42 - - [29/Apr/2026:08:35:47 +0200] "GET /items/D274979458/ HTTP/1.1" 200 1 "-" "meta-externalagent/1.1 (+https://developers.facebook.com/docs/sharing/webmasters/crawler)"
57.141.20.16 - - [29/Apr/2026:08:36:01 +0200] "GET /items/D273227560/ HTTP/1.1" 200 1 "-" "meta-externalagent/1.1 (+https://developers.facebook.com/docs/sharing/webmasters/crawler)"
57.141.20.32 - - [29/Apr/2026:08:36:14 +0200] "GET /items/D274419067/ HTTP/1.1" 200 1 "-" "meta-externalagent/1.1 (+https://developers.facebook.com/docs/sharing/webmasters/crawler)"
57.141.20.25 - - [29/Apr/2026:08:36:25 +0200] "GET /items/D273293315/ HTTP/1.1" 200 1 "-" "meta-externalagent/1.1 (+https://developers.facebook.com/docs/sharing/webmasters/crawler)"
57.141.20.7 - - [29/Apr/2026:08:36:33 +0200] "GET /items/D274102457/ HTTP/1.1" 200 1 "-" "meta-externalagent/1.1 (+https://developers.facebook.com/docs/sharing/webmasters/crawler)"
57.141.20.41 - - [29/Apr/2026:08:36:40 +0200] "GET /items/D273670361/ HTTP/1.1" 200 1 "-" "meta-externalagent/1.1 (+https://developers.facebook.com/docs/sharing/webmasters/crawler)"
57.141.20.28 - - [29/Apr/2026:08:36:44 +0200] "GET /items/D275119545/ HTTP/1.1" 200 1 "-" "meta-externalagent/1.1 (+https://developers.facebook.com/docs/sharing/webmasters/crawler)"
57.141.20.56 - - [29/Apr/2026:08:36:50 +0200] "GET /items/D275105523/ HTTP/1.1" 200 1 "-" "meta-externalagent/1.1 (+https://developers.facebook.com/docs/sharing/webmasters/crawler)"
57.141.20.49 - - [29/Apr/2026:08:37:01 +0200] "GET /items/D273502343/ HTTP/1.1" 200 1 "-" "meta-externalagent/1.1 (+https://developers.facebook.com/docs/sharing/webmasters/crawler)"
57.141.20.60 - - [29/Apr/2026:08:37:03 +0200] "GET /items/D274174896/ HTTP/1.1" 200 1 "-" "meta-externalagent/1.1 (+https://developers.facebook.com/docs/sharing/webmasters/crawler)"
57.141.20.61 - - [29/Apr/2026:08:33:24 +0200] "GET /items/D271679386/ HTTP/1.1" 200 1 "-" "meta-externalagent/1.1 (+https://developers.facebook.com/docs/sharing/webmasters/crawler)"
57.141.20.27 - - [29/Apr/2026:08:33:25 +0200] "GET /items/D272372521/ HTTP/1.1" 200 1 "-" "meta-externalagent/1.1 (+https://developers.facebook.com/docs/sharing/webmasters/crawler)"
57.141.20.53 - - [29/Apr/2026:08:33:50 +0200] "GET /items/D275633389/ HTTP/1.1" 200 1 "-" "meta-externalagent/1.1 (+https://developers.facebook.com/docs/sharing/webmasters/crawler)"
57.141.20.45 - - [29/Apr/2026:08:34:13 +0200] "GET /items/D273496081/ HTTP/1.1" 200 1 "-" "meta-externalagent/1.1 (+https://developers.facebook.com/docs/sharing/webmasters/crawler)"
57.141.20.68 - - [29/Apr/2026:08:34:25 +0200] "GET /items/D273629230/ HTTP/1.1" 200 1 "-" "meta-externalagent/1.1 (+https://developers.facebook.com/docs/sharing/webmasters/crawler)"
57.141.20.16 - - [29/Apr/2026:08:34:29 +0200] "GET /items/D273248357/ HTTP/1.1" 200 1 "-" "meta-externalagent/1.1 (+https://developers.facebook.com/docs/sharing/webmasters/crawler)"
57.141.20.59 - - [29/Apr/2026:08:34:50 +0200] "GET /items/D274223501/ HTTP/1.1" 200 1 "-" "meta-externalagent/1.1 (+https://developers.facebook.com/docs/sharing/webmasters/crawler)"
57.141.20.60 - - [29/Apr/2026:08:35:05 +0200] "GET /items/D271428011/ HTTP/1.1" 200 1 "-" "meta-externalagent/1.1 (+https://developers.facebook.com/docs/sharing/webmasters/crawler)"
57.141.20.6 - - [29/Apr/2026:08:35:14 +0200] "GET /items/D274284884/ HTTP/1.1" 200 1 "-" "meta-externalagent/1.1 (+https://developers.facebook.com/docs/sharing/webmasters/crawler)"
57.141.20.13 - - [29/Apr/2026:08:35:33 +0200] "GET /items/D273242316/ HTTP/1.1" 200 1 "-" "meta-externalagent/1.1 (+https://developers.facebook.com/docs/sharing/webmasters/crawler)"
57.141.20.10 - - [29/Apr/2026:08:36:17 +0200] "GET /items/D271118458/ HTTP/1.1" 200 1 "-" "meta-externalagent/1.1 (+https://developers.facebook.com/docs/sharing/webmasters/crawler)"
57.141.20.61 - - [29/Apr/2026:08:36:32 +0200] "GET /items/D273459432/ HTTP/1.1" 200 1 "-" "meta-externalagent/1.1 (+https://developers.facebook.com/docs/sharing/webmasters/crawler)"
57.141.20.26 - - [29/Apr/2026:08:36:37 +0200] "GET /items/D273599379/ HTTP/1.1" 200 1 "-" "meta-externalagent/1.1 (+https://developers.facebook.com/docs/sharing/webmasters/crawler)"
57.141.20.7 - - [29/Apr/2026:08:36:57 +0200] "GET /items/D272696772/ HTTP/1.1" 200 1 "-" "meta-externalagent/1.1 (+https://developers.facebook.com/docs/sharing/webmasters/crawler)"
57.141.20.39 - - [29/Apr/2026:08:37:10 +0200] "GET /items/D273400787/ HTTP/1.1" 200 1 "-" "meta-externalagent/1.1 (+https://developers.facebook.com/docs/sharing/webmasters/crawler)"
57.141.20.53 - - [29/Apr/2026:08:37:20 +0200] "GET /items/D271017990/ HTTP/1.1" 200 1 "-" "meta-externalagent/1.1 (+https://developers.facebook.com/docs/sharing/webmasters/crawler)"
57.141.20.26 - - [29/Apr/2026:08:37:31 +0200] "GET /items/D272667840/ HTTP/1.1" 200 1 "-" "meta-externalagent/1.1 (+https://developers.facebook.com/docs/sharing/webmasters/crawler)"
57.141.20.47 - - [29/Apr/2026:08:37:34 +0200] "GET /items/D274805557/ HTTP/1.1" 200 1 "-" "meta-externalagent/1.1 (+https://developers.facebook.com/docs/sharing/webmasters/crawler)"
57.141.20.17 - - [29/Apr/2026:08:37:36 +0200] "GET /items/D275618119/ HTTP/1.1" 200 1 "-" "meta-externalagent/1.1 (+https://developers.facebook.com/docs/sharing/webmasters/crawler)"
57.141.20.37 - - [29/Apr/2026:08:37:38 +0200] "GET /items/D272247369/ HTTP/1.1" 200 1 "-" "meta-externalagent/1.1 (+https://developers.facebook.com/docs/sharing/webmasters/crawler)"
57.141.20.62 - - [29/Apr/2026:08:37:44 +0200] "GET /items/D274661081/ HTTP/1.1" 200 1 "-" "meta-externalagent/1.1 (+https://developers.facebook.com/docs/sharing/webmasters/crawler)"
57.141.20.45 - - [29/Apr/2026:08:37:52 +0200] "GET /items/D272475234/ HTTP/1.1" 200 1 "-" "meta-externalagent/1.1 (+https://developers.facebook.com/docs/sharing/webmasters/crawler)"
57.141.20.0 - - [29/Apr/2026:08:37:16 +0200] "GET /items/D271273625/ HTTP/1.1" 200 1 "-" "meta-externalagent/1.1 (+https://developers.facebook.com/docs/sharing/webmasters/crawler)"
57.141.20.41 - - [29/Apr/2026:08:37:23 +0200] "GET /items/D274464024/ HTTP/1.1" 200 1 "-" "meta-externalagent/1.1 (+https://developers.facebook.com/docs/sharing/webmasters/crawler)"
57.141.20.38 - - [29/Apr/2026:08:37:25 +0200] "GET /items/D272850921/ HTTP/1.1" 200 1 "-" "meta-externalagent/1.1 (+https://developers.facebook.com/docs/sharing/webmasters/crawler)"
57.141.20.56 - - [29/Apr/2026:08:37:31 +0200] "GET /items/D271195583/ HTTP/1.1" 200 1 "-" "meta-externalagent/1.1 (+https://developers.facebook.com/docs/sharing/webmasters/crawler)"
57.141.20.12 - - [29/Apr/2026:08:37:54 +0200] "GET /items/D273251862/ HTTP/1.1" 200 1 "-" "meta-externalagent/1.1 (+https://developers.facebook.com/docs/sharing/webmasters/crawler)"
57.141.20.69 - - [29/Apr/2026:08:37:55 +0200] "GET /items/D275124181/ HTTP/1.1" 200 1 "-" "meta-externalagent/1.1 (+https://developers.facebook.com/docs/sharing/webmasters/crawler)"
57.141.20.45 - - [29/Apr/2026:08:37:58 +0200] "GET /items/D273010816/ HTTP/1.1" 200 1 "-" "meta-externalagent/1.1 (+https://developers.facebook.com/docs/sharing/webmasters/crawler)"
57.141.20.62 - - [29/Apr/2026:08:38:05 +0200] "GET /items/D274986215/ HTTP/1.1" 200 1 "-" "meta-externalagent/1.1 (+https://developers.facebook.com/docs/sharing/webmasters/crawler)"
57.141.20.30 - - [29/Apr/2026:08:38:22 +0200] "GET /items/D273310112/ HTTP/1.1" 200 1 "-" "meta-externalagent/1.1 (+https://developers.facebook.com/docs/sharing/webmasters/crawler)"
57.141.20.25 - - [29/Apr/2026:08:38:26 +0200] "GET /items/D272828546/ HTTP/1.1" 200 1 "-" "meta-externalagent/1.1 (+https://developers.facebook.com/docs/sharing/webmasters/crawler)"
57.141.20.58 - - [29/Apr/2026:08:38:30 +0200] "GET /items/D271120523/ HTTP/1.1" 200 1 "-" "meta-externalagent/1.1 (+https://developers.facebook.com/docs/sharing/webmasters/crawler)"
57.141.20.30 - - [29/Apr/2026:08:38:43 +0200] "GET /items/D274742223/ HTTP/1.1" 200 1 "-" "meta-externalagent/1.1 (+https://developers.facebook.com/docs/sharing/webmasters/crawler)"
144.76.32.237 - - [29/Apr/2026:08:38:56 +0200] "GET /items/D275323656/ HTTP/1.1" 200 1 "-" "Mozilla/5.0 (compatible; SERankingBacklinksBot/1.0; +https://seranking.com/backlinks-crawler)"
57.141.20.3 - - [29/Apr/2026:08:39:08 +0200] "GET /items/D272066933/ HTTP/1.1" 200 1 "-" "meta-externalagent/1.1 (+https://developers.facebook.com/docs/sharing/webmasters/crawler)"
57.141.20.42 - - [29/Apr/2026:08:39:16 +0200] "GET /items/D275057408/ HTTP/1.1" 200 1 "-" "meta-externalagent/1.1 (+https://developers.facebook.com/docs/sharing/webmasters/crawler)"
144.76.32.237 - - [29/Apr/2026:08:39:18 +0200] "GET /items/D271397441/ HTTP/1.1" 200 1 "-" "Mozilla/5.0 (compatible; SERankingBacklinksBot/1.0; +https://seranking.com/backlinks-crawler)"
57.141.20.38 - - [29/Apr/2026:08:39:20 +0200] "GET /items/D275574208/ HTTP/1.1" 200 1 "-" "meta-externalagent/1.1 (+https://developers.facebook.com/docs/sharing/webmasters/crawler)"
57.141.20.8 - - [29/Apr/2026:08:39:23 +0200] "GET /items/D275127738/ HTTP/1.1" 200 1 "-" "meta-externalagent/1.1 (+https://developers.facebook.com/docs/sharing/webmasters/crawler)"
144.76.32.237 - - [29/Apr/2026:08:39:24 +0200] "GET /items/D275323868/ HTTP/1.1" 200 1 "-" "Mozilla/5.0 (compatible; SERankingBacklinksBot/1.0; +https://seranking.com/backlinks-crawler)"
144.76.32.237 - - [29/Apr/2026:08:39:36 +0200] "GET /items/D271397729/ HTTP/1.1" 200 1 "-" "Mozilla/5.0 (compatible; SERankingBacklinksBot/1.0; +https://seranking.com/backlinks-crawler)"
144.76.32.237 - - [29/Apr/2026:08:39:39 +0200] "GET /items/D272942862/ HTTP/1.1" 200 1 "-" "Mozilla/5.0 (compatible; SERankingBacklinksBot/1.0; +https://seranking.com/backlinks-crawler)"
144.76.32.237 - - [29/Apr/2026:08:39:48 +0200] "GET /items/D272942886/ HTTP/1.1" 200 1 "-" "Mozilla/5.0 (compatible; SERankingBacklinksBot/1.0; +https://seranking.com/backlinks-crawler)"
131.222.251.107 - - [29/Apr/2026:08:36:26 +0200] "GET /wp-json/wp/v2/posts HTTP/1.1" 200 1 "-" "Mozilla/5.0 (Windows NT 10.0; Win64; x64) AppleWebKit/537.36 (KHTML, like Gecko) Chrome/120.0.0.0 Safari/537.36"
57.141.20.13 - - [29/Apr/2026:08:36:47 +0200] "GET /items/D273624518/ HTTP/1.1" 200 1 "-" "meta-externalagent/1.1 (+https://developers.facebook.com/docs/sharing/webmasters/crawler)"
57.141.20.49 - - [29/Apr/2026:08:37:00 +0200] "GET /items/D275254659/ HTTP/1.1" 200 1 "-" "meta-externalagent/1.1 (+https://developers.facebook.com/docs/sharing/webmasters/crawler)"
57.141.20.16 - - [29/Apr/2026:08:37:07 +0200] "GET /items/D274040921/ HTTP/1.1" 200 1 "-" "meta-externalagent/1.1 (+https://developers.facebook.com/docs/sharing/webmasters/crawler)"
57.141.20.18 - - [29/Apr/2026:08:37:13 +0200] "GET /items/D273061314/ HTTP/1.1" 200 1 "-" "meta-externalagent/1.1 (+https://developers.facebook.com/docs/sharing/webmasters/crawler)"
57.141.20.34 - - [29/Apr/2026:08:37:42 +0200] "GET /items/D271730195/ HTTP/1.1" 200 1 "-" "meta-externalagent/1.1 (+https://developers.facebook.com/docs/sharing/webmasters/crawler)"
57.141.20.29 - - [29/Apr/2026:08:37:49 +0200] "GET /items/D274589380/ HTTP/1.1" 200 1 "-" "meta-externalagent/1.1 (+https://developers.facebook.com/docs/sharing/webmasters/crawler)"
57.141.20.63 - - [29/Apr/2026:08:38:01 +0200] "GET /items/D274526761/ HTTP/1.1" 200 1 "-" "meta-externalagent/1.1 (+https://developers.facebook.com/docs/sharing/webmasters/crawler)"
57.141.20.3 - - [29/Apr/2026:08:38:34 +0200] "GET /items/D274194879/ HTTP/1.1" 200 1 "-" "meta-externalagent/1.1 (+https://developers.facebook.com/docs/sharing/webmasters/crawler)"
57.141.20.52 - - [29/Apr/2026:08:38:34 +0200] "GET /items/D274596821/ HTTP/1.1" 200 1 "-" "meta-externalagent/1.1 (+https://developers.facebook.com/docs/sharing/webmasters/crawler)"
144.76.32.237 - - [29/Apr/2026:08:38:47 +0200] "GET /items/D275323637/ HTTP/1.1" 200 1 "-" "Mozilla/5.0 (compatible; SERankingBacklinksBot/1.0; +https://seranking.com/backlinks-crawler)"
57.141.20.33 - - [29/Apr/2026:08:38:49 +0200] "GET /items/D275102540/ HTTP/1.1" 200 1 "-" "meta-externalagent/1.1 (+https://developers.facebook.com/docs/sharing/webmasters/crawler)"
57.141.20.18 - - [29/Apr/2026:08:38:58 +0200] "GET /items/D272887749/ HTTP/1.1" 200 1 "-" "meta-externalagent/1.1 (+https://developers.facebook.com/docs/sharing/webmasters/crawler)"
144.76.32.237 - - [29/Apr/2026:08:38:59 +0200] "GET /items/D271397359/ HTTP/1.1" 200 1 "-" "Mozilla/5.0 (compatible; SERankingBacklinksBot/1.0; +https://seranking.com/backlinks-crawler)"
144.76.32.237 - - [29/Apr/2026:08:39:02 +0200] "GET /items/D272942657/ HTTP/1.1" 200 1 "-" "Mozilla/5.0 (compatible; SERankingBacklinksBot/1.0; +https://seranking.com/backlinks-crawler)"
144.76.32.237 - - [29/Apr/2026:08:39:05 +0200] "GET /items/D275323813/ HTTP/1.1" 200 1 "-" "Mozilla/5.0 (compatible; SERankingBacklinksBot/1.0; +https://seranking.com/backlinks-crawler)"
144.76.32.237 - - [29/Apr/2026:08:39:09 +0200] "GET /items/D271397380/ HTTP/1.1" 200 1 "-" "Mozilla/5.0 (compatible; SERankingBacklinksBot/1.0; +https://seranking.com/backlinks-crawler)"
144.76.32.237 - - [29/Apr/2026:08:39:12 +0200] "GET /items/D272942658/ HTTP/1.1" 200 1 "-" "Mozilla/5.0 (compatible; SERankingBacklinksBot/1.0; +https://seranking.com/backlinks-crawler)"
57.141.20.54 - - [29/Apr/2026:08:39:28 +0200] "GET /items/D272180851/ HTTP/1.1" 200 1 "-" "meta-externalagent/1.1 (+https://developers.facebook.com/docs/sharing/webmasters/crawler)"
57.141.20.37 - - [29/Apr/2026:08:39:41 +0200] "GET /items/D274773007/ HTTP/1.1" 200 1 "-" "meta-externalagent/1.1 (+https://developers.facebook.com/docs/sharing/webmasters/crawler)"
144.76.32.237 - - [29/Apr/2026:08:39:42 +0200] "GET /items/D275324220/ HTTP/1.1" 200 1 "-" "Mozilla/5.0 (compatible; SERankingBacklinksBot/1.0; +https://seranking.com/backlinks-crawler)"
57.141.20.38 - - [29/Apr/2026:08:39:44 +0200] "GET /items/D273297313/ HTTP/1.1" 200 1 "-" "meta-externalagent/1.1 (+https://developers.facebook.com/docs/sharing/webmasters/crawler)"
57.141.20.28 - - [29/Apr/2026:08:38:03 +0200] "GET /items/D271543704/ HTTP/1.1" 200 1 "-" "meta-externalagent/1.1 (+https://developers.facebook.com/docs/sharing/webmasters/crawler)"
57.141.20.34 - - [29/Apr/2026:08:38:13 +0200] "GET /items/D272420733/ HTTP/1.1" 200 1 "-" "meta-externalagent/1.1 (+https://developers.facebook.com/docs/sharing/webmasters/crawler)"
57.141.20.68 - - [29/Apr/2026:08:38:18 +0200] "GET /items/D275741257/ HTTP/1.1" 200 1 "-" "meta-externalagent/1.1 (+https://developers.facebook.com/docs/sharing/webmasters/crawler)"
57.141.20.56 - - [29/Apr/2026:08:38:49 +0200] "GET /items/D271719775/ HTTP/1.1" 200 1 "-" "meta-externalagent/1.1 (+https://developers.facebook.com/docs/sharing/webmasters/crawler)"
144.76.32.237 - - [29/Apr/2026:08:38:50 +0200] "GET /items/D271397289/ HTTP/1.1" 200 1 "-" "Mozilla/5.0 (compatible; SERankingBacklinksBot/1.0; +https://seranking.com/backlinks-crawler)"
144.76.32.237 - - [29/Apr/2026:08:38:53 +0200] "GET /items/D272942634/ HTTP/1.1" 200 1 "-" "Mozilla/5.0 (compatible; SERankingBacklinksBot/1.0; +https://seranking.com/backlinks-crawler)"
57.141.20.9 - - [29/Apr/2026:08:38:53 +0200] "GET /items/D272034417/ HTTP/1.1" 200 1 "-" "meta-externalagent/1.1 (+https://developers.facebook.com/docs/sharing/webmasters/crawler)"
57.141.20.0 - - [29/Apr/2026:08:39:07 +0200] "GET /items/D272986599/ HTTP/1.1" 200 1 "-" "meta-externalagent/1.1 (+https://developers.facebook.com/docs/sharing/webmasters/crawler)"
57.141.20.51 - - [29/Apr/2026:08:39:11 +0200] "GET /items/D274842008/ HTTP/1.1" 200 1 "-" "meta-externalagent/1.1 (+https://developers.facebook.com/docs/sharing/webmasters/crawler)"
144.76.32.237 - - [29/Apr/2026:08:39:15 +0200] "GET /items/D275323828/ HTTP/1.1" 200 1 "-" "Mozilla/5.0 (compatible; SERankingBacklinksBot/1.0; +https://seranking.com/backlinks-crawler)"
144.76.32.237 - - [29/Apr/2026:08:39:21 +0200] "GET /items/D272942758/ HTTP/1.1" 200 1 "-" "Mozilla/5.0 (compatible; SERankingBacklinksBot/1.0; +https://seranking.com/backlinks-crawler)"
144.76.32.237 - - [29/Apr/2026:08:39:27 +0200] "GET /items/D271397667/ HTTP/1.1" 200 1 "-" "Mozilla/5.0 (compatible; SERankingBacklinksBot/1.0; +https://seranking.com/backlinks-crawler)"
144.76.32.237 - - [29/Apr/2026:08:39:30 +0200] "GET /items/D272942847/ HTTP/1.1" 200 1 "-" "Mozilla/5.0 (compatible; SERankingBacklinksBot/1.0; +https://seranking.com/backlinks-crawler)"
57.141.20.70 - - [29/Apr/2026:08:39:31 +0200] "GET /items/D271049449/ HTTP/1.1" 200 1 "-" "meta-externalagent/1.1 (+https://developers.facebook.com/docs/sharing/webmasters/crawler)"
144.76.32.237 - - [29/Apr/2026:08:39:33 +0200] "GET /items/D275324041/ HTTP/1.1" 200 1 "-" "Mozilla/5.0 (compatible; SERankingBacklinksBot/1.0; +https://seranking.com/backlinks-crawler)"
57.141.20.0 - - [29/Apr/2026:08:39:34 +0200] "GET /items/D275931711/ HTTP/1.1" 200 1 "-" "meta-externalagent/1.1 (+https://developers.facebook.com/docs/sharing/webmasters/crawler)"
57.141.20.67 - - [29/Apr/2026:08:39:38 +0200] "GET /items/D274568886/ HTTP/1.1" 200 1 "-" "meta-externalagent/1.1 (+https://developers.facebook.com/docs/sharing/webmasters/crawler)"
144.76.32.237 - - [29/Apr/2026:08:39:45 +0200] "GET /items/D271397739/ HTTP/1.1" 200 1 "-" "Mozilla/5.0 (compatible; SERankingBacklinksBot/1.0; +https://seranking.com/backlinks-crawler)"
57.141.20.25 - - [29/Apr/2026:08:39:50 +0200] "GET /items/D275190413/ HTTP/1.1" 200 1 "-" "meta-externalagent/1.1 (+https://developers.facebook.com/docs/sharing/webmasters/crawler)"
144.76.32.237 - - [29/Apr/2026:08:39:54 +0200] "GET /items/D271398042/ HTTP/1.1" 200 1 "-" "Mozilla/5.0 (compatible; SERankingBacklinksBot/1.0; +https://seranking.com/backlinks-crawler)"
57.141.20.52 - - [29/Apr/2026:08:39:58 +0200] "GET /items/D271266124/ HTTP/1.1" 200 1 "-" "meta-externalagent/1.1 (+https://developers.facebook.com/docs/sharing/webmasters/crawler)"
57.141.20.4 - - [29/Apr/2026:08:40:01 +0200] "GET /items/D274355133/ HTTP/1.1" 200 1 "-" "meta-externalagent/1.1 (+https://developers.facebook.com/docs/sharing/webmasters/crawler)"
144.76.32.237 - - [29/Apr/2026:08:39:51 +0200] "GET /items/D275324286/ HTTP/1.1" 200 1 "-" "Mozilla/5.0 (compatible; SERankingBacklinksBot/1.0; +https://seranking.com/backlinks-crawler)"
57.141.20.17 - - [29/Apr/2026:08:39:53 +0200] "GET /items/D272659968/ HTTP/1.1" 200 1 "-" "meta-externalagent/1.1 (+https://developers.facebook.com/docs/sharing/webmasters/crawler)"
57.141.20.45 - - [29/Apr/2026:08:39:57 +0200] "GET /items/D271821325/ HTTP/1.1" 200 1 "-" "meta-externalagent/1.1 (+https://developers.facebook.com/docs/sharing/webmasters/crawler)"
144.76.32.237 - - [29/Apr/2026:08:40:01 +0200] "GET /items/D275324474/ HTTP/1.1" 200 1 "-" "Mozilla/5.0 (compatible; SERankingBacklinksBot/1.0; +https://seranking.com/backlinks-crawler)"
144.76.32.237 - - [29/Apr/2026:08:40:04 +0200] "GET /items/D271398092/ HTTP/1.1" 200 1 "-" "Mozilla/5.0 (compatible; SERankingBacklinksBot/1.0; +https://seranking.com/backlinks-crawler)"
144.76.32.237 - - [29/Apr/2026:08:40:07 +0200] "GET /items/D272943259/ HTTP/1.1" 200 1 "-" "Mozilla/5.0 (compatible; SERankingBacklinksBot/1.0; +https://seranking.com/backlinks-crawler)"
57.141.20.21 - - [29/Apr/2026:08:40:16 +0200] "GET /items/D272408524/ HTTP/1.1" 200 1 "-" "meta-externalagent/1.1 (+https://developers.facebook.com/docs/sharing/webmasters/crawler)"
57.141.20.7 - - [29/Apr/2026:08:40:19 +0200] "GET /items/D274972460/ HTTP/1.1" 200 1 "-" "meta-externalagent/1.1 (+https://developers.facebook.com/docs/sharing/webmasters/crawler)"
144.76.32.237 - - [29/Apr/2026:08:40:25 +0200] "GET /items/D272943659/ HTTP/1.1" 200 1 "-" "Mozilla/5.0 (compatible; SERankingBacklinksBot/1.0; +https://seranking.com/backlinks-crawler)"
57.141.20.29 - - [29/Apr/2026:08:40:32 +0200] "GET /items/D275392151/ HTTP/1.1" 200 1 "-" "meta-externalagent/1.1 (+https://developers.facebook.com/docs/sharing/webmasters/crawler)"
144.76.32.237 - - [29/Apr/2026:08:40:37 +0200] "GET /items/D275324837/ HTTP/1.1" 200 1 "-" "Mozilla/5.0 (compatible; SERankingBacklinksBot/1.0; +https://seranking.com/backlinks-crawler)"
144.76.32.237 - - [29/Apr/2026:08:40:40 +0200] "GET /items/D271398703/ HTTP/1.1" 200 1 "-" "Mozilla/5.0 (compatible; SERankingBacklinksBot/1.0; +https://seranking.com/backlinks-crawler)"
