57.141.20.67 - - [29/Apr/2026:01:19:50 +0200] "GET /detail/484439349 HTTP/1.1" 200 1 "-" "meta-externalagent/1.1 (+https://developers.facebook.com/docs/sharing/webmasters/crawler)"
57.141.20.29 - - [29/Apr/2026:01:19:54 +0200] "GET /items/D272847658/ HTTP/1.1" 200 1 "-" "meta-externalagent/1.1 (+https://developers.facebook.com/docs/sharing/webmasters/crawler)"
144.76.32.237 - - [29/Apr/2026:01:20:01 +0200] "GET /items/D272874517/ HTTP/1.1" 200 1 "-" "Mozilla/5.0 (compatible; SERankingBacklinksBot/1.0; +https://seranking.com/backlinks-crawler)"
144.76.32.237 - - [29/Apr/2026:01:20:05 +0200] "GET /items/D275265944/ HTTP/1.1" 200 1 "-" "Mozilla/5.0 (compatible; SERankingBacklinksBot/1.0; +https://seranking.com/backlinks-crawler)"
144.76.32.237 - - [29/Apr/2026:01:20:08 +0200] "GET /items/D271332617/ HTTP/1.1" 200 1 "-" "Mozilla/5.0 (compatible; SERankingBacklinksBot/1.0; +https://seranking.com/backlinks-crawler)"
57.141.20.61 - - [29/Apr/2026:01:20:11 +0200] "GET /items/D274871533/ HTTP/1.1" 200 1 "-" "meta-externalagent/1.1 (+https://developers.facebook.com/docs/sharing/webmasters/crawler)"
144.76.32.237 - - [29/Apr/2026:01:20:17 +0200] "GET /items/D271332799/ HTTP/1.1" 200 1 "-" "Mozilla/5.0 (compatible; SERankingBacklinksBot/1.0; +https://seranking.com/backlinks-crawler)"
57.141.20.33 - - [29/Apr/2026:01:20:20 +0200] "GET /items/D272707805/ HTTP/1.1" 200 1 "-" "meta-externalagent/1.1 (+https://developers.facebook.com/docs/sharing/webmasters/crawler)"
144.76.32.237 - - [29/Apr/2026:01:20:27 +0200] "GET /items/D271333025/ HTTP/1.1" 200 1 "-" "Mozilla/5.0 (compatible; SERankingBacklinksBot/1.0; +https://seranking.com/backlinks-crawler)"
57.141.20.0 - - [29/Apr/2026:01:20:30 +0200] "GET /items/D271322599/ HTTP/1.1" 200 1 "-" "meta-externalagent/1.1 (+https://developers.facebook.com/docs/sharing/webmasters/crawler)"
144.76.32.237 - - [29/Apr/2026:01:20:30 +0200] "GET /items/D272874734/ HTTP/1.1" 200 1 "-" "Mozilla/5.0 (compatible; SERankingBacklinksBot/1.0; +https://seranking.com/backlinks-crawler)"
57.141.20.29 - - [29/Apr/2026:01:20:33 +0200] "GET /items/D272334853/ HTTP/1.1" 200 1 "-" "meta-externalagent/1.1 (+https://developers.facebook.com/docs/sharing/webmasters/crawler)"
144.76.32.237 - - [29/Apr/2026:01:20:33 +0200] "GET /items/D275266233/ HTTP/1.1" 200 1 "-" "Mozilla/5.0 (compatible; SERankingBacklinksBot/1.0; +https://seranking.com/backlinks-crawler)"
144.76.32.237 - - [29/Apr/2026:01:20:52 +0200] "GET /items/D275266357/ HTTP/1.1" 200 1 "-" "Mozilla/5.0 (compatible; SERankingBacklinksBot/1.0; +https://seranking.com/backlinks-crawler)"
144.76.32.237 - - [29/Apr/2026:01:21:01 +0200] "GET /items/D275266380/ HTTP/1.1" 200 1 "-" "Mozilla/5.0 (compatible; SERankingBacklinksBot/1.0; +https://seranking.com/backlinks-crawler)"
57.141.20.63 - - [29/Apr/2026:01:21:06 +0200] "GET /detail/367128361 HTTP/1.1" 200 1 "-" "meta-externalagent/1.1 (+https://developers.facebook.com/docs/sharing/webmasters/crawler)"
144.76.32.237 - - [29/Apr/2026:01:21:07 +0200] "GET /items/D272875204/ HTTP/1.1" 200 1 "-" "Mozilla/5.0 (compatible; SERankingBacklinksBot/1.0; +https://seranking.com/backlinks-crawler)"
146.174.187.49 - - [29/Apr/2026:01:21:08 +0200] "GET /sitemap765.xml HTTP/1.1" 200 538017 "-" "Mozilla/5.0 (Macintosh; Intel Mac OS X 12_1_0) AppleWebKit/537.36 (KHTML, like Gecko) Chrome/128.0.6613.137 Safari/537.36"
144.76.32.237 - - [29/Apr/2026:01:21:13 +0200] "GET /items/D271334002/ HTTP/1.1" 200 1 "-" "Mozilla/5.0 (compatible; SERankingBacklinksBot/1.0; +https://seranking.com/backlinks-crawler)"
57.141.20.7 - - [29/Apr/2026:01:21:16 +0200] "GET /items/D273308847/ HTTP/1.1" 200 1 "-" "meta-externalagent/1.1 (+https://developers.facebook.com/docs/sharing/webmasters/crawler)"
144.76.32.237 - - [29/Apr/2026:01:21:19 +0200] "GET /items/D275266781/ HTTP/1.1" 200 1 "-" "Mozilla/5.0 (compatible; SERankingBacklinksBot/1.0; +https://seranking.com/backlinks-crawler)"
57.141.20.37 - - [29/Apr/2026:01:21:21 +0200] "GET /detail/39011187 HTTP/1.1" 200 1 "-" "meta-externalagent/1.1 (+https://developers.facebook.com/docs/sharing/webmasters/crawler)"
144.76.32.237 - - [29/Apr/2026:01:21:23 +0200] "GET /items/D271334164/ HTTP/1.1" 200 1 "-" "Mozilla/5.0 (compatible; SERankingBacklinksBot/1.0; +https://seranking.com/backlinks-crawler)"
144.76.32.237 - - [29/Apr/2026:01:21:35 +0200] "GET /items/D272875519/ HTTP/1.1" 200 1 "-" "Mozilla/5.0 (compatible; SERankingBacklinksBot/1.0; +https://seranking.com/backlinks-crawler)"
144.76.32.237 - - [29/Apr/2026:01:21:47 +0200] "GET /items/D275267298/ HTTP/1.1" 200 1 "-" "Mozilla/5.0 (compatible; SERankingBacklinksBot/1.0; +https://seranking.com/backlinks-crawler)"
57.141.20.20 - - [29/Apr/2026:01:21:48 +0200] "GET /items/D273665617/ HTTP/1.1" 200 1 "-" "meta-externalagent/1.1 (+https://developers.facebook.com/docs/sharing/webmasters/crawler)"
144.76.32.237 - - [29/Apr/2026:01:21:57 +0200] "GET /items/D275267345/ HTTP/1.1" 200 1 "-" "Mozilla/5.0 (compatible; SERankingBacklinksBot/1.0; +https://seranking.com/backlinks-crawler)"
57.141.20.18 - - [29/Apr/2026:01:22:04 +0200] "GET /items/D274351978/ HTTP/1.1" 200 1 "-" "meta-externalagent/1.1 (+https://developers.facebook.com/docs/sharing/webmasters/crawler)"
144.76.32.237 - - [29/Apr/2026:01:22:07 +0200] "GET /items/D275267431/ HTTP/1.1" 200 1 "-" "Mozilla/5.0 (compatible; SERankingBacklinksBot/1.0; +https://seranking.com/backlinks-crawler)"
144.76.32.237 - - [29/Apr/2026:01:22:10 +0200] "GET /items/D271334784/ HTTP/1.1" 200 1 "-" "Mozilla/5.0 (compatible; SERankingBacklinksBot/1.0; +https://seranking.com/backlinks-crawler)"
57.141.20.57 - - [29/Apr/2026:01:22:15 +0200] "GET /items/D271436452/ HTTP/1.1" 200 1 "-" "meta-externalagent/1.1 (+https://developers.facebook.com/docs/sharing/webmasters/crawler)"
144.76.32.237 - - [29/Apr/2026:01:22:19 +0200] "GET /items/D271334907/ HTTP/1.1" 200 1 "-" "Mozilla/5.0 (compatible; SERankingBacklinksBot/1.0; +https://seranking.com/backlinks-crawler)"
144.76.32.237 - - [29/Apr/2026:01:22:22 +0200] "GET /items/D272876754/ HTTP/1.1" 200 1 "-" "Mozilla/5.0 (compatible; SERankingBacklinksBot/1.0; +https://seranking.com/backlinks-crawler)"
144.76.32.237 - - [29/Apr/2026:01:22:25 +0200] "GET /items/D275267486/ HTTP/1.1" 200 1 "-" "Mozilla/5.0 (compatible; SERankingBacklinksBot/1.0; +https://seranking.com/backlinks-crawler)"
144.76.32.237 - - [29/Apr/2026:01:22:28 +0200] "GET /items/D271334956/ HTTP/1.1" 200 1 "-" "Mozilla/5.0 (compatible; SERankingBacklinksBot/1.0; +https://seranking.com/backlinks-crawler)"
144.76.32.237 - - [29/Apr/2026:01:20:11 +0200] "GET /items/D272874556/ HTTP/1.1" 200 1 "-" "Mozilla/5.0 (compatible; SERankingBacklinksBot/1.0; +https://seranking.com/backlinks-crawler)"
144.76.32.237 - - [29/Apr/2026:01:20:14 +0200] "GET /items/D275266106/ HTTP/1.1" 200 1 "-" "Mozilla/5.0 (compatible; SERankingBacklinksBot/1.0; +https://seranking.com/backlinks-crawler)"
144.76.32.237 - - [29/Apr/2026:01:20:20 +0200] "GET /items/D272874563/ HTTP/1.1" 200 1 "-" "Mozilla/5.0 (compatible; SERankingBacklinksBot/1.0; +https://seranking.com/backlinks-crawler)"
144.76.32.237 - - [29/Apr/2026:01:20:36 +0200] "GET /items/D271333092/ HTTP/1.1" 200 1 "-" "Mozilla/5.0 (compatible; SERankingBacklinksBot/1.0; +https://seranking.com/backlinks-crawler)"
57.141.20.1 - - [29/Apr/2026:01:20:55 +0200] "GET /items/D276046578/ HTTP/1.1" 200 1 "-" "meta-externalagent/1.1 (+https://developers.facebook.com/docs/sharing/webmasters/crawler)"
144.76.32.237 - - [29/Apr/2026:01:20:55 +0200] "GET /items/D271333577/ HTTP/1.1" 200 1 "-" "Mozilla/5.0 (compatible; SERankingBacklinksBot/1.0; +https://seranking.com/backlinks-crawler)"
144.76.32.237 - - [29/Apr/2026:01:20:58 +0200] "GET /items/D272875195/ HTTP/1.1" 200 1 "-" "Mozilla/5.0 (compatible; SERankingBacklinksBot/1.0; +https://seranking.com/backlinks-crawler)"
57.141.20.68 - - [29/Apr/2026:01:21:00 +0200] "GET /items/D271118629/ HTTP/1.1" 200 1 "-" "meta-externalagent/1.1 (+https://developers.facebook.com/docs/sharing/webmasters/crawler)"
57.141.20.38 - - [29/Apr/2026:01:21:01 +0200] "GET /items/D274439590/ HTTP/1.1" 200 1 "-" "meta-externalagent/1.1 (+https://developers.facebook.com/docs/sharing/webmasters/crawler)"
144.76.32.237 - - [29/Apr/2026:01:21:04 +0200] "GET /items/D271333674/ HTTP/1.1" 200 1 "-" "Mozilla/5.0 (compatible; SERankingBacklinksBot/1.0; +https://seranking.com/backlinks-crawler)"
57.141.20.51 - - [29/Apr/2026:01:21:12 +0200] "GET /detail/217205378 HTTP/1.1" 200 1 "-" "meta-externalagent/1.1 (+https://developers.facebook.com/docs/sharing/webmasters/crawler)"
144.76.32.237 - - [29/Apr/2026:01:21:16 +0200] "GET /items/D272875277/ HTTP/1.1" 200 1 "-" "Mozilla/5.0 (compatible; SERankingBacklinksBot/1.0; +https://seranking.com/backlinks-crawler)"
57.141.20.63 - - [29/Apr/2026:01:21:26 +0200] "GET /items/D273366885/ HTTP/1.1" 200 1 "-" "meta-externalagent/1.1 (+https://developers.facebook.com/docs/sharing/webmasters/crawler)"
57.141.20.64 - - [29/Apr/2026:01:21:30 +0200] "GET /items/D275383125/ HTTP/1.1" 200 1 "-" "meta-externalagent/1.1 (+https://developers.facebook.com/docs/sharing/webmasters/crawler)"
144.76.32.237 - - [29/Apr/2026:01:21:32 +0200] "GET /items/D271334290/ HTTP/1.1" 200 1 "-" "Mozilla/5.0 (compatible; SERankingBacklinksBot/1.0; +https://seranking.com/backlinks-crawler)"
144.76.32.237 - - [29/Apr/2026:01:21:41 +0200] "GET /items/D271334375/ HTTP/1.1" 200 1 "-" "Mozilla/5.0 (compatible; SERankingBacklinksBot/1.0; +https://seranking.com/backlinks-crawler)"
57.141.20.20 - - [29/Apr/2026:01:21:48 +0200] "GET /detail/606305304 HTTP/1.1" 200 1 "-" "meta-externalagent/1.1 (+https://developers.facebook.com/docs/sharing/webmasters/crawler)"
144.76.32.237 - - [29/Apr/2026:01:21:51 +0200] "GET /items/D271334634/ HTTP/1.1" 200 1 "-" "Mozilla/5.0 (compatible; SERankingBacklinksBot/1.0; +https://seranking.com/backlinks-crawler)"
57.141.20.7 - - [29/Apr/2026:01:21:59 +0200] "GET /detail/321140345 HTTP/1.1" 200 1 "-" "meta-externalagent/1.1 (+https://developers.facebook.com/docs/sharing/webmasters/crawler)"
57.141.20.60 - - [29/Apr/2026:01:22:10 +0200] "GET /items/D273463239/ HTTP/1.1" 200 1 "-" "meta-externalagent/1.1 (+https://developers.facebook.com/docs/sharing/webmasters/crawler)"
144.76.32.237 - - [29/Apr/2026:01:22:13 +0200] "GET /items/D272876675/ HTTP/1.1" 200 1 "-" "Mozilla/5.0 (compatible; SERankingBacklinksBot/1.0; +https://seranking.com/backlinks-crawler)"
57.141.20.16 - - [29/Apr/2026:01:22:20 +0200] "GET /items/D273170132/ HTTP/1.1" 200 1 "-" "meta-externalagent/1.1 (+https://developers.facebook.com/docs/sharing/webmasters/crawler)"
144.76.32.237 - - [29/Apr/2026:01:20:49 +0200] "GET /items/D272875064/ HTTP/1.1" 200 1 "-" "Mozilla/5.0 (compatible; SERankingBacklinksBot/1.0; +https://seranking.com/backlinks-crawler)"
144.76.32.237 - - [29/Apr/2026:01:21:10 +0200] "GET /items/D275266651/ HTTP/1.1" 200 1 "-" "Mozilla/5.0 (compatible; SERankingBacklinksBot/1.0; +https://seranking.com/backlinks-crawler)"
144.76.32.237 - - [29/Apr/2026:01:21:26 +0200] "GET /items/D272875335/ HTTP/1.1" 200 1 "-" "Mozilla/5.0 (compatible; SERankingBacklinksBot/1.0; +https://seranking.com/backlinks-crawler)"
144.76.32.237 - - [29/Apr/2026:01:21:29 +0200] "GET /items/D275267028/ HTTP/1.1" 200 1 "-" "Mozilla/5.0 (compatible; SERankingBacklinksBot/1.0; +https://seranking.com/backlinks-crawler)"
57.141.20.8 - - [29/Apr/2026:01:21:35 +0200] "GET /items/D273304385/ HTTP/1.1" 200 1 "-" "meta-externalagent/1.1 (+https://developers.facebook.com/docs/sharing/webmasters/crawler)"
144.76.32.237 - - [29/Apr/2026:01:21:38 +0200] "GET /items/D275267229/ HTTP/1.1" 200 1 "-" "Mozilla/5.0 (compatible; SERankingBacklinksBot/1.0; +https://seranking.com/backlinks-crawler)"
144.76.32.237 - - [29/Apr/2026:01:21:44 +0200] "GET /items/D272876266/ HTTP/1.1" 200 1 "-" "Mozilla/5.0 (compatible; SERankingBacklinksBot/1.0; +https://seranking.com/backlinks-crawler)"
144.76.32.237 - - [29/Apr/2026:01:21:54 +0200] "GET /items/D272876382/ HTTP/1.1" 200 1 "-" "Mozilla/5.0 (compatible; SERankingBacklinksBot/1.0; +https://seranking.com/backlinks-crawler)"
144.76.32.237 - - [29/Apr/2026:01:22:00 +0200] "GET /items/D271334678/ HTTP/1.1" 200 1 "-" "Mozilla/5.0 (compatible; SERankingBacklinksBot/1.0; +https://seranking.com/backlinks-crawler)"
144.76.32.237 - - [29/Apr/2026:01:22:04 +0200] "GET /items/D272876383/ HTTP/1.1" 200 1 "-" "Mozilla/5.0 (compatible; SERankingBacklinksBot/1.0; +https://seranking.com/backlinks-crawler)"
57.141.20.57 - - [29/Apr/2026:01:22:05 +0200] "GET /items/D275699915/ HTTP/1.1" 200 1 "-" "meta-externalagent/1.1 (+https://developers.facebook.com/docs/sharing/webmasters/crawler)"
144.76.32.237 - - [29/Apr/2026:01:22:16 +0200] "GET /items/D275267473/ HTTP/1.1" 200 1 "-" "Mozilla/5.0 (compatible; SERankingBacklinksBot/1.0; +https://seranking.com/backlinks-crawler)"
57.141.20.63 - - [29/Apr/2026:01:22:29 +0200] "GET /items/D275977858/ HTTP/1.1" 200 1 "-" "meta-externalagent/1.1 (+https://developers.facebook.com/docs/sharing/webmasters/crawler)"
57.141.20.55 - - [29/Apr/2026:01:22:31 +0200] "GET /detail/33639736 HTTP/1.1" 200 1 "-" "meta-externalagent/1.1 (+https://developers.facebook.com/docs/sharing/webmasters/crawler)"
144.76.32.237 - - [29/Apr/2026:01:22:31 +0200] "GET /items/D272876899/ HTTP/1.1" 200 1 "-" "Mozilla/5.0 (compatible; SERankingBacklinksBot/1.0; +https://seranking.com/backlinks-crawler)"
144.76.32.237 - - [29/Apr/2026:01:22:34 +0200] "GET /items/D275267551/ HTTP/1.1" 200 1 "-" "Mozilla/5.0 (compatible; SERankingBacklinksBot/1.0; +https://seranking.com/backlinks-crawler)"
144.76.32.237 - - [29/Apr/2026:01:22:38 +0200] "GET /items/D271335055/ HTTP/1.1" 200 1 "-" "Mozilla/5.0 (compatible; SERankingBacklinksBot/1.0; +https://seranking.com/backlinks-crawler)"
144.76.32.237 - - [29/Apr/2026:01:22:44 +0200] "GET /items/D275267691/ HTTP/1.1" 200 1 "-" "Mozilla/5.0 (compatible; SERankingBacklinksBot/1.0; +https://seranking.com/backlinks-crawler)"
57.141.20.52 - - [29/Apr/2026:01:22:45 +0200] "GET /items/D274211258/ HTTP/1.1" 200 1 "-" "meta-externalagent/1.1 (+https://developers.facebook.com/docs/sharing/webmasters/crawler)"
144.76.32.237 - - [29/Apr/2026:01:22:56 +0200] "GET /items/D271335377/ HTTP/1.1" 200 1 "-" "Mozilla/5.0 (compatible; SERankingBacklinksBot/1.0; +https://seranking.com/backlinks-crawler)"
144.76.32.237 - - [29/Apr/2026:01:22:59 +0200] "GET /items/D272877080/ HTTP/1.1" 200 1 "-" "Mozilla/5.0 (compatible; SERankingBacklinksBot/1.0; +https://seranking.com/backlinks-crawler)"
57.141.20.65 - - [29/Apr/2026:01:23:01 +0200] "GET /items/D272327488/ HTTP/1.1" 200 1 "-" "meta-externalagent/1.1 (+https://developers.facebook.com/docs/sharing/webmasters/crawler)"
57.141.20.28 - - [29/Apr/2026:01:23:01 +0200] "GET /items/D271469878/ HTTP/1.1" 200 1 "-" "meta-externalagent/1.1 (+https://developers.facebook.com/docs/sharing/webmasters/crawler)"
144.76.32.237 - - [29/Apr/2026:01:23:13 +0200] "GET /items/D275267793/ HTTP/1.1" 200 1 "-" "Mozilla/5.0 (compatible; SERankingBacklinksBot/1.0; +https://seranking.com/backlinks-crawler)"
57.141.20.69 - - [29/Apr/2026:01:23:17 +0200] "GET /items/D272745949/ HTTP/1.1" 200 1 "-" "meta-externalagent/1.1 (+https://developers.facebook.com/docs/sharing/webmasters/crawler)"
144.76.32.237 - - [29/Apr/2026:01:23:19 +0200] "GET /items/D272877101/ HTTP/1.1" 200 1 "-" "Mozilla/5.0 (compatible; SERankingBacklinksBot/1.0; +https://seranking.com/backlinks-crawler)"
57.141.20.25 - - [29/Apr/2026:01:23:22 +0200] "GET /items/D271325189/ HTTP/1.1" 200 1 "-" "meta-externalagent/1.1 (+https://developers.facebook.com/docs/sharing/webmasters/crawler)"
144.76.32.237 - - [29/Apr/2026:01:23:25 +0200] "GET /items/D271335847/ HTTP/1.1" 200 1 "-" "Mozilla/5.0 (compatible; SERankingBacklinksBot/1.0; +https://seranking.com/backlinks-crawler)"
57.141.20.2 - - [29/Apr/2026:01:23:28 +0200] "GET /detail/180776224 HTTP/1.1" 200 1 "-" "meta-externalagent/1.1 (+https://developers.facebook.com/docs/sharing/webmasters/crawler)"
144.76.32.237 - - [29/Apr/2026:01:23:28 +0200] "GET /items/D272877204/ HTTP/1.1" 200 1 "-" "Mozilla/5.0 (compatible; SERankingBacklinksBot/1.0; +https://seranking.com/backlinks-crawler)"
57.141.20.43 - - [29/Apr/2026:01:23:34 +0200] "GET /items/D273884661/ HTTP/1.1" 200 1 "-" "meta-externalagent/1.1 (+https://developers.facebook.com/docs/sharing/webmasters/crawler)"
57.141.20.62 - - [29/Apr/2026:01:23:36 +0200] "GET /items/D271710191/ HTTP/1.1" 200 1 "-" "meta-externalagent/1.1 (+https://developers.facebook.com/docs/sharing/webmasters/crawler)"
144.76.32.237 - - [29/Apr/2026:01:23:37 +0200] "GET /items/D272877285/ HTTP/1.1" 200 1 "-" "Mozilla/5.0 (compatible; SERankingBacklinksBot/1.0; +https://seranking.com/backlinks-crawler)"
144.76.32.237 - - [29/Apr/2026:01:23:43 +0200] "GET /items/D271335945/ HTTP/1.1" 200 1 "-" "Mozilla/5.0 (compatible; SERankingBacklinksBot/1.0; +https://seranking.com/backlinks-crawler)"
144.76.32.237 - - [29/Apr/2026:01:23:47 +0200] "GET /items/D272877294/ HTTP/1.1" 200 1 "-" "Mozilla/5.0 (compatible; SERankingBacklinksBot/1.0; +https://seranking.com/backlinks-crawler)"
57.141.20.16 - - [29/Apr/2026:01:23:47 +0200] "GET /items/D274253559/ HTTP/1.1" 200 1 "-" "meta-externalagent/1.1 (+https://developers.facebook.com/docs/sharing/webmasters/crawler)"
144.76.32.237 - - [29/Apr/2026:01:23:50 +0200] "GET /items/D275268127/ HTTP/1.1" 200 1 "-" "Mozilla/5.0 (compatible; SERankingBacklinksBot/1.0; +https://seranking.com/backlinks-crawler)"
57.141.20.18 - - [29/Apr/2026:01:23:58 +0200] "GET /detail/392974466 HTTP/1.1" 200 1 "-" "meta-externalagent/1.1 (+https://developers.facebook.com/docs/sharing/webmasters/crawler)"
144.76.32.237 - - [29/Apr/2026:01:23:59 +0200] "GET /account.php/?items/D273557732/ HTTP/1.1" 403 1242 "-" "Mozilla/5.0 (compatible; SERankingBacklinksBot/1.0; +https://seranking.com/backlinks-crawler)"
57.141.20.0 - - [29/Apr/2026:01:24:24 +0200] "GET /items/D271147913/ HTTP/1.1" 200 1 "-" "meta-externalagent/1.1 (+https://developers.facebook.com/docs/sharing/webmasters/crawler)"
57.141.20.37 - - [29/Apr/2026:01:24:24 +0200] "GET /items/D273678446/ HTTP/1.1" 200 1 "-" "meta-externalagent/1.1 (+https://developers.facebook.com/docs/sharing/webmasters/crawler)"
57.141.20.57 - - [29/Apr/2026:01:24:35 +0200] "GET /detail/289908099 HTTP/1.1" 200 1 "-" "meta-externalagent/1.1 (+https://developers.facebook.com/docs/sharing/webmasters/crawler)"
57.141.20.25 - - [29/Apr/2026:01:25:20 +0200] "GET /items/D274023641/ HTTP/1.1" 200 1 "-" "meta-externalagent/1.1 (+https://developers.facebook.com/docs/sharing/webmasters/crawler)"
57.141.20.7 - - [29/Apr/2026:01:25:21 +0200] "GET /items/D272561313/ HTTP/1.1" 200 1 "-" "meta-externalagent/1.1 (+https://developers.facebook.com/docs/sharing/webmasters/crawler)"
144.76.32.237 - - [29/Apr/2026:01:22:41 +0200] "GET /items/D272876925/ HTTP/1.1" 200 1 "-" "Mozilla/5.0 (compatible; SERankingBacklinksBot/1.0; +https://seranking.com/backlinks-crawler)"
144.76.32.237 - - [29/Apr/2026:01:22:50 +0200] "GET /items/D272877077/ HTTP/1.1" 200 1 "-" "Mozilla/5.0 (compatible; SERankingBacklinksBot/1.0; +https://seranking.com/backlinks-crawler)"
144.76.32.237 - - [29/Apr/2026:01:22:53 +0200] "GET /items/D275267699/ HTTP/1.1" 200 1 "-" "Mozilla/5.0 (compatible; SERankingBacklinksBot/1.0; +https://seranking.com/backlinks-crawler)"
57.141.20.0 - - [29/Apr/2026:01:22:55 +0200] "GET /detail/100977955 HTTP/1.1" 200 1 "-" "meta-externalagent/1.1 (+https://developers.facebook.com/docs/sharing/webmasters/crawler)"
144.76.32.237 - - [29/Apr/2026:01:23:06 +0200] "GET /items/D271335449/ HTTP/1.1" 200 1 "-" "Mozilla/5.0 (compatible; SERankingBacklinksBot/1.0; +https://seranking.com/backlinks-crawler)"
57.141.20.41 - - [29/Apr/2026:01:23:07 +0200] "GET /items/D271200697/ HTTP/1.1" 200 1 "-" "meta-externalagent/1.1 (+https://developers.facebook.com/docs/sharing/webmasters/crawler)"
144.76.32.237 - - [29/Apr/2026:01:23:22 +0200] "GET /items/D275267833/ HTTP/1.1" 200 1 "-" "Mozilla/5.0 (compatible; SERankingBacklinksBot/1.0; +https://seranking.com/backlinks-crawler)"
144.76.32.237 - - [29/Apr/2026:01:23:31 +0200] "GET /items/D275267977/ HTTP/1.1" 200 1 "-" "Mozilla/5.0 (compatible; SERankingBacklinksBot/1.0; +https://seranking.com/backlinks-crawler)"
57.141.20.53 - - [29/Apr/2026:01:23:46 +0200] "GET /items/D274367297/ HTTP/1.1" 200 1 "-" "meta-externalagent/1.1 (+https://developers.facebook.com/docs/sharing/webmasters/crawler)"
57.141.20.27 - - [29/Apr/2026:01:23:52 +0200] "GET /items/D271272082/ HTTP/1.1" 200 1 "-" "meta-externalagent/1.1 (+https://developers.facebook.com/docs/sharing/webmasters/crawler)"
144.76.32.237 - - [29/Apr/2026:01:23:56 +0200] "GET /items/D272877385/ HTTP/1.1" 200 1 "-" "Mozilla/5.0 (compatible; SERankingBacklinksBot/1.0; +https://seranking.com/backlinks-crawler)"
57.141.20.34 - - [29/Apr/2026:01:24:13 +0200] "GET /items/D276061817/ HTTP/1.1" 200 1 "-" "meta-externalagent/1.1 (+https://developers.facebook.com/docs/sharing/webmasters/crawler)"
57.141.20.38 - - [29/Apr/2026:01:24:18 +0200] "GET /items/D271327302/ HTTP/1.1" 200 1 "-" "meta-externalagent/1.1 (+https://developers.facebook.com/docs/sharing/webmasters/crawler)"
57.141.20.42 - - [29/Apr/2026:01:24:51 +0200] "GET /detail/644032582 HTTP/1.1" 200 1 "-" "meta-externalagent/1.1 (+https://developers.facebook.com/docs/sharing/webmasters/crawler)"
57.141.20.18 - - [29/Apr/2026:01:25:01 +0200] "GET /items/D274336776/ HTTP/1.1" 200 1 "-" "meta-externalagent/1.1 (+https://developers.facebook.com/docs/sharing/webmasters/crawler)"
57.141.20.34 - - [29/Apr/2026:01:25:11 +0200] "GET /items/D275749527/ HTTP/1.1" 200 1 "-" "meta-externalagent/1.1 (+https://developers.facebook.com/docs/sharing/webmasters/crawler)"
57.141.20.31 - - [29/Apr/2026:01:25:35 +0200] "GET /detail/196920721 HTTP/1.1" 200 1 "-" "meta-externalagent/1.1 (+https://developers.facebook.com/docs/sharing/webmasters/crawler)"
57.141.20.44 - - [29/Apr/2026:01:25:51 +0200] "GET /items/D271450387/ HTTP/1.1" 200 1 "-" "meta-externalagent/1.1 (+https://developers.facebook.com/docs/sharing/webmasters/crawler)"
57.141.20.52 - - [29/Apr/2026:01:25:52 +0200] "GET /items/D273029905/ HTTP/1.1" 200 1 "-" "meta-externalagent/1.1 (+https://developers.facebook.com/docs/sharing/webmasters/crawler)"
57.141.20.35 - - [29/Apr/2026:01:25:56 +0200] "GET /items/D274740809/ HTTP/1.1" 200 1 "-" "meta-externalagent/1.1 (+https://developers.facebook.com/docs/sharing/webmasters/crawler)"
57.141.20.49 - - [29/Apr/2026:01:26:05 +0200] "GET /items/D274413199/ HTTP/1.1" 200 1 "-" "meta-externalagent/1.1 (+https://developers.facebook.com/docs/sharing/webmasters/crawler)"
57.141.20.16 - - [29/Apr/2026:01:26:08 +0200] "GET /items/D271694579/ HTTP/1.1" 200 1 "-" "meta-externalagent/1.1 (+https://developers.facebook.com/docs/sharing/webmasters/crawler)"
57.141.20.38 - - [29/Apr/2026:01:22:39 +0200] "GET /items/D271841280/ HTTP/1.1" 200 1 "-" "meta-externalagent/1.1 (+https://developers.facebook.com/docs/sharing/webmasters/crawler)"
57.141.20.58 - - [29/Apr/2026:01:22:44 +0200] "GET /items/D273184824/ HTTP/1.1" 200 1 "-" "meta-externalagent/1.1 (+https://developers.facebook.com/docs/sharing/webmasters/crawler)"
144.76.32.237 - - [29/Apr/2026:01:22:47 +0200] "GET /items/D271335236/ HTTP/1.1" 200 1 "-" "Mozilla/5.0 (compatible; SERankingBacklinksBot/1.0; +https://seranking.com/backlinks-crawler)"
144.76.32.237 - - [29/Apr/2026:01:23:03 +0200] "GET /items/D275267753/ HTTP/1.1" 200 1 "-" "Mozilla/5.0 (compatible; SERankingBacklinksBot/1.0; +https://seranking.com/backlinks-crawler)"
144.76.32.237 - - [29/Apr/2026:01:23:09 +0200] "GET /items/D272877094/ HTTP/1.1" 200 1 "-" "Mozilla/5.0 (compatible; SERankingBacklinksBot/1.0; +https://seranking.com/backlinks-crawler)"
144.76.32.237 - - [29/Apr/2026:01:23:16 +0200] "GET /items/D271335810/ HTTP/1.1" 200 1 "-" "Mozilla/5.0 (compatible; SERankingBacklinksBot/1.0; +https://seranking.com/backlinks-crawler)"
144.76.32.237 - - [29/Apr/2026:01:23:34 +0200] "GET /items/D271335904/ HTTP/1.1" 200 1 "-" "Mozilla/5.0 (compatible; SERankingBacklinksBot/1.0; +https://seranking.com/backlinks-crawler)"
144.76.32.237 - - [29/Apr/2026:01:23:40 +0200] "GET /items/D275268023/ HTTP/1.1" 200 1 "-" "Mozilla/5.0 (compatible; SERankingBacklinksBot/1.0; +https://seranking.com/backlinks-crawler)"
144.76.32.237 - - [29/Apr/2026:01:23:53 +0200] "GET /items/D271336020/ HTTP/1.1" 200 1 "-" "Mozilla/5.0 (compatible; SERankingBacklinksBot/1.0; +https://seranking.com/backlinks-crawler)"
57.141.20.14 - - [29/Apr/2026:01:24:03 +0200] "GET /detail/450247994 HTTP/1.1" 200 1 "-" "meta-externalagent/1.1 (+https://developers.facebook.com/docs/sharing/webmasters/crawler)"
57.141.20.31 - - [29/Apr/2026:01:24:35 +0200] "GET /detail/549867462 HTTP/1.1" 200 1 "-" "meta-externalagent/1.1 (+https://developers.facebook.com/docs/sharing/webmasters/crawler)"
57.141.20.63 - - [29/Apr/2026:01:24:41 +0200] "GET /items/D273965255/ HTTP/1.1" 200 1 "-" "meta-externalagent/1.1 (+https://developers.facebook.com/docs/sharing/webmasters/crawler)"
57.141.20.51 - - [29/Apr/2026:01:24:46 +0200] "GET /items/D275152061/ HTTP/1.1" 200 1 "-" "meta-externalagent/1.1 (+https://developers.facebook.com/docs/sharing/webmasters/crawler)"
57.141.20.2 - - [29/Apr/2026:01:25:06 +0200] "GET /items/D275389585/ HTTP/1.1" 200 1 "-" "meta-externalagent/1.1 (+https://developers.facebook.com/docs/sharing/webmasters/crawler)"
57.141.20.10 - - [29/Apr/2026:01:25:06 +0200] "GET /items/D274875657/ HTTP/1.1" 200 1 "-" "meta-externalagent/1.1 (+https://developers.facebook.com/docs/sharing/webmasters/crawler)"
51.75.236.152 - - [29/Apr/2026:01:26:10 +0200] "GET /savep.php/?detail/475416143 HTTP/1.1" 200 1 "-" "Mozilla/5.0 (compatible; AhrefsBot/7.0; +http://ahrefs.com/robot/)"
57.141.20.57 - - [29/Apr/2026:01:26:26 +0200] "GET /items/D274264582/ HTTP/1.1" 200 1 "-" "meta-externalagent/1.1 (+https://developers.facebook.com/docs/sharing/webmasters/crawler)"
57.141.20.69 - - [29/Apr/2026:01:26:29 +0200] "GET /detail/124833434 HTTP/1.1" 200 1 "-" "meta-externalagent/1.1 (+https://developers.facebook.com/docs/sharing/webmasters/crawler)"
57.141.20.70 - - [29/Apr/2026:01:26:32 +0200] "GET /items/D271909380/ HTTP/1.1" 200 1 "-" "meta-externalagent/1.1 (+https://developers.facebook.com/docs/sharing/webmasters/crawler)"
57.141.20.65 - - [29/Apr/2026:01:26:40 +0200] "GET /items/D271609645/ HTTP/1.1" 200 1 "-" "meta-externalagent/1.1 (+https://developers.facebook.com/docs/sharing/webmasters/crawler)"
57.141.20.37 - - [29/Apr/2026:01:26:43 +0200] "GET /items/D274429823/ HTTP/1.1" 200 1 "-" "meta-externalagent/1.1 (+https://developers.facebook.com/docs/sharing/webmasters/crawler)"
51.68.111.244 - - [29/Apr/2026:01:26:45 +0200] "GET / HTTP/1.1" 200 1 "-" "Mozilla/5.0 (compatible; MJ12bot/v2.0.5; http://mj12bot.com/)"
57.141.20.10 - - [29/Apr/2026:01:25:26 +0200] "GET /detail/246539894 HTTP/1.1" 200 1 "-" "meta-externalagent/1.1 (+https://developers.facebook.com/docs/sharing/webmasters/crawler)"
57.141.20.33 - - [29/Apr/2026:01:25:30 +0200] "GET /items/D274280023/ HTTP/1.1" 200 1 "-" "meta-externalagent/1.1 (+https://developers.facebook.com/docs/sharing/webmasters/crawler)"
57.141.20.21 - - [29/Apr/2026:01:25:39 +0200] "GET /detail/125562612 HTTP/1.1" 200 1 "-" "meta-externalagent/1.1 (+https://developers.facebook.com/docs/sharing/webmasters/crawler)"
57.141.20.57 - - [29/Apr/2026:01:25:47 +0200] "GET /items/D272021734/ HTTP/1.1" 200 1 "-" "meta-externalagent/1.1 (+https://developers.facebook.com/docs/sharing/webmasters/crawler)"
57.141.20.47 - - [29/Apr/2026:01:26:00 +0200] "GET /items/D271967855/ HTTP/1.1" 200 1 "-" "meta-externalagent/1.1 (+https://developers.facebook.com/docs/sharing/webmasters/crawler)"
57.141.20.4 - - [29/Apr/2026:01:26:12 +0200] "GET /items/D271664571/ HTTP/1.1" 200 1 "-" "meta-externalagent/1.1 (+https://developers.facebook.com/docs/sharing/webmasters/crawler)"
57.141.20.53 - - [29/Apr/2026:01:26:15 +0200] "GET /detail/417167813 HTTP/1.1" 200 1 "-" "meta-externalagent/1.1 (+https://developers.facebook.com/docs/sharing/webmasters/crawler)"
57.141.20.41 - - [29/Apr/2026:01:26:19 +0200] "GET /items/D275143561/ HTTP/1.1" 200 1 "-" "meta-externalagent/1.1 (+https://developers.facebook.com/docs/sharing/webmasters/crawler)"
51.68.111.244 - - [29/Apr/2026:01:26:45 +0200] "GET /robots.txt HTTP/1.1" 200 416 "-" "Mozilla/5.0 (compatible; MJ12bot/v2.0.5; http://mj12bot.com/)"
57.141.20.63 - - [29/Apr/2026:01:26:46 +0200] "GET /items/D273807638/ HTTP/1.1" 200 1 "-" "meta-externalagent/1.1 (+https://developers.facebook.com/docs/sharing/webmasters/crawler)"
57.141.20.9 - - [29/Apr/2026:01:26:49 +0200] "GET /items/D272676240/ HTTP/1.1" 200 1 "-" "meta-externalagent/1.1 (+https://developers.facebook.com/docs/sharing/webmasters/crawler)"
57.141.20.8 - - [29/Apr/2026:01:26:52 +0200] "GET /items/D271129899/ HTTP/1.1" 200 1 "-" "meta-externalagent/1.1 (+https://developers.facebook.com/docs/sharing/webmasters/crawler)"
57.141.20.56 - - [29/Apr/2026:01:26:58 +0200] "GET /detail/327479154 HTTP/1.1" 200 1 "-" "meta-externalagent/1.1 (+https://developers.facebook.com/docs/sharing/webmasters/crawler)"
57.141.20.58 - - [29/Apr/2026:01:27:07 +0200] "GET /items/D271281734/ HTTP/1.1" 200 1 "-" "meta-externalagent/1.1 (+https://developers.facebook.com/docs/sharing/webmasters/crawler)"
57.141.20.53 - - [29/Apr/2026:01:27:07 +0200] "GET /items/D273457571/ HTTP/1.1" 200 1 "-" "meta-externalagent/1.1 (+https://developers.facebook.com/docs/sharing/webmasters/crawler)"
57.141.20.29 - - [29/Apr/2026:01:27:21 +0200] "GET /detail/569184375 HTTP/1.1" 200 1 "-" "meta-externalagent/1.1 (+https://developers.facebook.com/docs/sharing/webmasters/crawler)"
57.141.20.58 - - [29/Apr/2026:01:27:37 +0200] "GET /items/D273600633/ HTTP/1.1" 200 1 "-" "meta-externalagent/1.1 (+https://developers.facebook.com/docs/sharing/webmasters/crawler)"
57.141.20.7 - - [29/Apr/2026:01:28:04 +0200] "GET /items/D274136489/ HTTP/1.1" 200 1 "-" "meta-externalagent/1.1 (+https://developers.facebook.com/docs/sharing/webmasters/crawler)"
57.141.20.64 - - [29/Apr/2026:01:28:12 +0200] "GET /items/D271732811/ HTTP/1.1" 200 1 "-" "meta-externalagent/1.1 (+https://developers.facebook.com/docs/sharing/webmasters/crawler)"
57.141.20.7 - - [29/Apr/2026:01:28:31 +0200] "GET /items/D274614286/ HTTP/1.1" 200 1 "-" "meta-externalagent/1.1 (+https://developers.facebook.com/docs/sharing/webmasters/crawler)"
57.141.20.28 - - [29/Apr/2026:01:28:39 +0200] "GET /items/D273640761/ HTTP/1.1" 200 1 "-" "meta-externalagent/1.1 (+https://developers.facebook.com/docs/sharing/webmasters/crawler)"
57.141.20.32 - - [29/Apr/2026:01:28:46 +0200] "GET /items/D273237250/ HTTP/1.1" 200 1 "-" "meta-externalagent/1.1 (+https://developers.facebook.com/docs/sharing/webmasters/crawler)"
57.141.20.8 - - [29/Apr/2026:01:26:25 +0200] "GET /items/D273014355/ HTTP/1.1" 200 1 "-" "meta-externalagent/1.1 (+https://developers.facebook.com/docs/sharing/webmasters/crawler)"
57.141.20.57 - - [29/Apr/2026:01:26:39 +0200] "GET /detail/237224403 HTTP/1.1" 200 1 "-" "meta-externalagent/1.1 (+https://developers.facebook.com/docs/sharing/webmasters/crawler)"
57.141.20.13 - - [29/Apr/2026:01:26:55 +0200] "GET /detail/366706776 HTTP/1.1" 200 1 "-" "meta-externalagent/1.1 (+https://developers.facebook.com/docs/sharing/webmasters/crawler)"
57.141.20.28 - - [29/Apr/2026:01:27:01 +0200] "GET /items/D273446273/ HTTP/1.1" 200 1 "-" "meta-externalagent/1.1 (+https://developers.facebook.com/docs/sharing/webmasters/crawler)"
57.141.20.69 - - [29/Apr/2026:01:27:12 +0200] "GET /items/D272780620/ HTTP/1.1" 200 1 "-" "meta-externalagent/1.1 (+https://developers.facebook.com/docs/sharing/webmasters/crawler)"
95.129.101.136 - - [29/Apr/2026:01:27:19 +0200] "GET /wp-content/uploads/2022/11/maitre-peltier-Redaction-articles-sponsorises.jpg HTTP/1.1" 200 5944 "-" "Mozilla/5.0 (compatible; SpiderLing; +https://nlp.fi.muni.cz/projects/biwec/)"
57.141.20.42 - - [29/Apr/2026:01:27:24 +0200] "GET /detail/598465989 HTTP/1.1" 200 1 "-" "meta-externalagent/1.1 (+https://developers.facebook.com/docs/sharing/webmasters/crawler)"
57.141.20.12 - - [29/Apr/2026:01:27:44 +0200] "GET /items/D271134658/ HTTP/1.1" 200 1 "-" "meta-externalagent/1.1 (+https://developers.facebook.com/docs/sharing/webmasters/crawler)"
57.141.20.38 - - [29/Apr/2026:01:27:44 +0200] "GET /items/D275412364/ HTTP/1.1" 200 1 "-" "meta-externalagent/1.1 (+https://developers.facebook.com/docs/sharing/webmasters/crawler)"
57.141.20.21 - - [29/Apr/2026:01:27:48 +0200] "GET /detail/422994411 HTTP/1.1" 200 1 "-" "meta-externalagent/1.1 (+https://developers.facebook.com/docs/sharing/webmasters/crawler)"
57.141.20.8 - - [29/Apr/2026:01:28:03 +0200] "GET /detail/514583194 HTTP/1.1" 200 1 "-" "meta-externalagent/1.1 (+https://developers.facebook.com/docs/sharing/webmasters/crawler)"
57.141.20.4 - - [29/Apr/2026:01:28:16 +0200] "GET /items/D271678760/ HTTP/1.1" 200 1 "-" "meta-externalagent/1.1 (+https://developers.facebook.com/docs/sharing/webmasters/crawler)"
57.141.20.37 - - [29/Apr/2026:01:28:20 +0200] "GET /detail/382344847 HTTP/1.1" 200 1 "-" "meta-externalagent/1.1 (+https://developers.facebook.com/docs/sharing/webmasters/crawler)"
57.141.20.60 - - [29/Apr/2026:01:28:24 +0200] "GET /items/D274596853/ HTTP/1.1" 200 1 "-" "meta-externalagent/1.1 (+https://developers.facebook.com/docs/sharing/webmasters/crawler)"
57.141.20.14 - - [29/Apr/2026:01:28:39 +0200] "GET /items/D274619225/ HTTP/1.1" 200 1 "-" "meta-externalagent/1.1 (+https://developers.facebook.com/docs/sharing/webmasters/crawler)"
57.141.20.43 - - [29/Apr/2026:01:28:43 +0200] "GET /items/D273200189/ HTTP/1.1" 200 1 "-" "meta-externalagent/1.1 (+https://developers.facebook.com/docs/sharing/webmasters/crawler)"
57.141.20.45 - - [29/Apr/2026:01:28:54 +0200] "GET /items/D275938739/ HTTP/1.1" 200 1 "-" "meta-externalagent/1.1 (+https://developers.facebook.com/docs/sharing/webmasters/crawler)"
57.141.20.3 - - [29/Apr/2026:01:28:54 +0200] "GET /items/D272890589/ HTTP/1.1" 200 1 "-" "meta-externalagent/1.1 (+https://developers.facebook.com/docs/sharing/webmasters/crawler)"
57.141.20.41 - - [29/Apr/2026:01:28:58 +0200] "GET /items/D271998346/ HTTP/1.1" 200 1 "-" "meta-externalagent/1.1 (+https://developers.facebook.com/docs/sharing/webmasters/crawler)"
57.141.20.52 - - [29/Apr/2026:01:29:12 +0200] "GET /detail/210427860 HTTP/1.1" 200 1 "-" "meta-externalagent/1.1 (+https://developers.facebook.com/docs/sharing/webmasters/crawler)"
57.141.20.57 - - [29/Apr/2026:01:29:22 +0200] "GET /items/D271236397/ HTTP/1.1" 200 1 "-" "meta-externalagent/1.1 (+https://developers.facebook.com/docs/sharing/webmasters/crawler)"
57.141.20.47 - - [29/Apr/2026:01:29:28 +0200] "GET /items/D275799511/ HTTP/1.1" 200 1 "-" "meta-externalagent/1.1 (+https://developers.facebook.com/docs/sharing/webmasters/crawler)"
57.141.20.5 - - [29/Apr/2026:01:27:10 +0200] "GET /detail/196527354 HTTP/1.1" 200 1 "-" "meta-externalagent/1.1 (+https://developers.facebook.com/docs/sharing/webmasters/crawler)"
57.141.20.65 - - [29/Apr/2026:01:27:15 +0200] "GET /detail/419512187 HTTP/1.1" 200 1 "-" "meta-externalagent/1.1 (+https://developers.facebook.com/docs/sharing/webmasters/crawler)"
57.141.20.32 - - [29/Apr/2026:01:27:21 +0200] "GET /items/D274972794/ HTTP/1.1" 200 1 "-" "meta-externalagent/1.1 (+https://developers.facebook.com/docs/sharing/webmasters/crawler)"
57.141.20.65 - - [29/Apr/2026:01:27:32 +0200] "GET /items/D275388510/ HTTP/1.1" 200 1 "-" "meta-externalagent/1.1 (+https://developers.facebook.com/docs/sharing/webmasters/crawler)"
57.141.20.43 - - [29/Apr/2026:01:27:36 +0200] "GET /detail/52664638 HTTP/1.1" 200 1 "-" "meta-externalagent/1.1 (+https://developers.facebook.com/docs/sharing/webmasters/crawler)"
57.141.20.38 - - [29/Apr/2026:01:27:52 +0200] "GET /detail/555528432 HTTP/1.1" 200 1 "-" "meta-externalagent/1.1 (+https://developers.facebook.com/docs/sharing/webmasters/crawler)"
57.141.20.41 - - [29/Apr/2026:01:27:59 +0200] "GET /items/D275396893/ HTTP/1.1" 200 1 "-" "meta-externalagent/1.1 (+https://developers.facebook.com/docs/sharing/webmasters/crawler)"
57.141.20.43 - - [29/Apr/2026:01:28:11 +0200] "GET /items/D272646456/ HTTP/1.1" 200 1 "-" "meta-externalagent/1.1 (+https://developers.facebook.com/docs/sharing/webmasters/crawler)"
57.141.20.65 - - [29/Apr/2026:01:28:31 +0200] "GET /items/D273983636/ HTTP/1.1" 200 1 "-" "meta-externalagent/1.1 (+https://developers.facebook.com/docs/sharing/webmasters/crawler)"
57.141.20.2 - - [29/Apr/2026:01:29:02 +0200] "GET /items/D272526129/ HTTP/1.1" 200 1 "-" "meta-externalagent/1.1 (+https://developers.facebook.com/docs/sharing/webmasters/crawler)"
57.141.20.59 - - [29/Apr/2026:01:29:08 +0200] "GET /detail/195798745 HTTP/1.1" 200 1 "-" "meta-externalagent/1.1 (+https://developers.facebook.com/docs/sharing/webmasters/crawler)"
57.141.20.28 - - [29/Apr/2026:01:29:19 +0200] "GET /items/D272782207/ HTTP/1.1" 200 1 "-" "meta-externalagent/1.1 (+https://developers.facebook.com/docs/sharing/webmasters/crawler)"
57.141.20.55 - - [29/Apr/2026:01:29:26 +0200] "GET /items/D274520492/ HTTP/1.1" 200 1 "-" "meta-externalagent/1.1 (+https://developers.facebook.com/docs/sharing/webmasters/crawler)"
57.141.20.32 - - [29/Apr/2026:01:29:33 +0200] "GET /items/D273255568/ HTTP/1.1" 200 1 "-" "meta-externalagent/1.1 (+https://developers.facebook.com/docs/sharing/webmasters/crawler)"
57.141.20.37 - - [29/Apr/2026:01:29:40 +0200] "GET /items/D273349464/ HTTP/1.1" 200 1 "-" "meta-externalagent/1.1 (+https://developers.facebook.com/docs/sharing/webmasters/crawler)"
57.141.20.20 - - [29/Apr/2026:01:29:42 +0200] "GET /items/D275623068/ HTTP/1.1" 200 1 "-" "meta-externalagent/1.1 (+https://developers.facebook.com/docs/sharing/webmasters/crawler)"
57.141.20.68 - - [29/Apr/2026:01:29:44 +0200] "GET /items/D274025163/ HTTP/1.1" 200 1 "-" "meta-externalagent/1.1 (+https://developers.facebook.com/docs/sharing/webmasters/crawler)"
57.141.20.61 - - [29/Apr/2026:01:29:54 +0200] "GET /detail/102090758 HTTP/1.1" 200 1 "-" "meta-externalagent/1.1 (+https://developers.facebook.com/docs/sharing/webmasters/crawler)"
57.141.20.53 - - [29/Apr/2026:01:29:59 +0200] "GET /items/D273464800/ HTTP/1.1" 200 1 "-" "meta-externalagent/1.1 (+https://developers.facebook.com/docs/sharing/webmasters/crawler)"
57.141.20.30 - - [29/Apr/2026:01:30:03 +0200] "GET /items/D271172172/ HTTP/1.1" 200 1 "-" "meta-externalagent/1.1 (+https://developers.facebook.com/docs/sharing/webmasters/crawler)"
57.141.20.65 - - [29/Apr/2026:01:30:08 +0200] "GET /items/D275005010/ HTTP/1.1" 200 1 "-" "meta-externalagent/1.1 (+https://developers.facebook.com/docs/sharing/webmasters/crawler)"
57.141.20.65 - - [29/Apr/2026:01:30:28 +0200] "GET /detail/3041535 HTTP/1.1" 200 1 "-" "meta-externalagent/1.1 (+https://developers.facebook.com/docs/sharing/webmasters/crawler)"
57.141.20.4 - - [29/Apr/2026:01:29:08 +0200] "GET /items/D273694024/ HTTP/1.1" 200 1 "-" "meta-externalagent/1.1 (+https://developers.facebook.com/docs/sharing/webmasters/crawler)"
57.141.20.9 - - [29/Apr/2026:01:29:16 +0200] "GET /items/D272447902/ HTTP/1.1" 200 1 "-" "meta-externalagent/1.1 (+https://developers.facebook.com/docs/sharing/webmasters/crawler)"
57.141.20.70 - - [29/Apr/2026:01:29:47 +0200] "GET /items/D273624144/ HTTP/1.1" 200 1 "-" "meta-externalagent/1.1 (+https://developers.facebook.com/docs/sharing/webmasters/crawler)"
57.141.20.43 - - [29/Apr/2026:01:29:49 +0200] "GET /detail/453820928 HTTP/1.1" 200 1 "-" "meta-externalagent/1.1 (+https://developers.facebook.com/docs/sharing/webmasters/crawler)"
57.141.20.67 - - [29/Apr/2026:01:29:56 +0200] "GET /items/D272047738/ HTTP/1.1" 200 1 "-" "meta-externalagent/1.1 (+https://developers.facebook.com/docs/sharing/webmasters/crawler)"
57.141.20.3 - - [29/Apr/2026:01:30:03 +0200] "GET /items/D271062954/ HTTP/1.1" 200 1 "-" "meta-externalagent/1.1 (+https://developers.facebook.com/docs/sharing/webmasters/crawler)"
57.141.20.49 - - [29/Apr/2026:01:30:05 +0200] "GET /items/D274669946/ HTTP/1.1" 200 1 "-" "meta-externalagent/1.1 (+https://developers.facebook.com/docs/sharing/webmasters/crawler)"
57.141.20.70 - - [29/Apr/2026:01:30:18 +0200] "GET /items/D274003206/ HTTP/1.1" 200 1 "-" "meta-externalagent/1.1 (+https://developers.facebook.com/docs/sharing/webmasters/crawler)"
57.141.20.2 - - [29/Apr/2026:01:30:31 +0200] "GET /items/D274130161/ HTTP/1.1" 200 1 "-" "meta-externalagent/1.1 (+https://developers.facebook.com/docs/sharing/webmasters/crawler)"
57.141.20.47 - - [29/Apr/2026:01:30:34 +0200] "GET /items/D275646515/ HTTP/1.1" 200 1 "-" "meta-externalagent/1.1 (+https://developers.facebook.com/docs/sharing/webmasters/crawler)"
57.141.20.20 - - [29/Apr/2026:01:30:44 +0200] "GET /detail/642565706 HTTP/1.1" 200 1 "-" "meta-externalagent/1.1 (+https://developers.facebook.com/docs/sharing/webmasters/crawler)"
57.141.20.69 - - [29/Apr/2026:01:30:55 +0200] "GET /items/D275932532/ HTTP/1.1" 200 1 "-" "meta-externalagent/1.1 (+https://developers.facebook.com/docs/sharing/webmasters/crawler)"
57.141.20.64 - - [29/Apr/2026:01:31:04 +0200] "GET /items/D274778310/ HTTP/1.1" 200 1 "-" "meta-externalagent/1.1 (+https://developers.facebook.com/docs/sharing/webmasters/crawler)"
137.184.237.108 - - [29/Apr/2026:01:31:08 +0200] "POST /wp-login.php HTTP/1.1" 500 0 "-" "Mozilla/5.0 (Windows NT 10.0; WOW64) AppleWebKit/537.43 (KHTML, like Gecko) Chrome/139.0.0.0 Safari/537.36 OPR/123.0.0.0"
57.141.20.16 - - [29/Apr/2026:01:31:17 +0200] "GET /items/D272906141/ HTTP/1.1" 200 1 "-" "meta-externalagent/1.1 (+https://developers.facebook.com/docs/sharing/webmasters/crawler)"
57.141.20.64 - - [29/Apr/2026:01:31:29 +0200] "GET /items/D275099535/ HTTP/1.1" 200 1 "-" "meta-externalagent/1.1 (+https://developers.facebook.com/docs/sharing/webmasters/crawler)"
57.141.20.12 - - [29/Apr/2026:01:31:35 +0200] "GET /items/D274056638/ HTTP/1.1" 200 1 "-" "meta-externalagent/1.1 (+https://developers.facebook.com/docs/sharing/webmasters/crawler)"
57.141.20.44 - - [29/Apr/2026:01:31:38 +0200] "GET /detail/642693188 HTTP/1.1" 200 1 "-" "meta-externalagent/1.1 (+https://developers.facebook.com/docs/sharing/webmasters/crawler)"
57.141.20.62 - - [29/Apr/2026:01:31:52 +0200] "GET /items/D274995484/ HTTP/1.1" 200 1 "-" "meta-externalagent/1.1 (+https://developers.facebook.com/docs/sharing/webmasters/crawler)"
57.141.20.39 - - [29/Apr/2026:01:31:59 +0200] "GET /items/D271585835/ HTTP/1.1" 200 1 "-" "meta-externalagent/1.1 (+https://developers.facebook.com/docs/sharing/webmasters/crawler)"
57.141.20.57 - - [29/Apr/2026:01:32:08 +0200] "GET /items/D274019679/ HTTP/1.1" 200 1 "-" "meta-externalagent/1.1 (+https://developers.facebook.com/docs/sharing/webmasters/crawler)"
57.141.20.30 - - [29/Apr/2026:01:32:14 +0200] "GET /items/D274370718/ HTTP/1.1" 200 1 "-" "meta-externalagent/1.1 (+https://developers.facebook.com/docs/sharing/webmasters/crawler)"
57.141.20.41 - - [29/Apr/2026:01:29:31 +0200] "GET /items/D274650126/ HTTP/1.1" 200 1 "-" "meta-externalagent/1.1 (+https://developers.facebook.com/docs/sharing/webmasters/crawler)"
57.141.20.28 - - [29/Apr/2026:01:29:36 +0200] "GET /items/D274967324/ HTTP/1.1" 200 1 "-" "meta-externalagent/1.1 (+https://developers.facebook.com/docs/sharing/webmasters/crawler)"
57.141.20.5 - - [29/Apr/2026:01:29:52 +0200] "GET /items/D272910269/ HTTP/1.1" 200 1 "-" "meta-externalagent/1.1 (+https://developers.facebook.com/docs/sharing/webmasters/crawler)"
57.141.20.32 - - [29/Apr/2026:01:30:12 +0200] "GET /items/D271769183/ HTTP/1.1" 200 1 "-" "meta-externalagent/1.1 (+https://developers.facebook.com/docs/sharing/webmasters/crawler)"
57.141.20.5 - - [29/Apr/2026:01:30:15 +0200] "GET /items/D274997721/ HTTP/1.1" 200 1 "-" "meta-externalagent/1.1 (+https://developers.facebook.com/docs/sharing/webmasters/crawler)"
57.141.20.67 - - [29/Apr/2026:01:30:21 +0200] "GET /items/D271901694/ HTTP/1.1" 200 1 "-" "meta-externalagent/1.1 (+https://developers.facebook.com/docs/sharing/webmasters/crawler)"
57.141.20.44 - - [29/Apr/2026:01:30:24 +0200] "GET /items/D271274273/ HTTP/1.1" 200 1 "-" "meta-externalagent/1.1 (+https://developers.facebook.com/docs/sharing/webmasters/crawler)"
57.141.20.45 - - [29/Apr/2026:01:30:28 +0200] "GET /items/D275080064/ HTTP/1.1" 200 1 "-" "meta-externalagent/1.1 (+https://developers.facebook.com/docs/sharing/webmasters/crawler)"
57.141.20.10 - - [29/Apr/2026:01:30:38 +0200] "GET /items/D272064518/ HTTP/1.1" 200 1 "-" "meta-externalagent/1.1 (+https://developers.facebook.com/docs/sharing/webmasters/crawler)"
57.141.20.61 - - [29/Apr/2026:01:30:40 +0200] "GET /items/D274306541/ HTTP/1.1" 200 1 "-" "meta-externalagent/1.1 (+https://developers.facebook.com/docs/sharing/webmasters/crawler)"
57.141.20.58 - - [29/Apr/2026:01:30:46 +0200] "GET /items/D271967586/ HTTP/1.1" 200 1 "-" "meta-externalagent/1.1 (+https://developers.facebook.com/docs/sharing/webmasters/crawler)"
57.141.20.14 - - [29/Apr/2026:01:30:49 +0200] "GET /items/D275422340/ HTTP/1.1" 200 1 "-" "meta-externalagent/1.1 (+https://developers.facebook.com/docs/sharing/webmasters/crawler)"
20.12.186.23 - - [29/Apr/2026:01:30:49 +0200] "GET /wp-content/plugins/admin.php HTTP/1.1" 200 1 "-" "Mozilla/5.0 (Windows NT 10.0; Win64; x64) AppleWebKit/537.36 (KHTML, like Gecko) Chrome/120.0.0.0 Safari/537.36"
88.198.25.144 - - [29/Apr/2026:01:31:24 +0200] "GET / HTTP/1.1" 200 1 "-" "Mozilla/5.0 (Windows NT 10.0; WOW64) AppleWebKit/537.36 (KHTML, like Gecko) Chrome/114.0.0.0 YaBrowser/22.7.0 Yowser/2.5 Safari/537.36"
57.141.20.54 - - [29/Apr/2026:01:31:28 +0200] "GET /items/D273874943/ HTTP/1.1" 200 1 "-" "meta-externalagent/1.1 (+https://developers.facebook.com/docs/sharing/webmasters/crawler)"
57.141.20.0 - - [29/Apr/2026:01:31:35 +0200] "GET /items/D272348291/ HTTP/1.1" 200 1 "-" "meta-externalagent/1.1 (+https://developers.facebook.com/docs/sharing/webmasters/crawler)"
57.141.20.8 - - [29/Apr/2026:01:31:49 +0200] "GET /items/D273500462/ HTTP/1.1" 200 1 "-" "meta-externalagent/1.1 (+https://developers.facebook.com/docs/sharing/webmasters/crawler)"
57.141.20.43 - - [29/Apr/2026:01:31:58 +0200] "GET /items/D273829131/ HTTP/1.1" 200 1 "-" "meta-externalagent/1.1 (+https://developers.facebook.com/docs/sharing/webmasters/crawler)"
57.141.20.53 - - [29/Apr/2026:01:32:02 +0200] "GET /items/D274838730/ HTTP/1.1" 200 1 "-" "meta-externalagent/1.1 (+https://developers.facebook.com/docs/sharing/webmasters/crawler)"
57.141.20.26 - - [29/Apr/2026:01:32:05 +0200] "GET /items/D271228784/ HTTP/1.1" 200 1 "-" "meta-externalagent/1.1 (+https://developers.facebook.com/docs/sharing/webmasters/crawler)"
57.141.20.45 - - [29/Apr/2026:01:32:19 +0200] "GET /items/D271495452/ HTTP/1.1" 200 1 "-" "meta-externalagent/1.1 (+https://developers.facebook.com/docs/sharing/webmasters/crawler)"
57.141.20.57 - - [29/Apr/2026:01:32:30 +0200] "GET /items/D274854786/ HTTP/1.1" 200 1 "-" "meta-externalagent/1.1 (+https://developers.facebook.com/docs/sharing/webmasters/crawler)"
57.141.20.17 - - [29/Apr/2026:01:30:57 +0200] "GET /items/D274631986/ HTTP/1.1" 200 1 "-" "meta-externalagent/1.1 (+https://developers.facebook.com/docs/sharing/webmasters/crawler)"
57.141.20.2 - - [29/Apr/2026:01:31:00 +0200] "GET /detail/498376197 HTTP/1.1" 200 1 "-" "meta-externalagent/1.1 (+https://developers.facebook.com/docs/sharing/webmasters/crawler)"
57.141.20.70 - - [29/Apr/2026:01:31:01 +0200] "GET /detail/412078720 HTTP/1.1" 200 1 "-" "meta-externalagent/1.1 (+https://developers.facebook.com/docs/sharing/webmasters/crawler)"
57.141.20.13 - - [29/Apr/2026:01:31:07 +0200] "GET /items/D271322425/ HTTP/1.1" 200 1 "-" "meta-externalagent/1.1 (+https://developers.facebook.com/docs/sharing/webmasters/crawler)"
57.141.20.16 - - [29/Apr/2026:01:31:10 +0200] "GET /items/D271132997/ HTTP/1.1" 200 1 "-" "meta-externalagent/1.1 (+https://developers.facebook.com/docs/sharing/webmasters/crawler)"
57.141.20.58 - - [29/Apr/2026:01:31:12 +0200] "GET /items/D274376449/ HTTP/1.1" 200 1 "-" "meta-externalagent/1.1 (+https://developers.facebook.com/docs/sharing/webmasters/crawler)"
57.141.20.1 - - [29/Apr/2026:01:31:15 +0200] "GET /items/D274730486/ HTTP/1.1" 200 1 "-" "meta-externalagent/1.1 (+https://developers.facebook.com/docs/sharing/webmasters/crawler)"
57.141.20.27 - - [29/Apr/2026:01:31:20 +0200] "GET /items/D275640193/ HTTP/1.1" 200 1 "-" "meta-externalagent/1.1 (+https://developers.facebook.com/docs/sharing/webmasters/crawler)"
57.141.20.29 - - [29/Apr/2026:01:31:45 +0200] "GET /items/D275916950/ HTTP/1.1" 200 1 "-" "meta-externalagent/1.1 (+https://developers.facebook.com/docs/sharing/webmasters/crawler)"
57.141.20.61 - - [29/Apr/2026:01:31:45 +0200] "GET /items/D271330160/ HTTP/1.1" 200 1 "-" "meta-externalagent/1.1 (+https://developers.facebook.com/docs/sharing/webmasters/crawler)"
173.252.95.41 - - [29/Apr/2026:01:31:59 +0200] "GET /robots.txt HTTP/1.1" 200 416 "-" "facebookexternalhit/1.1 (+http://www.facebook.com/externalhit_uatext.php)"
57.141.20.7 - - [29/Apr/2026:01:32:10 +0200] "GET /items/D271892644/ HTTP/1.1" 200 1 "-" "meta-externalagent/1.1 (+https://developers.facebook.com/docs/sharing/webmasters/crawler)"
57.141.20.25 - - [29/Apr/2026:01:32:32 +0200] "GET /items/D273075275/ HTTP/1.1" 200 1 "-" "meta-externalagent/1.1 (+https://developers.facebook.com/docs/sharing/webmasters/crawler)"
57.141.20.63 - - [29/Apr/2026:01:32:32 +0200] "GET /items/D272164436/ HTTP/1.1" 200 1 "-" "meta-externalagent/1.1 (+https://developers.facebook.com/docs/sharing/webmasters/crawler)"
57.141.20.68 - - [29/Apr/2026:01:32:46 +0200] "GET /items/D271601467/ HTTP/1.1" 200 1 "-" "meta-externalagent/1.1 (+https://developers.facebook.com/docs/sharing/webmasters/crawler)"
57.141.20.43 - - [29/Apr/2026:01:32:54 +0200] "GET /items/D274817013/ HTTP/1.1" 200 1 "-" "meta-externalagent/1.1 (+https://developers.facebook.com/docs/sharing/webmasters/crawler)"
57.141.20.39 - - [29/Apr/2026:01:33:19 +0200] "GET /items/D276071356/ HTTP/1.1" 200 1 "-" "meta-externalagent/1.1 (+https://developers.facebook.com/docs/sharing/webmasters/crawler)"
