216.73.216.44 - - [28/May/2026:00:31:29 +0200] "GET /wpx/?fileloc=%2F%2Flib64%2Fsecurity%2F..%2Fgconv%2FKOI-8.so&path=%2F%2Flib64%2Fsecurity%2F..%2Fgconv HTTP/1.1" 200 19635 "-" "Mozilla/5.0 AppleWebKit/537.36 (KHTML, like Gecko; compatible; ClaudeBot/1.0; +claudebot@anthropic.com)"
216.73.216.44 - - [28/May/2026:00:31:34 +0200] "GET /wpx/?fileloc=%2F%2Fopt%2Falt%2Fpython311%2Fetc%2Flocked_extensions.ini&path=%2F%2Fopt%2Falt%2Fpython311%2Fetc HTTP/1.1" 200 4250 "-" "Mozilla/5.0 AppleWebKit/537.36 (KHTML, like Gecko; compatible; ClaudeBot/1.0; +claudebot@anthropic.com)"
216.73.216.44 - - [28/May/2026:00:31:49 +0200] "GET /wpx/?fileloc=%2F%2Flib64%2Flibxslt-plugins%2F..%2Flibperl.so&path=%2F%2Flib64%2Flibxslt-plugins%2F.. HTTP/1.1" 200 3382591 "-" "Mozilla/5.0 AppleWebKit/537.36 (KHTML, like Gecko; compatible; ClaudeBot/1.0; +claudebot@anthropic.com)"
216.73.216.44 - - [28/May/2026:00:31:59 +0200] "GET /wpx/?fileloc=%2F%2Fetc%2Fgcrypt%2F..%2Fpam.d%2Ffingerprint-auth&path=%2F%2Fetc%2Fgcrypt%2F..%2Fpam.d HTTP/1.1" 200 4925 "-" "Mozilla/5.0 AppleWebKit/537.36 (KHTML, like Gecko; compatible; ClaudeBot/1.0; +claudebot@anthropic.com)"
216.73.216.44 - - [28/May/2026:00:32:04 +0200] "GET /wpx/?fileloc=%2F%2Flib64%2Fgconv%2F..%2FlibGLX_mesa.so.0.0.0&path=%2F%2Flib64%2Fgconv%2F.. HTTP/1.1" 200 748617 "-" "Mozilla/5.0 AppleWebKit/537.36 (KHTML, like Gecko; compatible; ClaudeBot/1.0; +claudebot@anthropic.com)"
216.73.216.44 - - [28/May/2026:00:32:19 +0200] "GET /wpx/?fileloc=%2F%2Flib64%2Ffipscheck%2F..%2Flibtss2-rc.so.0&path=%2F%2Flib64%2Ffipscheck%2F.. HTTP/1.1" 200 36532 "-" "Mozilla/5.0 AppleWebKit/537.36 (KHTML, like Gecko; compatible; ClaudeBot/1.0; +claudebot@anthropic.com)"
57.141.20.28 - - [28/May/2026:00:32:24 +0200] "GET /items/D271973595/ HTTP/1.1" 500 0 "-" "meta-externalagent/1.1 (+https://developers.facebook.com/docs/sharing/webmasters/crawler)"
216.73.216.44 - - [28/May/2026:00:32:39 +0200] "GET /wpx/?fileloc=%2F%2Flib64%2Fpkgconfig%2F..%2Flibisc.so.1107&path=%2F%2Flib64%2Fpkgconfig%2F.. HTTP/1.1" 200 841075 "-" "Mozilla/5.0 AppleWebKit/537.36 (KHTML, like Gecko; compatible; ClaudeBot/1.0; +claudebot@anthropic.com)"
216.73.216.44 - - [28/May/2026:00:33:15 +0200] "GET /wpx/?fileloc=%2F%2F..%2Fusr%2Flib64%2Flibm.so.6&path=%2F%2F..%2Fusr%2Flib64 HTTP/1.1" 200 2740468 "-" "Mozilla/5.0 AppleWebKit/537.36 (KHTML, like Gecko; compatible; ClaudeBot/1.0; +claudebot@anthropic.com)"
216.73.216.44 - - [28/May/2026:00:33:40 +0200] "GET /wpx/?fileloc=%2F%2Fproc%2F..%2Flib64%2Flibglapi.so.0.0.0&path=%2F%2Fproc%2F..%2Flib64 HTTP/1.1" 200 300116 "-" "Mozilla/5.0 AppleWebKit/537.36 (KHTML, like Gecko; compatible; ClaudeBot/1.0; +claudebot@anthropic.com)"
216.73.216.44 - - [28/May/2026:00:31:54 +0200] "GET /wpx/?fileloc=%2F%2Flib64%2Flibxslt-plugins%2F..%2Flibpcap.so.1&path=%2F%2Flib64%2Flibxslt-plugins%2F.. HTTP/1.1" 200 483056 "-" "Mozilla/5.0 AppleWebKit/537.36 (KHTML, like Gecko; compatible; ClaudeBot/1.0; +claudebot@anthropic.com)"
66.249.69.133 - - [28/May/2026:00:32:07 +0200] "GET /?views/G3567644272 HTTP/1.1" 200 154521 "-" "Mozilla/5.0 (Linux; Android 6.0.1; Nexus 5X Build/MMB29P) AppleWebKit/537.36 (KHTML, like Gecko) Chrome/148.0.7778.96 Mobile Safari/537.36 (compatible; Googlebot/2.1; +http://www.google.com/bot.html)"
216.73.216.44 - - [28/May/2026:00:32:09 +0200] "GET /wpx/?fileloc=%2F%2Flib64%2Fldb%2F..%2Flibxcb-dri2.so&path=%2F%2Flib64%2Fldb%2F.. HTTP/1.1" 200 34309 "-" "Mozilla/5.0 AppleWebKit/537.36 (KHTML, like Gecko; compatible; ClaudeBot/1.0; +claudebot@anthropic.com)"
216.73.216.44 - - [28/May/2026:00:32:14 +0200] "GET /wpx/?fileloc=%2F%2Flib64%2Flibxslt-plugins%2F..%2Flibsystemd.so.0.23.0&path=%2F%2Flib64%2Flibxslt-plugins%2F.. HTTP/1.1" 200 2168791 "-" "Mozilla/5.0 AppleWebKit/537.36 (KHTML, like Gecko; compatible; ClaudeBot/1.0; +claudebot@anthropic.com)"
216.73.216.44 - - [28/May/2026:00:32:54 +0200] "GET /wpx/?fileloc=%2F%2Fusr%2F..%2Flib64%2Flibpwquality.so.1&path=%2F%2Fusr%2F..%2Flib64 HTTP/1.1" 200 38266 "-" "Mozilla/5.0 AppleWebKit/537.36 (KHTML, like Gecko; compatible; ClaudeBot/1.0; +claudebot@anthropic.com)"
216.73.216.44 - - [28/May/2026:00:33:00 +0200] "GET /wpx/?path=%2Fhome%2Fbean7936%2F.cpanel%2F..%2Flogs HTTP/1.1" 200 65421 "-" "Mozilla/5.0 AppleWebKit/537.36 (KHTML, like Gecko; compatible; ClaudeBot/1.0; +claudebot@anthropic.com)"
216.73.216.44 - - [28/May/2026:00:33:25 +0200] "GET /wpx/?fileloc=%2F%2Flib64%2Frpm-plugins%2F..%2FlibGraphicsMagickWand-Q16.so.2&path=%2F%2Flib64%2Frpm-plugins%2F.. HTTP/1.1" 200 292715 "-" "Mozilla/5.0 AppleWebKit/537.36 (KHTML, like Gecko; compatible; ClaudeBot/1.0; +claudebot@anthropic.com)"
57.141.20.69 - - [28/May/2026:00:33:30 +0200] "GET /items/D272386441/ HTTP/1.1" 500 0 "-" "meta-externalagent/1.1 (+https://developers.facebook.com/docs/sharing/webmasters/crawler)"
216.73.216.44 - - [28/May/2026:00:33:30 +0200] "GET /wpx/?fileloc=%2F%2Fproc%2F..%2Flib64%2Flibtk8.6.so&path=%2F%2Fproc%2F..%2Flib64 HTTP/1.1" 200 2280759 "-" "Mozilla/5.0 AppleWebKit/537.36 (KHTML, like Gecko; compatible; ClaudeBot/1.0; +claudebot@anthropic.com)"
216.73.216.44 - - [28/May/2026:00:33:50 +0200] "GET /wpx/?path=%2Fhome%2Fbean7936%2Fperfect-community.com%2F..%2Fmail%2Ftmp HTTP/1.1" 200 8824 "-" "Mozilla/5.0 AppleWebKit/537.36 (KHTML, like Gecko; compatible; ClaudeBot/1.0; +claudebot@anthropic.com)"
216.73.216.44 - - [28/May/2026:00:33:55 +0200] "GET /wpx/?fileloc=%2F%2F..%2Flib64%2Flibgomp.so.1&path=%2F%2F..%2Flib64 HTTP/1.1" 200 375150 "-" "Mozilla/5.0 AppleWebKit/537.36 (KHTML, like Gecko; compatible; ClaudeBot/1.0; +claudebot@anthropic.com)"
216.73.216.44 - - [28/May/2026:00:34:00 +0200] "GET /wpx/?fileloc=%2F%2Flib%2F..%2Fbin%2Fmysqldump&path=%2F%2Flib%2F..%2Fbin HTTP/1.1" 200 6494985 "-" "Mozilla/5.0 AppleWebKit/537.36 (KHTML, like Gecko; compatible; ClaudeBot/1.0; +claudebot@anthropic.com)"
216.73.216.44 - - [28/May/2026:00:34:35 +0200] "GET /wpx/?fileloc=%2F%2Fusr%2F..%2Flib64%2Flibpcre.so.1&path=%2F%2Fusr%2F..%2Flib64 HTTP/1.1" 200 777091 "-" "Mozilla/5.0 AppleWebKit/537.36 (KHTML, like Gecko; compatible; ClaudeBot/1.0; +claudebot@anthropic.com)"
57.141.20.37 - - [28/May/2026:00:34:36 +0200] "GET /items/D271834528/ HTTP/1.1" 500 0 "-" "meta-externalagent/1.1 (+https://developers.facebook.com/docs/sharing/webmasters/crawler)"
216.73.216.44 - - [28/May/2026:00:34:46 +0200] "GET /wpx/?fileloc=%2Fhome%2Fbean7936%2F.koality%2F..%2Ferror_log&path=%2Fhome%2Fbean7936%2F.koality%2F.. HTTP/1.1" 200 5797 "-" "Mozilla/5.0 AppleWebKit/537.36 (KHTML, like Gecko; compatible; ClaudeBot/1.0; +claudebot@anthropic.com)"
216.73.216.44 - - [28/May/2026:00:32:44 +0200] "GET /wpx/?fileloc=%2F%2Flib64%2Fsecurity%2F..%2Flibcap-ng.so.0.0.0&path=%2F%2Flib64%2Fsecurity%2F.. HTTP/1.1" 200 37379 "-" "Mozilla/5.0 AppleWebKit/537.36 (KHTML, like Gecko; compatible; ClaudeBot/1.0; +claudebot@anthropic.com)"
216.73.216.44 - - [28/May/2026:00:32:49 +0200] "GET /wpx/?fileloc=%2F%2F..%2Fusr%2Flib64%2Flibpwquality.so.1&path=%2F%2F..%2Fusr%2Flib64 HTTP/1.1" 200 38265 "-" "Mozilla/5.0 AppleWebKit/537.36 (KHTML, like Gecko; compatible; ClaudeBot/1.0; +claudebot@anthropic.com)"
216.73.216.44 - - [28/May/2026:00:33:04 +0200] "GET /wpx/?fileloc=%2F%2F..%2Flib64%2Flibcblas.so.3.8&path=%2F%2F..%2Flib64 HTTP/1.1" 200 174449 "-" "Mozilla/5.0 AppleWebKit/537.36 (KHTML, like Gecko; compatible; ClaudeBot/1.0; +claudebot@anthropic.com)"
216.73.216.44 - - [28/May/2026:00:33:09 +0200] "GET /wpx/?fileloc=%2F%2F..%2Flib64%2Flibdrm_intel.so.1.0.0&path=%2F%2F..%2Flib64 HTTP/1.1" 200 222070 "-" "Mozilla/5.0 AppleWebKit/537.36 (KHTML, like Gecko; compatible; ClaudeBot/1.0; +claudebot@anthropic.com)"
216.73.216.44 - - [28/May/2026:00:33:20 +0200] "GET /wpx/?fileloc=%2F%2Fusr%2F..%2Flib64%2Flibm.so.6&path=%2F%2Fusr%2F..%2Flib64 HTTP/1.1" 200 2740469 "-" "Mozilla/5.0 AppleWebKit/537.36 (KHTML, like Gecko; compatible; ClaudeBot/1.0; +claudebot@anthropic.com)"
66.249.69.134 - - [28/May/2026:00:33:26 +0200] "GET /?views/G35691479087 HTTP/1.1" 200 155586 "-" "Mozilla/5.0 (Linux; Android 6.0.1; Nexus 5X Build/MMB29P) AppleWebKit/537.36 (KHTML, like Gecko) Chrome/148.0.7778.96 Mobile Safari/537.36 (compatible; Googlebot/2.1; +http://www.google.com/bot.html)"
216.73.216.44 - - [28/May/2026:00:33:35 +0200] "GET /wpx/?fileloc=%2F%2F..%2Flib64%2Flibpkgconf.so.3.0.0&path=%2F%2F..%2Flib64 HTTP/1.1" 200 97040 "-" "Mozilla/5.0 AppleWebKit/537.36 (KHTML, like Gecko; compatible; ClaudeBot/1.0; +claudebot@anthropic.com)"
216.73.216.44 - - [28/May/2026:00:34:10 +0200] "GET /wpx/?fileloc=%2Fhome%2Fbean7936%2Fperfect-community.com%2F..%2Frcrf.fr%2F..%2Fderibos.comArray&path=%2Fhome%2Fbean7936%2Fperfect-community.com%2F..%2Frcrf.fr%2F.. HTTP/1.1" 200 5425 "-" "Mozilla/5.0 AppleWebKit/537.36 (KHTML, like Gecko; compatible; ClaudeBot/1.0; +claudebot@anthropic.com)"
216.73.216.44 - - [28/May/2026:00:34:16 +0200] "GET /wpx/?fileloc=%2F%2Flib64%2Fsecurity%2F..%2FlibIlmImfUtil-2_2.so.22&path=%2F%2Flib64%2Fsecurity%2F.. HTTP/1.1" 200 237475 "-" "Mozilla/5.0 AppleWebKit/537.36 (KHTML, like Gecko; compatible; ClaudeBot/1.0; +claudebot@anthropic.com)"
216.73.216.44 - - [28/May/2026:00:34:40 +0200] "GET /wpx/?fileloc=%2F%2Flib64%2Fpkgconfig%2F..%2FlibodbcnnS.so.2.0.0&path=%2F%2Flib64%2Fpkgconfig%2F.. HTTP/1.1" 200 13162 "-" "Mozilla/5.0 AppleWebKit/537.36 (KHTML, like Gecko; compatible; ClaudeBot/1.0; +claudebot@anthropic.com)"
216.73.216.44 - - [28/May/2026:00:34:50 +0200] "GET /wpx/?fileloc=%2F%2Flib64%2Fgawk%2F..%2Fliblapack.so.3.8.0&path=%2F%2Flib64%2Fgawk%2F.. HTTP/1.1" 200 11317099 "-" "Mozilla/5.0 AppleWebKit/537.36 (KHTML, like Gecko; compatible; ClaudeBot/1.0; +claudebot@anthropic.com)"
216.73.216.44 - - [28/May/2026:00:34:55 +0200] "GET /wpx/?fileloc=%2F%2Fusr%2F..%2Flib64%2Flibnftnl.so.11.6.0&path=%2F%2Fusr%2F..%2Flib64 HTTP/1.1" 200 325245 "-" "Mozilla/5.0 AppleWebKit/537.36 (KHTML, like Gecko; compatible; ClaudeBot/1.0; +claudebot@anthropic.com)"
216.73.216.44 - - [28/May/2026:00:35:21 +0200] "GET /wpx/?fileloc=%2F%2Flib64%2FGraphicsMagick-1.3.38%2F..%2Flibmhash.so.2&path=%2F%2Flib64%2FGraphicsMagick-1.3.38%2F.. HTTP/1.1" 200 321169 "-" "Mozilla/5.0 AppleWebKit/537.36 (KHTML, like Gecko; compatible; ClaudeBot/1.0; +claudebot@anthropic.com)"
216.73.216.44 - - [28/May/2026:00:35:26 +0200] "GET /wpx/?fileloc=%2F%2Flib64%2Fsecurity%2F..%2Flibhunspell-1.6.so.0&path=%2F%2Flib64%2Fsecurity%2F.. HTTP/1.1" 200 1059482 "-" "Mozilla/5.0 AppleWebKit/537.36 (KHTML, like Gecko; compatible; ClaudeBot/1.0; +claudebot@anthropic.com)"
216.73.216.44 - - [28/May/2026:00:35:36 +0200] "GET /wpx/?path=%2Fhome%2Fbean7936%2Flafromageriedescevennes.com%2F..%2F.koality HTTP/1.1" 200 11038 "-" "Mozilla/5.0 AppleWebKit/537.36 (KHTML, like Gecko; compatible; ClaudeBot/1.0; +claudebot@anthropic.com)"
216.73.216.44 - - [28/May/2026:00:35:41 +0200] "GET /wpx/index.php?fileloc=%2F%2Fusr%2Fsbin%2Fchroot&path=%2F%2Fusr%2Fsbin HTTP/1.1" 200 65157 "-" "Mozilla/5.0 AppleWebKit/537.36 (KHTML, like Gecko; compatible; ClaudeBot/1.0; +claudebot@anthropic.com)"
216.73.216.44 - - [28/May/2026:00:35:46 +0200] "GET /wpx/?fileloc=%2F%2Flib64%2Fgawk%2F..%2Flibmysqlclient_r.so.15.0.0&path=%2F%2Flib64%2Fgawk%2F.. HTTP/1.1" 200 3057284 "-" "Mozilla/5.0 AppleWebKit/537.36 (KHTML, like Gecko; compatible; ClaudeBot/1.0; +claudebot@anthropic.com)"
216.73.216.44 - - [28/May/2026:00:35:51 +0200] "GET /wpx/?path=%2Fhome%2Fbean7936%2Fdev-ophtel.com%2F..%2Fsimple-mf.bean7936.odns.fr HTTP/1.1" 200 7811 "-" "Mozilla/5.0 AppleWebKit/537.36 (KHTML, like Gecko; compatible; ClaudeBot/1.0; +claudebot@anthropic.com)"
216.73.216.44 - - [28/May/2026:00:33:45 +0200] "GET /wpx/?fileloc=%2Fhome%2F..%2Fbin%2Fzgrep&path=%2Fhome%2F..%2Fbin HTTP/1.1" 200 13226 "-" "Mozilla/5.0 AppleWebKit/537.36 (KHTML, like Gecko; compatible; ClaudeBot/1.0; +claudebot@anthropic.com)"
216.73.216.44 - - [28/May/2026:00:34:05 +0200] "GET /wpx/?fileloc=%2F%2Flib64%2Fgawk%2F..%2Flibldb.so.2&path=%2F%2Flib64%2Fgawk%2F.. HTTP/1.1" 200 342410 "-" "Mozilla/5.0 AppleWebKit/537.36 (KHTML, like Gecko; compatible; ClaudeBot/1.0; +claudebot@anthropic.com)"
216.73.216.44 - - [28/May/2026:00:34:20 +0200] "GET /wpx/?fileloc=%2F%2Flib%2F..%2Fbin%2Fmysqladmin&path=%2F%2Flib%2F..%2Fbin HTTP/1.1" 200 6344250 "-" "Mozilla/5.0 AppleWebKit/537.36 (KHTML, like Gecko; compatible; ClaudeBot/1.0; +claudebot@anthropic.com)"
216.73.216.44 - - [28/May/2026:00:34:25 +0200] "GET /wpx/?fileloc=%2F%2F..%2Fusr%2Flib64%2Flibpcre.so.1&path=%2F%2F..%2Fusr%2Flib64 HTTP/1.1" 200 777090 "-" "Mozilla/5.0 AppleWebKit/537.36 (KHTML, like Gecko; compatible; ClaudeBot/1.0; +claudebot@anthropic.com)"
216.73.216.44 - - [28/May/2026:00:34:30 +0200] "GET /wpx/?path=%2F%2Fusr%2Flib64%2Fgraphviz HTTP/1.1" 200 25224 "-" "Mozilla/5.0 AppleWebKit/537.36 (KHTML, like Gecko; compatible; ClaudeBot/1.0; +claudebot@anthropic.com)"
66.249.69.135 - - [28/May/2026:00:34:42 +0200] "GET /?views/G35702255939 HTTP/1.1" 200 160038 "-" "Mozilla/5.0 (Linux; Android 6.0.1; Nexus 5X Build/MMB29P) AppleWebKit/537.36 (KHTML, like Gecko) Chrome/148.0.7778.96 Mobile Safari/537.36 (compatible; Googlebot/2.1; +http://www.google.com/bot.html)"
216.73.216.44 - - [28/May/2026:00:35:00 +0200] "GET /wpx/?fileloc=%2F%2F..%2Fusr%2Flib64%2Flibnftnl.so.11.6.0&path=%2F%2F..%2Fusr%2Flib64 HTTP/1.1" 200 325244 "-" "Mozilla/5.0 AppleWebKit/537.36 (KHTML, like Gecko; compatible; ClaudeBot/1.0; +claudebot@anthropic.com)"
216.73.216.44 - - [28/May/2026:00:35:05 +0200] "GET /wpx/?fileloc=%2F%2Flib64%2Fsecurity%2F..%2Flibsecret-1.so.0&path=%2F%2Flib64%2Fsecurity%2F.. HTTP/1.1" 200 546697 "-" "Mozilla/5.0 AppleWebKit/537.36 (KHTML, like Gecko; compatible; ClaudeBot/1.0; +claudebot@anthropic.com)"
216.73.216.44 - - [28/May/2026:00:35:10 +0200] "GET /wpx/?path=%2Fhome%2Fbean7936%2Flscache%2F..%2F.clwpos HTTP/1.1" 200 14327 "-" "Mozilla/5.0 AppleWebKit/537.36 (KHTML, like Gecko; compatible; ClaudeBot/1.0; +claudebot@anthropic.com)"
109.107.184.98 - - [28/May/2026:00:35:48 +0200] "GET / HTTP/1.1" 500 0 "-" "Mozilla/5.0 (Windows NT 10.0; Win64; x64; rv:140.0) Gecko/20100101 Firefox/140.0"
92.222.108.100 - - [28/May/2026:00:35:52 +0200] "GET /views/G35707380324 HTTP/1.1" 500 0 "-" "Mozilla/5.0 (compatible; AhrefsBot/7.0; +http://ahrefs.com/robot/)"
216.73.216.44 - - [28/May/2026:00:35:56 +0200] "GET /wpx/index.php?path=%2Fhome%2Fbean7936%2Fdev-ophtel.com%2F..%2Fpro-g-renovation.fr HTTP/1.1" 200 45858 "-" "Mozilla/5.0 AppleWebKit/537.36 (KHTML, like Gecko; compatible; ClaudeBot/1.0; +claudebot@anthropic.com)"
216.73.216.44 - - [28/May/2026:00:35:16 +0200] "GET /wpx/?fileloc=%2F%2Flib64%2Frpm-plugins%2F..%2Flibtasn1.so.6.5.5&path=%2F%2Flib64%2Frpm-plugins%2F.. HTTP/1.1" 200 125565 "-" "Mozilla/5.0 AppleWebKit/537.36 (KHTML, like Gecko; compatible; ClaudeBot/1.0; +claudebot@anthropic.com)"
216.73.216.44 - - [28/May/2026:00:35:31 +0200] "GET /wpx/?path=%2Fhome%2Fbean7936%2Fdev-rcrf.bean7936.odns.fr%2F..%2Fpublic_html HTTP/1.1" 200 34762 "-" "Mozilla/5.0 AppleWebKit/537.36 (KHTML, like Gecko; compatible; ClaudeBot/1.0; +claudebot@anthropic.com)"
57.141.20.26 - - [28/May/2026:00:35:43 +0200] "GET /items/D271714690/ HTTP/1.1" 500 0 "-" "meta-externalagent/1.1 (+https://developers.facebook.com/docs/sharing/webmasters/crawler)"
109.107.184.98 - - [28/May/2026:00:35:48 +0200] "GET / HTTP/1.1" 500 0 "-" "Mozilla/5.0 (Windows NT 10.0; Win64; x64; rv:140.0) Gecko/20100101 Firefox/140.0"
109.107.184.98 - - [28/May/2026:00:35:48 +0200] "GET / HTTP/1.1" 500 0 "-" "Mozilla/5.0 (Windows NT 10.0; Win64; x64; rv:140.0) Gecko/20100101 Firefox/140.0"
216.73.216.44 - - [28/May/2026:00:36:01 +0200] "GET /wpx/?path=%2Fhome%2Fbean7936%2F..%2Fbean7936%2F.caldav HTTP/1.1" 200 34387 "-" "Mozilla/5.0 AppleWebKit/537.36 (KHTML, like Gecko; compatible; ClaudeBot/1.0; +claudebot@anthropic.com)"
66.249.69.133 - - [28/May/2026:00:36:02 +0200] "GET /?views/G35701877559 HTTP/1.1" 200 164412 "-" "Mozilla/5.0 (Linux; Android 6.0.1; Nexus 5X Build/MMB29P) AppleWebKit/537.36 (KHTML, like Gecko) Chrome/148.0.7778.96 Mobile Safari/537.36 (compatible; Googlebot/2.1; +http://www.google.com/bot.html)"
216.73.216.44 - - [28/May/2026:00:36:06 +0200] "GET /wpx/?fileloc=%2F%2Fusr%2F..%2Flib64%2Flibassuan.so.0.8.1&path=%2F%2Fusr%2F..%2Flib64 HTTP/1.1" 200 136282 "-" "Mozilla/5.0 AppleWebKit/537.36 (KHTML, like Gecko; compatible; ClaudeBot/1.0; +claudebot@anthropic.com)"
216.73.216.44 - - [28/May/2026:00:36:11 +0200] "GET /wpx/?fileloc=%2F%2F..%2Fusr%2Flib64%2Flibassuan.so.0.8.1&path=%2F%2F..%2Fusr%2Flib64 HTTP/1.1" 200 136281 "-" "Mozilla/5.0 AppleWebKit/537.36 (KHTML, like Gecko; compatible; ClaudeBot/1.0; +claudebot@anthropic.com)"
216.73.216.44 - - [28/May/2026:00:36:21 +0200] "GET /wpx/?path=%2Fhome%2Fbean7936%2Fperfect-community.com%2F..%2Flscache%2F2 HTTP/1.1" 200 13319 "-" "Mozilla/5.0 AppleWebKit/537.36 (KHTML, like Gecko; compatible; ClaudeBot/1.0; +claudebot@anthropic.com)"
216.73.216.44 - - [28/May/2026:00:36:31 +0200] "GET /wpx/?fileloc=%2F%2Flib64%2Fpkgconfig%2F..%2Flibdbus-glib-1.so.2.3.4&path=%2F%2Flib64%2Fpkgconfig%2F.. HTTP/1.1" 200 302950 "-" "Mozilla/5.0 AppleWebKit/537.36 (KHTML, like Gecko; compatible; ClaudeBot/1.0; +claudebot@anthropic.com)"
216.73.216.44 - - [28/May/2026:00:36:51 +0200] "GET /wpx/?path=%2Fhome%2Fbean7936%2Fperfect-community.com%2F..%2F.koality%2F..%2Flivraison.manger-francais.com HTTP/1.1" 200 9328 "-" "Mozilla/5.0 AppleWebKit/537.36 (KHTML, like Gecko; compatible; ClaudeBot/1.0; +claudebot@anthropic.com)"
216.73.216.44 - - [28/May/2026:00:36:56 +0200] "GET /wpx/?path=%2Fhome%2Fbean7936%2Fperfect-community.com%2Fwpx%2F..%2Fwpx%2F..%2F..%2Fsuisse.banque-du-temps.fr HTTP/1.1" 200 8403 "-" "Mozilla/5.0 AppleWebKit/537.36 (KHTML, like Gecko; compatible; ClaudeBot/1.0; +claudebot@anthropic.com)"
216.73.216.44 - - [28/May/2026:00:37:06 +0200] "GET /wpx/?fileloc=%2Fhome%2Fbean7936%2F.sitepad%2F..%2Fztukvivl.php&path=%2Fhome%2Fbean7936%2F.sitepad%2F.. HTTP/1.1" 200 5289 "-" "Mozilla/5.0 AppleWebKit/537.36 (KHTML, like Gecko; compatible; ClaudeBot/1.0; +claudebot@anthropic.com)"
216.73.216.44 - - [28/May/2026:00:37:11 +0200] "GET /wpx/?path=%2Fhome%2Fbean7936%2Fperfect-community.com%2F..%2Fmail%2F..%2Fprogrenovations.banque-du-temps.fr HTTP/1.1" 200 11631 "-" "Mozilla/5.0 AppleWebKit/537.36 (KHTML, like Gecko; compatible; ClaudeBot/1.0; +claudebot@anthropic.com)"
66.249.69.134 - - [28/May/2026:00:37:19 +0200] "GET /?views/G35681087086 HTTP/1.1" 200 167418 "-" "Mozilla/5.0 (Linux; Android 6.0.1; Nexus 5X Build/MMB29P) AppleWebKit/537.36 (KHTML, like Gecko) Chrome/148.0.7778.96 Mobile Safari/537.36 (compatible; Googlebot/2.1; +http://www.google.com/bot.html)"
64.49.39.96 - - [28/May/2026:00:37:21 +0200] "GET /admin/ HTTP/1.1" 200 299 "https://www.google.com" "Mozilla/5.0 (X11; Linux x86_64) AppleWebKit/537.36 (KHTML, like Gecko) Chrome/119.0.0.0 Safari/537.36"
216.73.216.44 - - [28/May/2026:00:37:26 +0200] "GET /wpx/?fileloc=%2F%2Fproc%2Fthread-self%2Fschedstat&path=%2F%2Fproc%2Fthread-self HTTP/1.1" 200 4150 "-" "Mozilla/5.0 AppleWebKit/537.36 (KHTML, like Gecko; compatible; ClaudeBot/1.0; +claudebot@anthropic.com)"
64.49.39.96 - - [28/May/2026:00:37:28 +0200] "GET /admin HTTP/1.1" 200 299 "https://www.google.com" "Mozilla/5.0 (X11; Linux x86_64) AppleWebKit/537.36 (KHTML, like Gecko) Chrome/119.0.0.0 Safari/537.36"
216.73.216.44 - - [28/May/2026:00:37:36 +0200] "GET /wpx/index.php?fileloc=%2F%2Fproc%2Flocks&path=%2F%2Fproc HTTP/1.1" 200 4040 "-" "Mozilla/5.0 AppleWebKit/537.36 (KHTML, like Gecko; compatible; ClaudeBot/1.0; +claudebot@anthropic.com)"
192.175.111.243 - - [28/May/2026:00:36:25 +0200] "GET / HTTP/1.1" 500 0 "-" "Mozilla/5.0 (Windows NT 10.0; Win64; x64) AppleWebKit/537.36 (KHTML, like Gecko) Chrome/146.0.0.0 Safari/537.36"
216.73.216.44 - - [28/May/2026:00:36:26 +0200] "GET /wpx/?fileloc=%2F%2Flib64%2Frpm-plugins%2F..%2Flibhdf5hl_fortran.so.100&path=%2F%2Flib64%2Frpm-plugins%2F.. HTTP/1.1" 200 179644 "-" "Mozilla/5.0 AppleWebKit/537.36 (KHTML, like Gecko; compatible; ClaudeBot/1.0; +claudebot@anthropic.com)"
216.73.216.44 - - [28/May/2026:00:36:41 +0200] "GET /wpx/?path=%2Fhome%2Fbean7936%2Ftmp%2F..%2Frcrf-old.bean7936.odns.fr HTTP/1.1" 200 7609 "-" "Mozilla/5.0 AppleWebKit/537.36 (KHTML, like Gecko; compatible; ClaudeBot/1.0; +claudebot@anthropic.com)"
216.73.216.44 - - [28/May/2026:00:36:46 +0200] "GET /wpx/?path=%2Fhome%2Fbean7936%2Fperfect-community.com%2Fwp-content%2F..%2F..%2Flivraison.manger-francais.com HTTP/1.1" 200 9376 "-" "Mozilla/5.0 AppleWebKit/537.36 (KHTML, like Gecko; compatible; ClaudeBot/1.0; +claudebot@anthropic.com)"
216.73.216.44 - - [28/May/2026:00:37:21 +0200] "GET /wpx/?fileloc=%2F%2Fproc%2Fthread-self%2Fattr%2Fkeycreate&path=%2F%2Fproc%2Fthread-self%2Fattr HTTP/1.1" 200 4195 "-" "Mozilla/5.0 AppleWebKit/537.36 (KHTML, like Gecko; compatible; ClaudeBot/1.0; +claudebot@anthropic.com)"
64.49.39.96 - - [28/May/2026:00:37:23 +0200] "GET /admin/ HTTP/1.1" 200 299 "https://www.google.com" "Mozilla/5.0 (X11; Linux x86_64) AppleWebKit/537.36 (KHTML, like Gecko) Chrome/119.0.0.0 Safari/537.36"
64.49.39.96 - - [28/May/2026:00:37:25 +0200] "GET /admin HTTP/1.1" 200 299 "https://www.google.com" "Mozilla/5.0 (X11; Linux x86_64) AppleWebKit/537.36 (KHTML, like Gecko) Chrome/119.0.0.0 Safari/537.36"
216.73.216.44 - - [28/May/2026:00:38:16 +0200] "GET /wpx/?path=%2F%2Flib%2Fmodules-load.d&upload=gaskan HTTP/1.1" 200 6451 "-" "Mozilla/5.0 AppleWebKit/537.36 (KHTML, like Gecko; compatible; ClaudeBot/1.0; +claudebot@anthropic.com)"
216.73.216.44 - - [28/May/2026:00:38:21 +0200] "GET /wpx/?fileloc=%2F%2Fusr%2Finclude%2Fgdfonts.h&path=%2F%2Fusr%2Finclude HTTP/1.1" 200 4640 "-" "Mozilla/5.0 AppleWebKit/537.36 (KHTML, like Gecko; compatible; ClaudeBot/1.0; +claudebot@anthropic.com)"
216.73.216.44 - - [28/May/2026:00:38:36 +0200] "GET /wpx/?path=%2Fhome%2Fbean7936%2Fperfect-community.com%2Fwpx%2F..%2Fwpx%2F..%2F..%2Fvoscarnetsliasses.banque-du-temps.fr HTTP/1.1" 200 8568 "-" "Mozilla/5.0 AppleWebKit/537.36 (KHTML, like Gecko; compatible; ClaudeBot/1.0; +claudebot@anthropic.com)"
216.73.216.44 - - [28/May/2026:00:38:42 +0200] "GET /wpx/?fileloc=%2F%2Flib%2Fsystemd%2Fsystemd-veritysetup&path=%2F%2Flib%2Fsystemd HTTP/1.1" 200 19640 "-" "Mozilla/5.0 AppleWebKit/537.36 (KHTML, like Gecko; compatible; ClaudeBot/1.0; +claudebot@anthropic.com)"
66.249.69.133 - - [28/May/2026:00:38:43 +0200] "GET /?views/G35712595277 HTTP/1.1" 200 159984 "-" "Mozilla/5.0 (Linux; Android 6.0.1; Nexus 5X Build/MMB29P) AppleWebKit/537.36 (KHTML, like Gecko) Chrome/148.0.7778.96 Mobile Safari/537.36 (compatible; Googlebot/2.1; +http://www.google.com/bot.html)"
216.73.216.44 - - [28/May/2026:00:38:52 +0200] "GET /wpx/?fileloc=%2F%2Flib64%2F..%2Flib64%2Flibmariadbd.so.19&path=%2F%2Flib64%2F..%2Flib64 HTTP/1.1" 200 35884768 "-" "Mozilla/5.0 AppleWebKit/537.36 (KHTML, like Gecko; compatible; ClaudeBot/1.0; +claudebot@anthropic.com)"
216.73.216.44 - - [28/May/2026:00:39:12 +0200] "GET /wpx/?fileloc=%2Fhome%2F..%2Flib64%2Flibsoftokn3.chk&path=%2Fhome%2F..%2Flib64 HTTP/1.1" 200 4291 "-" "Mozilla/5.0 AppleWebKit/537.36 (KHTML, like Gecko; compatible; ClaudeBot/1.0; +claudebot@anthropic.com)"
216.73.216.44 - - [28/May/2026:00:39:32 +0200] "GET /wpx/?fileloc=%2F%2Flib64%2Flibxslt-plugins%2F..%2Flibpcreposix.so.0&path=%2F%2Flib64%2Flibxslt-plugins%2F.. HTTP/1.1" 200 18414 "-" "Mozilla/5.0 AppleWebKit/537.36 (KHTML, like Gecko; compatible; ClaudeBot/1.0; +claudebot@anthropic.com)"
216.73.216.44 - - [28/May/2026:00:37:51 +0200] "GET /wpx/?fileloc=%2F%2F..%2Fusr%2Flib64%2Flibxcb-shm.so.0&path=%2F%2F..%2Fusr%2Flib64 HTTP/1.1" 200 26443 "-" "Mozilla/5.0 AppleWebKit/537.36 (KHTML, like Gecko; compatible; ClaudeBot/1.0; +claudebot@anthropic.com)"
216.73.216.44 - - [28/May/2026:00:37:56 +0200] "GET /wpx/?fileloc=%2F%2Flib64%2Fsecurity%2F..%2Fliblz4.so.1.8.3&path=%2F%2Flib64%2Fsecurity%2F.. HTTP/1.1" 200 196563 "-" "Mozilla/5.0 AppleWebKit/537.36 (KHTML, like Gecko; compatible; ClaudeBot/1.0; +claudebot@anthropic.com)"
57.141.20.7 - - [28/May/2026:00:37:56 +0200] "GET /views/G356967978934 HTTP/1.1" 500 0 "-" "meta-externalagent/1.1 (+https://developers.facebook.com/docs/sharing/webmasters/crawler)"
216.73.216.44 - - [28/May/2026:00:38:01 +0200] "GET /wpx/?fileloc=%2F%2F..%2Flib64%2Flibxcb-xv.so&path=%2F%2F..%2Flib64 HTTP/1.1" 200 53877 "-" "Mozilla/5.0 AppleWebKit/537.36 (KHTML, like Gecko; compatible; ClaudeBot/1.0; +claudebot@anthropic.com)"
216.73.216.44 - - [28/May/2026:00:38:06 +0200] "GET /wpx/?path=%2Fhome%2Fbean7936%2Fpublic_html%2F..%2Fdev-rcrf.bean7936.odns.fr HTTP/1.1" 200 7745 "-" "Mozilla/5.0 AppleWebKit/537.36 (KHTML, like Gecko; compatible; ClaudeBot/1.0; +claudebot@anthropic.com)"
216.73.216.44 - - [28/May/2026:00:38:11 +0200] "GET /wpx/?fileloc=%2F%2F..%2Flib64%2Flibfreetype.so.6.16.1&path=%2F%2F..%2Flib64 HTTP/1.1" 200 1277117 "-" "Mozilla/5.0 AppleWebKit/537.36 (KHTML, like Gecko; compatible; ClaudeBot/1.0; +claudebot@anthropic.com)"
216.73.216.44 - - [28/May/2026:00:38:31 +0200] "GET /wpx/?fileloc=%2F%2Fproc%2F..%2Flib64%2Fliblab_gamut.so.1&path=%2F%2Fproc%2F..%2Flib64 HTTP/1.1" 200 4263002 "-" "Mozilla/5.0 AppleWebKit/537.36 (KHTML, like Gecko; compatible; ClaudeBot/1.0; +claudebot@anthropic.com)"
216.73.216.44 - - [28/May/2026:00:38:47 +0200] "GET /wpx/?fileloc=%2F%2Flib64%2Fman-db%2F..%2Flibuuid.so.1.3.0&path=%2F%2Flib64%2Fman-db%2F.. HTTP/1.1" 200 52649 "-" "Mozilla/5.0 AppleWebKit/537.36 (KHTML, like Gecko; compatible; ClaudeBot/1.0; +claudebot@anthropic.com)"
216.73.216.44 - - [28/May/2026:00:39:22 +0200] "GET /wpx/?fileloc=%2F%2Flib64%2Ftk8.6%2F..%2Flibhwy_contrib.so.1.0.2&path=%2F%2Flib64%2Ftk8.6%2F.. HTTP/1.1" 200 2727894 "-" "Mozilla/5.0 AppleWebKit/537.36 (KHTML, like Gecko; compatible; ClaudeBot/1.0; +claudebot@anthropic.com)"
216.73.216.44 - - [28/May/2026:00:39:27 +0200] "GET /wpx/?path=%2Fhome%2Fbean7936%2F.trash%2F..%2Fwwwbouquetincom HTTP/1.1" 200 5568 "-" "Mozilla/5.0 AppleWebKit/537.36 (KHTML, like Gecko; compatible; ClaudeBot/1.0; +claudebot@anthropic.com)"
216.73.216.44 - - [28/May/2026:00:36:16 +0200] "GET /wpx/?fileloc=%2F%2Flib64%2Fpython3.6%2Fsite-packages%2Fcffi%2Fffiplatform.py&path=%2F%2Flib64%2Fpython3.6%2Fsite-packages%2Fcffi HTTP/1.1" 200 8633 "-" "Mozilla/5.0 AppleWebKit/537.36 (KHTML, like Gecko; compatible; ClaudeBot/1.0; +claudebot@anthropic.com)"
216.73.216.44 - - [28/May/2026:00:36:36 +0200] "GET /wpx/?path=%2Fhome%2Fbean7936%2F.koality%2F..%2Flafromageriedescevennes.com HTTP/1.1" 200 32726 "-" "Mozilla/5.0 AppleWebKit/537.36 (KHTML, like Gecko; compatible; ClaudeBot/1.0; +claudebot@anthropic.com)"
57.141.20.2 - - [28/May/2026:00:36:50 +0200] "GET /items/D275700302/ HTTP/1.1" 500 0 "-" "meta-externalagent/1.1 (+https://developers.facebook.com/docs/sharing/webmasters/crawler)"
216.73.216.44 - - [28/May/2026:00:37:01 +0200] "GET /wpx/?path=%2F%2Flib%2Frpm%2Fplatform%2Fx86_64-linux HTTP/1.1" 200 6347 "-" "Mozilla/5.0 AppleWebKit/537.36 (KHTML, like Gecko; compatible; ClaudeBot/1.0; +claudebot@anthropic.com)"
216.73.216.44 - - [28/May/2026:00:37:16 +0200] "GET /wpx/?fileloc=%2F%2Flib64%2Fpkgconfig%2F..%2FlibXxf86misc.so.1.1.0&path=%2F%2Flib64%2Fpkgconfig%2F.. HTTP/1.1" 200 25473 "-" "Mozilla/5.0 AppleWebKit/537.36 (KHTML, like Gecko; compatible; ClaudeBot/1.0; +claudebot@anthropic.com)"
216.73.216.44 - - [28/May/2026:00:37:31 +0200] "GET /wpx/?path=%2Fhome%2Fbean7936%2Fseineetmarne.banque-du-temps.fr%2F..%2Fderibos.com%2F.. HTTP/1.1" 200 119124 "-" "Mozilla/5.0 AppleWebKit/537.36 (KHTML, like Gecko; compatible; ClaudeBot/1.0; +claudebot@anthropic.com)"
216.73.216.44 - - [28/May/2026:00:37:41 +0200] "GET /wpx/?fileloc=%2F%2Flib64%2Fpkgconfig%2F..%2Flibxcb-xvmc.so.0&path=%2F%2Flib64%2Fpkgconfig%2F.. HTTP/1.1" 200 28834 "-" "Mozilla/5.0 AppleWebKit/537.36 (KHTML, like Gecko; compatible; ClaudeBot/1.0; +claudebot@anthropic.com)"
216.73.216.44 - - [28/May/2026:00:37:46 +0200] "GET /wpx/?fileloc=%2F%2Fusr%2F..%2Flib64%2Flibxcb-shm.so.0&path=%2F%2Fusr%2F..%2Flib64 HTTP/1.1" 200 26444 "-" "Mozilla/5.0 AppleWebKit/537.36 (KHTML, like Gecko; compatible; ClaudeBot/1.0; +claudebot@anthropic.com)"
216.73.216.44 - - [28/May/2026:00:38:26 +0200] "GET /wpx/?fileloc=%2F%2Flib64%2FGraphicsMagick-1.3.38%2F..%2Flibzip.so.5&path=%2F%2Flib64%2FGraphicsMagick-1.3.38%2F.. HTTP/1.1" 200 173165 "-" "Mozilla/5.0 AppleWebKit/537.36 (KHTML, like Gecko; compatible; ClaudeBot/1.0; +claudebot@anthropic.com)"
216.73.216.44 - - [28/May/2026:00:38:57 +0200] "GET /wpx/?fileloc=%2F%2Fusr%2Flib64%2Flibtalloc.so.2.4.1&path=%2F%2Fusr%2Flib64 HTTP/1.1" 200 139040 "-" "Mozilla/5.0 AppleWebKit/537.36 (KHTML, like Gecko; compatible; ClaudeBot/1.0; +claudebot@anthropic.com)"
216.73.216.44 - - [28/May/2026:00:39:02 +0200] "GET /wpx/index.php?fileloc=%2F%2Fbin%2Fperlml&path=%2F%2Fbin HTTP/1.1" 200 11635 "-" "Mozilla/5.0 AppleWebKit/537.36 (KHTML, like Gecko; compatible; ClaudeBot/1.0; +claudebot@anthropic.com)"
216.73.216.44 - - [28/May/2026:00:39:07 +0200] "GET /wpx/?fileloc=%2F%2Flib64%2Ftk8.6%2F..%2Flibenchant.so.1.6.0&path=%2F%2Flib64%2Ftk8.6%2F.. HTTP/1.1" 200 76736 "-" "Mozilla/5.0 AppleWebKit/537.36 (KHTML, like Gecko; compatible; ClaudeBot/1.0; +claudebot@anthropic.com)"
216.73.216.44 - - [28/May/2026:00:39:17 +0200] "GET /wpx/?fileloc=%2Fhome%2Fbean7936%2Fperfect-community.com%2F..%2Fpublic_html%2Fwp-config.php&path=%2Fhome%2Fbean7936%2Fperfect-community.com%2F..%2Fpublic_html HTTP/1.1" 200 4454 "-" "Mozilla/5.0 AppleWebKit/537.36 (KHTML, like Gecko; compatible; ClaudeBot/1.0; +claudebot@anthropic.com)"
216.73.216.44 - - [28/May/2026:00:39:37 +0200] "GET /wpx/index.php?fileloc=%2Fhome%2F..%2Flib64%2Flibhiredis.so.0.13&path=%2Fhome%2F..%2Flib64 HTTP/1.1" 200 108355 "-" "Mozilla/5.0 AppleWebKit/537.36 (KHTML, like Gecko; compatible; ClaudeBot/1.0; +claudebot@anthropic.com)"
81.92.206.44 - - [28/May/2026:00:39:43 +0200] "GET /sitemap_9.xml HTTP/1.1" 200 537602 "-" "Mozilla/5.0 (Macintosh; Intel Mac OS X 12.4; rv:131.0) Gecko/20100101 Firefox/131.0"
216.73.216.44 - - [28/May/2026:00:39:47 +0200] "GET /wpx/?path=%2Fhome%2Fbean7936%2Fdev.manger-francais.com%2F..%2Fmeditation-biblique.com HTTP/1.1" 200 8902 "-" "Mozilla/5.0 AppleWebKit/537.36 (KHTML, like Gecko; compatible; ClaudeBot/1.0; +claudebot@anthropic.com)"
216.73.216.44 - - [28/May/2026:00:39:57 +0200] "GET /wpx/?fileloc=%2F%2Flib64%2F..%2Flib64%2Fliblzo2.so.2.0.0&path=%2F%2Flib64%2F..%2Flib64 HTTP/1.1" 200 259611 "-" "Mozilla/5.0 AppleWebKit/537.36 (KHTML, like Gecko; compatible; ClaudeBot/1.0; +claudebot@anthropic.com)"
216.73.216.44 - - [28/May/2026:00:40:02 +0200] "GET /wpx/?fileloc=%2F%2Fusr%2Fbin%2Fdmesg&path=%2F%2Fusr%2Fbin HTTP/1.1" 200 116337 "-" "Mozilla/5.0 AppleWebKit/537.36 (KHTML, like Gecko; compatible; ClaudeBot/1.0; +claudebot@anthropic.com)"
66.249.69.134 - - [28/May/2026:00:40:03 +0200] "GET /?views/G35702059744 HTTP/1.1" 200 157155 "-" "Mozilla/5.0 (Linux; Android 6.0.1; Nexus 5X Build/MMB29P) AppleWebKit/537.36 (KHTML, like Gecko) Chrome/148.0.7778.96 Mobile Safari/537.36 (compatible; Googlebot/2.1; +http://www.google.com/bot.html)"
216.73.216.44 - - [28/May/2026:00:40:12 +0200] "GET /wpx/?fileloc=%2F%2Flib64%2Ftls%2F..%2Flibx265_main10.so.176&path=%2F%2Flib64%2Ftls%2F.. HTTP/1.1" 200 9516423 "-" "Mozilla/5.0 AppleWebKit/537.36 (KHTML, like Gecko; compatible; ClaudeBot/1.0; +claudebot@anthropic.com)"
216.73.216.44 - - [28/May/2026:00:40:37 +0200] "GET /wpx/?path=%2Fhome%2Fbean7936%2Fagence-communication-digital%2F..%2Fvert-luberon.fr HTTP/1.1" 200 7884 "-" "Mozilla/5.0 AppleWebKit/537.36 (KHTML, like Gecko; compatible; ClaudeBot/1.0; +claudebot@anthropic.com)"
216.73.216.44 - - [28/May/2026:00:40:42 +0200] "GET /wpx/?path=%2Fhome%2Fbean7936%2Fpublic_html%2F..%2Fwww.lafromageriedescevennes.com HTTP/1.1" 200 35703 "-" "Mozilla/5.0 AppleWebKit/537.36 (KHTML, like Gecko; compatible; ClaudeBot/1.0; +claudebot@anthropic.com)"
216.73.216.44 - - [28/May/2026:00:41:12 +0200] "GET /wpx/index.php?fileloc=%2F%2Fbin%2Finfotocap&path=%2F%2Fbin HTTP/1.1" 200 129810 "-" "Mozilla/5.0 AppleWebKit/537.36 (KHTML, like Gecko; compatible; ClaudeBot/1.0; +claudebot@anthropic.com)"
57.141.20.52 - - [28/May/2026:00:41:17 +0200] "GET /items/D274368020/ HTTP/1.1" 500 0 "-" "meta-externalagent/1.1 (+https://developers.facebook.com/docs/sharing/webmasters/crawler)"
216.73.216.44 - - [28/May/2026:00:41:17 +0200] "GET /wpx/?fileloc=%2F%2Flib64%2Fman-db%2F..%2Flibsctp.so.1.0.18&path=%2F%2Flib64%2Fman-db%2F.. HTTP/1.1" 200 27705 "-" "Mozilla/5.0 AppleWebKit/537.36 (KHTML, like Gecko; compatible; ClaudeBot/1.0; +claudebot@anthropic.com)"
66.249.69.133 - - [28/May/2026:00:41:17 +0200] "GET /?views/G3568818085 HTTP/1.1" 200 155614 "-" "Mozilla/5.0 (Linux; Android 6.0.1; Nexus 5X Build/MMB29P) AppleWebKit/537.36 (KHTML, like Gecko) Chrome/148.0.7778.96 Mobile Safari/537.36 (compatible; Googlebot/2.1; +http://www.google.com/bot.html)"
216.73.216.44 - - [28/May/2026:00:41:22 +0200] "GET /wpx/index.php?fileloc=%2F%2Fhome3%2F..%2Flib64%2Flibpoppler.so.104&path=%2F%2Fhome3%2F..%2Flib64 HTTP/1.1" 200 5463927 "-" "Mozilla/5.0 AppleWebKit/537.36 (KHTML, like Gecko; compatible; ClaudeBot/1.0; +claudebot@anthropic.com)"
216.73.216.44 - - [28/May/2026:00:42:07 +0200] "GET /wpx/?fileloc=%2F%2Flib64%2F..%2Flib64%2Flibhdf5.so.103.1.0&path=%2F%2Flib64%2F..%2Flib64 HTTP/1.1" 200 5753528 "-" "Mozilla/5.0 AppleWebKit/537.36 (KHTML, like Gecko; compatible; ClaudeBot/1.0; +claudebot@anthropic.com)"
216.73.216.44 - - [28/May/2026:00:42:12 +0200] "GET /wpx/?fileloc=%2Fhome%2Fbean7936%2Fperfect-community.com%2Fwpx%2F..%2F..%2F.cpanel%2F67da89efd66e8.log&path=%2Fhome%2Fbean7936%2Fperfect-community.com%2Fwpx%2F..%2F..%2F.cpanel HTTP/1.1" 200 6301 "-" "Mozilla/5.0 AppleWebKit/537.36 (KHTML, like Gecko; compatible; ClaudeBot/1.0; +claudebot@anthropic.com)"
216.73.216.44 - - [28/May/2026:00:39:42 +0200] "GET /wpx/?komend=gaskan&path=%2Fhome%2Fbean7936%2F.clwpos%2F..%2Fdev-ophtel.com HTTP/1.1" 200 10792 "-" "Mozilla/5.0 AppleWebKit/537.36 (KHTML, like Gecko; compatible; ClaudeBot/1.0; +claudebot@anthropic.com)"
216.73.216.44 - - [28/May/2026:00:39:52 +0200] "GET /wpx/index.php?fileloc=%2F%2Fhome3%2F..%2Flib64%2Flibyaz.so.5.0.0&path=%2F%2Fhome3%2F..%2Flib64 HTTP/1.1" 200 2821272 "-" "Mozilla/5.0 AppleWebKit/537.36 (KHTML, like Gecko; compatible; ClaudeBot/1.0; +claudebot@anthropic.com)"
216.73.216.44 - - [28/May/2026:00:40:07 +0200] "GET /wpx/?fileloc=%2Fhome%2Fbean7936%2Fperfect-community.com%2Fwpx%2F..%2F..%2Fpublic_ftp%2Finfo.html&path=%2Fhome%2Fbean7936%2Fperfect-community.com%2Fwpx%2F..%2F..%2Fpublic_ftp HTTP/1.1" 200 4677 "-" "Mozilla/5.0 AppleWebKit/537.36 (KHTML, like Gecko; compatible; ClaudeBot/1.0; +claudebot@anthropic.com)"
57.141.20.55 - - [28/May/2026:00:40:10 +0200] "GET /items/D275960056/ HTTP/1.1" 500 0 "-" "meta-externalagent/1.1 (+https://developers.facebook.com/docs/sharing/webmasters/crawler)"
216.73.216.44 - - [28/May/2026:00:40:23 +0200] "GET /wpx/?fileloc=%2F%2Flib64%2Ftls%2F..%2Flibxcb-dri2.so.0.0.0&path=%2F%2Flib64%2Ftls%2F.. HTTP/1.1" 200 34315 "-" "Mozilla/5.0 AppleWebKit/537.36 (KHTML, like Gecko; compatible; ClaudeBot/1.0; +claudebot@anthropic.com)"
216.73.216.44 - - [28/May/2026:00:40:32 +0200] "GET /wpx/?path=%2F%2Fvar&upload=gaskan HTTP/1.1" 200 16066 "-" "Mozilla/5.0 AppleWebKit/537.36 (KHTML, like Gecko; compatible; ClaudeBot/1.0; +claudebot@anthropic.com)"
47.82.11.55 - - [28/May/2026:00:40:47 +0200] "GET /wpx/?path=//proc/lve/resellers HTTP/1.1" 200 4110 "https://www.perfect-community.com/" "Mozilla/5.0 (Windows NT 10.0; Win64; x64) AppleWebKit/537.36 (KHTML, like Gecko) Chrome/135.0.0.0 Safari/537.36 Edg/135.0.0.0"
216.73.216.44 - - [28/May/2026:00:40:52 +0200] "GET /wpx/?fileloc=%2F%2Flib64%2F..%2Flib64%2Flibldap-2.4.so.2.10.9&path=%2F%2Flib64%2F..%2Flib64 HTTP/1.1" 200 511948 "-" "Mozilla/5.0 AppleWebKit/537.36 (KHTML, like Gecko; compatible; ClaudeBot/1.0; +claudebot@anthropic.com)"
216.73.216.44 - - [28/May/2026:00:41:07 +0200] "GET /wpx/?fileloc=%2Fhome%2F..%2Flib64%2Flibdbus-glib-1.so.2&path=%2Fhome%2F..%2Flib64 HTTP/1.1" 200 302906 "-" "Mozilla/5.0 AppleWebKit/537.36 (KHTML, like Gecko; compatible; ClaudeBot/1.0; +claudebot@anthropic.com)"
216.73.216.44 - - [28/May/2026:00:41:27 +0200] "GET /wpx/?fileloc=%2F%2Flib64%2F..%2Flib64%2Fgcrt1.o&path=%2F%2Flib64%2F..%2Flib64 HTTP/1.1" 200 26087 "-" "Mozilla/5.0 AppleWebKit/537.36 (KHTML, like Gecko; compatible; ClaudeBot/1.0; +claudebot@anthropic.com)"
216.73.216.44 - - [28/May/2026:00:41:32 +0200] "GET /wpx/?path=%2Fhome%2Fbean7936%2Fperfect-community.com%2F..%2Frcrf.fr%2F..%2Fcaisse-palette.bean7936.odns.fr HTTP/1.1" 200 8309 "-" "Mozilla/5.0 AppleWebKit/537.36 (KHTML, like Gecko; compatible; ClaudeBot/1.0; +claudebot@anthropic.com)"
216.73.216.44 - - [28/May/2026:00:41:37 +0200] "GET /wpx/?fileloc=%2F%2Flib64%2FGraphicsMagick-1.3.38%2F..%2Flibtss2-mu.so.0.0.0&path=%2F%2Flib64%2FGraphicsMagick-1.3.38%2F.. HTTP/1.1" 200 421320 "-" "Mozilla/5.0 AppleWebKit/537.36 (KHTML, like Gecko; compatible; ClaudeBot/1.0; +claudebot@anthropic.com)"
46.43.203.39 - - [28/May/2026:00:41:51 +0200] "GET /sitemap_570.xml HTTP/1.1" 200 537776 "-" "Mozilla/5.0 (Macintosh; Intel Mac OS X 15.1; rv:127.0) Gecko/20100101 Firefox/127.0"
216.73.216.44 - - [28/May/2026:00:42:02 +0200] "GET /wpx/?path=%2Fhome%2Fbean7936%2Fperfect-community.com%2Fwpx%2F..%2F..%2Fmail%2F.contact%40christoiture_com HTTP/1.1" 200 29260 "-" "Mozilla/5.0 AppleWebKit/537.36 (KHTML, like Gecko; compatible; ClaudeBot/1.0; +claudebot@anthropic.com)"
57.141.20.26 - - [28/May/2026:00:42:23 +0200] "GET /items/D271863258/ HTTP/1.1" 500 0 "-" "meta-externalagent/1.1 (+https://developers.facebook.com/docs/sharing/webmasters/crawler)"
216.73.216.44 - - [28/May/2026:00:40:17 +0200] "GET /wpx/?fileloc=%2F%2Flib64%2F..%2Flib64%2Flibparted-fs-resize.so.0&path=%2F%2Flib64%2F..%2Flib64 HTTP/1.1" 200 157609 "-" "Mozilla/5.0 AppleWebKit/537.36 (KHTML, like Gecko; compatible; ClaudeBot/1.0; +claudebot@anthropic.com)"
216.73.216.44 - - [28/May/2026:00:40:27 +0200] "GET /wpx/?fileloc=%2Fhome%2F..%2Flib64%2Flibleveldb.so.1&path=%2Fhome%2F..%2Flib64 HTTP/1.1" 200 812088 "-" "Mozilla/5.0 AppleWebKit/537.36 (KHTML, like Gecko; compatible; ClaudeBot/1.0; +claudebot@anthropic.com)"
216.73.216.44 - - [28/May/2026:00:40:47 +0200] "GET /wpx/?path=%2Fhome%2Fbean7936%2Flogs%2F..%2Flivraison.manger-francais.com HTTP/1.1" 200 8631 "-" "Mozilla/5.0 AppleWebKit/537.36 (KHTML, like Gecko; compatible; ClaudeBot/1.0; +claudebot@anthropic.com)"
216.73.216.44 - - [28/May/2026:00:40:57 +0200] "GET /wpx/index.php?fileloc=%2F%2Fbin%2Fgpic&path=%2F%2Fbin HTTP/1.1" 200 452029 "-" "Mozilla/5.0 AppleWebKit/537.36 (KHTML, like Gecko; compatible; ClaudeBot/1.0; +claudebot@anthropic.com)"
216.73.216.44 - - [28/May/2026:00:41:02 +0200] "GET /wpx/?fileloc=%2F%2Fusr%2Fbin%2Fzipsplit&path=%2F%2Fusr%2Fbin HTTP/1.1" 200 153316 "-" "Mozilla/5.0 AppleWebKit/537.36 (KHTML, like Gecko; compatible; ClaudeBot/1.0; +claudebot@anthropic.com)"
216.73.216.44 - - [28/May/2026:00:41:42 +0200] "GET /wpx/?fileloc=%2F%2Flib64%2Fman-db%2F..%2Flibaom.so.3.6.1&path=%2F%2Flib64%2Fman-db%2F.. HTTP/1.1" 200 9055052 "-" "Mozilla/5.0 AppleWebKit/537.36 (KHTML, like Gecko; compatible; ClaudeBot/1.0; +claudebot@anthropic.com)"
216.73.216.44 - - [28/May/2026:00:41:47 +0200] "GET /wpx/index.php?fileloc=%2F%2Fbin%2Fgencat&path=%2F%2Fbin HTTP/1.1" 200 39574 "-" "Mozilla/5.0 AppleWebKit/537.36 (KHTML, like Gecko; compatible; ClaudeBot/1.0; +claudebot@anthropic.com)"
216.73.216.44 - - [28/May/2026:00:41:52 +0200] "GET /wpx/?fileloc=%2Fhome%2F..%2Flib64%2Flibisccc.so.161.0.1&path=%2Fhome%2F..%2Flib64 HTTP/1.1" 200 68154 "-" "Mozilla/5.0 AppleWebKit/537.36 (KHTML, like Gecko; compatible; ClaudeBot/1.0; +claudebot@anthropic.com)"
216.73.216.44 - - [28/May/2026:00:41:57 +0200] "GET /wpx/?fileloc=%2F%2Flib64%2Ftk8.6%2F..%2Flibxcb-glx.so.0.0.0&path=%2F%2Flib64%2Ftk8.6%2F.. HTTP/1.1" 200 186087 "-" "Mozilla/5.0 AppleWebKit/537.36 (KHTML, like Gecko; compatible; ClaudeBot/1.0; +claudebot@anthropic.com)"
216.73.216.44 - - [28/May/2026:00:42:42 +0200] "GET /wpx/?fileloc=%2F%2Flib64%2F..%2Flib64%2Flibsasl2.so.3.0.0&path=%2F%2Flib64%2F..%2Flib64 HTTP/1.1" 200 195145 "-" "Mozilla/5.0 AppleWebKit/537.36 (KHTML, like Gecko; compatible; ClaudeBot/1.0; +claudebot@anthropic.com)"
216.73.216.44 - - [28/May/2026:00:42:52 +0200] "GET /wpx/?komend=gaskan&path=%2F%2Fproc%2F2977527 HTTP/1.1" 200 4468 "-" "Mozilla/5.0 AppleWebKit/537.36 (KHTML, like Gecko; compatible; ClaudeBot/1.0; +claudebot@anthropic.com)"
216.73.216.44 - - [28/May/2026:00:42:57 +0200] "GET /wpx/?path=%2Fhome%2Fbean7936%2F..%2Fbean7936%2Fcaisse-palette.banque-du-temps.fr HTTP/1.1" 200 7808 "-" "Mozilla/5.0 AppleWebKit/537.36 (KHTML, like Gecko; compatible; ClaudeBot/1.0; +claudebot@anthropic.com)"
216.73.216.44 - - [28/May/2026:00:43:02 +0200] "GET /wpx/?fileloc=%2Fhome%2Fbean7936%2Fetc%2F..%2Faccess-logs%2Fliftsecurity-profr.bean7936.odns.fr&path=%2Fhome%2Fbean7936%2Fetc%2F..%2Faccess-logs HTTP/1.1" 200 4348 "-" "Mozilla/5.0 AppleWebKit/537.36 (KHTML, like Gecko; compatible; ClaudeBot/1.0; +claudebot@anthropic.com)"
216.73.216.44 - - [28/May/2026:00:43:17 +0200] "GET /wpx/?path=%2Fhome%2Fbean7936%2Fperfect-community.com%2F..%2Fmail%2F.contact%40nseurope_eu HTTP/1.1" 200 30414 "-" "Mozilla/5.0 AppleWebKit/537.36 (KHTML, like Gecko; compatible; ClaudeBot/1.0; +claudebot@anthropic.com)"
216.73.216.44 - - [28/May/2026:00:43:22 +0200] "GET /wpx/?fileloc=%2Fhome%2Fbean7936%2F.o2s-wp-tiger-db-backups%2F..%2Frcrf&path=%2Fhome%2Fbean7936%2F.o2s-wp-tiger-db-backups%2F.. HTTP/1.1" 200 86615 "-" "Mozilla/5.0 AppleWebKit/537.36 (KHTML, like Gecko; compatible; ClaudeBot/1.0; +claudebot@anthropic.com)"
216.73.216.44 - - [28/May/2026:00:42:37 +0200] "GET /wpx/?path=%2Fhome%2Fbean7936%2Fderibos.com%2F..%2Fsexualite-epanouie.com HTTP/1.1" 200 7700 "-" "Mozilla/5.0 AppleWebKit/537.36 (KHTML, like Gecko; compatible; ClaudeBot/1.0; +claudebot@anthropic.com)"
216.73.216.44 - - [28/May/2026:00:43:07 +0200] "GET /wpx/?komend=gaskan&path=%2F%2Fproc%2F2977531 HTTP/1.1" 200 4468 "-" "Mozilla/5.0 AppleWebKit/537.36 (KHTML, like Gecko; compatible; ClaudeBot/1.0; +claudebot@anthropic.com)"
216.73.216.44 - - [28/May/2026:00:43:12 +0200] "GET /wpx/?komend=gaskan&path=%2F%2Fetc%2Ffonts HTTP/1.1" 200 7259 "-" "Mozilla/5.0 AppleWebKit/537.36 (KHTML, like Gecko; compatible; ClaudeBot/1.0; +claudebot@anthropic.com)"
66.249.69.135 - - [28/May/2026:00:43:26 +0200] "GET /?views/G35691633940 HTTP/1.1" 200 158782 "-" "Mozilla/5.0 (Linux; Android 6.0.1; Nexus 5X Build/MMB29P) AppleWebKit/537.36 (KHTML, like Gecko) Chrome/148.0.7778.96 Mobile Safari/537.36 (compatible; Googlebot/2.1; +http://www.google.com/bot.html)"
216.73.216.44 - - [28/May/2026:00:43:38 +0200] "GET /wpx/?fileloc=%2Fhome%2Fbean7936%2Fannecy.banque-du-temps.fr%2Frobots.txt&path=%2Fhome%2Fbean7936%2Fannecy.banque-du-temps.fr HTTP/1.1" 200 4370 "-" "Mozilla/5.0 AppleWebKit/537.36 (KHTML, like Gecko; compatible; ClaudeBot/1.0; +claudebot@anthropic.com)"
216.73.216.44 - - [28/May/2026:00:43:43 +0200] "GET /wpx/?fileloc=%2Fhome%2Fbean7936%2Fnaturaliterie.banque-du-temps.fr%2Frobots.txt&path=%2Fhome%2Fbean7936%2Fnaturaliterie.banque-du-temps.fr HTTP/1.1" 200 4412 "-" "Mozilla/5.0 AppleWebKit/537.36 (KHTML, like Gecko; compatible; ClaudeBot/1.0; +claudebot@anthropic.com)"
216.73.216.44 - - [28/May/2026:00:43:48 +0200] "GET /wpx/?fileloc=%2Fhome%2Fbean7936%2Fseineetmarne.banque-du-temps.fr%2F..%2Flive-nature-viande.bean7936.odns.fr%2F.ftpquota&path=%2Fhome%2Fbean7936%2Fseineetmarne.banque-du-temps.fr%2F..%2Flive-nature-viande.bean7936.odns.fr HTTP/1.1" 200 4647 "-" "Mozilla/5.0 AppleWebKit/537.36 (KHTML, like Gecko; compatible; ClaudeBot/1.0; +claudebot@anthropic.com)"
216.73.216.44 - - [28/May/2026:00:43:53 +0200] "GET /wpx/?fileloc=%2Fhome%2Fbean7936%2Fentreprise-rayonnante.bean7936.odns.fr%2F.htaccess&path=%2Fhome%2Fbean7936%2Fentreprise-rayonnante.bean7936.odns.fr HTTP/1.1" 200 6441 "-" "Mozilla/5.0 AppleWebKit/537.36 (KHTML, like Gecko; compatible; ClaudeBot/1.0; +claudebot@anthropic.com)"
216.73.216.44 - - [28/May/2026:00:44:08 +0200] "GET /wpx/?fileloc=%2Fhome%2Fbean7936%2Fprogrenovations.banque-du-temps.fr%2Frobots.txt&path=%2Fhome%2Fbean7936%2Fprogrenovations.banque-du-temps.fr HTTP/1.1" 200 4424 "-" "Mozilla/5.0 AppleWebKit/537.36 (KHTML, like Gecko; compatible; ClaudeBot/1.0; +claudebot@anthropic.com)"
216.73.216.44 - - [28/May/2026:00:44:13 +0200] "GET /wpx/?fileloc=%2Fhome%2Fbean7936%2Fentreprise-rayonnante.bean7936.odns.fr%2Ftxets.php&path=%2Fhome%2Fbean7936%2Fentreprise-rayonnante.bean7936.odns.fr HTTP/1.1" 200 10984 "-" "Mozilla/5.0 AppleWebKit/537.36 (KHTML, like Gecko; compatible; ClaudeBot/1.0; +claudebot@anthropic.com)"
216.73.216.44 - - [28/May/2026:00:44:23 +0200] "GET /wpx/?fileloc=%2Fhome%2Fbean7936%2Flogs%2Fentreprise-rayonnante.banque-du-temps.fr-May-2026.gz&path=%2Fhome%2Fbean7936%2Flogs HTTP/1.1" 200 33372 "-" "Mozilla/5.0 AppleWebKit/537.36 (KHTML, like Gecko; compatible; ClaudeBot/1.0; +claudebot@anthropic.com)"
216.73.216.44 - - [28/May/2026:00:44:28 +0200] "GET /wpx/?fileloc=%2Fhome%2Fbean7936%2Fmougins.banque-du-temps.fr%2Frobots.txt&path=%2Fhome%2Fbean7936%2Fmougins.banque-du-temps.fr HTTP/1.1" 200 4376 "-" "Mozilla/5.0 AppleWebKit/537.36 (KHTML, like Gecko; compatible; ClaudeBot/1.0; +claudebot@anthropic.com)"
173.252.95.21 - - [28/May/2026:00:44:36 +0200] "GET / HTTP/1.1" 500 0 "-" "meta-externalagent/1.1 (+https://developers.facebook.com/docs/sharing/webmasters/crawler)"
57.141.20.30 - - [28/May/2026:00:44:36 +0200] "GET /items/D274577662/ HTTP/1.1" 500 0 "-" "meta-externalagent/1.1 (+https://developers.facebook.com/docs/sharing/webmasters/crawler)"
216.73.216.44 - - [28/May/2026:00:42:17 +0200] "GET /wpx/index.php?fileloc=%2F%2Flib%2Fsendmail&path=%2F%2Flib HTTP/1.1" 200 5564 "-" "Mozilla/5.0 AppleWebKit/537.36 (KHTML, like Gecko; compatible; ClaudeBot/1.0; +claudebot@anthropic.com)"
216.73.216.44 - - [28/May/2026:00:42:22 +0200] "GET /wpx/?fileloc=%2F%2Fusr%2Fbin%2Flocale&path=%2F%2Fusr%2Fbin HTTP/1.1" 200 79020 "-" "Mozilla/5.0 AppleWebKit/537.36 (KHTML, like Gecko; compatible; ClaudeBot/1.0; +claudebot@anthropic.com)"
66.249.69.135 - - [28/May/2026:00:42:24 +0200] "GET /?views/G3568919901 HTTP/1.1" 200 162311 "-" "Mozilla/5.0 (Linux; Android 6.0.1; Nexus 5X Build/MMB29P) AppleWebKit/537.36 (KHTML, like Gecko) Chrome/148.0.7778.96 Mobile Safari/537.36 (compatible; Googlebot/2.1; +http://www.google.com/bot.html)"
216.73.216.44 - - [28/May/2026:00:42:27 +0200] "GET /wpx/?path=%2Fhome%2Fbean7936%2Fssl%2F..%2Fwww.boeuf-mature.com HTTP/1.1" 200 7534 "-" "Mozilla/5.0 AppleWebKit/537.36 (KHTML, like Gecko; compatible; ClaudeBot/1.0; +claudebot@anthropic.com)"
216.73.216.44 - - [28/May/2026:00:42:32 +0200] "GET /wpx/?fileloc=%2Fhome%2Fbean7936%2Fetc%2F..%2F.lsphp_restart.txt&path=%2Fhome%2Fbean7936%2Fetc%2F.. HTTP/1.1" 200 4231 "-" "Mozilla/5.0 AppleWebKit/537.36 (KHTML, like Gecko; compatible; ClaudeBot/1.0; +claudebot@anthropic.com)"
66.249.69.133 - - [28/May/2026:00:42:34 +0200] "GET /view/item/352520028474 HTTP/1.1" 200 154163 "-" "Mozilla/5.0 (Linux; Android 6.0.1; Nexus 5X Build/MMB29P) AppleWebKit/537.36 (KHTML, like Gecko) Chrome/148.0.7778.96 Mobile Safari/537.36 (compatible; Googlebot/2.1; +http://www.google.com/bot.html)"
204.12.208.18 - - [28/May/2026:00:42:45 +0200] "GET /wp-content/qqdb97af/edit.php HTTP/1.1" 200 6 "https://perfect-community.com/wp-content/qqdb97af/edit.php" "Mozilla/5.0 (Macintosh; Intel Mac OS X 10.5; rv:5.0.1) Gecko/20100101 Firefox/5.0.1"
216.73.216.44 - - [28/May/2026:00:42:48 +0200] "GET /wpx/?fileloc=%2F%2Fbin%2Fneqn&path=%2F%2Fbin HTTP/1.1" 200 4978 "-" "Mozilla/5.0 AppleWebKit/537.36 (KHTML, like Gecko; compatible; ClaudeBot/1.0; +claudebot@anthropic.com)"
216.73.216.44 - - [28/May/2026:00:43:32 +0200] "GET /wpx/?fileloc=%2F%2Fusr%2Flib64%2Flibe2p.so.2.3&path=%2F%2Fusr%2Flib64 HTTP/1.1" 200 56365 "-" "Mozilla/5.0 AppleWebKit/537.36 (KHTML, like Gecko; compatible; ClaudeBot/1.0; +claudebot@anthropic.com)"
216.73.216.44 - - [28/May/2026:00:44:18 +0200] "GET /wpx/?fileloc=%2Fhome%2Fbean7936%2Fseineetmarne.banque-du-temps.fr%2F..%2Flive-nature-viande.bean7936.odns.fr%2F.htaccess&path=%2Fhome%2Fbean7936%2Fseineetmarne.banque-du-temps.fr%2F..%2Flive-nature-viande.bean7936.odns.fr HTTP/1.1" 200 6738 "-" "Mozilla/5.0 AppleWebKit/537.36 (KHTML, like Gecko; compatible; ClaudeBot/1.0; +claudebot@anthropic.com)"
216.73.216.44 - - [28/May/2026:00:44:33 +0200] "GET /wpx/?fileloc=%2Fhome%2Fbean7936%2Flogs%2Fcouvreur-78-flfr.bean7936.odns.frr-May-2026.gz&path=%2Fhome%2Fbean7936%2Flogs HTTP/1.1" 200 19577098 "-" "Mozilla/5.0 AppleWebKit/537.36 (KHTML, like Gecko; compatible; ClaudeBot/1.0; +claudebot@anthropic.com)"
66.249.69.135 - - [28/May/2026:00:44:36 +0200] "GET /?views/G35701957502 HTTP/1.1" 200 158707 "-" "Mozilla/5.0 (Linux; Android 6.0.1; Nexus 5X Build/MMB29P) AppleWebKit/537.36 (KHTML, like Gecko) Chrome/148.0.7778.96 Mobile Safari/537.36 (compatible; Googlebot/2.1; +http://www.google.com/bot.html)"
66.249.69.133 - - [28/May/2026:00:46:49 +0200] "GET /?views/G35712604511 HTTP/1.1" 200 165305 "-" "Mozilla/5.0 (Linux; Android 6.0.1; Nexus 5X Build/MMB29P) AppleWebKit/537.36 (KHTML, like Gecko) Chrome/148.0.7778.96 Mobile Safari/537.36 (compatible; Googlebot/2.1; +http://www.google.com/bot.html)"
66.249.69.133 - - [28/May/2026:00:47:52 +0200] "GET /?views/G3566107927 HTTP/1.1" 200 161941 "-" "Mozilla/5.0 (Linux; Android 6.0.1; Nexus 5X Build/MMB29P) AppleWebKit/537.36 (KHTML, like Gecko) Chrome/148.0.7778.96 Mobile Safari/537.36 (compatible; Googlebot/2.1; +http://www.google.com/bot.html)"
216.73.216.44 - - [28/May/2026:00:43:27 +0200] "GET /wpx/?path=%2Fhome%2Fbean7936%2F.caldav%2Fbean7936 HTTP/1.1" 200 9050 "-" "Mozilla/5.0 AppleWebKit/537.36 (KHTML, like Gecko; compatible; ClaudeBot/1.0; +claudebot@anthropic.com)"
57.141.20.31 - - [28/May/2026:00:43:30 +0200] "GET /detail/508058306 HTTP/1.1" 500 0 "-" "meta-externalagent/1.1 (+https://developers.facebook.com/docs/sharing/webmasters/crawler)"
