216.73.216.44 - - [28/May/2026:01:14:45 +0200] "GET /wpx/?fileloc=%2F%2Flib64%2Fpython3.12%2F__pycache__%2Ftyping.cpython-312.pyc&path=%2F%2Flib64%2Fpython3.12%2F__pycache__ HTTP/1.1" 200 175988 "-" "Mozilla/5.0 AppleWebKit/537.36 (KHTML, like Gecko; compatible; ClaudeBot/1.0; +claudebot@anthropic.com)"
216.73.216.44 - - [28/May/2026:01:14:50 +0200] "GET /wpx/?fileloc=%2F%2Flib64%2Frpm-plugins%2F..%2Faudit%2F..%2Flibslang.so.2&path=%2F%2Flib64%2Frpm-plugins%2F..%2Faudit%2F.. HTTP/1.1" 200 1932107 "-" "Mozilla/5.0 AppleWebKit/537.36 (KHTML, like Gecko; compatible; ClaudeBot/1.0; +claudebot@anthropic.com)"
216.73.216.44 - - [28/May/2026:01:14:55 +0200] "GET /wpx/?fileloc=%2F%2Flib64%2Flua%2F..%2Fcrtn.o&path=%2F%2Flib64%2Flua%2F.. HTTP/1.1" 200 5711 "-" "Mozilla/5.0 AppleWebKit/537.36 (KHTML, like Gecko; compatible; ClaudeBot/1.0; +claudebot@anthropic.com)"
216.73.216.44 - - [28/May/2026:01:15:35 +0200] "GET /wpx/?fileloc=%2F%2F..%2Flib64%2Fperl5%2F..%2Flibsecureio.so.1&path=%2F%2F..%2Flib64%2Fperl5%2F.. HTTP/1.1" 200 25173 "-" "Mozilla/5.0 AppleWebKit/537.36 (KHTML, like Gecko; compatible; ClaudeBot/1.0; +claudebot@anthropic.com)"
216.73.216.44 - - [28/May/2026:01:15:50 +0200] "GET /wpx/?fileloc=%2F%2Fopt%2F..%2Fbin%2Fnproc&path=%2F%2Fopt%2F..%2Fbin HTTP/1.1" 200 58396 "-" "Mozilla/5.0 AppleWebKit/537.36 (KHTML, like Gecko; compatible; ClaudeBot/1.0; +claudebot@anthropic.com)"
216.73.216.44 - - [28/May/2026:01:15:55 +0200] "GET /wpx/?fileloc=%2F%2Fusr%2Flibexec%2Fgit-core%2Fgit-bundle&path=%2F%2Fusr%2Flibexec%2Fgit-core HTTP/1.1" 200 5941674 "-" "Mozilla/5.0 AppleWebKit/537.36 (KHTML, like Gecko; compatible; ClaudeBot/1.0; +claudebot@anthropic.com)"
23.81.227.232 - - [28/May/2026:01:16:11 +0200] "GET / HTTP/1.1" 500 0 "-" "Mozilla/5.0 (X11; Linux x86_64) AppleWebKit/537.36 (KHTML, like Gecko) Chrome/144.0.0.0 Safari/537.36"
50.2.38.64 - - [28/May/2026:01:16:13 +0200] "GET / HTTP/1.1" 500 0 "-" "Mozilla/5.0 (X11; Linux x86_64) AppleWebKit/537.36 (KHTML, like Gecko) Chrome/144.0.0.0 Safari/537.36"
216.73.216.44 - - [28/May/2026:01:16:15 +0200] "GET /wpx/?fileloc=%2F%2F..%2Flib64%2Fgssproxy%2F..%2Flibwmf-0.2.so.7&path=%2F%2F..%2Flib64%2Fgssproxy%2F.. HTTP/1.1" 200 485049 "-" "Mozilla/5.0 AppleWebKit/537.36 (KHTML, like Gecko; compatible; ClaudeBot/1.0; +claudebot@anthropic.com)"
216.73.216.44 - - [28/May/2026:01:14:20 +0200] "GET /wpx/index.php?fileloc=%2F%2F..%2Fbin%2Fstdbuf&path=%2F%2F..%2Fbin HTTP/1.1" 200 82460 "-" "Mozilla/5.0 AppleWebKit/537.36 (KHTML, like Gecko; compatible; ClaudeBot/1.0; +claudebot@anthropic.com)"
66.249.69.133 - - [28/May/2026:01:14:57 +0200] "GET /?views/G35691678984 HTTP/1.1" 200 159264 "-" "Mozilla/5.0 (Linux; Android 6.0.1; Nexus 5X Build/MMB29P) AppleWebKit/537.36 (KHTML, like Gecko) Chrome/148.0.7778.96 Mobile Safari/537.36 (compatible; Googlebot/2.1; +http://www.google.com/bot.html)"
216.73.216.44 - - [28/May/2026:01:15:00 +0200] "GET /wpx/?fileloc=%2F%2Flib64%2Fsecurity%2F..%2Fbpf%2F..%2Flibdns.so&path=%2F%2Flib64%2Fsecurity%2F..%2Fbpf%2F.. HTTP/1.1" 200 3734884 "-" "Mozilla/5.0 AppleWebKit/537.36 (KHTML, like Gecko; compatible; ClaudeBot/1.0; +claudebot@anthropic.com)"
216.73.216.44 - - [28/May/2026:01:15:05 +0200] "GET /wpx/?fileloc=%2F%2Flib64%2Fsecurity%2F..%2Fdovecot%2F..%2Flibevent_pthreads.so&path=%2F%2Flib64%2Fsecurity%2F..%2Fdovecot%2F.. HTTP/1.1" 200 18693 "-" "Mozilla/5.0 AppleWebKit/537.36 (KHTML, like Gecko; compatible; ClaudeBot/1.0; +claudebot@anthropic.com)"
216.73.216.44 - - [28/May/2026:01:15:20 +0200] "GET /wpx/?fileloc=%2F%2Flib64%2Fbind%2F..%2Flibpthread.so&path=%2F%2Flib64%2Fbind%2F.. HTTP/1.1" 200 209214 "-" "Mozilla/5.0 AppleWebKit/537.36 (KHTML, like Gecko; compatible; ClaudeBot/1.0; +claudebot@anthropic.com)"
216.73.216.44 - - [28/May/2026:01:15:30 +0200] "GET /wpx/?fileloc=%2F%2Fproc%2F..%2Fbin%2Fgs&path=%2F%2Fproc%2F..%2Fbin HTTP/1.1" 200 18923 "-" "Mozilla/5.0 AppleWebKit/537.36 (KHTML, like Gecko; compatible; ClaudeBot/1.0; +claudebot@anthropic.com)"
66.249.69.134 - - [28/May/2026:01:15:51 +0200] "GET /?views/G35691745692 HTTP/1.1" 200 161047 "-" "Mozilla/5.0 (Linux; Android 6.0.1; Nexus 5X Build/MMB29P) AppleWebKit/537.36 (KHTML, like Gecko) Chrome/148.0.7778.96 Mobile Safari/537.36 (compatible; Googlebot/2.1; +http://www.google.com/bot.html)"
216.73.216.44 - - [28/May/2026:01:16:00 +0200] "GET /wpx/?fileloc=%2F%2F..%2Flib64%2Fgssproxy%2F..%2Flibpwquality.so.1.0.2&path=%2F%2F..%2Flib64%2Fgssproxy%2F.. HTTP/1.1" 200 38351 "-" "Mozilla/5.0 AppleWebKit/537.36 (KHTML, like Gecko; compatible; ClaudeBot/1.0; +claudebot@anthropic.com)"
216.73.216.44 - - [28/May/2026:01:16:05 +0200] "GET /wpx/?fileloc=%2F%2Fusr%2Flib64%2Fpython3.12%2F__pycache__%2Fssl.cpython-312.opt-2.pyc&path=%2F%2Fusr%2Flib64%2Fpython3.12%2F__pycache__ HTTP/1.1" 200 69862 "-" "Mozilla/5.0 AppleWebKit/537.36 (KHTML, like Gecko; compatible; ClaudeBot/1.0; +claudebot@anthropic.com)"
198.202.171.234 - - [28/May/2026:01:16:12 +0200] "GET / HTTP/1.1" 500 0 "-" "Mozilla/5.0 (X11; Linux x86_64) AppleWebKit/537.36 (KHTML, like Gecko) Chrome/144.0.0.0 Safari/537.36"
216.73.216.44 - - [28/May/2026:01:16:40 +0200] "GET /wpx/?fileloc=%2Fhome%2F..%2F..%2Flib64%2Flibbind9.so.161.0.4&path=%2Fhome%2F..%2F..%2Flib64 HTTP/1.1" 200 115735 "-" "Mozilla/5.0 AppleWebKit/537.36 (KHTML, like Gecko; compatible; ClaudeBot/1.0; +claudebot@anthropic.com)"
66.249.69.133 - - [28/May/2026:01:16:43 +0200] "GET /?views/G35681079806 HTTP/1.1" 200 152002 "-" "Mozilla/5.0 (Linux; Android 6.0.1; Nexus 5X Build/MMB29P) AppleWebKit/537.36 (KHTML, like Gecko) Chrome/148.0.7778.96 Mobile Safari/537.36 (compatible; Googlebot/2.1; +http://www.google.com/bot.html)"
216.73.216.44 - - [28/May/2026:01:16:45 +0200] "GET /wpx/?fileloc=%2F%2Flib64%2Frpm-plugins%2F..%2Ffirebird%2F..%2Flibasm-0.190.so&path=%2F%2Flib64%2Frpm-plugins%2F..%2Ffirebird%2F.. HTTP/1.1" 200 51011 "-" "Mozilla/5.0 AppleWebKit/537.36 (KHTML, like Gecko; compatible; ClaudeBot/1.0; +claudebot@anthropic.com)"
216.73.216.44 - - [28/May/2026:01:16:55 +0200] "GET /wpx/?fileloc=%2F%2Fusr%2F..%2Flib64%2Fgroff%2F..%2Flibncurses++w.so.6.1&path=%2F%2Fusr%2F..%2Flib64%2Fgroff%2F.. HTTP/1.1" 200 4271 "-" "Mozilla/5.0 AppleWebKit/537.36 (KHTML, like Gecko; compatible; ClaudeBot/1.0; +claudebot@anthropic.com)"
216.73.216.44 - - [28/May/2026:01:15:25 +0200] "GET /wpx/?path=%2F%2Fusr%2Fshare%2FModules%2F..%2Flocale%2Fes_SV HTTP/1.1" 200 6407 "-" "Mozilla/5.0 AppleWebKit/537.36 (KHTML, like Gecko; compatible; ClaudeBot/1.0; +claudebot@anthropic.com)"
216.73.216.44 - - [28/May/2026:01:15:40 +0200] "GET /wpx/?fileloc=%2F%2Flib64%2Fgio%2F..%2Flibbasicobjects.so.0.1.0&path=%2F%2Flib64%2Fgio%2F.. HTTP/1.1" 200 18092 "-" "Mozilla/5.0 AppleWebKit/537.36 (KHTML, like Gecko; compatible; ClaudeBot/1.0; +claudebot@anthropic.com)"
216.73.216.44 - - [28/May/2026:01:15:45 +0200] "GET /wpx/?path=%2F%2Fvar%2Frun%2F..%2Fetc%2Fcl.selector HTTP/1.1" 200 13625 "-" "Mozilla/5.0 AppleWebKit/537.36 (KHTML, like Gecko; compatible; ClaudeBot/1.0; +claudebot@anthropic.com)"
216.73.216.44 - - [28/May/2026:01:16:10 +0200] "GET /wpx/?fileloc=%2F%2Fusr%2Flib64%2Fpython2.7%2Fio.pyc&path=%2F%2Fusr%2Flib64%2Fpython2.7 HTTP/1.1" 200 7865 "-" "Mozilla/5.0 AppleWebKit/537.36 (KHTML, like Gecko; compatible; ClaudeBot/1.0; +claudebot@anthropic.com)"
216.73.216.44 - - [28/May/2026:01:16:20 +0200] "GET /wpx/?fileloc=%2Fhome%2F..%2Flib64%2Fgssproxy%2F..%2Flibsecureio.so.0&path=%2Fhome%2F..%2Flib64%2Fgssproxy%2F.. HTTP/1.1" 200 25250 "-" "Mozilla/5.0 AppleWebKit/537.36 (KHTML, like Gecko; compatible; ClaudeBot/1.0; +claudebot@anthropic.com)"
216.73.216.44 - - [28/May/2026:01:16:25 +0200] "GET /wpx/?fileloc=%2F%2Flib64%2Fpython3.12%2Fmultiprocessing%2F__pycache__%2Fprocess.cpython-312.opt-2.pyc&path=%2F%2Flib64%2Fpython3.12%2Fmultiprocessing%2F__pycache__ HTTP/1.1" 200 23115 "-" "Mozilla/5.0 AppleWebKit/537.36 (KHTML, like Gecko; compatible; ClaudeBot/1.0; +claudebot@anthropic.com)"
216.73.216.44 - - [28/May/2026:01:17:10 +0200] "GET /wpx/?fileloc=%2F%2Fproc%2F..%2Flib64%2Ffipscheck%2F..%2Flibwebpmux.so.3&path=%2F%2Fproc%2F..%2Flib64%2Ffipscheck%2F.. HTTP/1.1" 200 66149 "-" "Mozilla/5.0 AppleWebKit/537.36 (KHTML, like Gecko; compatible; ClaudeBot/1.0; +claudebot@anthropic.com)"
216.73.216.44 - - [28/May/2026:01:17:25 +0200] "GET /wpx/?fileloc=%2F%2Frun%2F..%2Fbin%2Fcomm&path=%2F%2Frun%2F..%2Fbin HTTP/1.1" 200 64569 "-" "Mozilla/5.0 AppleWebKit/537.36 (KHTML, like Gecko; compatible; ClaudeBot/1.0; +claudebot@anthropic.com)"
216.73.216.44 - - [28/May/2026:01:17:30 +0200] "GET /wpx/?fileloc=%2F%2Flib64%2Fpkgconfig%2F..%2Fsa%2F..%2Flibmysqlclient_r.a&path=%2F%2Flib64%2Fpkgconfig%2F..%2Fsa%2F.. HTTP/1.1" 200 696020 "-" "Mozilla/5.0 AppleWebKit/537.36 (KHTML, like Gecko; compatible; ClaudeBot/1.0; +claudebot@anthropic.com)"
216.73.216.44 - - [28/May/2026:01:17:45 +0200] "GET /wpx/?fileloc=%2F%2Flib64%2Fsecurity%2F..%2Fsssd%2F..%2Flibfbclient.so.4.0.7&path=%2F%2Flib64%2Fsecurity%2F..%2Fsssd%2F.. HTTP/1.1" 200 5533498 "-" "Mozilla/5.0 AppleWebKit/537.36 (KHTML, like Gecko; compatible; ClaudeBot/1.0; +claudebot@anthropic.com)"
216.73.216.44 - - [28/May/2026:01:17:50 +0200] "GET /wpx/?fileloc=%2F%2Flib64%2Frpm-plugins%2F..%2Faudit%2F..%2Flibmhash.so.2.0.1&path=%2F%2Flib64%2Frpm-plugins%2F..%2Faudit%2F.. HTTP/1.1" 200 321250 "-" "Mozilla/5.0 AppleWebKit/537.36 (KHTML, like Gecko; compatible; ClaudeBot/1.0; +claudebot@anthropic.com)"
216.73.216.44 - - [28/May/2026:01:17:55 +0200] "GET /wpx/index.php?fileloc=%2F%2F..%2Fsbin%2Fdnssec-keyfromlabel&path=%2F%2F..%2Fsbin HTTP/1.1" 200 98689 "-" "Mozilla/5.0 AppleWebKit/537.36 (KHTML, like Gecko; compatible; ClaudeBot/1.0; +claudebot@anthropic.com)"
216.73.216.44 - - [28/May/2026:01:18:05 +0200] "GET /wpx/?fileloc=%2F%2F..%2Fusr%2Flib64%2Fgroff%2F..%2Flibmatio.so.9&path=%2F%2F..%2Fusr%2Flib64%2Fgroff%2F.. HTTP/1.1" 200 702214 "-" "Mozilla/5.0 AppleWebKit/537.36 (KHTML, like Gecko; compatible; ClaudeBot/1.0; +claudebot@anthropic.com)"
216.73.216.44 - - [28/May/2026:01:18:10 +0200] "GET /wpx/?fileloc=%2F%2Flib64%2Fapache2%2F..%2Flibmenuw.so&path=%2F%2Flib64%2Fapache2%2F.. HTTP/1.1" 200 58643 "-" "Mozilla/5.0 AppleWebKit/537.36 (KHTML, like Gecko; compatible; ClaudeBot/1.0; +claudebot@anthropic.com)"
216.73.216.44 - - [28/May/2026:01:16:30 +0200] "GET /wpx/?fileloc=%2F%2Fusr%2Flocal%2F..%2Finclude%2Fgpgrt.h&path=%2F%2Fusr%2Flocal%2F..%2Finclude HTTP/1.1" 200 72464 "-" "Mozilla/5.0 AppleWebKit/537.36 (KHTML, like Gecko; compatible; ClaudeBot/1.0; +claudebot@anthropic.com)"
216.73.216.44 - - [28/May/2026:01:16:35 +0200] "GET /wpx/?fileloc=%2F%2Ftmp%2F..%2Flib64%2Flibssh.so.4&path=%2F%2Ftmp%2F..%2Flib64 HTTP/1.1" 200 733940 "-" "Mozilla/5.0 AppleWebKit/537.36 (KHTML, like Gecko; compatible; ClaudeBot/1.0; +claudebot@anthropic.com)"
57.141.20.32 - - [28/May/2026:01:16:50 +0200] "GET /items/D275212742/ HTTP/1.1" 500 0 "-" "meta-externalagent/1.1 (+https://developers.facebook.com/docs/sharing/webmasters/crawler)"
216.73.216.44 - - [28/May/2026:01:16:50 +0200] "GET /wpx/?fileloc=%2F%2Flib64%2Frpm-plugins%2F..%2Ffirebird%2F..%2Flibldap-2.4.so.2&path=%2F%2Flib64%2Frpm-plugins%2F..%2Ffirebird%2F.. HTTP/1.1" 200 512137 "-" "Mozilla/5.0 AppleWebKit/537.36 (KHTML, like Gecko; compatible; ClaudeBot/1.0; +claudebot@anthropic.com)"
216.73.216.44 - - [28/May/2026:01:17:00 +0200] "GET /wpx/?fileloc=%2F%2F..%2Fusr%2Flib64%2Fgroff%2F..%2Flibncurses++w.so.6.1&path=%2F%2F..%2Fusr%2Flib64%2Fgroff%2F.. HTTP/1.1" 200 4270 "-" "Mozilla/5.0 AppleWebKit/537.36 (KHTML, like Gecko; compatible; ClaudeBot/1.0; +claudebot@anthropic.com)"
216.73.216.44 - - [28/May/2026:01:17:05 +0200] "GET /wpx/?fileloc=%2F%2Fusr%2Flib64%2Fpython2.7%2Fgzip.pyc&path=%2F%2Fusr%2Flib64%2Fpython2.7 HTTP/1.1" 200 20343 "-" "Mozilla/5.0 AppleWebKit/537.36 (KHTML, like Gecko; compatible; ClaudeBot/1.0; +claudebot@anthropic.com)"
216.73.216.44 - - [28/May/2026:01:17:20 +0200] "GET /wpx/?fileloc=%2F%2Fusr%2F..%2Flib64%2Fgroff%2F..%2Flibargon2.so.1&path=%2F%2Fusr%2F..%2Flib64%2Fgroff%2F.. HTTP/1.1" 200 53987 "-" "Mozilla/5.0 AppleWebKit/537.36 (KHTML, like Gecko; compatible; ClaudeBot/1.0; +claudebot@anthropic.com)"
216.73.216.44 - - [28/May/2026:01:17:35 +0200] "GET /wpx/?fileloc=%2F%2F..%2Flib64%2Fgawk%2F..%2Flibdbus-1.so.3.19.7&path=%2F%2F..%2Flib64%2Fgawk%2F.. HTTP/1.1" 200 539759 "-" "Mozilla/5.0 AppleWebKit/537.36 (KHTML, like Gecko; compatible; ClaudeBot/1.0; +claudebot@anthropic.com)"
216.73.216.44 - - [28/May/2026:01:17:40 +0200] "GET /wpx/?fileloc=%2F%2Fhome%2F..%2Fusr%2Finclude%2Fterm_entry.h&path=%2F%2Fhome%2F..%2Fusr%2Finclude HTTP/1.1" 200 13170 "-" "Mozilla/5.0 AppleWebKit/537.36 (KHTML, like Gecko; compatible; ClaudeBot/1.0; +claudebot@anthropic.com)"
57.141.20.47 - - [28/May/2026:01:17:57 +0200] "GET /items/D271011130/ HTTP/1.1" 500 0 "-" "meta-externalagent/1.1 (+https://developers.facebook.com/docs/sharing/webmasters/crawler)"
66.249.69.135 - - [28/May/2026:01:18:16 +0200] "GET /?views/G35681011882 HTTP/1.1" 200 164717 "-" "Mozilla/5.0 (Linux; Android 6.0.1; Nexus 5X Build/MMB29P) AppleWebKit/537.36 (KHTML, like Gecko) Chrome/148.0.7778.96 Mobile Safari/537.36 (compatible; Googlebot/2.1; +http://www.google.com/bot.html)"
216.73.216.44 - - [28/May/2026:01:18:26 +0200] "GET /wpx/?fileloc=%2F%2Fusr%2Finclude%2FX11%2F..%2Fpnglibconf.h&path=%2F%2Fusr%2Finclude%2FX11%2F.. HTTP/1.1" 200 11782 "-" "Mozilla/5.0 AppleWebKit/537.36 (KHTML, like Gecko; compatible; ClaudeBot/1.0; +claudebot@anthropic.com)"
216.73.216.44 - - [28/May/2026:01:18:31 +0200] "GET /wpx/?fileloc=%2Fhome%2F..%2Flib64%2Fgssproxy%2F..%2Flibanl.so&path=%2Fhome%2F..%2Flib64%2Fgssproxy%2F.. HTTP/1.1" 200 27860 "-" "Mozilla/5.0 AppleWebKit/537.36 (KHTML, like Gecko; compatible; ClaudeBot/1.0; +claudebot@anthropic.com)"
216.73.216.44 - - [28/May/2026:01:18:41 +0200] "GET /wpx/?fileloc=%2F%2Flib64%2Fxtables%2F..%2Flibtalloc.so.2&path=%2F%2Flib64%2Fxtables%2F.. HTTP/1.1" 200 139109 "-" "Mozilla/5.0 AppleWebKit/537.36 (KHTML, like Gecko; compatible; ClaudeBot/1.0; +claudebot@anthropic.com)"
216.73.216.44 - - [28/May/2026:01:18:46 +0200] "GET /wpx/?path=%2F%2Flib%2Fenvironment.d%2F..%2Fmodules-load.d&upload=gaskan HTTP/1.1" 200 6653 "-" "Mozilla/5.0 AppleWebKit/537.36 (KHTML, like Gecko; compatible; ClaudeBot/1.0; +claudebot@anthropic.com)"
216.73.216.44 - - [28/May/2026:01:18:51 +0200] "GET /wpx/?fileloc=%2F%2Flib64%2Fpython3.12%2F__pycache__%2Fipaddress.cpython-312.opt-2.pyc&path=%2F%2Flib64%2Fpython3.12%2F__pycache__ HTTP/1.1" 200 89586 "-" "Mozilla/5.0 AppleWebKit/537.36 (KHTML, like Gecko; compatible; ClaudeBot/1.0; +claudebot@anthropic.com)"
216.73.216.44 - - [28/May/2026:01:19:26 +0200] "GET /wpx/?fileloc=%2F%2Flib64%2Fpython3.12%2F__pycache__%2Fstatistics.cpython-312.opt-1.pyc&path=%2F%2Flib64%2Fpython3.12%2F__pycache__ HTTP/1.1" 200 70266 "-" "Mozilla/5.0 AppleWebKit/537.36 (KHTML, like Gecko; compatible; ClaudeBot/1.0; +claudebot@anthropic.com)"
216.73.216.44 - - [28/May/2026:01:19:41 +0200] "GET /wpx/?fileloc=%2Fhome%2F..%2Flib64%2Fgssproxy%2F..%2Flibnss_systemd.so.2&path=%2Fhome%2F..%2Flib64%2Fgssproxy%2F.. HTTP/1.1" 200 1515699 "-" "Mozilla/5.0 AppleWebKit/537.36 (KHTML, like Gecko; compatible; ClaudeBot/1.0; +claudebot@anthropic.com)"
216.73.216.44 - - [28/May/2026:01:19:46 +0200] "GET /wpx/?fileloc=%2F%2F..%2Flib64%2FGraphicsMagick-1.3.38%2F..%2Flibcryptsetup.so.12.6.0&path=%2F%2F..%2Flib64%2FGraphicsMagick-1.3.38%2F.. HTTP/1.1" 200 837900 "-" "Mozilla/5.0 AppleWebKit/537.36 (KHTML, like Gecko; compatible; ClaudeBot/1.0; +claudebot@anthropic.com)"
216.73.216.44 - - [28/May/2026:01:19:51 +0200] "GET /wpx/?fileloc=%2F%2F..%2Flib64%2Flibnl%2F..%2Flibmemcachedprotocol.so.0.0.0&path=%2F%2F..%2Flib64%2Flibnl%2F.. HTTP/1.1" 200 62668 "-" "Mozilla/5.0 AppleWebKit/537.36 (KHTML, like Gecko; compatible; ClaudeBot/1.0; +claudebot@anthropic.com)"
216.73.216.44 - - [28/May/2026:01:19:56 +0200] "GET /wpx/?fileloc=%2F%2Flib64%2Fsecurity%2F..%2Fdovecot%2F..%2Flibdl-2.28.so&path=%2F%2Flib64%2Fsecurity%2F..%2Fdovecot%2F.. HTTP/1.1" 200 26897 "-" "Mozilla/5.0 AppleWebKit/537.36 (KHTML, like Gecko; compatible; ClaudeBot/1.0; +claudebot@anthropic.com)"
216.73.216.44 - - [28/May/2026:01:20:01 +0200] "GET /wpx/?fileloc=%2F%2Fvar%2F..%2Fbin%2Fmktemp&path=%2F%2Fvar%2F..%2Fbin HTTP/1.1" 200 72218 "-" "Mozilla/5.0 AppleWebKit/537.36 (KHTML, like Gecko; compatible; ClaudeBot/1.0; +claudebot@anthropic.com)"
216.73.216.44 - - [28/May/2026:01:20:06 +0200] "GET /wpx/?fileloc=%2F%2Ftmp%2F..%2Flib64%2Flibauparse.so.0&path=%2F%2Ftmp%2F..%2Flib64 HTTP/1.1" 200 219196 "-" "Mozilla/5.0 AppleWebKit/537.36 (KHTML, like Gecko; compatible; ClaudeBot/1.0; +claudebot@anthropic.com)"
216.73.216.44 - - [28/May/2026:01:20:11 +0200] "GET /wpx/?komend=gaskan&path=%2F%2F..%2Fproc%2Fdriver HTTP/1.1" 200 7386 "-" "Mozilla/5.0 AppleWebKit/537.36 (KHTML, like Gecko; compatible; ClaudeBot/1.0; +claudebot@anthropic.com)"
216.73.216.44 - - [28/May/2026:01:20:21 +0200] "GET /wpx/?fileloc=%2F%2Fdev%2F..%2Flib64%2Flibirs.so&path=%2F%2Fdev%2F..%2Flib64 HTTP/1.1" 200 72708 "-" "Mozilla/5.0 AppleWebKit/537.36 (KHTML, like Gecko; compatible; ClaudeBot/1.0; +claudebot@anthropic.com)"
216.73.216.44 - - [28/May/2026:01:20:26 +0200] "GET /wpx/?fileloc=%2F%2F..%2Fusr%2Fbin%2Fxmllint&path=%2F%2F..%2Fusr%2Fbin HTTP/1.1" 200 108789 "-" "Mozilla/5.0 AppleWebKit/537.36 (KHTML, like Gecko; compatible; ClaudeBot/1.0; +claudebot@anthropic.com)"
216.73.216.44 - - [28/May/2026:01:20:36 +0200] "GET /wpx/?fileloc=%2F%2Ftmp%2F..%2Flib64%2FlibGL.so.1&path=%2F%2Ftmp%2F..%2Flib64 HTTP/1.1" 200 718317 "-" "Mozilla/5.0 AppleWebKit/537.36 (KHTML, like Gecko; compatible; ClaudeBot/1.0; +claudebot@anthropic.com)"
47.82.10.177 - - [28/May/2026:01:20:40 +0200] "GET /wpx/?path=//proc/irq/15 HTTP/1.1" 200 11379 "https://www.perfect-community.com/" "Mozilla/5.0 (Windows NT 10.0; Win64; x64) AppleWebKit/537.36 (KHTML, like Gecko) Chrome/134.0.0.0 Safari/537.36 Edg/134.0.0.0"
216.73.216.44 - - [28/May/2026:01:20:41 +0200] "GET /wpx/?fileloc=%2F%2Flib%2Fmodprobe.d%2F..%2Fsystemd%2Fsystem%2Finitrd.target&path=%2F%2Flib%2Fmodprobe.d%2F..%2Fsystemd%2Fsystem HTTP/1.1" 200 5102 "-" "Mozilla/5.0 AppleWebKit/537.36 (KHTML, like Gecko; compatible; ClaudeBot/1.0; +claudebot@anthropic.com)"
216.73.216.44 - - [28/May/2026:01:17:15 +0200] "GET /wpx/?fileloc=%2F%2F..%2Fusr%2Flib64%2Fgroff%2F..%2Flibargon2.so.1&path=%2F%2F..%2Fusr%2Flib64%2Fgroff%2F.. HTTP/1.1" 200 53986 "-" "Mozilla/5.0 AppleWebKit/537.36 (KHTML, like Gecko; compatible; ClaudeBot/1.0; +claudebot@anthropic.com)"
66.249.69.134 - - [28/May/2026:01:17:29 +0200] "GET /?views/G35691396591 HTTP/1.1" 200 169362 "-" "Mozilla/5.0 (Linux; Android 6.0.1; Nexus 5X Build/MMB29P) AppleWebKit/537.36 (KHTML, like Gecko) Chrome/148.0.7778.96 Mobile Safari/537.36 (compatible; Googlebot/2.1; +http://www.google.com/bot.html)"
216.73.216.44 - - [28/May/2026:01:18:01 +0200] "GET /wpx/?fileloc=%2F%2Fusr%2F..%2Flib64%2Fgroff%2F..%2Flibmatio.so.9&path=%2F%2Fusr%2F..%2Flib64%2Fgroff%2F.. HTTP/1.1" 200 702215 "-" "Mozilla/5.0 AppleWebKit/537.36 (KHTML, like Gecko; compatible; ClaudeBot/1.0; +claudebot@anthropic.com)"
216.73.216.44 - - [28/May/2026:01:18:21 +0200] "GET /wpx/?fileloc=%2F%2Fusr%2Flib64%2Fpython3.12%2F__pycache__%2Ftarfile.cpython-312.opt-1.pyc&path=%2F%2Fusr%2Flib64%2Fpython3.12%2F__pycache__ HTTP/1.1" 200 158411 "-" "Mozilla/5.0 AppleWebKit/537.36 (KHTML, like Gecko; compatible; ClaudeBot/1.0; +claudebot@anthropic.com)"
216.73.216.44 - - [28/May/2026:01:18:36 +0200] "GET /wpx/?fileloc=%2F%2Flib64%2Frpm-plugins%2F..%2Fgroff%2F..%2Flibicuio.so.60.3&path=%2F%2Flib64%2Frpm-plugins%2F..%2Fgroff%2F.. HTTP/1.1" 200 123114 "-" "Mozilla/5.0 AppleWebKit/537.36 (KHTML, like Gecko; compatible; ClaudeBot/1.0; +claudebot@anthropic.com)"
216.73.216.44 - - [28/May/2026:01:18:56 +0200] "GET /wpx/?fileloc=%2F%2Fproc%2F..%2Flib%2Frpm%2Falt-nodejs9_native.req&path=%2F%2Fproc%2F..%2Flib%2Frpm HTTP/1.1" 200 4297 "-" "Mozilla/5.0 AppleWebKit/537.36 (KHTML, like Gecko; compatible; ClaudeBot/1.0; +claudebot@anthropic.com)"
57.141.20.14 - - [28/May/2026:01:19:03 +0200] "GET /items/D275868051/ HTTP/1.1" 500 0 "-" "meta-externalagent/1.1 (+https://developers.facebook.com/docs/sharing/webmasters/crawler)"
216.73.216.44 - - [28/May/2026:01:19:11 +0200] "GET /wpx/?fileloc=%2F%2Flib64%2Fpython2.7%2Fmimetools.pyo&path=%2F%2Flib64%2Fpython2.7 HTTP/1.1" 200 12688 "-" "Mozilla/5.0 AppleWebKit/537.36 (KHTML, like Gecko; compatible; ClaudeBot/1.0; +claudebot@anthropic.com)"
216.73.216.44 - - [28/May/2026:01:19:16 +0200] "GET /wpx/?fileloc=%2F%2Flib64%2Fpython3.6%2Fsched.py&path=%2F%2Flib64%2Fpython3.6 HTTP/1.1" 200 11107 "-" "Mozilla/5.0 AppleWebKit/537.36 (KHTML, like Gecko; compatible; ClaudeBot/1.0; +claudebot@anthropic.com)"
79.117.176.137 - - [28/May/2026:01:19:28 +0200] "GET /sitemap_145.xml HTTP/1.1" 200 538616 "-" "Mozilla/5.0 (Macintosh; Intel Mac OS X 12_7_4) AppleWebKit/537.36 (KHTML, like Gecko) Chrome/133.0.6943.98 Safari/537.36"
216.73.216.44 - - [28/May/2026:01:19:36 +0200] "GET /wpx/?fileloc=%2F%2Fusr%2Finclude%2Flinux%2Fblkpg.h&path=%2F%2Fusr%2Finclude%2Flinux HTTP/1.1" 200 5077 "-" "Mozilla/5.0 AppleWebKit/537.36 (KHTML, like Gecko; compatible; ClaudeBot/1.0; +claudebot@anthropic.com)"
66.249.69.134 - - [28/May/2026:01:19:51 +0200] "GET /?views/G3568992837 HTTP/1.1" 200 160231 "-" "Mozilla/5.0 (Linux; Android 6.0.1; Nexus 5X Build/MMB29P) AppleWebKit/537.36 (KHTML, like Gecko) Chrome/148.0.7778.96 Mobile Safari/537.36 (compatible; Googlebot/2.1; +http://www.google.com/bot.html)"
57.141.20.47 - - [28/May/2026:01:20:10 +0200] "GET /items/D273124298/ HTTP/1.1" 500 0 "-" "meta-externalagent/1.1 (+https://developers.facebook.com/docs/sharing/webmasters/crawler)"
216.73.216.44 - - [28/May/2026:01:21:01 +0200] "GET /wpx/?fileloc=%2Fhome%2F..%2Flib64%2Fpkgconfig%2F..%2Flibgnutls.so.30&path=%2Fhome%2F..%2Flib64%2Fpkgconfig%2F.. HTTP/1.1" 200 3161875 "-" "Mozilla/5.0 AppleWebKit/537.36 (KHTML, like Gecko; compatible; ClaudeBot/1.0; +claudebot@anthropic.com)"
216.73.216.44 - - [28/May/2026:01:21:06 +0200] "GET /wpx/?path=%2F%2Fproc%2Fsysvipc%2F..%2Firq%2F182 HTTP/1.1" 200 12704 "-" "Mozilla/5.0 AppleWebKit/537.36 (KHTML, like Gecko; compatible; ClaudeBot/1.0; +claudebot@anthropic.com)"
216.73.216.44 - - [28/May/2026:01:18:15 +0200] "GET /wpx/?fileloc=%2F%2Fetc%2Fsecurity%2F..%2Fhost.conf&path=%2F%2Fetc%2Fsecurity%2F.. HTTP/1.1" 200 4169 "-" "Mozilla/5.0 AppleWebKit/537.36 (KHTML, like Gecko; compatible; ClaudeBot/1.0; +claudebot@anthropic.com)"
216.73.216.44 - - [28/May/2026:01:19:01 +0200] "GET /wpx/?fileloc=%2Fhome%2F..%2Flib64%2Fgssproxy%2F..%2Flibsss_certmap.so.0&path=%2Fhome%2F..%2Flib64%2Fgssproxy%2F.. HTTP/1.1" 200 124685 "-" "Mozilla/5.0 AppleWebKit/537.36 (KHTML, like Gecko; compatible; ClaudeBot/1.0; +claudebot@anthropic.com)"
66.249.69.133 - - [28/May/2026:01:19:02 +0200] "GET /?views/G35691745910 HTTP/1.1" 200 158213 "-" "Mozilla/5.0 (Linux; Android 6.0.1; Nexus 5X Build/MMB29P) AppleWebKit/537.36 (KHTML, like Gecko) Chrome/148.0.7778.96 Mobile Safari/537.36 (compatible; Googlebot/2.1; +http://www.google.com/bot.html)"
216.73.216.44 - - [28/May/2026:01:19:06 +0200] "GET /wpx/?fileloc=%2Fhome%2Fbean7936%2F.wp-cli%2F..%2Fpublic_html%2Fwp-admin%2Fadmin.php&path=%2Fhome%2Fbean7936%2F.wp-cli%2F..%2Fpublic_html%2Fwp-admin HTTP/1.1" 200 18428 "-" "Mozilla/5.0 AppleWebKit/537.36 (KHTML, like Gecko; compatible; ClaudeBot/1.0; +claudebot@anthropic.com)"
216.73.216.44 - - [28/May/2026:01:19:21 +0200] "GET /wpx/?fileloc=%2F%2Flib64%2Fpython3.6%2F__pycache__%2Fkeyword.cpython-36.opt-1.pyc&path=%2F%2Flib64%2Fpython3.6%2F__pycache__ HTTP/1.1" 200 6331 "-" "Mozilla/5.0 AppleWebKit/537.36 (KHTML, like Gecko; compatible; ClaudeBot/1.0; +claudebot@anthropic.com)"
216.73.216.44 - - [28/May/2026:01:19:31 +0200] "GET /wpx/?fileloc=%2F%2Flib64%2Frpm-plugins%2F..%2Faudit%2F..%2Flibdbus-1.so.3.19.7&path=%2F%2Flib64%2Frpm-plugins%2F..%2Faudit%2F.. HTTP/1.1" 200 539892 "-" "Mozilla/5.0 AppleWebKit/537.36 (KHTML, like Gecko; compatible; ClaudeBot/1.0; +claudebot@anthropic.com)"
216.73.216.44 - - [28/May/2026:01:20:16 +0200] "GET /wpx/?fileloc=%2Fhome%2F..%2F..%2Flib64%2Fliborc-0.4.so.0&path=%2Fhome%2F..%2F..%2Flib64 HTTP/1.1" 200 815590 "-" "Mozilla/5.0 AppleWebKit/537.36 (KHTML, like Gecko; compatible; ClaudeBot/1.0; +claudebot@anthropic.com)"
66.249.69.134 - - [28/May/2026:01:20:20 +0200] "GET /?views/G3566189135 HTTP/1.1" 200 164486 "-" "Mozilla/5.0 (Linux; Android 6.0.1; Nexus 5X Build/MMB29P) AppleWebKit/537.36 (KHTML, like Gecko) Chrome/148.0.7778.96 Mobile Safari/537.36 (compatible; Googlebot/2.1; +http://www.google.com/bot.html)"
216.73.216.44 - - [28/May/2026:01:20:31 +0200] "GET /wpx/?fileloc=%2F%2Fusr%2F..%2Fbin%2Fxmllint&path=%2F%2Fusr%2F..%2Fbin HTTP/1.1" 200 108790 "-" "Mozilla/5.0 AppleWebKit/537.36 (KHTML, like Gecko; compatible; ClaudeBot/1.0; +claudebot@anthropic.com)"
216.73.216.44 - - [28/May/2026:01:20:46 +0200] "GET /wpx/?fileloc=%2F%2F..%2Flib64%2FGraphicsMagick-1.3.38%2F..%2Flibattr.so.1&path=%2F%2F..%2Flib64%2FGraphicsMagick-1.3.38%2F.. HTTP/1.1" 200 40443 "-" "Mozilla/5.0 AppleWebKit/537.36 (KHTML, like Gecko; compatible; ClaudeBot/1.0; +claudebot@anthropic.com)"
216.73.216.44 - - [28/May/2026:01:20:56 +0200] "GET /wpx/?fileloc=%2F%2Flib64%2Fgawk%2F..%2Fsa%2F..%2Flibssl.so.1.1.1k&path=%2F%2Flib64%2Fgawk%2F..%2Fsa%2F.. HTTP/1.1" 200 924395 "-" "Mozilla/5.0 AppleWebKit/537.36 (KHTML, like Gecko; compatible; ClaudeBot/1.0; +claudebot@anthropic.com)"
216.73.216.44 - - [28/May/2026:01:21:11 +0200] "GET /wpx/?path=%2F%2Fsbin%2F..%2Fshare%2Flocale%2Fes_CL HTTP/1.1" 200 6282 "-" "Mozilla/5.0 AppleWebKit/537.36 (KHTML, like Gecko; compatible; ClaudeBot/1.0; +claudebot@anthropic.com)"
101.200.120.159 - - [28/May/2026:01:21:34 +0200] "GET /web/wp-includes/wlwmanifest.xml HTTP/1.1" 500 0 "-" "Mozilla/5.0 (Windows NT 10.0; Win64; x64) AppleWebKit/537.36 (KHTML, like Gecko) Chrome/79.0 Safari/537.36"
101.200.120.159 - - [28/May/2026:01:21:39 +0200] "GET /site/wp-includes/wlwmanifest.xml HTTP/1.1" 500 0 "-" "Mozilla/5.0 (Windows NT 10.0; Win64; x64) AppleWebKit/537.36 (KHTML, like Gecko) Chrome/79.0 Safari/537.36"
66.249.69.134 - - [28/May/2026:01:20:40 +0200] "GET /?views/G35681206141 HTTP/1.1" 200 158998 "-" "Mozilla/5.0 (Linux; Android 6.0.1; Nexus 5X Build/MMB29P) AppleWebKit/537.36 (KHTML, like Gecko) Chrome/148.0.7778.96 Mobile Safari/537.36 (compatible; Googlebot/2.1; +http://www.google.com/bot.html)"
216.73.216.44 - - [28/May/2026:01:20:51 +0200] "GET /wpx/?fileloc=%2Fhome%2F..%2Fusr%2Finclude%2Fexpat_config.h&path=%2Fhome%2F..%2Fusr%2Finclude HTTP/1.1" 200 8352 "-" "Mozilla/5.0 AppleWebKit/537.36 (KHTML, like Gecko; compatible; ClaudeBot/1.0; +claudebot@anthropic.com)"
216.73.216.44 - - [28/May/2026:01:21:16 +0200] "GET /wpx/?fileloc=%2F%2Flib64%2Frpm-plugins%2F..%2Ffirebird%2F..%2Flibbrotlicommon.so.1&path=%2F%2Flib64%2Frpm-plugins%2F..%2Ffirebird%2F.. HTTP/1.1" 200 152900 "-" "Mozilla/5.0 AppleWebKit/537.36 (KHTML, like Gecko; compatible; ClaudeBot/1.0; +claudebot@anthropic.com)"
57.141.20.8 - - [28/May/2026:01:21:17 +0200] "GET /items/D273509429/ HTTP/1.1" 500 0 "-" "meta-externalagent/1.1 (+https://developers.facebook.com/docs/sharing/webmasters/crawler)"
101.200.120.159 - - [28/May/2026:01:21:22 +0200] "GET / HTTP/1.1" 500 0 "-" "Mozilla/5.0 (Windows NT 10.0; Win64; x64) AppleWebKit/537.36 (KHTML, like Gecko) Chrome/79.0 Safari/537.36"
101.200.120.159 - - [28/May/2026:01:21:23 +0200] "GET / HTTP/1.1" 500 0 "-" "Mozilla/5.0 (Windows NT 10.0; Win64; x64) AppleWebKit/537.36 (KHTML, like Gecko) Chrome/79.0 Safari/537.36"
216.73.216.44 - - [28/May/2026:01:21:26 +0200] "GET /wpx/?fileloc=%2F%2Fusr%2Flocal%2F..%2Finclude%2Fpng.h&path=%2F%2Fusr%2Flocal%2F..%2Finclude HTTP/1.1" 200 150158 "-" "Mozilla/5.0 AppleWebKit/537.36 (KHTML, like Gecko; compatible; ClaudeBot/1.0; +claudebot@anthropic.com)"
101.200.120.159 - - [28/May/2026:01:21:31 +0200] "GET /blog/wp-includes/wlwmanifest.xml HTTP/1.1" 500 0 "-" "Mozilla/5.0 (Windows NT 10.0; Win64; x64) AppleWebKit/537.36 (KHTML, like Gecko) Chrome/79.0 Safari/537.36"
216.73.216.44 - - [28/May/2026:01:21:31 +0200] "GET /wpx/?fileloc=%2F%2Flib64%2Fgawk%2F..%2Fsa%2F..%2Flibpopt.so.0.0.1&path=%2F%2Flib64%2Fgawk%2F..%2Fsa%2F.. HTTP/1.1" 200 86622 "-" "Mozilla/5.0 AppleWebKit/537.36 (KHTML, like Gecko; compatible; ClaudeBot/1.0; +claudebot@anthropic.com)"
66.249.69.133 - - [28/May/2026:01:21:31 +0200] "GET /?views/G35691407271 HTTP/1.1" 200 155367 "-" "Mozilla/5.0 (Linux; Android 6.0.1; Nexus 5X Build/MMB29P) AppleWebKit/537.36 (KHTML, like Gecko) Chrome/148.0.7778.96 Mobile Safari/537.36 (compatible; Googlebot/2.1; +http://www.google.com/bot.html)"
101.200.120.159 - - [28/May/2026:01:21:36 +0200] "GET /website/wp-includes/wlwmanifest.xml HTTP/1.1" 500 0 "-" "Mozilla/5.0 (Windows NT 10.0; Win64; x64) AppleWebKit/537.36 (KHTML, like Gecko) Chrome/79.0 Safari/537.36"
101.200.120.159 - - [28/May/2026:01:21:38 +0200] "GET /wp2/wp-includes/wlwmanifest.xml HTTP/1.1" 500 0 "-" "Mozilla/5.0 (Windows NT 10.0; Win64; x64) AppleWebKit/537.36 (KHTML, like Gecko) Chrome/79.0 Safari/537.36"
101.200.120.159 - - [28/May/2026:01:21:40 +0200] "GET /sito/wp-includes/wlwmanifest.xml HTTP/1.1" 500 0 "-" "Mozilla/5.0 (Windows NT 10.0; Win64; x64) AppleWebKit/537.36 (KHTML, like Gecko) Chrome/79.0 Safari/537.36"
216.73.216.44 - - [28/May/2026:01:22:01 +0200] "GET /wpx/?fileloc=%2F%2F..%2Flib64%2Frsyslog%2F..%2FlibXcursor.so.1.0.2&path=%2F%2F..%2Flib64%2Frsyslog%2F.. HTTP/1.1" 200 71560 "-" "Mozilla/5.0 AppleWebKit/537.36 (KHTML, like Gecko; compatible; ClaudeBot/1.0; +claudebot@anthropic.com)"
216.73.216.44 - - [28/May/2026:01:22:11 +0200] "GET /wpx/?fileloc=%2Fhome%2F..%2F..%2Flib64%2FliboplodbcS.so.2.0.0&path=%2Fhome%2F..%2F..%2Flib64 HTTP/1.1" 200 18643 "-" "Mozilla/5.0 AppleWebKit/537.36 (KHTML, like Gecko; compatible; ClaudeBot/1.0; +claudebot@anthropic.com)"
51.75.119.173 - - [28/May/2026:01:22:14 +0200] "GET /robots.txt HTTP/1.1" 200 444 "-" "Mozilla/5.0 (compatible; MJ12bot/v1.4.8; http://mj12bot.com/)"
216.73.216.44 - - [28/May/2026:01:21:21 +0200] "GET /wpx/?fileloc=%2F%2Fusr%2Flib64%2Fpython2.7%2Fcolorsys.py&path=%2F%2Fusr%2Flib64%2Fpython2.7 HTTP/1.1" 200 8009 "-" "Mozilla/5.0 AppleWebKit/537.36 (KHTML, like Gecko; compatible; ClaudeBot/1.0; +claudebot@anthropic.com)"
101.200.120.159 - - [28/May/2026:01:21:22 +0200] "GET / HTTP/1.1" 500 0 "-" "Mozilla/5.0 (Windows NT 10.0; Win64; x64) AppleWebKit/537.36 (KHTML, like Gecko) Chrome/79.0 Safari/537.36"
101.200.120.159 - - [28/May/2026:01:21:22 +0200] "GET /wp-includes/wlwmanifest.xml HTTP/1.1" 500 0 "-" "Mozilla/5.0 (Windows NT 10.0; Win64; x64) AppleWebKit/537.36 (KHTML, like Gecko) Chrome/79.0 Safari/537.36"
101.200.120.159 - - [28/May/2026:01:21:35 +0200] "GET /wordpress/wp-includes/wlwmanifest.xml HTTP/1.1" 500 0 "-" "Mozilla/5.0 (Windows NT 10.0; Win64; x64) AppleWebKit/537.36 (KHTML, like Gecko) Chrome/79.0 Safari/537.36"
216.73.216.44 - - [28/May/2026:01:21:36 +0200] "GET /wpx/?path=%2F%2Fproc%2Fsysvipc%2F..%2Firq%2F248 HTTP/1.1" 200 12708 "-" "Mozilla/5.0 AppleWebKit/537.36 (KHTML, like Gecko; compatible; ClaudeBot/1.0; +claudebot@anthropic.com)"
101.200.120.159 - - [28/May/2026:01:21:36 +0200] "GET /wp/wp-includes/wlwmanifest.xml HTTP/1.1" 500 0 "-" "Mozilla/5.0 (Windows NT 10.0; Win64; x64) AppleWebKit/537.36 (KHTML, like Gecko) Chrome/79.0 Safari/537.36"
101.200.120.159 - - [28/May/2026:01:21:37 +0200] "GET /news/wp-includes/wlwmanifest.xml HTTP/1.1" 500 0 "-" "Mozilla/5.0 (Windows NT 10.0; Win64; x64) AppleWebKit/537.36 (KHTML, like Gecko) Chrome/79.0 Safari/537.36"
101.200.120.159 - - [28/May/2026:01:21:37 +0200] "GET /wp1/wp-includes/wlwmanifest.xml HTTP/1.1" 500 0 "-" "Mozilla/5.0 (Windows NT 10.0; Win64; x64) AppleWebKit/537.36 (KHTML, like Gecko) Chrome/79.0 Safari/537.36"
101.200.120.159 - - [28/May/2026:01:21:38 +0200] "GET /test/wp-includes/wlwmanifest.xml HTTP/1.1" 500 0 "-" "Mozilla/5.0 (Windows NT 10.0; Win64; x64) AppleWebKit/537.36 (KHTML, like Gecko) Chrome/79.0 Safari/537.36"
216.73.216.44 - - [28/May/2026:01:21:41 +0200] "GET /wpx/?fileloc=%2F%2Flib64%2Fsecurity%2F..%2Fsssd%2F..%2Flibraw_r.so.19.0.2&path=%2F%2Flib64%2Fsecurity%2F..%2Fsssd%2F.. HTTP/1.1" 200 1289205 "-" "Mozilla/5.0 AppleWebKit/537.36 (KHTML, like Gecko; compatible; ClaudeBot/1.0; +claudebot@anthropic.com)"
216.73.216.44 - - [28/May/2026:01:21:46 +0200] "GET /wpx/?fileloc=%2Fhome%2F..%2Flib64%2Fgssproxy%2F..%2Flibcblas.so.3&path=%2Fhome%2F..%2Flib64%2Fgssproxy%2F.. HTTP/1.1" 200 174637 "-" "Mozilla/5.0 AppleWebKit/537.36 (KHTML, like Gecko; compatible; ClaudeBot/1.0; +claudebot@anthropic.com)"
216.73.216.44 - - [28/May/2026:01:21:51 +0200] "GET /wpx/?fileloc=%2F%2F..%2Flib64%2Frsyslog%2F..%2Flibibverbs.so.1&path=%2F%2F..%2Flib64%2Frsyslog%2F.. HTTP/1.1" 200 206359 "-" "Mozilla/5.0 AppleWebKit/537.36 (KHTML, like Gecko; compatible; ClaudeBot/1.0; +claudebot@anthropic.com)"
216.73.216.44 - - [28/May/2026:01:22:06 +0200] "GET /wpx/?fileloc=%2F%2Fproc%2F..%2Flib64%2Flibuser%2F..%2Flibsz.so.2.0.1&path=%2F%2Fproc%2F..%2Flib64%2Flibuser%2F.. HTTP/1.1" 200 18733 "-" "Mozilla/5.0 AppleWebKit/537.36 (KHTML, like Gecko; compatible; ClaudeBot/1.0; +claudebot@anthropic.com)"
51.75.119.173 - - [28/May/2026:01:22:17 +0200] "GET /wpx/?fileloc=/home/bean7936/www/wp-includes/class-wp-recovery-mode-link-service.php&path=/home/bean7936/www/wp-includes HTTP/1.1" 200 7995 "-" "Mozilla/5.0 (compatible; MJ12bot/v1.4.8; http://mj12bot.com/)"
216.73.216.44 - - [28/May/2026:01:22:21 +0200] "GET /wpx/?path=%2F%2Fsbin%2F..%2Fshare%2Flocale%2Fsu HTTP/1.1" 200 6252 "-" "Mozilla/5.0 AppleWebKit/537.36 (KHTML, like Gecko; compatible; ClaudeBot/1.0; +claudebot@anthropic.com)"
51.75.119.173 - - [28/May/2026:01:22:22 +0200] "GET /wpx/?fileloc=/home/bean7936/www/wp-includes/class-wp-role.php&path=/home/bean7936/www/wp-includes HTTP/1.1" 200 6841 "-" "Mozilla/5.0 (compatible; MJ12bot/v1.4.8; http://mj12bot.com/)"
51.75.119.173 - - [28/May/2026:01:22:16 +0200] "GET /admin.php?gz=L2hvbWUvYmVhbjc5MzYvY29tbXVuaWNhdGlvbi1hZ3JvYWxpbWVudGFpcmUuZnIvLndlbGwta25vd24vYWNtZS1jaGFsbGVuZ2U= HTTP/1.1" 200 14067 "-" "Mozilla/5.0 (compatible; MJ12bot/v1.4.8; http://mj12bot.com/)"
216.73.216.44 - - [28/May/2026:01:22:16 +0200] "GET /wpx/?fileloc=%2F%2F..%2Flib64%2Frsyslog%2F..%2Flibzip.so.5.0&path=%2F%2F..%2Flib64%2Frsyslog%2F.. HTTP/1.1" 200 173129 "-" "Mozilla/5.0 AppleWebKit/537.36 (KHTML, like Gecko; compatible; ClaudeBot/1.0; +claudebot@anthropic.com)"
66.249.69.133 - - [28/May/2026:01:22:17 +0200] "GET /?views/G35691738741 HTTP/1.1" 200 171201 "-" "Mozilla/5.0 (Linux; Android 6.0.1; Nexus 5X Build/MMB29P) AppleWebKit/537.36 (KHTML, like Gecko) Chrome/148.0.7778.96 Mobile Safari/537.36 (compatible; Googlebot/2.1; +http://www.google.com/bot.html)"
51.75.119.173 - - [28/May/2026:01:22:20 +0200] "GET /wpx/?fileloc=/home/bean7936/www/wp-includes/class-wp-rewrite.php&path=/home/bean7936/www/wp-includes HTTP/1.1" 200 72989 "-" "Mozilla/5.0 (compatible; MJ12bot/v1.4.8; http://mj12bot.com/)"
51.75.119.173 - - [28/May/2026:01:22:25 +0200] "GET /wpx/?fileloc=/home/bean7936/www/wp-includes/class-wp-script-modules.php&path=/home/bean7936/www/wp-includes HTTP/1.1" 200 39806 "-" "Mozilla/5.0 (compatible; MJ12bot/v1.4.8; http://mj12bot.com/)"
216.73.216.44 - - [28/May/2026:01:22:41 +0200] "GET /wpx/?fileloc=%2F%2Flib64%2Fbind%2F..%2Frcrt1.o&path=%2F%2Flib64%2Fbind%2F.. HTTP/1.1" 200 12780 "-" "Mozilla/5.0 AppleWebKit/537.36 (KHTML, like Gecko; compatible; ClaudeBot/1.0; +claudebot@anthropic.com)"
66.249.69.135 - - [28/May/2026:01:23:05 +0200] "GET /?views/G3567354544 HTTP/1.1" 200 166596 "-" "Mozilla/5.0 (Linux; Android 6.0.1; Nexus 5X Build/MMB29P) AppleWebKit/537.36 (KHTML, like Gecko) Chrome/148.0.7778.96 Mobile Safari/537.36 (compatible; Googlebot/2.1; +http://www.google.com/bot.html)"
216.73.216.44 - - [28/May/2026:01:23:06 +0200] "GET /wpx/?fileloc=%2F%2Flib64%2Fsecurity%2F..%2Fsssd%2F..%2Flibdns.so.1115.0.3&path=%2F%2Flib64%2Fsecurity%2F..%2Fsssd%2F.. HTTP/1.1" 200 3734899 "-" "Mozilla/5.0 AppleWebKit/537.36 (KHTML, like Gecko; compatible; ClaudeBot/1.0; +claudebot@anthropic.com)"
216.73.216.44 - - [28/May/2026:01:23:11 +0200] "GET /wpx/?path=%2F%2Fsbin%2F..%2Fshare%2Flocale%2Fnds HTTP/1.1" 200 6259 "-" "Mozilla/5.0 AppleWebKit/537.36 (KHTML, like Gecko; compatible; ClaudeBot/1.0; +claudebot@anthropic.com)"
216.73.216.44 - - [28/May/2026:01:23:46 +0200] "GET /wpx/?path=%2Fhome%2Fbean7936%2Fperfect-community.com%2Fwpx%2F..%2F..%2F..%2Fbean7936%2F.cagefs HTTP/1.1" 200 11122 "-" "Mozilla/5.0 AppleWebKit/537.36 (KHTML, like Gecko; compatible; ClaudeBot/1.0; +claudebot@anthropic.com)"
216.73.216.44 - - [28/May/2026:01:24:16 +0200] "GET /wpx/?path=%2F%2Fusr%2Fshare%2FModules%2F..%2Fi360-php-opts&upload=gaskan HTTP/1.1" 200 6678 "-" "Mozilla/5.0 AppleWebKit/537.36 (KHTML, like Gecko; compatible; ClaudeBot/1.0; +claudebot@anthropic.com)"
216.73.216.44 - - [28/May/2026:01:24:21 +0200] "GET /wpx/?fileloc=%2F%2F..%2Flib%2Fsystemd%2Fsystem%2Frpc-statd-notify.service&path=%2F%2F..%2Flib%2Fsystemd%2Fsystem HTTP/1.1" 200 4622 "-" "Mozilla/5.0 AppleWebKit/537.36 (KHTML, like Gecko; compatible; ClaudeBot/1.0; +claudebot@anthropic.com)"
216.73.216.44 - - [28/May/2026:01:24:31 +0200] "GET /wpx/?komend=gaskan&path=%2F%2Fetc%2Fssl%2F..%2Fssh HTTP/1.1" 200 7458 "-" "Mozilla/5.0 AppleWebKit/537.36 (KHTML, like Gecko; compatible; ClaudeBot/1.0; +claudebot@anthropic.com)"
66.249.69.134 - - [28/May/2026:01:24:37 +0200] "GET /?views/G3567456672 HTTP/1.1" 200 156857 "-" "Mozilla/5.0 (Linux; Android 6.0.1; Nexus 5X Build/MMB29P) AppleWebKit/537.36 (KHTML, like Gecko) Chrome/148.0.7778.96 Mobile Safari/537.36 (compatible; Googlebot/2.1; +http://www.google.com/bot.html)"
216.73.216.44 - - [28/May/2026:01:24:42 +0200] "GET /wpx/?path=%2F%2F..%2Fvar%2Flog&upload=gaskan HTTP/1.1" 200 20942 "-" "Mozilla/5.0 AppleWebKit/537.36 (KHTML, like Gecko; compatible; ClaudeBot/1.0; +claudebot@anthropic.com)"
51.75.119.173 - - [28/May/2026:01:22:23 +0200] "GET /wpx/?fileloc=/home/bean7936/www/wp-includes/class-wp-roles.php&path=/home/bean7936/www/wp-includes HTTP/1.1" 200 14287 "-" "Mozilla/5.0 (compatible; MJ12bot/v1.4.8; http://mj12bot.com/)"
216.73.216.44 - - [28/May/2026:01:22:26 +0200] "GET /wpx/?fileloc=%2F%2Flib64%2Fgawk%2F..%2Fsa%2F..%2Flibhogweed.so.4.5&path=%2F%2Flib64%2Fgawk%2F..%2Fsa%2F.. HTTP/1.1" 200 325921 "-" "Mozilla/5.0 AppleWebKit/537.36 (KHTML, like Gecko; compatible; ClaudeBot/1.0; +claudebot@anthropic.com)"
216.73.216.44 - - [28/May/2026:01:22:36 +0200] "GET /wpx/?fileloc=%2F%2F..%2Flib64%2Flibnl%2F..%2Flibasound.so.2&path=%2F%2F..%2Flib64%2Flibnl%2F.. HTTP/1.1" 200 1736538 "-" "Mozilla/5.0 AppleWebKit/537.36 (KHTML, like Gecko; compatible; ClaudeBot/1.0; +claudebot@anthropic.com)"
216.73.216.44 - - [28/May/2026:01:22:51 +0200] "GET /wpx/?fileloc=%2Fhome%2F..%2Flib64%2Fpkgconfig%2F..%2Flibxcb-dri2.so&path=%2Fhome%2F..%2Flib64%2Fpkgconfig%2F.. HTTP/1.1" 200 34450 "-" "Mozilla/5.0 AppleWebKit/537.36 (KHTML, like Gecko; compatible; ClaudeBot/1.0; +claudebot@anthropic.com)"
216.73.216.44 - - [28/May/2026:01:22:56 +0200] "GET /wpx/?komend=gaskan&path=%2F%2F..%2Flib%2Fmodules-load.d HTTP/1.1" 200 5735 "-" "Mozilla/5.0 AppleWebKit/537.36 (KHTML, like Gecko; compatible; ClaudeBot/1.0; +claudebot@anthropic.com)"
216.73.216.44 - - [28/May/2026:01:23:16 +0200] "GET /wpx/?fileloc=%2F%2F..%2Flib64%2Flibnl%2F..%2FlibIlmThread-2_2.so.12.0.0&path=%2F%2F..%2Flib64%2Flibnl%2F.. HTTP/1.1" 200 46045 "-" "Mozilla/5.0 AppleWebKit/537.36 (KHTML, like Gecko; compatible; ClaudeBot/1.0; +claudebot@anthropic.com)"
216.73.216.44 - - [28/May/2026:01:23:21 +0200] "GET /wpx/?fileloc=%2F%2Flib64%2FNetworkManager%2F..%2Flibrrd.so.8&path=%2F%2Flib64%2FNetworkManager%2F.. HTTP/1.1" 200 589150 "-" "Mozilla/5.0 AppleWebKit/537.36 (KHTML, like Gecko; compatible; ClaudeBot/1.0; +claudebot@anthropic.com)"
216.73.216.44 - - [28/May/2026:01:23:36 +0200] "GET /wpx/?fileloc=%2F%2Fusr%2F..%2Flib64%2Fgroff%2F..%2Flibip6tc.so.2.0.0&path=%2F%2Fusr%2F..%2Flib64%2Fgroff%2F.. HTTP/1.1" 200 49563 "-" "Mozilla/5.0 AppleWebKit/537.36 (KHTML, like Gecko; compatible; ClaudeBot/1.0; +claudebot@anthropic.com)"
216.73.216.44 - - [28/May/2026:01:23:42 +0200] "GET /wpx/?fileloc=%2F%2Fopt%2F..%2Fsbin%2Fdelpart&path=%2F%2Fopt%2F..%2Fsbin HTTP/1.1" 200 38647 "-" "Mozilla/5.0 AppleWebKit/537.36 (KHTML, like Gecko; compatible; ClaudeBot/1.0; +claudebot@anthropic.com)"
66.249.69.133 - - [28/May/2026:01:23:50 +0200] "GET /?views/G3567323120 HTTP/1.1" 200 163692 "-" "Mozilla/5.0 (Linux; Android 6.0.1; Nexus 5X Build/MMB29P) AppleWebKit/537.36 (KHTML, like Gecko) Chrome/148.0.7778.96 Mobile Safari/537.36 (compatible; Googlebot/2.1; +http://www.google.com/bot.html)"
216.73.216.44 - - [28/May/2026:01:23:51 +0200] "GET /wpx/?fileloc=%2F%2F..%2Flib64%2Frsyslog%2F..%2FlibSvtAv1Dec.so.0&path=%2F%2F..%2Flib64%2Frsyslog%2F.. HTTP/1.1" 200 3273672 "-" "Mozilla/5.0 AppleWebKit/537.36 (KHTML, like Gecko; compatible; ClaudeBot/1.0; +claudebot@anthropic.com)"
216.73.216.44 - - [28/May/2026:01:23:56 +0200] "GET /wpx/?fileloc=%2F%2Flib64%2Fsecurity%2F..%2Fbpf%2F..%2Flibnftnl.so.11.6.0&path=%2F%2Flib64%2Fsecurity%2F..%2Fbpf%2F.. HTTP/1.1" 200 325399 "-" "Mozilla/5.0 AppleWebKit/537.36 (KHTML, like Gecko; compatible; ClaudeBot/1.0; +claudebot@anthropic.com)"
216.73.216.44 - - [28/May/2026:01:24:01 +0200] "GET /wpx/?fileloc=%2F%2Fusr%2Flib64%2Fpython3.12%2F__pycache__%2Fheapq.cpython-312.opt-1.pyc&path=%2F%2Fusr%2Flib64%2Fpython3.12%2F__pycache__ HTTP/1.1" 200 25798 "-" "Mozilla/5.0 AppleWebKit/537.36 (KHTML, like Gecko; compatible; ClaudeBot/1.0; +claudebot@anthropic.com)"
216.73.216.44 - - [28/May/2026:01:24:26 +0200] "GET /wpx/?fileloc=%2Fhome%2F..%2Flib64%2Fpkgconfig%2F..%2Flibisccfg.so.163&path=%2Fhome%2F..%2Flib64%2Fpkgconfig%2F.. HTTP/1.1" 200 275713 "-" "Mozilla/5.0 AppleWebKit/537.36 (KHTML, like Gecko; compatible; ClaudeBot/1.0; +claudebot@anthropic.com)"
101.200.120.159 - - [28/May/2026:01:21:39 +0200] "GET /cms/wp-includes/wlwmanifest.xml HTTP/1.1" 500 0 "-" "Mozilla/5.0 (Windows NT 10.0; Win64; x64) AppleWebKit/537.36 (KHTML, like Gecko) Chrome/79.0 Safari/537.36"
216.73.216.44 - - [28/May/2026:01:21:56 +0200] "GET /wpx/?fileloc=%2F%2F..%2Flib64%2Frsyslog%2F..%2Flibtic.so.6.1&path=%2F%2F..%2Flib64%2Frsyslog%2F.. HTTP/1.1" 200 105626 "-" "Mozilla/5.0 AppleWebKit/537.36 (KHTML, like Gecko; compatible; ClaudeBot/1.0; +claudebot@anthropic.com)"
51.75.119.173 - - [28/May/2026:01:22:18 +0200] "GET /wpx/?fileloc=/home/bean7936/www/wp-includes/class-wp-recovery-mode.php&path=/home/bean7936/www/wp-includes HTTP/1.1" 200 16566 "-" "Mozilla/5.0 (compatible; MJ12bot/v1.4.8; http://mj12bot.com/)"
216.73.216.44 - - [28/May/2026:01:22:31 +0200] "GET /wpx/?fileloc=%2Fhome%2F..%2Flib64%2Fgssproxy%2F..%2Flibc-2.28.so&path=%2Fhome%2F..%2Flib64%2Fgssproxy%2F.. HTTP/1.1" 200 3347240 "-" "Mozilla/5.0 AppleWebKit/537.36 (KHTML, like Gecko; compatible; ClaudeBot/1.0; +claudebot@anthropic.com)"
216.73.216.44 - - [28/May/2026:01:22:46 +0200] "GET /wpx/?fileloc=%2F%2Fbin%2F..%2Fbin%2Frnano&path=%2F%2Fbin%2F..%2Fbin HTTP/1.1" 200 398751 "-" "Mozilla/5.0 AppleWebKit/537.36 (KHTML, like Gecko; compatible; ClaudeBot/1.0; +claudebot@anthropic.com)"
216.73.216.44 - - [28/May/2026:01:23:01 +0200] "GET /wpx/?fileloc=%2Fhome%2F..%2F..%2Flib64%2Flibpci.so.3.7.0&path=%2Fhome%2F..%2F..%2Flib64 HTTP/1.1" 200 90944 "-" "Mozilla/5.0 AppleWebKit/537.36 (KHTML, like Gecko; compatible; ClaudeBot/1.0; +claudebot@anthropic.com)"
216.73.216.44 - - [28/May/2026:01:23:26 +0200] "GET /wpx/?fileloc=%2F%2Fusr%2Flibexec%2Fgit-core%2Fgit-mergetool&path=%2F%2Fusr%2Flibexec%2Fgit-core HTTP/1.1" 200 18512 "-" "Mozilla/5.0 AppleWebKit/537.36 (KHTML, like Gecko; compatible; ClaudeBot/1.0; +claudebot@anthropic.com)"
57.141.20.44 - - [28/May/2026:01:23:30 +0200] "GET /items/D272123354/ HTTP/1.1" 500 0 "-" "meta-externalagent/1.1 (+https://developers.facebook.com/docs/sharing/webmasters/crawler)"
216.73.216.44 - - [28/May/2026:01:23:31 +0200] "GET /wpx/?fileloc=%2F%2F..%2Fusr%2Flib64%2Fgroff%2F..%2Flibip6tc.so.2.0.0&path=%2F%2F..%2Fusr%2Flib64%2Fgroff%2F.. HTTP/1.1" 200 49562 "-" "Mozilla/5.0 AppleWebKit/537.36 (KHTML, like Gecko; compatible; ClaudeBot/1.0; +claudebot@anthropic.com)"
216.73.216.44 - - [28/May/2026:01:24:06 +0200] "GET /wpx/?fileloc=%2F%2Flib64%2Fsecurity%2F..%2Fxtables%2Flibxt_devgroup.so&path=%2F%2Flib64%2Fsecurity%2F..%2Fxtables HTTP/1.1" 200 19030 "-" "Mozilla/5.0 AppleWebKit/537.36 (KHTML, like Gecko; compatible; ClaudeBot/1.0; +claudebot@anthropic.com)"
216.73.216.44 - - [28/May/2026:01:24:11 +0200] "GET /wpx/?fileloc=%2F%2Flib%2F..%2Fbin%2Fbzless&path=%2F%2Flib%2F..%2Fbin HTTP/1.1" 200 5688 "-" "Mozilla/5.0 AppleWebKit/537.36 (KHTML, like Gecko; compatible; ClaudeBot/1.0; +claudebot@anthropic.com)"
57.141.20.10 - - [28/May/2026:01:24:36 +0200] "GET /items/D272451934/ HTTP/1.1" 500 0 "-" "meta-externalagent/1.1 (+https://developers.facebook.com/docs/sharing/webmasters/crawler)"
216.73.216.44 - - [28/May/2026:01:24:37 +0200] "GET /wpx/?fileloc=%2Fhome%2F..%2Flib64%2Fgssproxy%2F..%2Flibavahi-common.so.3&path=%2Fhome%2F..%2Flib64%2Fgssproxy%2F.. HTTP/1.1" 200 80716 "-" "Mozilla/5.0 AppleWebKit/537.36 (KHTML, like Gecko; compatible; ClaudeBot/1.0; +claudebot@anthropic.com)"
216.73.216.44 - - [28/May/2026:01:25:18 +0200] "GET /wpx/?fileloc=%2F%2Flib64%2Frpm-plugins%2F..%2Flibevent_pthreads.so&path=%2F%2Flib64%2Frpm-plugins%2F.. HTTP/1.1" 200 18568 "-" "Mozilla/5.0 AppleWebKit/537.36 (KHTML, like Gecko; compatible; ClaudeBot/1.0; +claudebot@anthropic.com)"
66.249.69.133 - - [28/May/2026:01:25:19 +0200] "GET /?views/G3567387854 HTTP/1.1" 200 154265 "-" "Mozilla/5.0 (Linux; Android 6.0.1; Nexus 5X Build/MMB29P) AppleWebKit/537.36 (KHTML, like Gecko) Chrome/148.0.7778.96 Mobile Safari/537.36 (compatible; Googlebot/2.1; +http://www.google.com/bot.html)"
216.73.216.44 - - [28/May/2026:01:24:57 +0200] "GET /wpx/?fileloc=%2F%2Fproc%2F..%2Flib64%2Ffipscheck%2F..%2Flibxshmfence.so.1&path=%2F%2Fproc%2F..%2Flib64%2Ffipscheck%2F.. HTTP/1.1" 200 18687 "-" "Mozilla/5.0 AppleWebKit/537.36 (KHTML, like Gecko; compatible; ClaudeBot/1.0; +claudebot@anthropic.com)"
216.73.216.44 - - [28/May/2026:01:25:02 +0200] "GET /wpx/?fileloc=%2F%2F..%2Flib64%2Flibstdc++.so.6&path=%2F%2F..%2Flib64 HTTP/1.1" 200 4094 "-" "Mozilla/5.0 AppleWebKit/537.36 (KHTML, like Gecko; compatible; ClaudeBot/1.0; +claudebot@anthropic.com)"
216.73.216.44 - - [28/May/2026:01:25:07 +0200] "GET /wpx/?fileloc=%2F%2Fproc%2F..%2Flib64%2Flibuser%2F..%2Flibwmflite-0.2.so.7&path=%2F%2Fproc%2F..%2Flib64%2Flibuser%2F.. HTTP/1.1" 200 206123 "-" "Mozilla/5.0 AppleWebKit/537.36 (KHTML, like Gecko; compatible; ClaudeBot/1.0; +claudebot@anthropic.com)"
216.73.216.44 - - [28/May/2026:01:25:12 +0200] "GET /wpx/?fileloc=%2F%2Fproc%2Fsysvipc%2F..%2Fself%2Fmountinfo&path=%2F%2Fproc%2Fsysvipc%2F..%2Fself HTTP/1.1" 200 26273 "-" "Mozilla/5.0 AppleWebKit/537.36 (KHTML, like Gecko; compatible; ClaudeBot/1.0; +claudebot@anthropic.com)"
216.73.216.44 - - [28/May/2026:01:25:27 +0200] "GET /wpx/?fileloc=%2F%2Frun%2F..%2Fbin%2Fgrotty&path=%2F%2Frun%2F..%2Fbin HTTP/1.1" 200 207297 "-" "Mozilla/5.0 AppleWebKit/537.36 (KHTML, like Gecko; compatible; ClaudeBot/1.0; +claudebot@anthropic.com)"
216.73.216.44 - - [28/May/2026:01:25:32 +0200] "GET /wpx/?fileloc=%2F%2Flib64%2Fgawk%2F..%2Fldb%2F..%2Flibhwy_test.so.1.0.2&path=%2F%2Flib64%2Fgawk%2F..%2Fldb%2F.. HTTP/1.1" 200 18359 "-" "Mozilla/5.0 AppleWebKit/537.36 (KHTML, like Gecko; compatible; ClaudeBot/1.0; +claudebot@anthropic.com)"
202.76.137.80 - - [28/May/2026:01:25:38 +0200] "GET /sitemap_788.xml HTTP/1.1" 200 537751 "-" "Mozilla/5.0 (Windows NT 10.0; Win64; x64) AppleWebKit/537.36 (KHTML, like Gecko) Chrome/131.0.6778.139 Safari/537.36"
57.141.20.67 - - [28/May/2026:01:25:44 +0200] "GET /items/D275193562/ HTTP/1.1" 500 0 "-" "meta-externalagent/1.1 (+https://developers.facebook.com/docs/sharing/webmasters/crawler)"
216.73.216.44 - - [28/May/2026:01:25:57 +0200] "GET /wpx/?fileloc=%2F%2Flib64%2Frpm-plugins%2F..%2Ffirebird%2F..%2Flibxcb-shm.so.0.0.0&path=%2F%2Flib64%2Frpm-plugins%2F..%2Ffirebird%2F.. HTTP/1.1" 200 26656 "-" "Mozilla/5.0 AppleWebKit/537.36 (KHTML, like Gecko; compatible; ClaudeBot/1.0; +claudebot@anthropic.com)"
216.73.216.44 - - [28/May/2026:01:26:02 +0200] "GET /wpx/?fileloc=%2Fhome%2F..%2Flib64%2Fgssproxy%2F..%2FliboplodbcS.so.2.0.0&path=%2Fhome%2F..%2Flib64%2Fgssproxy%2F.. HTTP/1.1" 200 18735 "-" "Mozilla/5.0 AppleWebKit/537.36 (KHTML, like Gecko; compatible; ClaudeBot/1.0; +claudebot@anthropic.com)"
216.73.216.44 - - [28/May/2026:01:24:47 +0200] "GET /wpx/?fileloc=%2F%2Flib64%2Fsecurity%2F..%2Fsssd%2F..%2Flibatk-1.0.so.0&path=%2F%2Flib64%2Fsecurity%2F..%2Fsssd%2F.. HTTP/1.1" 200 248985 "-" "Mozilla/5.0 AppleWebKit/537.36 (KHTML, like Gecko; compatible; ClaudeBot/1.0; +claudebot@anthropic.com)"
216.73.216.44 - - [28/May/2026:01:24:52 +0200] "GET /wpx/?fileloc=%2F%2F..%2Flib64%2FGraphicsMagick-1.3.38%2F..%2Flibresolv.so.2&path=%2F%2F..%2Flib64%2FGraphicsMagick-1.3.38%2F.. HTTP/1.1" 200 143038 "-" "Mozilla/5.0 AppleWebKit/537.36 (KHTML, like Gecko; compatible; ClaudeBot/1.0; +claudebot@anthropic.com)"
216.73.216.44 - - [28/May/2026:01:25:22 +0200] "GET /wpx/?fileloc=%2F%2Fdev%2F..%2Flib64%2Flibtiff.so.5&path=%2F%2Fdev%2F..%2Flib64 HTTP/1.1" 200 731176 "-" "Mozilla/5.0 AppleWebKit/537.36 (KHTML, like Gecko; compatible; ClaudeBot/1.0; +claudebot@anthropic.com)"
216.73.216.44 - - [28/May/2026:01:25:37 +0200] "GET /wpx/?fileloc=%2F%2Flib64%2Flua%2F..%2Flibnewt.so.0.52.20&path=%2F%2Flib64%2Flua%2F.. HTTP/1.1" 200 148102 "-" "Mozilla/5.0 AppleWebKit/537.36 (KHTML, like Gecko; compatible; ClaudeBot/1.0; +claudebot@anthropic.com)"
216.73.216.44 - - [28/May/2026:01:25:43 +0200] "GET /wpx/?path=%2F%2Fusr%2Finclude%2Fselinux HTTP/1.1" 200 13459 "-" "Mozilla/5.0 AppleWebKit/537.36 (KHTML, like Gecko; compatible; ClaudeBot/1.0; +claudebot@anthropic.com)"
