216.73.216.44 - - [28/May/2026:01:04:19 +0200] "GET /wpx/?path=%2Fhome%2F..%2Flib64%2Fgssproxy%2F..%2Fman-db HTTP/1.1" 200 9375 "-" "Mozilla/5.0 AppleWebKit/537.36 (KHTML, like Gecko; compatible; ClaudeBot/1.0; +claudebot@anthropic.com)"
216.73.216.44 - - [28/May/2026:01:04:29 +0200] "GET /wpx/?fileloc=%2F%2Fusr%2Flib64%2Fpython3.6%2F..%2FlibXi.so.6.1.0&path=%2F%2Fusr%2Flib64%2Fpython3.6%2F.. HTTP/1.1" 200 111584 "-" "Mozilla/5.0 AppleWebKit/537.36 (KHTML, like Gecko; compatible; ClaudeBot/1.0; +claudebot@anthropic.com)"
178.83.10.59 - - [28/May/2026:01:04:34 +0200] "GET / HTTP/1.1" 500 0 "-" "Mozilla/5.0 (Windows NT 10.0; Win64; x64) AppleWebKit/537.36 (KHTML, like Gecko) Chrome/117.0.5938.132 Safari/537.36"
216.73.216.44 - - [28/May/2026:01:04:34 +0200] "GET /wpx/?fileloc=%2F%2Fusr%2Flib64%2Fpython3.6%2F..%2Flibevent_pthreads-2.1.so.6&path=%2F%2Fusr%2Flib64%2Fpython3.6%2F.. HTTP/1.1" 200 18616 "-" "Mozilla/5.0 AppleWebKit/537.36 (KHTML, like Gecko; compatible; ClaudeBot/1.0; +claudebot@anthropic.com)"
216.73.216.44 - - [28/May/2026:01:04:39 +0200] "GET /wpx/?fileloc=%2Fhome%2F..%2Flib64%2Flua%2F..%2Flibsepol.so.1&path=%2Fhome%2F..%2Flib64%2Flua%2F.. HTTP/1.1" 200 1164084 "-" "Mozilla/5.0 AppleWebKit/537.36 (KHTML, like Gecko; compatible; ClaudeBot/1.0; +claudebot@anthropic.com)"
216.73.216.44 - - [28/May/2026:01:04:44 +0200] "GET /wpx/?fileloc=%2Fhome%2F..%2Flib64%2Flua%2F..%2Flibodbc.so.2.0.0&path=%2Fhome%2F..%2Flib64%2Flua%2F.. HTTP/1.1" 200 709366 "-" "Mozilla/5.0 AppleWebKit/537.36 (KHTML, like Gecko; compatible; ClaudeBot/1.0; +claudebot@anthropic.com)"
144.79.133.31 - - [28/May/2026:01:04:45 +0200] "GET / HTTP/1.1" 500 0 "-" "Mozilla/5.0 (Windows NT 10.0; Win64; x64; rv:146.0) Gecko/20100101 Firefox/146.0"
144.79.133.31 - - [28/May/2026:01:04:50 +0200] "GET / HTTP/1.1" 500 0 "-" "Mozilla/5.0 (Windows NT 10.0; Win64; x64; rv:146.0) Gecko/20100101 Firefox/146.0"
101.200.120.159 - - [28/May/2026:01:04:56 +0200] "GET / HTTP/1.1" 500 0 "-" "Mozilla/5.0 (Windows NT 10.0; Win64; x64) AppleWebKit/537.36 (KHTML, like Gecko) Chrome/79.0 Safari/537.36"
101.200.120.159 - - [28/May/2026:01:04:57 +0200] "GET /wp-includes/wlwmanifest.xml HTTP/1.1" 500 0 "-" "Mozilla/5.0 (Windows NT 10.0; Win64; x64) AppleWebKit/537.36 (KHTML, like Gecko) Chrome/79.0 Safari/537.36"
101.200.120.159 - - [28/May/2026:01:04:59 +0200] "GET /blog/wp-includes/wlwmanifest.xml HTTP/1.1" 500 0 "-" "Mozilla/5.0 (Windows NT 10.0; Win64; x64) AppleWebKit/537.36 (KHTML, like Gecko) Chrome/79.0 Safari/537.36"
216.73.216.44 - - [28/May/2026:01:04:59 +0200] "GET /wpx/?fileloc=%2F%2Flib64%2Fpkgconfig%2F..%2Fpython3.6%2Fnntplib.py&path=%2F%2Flib64%2Fpkgconfig%2F..%2Fpython3.6 HTTP/1.1" 200 51554 "-" "Mozilla/5.0 AppleWebKit/537.36 (KHTML, like Gecko; compatible; ClaudeBot/1.0; +claudebot@anthropic.com)"
101.200.120.159 - - [28/May/2026:01:05:03 +0200] "GET /web/wp-includes/wlwmanifest.xml HTTP/1.1" 500 0 "-" "Mozilla/5.0 (Windows NT 10.0; Win64; x64) AppleWebKit/537.36 (KHTML, like Gecko) Chrome/79.0 Safari/537.36"
101.200.120.159 - - [28/May/2026:01:05:08 +0200] "GET /news/wp-includes/wlwmanifest.xml HTTP/1.1" 500 0 "-" "Mozilla/5.0 (Windows NT 10.0; Win64; x64) AppleWebKit/537.36 (KHTML, like Gecko) Chrome/79.0 Safari/537.36"
101.200.120.159 - - [28/May/2026:01:05:08 +0200] "GET /wp1/wp-includes/wlwmanifest.xml HTTP/1.1" 500 0 "-" "Mozilla/5.0 (Windows NT 10.0; Win64; x64) AppleWebKit/537.36 (KHTML, like Gecko) Chrome/79.0 Safari/537.36"
66.249.69.134 - - [28/May/2026:01:05:08 +0200] "GET /?views/G35701925677 HTTP/1.1" 200 168505 "-" "Mozilla/5.0 (Linux; Android 6.0.1; Nexus 5X Build/MMB29P) AppleWebKit/537.36 (KHTML, like Gecko) Chrome/148.0.7778.96 Mobile Safari/537.36 (compatible; Googlebot/2.1; +http://www.google.com/bot.html)"
101.200.120.159 - - [28/May/2026:01:05:09 +0200] "GET /test/wp-includes/wlwmanifest.xml HTTP/1.1" 500 0 "-" "Mozilla/5.0 (Windows NT 10.0; Win64; x64) AppleWebKit/537.36 (KHTML, like Gecko) Chrome/79.0 Safari/537.36"
101.200.120.159 - - [28/May/2026:01:05:09 +0200] "GET /wp2/wp-includes/wlwmanifest.xml HTTP/1.1" 500 0 "-" "Mozilla/5.0 (Windows NT 10.0; Win64; x64) AppleWebKit/537.36 (KHTML, like Gecko) Chrome/79.0 Safari/537.36"
216.73.216.44 - - [28/May/2026:01:05:09 +0200] "GET /wpx/?fileloc=%2F%2Flib64%2Fpython2.7%2Ftest%2F..%2Fxmllib.pyo&path=%2F%2Flib64%2Fpython2.7%2Ftest%2F.. HTTP/1.1" 200 33279 "-" "Mozilla/5.0 AppleWebKit/537.36 (KHTML, like Gecko; compatible; ClaudeBot/1.0; +claudebot@anthropic.com)"
101.200.120.159 - - [28/May/2026:01:05:10 +0200] "GET /site/wp-includes/wlwmanifest.xml HTTP/1.1" 500 0 "-" "Mozilla/5.0 (Windows NT 10.0; Win64; x64) AppleWebKit/537.36 (KHTML, like Gecko) Chrome/79.0 Safari/537.36"
216.73.216.44 - - [28/May/2026:01:03:29 +0200] "GET /wpx/?fileloc=%2F%2Flib64%2Fpython3.6%2F..%2Flibmenuw.so.6.1&path=%2F%2Flib64%2Fpython3.6%2F.. HTTP/1.1" 200 58659 "-" "Mozilla/5.0 AppleWebKit/537.36 (KHTML, like Gecko; compatible; ClaudeBot/1.0; +claudebot@anthropic.com)"
216.73.216.44 - - [28/May/2026:01:03:49 +0200] "GET /wpx/?fileloc=%2Fhome%2F..%2Fproc%2Fdriver%2F..%2Ffilesystems&path=%2Fhome%2F..%2Fproc%2Fdriver%2F.. HTTP/1.1" 200 4679 "-" "Mozilla/5.0 AppleWebKit/537.36 (KHTML, like Gecko; compatible; ClaudeBot/1.0; +claudebot@anthropic.com)"
216.73.216.44 - - [28/May/2026:01:04:10 +0200] "GET /wpx/?fileloc=%2F%2F..%2Fetc%2Fmail%2F..%2Fld.so.conf&path=%2F%2F..%2Fetc%2Fmail%2F.. HTTP/1.1" 200 4211 "-" "Mozilla/5.0 AppleWebKit/537.36 (KHTML, like Gecko; compatible; ClaudeBot/1.0; +claudebot@anthropic.com)"
66.249.69.134 - - [28/May/2026:01:04:13 +0200] "GET /?views/G35691625526 HTTP/1.1" 200 159932 "-" "Mozilla/5.0 (Linux; Android 6.0.1; Nexus 5X Build/MMB29P) AppleWebKit/537.36 (KHTML, like Gecko) Chrome/148.0.7778.96 Mobile Safari/537.36 (compatible; Googlebot/2.1; +http://www.google.com/bot.html)"
66.249.69.133 - - [28/May/2026:01:04:29 +0200] "GET /views/G35691597681 HTTP/1.1" 200 164245 "-" "Mozilla/5.0 (Linux; Android 6.0.1; Nexus 5X Build/MMB29P) AppleWebKit/537.36 (KHTML, like Gecko) Chrome/148.0.7778.96 Mobile Safari/537.36 (compatible; Googlebot/2.1; +http://www.google.com/bot.html)"
82.29.95.68 - - [28/May/2026:01:04:34 +0200] "GET / HTTP/1.1" 500 0 "-" "Mozilla/5.0 (Windows NT 10.0; Win64; x64) AppleWebKit/537.36 (KHTML, like Gecko) Chrome/117.0.5938.132 Safari/537.36"
57.141.20.13 - - [28/May/2026:01:04:37 +0200] "GET /items/D273563535/ HTTP/1.1" 500 0 "-" "meta-externalagent/1.1 (+https://developers.facebook.com/docs/sharing/webmasters/crawler)"
216.73.216.44 - - [28/May/2026:01:04:54 +0200] "GET /wpx/?fileloc=%2Fhome%2F..%2Flib64%2Flua%2F..%2Flibdrm.so.2.4.0&path=%2Fhome%2F..%2Flib64%2Flua%2F.. HTTP/1.1" 200 132563 "-" "Mozilla/5.0 AppleWebKit/537.36 (KHTML, like Gecko; compatible; ClaudeBot/1.0; +claudebot@anthropic.com)"
101.200.120.159 - - [28/May/2026:01:04:56 +0200] "GET / HTTP/1.1" 500 0 "-" "Mozilla/5.0 (Windows NT 10.0; Win64; x64) AppleWebKit/537.36 (KHTML, like Gecko) Chrome/79.0 Safari/537.36"
101.200.120.159 - - [28/May/2026:01:04:58 +0200] "GET / HTTP/1.1" 500 0 "-" "Mozilla/5.0 (Windows NT 10.0; Win64; x64) AppleWebKit/537.36 (KHTML, like Gecko) Chrome/79.0 Safari/537.36"
216.73.216.44 - - [28/May/2026:01:05:04 +0200] "GET /wpx/?fileloc=%2F%2Fusr%2Finclude%2Fbind9%2F..%2Futime.h&path=%2F%2Fusr%2Finclude%2Fbind9%2F.. HTTP/1.1" 200 5753 "-" "Mozilla/5.0 AppleWebKit/537.36 (KHTML, like Gecko; compatible; ClaudeBot/1.0; +claudebot@anthropic.com)"
101.200.120.159 - - [28/May/2026:01:05:05 +0200] "GET /wordpress/wp-includes/wlwmanifest.xml HTTP/1.1" 500 0 "-" "Mozilla/5.0 (Windows NT 10.0; Win64; x64) AppleWebKit/537.36 (KHTML, like Gecko) Chrome/79.0 Safari/537.36"
101.200.120.159 - - [28/May/2026:01:05:07 +0200] "GET /wp/wp-includes/wlwmanifest.xml HTTP/1.1" 500 0 "-" "Mozilla/5.0 (Windows NT 10.0; Win64; x64) AppleWebKit/537.36 (KHTML, like Gecko) Chrome/79.0 Safari/537.36"
216.73.216.44 - - [28/May/2026:01:05:19 +0200] "GET /wpx/?fileloc=%2F%2Flib64%2Fpython3.12%2F..%2Flibnssckbi.so&path=%2F%2Flib64%2Fpython3.12%2F.. HTTP/1.1" 200 352272 "-" "Mozilla/5.0 AppleWebKit/537.36 (KHTML, like Gecko; compatible; ClaudeBot/1.0; +claudebot@anthropic.com)"
216.73.216.44 - - [28/May/2026:01:05:49 +0200] "GET /wpx/?path=%2F%2Fetc%2Fmodulefiles%2F..%2Ffonts HTTP/1.1" 200 7134 "-" "Mozilla/5.0 AppleWebKit/537.36 (KHTML, like Gecko; compatible; ClaudeBot/1.0; +claudebot@anthropic.com)"
66.249.69.133 - - [28/May/2026:01:05:55 +0200] "GET /?views/G35701816225 HTTP/1.1" 200 155951 "-" "Mozilla/5.0 (Linux; Android 6.0.1; Nexus 5X Build/MMB29P) AppleWebKit/537.36 (KHTML, like Gecko) Chrome/148.0.7778.96 Mobile Safari/537.36 (compatible; Googlebot/2.1; +http://www.google.com/bot.html)"
216.73.216.44 - - [28/May/2026:01:03:59 +0200] "GET /wpx/?fileloc=%2F%2F..%2Flib64%2Fsecurity%2F..%2Flibjemalloc.so.1&path=%2F%2F..%2Flib64%2Fsecurity%2F.. HTTP/1.1" 200 946863 "-" "Mozilla/5.0 AppleWebKit/537.36 (KHTML, like Gecko; compatible; ClaudeBot/1.0; +claudebot@anthropic.com)"
216.73.216.44 - - [28/May/2026:01:04:14 +0200] "GET /wpx/index.php?path=%2F%2Fhome%2F..%2Fdev%2Fpts HTTP/1.1" 200 5316 "-" "Mozilla/5.0 AppleWebKit/537.36 (KHTML, like Gecko; compatible; ClaudeBot/1.0; +claudebot@anthropic.com)"
216.73.216.44 - - [28/May/2026:01:04:24 +0200] "GET /wpx/?fileloc=%2Fhome%2F..%2Flib64%2Flua%2F..%2Flibwebpdemux.so&path=%2Fhome%2F..%2Flib64%2Flua%2F.. HTTP/1.1" 200 32262 "-" "Mozilla/5.0 AppleWebKit/537.36 (KHTML, like Gecko; compatible; ClaudeBot/1.0; +claudebot@anthropic.com)"
178.83.10.67 - - [28/May/2026:01:04:35 +0200] "GET / HTTP/1.1" 500 0 "-" "Mozilla/5.0 (Windows NT 10.0; Win64; x64) AppleWebKit/537.36 (KHTML, like Gecko) Chrome/117.0.5938.132 Safari/537.36"
144.79.133.31 - - [28/May/2026:01:04:49 +0200] "GET / HTTP/1.1" 500 0 "-" "Mozilla/5.0 (Windows NT 10.0; Win64; x64; rv:146.0) Gecko/20100101 Firefox/146.0"
216.73.216.44 - - [28/May/2026:01:04:49 +0200] "GET /wpx/?fileloc=%2F%2Flib64%2Fpython3.6%2Funittest%2F..%2Fquopri.py&path=%2F%2Flib64%2Fpython3.6%2Funittest%2F.. HTTP/1.1" 200 12512 "-" "Mozilla/5.0 AppleWebKit/537.36 (KHTML, like Gecko; compatible; ClaudeBot/1.0; +claudebot@anthropic.com)"
101.200.120.159 - - [28/May/2026:01:05:06 +0200] "GET /website/wp-includes/wlwmanifest.xml HTTP/1.1" 500 0 "-" "Mozilla/5.0 (Windows NT 10.0; Win64; x64) AppleWebKit/537.36 (KHTML, like Gecko) Chrome/79.0 Safari/537.36"
101.200.120.159 - - [28/May/2026:01:05:11 +0200] "GET /sito/wp-includes/wlwmanifest.xml HTTP/1.1" 500 0 "-" "Mozilla/5.0 (Windows NT 10.0; Win64; x64) AppleWebKit/537.36 (KHTML, like Gecko) Chrome/79.0 Safari/537.36"
216.73.216.44 - - [28/May/2026:01:05:14 +0200] "GET /wpx/?fileloc=%2F%2Fetc%2Fbash_completion.d%2F..%2Fenvironment&path=%2F%2Fetc%2Fbash_completion.d%2F.. HTTP/1.1" 200 4216 "-" "Mozilla/5.0 AppleWebKit/537.36 (KHTML, like Gecko; compatible; ClaudeBot/1.0; +claudebot@anthropic.com)"
216.73.216.44 - - [28/May/2026:01:05:29 +0200] "GET /wpx/?fileloc=%2F%2Fusr%2Flib64%2Fpython3.6%2F..%2Flibprotobuf-c.so.1&path=%2F%2Fusr%2Flib64%2Fpython3.6%2F.. HTTP/1.1" 200 60756 "-" "Mozilla/5.0 AppleWebKit/537.36 (KHTML, like Gecko; compatible; ClaudeBot/1.0; +claudebot@anthropic.com)"
216.73.216.44 - - [28/May/2026:01:05:34 +0200] "GET /wpx/?fileloc=%2F%2Fusr%2Flib64%2Fpython3.6%2F__pycache__%2Fpprint.cpython-36.pyc&path=%2F%2Fusr%2Flib64%2Fpython3.6%2F__pycache__ HTTP/1.1" 200 21589 "-" "Mozilla/5.0 AppleWebKit/537.36 (KHTML, like Gecko; compatible; ClaudeBot/1.0; +claudebot@anthropic.com)"
216.73.216.44 - - [28/May/2026:01:05:39 +0200] "GET /wpx/?fileloc=%2F%2F..%2Flib%2Fsystemd%2Fsystem%2Fsys-kernel-debug.mount&path=%2F%2F..%2Flib%2Fsystemd%2Fsystem HTTP/1.1" 200 4943 "-" "Mozilla/5.0 AppleWebKit/537.36 (KHTML, like Gecko; compatible; ClaudeBot/1.0; +claudebot@anthropic.com)"
57.141.20.54 - - [28/May/2026:01:05:43 +0200] "GET /items/D271508032/ HTTP/1.1" 500 0 "-" "meta-externalagent/1.1 (+https://developers.facebook.com/docs/sharing/webmasters/crawler)"
216.73.216.44 - - [28/May/2026:01:06:19 +0200] "GET /wpx/?fileloc=%2F%2F..%2Flib64%2Frpm-plugins%2F..%2Flibisccfg.so&path=%2F%2F..%2Flib64%2Frpm-plugins%2F.. HTTP/1.1" 200 275662 "-" "Mozilla/5.0 AppleWebKit/537.36 (KHTML, like Gecko; compatible; ClaudeBot/1.0; +claudebot@anthropic.com)"
216.73.216.44 - - [28/May/2026:01:06:24 +0200] "GET /wpx/?fileloc=%2F%2Flib64%2Fpgsql%2F..%2FlibodbcminiS.so.2&path=%2F%2Flib64%2Fpgsql%2F.. HTTP/1.1" 200 13305 "-" "Mozilla/5.0 AppleWebKit/537.36 (KHTML, like Gecko; compatible; ClaudeBot/1.0; +claudebot@anthropic.com)"
216.73.216.44 - - [28/May/2026:01:06:39 +0200] "GET /wpx/?fileloc=%2Fhome%2F..%2Flib64%2Fpython2.7%2Fos2emxpath.pyo&path=%2Fhome%2F..%2Flib64%2Fpython2.7 HTTP/1.1" 200 8994 "-" "Mozilla/5.0 AppleWebKit/537.36 (KHTML, like Gecko; compatible; ClaudeBot/1.0; +claudebot@anthropic.com)"
101.200.120.159 - - [28/May/2026:01:05:10 +0200] "GET /cms/wp-includes/wlwmanifest.xml HTTP/1.1" 500 0 "-" "Mozilla/5.0 (Windows NT 10.0; Win64; x64) AppleWebKit/537.36 (KHTML, like Gecko) Chrome/79.0 Safari/537.36"
216.73.216.44 - - [28/May/2026:01:05:24 +0200] "GET /wpx/?path=%2F%2Flib64%2Fsse2%2F..%2FNetworkManager HTTP/1.1" 200 6287 "-" "Mozilla/5.0 AppleWebKit/537.36 (KHTML, like Gecko; compatible; ClaudeBot/1.0; +claudebot@anthropic.com)"
92.222.108.125 - - [28/May/2026:01:05:29 +0200] "GET /?sitemap648.xml HTTP/1.1" 200 13 "-" "Mozilla/5.0 (compatible; AhrefsBot/7.0; +http://ahrefs.com/robot/)"
216.73.216.44 - - [28/May/2026:01:05:44 +0200] "GET /wpx/?fileloc=%2F%2Flib64%2Flua%2F..%2Flibpath_utils.so.1&path=%2F%2Flib64%2Flua%2F.. HTTP/1.1" 200 25843 "-" "Mozilla/5.0 AppleWebKit/537.36 (KHTML, like Gecko; compatible; ClaudeBot/1.0; +claudebot@anthropic.com)"
216.73.216.44 - - [28/May/2026:01:05:54 +0200] "GET /wpx/?fileloc=%2F%2Flib64%2Fpython3.12%2F..%2Flibcurl.so.4.5.0&path=%2F%2Flib64%2Fpython3.12%2F.. HTTP/1.1" 200 948570 "-" "Mozilla/5.0 AppleWebKit/537.36 (KHTML, like Gecko; compatible; ClaudeBot/1.0; +claudebot@anthropic.com)"
216.73.216.44 - - [28/May/2026:01:05:59 +0200] "GET /wpx/?fileloc=%2F%2Fusr%2Flib64%2Fpython3.12%2F..%2Flibgmp.so.10&path=%2F%2Fusr%2Flib64%2Fpython3.12%2F.. HTTP/1.1" 200 1057553 "-" "Mozilla/5.0 AppleWebKit/537.36 (KHTML, like Gecko; compatible; ClaudeBot/1.0; +claudebot@anthropic.com)"
216.73.216.44 - - [28/May/2026:01:06:04 +0200] "GET /wpx/?fileloc=%2F%2Flib64%2Fpython3.6%2F..%2Fliblmdb.so.0.0.0&path=%2F%2Flib64%2Fpython3.6%2F.. HTTP/1.1" 200 144770 "-" "Mozilla/5.0 AppleWebKit/537.36 (KHTML, like Gecko; compatible; ClaudeBot/1.0; +claudebot@anthropic.com)"
216.73.216.44 - - [28/May/2026:01:06:29 +0200] "GET /wpx/?path=%2F%2Flib%2Feclipse%2F..%2FNetworkManager%2Fconf.d HTTP/1.1" 200 5524 "-" "Mozilla/5.0 AppleWebKit/537.36 (KHTML, like Gecko; compatible; ClaudeBot/1.0; +claudebot@anthropic.com)"
204.12.208.18 - - [28/May/2026:01:06:32 +0200] "GET /wp-content/qqdb97af/edit.php HTTP/1.1" 200 6 "https://perfect-community.com/wp-content/qqdb97af/edit.php" "Mozilla/5.0 (Macintosh; U; Intel Mac OS X; ja-jp) AppleWebKit/523.10.3 (KHTML, like Gecko) Version/3.0.4 Safari/523.10"
216.73.216.44 - - [28/May/2026:01:06:34 +0200] "GET /wpx/?fileloc=%2F%2Fdev%2F..%2Fbin%2Fisosize&path=%2F%2Fdev%2F..%2Fbin HTTP/1.1" 200 39925 "-" "Mozilla/5.0 AppleWebKit/537.36 (KHTML, like Gecko; compatible; ClaudeBot/1.0; +claudebot@anthropic.com)"
79.117.176.137 - - [28/May/2026:01:06:42 +0200] "GET /sitemap_851.xml HTTP/1.1" 200 537509 "-" "Mozilla/5.0 (Macintosh; Intel Mac OS X 13.6; rv:131.0) Gecko/20100101 Firefox/131.0"
216.73.216.44 - - [28/May/2026:01:06:44 +0200] "GET /wpx/?fileloc=%2F%2F..%2Flib64%2Fgawk%2F..%2FlibXrender.so.1&path=%2F%2F..%2Flib64%2Fgawk%2F.. HTTP/1.1" 200 76051 "-" "Mozilla/5.0 AppleWebKit/537.36 (KHTML, like Gecko; compatible; ClaudeBot/1.0; +claudebot@anthropic.com)"
222.252.105.111 - - [28/May/2026:01:06:53 +0200] "GET / HTTP/1.1" 500 0 "-" "Mozilla/5.0 (Windows NT 10.0; Win64; x64) AppleWebKit/537.36 (KHTML, like Gecko) Chrome/143.0.0.0 Safari/537.36 OPR/127.0.0.0"
222.252.105.111 - - [28/May/2026:01:06:54 +0200] "GET / HTTP/1.1" 500 0 "-" "Mozilla/5.0 (Windows NT 10.0; Win64; x64) AppleWebKit/537.36 (KHTML, like Gecko) Chrome/143.0.0.0 Safari/537.36 OPR/127.0.0.0"
222.252.105.111 - - [28/May/2026:01:06:55 +0200] "GET / HTTP/1.1" 500 0 "-" "Mozilla/5.0 (Windows NT 10.0; Win64; x64) AppleWebKit/537.36 (KHTML, like Gecko) Chrome/143.0.0.0 Safari/537.36 OPR/127.0.0.0"
216.73.216.44 - - [28/May/2026:01:07:04 +0200] "GET /wpx/?fileloc=%2F%2Fopt%2F..%2Fbin%2Fsqlite3&path=%2F%2Fopt%2F..%2Fbin HTTP/1.1" 200 2140978 "-" "Mozilla/5.0 AppleWebKit/537.36 (KHTML, like Gecko; compatible; ClaudeBot/1.0; +claudebot@anthropic.com)"
216.73.216.44 - - [28/May/2026:01:07:09 +0200] "GET /wpx/?komend=gaskan&path=%2F%2Flib64%2Fsecurity%2F..%2Fpython3.6 HTTP/1.1" 200 189677 "-" "Mozilla/5.0 AppleWebKit/537.36 (KHTML, like Gecko; compatible; ClaudeBot/1.0; +claudebot@anthropic.com)"
66.249.69.134 - - [28/May/2026:01:06:05 +0200] "GET /?_i=090000377 HTTP/1.1" 200 154938 "-" "Mozilla/5.0 (Linux; Android 6.0.1; Nexus 5X Build/MMB29P) AppleWebKit/537.36 (KHTML, like Gecko) Chrome/148.0.7778.96 Mobile Safari/537.36 (compatible; Googlebot/2.1; +http://www.google.com/bot.html)"
216.73.216.44 - - [28/May/2026:01:06:09 +0200] "GET /wpx/?path=%2F%2Fsbin%2F..%2Flib%2Fdebug%2Flib64 HTTP/1.1" 200 5417 "-" "Mozilla/5.0 AppleWebKit/537.36 (KHTML, like Gecko; compatible; ClaudeBot/1.0; +claudebot@anthropic.com)"
216.73.216.44 - - [28/May/2026:01:06:14 +0200] "GET /wpx/?fileloc=%2F%2Flib64%2Fpython3.12%2Fmultiprocessing%2F..%2Fcopyreg.py&path=%2F%2Flib64%2Fpython3.12%2Fmultiprocessing%2F.. HTTP/1.1" 200 12488 "-" "Mozilla/5.0 AppleWebKit/537.36 (KHTML, like Gecko; compatible; ClaudeBot/1.0; +claudebot@anthropic.com)"
66.249.69.133 - - [28/May/2026:01:06:44 +0200] "GET /?views/G35701812821 HTTP/1.1" 200 163433 "-" "Mozilla/5.0 (Linux; Android 6.0.1; Nexus 5X Build/MMB29P) AppleWebKit/537.36 (KHTML, like Gecko) Chrome/148.0.7778.96 Mobile Safari/537.36 (compatible; Googlebot/2.1; +http://www.google.com/bot.html)"
57.141.20.13 - - [28/May/2026:01:06:50 +0200] "GET /items/D275585422/ HTTP/1.1" 500 0 "-" "meta-externalagent/1.1 (+https://developers.facebook.com/docs/sharing/webmasters/crawler)"
216.73.216.44 - - [28/May/2026:01:07:19 +0200] "GET /wpx/?fileloc=%2Fhome%2F..%2Fusr%2Flibexec%2Fgit-core%2Fgit-init&path=%2Fhome%2F..%2Fusr%2Flibexec%2Fgit-core HTTP/1.1" 200 5941777 "-" "Mozilla/5.0 AppleWebKit/537.36 (KHTML, like Gecko; compatible; ClaudeBot/1.0; +claudebot@anthropic.com)"
66.249.69.133 - - [28/May/2026:01:07:33 +0200] "GET /?views/G35712509988 HTTP/1.1" 200 163557 "-" "Mozilla/5.0 (Linux; Android 6.0.1; Nexus 5X Build/MMB29P) AppleWebKit/537.36 (KHTML, like Gecko) Chrome/148.0.7778.96 Mobile Safari/537.36 (compatible; Googlebot/2.1; +http://www.google.com/bot.html)"
216.73.216.44 - - [28/May/2026:01:07:34 +0200] "GET /wpx/?fileloc=%2F%2Flib64%2Fpython3.12%2F..%2Flibkrb5support.so.0.1&path=%2F%2Flib64%2Fpython3.12%2F.. HTTP/1.1" 200 107093 "-" "Mozilla/5.0 AppleWebKit/537.36 (KHTML, like Gecko; compatible; ClaudeBot/1.0; +claudebot@anthropic.com)"
66.249.69.135 - - [28/May/2026:01:07:34 +0200] "GET /?views/G35691406530 HTTP/1.1" 200 160962 "-" "Mozilla/5.0 (Linux; Android 6.0.1; Nexus 5X Build/MMB29P) AppleWebKit/537.36 (KHTML, like Gecko) Chrome/148.0.7778.96 Mobile Safari/537.36 (compatible; Googlebot/2.1; +http://www.google.com/bot.html)"
216.73.216.44 - - [28/May/2026:01:07:39 +0200] "GET /wpx/?fileloc=%2F%2Fdev%2F..%2Fproc%2Fkpagecount&path=%2F%2Fdev%2F..%2Fproc HTTP/1.1" 200 4135 "-" "Mozilla/5.0 AppleWebKit/537.36 (KHTML, like Gecko; compatible; ClaudeBot/1.0; +claudebot@anthropic.com)"
216.73.216.44 - - [28/May/2026:01:07:49 +0200] "GET /wpx/?path=%2F%2Fusr%2Finclude%2Fscsi%2F..%2Fxcb HTTP/1.1" 200 34260 "-" "Mozilla/5.0 AppleWebKit/537.36 (KHTML, like Gecko; compatible; ClaudeBot/1.0; +claudebot@anthropic.com)"
130.51.22.226 - - [28/May/2026:01:07:51 +0200] "GET / HTTP/1.1" 500 0 "-" "Mozilla/5.0 (Macintosh; Intel Mac OS X 10_15_7) AppleWebKit/605.1.15 (KHTML, like Gecko)"
216.73.216.44 - - [28/May/2026:01:07:54 +0200] "GET /wpx/?fileloc=%2F%2Fusr%2Flib64%2Fpython3.6%2F..%2Flibmariadbd.so.19&path=%2F%2Fusr%2Flib64%2Fpython3.6%2F.. HTTP/1.1" 200 35884849 "-" "Mozilla/5.0 AppleWebKit/537.36 (KHTML, like Gecko; compatible; ClaudeBot/1.0; +claudebot@anthropic.com)"
216.73.216.44 - - [28/May/2026:01:07:59 +0200] "GET /wpx/?path=%2F%2Flib64%2Fpython3.6%2Fcurses%2F..%2Fconfig-3.6m-x86_64-linux-gnu HTTP/1.1" 200 16959 "-" "Mozilla/5.0 AppleWebKit/537.36 (KHTML, like Gecko; compatible; ClaudeBot/1.0; +claudebot@anthropic.com)"
216.73.216.44 - - [28/May/2026:01:08:04 +0200] "GET /wpx/?fileloc=%2F%2Flib64%2Fpython3.12%2Fcurses%2F..%2Flzma.py&path=%2F%2Flib64%2Fpython3.12%2Fcurses%2F.. HTTP/1.1" 200 19090 "-" "Mozilla/5.0 AppleWebKit/537.36 (KHTML, like Gecko; compatible; ClaudeBot/1.0; +claudebot@anthropic.com)"
216.73.216.44 - - [28/May/2026:01:07:14 +0200] "GET /wpx/?fileloc=%2F%2F..%2Flib64%2Fgawk%2F..%2Flibncurses++.so.6&path=%2F%2F..%2Flib64%2Fgawk%2F.. HTTP/1.1" 200 4204 "-" "Mozilla/5.0 AppleWebKit/537.36 (KHTML, like Gecko; compatible; ClaudeBot/1.0; +claudebot@anthropic.com)"
130.51.22.226 - - [28/May/2026:01:07:52 +0200] "GET / HTTP/1.1" 500 0 "-" "Mozilla/5.0 (Macintosh; Intel Mac OS X 10_15_7) AppleWebKit/605.1.15 (KHTML, like Gecko)"
57.141.20.10 - - [28/May/2026:01:07:57 +0200] "GET /items/D274146920/ HTTP/1.1" 500 0 "-" "meta-externalagent/1.1 (+https://developers.facebook.com/docs/sharing/webmasters/crawler)"
216.73.216.44 - - [28/May/2026:01:08:19 +0200] "GET /wpx/?fileloc=%2F%2F..%2Flib64%2Fsecurity%2F..%2Flibdebuginfod-0.190.so&path=%2F%2F..%2Flib64%2Fsecurity%2F.. HTTP/1.1" 200 50218 "-" "Mozilla/5.0 AppleWebKit/537.36 (KHTML, like Gecko; compatible; ClaudeBot/1.0; +claudebot@anthropic.com)"
216.73.216.44 - - [28/May/2026:01:08:24 +0200] "GET /wpx/?path=%2F%2Flib%2Ftmpfiles.d%2F..%2Fkbd%2F..%2Fmotd.d HTTP/1.1" 200 5531 "-" "Mozilla/5.0 AppleWebKit/537.36 (KHTML, like Gecko; compatible; ClaudeBot/1.0; +claudebot@anthropic.com)"
216.73.216.44 - - [28/May/2026:01:08:49 +0200] "GET /wpx/?path=%2Fhome%2F..%2Flib64%2Fpkgconfig%2F..%2Flibxslt-plugins HTTP/1.1" 200 5591 "-" "Mozilla/5.0 AppleWebKit/537.36 (KHTML, like Gecko; compatible; ClaudeBot/1.0; +claudebot@anthropic.com)"
216.73.216.44 - - [28/May/2026:01:09:00 +0200] "GET /wpx/?fileloc=%2F%2F..%2Flib64%2Fsecurity%2F..%2Flibxtables.so.12&path=%2F%2F..%2Flib64%2Fsecurity%2F.. HTTP/1.1" 200 92260 "-" "Mozilla/5.0 AppleWebKit/537.36 (KHTML, like Gecko; compatible; ClaudeBot/1.0; +claudebot@anthropic.com)"
216.73.216.44 - - [28/May/2026:01:09:04 +0200] "GET /wpx/?path=%2F%2Flib64%2Fpython3.12%2Fctypes%2F..&upload=gaskan HTTP/1.1" 200 187954 "-" "Mozilla/5.0 AppleWebKit/537.36 (KHTML, like Gecko; compatible; ClaudeBot/1.0; +claudebot@anthropic.com)"
216.73.216.44 - - [28/May/2026:01:09:15 +0200] "GET /wpx/?fileloc=%2F%2Flib64%2Fpython3.12%2Fmultiprocessing%2F..%2Fgzip.py&path=%2F%2Flib64%2Fpython3.12%2Fmultiprocessing%2F.. HTTP/1.1" 200 31967 "-" "Mozilla/5.0 AppleWebKit/537.36 (KHTML, like Gecko; compatible; ClaudeBot/1.0; +claudebot@anthropic.com)"
216.73.216.44 - - [28/May/2026:01:08:09 +0200] "GET /wpx/?path=%2F%2Fproc%2Fthread-self%2F..%2F1336798 HTTP/1.1" 200 4195 "-" "Mozilla/5.0 AppleWebKit/537.36 (KHTML, like Gecko; compatible; ClaudeBot/1.0; +claudebot@anthropic.com)"
216.73.216.44 - - [28/May/2026:01:08:29 +0200] "GET /wpx/?fileloc=%2F%2Flib64%2Fpython3.12%2F..%2Flibxcb-dpms.so.0&path=%2F%2Flib64%2Fpython3.12%2F.. HTTP/1.1" 200 21601 "-" "Mozilla/5.0 AppleWebKit/537.36 (KHTML, like Gecko; compatible; ClaudeBot/1.0; +claudebot@anthropic.com)"
216.73.216.44 - - [28/May/2026:01:08:34 +0200] "GET /wpx/?fileloc=%2F%2Fusr%2Flib64%2Fpython3.6%2F..%2Flibevent-2.1.so.6&path=%2F%2Fusr%2Flib64%2Fpython3.6%2F.. HTTP/1.1" 200 575635 "-" "Mozilla/5.0 AppleWebKit/537.36 (KHTML, like Gecko; compatible; ClaudeBot/1.0; +claudebot@anthropic.com)"
216.73.216.44 - - [28/May/2026:01:08:54 +0200] "GET /wpx/?fileloc=%2F%2Fusr%2Flib64%2Fpython3.12%2F..%2Flibsctp.so.1&path=%2F%2Fusr%2Flib64%2Fpython3.12%2F.. HTTP/1.1" 200 27778 "-" "Mozilla/5.0 AppleWebKit/537.36 (KHTML, like Gecko; compatible; ClaudeBot/1.0; +claudebot@anthropic.com)"
216.73.216.44 - - [28/May/2026:01:09:10 +0200] "GET /wpx/?fileloc=%2Fhome%2F..%2Flib64%2Fpython2.7%2Fpstats.pyo&path=%2Fhome%2F..%2Flib64%2Fpython2.7 HTTP/1.1" 200 30625 "-" "Mozilla/5.0 AppleWebKit/537.36 (KHTML, like Gecko; compatible; ClaudeBot/1.0; +claudebot@anthropic.com)"
66.249.69.133 - - [28/May/2026:01:09:11 +0200] "GET /?views/G35712376912 HTTP/1.1" 200 153710 "-" "Mozilla/5.0 (Linux; Android 6.0.1; Nexus 5X Build/MMB29P) AppleWebKit/537.36 (KHTML, like Gecko) Chrome/148.0.7778.96 Mobile Safari/537.36 (compatible; Googlebot/2.1; +http://www.google.com/bot.html)"
216.73.216.44 - - [28/May/2026:01:06:49 +0200] "GET /wpx/?komend=gaskan&path=%2F%2F..%2Flib64%2Fpython3.12 HTTP/1.1" 200 181749 "-" "Mozilla/5.0 AppleWebKit/537.36 (KHTML, like Gecko; compatible; ClaudeBot/1.0; +claudebot@anthropic.com)"
216.73.216.44 - - [28/May/2026:01:06:54 +0200] "GET /wpx/?fileloc=%2F%2Fusr%2Flib64%2Fpython3.12%2F..%2F.libssl.so.1.1.1k.hmac&path=%2F%2Fusr%2Flib64%2Fpython3.12%2F.. HTTP/1.1" 200 4318 "-" "Mozilla/5.0 AppleWebKit/537.36 (KHTML, like Gecko; compatible; ClaudeBot/1.0; +claudebot@anthropic.com)"
216.73.216.44 - - [28/May/2026:01:06:59 +0200] "GET /wpx/?fileloc=%2F%2Fusr%2Flib64%2Fpython3.6%2F..%2Flibcrack.so.2.9.0&path=%2F%2Fusr%2Flib64%2Fpython3.6%2F.. HTTP/1.1" 200 63954 "-" "Mozilla/5.0 AppleWebKit/537.36 (KHTML, like Gecko; compatible; ClaudeBot/1.0; +claudebot@anthropic.com)"
216.73.216.44 - - [28/May/2026:01:07:24 +0200] "GET /wpx/?fileloc=%2Fhome%2F..%2Fetc%2Fmodulefiles%2F..%2Ftrustedmailhosts&path=%2Fhome%2F..%2Fetc%2Fmodulefiles%2F.. HTTP/1.1" 200 4290 "-" "Mozilla/5.0 AppleWebKit/537.36 (KHTML, like Gecko; compatible; ClaudeBot/1.0; +claudebot@anthropic.com)"
216.73.216.44 - - [28/May/2026:01:07:29 +0200] "GET /wpx/?fileloc=%2F%2Flib64%2Fpython2.7%2Fmultiprocessing%2F..%2Fsndhdr.py&path=%2F%2Flib64%2Fpython2.7%2Fmultiprocessing%2F.. HTTP/1.1" 200 10944 "-" "Mozilla/5.0 AppleWebKit/537.36 (KHTML, like Gecko; compatible; ClaudeBot/1.0; +claudebot@anthropic.com)"
204.12.208.18 - - [28/May/2026:01:06:12 +0200] "GET /wp-content/qqdb97af/edit.php HTTP/1.1" 200 0 "https://perfect-community.com/wp-content/qqdb97af/edit.php" "Mozilla/5.0 (Macintosh; U; PPC Mac OS X; ja-jp) AppleWebKit/523.10.6 (KHTML, like Gecko) Version/3.0.4 Safari/523.10.6"
216.73.216.44 - - [28/May/2026:01:07:44 +0200] "GET /wpx/?fileloc=%2F%2Flib64%2Fpython3.12%2Fmultiprocessing%2F..%2Fdis.py&path=%2F%2Flib64%2Fpython3.12%2Fmultiprocessing%2F.. HTTP/1.1" 200 37015 "-" "Mozilla/5.0 AppleWebKit/537.36 (KHTML, like Gecko; compatible; ClaudeBot/1.0; +claudebot@anthropic.com)"
130.51.22.226 - - [28/May/2026:01:07:50 +0200] "GET / HTTP/1.1" 500 0 "-" "Mozilla/5.0 (Macintosh; Intel Mac OS X 10_15_7) AppleWebKit/605.1.15 (KHTML, like Gecko)"
216.73.216.44 - - [28/May/2026:01:08:14 +0200] "GET /wpx/?path=%2F%2Flib64%2Fgssproxy%2F..%2Fgawk HTTP/1.1" 200 16295 "-" "Mozilla/5.0 AppleWebKit/537.36 (KHTML, like Gecko; compatible; ClaudeBot/1.0; +claudebot@anthropic.com)"
66.249.69.135 - - [28/May/2026:01:08:22 +0200] "GET /?views/G35712647706 HTTP/1.1" 200 162510 "-" "Mozilla/5.0 (Linux; Android 6.0.1; Nexus 5X Build/MMB29P) AppleWebKit/537.36 (KHTML, like Gecko) Chrome/148.0.7778.96 Mobile Safari/537.36 (compatible; Googlebot/2.1; +http://www.google.com/bot.html)"
216.73.216.44 - - [28/May/2026:01:08:39 +0200] "GET /wpx/?fileloc=%2F%2Fusr%2Finclude%2Fnetrose%2F..%2Fcom_err.h&path=%2F%2Fusr%2Finclude%2Fnetrose%2F.. HTTP/1.1" 200 6382 "-" "Mozilla/5.0 AppleWebKit/537.36 (KHTML, like Gecko; compatible; ClaudeBot/1.0; +claudebot@anthropic.com)"
216.73.216.44 - - [28/May/2026:01:08:44 +0200] "GET /wpx/?fileloc=%2Fhome%2F..%2Fetc%2Fbash_completion.d%2F..%2Fsenderverifybypasshosts&path=%2Fhome%2F..%2Fetc%2Fbash_completion.d%2F.. HTTP/1.1" 200 4333 "-" "Mozilla/5.0 AppleWebKit/537.36 (KHTML, like Gecko; compatible; ClaudeBot/1.0; +claudebot@anthropic.com)"
57.141.20.25 - - [28/May/2026:01:09:04 +0200] "GET /items/D272130611/ HTTP/1.1" 500 0 "-" "meta-externalagent/1.1 (+https://developers.facebook.com/docs/sharing/webmasters/crawler)"
216.73.216.44 - - [28/May/2026:01:09:20 +0200] "GET /wpx/?fileloc=%2F%2F..%2F..%2Flib64%2FlibodbcnnS.so.2&path=%2F%2F..%2F..%2Flib64 HTTP/1.1" 200 13110 "-" "Mozilla/5.0 AppleWebKit/537.36 (KHTML, like Gecko; compatible; ClaudeBot/1.0; +claudebot@anthropic.com)"
173.252.95.9 - - [28/May/2026:01:09:21 +0200] "GET /robots.txt HTTP/1.1" 200 444 "-" "facebookexternalhit/1.1 (+http://www.facebook.com/externalhit_uatext.php)"
216.73.216.44 - - [28/May/2026:01:09:25 +0200] "GET /wpx/?fileloc=%2F%2Fusr%2Finclude%2Fvideo%2F..%2Fprintf.h&path=%2F%2Fusr%2Finclude%2Fvideo%2F.. HTTP/1.1" 200 11178 "-" "Mozilla/5.0 AppleWebKit/537.36 (KHTML, like Gecko; compatible; ClaudeBot/1.0; +claudebot@anthropic.com)"
216.73.216.44 - - [28/May/2026:01:09:30 +0200] "GET /wpx/?fileloc=%2F%2Flib64%2Fpython3.12%2F..%2FlibXdamage.so.1.1.0&path=%2F%2Flib64%2Fpython3.12%2F.. HTTP/1.1" 200 19463 "-" "Mozilla/5.0 AppleWebKit/537.36 (KHTML, like Gecko; compatible; ClaudeBot/1.0; +claudebot@anthropic.com)"
216.73.216.44 - - [28/May/2026:01:09:35 +0200] "GET /wpx/?fileloc=%2F%2Flib64%2Fpython2.7%2Fmultiprocessing%2F..%2Fimghdr.pyc&path=%2F%2Flib64%2Fpython2.7%2Fmultiprocessing%2F.. HTTP/1.1" 200 9355 "-" "Mozilla/5.0 AppleWebKit/537.36 (KHTML, like Gecko; compatible; ClaudeBot/1.0; +claudebot@anthropic.com)"
216.73.216.44 - - [28/May/2026:01:09:40 +0200] "GET /wpx/?fileloc=%2F%2Fdev%2F..%2Fbin%2Fpl2pm&path=%2F%2Fdev%2F..%2Fbin HTTP/1.1" 200 9034 "-" "Mozilla/5.0 AppleWebKit/537.36 (KHTML, like Gecko; compatible; ClaudeBot/1.0; +claudebot@anthropic.com)"
216.73.216.44 - - [28/May/2026:01:09:45 +0200] "GET /wpx/?fileloc=%2F%2Fusr%2Fshare%2FModules%2F..%2Fawk%2Fgettime.awk&path=%2F%2Fusr%2Fshare%2FModules%2F..%2Fawk HTTP/1.1" 200 7358 "-" "Mozilla/5.0 AppleWebKit/537.36 (KHTML, like Gecko; compatible; ClaudeBot/1.0; +claudebot@anthropic.com)"
216.73.216.44 - - [28/May/2026:01:09:50 +0200] "GET /wpx/?path=%2F%2Fusr%2Fselector.etc%2F..%2Finclude%2Fxen HTTP/1.1" 200 9244 "-" "Mozilla/5.0 AppleWebKit/537.36 (KHTML, like Gecko; compatible; ClaudeBot/1.0; +claudebot@anthropic.com)"
216.73.216.44 - - [28/May/2026:01:09:55 +0200] "GET /wpx/?path=%2F%2Ftmp%2F..%2Flib64%2Fsssd HTTP/1.1" 200 21643 "-" "Mozilla/5.0 AppleWebKit/537.36 (KHTML, like Gecko; compatible; ClaudeBot/1.0; +claudebot@anthropic.com)"
66.249.69.133 - - [28/May/2026:01:10:01 +0200] "GET /?views/G356652184 HTTP/1.1" 200 153587 "-" "Mozilla/5.0 (Linux; Android 6.0.1; Nexus 5X Build/MMB29P) AppleWebKit/537.36 (KHTML, like Gecko) Chrome/148.0.7778.96 Mobile Safari/537.36 (compatible; Googlebot/2.1; +http://www.google.com/bot.html)"
216.73.216.44 - - [28/May/2026:01:10:10 +0200] "GET /wpx/?fileloc=%2F%2Fproc%2F..%2Fproc%2Fthread-self%2Fsetgroups&path=%2F%2Fproc%2F..%2Fproc%2Fthread-self HTTP/1.1" 200 4242 "-" "Mozilla/5.0 AppleWebKit/537.36 (KHTML, like Gecko; compatible; ClaudeBot/1.0; +claudebot@anthropic.com)"
216.73.216.44 - - [28/May/2026:01:10:15 +0200] "GET /wpx/?fileloc=%2F%2Flib64%2Fpython2.7%2Fidlelib%2F..%2Fanydbm.pyo&path=%2F%2Flib64%2Fpython2.7%2Fidlelib%2F.. HTTP/1.1" 200 7276 "-" "Mozilla/5.0 AppleWebKit/537.36 (KHTML, like Gecko; compatible; ClaudeBot/1.0; +claudebot@anthropic.com)"
216.73.216.44 - - [28/May/2026:01:10:25 +0200] "GET /wpx/?fileloc=%2F%2Flib64%2Fpython2.7%2Fmultiprocessing%2F..%2Fidlelib%2FCodeContext.py&path=%2F%2Flib64%2Fpython2.7%2Fmultiprocessing%2F..%2Fidlelib HTTP/1.1" 200 13530 "-" "Mozilla/5.0 AppleWebKit/537.36 (KHTML, like Gecko; compatible; ClaudeBot/1.0; +claudebot@anthropic.com)"
216.73.216.44 - - [28/May/2026:01:10:30 +0200] "GET /wpx/?fileloc=%2F%2F..%2Flib64%2Fsecurity%2F..%2Flibm.so.6&path=%2F%2F..%2Flib64%2Fsecurity%2F.. HTTP/1.1" 200 2740550 "-" "Mozilla/5.0 AppleWebKit/537.36 (KHTML, like Gecko; compatible; ClaudeBot/1.0; +claudebot@anthropic.com)"
216.73.216.44 - - [28/May/2026:01:10:40 +0200] "GET /wpx/?fileloc=%2F%2Fusr%2Flib64%2Fpython3.6%2F..%2Flibanl-2.28.so&path=%2F%2Fusr%2Flib64%2Fpython3.6%2F.. HTTP/1.1" 200 27820 "-" "Mozilla/5.0 AppleWebKit/537.36 (KHTML, like Gecko; compatible; ClaudeBot/1.0; +claudebot@anthropic.com)"
216.73.216.44 - - [28/May/2026:01:10:50 +0200] "GET /wpx/?path=%2Fhome%2Fbean7936%2Fliftsecurity-pro.fr%2F..%2F.wp-cli%2F..%2Fdev.manger-francais.com HTTP/1.1" 200 8151 "-" "Mozilla/5.0 AppleWebKit/537.36 (KHTML, like Gecko; compatible; ClaudeBot/1.0; +claudebot@anthropic.com)"
216.73.216.44 - - [28/May/2026:01:11:05 +0200] "GET /wpx/?fileloc=%2F%2Fusr%2Flib64%2Fpython3.12%2F__pycache__%2Ftraceback.cpython-312.pyc&path=%2F%2Fusr%2Flib64%2Fpython3.12%2F__pycache__ HTTP/1.1" 200 67320 "-" "Mozilla/5.0 AppleWebKit/537.36 (KHTML, like Gecko; compatible; ClaudeBot/1.0; +claudebot@anthropic.com)"
216.73.216.44 - - [28/May/2026:01:11:10 +0200] "GET /wpx/?fileloc=%2F%2F..%2Fusr%2Flib64%2Fgroff%2F..%2Flibjemalloc.so.1&path=%2F%2F..%2Fusr%2Flib64%2Fgroff%2F.. HTTP/1.1" 200 946902 "-" "Mozilla/5.0 AppleWebKit/537.36 (KHTML, like Gecko; compatible; ClaudeBot/1.0; +claudebot@anthropic.com)"
216.73.216.44 - - [28/May/2026:01:11:15 +0200] "GET /wpx/?fileloc=%2F%2Fproc%2F..%2Fbin%2Fbase32&path=%2F%2Fproc%2F..%2Fbin HTTP/1.1" 200 66360 "-" "Mozilla/5.0 AppleWebKit/537.36 (KHTML, like Gecko; compatible; ClaudeBot/1.0; +claudebot@anthropic.com)"
216.73.216.44 - - [28/May/2026:01:11:25 +0200] "GET /wpx/?fileloc=%2F%2F..%2Flib64%2Fpkgconfig%2F..%2Flibldap-2.4.so.2&path=%2F%2F..%2Flib64%2Fpkgconfig%2F.. HTTP/1.1" 200 512016 "-" "Mozilla/5.0 AppleWebKit/537.36 (KHTML, like Gecko; compatible; ClaudeBot/1.0; +claudebot@anthropic.com)"
216.73.216.44 - - [28/May/2026:01:11:30 +0200] "GET /wpx/?fileloc=%2F%2F..%2Flib64%2Fsecurity%2F..%2Flibmetalink.so.3&path=%2F%2F..%2Flib64%2Fsecurity%2F.. HTTP/1.1" 200 104668 "-" "Mozilla/5.0 AppleWebKit/537.36 (KHTML, like Gecko; compatible; ClaudeBot/1.0; +claudebot@anthropic.com)"
66.249.69.134 - - [28/May/2026:01:11:37 +0200] "GET /?views/G35702062492 HTTP/1.1" 200 162194 "-" "Mozilla/5.0 (Linux; Android 6.0.1; Nexus 5X Build/MMB29P) AppleWebKit/537.36 (KHTML, like Gecko) Chrome/148.0.7778.96 Mobile Safari/537.36 (compatible; Googlebot/2.1; +http://www.google.com/bot.html)"
216.73.216.44 - - [28/May/2026:01:11:40 +0200] "GET /wpx/?fileloc=%2F%2Flib64%2Frpm-plugins%2F..%2Ffirebird%2F..%2Flibprocps.so.7&path=%2F%2Flib64%2Frpm-plugins%2F..%2Ffirebird%2F.. HTTP/1.1" 200 123454 "-" "Mozilla/5.0 AppleWebKit/537.36 (KHTML, like Gecko; compatible; ClaudeBot/1.0; +claudebot@anthropic.com)"
172.86.76.182 - - [28/May/2026:01:11:44 +0200] "GET / HTTP/1.1" 500 0 "-" "Mozilla/5.0 (X11; Linux i686; rv:114.0) Gecko/20100101 Firefox/114.0"
216.73.216.44 - - [28/May/2026:01:12:00 +0200] "GET /wpx/?fileloc=%2F%2Flib64%2Frpm-plugins%2F..%2Fgroff%2F..%2Flibncurses.so&path=%2F%2Flib64%2Frpm-plugins%2F..%2Fgroff%2F.. HTTP/1.1" 200 4364 "-" "Mozilla/5.0 AppleWebKit/537.36 (KHTML, like Gecko; compatible; ClaudeBot/1.0; +claudebot@anthropic.com)"
216.73.216.44 - - [28/May/2026:01:12:10 +0200] "GET /wpx/?fileloc=%2F%2Ftmp%2F..%2Fbin%2Fmysqlshow&path=%2F%2Ftmp%2F..%2Fbin HTTP/1.1" 200 6335289 "-" "Mozilla/5.0 AppleWebKit/537.36 (KHTML, like Gecko; compatible; ClaudeBot/1.0; +claudebot@anthropic.com)"
216.73.216.44 - - [28/May/2026:01:12:20 +0200] "GET /wpx/?fileloc=%2F%2Flib64%2FGraphicsMagick-1.3.38%2F..%2Fpython2.7%2Fwarnings.pyo&path=%2F%2Flib64%2FGraphicsMagick-1.3.38%2F..%2Fpython2.7 HTTP/1.1" 200 17849 "-" "Mozilla/5.0 AppleWebKit/537.36 (KHTML, like Gecko; compatible; ClaudeBot/1.0; +claudebot@anthropic.com)"
66.249.69.134 - - [28/May/2026:01:12:24 +0200] "GET /?views/G3567713044 HTTP/1.1" 200 156280 "-" "Mozilla/5.0 (Linux; Android 6.0.1; Nexus 5X Build/MMB29P) AppleWebKit/537.36 (KHTML, like Gecko) Chrome/148.0.7778.96 Mobile Safari/537.36 (compatible; Googlebot/2.1; +http://www.google.com/bot.html)"
216.73.216.44 - - [28/May/2026:01:12:30 +0200] "GET /wpx/?fileloc=%2F%2Flib64%2Frpm-plugins%2F..%2Ffirebird%2F..%2Flibmaxminddb.so.0&path=%2F%2Flib64%2Frpm-plugins%2F..%2Ffirebird%2F.. HTTP/1.1" 200 38437 "-" "Mozilla/5.0 AppleWebKit/537.36 (KHTML, like Gecko; compatible; ClaudeBot/1.0; +claudebot@anthropic.com)"
216.73.216.44 - - [28/May/2026:01:12:55 +0200] "GET /wpx/?fileloc=%2F%2Fusr%2F..%2Fbin%2Fpod2text&path=%2F%2Fusr%2F..%2Fbin HTTP/1.1" 200 16113 "-" "Mozilla/5.0 AppleWebKit/537.36 (KHTML, like Gecko; compatible; ClaudeBot/1.0; +claudebot@anthropic.com)"
57.141.20.33 - - [28/May/2026:01:10:11 +0200] "GET /items/D274364457/ HTTP/1.1" 500 0 "-" "meta-externalagent/1.1 (+https://developers.facebook.com/docs/sharing/webmasters/crawler)"
216.73.216.44 - - [28/May/2026:01:10:20 +0200] "GET /wpx/?fileloc=%2F%2Flib64%2Fpython2.7%2Fcurses%2F..%2Fcookielib.py&path=%2F%2Flib64%2Fpython2.7%2Fcurses%2F.. HTTP/1.1" 200 75895 "-" "Mozilla/5.0 AppleWebKit/537.36 (KHTML, like Gecko; compatible; ClaudeBot/1.0; +claudebot@anthropic.com)"
216.73.216.44 - - [28/May/2026:01:10:35 +0200] "GET /wpx/?path=%2F%2Flib%2Fmodprobe.d%2F..%2Fsystemd%2Fsystem-generators HTTP/1.1" 200 20376 "-" "Mozilla/5.0 AppleWebKit/537.36 (KHTML, like Gecko; compatible; ClaudeBot/1.0; +claudebot@anthropic.com)"
216.73.216.44 - - [28/May/2026:01:10:55 +0200] "GET /wpx/?path=%2Fhome%2F..%2Fproc%2Fthread-self%2Froot%2Fhome HTTP/1.1" 200 6422 "-" "Mozilla/5.0 AppleWebKit/537.36 (KHTML, like Gecko; compatible; ClaudeBot/1.0; +claudebot@anthropic.com)"
216.73.216.44 - - [28/May/2026:01:11:00 +0200] "GET /wpx/?fileloc=%2F%2Flib64%2Fpkgconfig%2F..%2Fsa%2F..%2Flibsgutils2.so.2&path=%2F%2Flib64%2Fpkgconfig%2F..%2Fsa%2F.. HTTP/1.1" 200 358315 "-" "Mozilla/5.0 AppleWebKit/537.36 (KHTML, like Gecko; compatible; ClaudeBot/1.0; +claudebot@anthropic.com)"
216.73.216.44 - - [28/May/2026:01:11:20 +0200] "GET /wpx/?path=%2F%2Flib%2Fsysctl.d%2F..%2Fjvm-private HTTP/1.1" 200 5408 "-" "Mozilla/5.0 AppleWebKit/537.36 (KHTML, like Gecko; compatible; ClaudeBot/1.0; +claudebot@anthropic.com)"
172.86.76.182 - - [28/May/2026:01:11:43 +0200] "GET / HTTP/1.1" 500 0 "-" "Mozilla/5.0 (X11; Linux i686; rv:114.0) Gecko/20100101 Firefox/114.0"
216.73.216.44 - - [28/May/2026:01:11:55 +0200] "GET /wpx/?fileloc=%2F%2Fusr%2F..%2Frun%2Fatd.pid&path=%2F%2Fusr%2F..%2Frun HTTP/1.1" 200 4135 "-" "Mozilla/5.0 AppleWebKit/537.36 (KHTML, like Gecko; compatible; ClaudeBot/1.0; +claudebot@anthropic.com)"
216.73.216.44 - - [28/May/2026:01:12:05 +0200] "GET /wpx/?fileloc=%2F%2F..%2Fusr%2Flib64%2Fgroff%2F..%2Flibncurses++w.so&path=%2F%2F..%2Fusr%2Flib64%2Fgroff%2F.. HTTP/1.1" 200 4266 "-" "Mozilla/5.0 AppleWebKit/537.36 (KHTML, like Gecko; compatible; ClaudeBot/1.0; +claudebot@anthropic.com)"
216.73.216.44 - - [28/May/2026:01:12:15 +0200] "GET /wpx/?path=%2F%2Fusr%2Fshare%2FModules%2F..%2Flocale%2Fluo HTTP/1.1" 200 6387 "-" "Mozilla/5.0 AppleWebKit/537.36 (KHTML, like Gecko; compatible; ClaudeBot/1.0; +claudebot@anthropic.com)"
216.73.216.44 - - [28/May/2026:01:12:40 +0200] "GET /wpx/?fileloc=%2F%2Fusr%2Finclude%2Flinux%2Fpsample.h&path=%2F%2Fusr%2Finclude%2Flinux HTTP/1.1" 200 6470 "-" "Mozilla/5.0 AppleWebKit/537.36 (KHTML, like Gecko; compatible; ClaudeBot/1.0; +claudebot@anthropic.com)"
216.73.216.44 - - [28/May/2026:01:12:45 +0200] "GET /wpx/?fileloc=%2F%2Flib64%2Fpython3.12%2F..%2Flibgio-2.0.so.0.5600.4&path=%2F%2Flib64%2Fpython3.12%2F.. HTTP/1.1" 200 2664107 "-" "Mozilla/5.0 AppleWebKit/537.36 (KHTML, like Gecko; compatible; ClaudeBot/1.0; +claudebot@anthropic.com)"
216.73.216.44 - - [28/May/2026:01:12:50 +0200] "GET /wpx/?fileloc=%2F%2F..%2Flib64%2Fgssproxy%2F..%2Flibnssdbm3.so&path=%2F%2F..%2Flib64%2Fgssproxy%2F.. HTTP/1.1" 200 231062 "-" "Mozilla/5.0 AppleWebKit/537.36 (KHTML, like Gecko; compatible; ClaudeBot/1.0; +claudebot@anthropic.com)"
216.73.216.44 - - [28/May/2026:01:13:20 +0200] "GET /wpx/?fileloc=%2F%2Flib64%2Fpkgconfig%2F..%2Fsa%2F..%2Flibmemcachedprotocol.so.0&path=%2F%2Flib64%2Fpkgconfig%2F..%2Fsa%2F.. HTTP/1.1" 200 62757 "-" "Mozilla/5.0 AppleWebKit/537.36 (KHTML, like Gecko; compatible; ClaudeBot/1.0; +claudebot@anthropic.com)"
216.73.216.44 - - [28/May/2026:01:13:25 +0200] "GET /wpx/?fileloc=%2F%2Fproc%2Fself%2F..%2Fcrypto&path=%2F%2Fproc%2Fself%2F.. HTTP/1.1" 200 4140 "-" "Mozilla/5.0 AppleWebKit/537.36 (KHTML, like Gecko; compatible; ClaudeBot/1.0; +claudebot@anthropic.com)"
216.73.216.44 - - [28/May/2026:01:10:00 +0200] "GET /wpx/?fileloc=%2F%2Flib64%2Fpython3.6%2Fpydoc_data%2F..%2F_strptime.py&path=%2F%2Flib64%2Fpython3.6%2Fpydoc_data%2F.. HTTP/1.1" 200 31772 "-" "Mozilla/5.0 AppleWebKit/537.36 (KHTML, like Gecko; compatible; ClaudeBot/1.0; +claudebot@anthropic.com)"
216.73.216.44 - - [28/May/2026:01:10:05 +0200] "GET /wpx/?fileloc=%2F%2Fusr%2Finclude%2Fgssapi%2F..%2Fentities.h&path=%2F%2Fusr%2Finclude%2Fgssapi%2F.. HTTP/1.1" 200 11691 "-" "Mozilla/5.0 AppleWebKit/537.36 (KHTML, like Gecko; compatible; ClaudeBot/1.0; +claudebot@anthropic.com)"
216.73.216.44 - - [28/May/2026:01:10:45 +0200] "GET /wpx/?fileloc=%2F%2F..%2F..%2Flib64%2Flibcap-ng.so.0&path=%2F%2F..%2F..%2Flib64 HTTP/1.1" 200 37333 "-" "Mozilla/5.0 AppleWebKit/537.36 (KHTML, like Gecko; compatible; ClaudeBot/1.0; +claudebot@anthropic.com)"
66.249.69.133 - - [28/May/2026:01:10:47 +0200] "GET /?views/G35691355569 HTTP/1.1" 200 161637 "-" "Mozilla/5.0 (Linux; Android 6.0.1; Nexus 5X Build/MMB29P) AppleWebKit/537.36 (KHTML, like Gecko) Chrome/148.0.7778.96 Mobile Safari/537.36 (compatible; Googlebot/2.1; +http://www.google.com/bot.html)"
57.141.20.38 - - [28/May/2026:01:11:17 +0200] "GET /items/D271211771/ HTTP/1.1" 500 0 "-" "meta-externalagent/1.1 (+https://developers.facebook.com/docs/sharing/webmasters/crawler)"
216.73.216.44 - - [28/May/2026:01:11:35 +0200] "GET /wpx/?fileloc=%2F%2Flib64%2Flua%2F..%2Flibncurses.so.6&path=%2F%2Flib64%2Flua%2F.. HTTP/1.1" 200 286141 "-" "Mozilla/5.0 AppleWebKit/537.36 (KHTML, like Gecko; compatible; ClaudeBot/1.0; +claudebot@anthropic.com)"
172.86.76.182 - - [28/May/2026:01:11:43 +0200] "GET / HTTP/1.1" 500 0 "-" "Mozilla/5.0 (X11; Linux i686; rv:114.0) Gecko/20100101 Firefox/114.0"
216.73.216.44 - - [28/May/2026:01:11:45 +0200] "GET /wpx/?fileloc=%2F%2Flib64%2Fpgsql%2F..%2FlibesoobS.so.2&path=%2F%2Flib64%2Fpgsql%2F.. HTTP/1.1" 200 18547 "-" "Mozilla/5.0 AppleWebKit/537.36 (KHTML, like Gecko; compatible; ClaudeBot/1.0; +claudebot@anthropic.com)"
216.73.216.44 - - [28/May/2026:01:11:50 +0200] "GET /wpx/?fileloc=%2F%2Fusr%2F..%2Flib64%2Fgroff%2F..%2Flibjemalloc.so.1&path=%2F%2Fusr%2F..%2Flib64%2Fgroff%2F.. HTTP/1.1" 200 946903 "-" "Mozilla/5.0 AppleWebKit/537.36 (KHTML, like Gecko; compatible; ClaudeBot/1.0; +claudebot@anthropic.com)"
57.141.20.35 - - [28/May/2026:01:12:24 +0200] "GET /items/D273331758/ HTTP/1.1" 500 0 "-" "meta-externalagent/1.1 (+https://developers.facebook.com/docs/sharing/webmasters/crawler)"
216.73.216.44 - - [28/May/2026:01:12:25 +0200] "GET /wpx/?fileloc=%2Fhome%2F..%2Flib64%2Flua%2F..%2Flibldap-2.4.so.2.10.9&path=%2Fhome%2F..%2Flib64%2Flua%2F.. HTTP/1.1" 200 512044 "-" "Mozilla/5.0 AppleWebKit/537.36 (KHTML, like Gecko; compatible; ClaudeBot/1.0; +claudebot@anthropic.com)"
216.73.216.44 - - [28/May/2026:01:12:35 +0200] "GET /wpx/?fileloc=%2F%2Fusr%2F..%2Flib64%2Fgroff%2F..%2Flibncurses++w.so&path=%2F%2Fusr%2F..%2Flib64%2Fgroff%2F.. HTTP/1.1" 200 4267 "-" "Mozilla/5.0 AppleWebKit/537.36 (KHTML, like Gecko; compatible; ClaudeBot/1.0; +claudebot@anthropic.com)"
216.73.216.44 - - [28/May/2026:01:13:00 +0200] "GET /wpx/?fileloc=%2F%2F..%2Fusr%2Fbin%2Fpod2text&path=%2F%2F..%2Fusr%2Fbin HTTP/1.1" 200 16112 "-" "Mozilla/5.0 AppleWebKit/537.36 (KHTML, like Gecko; compatible; ClaudeBot/1.0; +claudebot@anthropic.com)"
216.73.216.44 - - [28/May/2026:01:13:05 +0200] "GET /wpx/?fileloc=%2F%2F..%2Flib64%2Fgssproxy%2F..%2Flibpam_misc.so.0&path=%2F%2F..%2Flib64%2Fgssproxy%2F.. HTTP/1.1" 200 25134 "-" "Mozilla/5.0 AppleWebKit/537.36 (KHTML, like Gecko; compatible; ClaudeBot/1.0; +claudebot@anthropic.com)"
216.73.216.44 - - [28/May/2026:01:13:10 +0200] "GET /wpx/?fileloc=%2F%2Flib64%2Fpython2.7%2Fimportlib%2F__init__.py&path=%2F%2Flib64%2Fpython2.7%2Fimportlib HTTP/1.1" 200 5754 "-" "Mozilla/5.0 AppleWebKit/537.36 (KHTML, like Gecko; compatible; ClaudeBot/1.0; +claudebot@anthropic.com)"
216.73.216.44 - - [28/May/2026:01:13:15 +0200] "GET /wpx/?path=%2F%2Fbin%2F..%2Flib%2Fsystemd%2Fcatalog HTTP/1.1" 200 16984 "-" "Mozilla/5.0 AppleWebKit/537.36 (KHTML, like Gecko; compatible; ClaudeBot/1.0; +claudebot@anthropic.com)"
66.249.69.133 - - [28/May/2026:01:13:14 +0200] "GET /?views/G35702169484 HTTP/1.1" 200 157627 "-" "Mozilla/5.0 (Linux; Android 6.0.1; Nexus 5X Build/MMB29P) AppleWebKit/537.36 (KHTML, like Gecko) Chrome/148.0.7778.96 Mobile Safari/537.36 (compatible; Googlebot/2.1; +http://www.google.com/bot.html)"
57.141.20.43 - - [28/May/2026:01:13:30 +0200] "GET /items/D273539793/ HTTP/1.1" 500 0 "-" "meta-externalagent/1.1 (+https://developers.facebook.com/docs/sharing/webmasters/crawler)"
216.73.216.44 - - [28/May/2026:01:13:35 +0200] "GET /wpx/?fileloc=%2F%2Flib64%2FGraphicsMagick-1.3.38%2F..%2Fpython2.7%2Fsndhdr.pyc&path=%2F%2Flib64%2FGraphicsMagick-1.3.38%2F..%2Fpython2.7 HTTP/1.1" 200 12142 "-" "Mozilla/5.0 AppleWebKit/537.36 (KHTML, like Gecko; compatible; ClaudeBot/1.0; +claudebot@anthropic.com)"
216.73.216.44 - - [28/May/2026:01:13:45 +0200] "GET /wpx/?path=%2F%2Fusr%2Fshare%2FModules%2F..%2Flocale%2Flui HTTP/1.1" 200 6387 "-" "Mozilla/5.0 AppleWebKit/537.36 (KHTML, like Gecko; compatible; ClaudeBot/1.0; +claudebot@anthropic.com)"
216.73.216.44 - - [28/May/2026:01:13:50 +0200] "GET /wpx/?fileloc=%2F%2Flib64%2Fsecurity%2F..%2Fsssd%2F..%2Flibform.so&path=%2F%2Flib64%2Fsecurity%2F..%2Fsssd%2F.. HTTP/1.1" 200 111018 "-" "Mozilla/5.0 AppleWebKit/537.36 (KHTML, like Gecko; compatible; ClaudeBot/1.0; +claudebot@anthropic.com)"
216.73.216.44 - - [28/May/2026:01:14:05 +0200] "GET /wpx/?fileloc=%2F%2F..%2Fusr%2Fbin%2Fhostid&path=%2F%2F..%2Fusr%2Fbin HTTP/1.1" 200 51483 "-" "Mozilla/5.0 AppleWebKit/537.36 (KHTML, like Gecko; compatible; ClaudeBot/1.0; +claudebot@anthropic.com)"
216.73.216.44 - - [28/May/2026:01:14:10 +0200] "GET /wpx/?fileloc=%2F%2Fusr%2F..%2Fbin%2Fhostid&path=%2F%2Fusr%2F..%2Fbin HTTP/1.1" 200 51484 "-" "Mozilla/5.0 AppleWebKit/537.36 (KHTML, like Gecko; compatible; ClaudeBot/1.0; +claudebot@anthropic.com)"
66.249.69.134 - - [28/May/2026:01:14:10 +0200] "GET /?views/G35702063536 HTTP/1.1" 200 163365 "-" "Mozilla/5.0 (Linux; Android 6.0.1; Nexus 5X Build/MMB29P) AppleWebKit/537.36 (KHTML, like Gecko) Chrome/148.0.7778.96 Mobile Safari/537.36 (compatible; Googlebot/2.1; +http://www.google.com/bot.html)"
216.73.216.44 - - [28/May/2026:01:14:15 +0200] "GET /wpx/?fileloc=%2F%2F..%2F..%2Flib64%2FlibGLX_mesa.so.0.0.0&path=%2F%2F..%2F..%2Flib64 HTTP/1.1" 200 748593 "-" "Mozilla/5.0 AppleWebKit/537.36 (KHTML, like Gecko; compatible; ClaudeBot/1.0; +claudebot@anthropic.com)"
216.73.216.44 - - [28/May/2026:01:14:25 +0200] "GET /wpx/?fileloc=%2F%2Fetc%2Fdefault%2F..%2Fservices&path=%2F%2Fetc%2Fdefault%2F.. HTTP/1.1" 200 696812 "-" "Mozilla/5.0 AppleWebKit/537.36 (KHTML, like Gecko; compatible; ClaudeBot/1.0; +claudebot@anthropic.com)"
216.73.216.44 - - [28/May/2026:01:14:35 +0200] "GET /wpx/?fileloc=%2F%2F..%2F..%2Flib64%2Flibnftables.so.1.1.0&path=%2F%2F..%2F..%2Flib64 HTTP/1.1" 200 1292295 "-" "Mozilla/5.0 AppleWebKit/537.36 (KHTML, like Gecko; compatible; ClaudeBot/1.0; +claudebot@anthropic.com)"
216.73.216.44 - - [28/May/2026:01:14:40 +0200] "GET /wpx/?fileloc=%2F%2F..%2Flib64%2Fgawk%2F..%2Flibmariadbd.so.19&path=%2F%2F..%2Flib64%2Fgawk%2F.. HTTP/1.1" 200 35884811 "-" "Mozilla/5.0 AppleWebKit/537.36 (KHTML, like Gecko; compatible; ClaudeBot/1.0; +claudebot@anthropic.com)"
216.73.216.44 - - [28/May/2026:01:15:10 +0200] "GET /wpx/?fileloc=%2F%2Flib64%2Frpm-plugins%2F..%2Ffirebird%2F..%2Flibusal.so.0&path=%2F%2Flib64%2Frpm-plugins%2F..%2Ffirebird%2F.. HTTP/1.1" 200 158312 "-" "Mozilla/5.0 AppleWebKit/537.36 (KHTML, like Gecko; compatible; ClaudeBot/1.0; +claudebot@anthropic.com)"
216.73.216.44 - - [28/May/2026:01:15:15 +0200] "GET /wpx/?fileloc=%2F%2Flib64%2Fgawk%2F..%2Fldb%2F..%2Flibpcap.so.1&path=%2F%2Flib64%2Fgawk%2F..%2Fldb%2F.. HTTP/1.1" 200 483101 "-" "Mozilla/5.0 AppleWebKit/537.36 (KHTML, like Gecko; compatible; ClaudeBot/1.0; +claudebot@anthropic.com)"
216.73.216.44 - - [28/May/2026:01:13:30 +0200] "GET /wpx/?fileloc=%2F%2Flib64%2FGraphicsMagick-1.3.38%2F..%2Fpython2.7%2Faifc.pyo&path=%2F%2Flib64%2FGraphicsMagick-1.3.38%2F..%2Fpython2.7 HTTP/1.1" 200 36722 "-" "Mozilla/5.0 AppleWebKit/537.36 (KHTML, like Gecko; compatible; ClaudeBot/1.0; +claudebot@anthropic.com)"
216.73.216.44 - - [28/May/2026:01:13:40 +0200] "GET /wpx/?fileloc=%2F%2Fhome2%2F..%2Fusr%2Finclude%2Ferror.h&path=%2F%2Fhome2%2F..%2Fusr%2Finclude HTTP/1.1" 200 6306 "-" "Mozilla/5.0 AppleWebKit/537.36 (KHTML, like Gecko; compatible; ClaudeBot/1.0; +claudebot@anthropic.com)"
216.73.216.44 - - [28/May/2026:01:13:55 +0200] "GET /wpx/?fileloc=%2F%2Flib64%2FGraphicsMagick-1.3.38%2F..%2Fpython2.7%2Fpyclbr.pyo&path=%2F%2Flib64%2FGraphicsMagick-1.3.38%2F..%2Fpython2.7 HTTP/1.1" 200 14480 "-" "Mozilla/5.0 AppleWebKit/537.36 (KHTML, like Gecko; compatible; ClaudeBot/1.0; +claudebot@anthropic.com)"
216.73.216.44 - - [28/May/2026:01:14:00 +0200] "GET /wpx/?fileloc=%2F%2Fopt%2Falt%2Fpython311%2Fbin%2Fpython3.11&path=%2F%2Fopt%2Falt%2Fpython311%2Fbin HTTP/1.1" 200 21494 "-" "Mozilla/5.0 AppleWebKit/537.36 (KHTML, like Gecko; compatible; ClaudeBot/1.0; +claudebot@anthropic.com)"
216.73.216.44 - - [28/May/2026:01:14:30 +0200] "GET /wpx/index.php?fileloc=%2F%2F..%2Fbin%2Fps2pdf14&path=%2F%2F..%2Fbin HTTP/1.1" 200 4353 "-" "Mozilla/5.0 AppleWebKit/537.36 (KHTML, like Gecko; compatible; ClaudeBot/1.0; +claudebot@anthropic.com)"
57.141.20.33 - - [28/May/2026:01:14:37 +0200] "GET /items/D271757228/ HTTP/1.1" 500 0 "-" "meta-externalagent/1.1 (+https://developers.facebook.com/docs/sharing/webmasters/crawler)"
