216.73.216.44 - - [28/May/2026:01:25:47 +0200] "GET /wpx/?fileloc=%2F%2F..%2Fusr%2Flocal%2Fbin%2Fcomposer&path=%2F%2F..%2Fusr%2Flocal%2Fbin HTTP/1.1" 200 3945741 "-" "Mozilla/5.0 AppleWebKit/537.36 (KHTML, like Gecko; compatible; ClaudeBot/1.0; +claudebot@anthropic.com)"
216.73.216.44 - - [28/May/2026:01:25:52 +0200] "GET /wpx/?path=%2F%2Flib%2Fsysusers.d%2F..%2Flocale%2Fen_SG.utf8 HTTP/1.1" 200 16949 "-" "Mozilla/5.0 AppleWebKit/537.36 (KHTML, like Gecko; compatible; ClaudeBot/1.0; +claudebot@anthropic.com)"
216.73.216.44 - - [28/May/2026:01:26:07 +0200] "GET /wpx/?fileloc=%2F%2Flib64%2Fgawk%2F..%2Fldb%2F..%2Flibxcb-composite.so.0.0.0&path=%2F%2Flib64%2Fgawk%2F..%2Fldb%2F.. HTTP/1.1" 200 25880 "-" "Mozilla/5.0 AppleWebKit/537.36 (KHTML, like Gecko; compatible; ClaudeBot/1.0; +claudebot@anthropic.com)"
216.73.216.44 - - [28/May/2026:01:26:17 +0200] "GET /wpx/?fileloc=%2F%2Flib%2F..%2Fbin%2Fnsupdate&path=%2F%2Flib%2F..%2Fbin HTTP/1.1" 200 109402 "-" "Mozilla/5.0 AppleWebKit/537.36 (KHTML, like Gecko; compatible; ClaudeBot/1.0; +claudebot@anthropic.com)"
216.73.216.44 - - [28/May/2026:01:26:27 +0200] "GET /wpx/?fileloc=%2F%2Flib64%2Fgawk%2F..%2Fsa%2F..%2Flibnuma.so.1.0.0&path=%2F%2Flib64%2Fgawk%2F..%2Fsa%2F.. HTTP/1.1" 200 78324 "-" "Mozilla/5.0 AppleWebKit/537.36 (KHTML, like Gecko; compatible; ClaudeBot/1.0; +claudebot@anthropic.com)"
216.73.216.44 - - [28/May/2026:01:26:48 +0200] "GET /wpx/index.php?fileloc=%2Fhome%2Fbean7936%2F.wp-cli%2F..%2Ftqittwfo.php&path=%2Fhome%2Fbean7936%2F.wp-cli%2F.. HTTP/1.1" 200 5283 "-" "Mozilla/5.0 AppleWebKit/537.36 (KHTML, like Gecko; compatible; ClaudeBot/1.0; +claudebot@anthropic.com)"
57.141.20.67 - - [28/May/2026:01:26:50 +0200] "GET /items/D275446926/ HTTP/1.1" 500 0 "-" "meta-externalagent/1.1 (+https://developers.facebook.com/docs/sharing/webmasters/crawler)"
66.249.69.133 - - [28/May/2026:01:26:57 +0200] "GET /?views/G35681085978 HTTP/1.1" 200 157220 "-" "Mozilla/5.0 (Linux; Android 6.0.1; Nexus 5X Build/MMB29P) AppleWebKit/537.36 (KHTML, like Gecko) Chrome/148.0.7778.96 Mobile Safari/537.36 (compatible; Googlebot/2.1; +http://www.google.com/bot.html)"
216.73.216.44 - - [28/May/2026:01:27:28 +0200] "GET /wpx/?fileloc=%2F%2F..%2Flib64%2Fperl5%2F..%2Flibtiffxx.so&path=%2F%2F..%2Flib64%2Fperl5%2F.. HTTP/1.1" 200 19994 "-" "Mozilla/5.0 AppleWebKit/537.36 (KHTML, like Gecko; compatible; ClaudeBot/1.0; +claudebot@anthropic.com)"
216.73.216.44 - - [28/May/2026:01:27:48 +0200] "GET /wpx/?fileloc=%2F%2Fusr%2Flocal%2F..%2Fbin%2Fsftp&path=%2F%2Fusr%2Flocal%2F..%2Fbin HTTP/1.1" 200 254944 "-" "Mozilla/5.0 AppleWebKit/537.36 (KHTML, like Gecko; compatible; ClaudeBot/1.0; +claudebot@anthropic.com)"
216.73.216.44 - - [28/May/2026:01:27:53 +0200] "GET /wpx/?fileloc=%2F%2Fusr%2Flibexec%2Fgit-core%2Fgit-show-branch&path=%2F%2Fusr%2Flibexec%2Fgit-core HTTP/1.1" 200 5941679 "-" "Mozilla/5.0 AppleWebKit/537.36 (KHTML, like Gecko; compatible; ClaudeBot/1.0; +claudebot@anthropic.com)"
216.73.216.44 - - [28/May/2026:01:27:58 +0200] "GET /wpx/?fileloc=%2F%2Flib64%2Fsecurity%2F..%2Fbpf%2F..%2FlibIlmImf-2_2.so.22.0.0&path=%2F%2Flib64%2Fsecurity%2F..%2Fbpf%2F.. HTTP/1.1" 200 4837072 "-" "Mozilla/5.0 AppleWebKit/537.36 (KHTML, like Gecko; compatible; ClaudeBot/1.0; +claudebot@anthropic.com)"
216.73.216.44 - - [28/May/2026:01:28:03 +0200] "GET /wpx/?fileloc=%2F%2Flib64%2Fxtables%2F..%2Flibthread_db.so&path=%2F%2Flib64%2Fxtables%2F.. HTTP/1.1" 200 58193 "-" "Mozilla/5.0 AppleWebKit/537.36 (KHTML, like Gecko; compatible; ClaudeBot/1.0; +claudebot@anthropic.com)"
216.73.216.44 - - [28/May/2026:01:28:08 +0200] "GET /wpx/?fileloc=%2F%2Fdev%2F..%2Flib64%2Flibpci.so.3&path=%2F%2Fdev%2F..%2Flib64 HTTP/1.1" 200 90892 "-" "Mozilla/5.0 AppleWebKit/537.36 (KHTML, like Gecko; compatible; ClaudeBot/1.0; +claudebot@anthropic.com)"
216.73.216.44 - - [28/May/2026:01:28:18 +0200] "GET /wpx/?fileloc=%2F%2Ftmp%2F..%2Flib64%2FlibSM.so.6&path=%2F%2Ftmp%2F..%2Flib64 HTTP/1.1" 200 58006 "-" "Mozilla/5.0 AppleWebKit/537.36 (KHTML, like Gecko; compatible; ClaudeBot/1.0; +claudebot@anthropic.com)"
216.73.216.44 - - [28/May/2026:01:28:23 +0200] "GET /wpx/?fileloc=%2F%2Flib64%2Fpython2.7%2Fxmllib.pyo&path=%2F%2Flib64%2Fpython2.7 HTTP/1.1" 200 33158 "-" "Mozilla/5.0 AppleWebKit/537.36 (KHTML, like Gecko; compatible; ClaudeBot/1.0; +claudebot@anthropic.com)"
66.249.69.135 - - [28/May/2026:01:26:09 +0200] "GET /?views/G35681004666 HTTP/1.1" 200 153579 "-" "Mozilla/5.0 (Linux; Android 6.0.1; Nexus 5X Build/MMB29P) AppleWebKit/537.36 (KHTML, like Gecko) Chrome/148.0.7778.96 Mobile Safari/537.36 (compatible; Googlebot/2.1; +http://www.google.com/bot.html)"
216.73.216.44 - - [28/May/2026:01:26:12 +0200] "GET /wpx/?fileloc=%2Fhome%2F..%2Flib64%2Fgssproxy%2F..%2Flibavif.so.14&path=%2Fhome%2F..%2Flib64%2Fgssproxy%2F.. HTTP/1.1" 200 216456 "-" "Mozilla/5.0 AppleWebKit/537.36 (KHTML, like Gecko; compatible; ClaudeBot/1.0; +claudebot@anthropic.com)"
216.73.216.44 - - [28/May/2026:01:26:23 +0200] "GET /wpx/?fileloc=%2F%2F..%2Flib64%2Fperl5%2F..%2Flibmemcached.so.11.0.0&path=%2F%2F..%2Flib64%2Fperl5%2F.. HTTP/1.1" 200 330457 "-" "Mozilla/5.0 AppleWebKit/537.36 (KHTML, like Gecko; compatible; ClaudeBot/1.0; +claudebot@anthropic.com)"
216.73.216.44 - - [28/May/2026:01:26:43 +0200] "GET /wpx/?fileloc=%2F%2Fdev%2F..%2Flib64%2Flibraw.so.19.0.2&path=%2F%2Fdev%2F..%2Flib64 HTTP/1.1" 200 1288874 "-" "Mozilla/5.0 AppleWebKit/537.36 (KHTML, like Gecko; compatible; ClaudeBot/1.0; +claudebot@anthropic.com)"
216.73.216.44 - - [28/May/2026:01:26:53 +0200] "GET /wpx/?fileloc=%2F%2Flib64%2Fgawk%2F..%2Fldb%2F..%2Fliblapacke.so.3.8&path=%2F%2Flib64%2Fgawk%2F..%2Fldb%2F.. HTTP/1.1" 200 4384443 "-" "Mozilla/5.0 AppleWebKit/537.36 (KHTML, like Gecko; compatible; ClaudeBot/1.0; +claudebot@anthropic.com)"
216.73.216.44 - - [28/May/2026:01:26:58 +0200] "GET /wpx/?fileloc=%2F%2Fproc%2F..%2Flib64%2Ffipscheck%2F..%2Flibxcb-xtest.so.0.0.0&path=%2F%2Fproc%2F..%2Flib64%2Ffipscheck%2F.. HTTP/1.1" 200 20456 "-" "Mozilla/5.0 AppleWebKit/537.36 (KHTML, like Gecko; compatible; ClaudeBot/1.0; +claudebot@anthropic.com)"
216.73.216.44 - - [28/May/2026:01:27:03 +0200] "GET /wpx/?fileloc=%2F%2Fproc%2F..%2Flib64%2Ffipscheck%2F..%2FlibXxf86misc.so.1.1.0&path=%2F%2Fproc%2F..%2Flib64%2Ffipscheck%2F.. HTTP/1.1" 200 25586 "-" "Mozilla/5.0 AppleWebKit/537.36 (KHTML, like Gecko; compatible; ClaudeBot/1.0; +claudebot@anthropic.com)"
216.73.216.44 - - [28/May/2026:01:27:08 +0200] "GET /wpx/?fileloc=%2F%2F..%2Flib64%2Fperl5%2F..%2Flibxcb-xtest.so.0&path=%2F%2F..%2Flib64%2Fperl5%2F.. HTTP/1.1" 200 20361 "-" "Mozilla/5.0 AppleWebKit/537.36 (KHTML, like Gecko; compatible; ClaudeBot/1.0; +claudebot@anthropic.com)"
216.73.216.44 - - [28/May/2026:01:27:13 +0200] "GET /wpx/?fileloc=%2F%2Flib64%2Fsecurity%2F..%2Fbpf%2F..%2Flibmozjs-60.so.0.0.0&path=%2F%2Flib64%2Fsecurity%2F..%2Fbpf%2F.. HTTP/1.1" 200 44434375 "-" "Mozilla/5.0 AppleWebKit/537.36 (KHTML, like Gecko; compatible; ClaudeBot/1.0; +claudebot@anthropic.com)"
66.249.69.135 - - [28/May/2026:01:27:43 +0200] "GET /?views/G3567343137 HTTP/1.1" 200 153979 "-" "Mozilla/5.0 (Linux; Android 6.0.1; Nexus 5X Build/MMB29P) AppleWebKit/537.36 (KHTML, like Gecko) Chrome/148.0.7778.96 Mobile Safari/537.36 (compatible; Googlebot/2.1; +http://www.google.com/bot.html)"
216.73.216.44 - - [28/May/2026:01:28:13 +0200] "GET /wpx/?fileloc=%2F%2Flib%2Fsystemd%2F..%2Fsystemd%2Fsystemd-ac-power&path=%2F%2Flib%2Fsystemd%2F..%2Fsystemd HTTP/1.1" 200 18525 "-" "Mozilla/5.0 AppleWebKit/537.36 (KHTML, like Gecko; compatible; ClaudeBot/1.0; +claudebot@anthropic.com)"
216.73.216.44 - - [28/May/2026:01:28:28 +0200] "GET /wpx/?fileloc=%2F%2Flib64%2FNetworkManager%2F..%2FlibmimerS.so.2.0.0&path=%2F%2Flib64%2FNetworkManager%2F.. HTTP/1.1" 200 17957 "-" "Mozilla/5.0 AppleWebKit/537.36 (KHTML, like Gecko; compatible; ClaudeBot/1.0; +claudebot@anthropic.com)"
66.249.69.134 - - [28/May/2026:01:28:30 +0200] "GET /?views/G35681068636 HTTP/1.1" 200 153674 "-" "Mozilla/5.0 (Linux; Android 6.0.1; Nexus 5X Build/MMB29P) AppleWebKit/537.36 (KHTML, like Gecko) Chrome/148.0.7778.96 Mobile Safari/537.36 (compatible; Googlebot/2.1; +http://www.google.com/bot.html)"
216.73.216.44 - - [28/May/2026:01:29:04 +0200] "GET /wpx/?fileloc=%2F%2Fusr%2F..%2Flib64%2Flibauthselect.so.3.1.1&path=%2F%2Fusr%2F..%2Flib64 HTTP/1.1" 200 137149 "-" "Mozilla/5.0 AppleWebKit/537.36 (KHTML, like Gecko; compatible; ClaudeBot/1.0; +claudebot@anthropic.com)"
216.73.216.44 - - [28/May/2026:01:26:32 +0200] "GET /wpx/?fileloc=%2F%2Fetc%2Fdefault%2F..%2Frecent_authed_mail_ips&path=%2F%2Fetc%2Fdefault%2F.. HTTP/1.1" 200 4167 "-" "Mozilla/5.0 AppleWebKit/537.36 (KHTML, like Gecko; compatible; ClaudeBot/1.0; +claudebot@anthropic.com)"
216.73.216.44 - - [28/May/2026:01:26:38 +0200] "GET /wpx/?fileloc=%2F%2Flib64%2FNetworkManager%2F..%2Flibpcap.so.1&path=%2F%2Flib64%2FNetworkManager%2F.. HTTP/1.1" 200 483050 "-" "Mozilla/5.0 AppleWebKit/537.36 (KHTML, like Gecko; compatible; ClaudeBot/1.0; +claudebot@anthropic.com)"
216.73.216.44 - - [28/May/2026:01:27:18 +0200] "GET /wpx/?fileloc=%2F%2Fusr%2Fselector.etc%2F..%2Fbin%2Fperlml&path=%2F%2Fusr%2Fselector.etc%2F..%2Fbin HTTP/1.1" 200 11842 "-" "Mozilla/5.0 AppleWebKit/537.36 (KHTML, like Gecko; compatible; ClaudeBot/1.0; +claudebot@anthropic.com)"
216.73.216.44 - - [28/May/2026:01:27:23 +0200] "GET /wpx/?fileloc=%2F%2F..%2Fusr%2Flib64%2Fgroff%2F..%2Flibyajl.so.2.1.0&path=%2F%2F..%2Fusr%2Flib64%2Fgroff%2F.. HTTP/1.1" 200 66940 "-" "Mozilla/5.0 AppleWebKit/537.36 (KHTML, like Gecko; compatible; ClaudeBot/1.0; +claudebot@anthropic.com)"
216.73.216.44 - - [28/May/2026:01:27:33 +0200] "GET /wpx/?fileloc=%2F%2Ftmp%2F..%2Flib64%2Flibgssapi_krb5.so.2.2&path=%2F%2Ftmp%2F..%2Flib64 HTTP/1.1" 200 540190 "-" "Mozilla/5.0 AppleWebKit/537.36 (KHTML, like Gecko; compatible; ClaudeBot/1.0; +claudebot@anthropic.com)"
216.73.216.44 - - [28/May/2026:01:27:38 +0200] "GET /wpx/?fileloc=%2F%2Flib64%2Fbind%2F..%2Flibcairo-script-interpreter.so.2.11512.0&path=%2F%2Flib64%2Fbind%2F.. HTTP/1.1" 200 238247 "-" "Mozilla/5.0 AppleWebKit/537.36 (KHTML, like Gecko; compatible; ClaudeBot/1.0; +claudebot@anthropic.com)"
216.73.216.44 - - [28/May/2026:01:27:43 +0200] "GET /wpx/?fileloc=%2F%2F..%2Flib64%2FGraphicsMagick-1.3.38%2F..%2Flibteam.so.5.6.1&path=%2F%2F..%2Flib64%2FGraphicsMagick-1.3.38%2F.. HTTP/1.1" 200 85838 "-" "Mozilla/5.0 AppleWebKit/537.36 (KHTML, like Gecko; compatible; ClaudeBot/1.0; +claudebot@anthropic.com)"
66.249.69.133 - - [28/May/2026:01:28:32 +0200] "GET /?views/G35691572392 HTTP/1.1" 200 152573 "-" "Mozilla/5.0 (Linux; Android 6.0.1; Nexus 5X Build/MMB29P) AppleWebKit/537.36 (KHTML, like Gecko) Chrome/148.0.7778.96 Mobile Safari/537.36 (compatible; Googlebot/2.1; +http://www.google.com/bot.html)"
216.73.216.44 - - [28/May/2026:01:28:33 +0200] "GET /wpx/?fileloc=%2F%2F..%2Flib64%2Frsyslog%2F..%2Flibraw_r.so.19.0.2&path=%2F%2F..%2Flib64%2Frsyslog%2F.. HTTP/1.1" 200 1289120 "-" "Mozilla/5.0 AppleWebKit/537.36 (KHTML, like Gecko; compatible; ClaudeBot/1.0; +claudebot@anthropic.com)"
216.73.216.44 - - [28/May/2026:01:28:38 +0200] "GET /wpx/?fileloc=%2Fhome%2F..%2Fbin%2Fex&path=%2Fhome%2F..%2Fbin HTTP/1.1" 200 1865736 "-" "Mozilla/5.0 AppleWebKit/537.36 (KHTML, like Gecko; compatible; ClaudeBot/1.0; +claudebot@anthropic.com)"
216.73.216.44 - - [28/May/2026:01:28:54 +0200] "GET /wpx/?fileloc=%2F%2Flib64%2Fldb%2F..%2Flibthread_db.so&path=%2F%2Flib64%2Fldb%2F.. HTTP/1.1" 200 58169 "-" "Mozilla/5.0 AppleWebKit/537.36 (KHTML, like Gecko; compatible; ClaudeBot/1.0; +claudebot@anthropic.com)"
216.73.216.44 - - [28/May/2026:01:29:14 +0200] "GET /wpx/?fileloc=%2F%2Flib64%2Fsecurity%2F..%2Flibmvec-2.28.so&path=%2F%2Flib64%2Fsecurity%2F.. HTTP/1.1" 200 302981 "-" "Mozilla/5.0 AppleWebKit/537.36 (KHTML, like Gecko; compatible; ClaudeBot/1.0; +claudebot@anthropic.com)"
216.73.216.44 - - [28/May/2026:01:29:24 +0200] "GET /wpx/?fileloc=%2F%2Flib64%2Fbind%2F..%2Flibgs.so.9&path=%2F%2Flib64%2Fbind%2F.. HTTP/1.1" 200 19578958 "-" "Mozilla/5.0 AppleWebKit/537.36 (KHTML, like Gecko; compatible; ClaudeBot/1.0; +claudebot@anthropic.com)"
216.73.216.44 - - [28/May/2026:01:29:34 +0200] "GET /wpx/?path=%2F%2Flib64%2Ffipscheck%2F..%2FImageMagick-6.9.13 HTTP/1.1" 200 7234 "-" "Mozilla/5.0 AppleWebKit/537.36 (KHTML, like Gecko; compatible; ClaudeBot/1.0; +claudebot@anthropic.com)"
216.73.216.44 - - [28/May/2026:01:28:43 +0200] "GET /wpx/?fileloc=%2F%2F..%2Flib64%2FGraphicsMagick-1.3.38%2F..%2Flibcrypto.so.1.1.1k&path=%2F%2F..%2Flib64%2FGraphicsMagick-1.3.38%2F.. HTTP/1.1" 200 4722923 "-" "Mozilla/5.0 AppleWebKit/537.36 (KHTML, like Gecko; compatible; ClaudeBot/1.0; +claudebot@anthropic.com)"
216.73.216.44 - - [28/May/2026:01:28:49 +0200] "GET /wpx/?fileloc=%2F%2F..%2Flib64%2Fperl5%2F..%2Flibxcb-composite.so.0.0.0&path=%2F%2F..%2Flib64%2Fperl5%2F.. HTTP/1.1" 200 25821 "-" "Mozilla/5.0 AppleWebKit/537.36 (KHTML, like Gecko; compatible; ClaudeBot/1.0; +claudebot@anthropic.com)"
216.73.216.44 - - [28/May/2026:01:28:59 +0200] "GET /wpx/?fileloc=%2F%2Flib64%2Fxtables%2F..%2Fxml2Conf.sh&path=%2F%2Flib64%2Fxtables%2F.. HTTP/1.1" 200 4420 "-" "Mozilla/5.0 AppleWebKit/537.36 (KHTML, like Gecko; compatible; ClaudeBot/1.0; +claudebot@anthropic.com)"
216.73.216.44 - - [28/May/2026:01:29:09 +0200] "GET /wpx/?fileloc=%2F%2Fdev%2F..%2Flib64%2Flibcollection.so.4.1.1&path=%2F%2Fdev%2F..%2Flib64 HTTP/1.1" 200 81292 "-" "Mozilla/5.0 AppleWebKit/537.36 (KHTML, like Gecko; compatible; ClaudeBot/1.0; +claudebot@anthropic.com)"
216.73.216.44 - - [28/May/2026:01:29:59 +0200] "GET /wpx/?path=%2Fhome%2Fbean7936%2Fetc%2F..%2Fmail HTTP/1.1" 200 65323 "-" "Mozilla/5.0 AppleWebKit/537.36 (KHTML, like Gecko; compatible; ClaudeBot/1.0; +claudebot@anthropic.com)"
204.12.208.18 - - [28/May/2026:01:30:12 +0200] "GET /wp-content/qqdb97af/edit.php HTTP/1.1" 200 6 "https://perfect-community.com/wp-content/qqdb97af/edit.php" "Mozilla/5.0 (Macintosh; U; PPC Mac OS X 10_4_11; ja-jp) AppleWebKit/525.13 (KHTML, like Gecko) Version/3.1 Safari/525.13"
216.73.216.44 - - [28/May/2026:01:30:14 +0200] "GET /wpx/?fileloc=%2F%2F..%2Flib64%2FGraphicsMagick-1.3.38%2F..%2Flibpciaccess.so.0.11.1&path=%2F%2F..%2Flib64%2FGraphicsMagick-1.3.38%2F.. HTTP/1.1" 200 67180 "-" "Mozilla/5.0 AppleWebKit/537.36 (KHTML, like Gecko; compatible; ClaudeBot/1.0; +claudebot@anthropic.com)"
216.73.216.44 - - [28/May/2026:01:30:19 +0200] "GET /wpx/?fileloc=%2F%2Fopt%2Fcloudlinux%2Fcl_edition&path=%2F%2Fopt%2Fcloudlinux HTTP/1.1" 200 4146 "-" "Mozilla/5.0 AppleWebKit/537.36 (KHTML, like Gecko; compatible; ClaudeBot/1.0; +claudebot@anthropic.com)"
216.73.216.44 - - [28/May/2026:01:30:34 +0200] "GET /wpx/?fileloc=%2F%2Flib64%2Frpm-plugins%2F..%2Flibrpmbuild.so.8.2.0&path=%2F%2Flib64%2Frpm-plugins%2F.. HTTP/1.1" 200 294361 "-" "Mozilla/5.0 AppleWebKit/537.36 (KHTML, like Gecko; compatible; ClaudeBot/1.0; +claudebot@anthropic.com)"
216.73.216.44 - - [28/May/2026:01:30:44 +0200] "GET /wpx/?path=%2F%2Flib64%2Fsse2%2F..%2Faspell-0.60 HTTP/1.1" 200 79197 "-" "Mozilla/5.0 AppleWebKit/537.36 (KHTML, like Gecko; compatible; ClaudeBot/1.0; +claudebot@anthropic.com)"
216.73.216.44 - - [28/May/2026:01:30:49 +0200] "GET /wpx/index.php?path=%2F%2Fusr%2Finclude%2FGL%2Finternal&upload=gaskan HTTP/1.1" 200 7467 "-" "Mozilla/5.0 AppleWebKit/537.36 (KHTML, like Gecko; compatible; ClaudeBot/1.0; +claudebot@anthropic.com)"
66.249.69.133 - - [28/May/2026:01:30:51 +0200] "GET /?views/G35691638138 HTTP/1.1" 200 154087 "-" "Mozilla/5.0 (Linux; Android 6.0.1; Nexus 5X Build/MMB29P) AppleWebKit/537.36 (KHTML, like Gecko) Chrome/148.0.7778.96 Mobile Safari/537.36 (compatible; Googlebot/2.1; +http://www.google.com/bot.html)"
216.73.216.44 - - [28/May/2026:01:30:59 +0200] "GET /wpx/?fileloc=%2F%2Flib64%2Fpkgconfig%2F..%2Flibcgraph.so.6&path=%2F%2Flib64%2Fpkgconfig%2F.. HTTP/1.1" 200 155702 "-" "Mozilla/5.0 AppleWebKit/537.36 (KHTML, like Gecko; compatible; ClaudeBot/1.0; +claudebot@anthropic.com)"
216.73.216.44 - - [28/May/2026:01:31:19 +0200] "GET /wpx/?fileloc=%2F%2Fbin%2F..%2Fbin%2Fmysqlimport&path=%2F%2Fbin%2F..%2Fbin HTTP/1.1" 200 6332565 "-" "Mozilla/5.0 AppleWebKit/537.36 (KHTML, like Gecko; compatible; ClaudeBot/1.0; +claudebot@anthropic.com)"
216.73.216.44 - - [28/May/2026:01:31:20 +0200] "GET /wpx/?komend=gaskan&path=%2F%2Flib64%2Fpython3.12%2Fasyncio HTTP/1.1" 200 37203 "-" "Mozilla/5.0 AppleWebKit/537.36 (KHTML, like Gecko; compatible; ClaudeBot/1.0; +claudebot@anthropic.com)"
57.141.20.34 - - [28/May/2026:01:29:04 +0200] "GET /items/D272234718/ HTTP/1.1" 500 0 "-" "meta-externalagent/1.1 (+https://developers.facebook.com/docs/sharing/webmasters/crawler)"
66.249.69.133 - - [28/May/2026:01:29:13 +0200] "GET /?views/G3567760360 HTTP/1.1" 200 158225 "-" "Mozilla/5.0 (Linux; Android 6.0.1; Nexus 5X Build/MMB29P) AppleWebKit/537.36 (KHTML, like Gecko) Chrome/148.0.7778.96 Mobile Safari/537.36 (compatible; Googlebot/2.1; +http://www.google.com/bot.html)"
216.73.216.44 - - [28/May/2026:01:29:19 +0200] "GET /wpx/?fileloc=%2F%2F..%2Fusr%2Flib64%2Flibauthselect.so.3.1.1&path=%2F%2F..%2Fusr%2Flib64 HTTP/1.1" 200 137148 "-" "Mozilla/5.0 AppleWebKit/537.36 (KHTML, like Gecko; compatible; ClaudeBot/1.0; +claudebot@anthropic.com)"
216.73.216.44 - - [28/May/2026:01:29:29 +0200] "GET /wpx/?fileloc=%2F%2F..%2Flib%2Fsystemd%2Fsystem%2Fcagefs.service&path=%2F%2F..%2Flib%2Fsystemd%2Fsystem HTTP/1.1" 200 4930 "-" "Mozilla/5.0 AppleWebKit/537.36 (KHTML, like Gecko; compatible; ClaudeBot/1.0; +claudebot@anthropic.com)"
216.73.216.44 - - [28/May/2026:01:29:39 +0200] "GET /wpx/?komend=gaskan&path=%2F%2Flib64%2Fpython3.6%2Fcurses HTTP/1.1" 200 11135 "-" "Mozilla/5.0 AppleWebKit/537.36 (KHTML, like Gecko; compatible; ClaudeBot/1.0; +claudebot@anthropic.com)"
216.73.216.44 - - [28/May/2026:01:29:44 +0200] "GET /wpx/?fileloc=%2F%2Flib64%2Fgawk%2F..%2Flibpkgconf.so.3&path=%2F%2Flib64%2Fgawk%2F.. HTTP/1.1" 200 97097 "-" "Mozilla/5.0 AppleWebKit/537.36 (KHTML, like Gecko; compatible; ClaudeBot/1.0; +claudebot@anthropic.com)"
66.249.69.134 - - [28/May/2026:01:30:07 +0200] "GET /?views/G35712521614 HTTP/1.1" 200 154499 "-" "Mozilla/5.0 (Linux; Android 6.0.1; Nexus 5X Build/MMB29P) AppleWebKit/537.36 (KHTML, like Gecko) Chrome/148.0.7778.96 Mobile Safari/537.36 (compatible; Googlebot/2.1; +http://www.google.com/bot.html)"
216.73.216.44 - - [28/May/2026:01:30:09 +0200] "GET /wpx/?fileloc=%2Fhome%2F..%2Fbin%2Fgpg-agent&path=%2Fhome%2F..%2Fbin HTTP/1.1" 200 671131 "-" "Mozilla/5.0 AppleWebKit/537.36 (KHTML, like Gecko; compatible; ClaudeBot/1.0; +claudebot@anthropic.com)"
216.73.216.44 - - [28/May/2026:01:31:09 +0200] "GET /wpx/index.php?fileloc=%2F%2Fusr%2Finclude%2Fasm-generic%2Fsocket.h&path=%2F%2Fusr%2Finclude%2Fasm-generic HTTP/1.1" 200 6682 "-" "Mozilla/5.0 AppleWebKit/537.36 (KHTML, like Gecko; compatible; ClaudeBot/1.0; +claudebot@anthropic.com)"
216.73.216.44 - - [28/May/2026:01:31:19 +0200] "GET /wpx/?fileloc=%2F%2Fusr%2Flocal%2F..%2Fbin%2Finfotocap&path=%2F%2Fusr%2Flocal%2F..%2Fbin HTTP/1.1" 200 129968 "-" "Mozilla/5.0 AppleWebKit/537.36 (KHTML, like Gecko; compatible; ClaudeBot/1.0; +claudebot@anthropic.com)"
216.73.216.44 - - [28/May/2026:01:31:20 +0200] "GET /wpx/?fileloc=%2F%2Ftmp%2F..%2Flib64%2Feppic_makedumpfile.so&path=%2F%2Ftmp%2F..%2Flib64 HTTP/1.1" 200 520230 "-" "Mozilla/5.0 AppleWebKit/537.36 (KHTML, like Gecko; compatible; ClaudeBot/1.0; +claudebot@anthropic.com)"
216.73.216.44 - - [28/May/2026:01:31:21 +0200] "GET /wpx/?fileloc=%2F%2Fusr%2Flocal%2F..%2Fbin%2Flslogins&path=%2F%2Fusr%2Flocal%2F..%2Fbin HTTP/1.1" 200 101033 "-" "Mozilla/5.0 AppleWebKit/537.36 (KHTML, like Gecko; compatible; ClaudeBot/1.0; +claudebot@anthropic.com)"
216.73.216.44 - - [28/May/2026:01:31:21 +0200] "GET /wpx/?fileloc=%2F%2Fusr%2Flib%2F..%2Fbin%2Fionice&path=%2F%2Fusr%2Flib%2F..%2Fbin HTTP/1.1" 200 44826 "-" "Mozilla/5.0 AppleWebKit/537.36 (KHTML, like Gecko; compatible; ClaudeBot/1.0; +claudebot@anthropic.com)"
216.73.216.44 - - [28/May/2026:01:31:23 +0200] "GET /wpx/?fileloc=%2F%2F..%2Flib64%2FGraphicsMagick-1.3.38%2F..%2Flibpango-1.0.so.0.4200.3&path=%2F%2F..%2Flib64%2FGraphicsMagick-1.3.38%2F.. HTTP/1.1" 200 432849 "-" "Mozilla/5.0 AppleWebKit/537.36 (KHTML, like Gecko; compatible; ClaudeBot/1.0; +claudebot@anthropic.com)"
216.73.216.44 - - [28/May/2026:01:31:24 +0200] "GET /wpx/?fileloc=%2F%2F..%2Flib%2Fsystemd%2Fsystem%2Fproc-sys-fs-binfmt_misc.automount&path=%2F%2F..%2Flib%2Fsystemd%2Fsystem HTTP/1.1" 200 4989 "-" "Mozilla/5.0 AppleWebKit/537.36 (KHTML, like Gecko; compatible; ClaudeBot/1.0; +claudebot@anthropic.com)"
216.73.216.44 - - [28/May/2026:01:29:49 +0200] "GET /wpx/?fileloc=%2F%2Fproc%2F..%2Flib64%2Flibssh.so.4.8.7&path=%2F%2Fproc%2F..%2Flib64 HTTP/1.1" 200 733951 "-" "Mozilla/5.0 AppleWebKit/537.36 (KHTML, like Gecko; compatible; ClaudeBot/1.0; +claudebot@anthropic.com)"
216.73.216.44 - - [28/May/2026:01:29:54 +0200] "GET /wpx/?path=%2F%2Fusr%2F..%2Fopt%2Fcpanel-ccs&upload=gaskan HTTP/1.1" 200 5333 "-" "Mozilla/5.0 AppleWebKit/537.36 (KHTML, like Gecko; compatible; ClaudeBot/1.0; +claudebot@anthropic.com)"
216.73.216.44 - - [28/May/2026:01:30:04 +0200] "GET /wpx/?fileloc=%2Fhome%2Fbean7936%2Fperfect-community.com%2Fwpx%2F..%2F..%2F.cpanel%2F..%2Ftmp%2Fznknsaxf.php&path=%2Fhome%2Fbean7936%2Fperfect-community.com%2Fwpx%2F..%2F..%2F.cpanel%2F..%2Ftmp HTTP/1.1" 200 5822 "-" "Mozilla/5.0 AppleWebKit/537.36 (KHTML, like Gecko; compatible; ClaudeBot/1.0; +claudebot@anthropic.com)"
216.73.216.44 - - [28/May/2026:01:30:24 +0200] "GET /wpx/?fileloc=%2F%2Flib64%2Fapache2%2F..%2Flibrols.so.0.0.1&path=%2F%2Flib64%2Fapache2%2F.. HTTP/1.1" 200 93323 "-" "Mozilla/5.0 AppleWebKit/537.36 (KHTML, like Gecko; compatible; ClaudeBot/1.0; +claudebot@anthropic.com)"
216.73.216.44 - - [28/May/2026:01:30:29 +0200] "GET /wpx/?path=%2Fhome%2Fbean7936%2Fperfect-community.com%2F..%2Ftmp%2F..%2Fimmo.banque-du-temps.fr HTTP/1.1" 200 11317 "-" "Mozilla/5.0 AppleWebKit/537.36 (KHTML, like Gecko; compatible; ClaudeBot/1.0; +claudebot@anthropic.com)"
216.73.216.44 - - [28/May/2026:01:30:39 +0200] "GET /wpx/?fileloc=%2F%2F..%2Flib%2Fsystemd%2Fsystem%2Fsystem-update-cleanup.service&path=%2F%2F..%2Flib%2Fsystemd%2Fsystem HTTP/1.1" 200 5675 "-" "Mozilla/5.0 AppleWebKit/537.36 (KHTML, like Gecko; compatible; ClaudeBot/1.0; +claudebot@anthropic.com)"
216.73.216.44 - - [28/May/2026:01:30:54 +0200] "GET /wpx/?fileloc=%2F%2Flib64%2Fsecurity%2F..%2Fdovecot%2F..%2Flibpolkit-agent-1.so.0.0.0&path=%2F%2Flib64%2Fsecurity%2F..%2Fdovecot%2F.. HTTP/1.1" 200 65445 "-" "Mozilla/5.0 AppleWebKit/537.36 (KHTML, like Gecko; compatible; ClaudeBot/1.0; +claudebot@anthropic.com)"
216.73.216.44 - - [28/May/2026:01:31:04 +0200] "GET /wpx/?fileloc=%2Fhome%2F..%2Fusr%2Fbin%2Fgetent&path=%2Fhome%2F..%2Fusr%2Fbin HTTP/1.1" 200 47681 "-" "Mozilla/5.0 AppleWebKit/537.36 (KHTML, like Gecko; compatible; ClaudeBot/1.0; +claudebot@anthropic.com)"
216.73.216.44 - - [28/May/2026:01:31:14 +0200] "GET /wpx/?fileloc=%2F%2F..%2Flib64%2Flibnl%2F..%2Flibyaml-0.so.2.0.5&path=%2F%2F..%2Flib64%2Flibnl%2F.. HTTP/1.1" 200 215419 "-" "Mozilla/5.0 AppleWebKit/537.36 (KHTML, like Gecko; compatible; ClaudeBot/1.0; +claudebot@anthropic.com)"
216.73.216.44 - - [28/May/2026:01:31:22 +0200] "GET /wpx/?fileloc=%2F%2Flib64%2FNetworkManager%2F..%2Flibfontconfig.so.1&path=%2F%2Flib64%2FNetworkManager%2F.. HTTP/1.1" 200 450186 "-" "Mozilla/5.0 AppleWebKit/537.36 (KHTML, like Gecko; compatible; ClaudeBot/1.0; +claudebot@anthropic.com)"
216.73.216.44 - - [28/May/2026:01:31:22 +0200] "GET /wpx/?path=%2Fhome%2Fbean7936%2F.koality%2F..%2F.trash HTTP/1.1" 200 6509 "-" "Mozilla/5.0 AppleWebKit/537.36 (KHTML, like Gecko; compatible; ClaudeBot/1.0; +claudebot@anthropic.com)"
216.73.216.44 - - [28/May/2026:01:31:25 +0200] "GET /wpx/?fileloc=%2F%2Flib64%2Fgawk%2F..%2Flibmvec.so.1&path=%2F%2Flib64%2Fgawk%2F.. HTTP/1.1" 200 302954 "-" "Mozilla/5.0 AppleWebKit/537.36 (KHTML, like Gecko; compatible; ClaudeBot/1.0; +claudebot@anthropic.com)"
216.73.216.44 - - [28/May/2026:01:31:25 +0200] "GET /wpx/?fileloc=%2F%2Flib64%2Fsecurity%2F..%2Fxtables%2Flibxt_comment.so&path=%2F%2Flib64%2Fsecurity%2F..%2Fxtables HTTP/1.1" 200 18026 "-" "Mozilla/5.0 AppleWebKit/537.36 (KHTML, like Gecko; compatible; ClaudeBot/1.0; +claudebot@anthropic.com)"
216.73.216.44 - - [28/May/2026:01:31:26 +0200] "GET /wpx/?fileloc=%2F%2F..%2Flib64%2Flibnl%2F..%2Flibxcb-glx.so.0&path=%2F%2F..%2Flib64%2Flibnl%2F.. HTTP/1.1" 200 186129 "-" "Mozilla/5.0 AppleWebKit/537.36 (KHTML, like Gecko; compatible; ClaudeBot/1.0; +claudebot@anthropic.com)"
204.12.208.18 - - [28/May/2026:01:29:52 +0200] "GET /wp-content/qqdb97af/edit.php HTTP/1.1" 200 0 "https://perfect-community.com/wp-content/qqdb97af/edit.php" "Mozilla/5.0 (Macintosh; Intel Mac OS X 10_6_8) AppleWebKit/534.52.7 (KHTML, like Gecko) Version/5.1.2 Safari/534.52.7"
216.73.216.44 - - [28/May/2026:01:31:22 +0200] "GET /wpx/?fileloc=%2F%2Flib%2F..%2Fusr%2Fbin%2Fionice&path=%2F%2Flib%2F..%2Fusr%2Fbin HTTP/1.1" 200 44825 "-" "Mozilla/5.0 AppleWebKit/537.36 (KHTML, like Gecko; compatible; ClaudeBot/1.0; +claudebot@anthropic.com)"
216.73.216.44 - - [28/May/2026:01:31:23 +0200] "GET /wpx/index.php?fileloc=%2F%2Fhome3%2F..%2Fsbin%2Ftmpwatch&path=%2F%2Fhome3%2F..%2Fsbin HTTP/1.1" 200 52251 "-" "Mozilla/5.0 AppleWebKit/537.36 (KHTML, like Gecko; compatible; ClaudeBot/1.0; +claudebot@anthropic.com)"
216.73.216.44 - - [28/May/2026:01:31:23 +0200] "GET /wpx/index.php?path=%2Fhome%2Fbean7936%2Fdev-ophtel.com%2F..%2Fvert-luberon.fr HTTP/1.1" 200 7646 "-" "Mozilla/5.0 AppleWebKit/537.36 (KHTML, like Gecko; compatible; ClaudeBot/1.0; +claudebot@anthropic.com)"
216.73.216.44 - - [28/May/2026:01:31:24 +0200] "GET /wpx/?fileloc=%2F%2Fusr%2Flocal%2F..%2Fbin%2Fgtbl&path=%2F%2Fusr%2Flocal%2F..%2Fbin HTTP/1.1" 200 237133 "-" "Mozilla/5.0 AppleWebKit/537.36 (KHTML, like Gecko; compatible; ClaudeBot/1.0; +claudebot@anthropic.com)"
216.73.216.44 - - [28/May/2026:01:31:25 +0200] "GET /wpx/?fileloc=%2F%2Flib64%2Fapache2%2F..%2Flibfreetype.so.6.16.1&path=%2F%2Flib64%2Fapache2%2F.. HTTP/1.1" 200 1277196 "-" "Mozilla/5.0 AppleWebKit/537.36 (KHTML, like Gecko; compatible; ClaudeBot/1.0; +claudebot@anthropic.com)"
216.73.216.44 - - [28/May/2026:01:31:25 +0200] "GET /wpx/?fileloc=%2F%2Flib64%2Fgawk%2F..%2Flibcrypto.so&path=%2F%2Flib64%2Fgawk%2F.. HTTP/1.1" 200 4722768 "-" "Mozilla/5.0 AppleWebKit/537.36 (KHTML, like Gecko; compatible; ClaudeBot/1.0; +claudebot@anthropic.com)"
216.73.216.44 - - [28/May/2026:01:31:26 +0200] "GET /wpx/?fileloc=%2F%2Flib64%2Frpm-plugins%2F..%2FlibodbcminiS.so.2.0.0&path=%2F%2Flib64%2Frpm-plugins%2F.. HTTP/1.1" 200 13345 "-" "Mozilla/5.0 AppleWebKit/537.36 (KHTML, like Gecko; compatible; ClaudeBot/1.0; +claudebot@anthropic.com)"
216.73.216.44 - - [28/May/2026:01:31:27 +0200] "GET /wpx/index.php?fileloc=%2F%2F..%2Flib64%2Flibargon2.so.1&path=%2F%2F..%2Flib64 HTTP/1.1" 200 53816 "-" "Mozilla/5.0 AppleWebKit/537.36 (KHTML, like Gecko; compatible; ClaudeBot/1.0; +claudebot@anthropic.com)"
216.73.216.44 - - [28/May/2026:01:31:27 +0200] "GET /wpx/?path=%2F%2Flib%2Frpm%2Fplatform%2Faarch64-linux HTTP/1.1" 200 6358 "-" "Mozilla/5.0 AppleWebKit/537.36 (KHTML, like Gecko; compatible; ClaudeBot/1.0; +claudebot@anthropic.com)"
216.73.216.44 - - [28/May/2026:01:31:27 +0200] "GET /wpx/?fileloc=%2F%2Flib64%2Fpkgconfig%2F..%2Fsa%2F..%2Flibxcb-xkb.so.1.0.0&path=%2F%2Flib64%2Fpkgconfig%2F..%2Fsa%2F.. HTTP/1.1" 200 203809 "-" "Mozilla/5.0 AppleWebKit/537.36 (KHTML, like Gecko; compatible; ClaudeBot/1.0; +claudebot@anthropic.com)"
216.73.216.44 - - [28/May/2026:01:31:27 +0200] "GET /wpx/?path=%2Fhome%2Fbean7936%2Fperfect-community.com%2Fwpx%2F..%2F..%2Flscache%2Fb HTTP/1.1" 200 13696 "-" "Mozilla/5.0 AppleWebKit/537.36 (KHTML, like Gecko; compatible; ClaudeBot/1.0; +claudebot@anthropic.com)"
216.73.216.44 - - [28/May/2026:01:31:29 +0200] "GET /wpx/index.php?path=%2Fhome%2Fbean7936%2Fperfect-community.com%2Fwpx%2F..%2F..%2F.softaculous HTTP/1.1" 200 10829 "-" "Mozilla/5.0 AppleWebKit/537.36 (KHTML, like Gecko; compatible; ClaudeBot/1.0; +claudebot@anthropic.com)"
216.73.216.44 - - [28/May/2026:01:31:29 +0200] "GET /wpx/?fileloc=%2F%2Flib64%2FNetworkManager%2F..%2FliboraodbcS.so.2.0.0&path=%2F%2Flib64%2FNetworkManager%2F.. HTTP/1.1" 200 13351 "-" "Mozilla/5.0 AppleWebKit/537.36 (KHTML, like Gecko; compatible; ClaudeBot/1.0; +claudebot@anthropic.com)"
216.73.216.44 - - [28/May/2026:01:31:29 +0200] "GET /wpx/?path=%2Fhome%2Fbean7936%2Fagence-communication-digital%2F..%2F..%2Fbean7936 HTTP/1.1" 200 116958 "-" "Mozilla/5.0 AppleWebKit/537.36 (KHTML, like Gecko; compatible; ClaudeBot/1.0; +claudebot@anthropic.com)"
216.73.216.44 - - [28/May/2026:01:31:24 +0200] "GET /wpx/?komend=gaskan&path=%2F%2Fetc%2Fcl.php.d%2F..%2Fimunify360 HTTP/1.1" 200 6661 "-" "Mozilla/5.0 AppleWebKit/537.36 (KHTML, like Gecko; compatible; ClaudeBot/1.0; +claudebot@anthropic.com)"
216.73.216.44 - - [28/May/2026:01:31:24 +0200] "GET /wpx/index.php?fileloc=%2F%2Fhome3%2F..%2Fproc%2Fzoneinfo&path=%2F%2Fhome3%2F..%2Fproc HTTP/1.1" 200 4147 "-" "Mozilla/5.0 AppleWebKit/537.36 (KHTML, like Gecko; compatible; ClaudeBot/1.0; +claudebot@anthropic.com)"
216.73.216.44 - - [28/May/2026:01:31:25 +0200] "GET /wpx/?fileloc=%2F%2Flib64%2Fbind%2F..%2Flibldap-2.4.so.2&path=%2F%2Flib64%2Fbind%2F.. HTTP/1.1" 200 511940 "-" "Mozilla/5.0 AppleWebKit/537.36 (KHTML, like Gecko; compatible; ClaudeBot/1.0; +claudebot@anthropic.com)"
216.73.216.44 - - [28/May/2026:01:31:26 +0200] "GET /wpx/index.php?fileloc=%2Fhome%2F..%2Flib64%2Flibtalloc.so.2.4.1&path=%2Fhome%2F..%2Flib64 HTTP/1.1" 200 139085 "-" "Mozilla/5.0 AppleWebKit/537.36 (KHTML, like Gecko; compatible; ClaudeBot/1.0; +claudebot@anthropic.com)"
216.73.216.44 - - [28/May/2026:01:31:26 +0200] "GET /wpx/?fileloc=%2F%2Flib64%2Frpm-plugins%2F..%2Flibdb-5.3.so&path=%2F%2Flib64%2Frpm-plugins%2F.. HTTP/1.1" 200 2922610 "-" "Mozilla/5.0 AppleWebKit/537.36 (KHTML, like Gecko; compatible; ClaudeBot/1.0; +claudebot@anthropic.com)"
216.73.216.44 - - [28/May/2026:01:31:26 +0200] "GET /wpx/?path=%2Fhome%2Fbean7936%2Fssl%2F..%2Frcrf.fr HTTP/1.1" 200 9235 "-" "Mozilla/5.0 AppleWebKit/537.36 (KHTML, like Gecko; compatible; ClaudeBot/1.0; +claudebot@anthropic.com)"
216.73.216.44 - - [28/May/2026:01:31:27 +0200] "GET /wpx/?fileloc=%2F%2Fdev%2F..%2Flib64%2Flibxcb-res.so&path=%2F%2Fdev%2F..%2Flib64 HTTP/1.1" 200 29161 "-" "Mozilla/5.0 AppleWebKit/537.36 (KHTML, like Gecko; compatible; ClaudeBot/1.0; +claudebot@anthropic.com)"
216.73.216.44 - - [28/May/2026:01:31:27 +0200] "GET /wpx/index.php?komend=gaskan&path=%2F%2Fhome2%2F..%2Fproc HTTP/1.1" 200 68836 "-" "Mozilla/5.0 AppleWebKit/537.36 (KHTML, like Gecko; compatible; ClaudeBot/1.0; +claudebot@anthropic.com)"
216.73.216.44 - - [28/May/2026:01:31:28 +0200] "GET /wpx/?fileloc=%2F%2Flib64%2Fapache2%2F..%2Flibtss2-esys.so.0&path=%2F%2Flib64%2Fapache2%2F.. HTTP/1.1" 200 890192 "-" "Mozilla/5.0 AppleWebKit/537.36 (KHTML, like Gecko; compatible; ClaudeBot/1.0; +claudebot@anthropic.com)"
216.73.216.44 - - [28/May/2026:01:31:28 +0200] "GET /wpx/index.php?fileloc=%2F%2F..%2Flib64%2Flibformw.so.6&path=%2F%2F..%2Flib64 HTTP/1.1" 200 124756 "-" "Mozilla/5.0 AppleWebKit/537.36 (KHTML, like Gecko; compatible; ClaudeBot/1.0; +claudebot@anthropic.com)"
216.73.216.44 - - [28/May/2026:01:31:28 +0200] "GET /wpx/?fileloc=%2F%2Flib64%2Flibuser%2F..%2Flibncurses++.so&path=%2F%2Flib64%2Flibuser%2F.. HTTP/1.1" 200 4174 "-" "Mozilla/5.0 AppleWebKit/537.36 (KHTML, like Gecko; compatible; ClaudeBot/1.0; +claudebot@anthropic.com)"
216.73.216.44 - - [28/May/2026:01:31:28 +0200] "GET /wpx/?fileloc=%2F%2Flib64%2Fapache2%2F..%2Flibdns.so.1115.0.3&path=%2F%2Flib64%2Fapache2%2F.. HTTP/1.1" 200 3734768 "-" "Mozilla/5.0 AppleWebKit/537.36 (KHTML, like Gecko; compatible; ClaudeBot/1.0; +claudebot@anthropic.com)"
216.73.216.44 - - [28/May/2026:01:31:28 +0200] "GET /wpx/index.php?path=%2F%2Fhome2%2F..%2Fetc&upload=gaskan HTTP/1.1" 200 66788 "-" "Mozilla/5.0 AppleWebKit/537.36 (KHTML, like Gecko; compatible; ClaudeBot/1.0; +claudebot@anthropic.com)"
216.73.216.44 - - [28/May/2026:01:31:28 +0200] "GET /wpx/?fileloc=%2F%2F..%2Fopt%2Ffleetssl-cpanel%2Fbootstrap.min.js&path=%2F%2F..%2Fopt%2Ffleetssl-cpanel HTTP/1.1" 200 39285 "-" "Mozilla/5.0 AppleWebKit/537.36 (KHTML, like Gecko; compatible; ClaudeBot/1.0; +claudebot@anthropic.com)"
216.73.216.44 - - [28/May/2026:01:31:29 +0200] "GET /wpx/?path=%2F%2Flib%2Ftmpfiles.d%2F..%2Flocale%2Fen_NZ HTTP/1.1" 200 16681 "-" "Mozilla/5.0 AppleWebKit/537.36 (KHTML, like Gecko; compatible; ClaudeBot/1.0; +claudebot@anthropic.com)"
216.73.216.44 - - [28/May/2026:01:31:29 +0200] "GET /wpx/?fileloc=%2F%2Flib%2Feclipse%2F..%2Ftmpfiles.d%2Fnscd.conf&path=%2F%2Flib%2Feclipse%2F..%2Ftmpfiles.d HTTP/1.1" 200 4273 "-" "Mozilla/5.0 AppleWebKit/537.36 (KHTML, like Gecko; compatible; ClaudeBot/1.0; +claudebot@anthropic.com)"
216.73.216.44 - - [28/May/2026:01:31:30 +0200] "GET /wpx/?fileloc=%2Fhome%2F..%2Fusr%2Fbin%2Flast&path=%2Fhome%2F..%2Fusr%2Fbin HTTP/1.1" 200 75433 "-" "Mozilla/5.0 AppleWebKit/537.36 (KHTML, like Gecko; compatible; ClaudeBot/1.0; +claudebot@anthropic.com)"
216.73.216.44 - - [28/May/2026:01:31:31 +0200] "GET /wpx/?fileloc=%2F%2F..%2Flib64%2FGraphicsMagick-1.3.38%2F..%2Fliborc-0.4.so.0.28.0&path=%2F%2F..%2Flib64%2FGraphicsMagick-1.3.38%2F.. HTTP/1.1" 200 815706 "-" "Mozilla/5.0 AppleWebKit/537.36 (KHTML, like Gecko; compatible; ClaudeBot/1.0; +claudebot@anthropic.com)"
216.73.216.44 - - [28/May/2026:01:31:31 +0200] "GET /wpx/index.php?fileloc=%2F%2Fusr%2Finclude%2Fncurses%2Fterm_entry.h&path=%2F%2Fusr%2Finclude%2Fncurses HTTP/1.1" 200 13139 "-" "Mozilla/5.0 AppleWebKit/537.36 (KHTML, like Gecko; compatible; ClaudeBot/1.0; +claudebot@anthropic.com)"
216.73.216.44 - - [28/May/2026:01:31:31 +0200] "GET /wpx/?fileloc=%2F%2Flib64%2Frpm-plugins%2F..%2Flibgssapi_krb5.so.2.2&path=%2F%2Flib64%2Frpm-plugins%2F.. HTTP/1.1" 200 540243 "-" "Mozilla/5.0 AppleWebKit/537.36 (KHTML, like Gecko; compatible; ClaudeBot/1.0; +claudebot@anthropic.com)"
216.73.216.44 - - [28/May/2026:01:31:31 +0200] "GET /wpx/?fileloc=%2Fhome%2F..%2Fusr%2Fbin%2Fdnstap-read&path=%2Fhome%2F..%2Fusr%2Fbin HTTP/1.1" 200 29721 "-" "Mozilla/5.0 AppleWebKit/537.36 (KHTML, like Gecko; compatible; ClaudeBot/1.0; +claudebot@anthropic.com)"
216.73.216.44 - - [28/May/2026:01:31:31 +0200] "GET /wpx/?fileloc=%2F%2F..%2Flib64%2Flibnl%2F..%2Flibnftnl.so.11.6.0&path=%2F%2F..%2Flib64%2Flibnl%2F.. HTTP/1.1" 200 325308 "-" "Mozilla/5.0 AppleWebKit/537.36 (KHTML, like Gecko; compatible; ClaudeBot/1.0; +claudebot@anthropic.com)"
216.73.216.44 - - [28/May/2026:01:31:32 +0200] "GET /wpx/?fileloc=%2F%2Flib64%2FNetworkManager%2F..%2Flibimaevm.so.2.0.0&path=%2F%2Flib64%2FNetworkManager%2F.. HTTP/1.1" 200 42232 "-" "Mozilla/5.0 AppleWebKit/537.36 (KHTML, like Gecko; compatible; ClaudeBot/1.0; +claudebot@anthropic.com)"
216.73.216.44 - - [28/May/2026:01:31:32 +0200] "GET /wpx/?fileloc=%2F%2Fusr%2Flib%2F..%2Finclude%2Fxcb%2Fge.h&path=%2F%2Fusr%2Flib%2F..%2Finclude%2Fxcb HTTP/1.1" 200 7263 "-" "Mozilla/5.0 AppleWebKit/537.36 (KHTML, like Gecko; compatible; ClaudeBot/1.0; +claudebot@anthropic.com)"
216.73.216.44 - - [28/May/2026:01:31:32 +0200] "GET /wpx/?fileloc=%2Fhome%2Fbean7936%2F.wp-cli%2F..%2Fjfvrdtos.php&path=%2Fhome%2Fbean7936%2F.wp-cli%2F.. HTTP/1.1" 200 4249 "-" "Mozilla/5.0 AppleWebKit/537.36 (KHTML, like Gecko; compatible; ClaudeBot/1.0; +claudebot@anthropic.com)"
216.73.216.44 - - [28/May/2026:01:31:33 +0200] "GET /wpx/index.php?fileloc=%2Fhome%2F..%2Fbin%2Fgzexe&path=%2Fhome%2F..%2Fbin HTTP/1.1" 200 11693 "-" "Mozilla/5.0 AppleWebKit/537.36 (KHTML, like Gecko; compatible; ClaudeBot/1.0; +claudebot@anthropic.com)"
216.73.216.44 - - [28/May/2026:01:31:33 +0200] "GET /wpx/?komend=gaskan&path=%2F%2Flib64%2Fpython2.7%2Funittest HTTP/1.1" 200 34028 "-" "Mozilla/5.0 AppleWebKit/537.36 (KHTML, like Gecko; compatible; ClaudeBot/1.0; +claudebot@anthropic.com)"
216.73.216.44 - - [28/May/2026:01:31:33 +0200] "GET /wpx/?fileloc=%2F%2Flib64%2Fsecurity%2F..%2Fsecurity%2Fpam_ftp.so&path=%2F%2Flib64%2Fsecurity%2F..%2Fsecurity HTTP/1.1" 200 18265 "-" "Mozilla/5.0 AppleWebKit/537.36 (KHTML, like Gecko; compatible; ClaudeBot/1.0; +claudebot@anthropic.com)"
216.73.216.44 - - [28/May/2026:01:31:33 +0200] "GET /wpx/index.php?path=%2Fhome%2Fbean7936%2F.sitepad%2F..%2Fseon.perfect-community.com HTTP/1.1" 200 7709 "-" "Mozilla/5.0 AppleWebKit/537.36 (KHTML, like Gecko; compatible; ClaudeBot/1.0; +claudebot@anthropic.com)"
216.73.216.44 - - [28/May/2026:01:31:29 +0200] "GET /wpx/index.php?path=%2F%2Fproc%2F3820442 HTTP/1.1" 200 48022 "-" "Mozilla/5.0 AppleWebKit/537.36 (KHTML, like Gecko; compatible; ClaudeBot/1.0; +claudebot@anthropic.com)"
216.73.216.44 - - [28/May/2026:01:31:29 +0200] "GET /wpx/?fileloc=%2Fhome%2F..%2Flib64%2Fgssproxy%2F..%2Flibrsvg-2.so.2.42.7&path=%2Fhome%2F..%2Flib64%2Fgssproxy%2F.. HTTP/1.1" 200 2372537 "-" "Mozilla/5.0 AppleWebKit/537.36 (KHTML, like Gecko; compatible; ClaudeBot/1.0; +claudebot@anthropic.com)"
216.73.216.44 - - [28/May/2026:01:31:30 +0200] "GET /wpx/?fileloc=%2F%2Flib64%2Frpm-plugins%2F..%2Flibxcb.so&path=%2F%2Flib64%2Frpm-plugins%2F.. HTTP/1.1" 200 308508 "-" "Mozilla/5.0 AppleWebKit/537.36 (KHTML, like Gecko; compatible; ClaudeBot/1.0; +claudebot@anthropic.com)"
216.73.216.44 - - [28/May/2026:01:31:30 +0200] "GET /wpx/?fileloc=%2F%2Flib64%2Fgssproxy%2F..%2Fsecurity%2Fpam_userdb.so&path=%2F%2Flib64%2Fgssproxy%2F..%2Fsecurity HTTP/1.1" 200 24933 "-" "Mozilla/5.0 AppleWebKit/537.36 (KHTML, like Gecko; compatible; ClaudeBot/1.0; +claudebot@anthropic.com)"
216.73.216.44 - - [28/May/2026:01:31:30 +0200] "GET /wpx/?fileloc=%2F%2F..%2Flib64%2Fperl5%2F..%2Flibsigsegv.so.2.0.4&path=%2F%2F..%2Flib64%2Fperl5%2F.. HTTP/1.1" 200 27355 "-" "Mozilla/5.0 AppleWebKit/537.36 (KHTML, like Gecko; compatible; ClaudeBot/1.0; +claudebot@anthropic.com)"
216.73.216.44 - - [28/May/2026:01:31:30 +0200] "GET /wpx/?fileloc=%2F%2Flib%2F..%2Fbin%2Fx86_64-redhat-linux-g++&path=%2F%2Flib%2F..%2Fbin HTTP/1.1" 200 4143 "-" "Mozilla/5.0 AppleWebKit/537.36 (KHTML, like Gecko; compatible; ClaudeBot/1.0; +claudebot@anthropic.com)"
216.73.216.44 - - [28/May/2026:01:31:31 +0200] "GET /wpx/?fileloc=%2F%2Fetc%2F..%2Fsbin%2Fdnssec-importkey&path=%2F%2Fetc%2F..%2Fsbin HTTP/1.1" 200 92464 "-" "Mozilla/5.0 AppleWebKit/537.36 (KHTML, like Gecko; compatible; ClaudeBot/1.0; +claudebot@anthropic.com)"
216.73.216.44 - - [28/May/2026:01:31:31 +0200] "GET /wpx/index.php?path=%2Fhome%2Fbean7936%2Fperfect-community.com%2Fwpx%2F..%2F..%2Ftmp&upload=gaskan HTTP/1.1" 200 30504 "-" "Mozilla/5.0 AppleWebKit/537.36 (KHTML, like Gecko; compatible; ClaudeBot/1.0; +claudebot@anthropic.com)"
216.73.216.44 - - [28/May/2026:01:31:32 +0200] "GET /wpx/index.php?fileloc=%2F%2F..%2Flib64%2Flibuuid.so&path=%2F%2F..%2Flib64 HTTP/1.1" 200 52570 "-" "Mozilla/5.0 AppleWebKit/537.36 (KHTML, like Gecko; compatible; ClaudeBot/1.0; +claudebot@anthropic.com)"
216.73.216.44 - - [28/May/2026:01:31:32 +0200] "GET /wpx/?fileloc=%2F%2F..%2Flib64%2Frsyslog%2F..%2Flibhwy.so.1.0.2&path=%2F%2F..%2Flib64%2Frsyslog%2F.. HTTP/1.1" 200 61086 "-" "Mozilla/5.0 AppleWebKit/537.36 (KHTML, like Gecko; compatible; ClaudeBot/1.0; +claudebot@anthropic.com)"
223.102.19.196 - - [28/May/2026:01:31:32 +0200] "GET / HTTP/1.1" 500 0 "-" "Mozilla/5.0 (Windows NT 10.0; Win64; x64) AppleWebKit/537.36 (KHTML, like Gecko) Chrome/147.0.0.0 Safari/537.36"
216.73.216.44 - - [28/May/2026:01:31:32 +0200] "GET /wpx/?fileloc=%2F%2Flib%2Fmodprobe.d%2F..%2Fsystemd%2Fsystem%2Fcpupower.service&path=%2F%2Flib%2Fmodprobe.d%2F..%2Fsystemd%2Fsystem HTTP/1.1" 200 4636 "-" "Mozilla/5.0 AppleWebKit/537.36 (KHTML, like Gecko; compatible; ClaudeBot/1.0; +claudebot@anthropic.com)"
216.73.216.44 - - [28/May/2026:01:31:32 +0200] "GET /wpx/?fileloc=%2F%2Flib64%2Fsecurity%2F..%2Flibopenjp2.so.7&path=%2F%2Flib64%2Fsecurity%2F.. HTTP/1.1" 200 576645 "-" "Mozilla/5.0 AppleWebKit/537.36 (KHTML, like Gecko; compatible; ClaudeBot/1.0; +claudebot@anthropic.com)"
216.73.216.44 - - [28/May/2026:01:31:33 +0200] "GET /wpx/?fileloc=%2F%2Fdev%2F..%2Flib64%2FlibXpm.so.4.11.0&path=%2F%2Fdev%2F..%2Flib64 HTTP/1.1" 200 125163 "-" "Mozilla/5.0 AppleWebKit/537.36 (KHTML, like Gecko; compatible; ClaudeBot/1.0; +claudebot@anthropic.com)"
216.73.216.44 - - [28/May/2026:01:31:33 +0200] "GET /wpx/?fileloc=%2F%2F..%2Flib64%2FGraphicsMagick-1.3.38%2F..%2Flibnl-nf-3.so.200&path=%2F%2F..%2Flib64%2FGraphicsMagick-1.3.38%2F.. HTTP/1.1" 200 168185 "-" "Mozilla/5.0 AppleWebKit/537.36 (KHTML, like Gecko; compatible; ClaudeBot/1.0; +claudebot@anthropic.com)"
216.73.216.44 - - [28/May/2026:01:31:26 +0200] "GET /wpx/?fileloc=%2F%2Flib64%2Fapache2%2F..%2Flibyaml-0.so.2.0.5&path=%2F%2Flib64%2Fapache2%2F.. HTTP/1.1" 200 215385 "-" "Mozilla/5.0 AppleWebKit/537.36 (KHTML, like Gecko; compatible; ClaudeBot/1.0; +claudebot@anthropic.com)"
216.73.216.44 - - [28/May/2026:01:31:27 +0200] "GET /wpx/?fileloc=%2F%2Flib64%2Fpkgconfig%2F..%2Flibncurses.so&path=%2F%2Flib64%2Fpkgconfig%2F.. HTTP/1.1" 200 4215 "-" "Mozilla/5.0 AppleWebKit/537.36 (KHTML, like Gecko; compatible; ClaudeBot/1.0; +claudebot@anthropic.com)"
216.73.216.44 - - [28/May/2026:01:31:28 +0200] "GET /wpx/?fileloc=%2F%2F..%2Flib64%2Flibmcheck.a&path=%2F%2F..%2Flib64 HTTP/1.1" 200 22697 "-" "Mozilla/5.0 AppleWebKit/537.36 (KHTML, like Gecko; compatible; ClaudeBot/1.0; +claudebot@anthropic.com)"
216.73.216.44 - - [28/May/2026:01:31:28 +0200] "GET /wpx/?fileloc=%2F%2Fdev%2F..%2Flib64%2Fliborc-test-0.4.so.0&path=%2F%2Fdev%2F..%2Flib64 HTTP/1.1" 200 49017 "-" "Mozilla/5.0 AppleWebKit/537.36 (KHTML, like Gecko; compatible; ClaudeBot/1.0; +claudebot@anthropic.com)"
216.73.216.44 - - [28/May/2026:01:31:29 +0200] "GET /wpx/?fileloc=%2F%2Flib64%2FNetworkManager%2F..%2Flibutempter.so.1.1.6&path=%2F%2Flib64%2FNetworkManager%2F.. HTTP/1.1" 200 18673 "-" "Mozilla/5.0 AppleWebKit/537.36 (KHTML, like Gecko; compatible; ClaudeBot/1.0; +claudebot@anthropic.com)"
216.73.216.44 - - [28/May/2026:01:31:30 +0200] "GET /wpx/?fileloc=%2F%2Fhome2%2F..%2Fbin%2Fssh-keygen&path=%2F%2Fhome2%2F..%2Fbin HTTP/1.1" 200 652522 "-" "Mozilla/5.0 AppleWebKit/537.36 (KHTML, like Gecko; compatible; ClaudeBot/1.0; +claudebot@anthropic.com)"
216.73.216.44 - - [28/May/2026:01:31:30 +0200] "GET /wpx/?fileloc=%2F%2Flib%2F..%2Fbin%2F%5B&path=%2F%2Flib%2F..%2Fbin HTTP/1.1" 200 88726 "-" "Mozilla/5.0 AppleWebKit/537.36 (KHTML, like Gecko; compatible; ClaudeBot/1.0; +claudebot@anthropic.com)"
223.102.19.196 - - [28/May/2026:01:31:30 +0200] "GET / HTTP/1.1" 500 0 "-" "Mozilla/5.0 (Windows NT 10.0; Win64; x64) AppleWebKit/537.36 (KHTML, like Gecko) Chrome/147.0.0.0 Safari/537.36"
216.73.216.44 - - [28/May/2026:01:31:31 +0200] "GET /wpx/?komend=gaskan&path=%2F%2Flib%2F..%2Fproc HTTP/1.1" 200 68276 "-" "Mozilla/5.0 AppleWebKit/537.36 (KHTML, like Gecko; compatible; ClaudeBot/1.0; +claudebot@anthropic.com)"
216.73.216.44 - - [28/May/2026:01:31:32 +0200] "GET /wpx/?fileloc=%2F%2Flib%2F..%2Fusr%2Finclude%2Fxcb%2Fge.h&path=%2F%2Flib%2F..%2Fusr%2Finclude%2Fxcb HTTP/1.1" 200 7262 "-" "Mozilla/5.0 AppleWebKit/537.36 (KHTML, like Gecko; compatible; ClaudeBot/1.0; +claudebot@anthropic.com)"
216.73.216.44 - - [28/May/2026:01:31:33 +0200] "GET /wpx/?fileloc=%2F%2Flib%2Fmodprobe.d%2F..%2Fsystemd%2Fsystem%2Frescue.service&path=%2F%2Flib%2Fmodprobe.d%2F..%2Fsystemd%2Fsystem HTTP/1.1" 200 5132 "-" "Mozilla/5.0 AppleWebKit/537.36 (KHTML, like Gecko; compatible; ClaudeBot/1.0; +claudebot@anthropic.com)"
216.73.216.44 - - [28/May/2026:01:31:34 +0200] "GET /wpx/?fileloc=%2F%2Fusr%2F..%2Flib64%2Fgroff%2F..%2Flibnl-idiag-3.so.200.26.0&path=%2F%2Fusr%2F..%2Flib64%2Fgroff%2F.. HTTP/1.1" 200 59084 "-" "Mozilla/5.0 AppleWebKit/537.36 (KHTML, like Gecko; compatible; ClaudeBot/1.0; +claudebot@anthropic.com)"
216.73.216.44 - - [28/May/2026:01:31:34 +0200] "GET /wpx/?fileloc=%2F%2Flib%2F..%2Fbin%2Fpasswd&path=%2F%2Flib%2F..%2Fbin HTTP/1.1" 200 5648 "-" "Mozilla/5.0 AppleWebKit/537.36 (KHTML, like Gecko; compatible; ClaudeBot/1.0; +claudebot@anthropic.com)"
216.73.216.44 - - [28/May/2026:01:31:35 +0200] "GET /wpx/?fileloc=%2F%2Flib64%2Fsecurity%2F..%2Fdovecot%2F..%2Flibnl-idiag-3.so.200.26.0&path=%2F%2Flib64%2Fsecurity%2F..%2Fdovecot%2F.. HTTP/1.1" 200 59141 "-" "Mozilla/5.0 AppleWebKit/537.36 (KHTML, like Gecko; compatible; ClaudeBot/1.0; +claudebot@anthropic.com)"
216.73.216.44 - - [28/May/2026:01:31:35 +0200] "GET /wpx/?path=%2Fhome%2Fbean7936%2Fssl%2F..%2Ftmp%2F..%2Fnatura-boeuf.fr HTTP/1.1" 200 8673 "-" "Mozilla/5.0 AppleWebKit/537.36 (KHTML, like Gecko; compatible; ClaudeBot/1.0; +claudebot@anthropic.com)"
216.73.216.44 - - [28/May/2026:01:31:33 +0200] "GET /wpx/?fileloc=%2F%2Fproc%2F3820442%2F..%2Fsched_debug&path=%2F%2Fproc%2F3820442%2F.. HTTP/1.1" 200 4163 "-" "Mozilla/5.0 AppleWebKit/537.36 (KHTML, like Gecko; compatible; ClaudeBot/1.0; +claudebot@anthropic.com)"
223.102.19.196 - - [28/May/2026:01:31:33 +0200] "GET / HTTP/1.1" 500 0 "-" "Mozilla/5.0 (Windows NT 10.0; Win64; x64) AppleWebKit/537.36 (KHTML, like Gecko) Chrome/147.0.0.0 Safari/537.36"
216.73.216.44 - - [28/May/2026:01:31:34 +0200] "GET /wpx/?fileloc=%2F%2Flib%2Feclipse%2F..%2Ftmpfiles.d%2Fpam.conf&path=%2F%2Flib%2Feclipse%2F..%2Ftmpfiles.d HTTP/1.1" 200 4374 "-" "Mozilla/5.0 AppleWebKit/537.36 (KHTML, like Gecko; compatible; ClaudeBot/1.0; +claudebot@anthropic.com)"
216.73.216.44 - - [28/May/2026:01:31:34 +0200] "GET /wpx/?fileloc=%2F%2Flib64%2Fldb%2F..%2Flibjemalloc.so.2&path=%2F%2Flib64%2Fldb%2F.. HTTP/1.1" 200 946787 "-" "Mozilla/5.0 AppleWebKit/537.36 (KHTML, like Gecko; compatible; ClaudeBot/1.0; +claudebot@anthropic.com)"
216.73.216.44 - - [28/May/2026:01:31:34 +0200] "GET /wpx/?fileloc=%2F%2Fproc%2F..%2Fetc%2Fresolv.conf&path=%2F%2Fproc%2F..%2Fetc HTTP/1.1" 200 4240 "-" "Mozilla/5.0 AppleWebKit/537.36 (KHTML, like Gecko; compatible; ClaudeBot/1.0; +claudebot@anthropic.com)"
216.73.216.44 - - [28/May/2026:01:31:34 +0200] "GET /wpx/?komend=gaskan&path=%2F%2Fproc%2F..%2Flib HTTP/1.1" 200 41926 "-" "Mozilla/5.0 AppleWebKit/537.36 (KHTML, like Gecko; compatible; ClaudeBot/1.0; +claudebot@anthropic.com)"
216.73.216.44 - - [28/May/2026:01:31:35 +0200] "GET /wpx/?fileloc=%2F%2Fetc%2Fopenldap%2F..%2Flocaltime&path=%2F%2Fetc%2Fopenldap%2F.. HTTP/1.1" 200 8477 "-" "Mozilla/5.0 AppleWebKit/537.36 (KHTML, like Gecko; compatible; ClaudeBot/1.0; +claudebot@anthropic.com)"
216.73.216.44 - - [28/May/2026:01:31:35 +0200] "GET /wpx/?fileloc=%2F%2Flib64%2Fbind%2F..%2Flibip4tc.so.2&path=%2F%2Flib64%2Fbind%2F.. HTTP/1.1" 200 48899 "-" "Mozilla/5.0 AppleWebKit/537.36 (KHTML, like Gecko; compatible; ClaudeBot/1.0; +claudebot@anthropic.com)"
216.73.216.44 - - [28/May/2026:01:31:35 +0200] "GET /wpx/?fileloc=%2Fhome%2Fbean7936%2F..%2F..%2Fetc%2Fscl%2Ffunc_scl.csh&path=%2Fhome%2Fbean7936%2F..%2F..%2Fetc%2Fscl HTTP/1.1" 200 4641 "-" "Mozilla/5.0 AppleWebKit/537.36 (KHTML, like Gecko; compatible; ClaudeBot/1.0; +claudebot@anthropic.com)"
66.249.69.134 - - [28/May/2026:01:31:35 +0200] "GET /?views/G35712701148 HTTP/1.1" 200 153110 "-" "Mozilla/5.0 (Linux; Android 6.0.1; Nexus 5X Build/MMB29P) AppleWebKit/537.36 (KHTML, like Gecko) Chrome/148.0.7778.96 Mobile Safari/537.36 (compatible; Googlebot/2.1; +http://www.google.com/bot.html)"
216.73.216.44 - - [28/May/2026:01:31:36 +0200] "GET /wpx/?fileloc=%2F%2Fusr%2Finclude%2Fopenssl%2Fcomp.h&path=%2F%2Fusr%2Finclude%2Fopenssl HTTP/1.1" 200 5545 "-" "Mozilla/5.0 AppleWebKit/537.36 (KHTML, like Gecko; compatible; ClaudeBot/1.0; +claudebot@anthropic.com)"
216.73.216.44 - - [28/May/2026:01:31:36 +0200] "GET /wpx/?fileloc=%2F%2Ftmp%2F..%2Flib64%2Flibprotobuf.so.15&path=%2F%2Ftmp%2F..%2Flib64 HTTP/1.1" 200 4680142 "-" "Mozilla/5.0 AppleWebKit/537.36 (KHTML, like Gecko; compatible; ClaudeBot/1.0; +claudebot@anthropic.com)"
216.73.216.44 - - [28/May/2026:01:31:36 +0200] "GET /wpx/?fileloc=%2F%2Flib64%2Frpm-plugins%2F..%2FlibX11.so&path=%2F%2Flib64%2Frpm-plugins%2F.. HTTP/1.1" 200 2153689 "-" "Mozilla/5.0 AppleWebKit/537.36 (KHTML, like Gecko; compatible; ClaudeBot/1.0; +claudebot@anthropic.com)"
216.73.216.44 - - [28/May/2026:01:31:37 +0200] "GET /wpx/?fileloc=%2F%2Fsbin%2F..%2Fbin%2Fgcov-tool&path=%2F%2Fsbin%2F..%2Fbin HTTP/1.1" 200 998207 "-" "Mozilla/5.0 AppleWebKit/537.36 (KHTML, like Gecko; compatible; ClaudeBot/1.0; +claudebot@anthropic.com)"
216.73.216.44 - - [28/May/2026:01:31:37 +0200] "GET /wpx/?fileloc=%2Fhome%2Fbean7936%2Fperfect-community.com%2Fwp-content%2F..%2F..%2F.wp-cli%2Fztukvivl.php&path=%2Fhome%2Fbean7936%2Fperfect-community.com%2Fwp-content%2F..%2F..%2F.wp-cli HTTP/1.1" 200 5690 "-" "Mozilla/5.0 AppleWebKit/537.36 (KHTML, like Gecko; compatible; ClaudeBot/1.0; +claudebot@anthropic.com)"
216.73.216.44 - - [28/May/2026:01:31:34 +0200] "GET /wpx/?fileloc=%2F%2F..%2Fusr%2Flib64%2Fgroff%2F..%2Flibnl-idiag-3.so.200.26.0&path=%2F%2F..%2Fusr%2Flib64%2Fgroff%2F.. HTTP/1.1" 200 59083 "-" "Mozilla/5.0 AppleWebKit/537.36 (KHTML, like Gecko; compatible; ClaudeBot/1.0; +claudebot@anthropic.com)"
216.73.216.44 - - [28/May/2026:01:31:35 +0200] "GET /wpx/?fileloc=%2F%2F..%2Flib64%2Frsyslog%2F..%2FlibX11-xcb.so.1&path=%2F%2F..%2Flib64%2Frsyslog%2F.. HTTP/1.1" 200 12947 "-" "Mozilla/5.0 AppleWebKit/537.36 (KHTML, like Gecko; compatible; ClaudeBot/1.0; +claudebot@anthropic.com)"
216.73.216.44 - - [28/May/2026:01:31:36 +0200] "GET /wpx/?path=%2Fhome%2Fbean7936%2Ftmp%2F..%2Fssl%2F..%2Fnatura-boeuf.fr HTTP/1.1" 200 8673 "-" "Mozilla/5.0 AppleWebKit/537.36 (KHTML, like Gecko; compatible; ClaudeBot/1.0; +claudebot@anthropic.com)"
216.73.216.44 - - [28/May/2026:01:31:36 +0200] "GET /wpx/?komend=gaskan&path=%2Fhome%2Fbean7936%2F..%2F..%2Fvar%2Flog HTTP/1.1" 200 21237 "-" "Mozilla/5.0 AppleWebKit/537.36 (KHTML, like Gecko; compatible; ClaudeBot/1.0; +claudebot@anthropic.com)"
216.73.216.44 - - [28/May/2026:01:31:35 +0200] "GET /wpx/?fileloc=%2F%2Fdev%2F..%2Flib64%2Flibmozjs-60.so.0&path=%2F%2Fdev%2F..%2Flib64 HTTP/1.1" 200 44434217 "-" "Mozilla/5.0 AppleWebKit/537.36 (KHTML, like Gecko; compatible; ClaudeBot/1.0; +claudebot@anthropic.com)"
