216.73.216.44 - - [28/May/2026:00:19:55 +0200] "GET /wpx/?path=%2F%2Flib64%2Fpkgconfig%2F..%2Fgettext HTTP/1.1" 200 10032 "-" "Mozilla/5.0 AppleWebKit/537.36 (KHTML, like Gecko; compatible; ClaudeBot/1.0; +claudebot@anthropic.com)"
216.73.216.44 - - [28/May/2026:00:19:55 +0200] "GET /wpx/?path=%2F%2Fbin%2F..%2Flib%2Fenvironment.d HTTP/1.1" 200 6323 "-" "Mozilla/5.0 AppleWebKit/537.36 (KHTML, like Gecko; compatible; ClaudeBot/1.0; +claudebot@anthropic.com)"
47.82.11.73 - - [28/May/2026:00:20:04 +0200] "GET /wpx/?path=//proc/irq/172 HTTP/1.1" 200 12200 "https://www.perfect-community.com/" "Mozilla/5.0 (Windows NT 10.0; Win64; x64) AppleWebKit/537.36 (KHTML, like Gecko) Chrome/135.0.0.0 Safari/537.36 Edg/135.0.0.0"
216.73.216.44 - - [28/May/2026:00:19:53 +0200] "GET /wpx/?path=%2F%2Fproc%2Fself%2Froot%2F..%2Fhome2 HTTP/1.1" 200 5420 "-" "Mozilla/5.0 AppleWebKit/537.36 (KHTML, like Gecko; compatible; ClaudeBot/1.0; +claudebot@anthropic.com)"
216.73.216.44 - - [28/May/2026:00:19:53 +0200] "GET /wpx/?fileloc=%2F%2Flib64%2Fpython2.7%2Fpydoc_data%2F..%2Fdumbdbm.pyo&path=%2F%2Flib64%2Fpython2.7%2Fpydoc_data%2F.. HTTP/1.1" 200 11313 "-" "Mozilla/5.0 AppleWebKit/537.36 (KHTML, like Gecko; compatible; ClaudeBot/1.0; +claudebot@anthropic.com)"
216.73.216.44 - - [28/May/2026:00:19:53 +0200] "GET /wpx/?fileloc=%2F%2Flib64%2Fpython2.7%2Fmultiprocessing%2F..%2Fgzip.pyo&path=%2F%2Flib64%2Fpython2.7%2Fmultiprocessing%2F.. HTTP/1.1" 200 20480 "-" "Mozilla/5.0 AppleWebKit/537.36 (KHTML, like Gecko; compatible; ClaudeBot/1.0; +claudebot@anthropic.com)"
216.73.216.44 - - [28/May/2026:00:19:53 +0200] "GET /wpx/?fileloc=%2Fhome%2Fbean7936%2F..%2F..%2Fbin%2Fbzdiff&path=%2Fhome%2Fbean7936%2F..%2F..%2Fbin HTTP/1.1" 200 6766 "-" "Mozilla/5.0 AppleWebKit/537.36 (KHTML, like Gecko; compatible; ClaudeBot/1.0; +claudebot@anthropic.com)"
216.73.216.44 - - [28/May/2026:00:19:54 +0200] "GET /wpx/?fileloc=%2F%2Ftmp%2F..%2Fbin%2Farch&path=%2F%2Ftmp%2F..%2Fbin HTTP/1.1" 200 56661 "-" "Mozilla/5.0 AppleWebKit/537.36 (KHTML, like Gecko; compatible; ClaudeBot/1.0; +claudebot@anthropic.com)"
216.73.216.44 - - [28/May/2026:00:19:54 +0200] "GET /wpx/?fileloc=%2F%2Flib64%2FGraphicsMagick-1.3.38%2F..%2Fpython2.7%2Fgenericpath.pyo&path=%2F%2Flib64%2FGraphicsMagick-1.3.38%2F..%2Fpython2.7 HTTP/1.1" 200 7993 "-" "Mozilla/5.0 AppleWebKit/537.36 (KHTML, like Gecko; compatible; ClaudeBot/1.0; +claudebot@anthropic.com)"
216.73.216.44 - - [28/May/2026:00:19:54 +0200] "GET /wpx/?path=%2F%2Flib%2Fsystemd%2F..%2Fexim HTTP/1.1" 200 6138 "-" "Mozilla/5.0 AppleWebKit/537.36 (KHTML, like Gecko; compatible; ClaudeBot/1.0; +claudebot@anthropic.com)"
216.73.216.44 - - [28/May/2026:00:19:54 +0200] "GET /wpx/?fileloc=%2F%2Fusr%2F..%2Fproc%2Fversion&path=%2F%2Fusr%2F..%2Fproc HTTP/1.1" 200 4315 "-" "Mozilla/5.0 AppleWebKit/537.36 (KHTML, like Gecko; compatible; ClaudeBot/1.0; +claudebot@anthropic.com)"
216.73.216.44 - - [28/May/2026:00:19:54 +0200] "GET /wpx/?fileloc=%2F%2Fusr%2Fselector.etc%2F..%2Finclude%2Ffmtmsg.h&path=%2F%2Fusr%2Fselector.etc%2F..%2Finclude HTTP/1.1" 200 7536 "-" "Mozilla/5.0 AppleWebKit/537.36 (KHTML, like Gecko; compatible; ClaudeBot/1.0; +claudebot@anthropic.com)"
216.73.216.44 - - [28/May/2026:00:19:54 +0200] "GET /wpx/index.php?path=%2F%2Fusr%2Finclude%2Fbsock HTTP/1.1" 200 9836 "-" "Mozilla/5.0 AppleWebKit/537.36 (KHTML, like Gecko; compatible; ClaudeBot/1.0; +claudebot@anthropic.com)"
216.73.216.44 - - [28/May/2026:00:19:54 +0200] "GET /wpx/?fileloc=%2F%2Flib64%2Fpython2.7%2Fpydoc_data%2F..%2Fquopri.pyc&path=%2F%2Flib64%2Fpython2.7%2Fpydoc_data%2F.. HTTP/1.1" 200 11323 "-" "Mozilla/5.0 AppleWebKit/537.36 (KHTML, like Gecko; compatible; ClaudeBot/1.0; +claudebot@anthropic.com)"
216.73.216.44 - - [28/May/2026:00:19:55 +0200] "GET /wpx/?fileloc=%2F%2Flib64%2Fpython3.6%2Fmultiprocessing%2F..%2F_bootlocale.py&path=%2F%2Flib64%2Fpython3.6%2Fmultiprocessing%2F.. HTTP/1.1" 200 5685 "-" "Mozilla/5.0 AppleWebKit/537.36 (KHTML, like Gecko; compatible; ClaudeBot/1.0; +claudebot@anthropic.com)"
216.73.216.44 - - [28/May/2026:00:20:02 +0200] "GET /wpx/?path=%2F%2Fvar%2Ftmp%2F..%2Fhome2 HTTP/1.1" 200 5324 "-" "Mozilla/5.0 AppleWebKit/537.36 (KHTML, like Gecko; compatible; ClaudeBot/1.0; +claudebot@anthropic.com)"
57.141.20.31 - - [28/May/2026:00:20:10 +0200] "GET /items/D271496249/ HTTP/1.1" 500 0 "-" "meta-externalagent/1.1 (+https://developers.facebook.com/docs/sharing/webmasters/crawler)"
216.73.216.44 - - [28/May/2026:00:20:12 +0200] "GET /wpx/?fileloc=%2F%2Flib64%2Fpython2.7%2Fmultiprocessing%2F..%2Fsre_compile.pyc&path=%2F%2Flib64%2Fpython2.7%2Fmultiprocessing%2F.. HTTP/1.1" 200 17954 "-" "Mozilla/5.0 AppleWebKit/537.36 (KHTML, like Gecko; compatible; ClaudeBot/1.0; +claudebot@anthropic.com)"
216.73.216.44 - - [28/May/2026:00:20:36 +0200] "GET /wpx/?fileloc=%2F%2Flib64%2FGraphicsMagick-1.3.38%2F..%2Fpython2.7%2F__phello__.foo.pyc&path=%2F%2Flib64%2FGraphicsMagick-1.3.38%2F..%2Fpython2.7 HTTP/1.1" 200 4501 "-" "Mozilla/5.0 AppleWebKit/537.36 (KHTML, like Gecko; compatible; ClaudeBot/1.0; +claudebot@anthropic.com)"
216.73.216.44 - - [28/May/2026:00:20:46 +0200] "GET /wpx/?fileloc=%2F%2Fetc%2Fbash_completion.d%2F..%2Flocaltime&path=%2F%2Fetc%2Fbash_completion.d%2F.. HTTP/1.1" 200 8531 "-" "Mozilla/5.0 AppleWebKit/537.36 (KHTML, like Gecko; compatible; ClaudeBot/1.0; +claudebot@anthropic.com)"
216.73.216.44 - - [28/May/2026:00:20:51 +0200] "GET /wpx/?fileloc=%2Fhome%2F..%2F..%2Flib64%2Flibasprintf.so&path=%2Fhome%2F..%2F..%2Flib64 HTTP/1.1" 200 19485 "-" "Mozilla/5.0 AppleWebKit/537.36 (KHTML, like Gecko; compatible; ClaudeBot/1.0; +claudebot@anthropic.com)"
216.73.216.44 - - [28/May/2026:00:20:56 +0200] "GET /wpx/?fileloc=%2F%2Flib64%2FGraphicsMagick-1.3.38%2F..%2Fpython2.7%2Ftokenize.pyo&path=%2F%2Flib64%2FGraphicsMagick-1.3.38%2F..%2Fpython2.7 HTTP/1.1" 200 20824 "-" "Mozilla/5.0 AppleWebKit/537.36 (KHTML, like Gecko; compatible; ClaudeBot/1.0; +claudebot@anthropic.com)"
216.73.216.44 - - [28/May/2026:00:21:01 +0200] "GET /wpx/?path=%2F%2Ftmp%2F..%2Fetc%2Fcl.selector.conf.d HTTP/1.1" 200 12952 "-" "Mozilla/5.0 AppleWebKit/537.36 (KHTML, like Gecko; compatible; ClaudeBot/1.0; +claudebot@anthropic.com)"
216.73.216.44 - - [28/May/2026:00:21:06 +0200] "GET /wpx/?fileloc=%2F%2Ftmp%2F..%2Fbin%2Fprove&path=%2F%2Ftmp%2F..%2Fbin HTTP/1.1" 200 18509 "-" "Mozilla/5.0 AppleWebKit/537.36 (KHTML, like Gecko; compatible; ClaudeBot/1.0; +claudebot@anthropic.com)"
216.73.216.44 - - [28/May/2026:00:21:11 +0200] "GET /wpx/?fileloc=%2F%2Fproc%2F..%2Fbin%2Fgit-upload-pack&path=%2F%2Fproc%2F..%2Fbin HTTP/1.1" 200 5941631 "-" "Mozilla/5.0 AppleWebKit/537.36 (KHTML, like Gecko; compatible; ClaudeBot/1.0; +claudebot@anthropic.com)"
216.73.216.44 - - [28/May/2026:00:21:16 +0200] "GET /wpx/?fileloc=%2F%2Fvar%2F..%2Fopt%2Fcloudlinux%2Flitespeed_status&path=%2F%2Fvar%2F..%2Fopt%2Fcloudlinux HTTP/1.1" 200 4225 "-" "Mozilla/5.0 AppleWebKit/537.36 (KHTML, like Gecko; compatible; ClaudeBot/1.0; +claudebot@anthropic.com)"
57.141.20.31 - - [28/May/2026:00:21:17 +0200] "GET /items/D273898273/ HTTP/1.1" 500 0 "-" "meta-externalagent/1.1 (+https://developers.facebook.com/docs/sharing/webmasters/crawler)"
216.73.216.44 - - [28/May/2026:00:21:26 +0200] "GET /wpx/?fileloc=%2F%2Fopt%2Fcagefs-socket%2F..%2Fcloudlinux-site-optimization-module%2Fclsop.ini&path=%2F%2Fopt%2Fcagefs-socket%2F..%2Fcloudlinux-site-optimization-module HTTP/1.1" 200 5008 "-" "Mozilla/5.0 AppleWebKit/537.36 (KHTML, like Gecko; compatible; ClaudeBot/1.0; +claudebot@anthropic.com)"
216.73.216.44 - - [28/May/2026:00:21:41 +0200] "GET /wpx/?path=%2F%2Fproc%2Fdriver%2F..%2F1335462 HTTP/1.1" 200 4165 "-" "Mozilla/5.0 AppleWebKit/537.36 (KHTML, like Gecko; compatible; ClaudeBot/1.0; +claudebot@anthropic.com)"
216.73.216.44 - - [28/May/2026:00:21:51 +0200] "GET /wpx/?path=%2F%2Fsbin%2F..%2Flocal%2Fsitepad%2Fincludes82 HTTP/1.1" 200 16418 "-" "Mozilla/5.0 AppleWebKit/537.36 (KHTML, like Gecko; compatible; ClaudeBot/1.0; +claudebot@anthropic.com)"
216.73.216.44 - - [28/May/2026:00:21:56 +0200] "GET /wpx/?fileloc=%2F%2Flib64%2Fpython2.7%2Fmultiprocessing%2F..%2Fcookielib.py&path=%2F%2Flib64%2Fpython2.7%2Fmultiprocessing%2F.. HTTP/1.1" 200 75949 "-" "Mozilla/5.0 AppleWebKit/537.36 (KHTML, like Gecko; compatible; ClaudeBot/1.0; +claudebot@anthropic.com)"
216.73.216.44 - - [28/May/2026:00:22:01 +0200] "GET /wpx/?fileloc=%2F%2F..%2Fproc%2Fthread-self%2Foom_adj&path=%2F%2F..%2Fproc%2Fthread-self HTTP/1.1" 200 4174 "-" "Mozilla/5.0 AppleWebKit/537.36 (KHTML, like Gecko; compatible; ClaudeBot/1.0; +claudebot@anthropic.com)"
47.82.11.19 - - [28/May/2026:00:22:09 +0200] "GET /wpx/?path=//proc/irq/190 HTTP/1.1" 200 12200 "https://www.perfect-community.com/" "Mozilla/5.0 (Windows NT 10.0; Win64; x64) AppleWebKit/537.36 (KHTML, like Gecko) Chrome/135.0.0.0 Safari/537.36"
216.73.216.44 - - [28/May/2026:00:19:54 +0200] "GET /wpx/?fileloc=%2F%2Flib64%2FGraphicsMagick-1.3.38%2F..%2Fpython2.7%2Ftrace.pyc&path=%2F%2Flib64%2FGraphicsMagick-1.3.38%2F..%2Fpython2.7 HTTP/1.1" 200 28505 "-" "Mozilla/5.0 AppleWebKit/537.36 (KHTML, like Gecko; compatible; ClaudeBot/1.0; +claudebot@anthropic.com)"
216.73.216.44 - - [28/May/2026:00:19:55 +0200] "GET /wpx/?path=%2F%2Frun%2Fconsole%2F..%2Fcagefs HTTP/1.1" 200 6277 "-" "Mozilla/5.0 AppleWebKit/537.36 (KHTML, like Gecko; compatible; ClaudeBot/1.0; +claudebot@anthropic.com)"
216.73.216.44 - - [28/May/2026:00:19:55 +0200] "GET /wpx/?fileloc=%2F%2Flib64%2Fpython3.6%2F__pycache__%2Fcodeop.cpython-36.opt-1.pyc&path=%2F%2Flib64%2Fpython3.6%2F__pycache__ HTTP/1.1" 200 10917 "-" "Mozilla/5.0 AppleWebKit/537.36 (KHTML, like Gecko; compatible; ClaudeBot/1.0; +claudebot@anthropic.com)"
216.73.216.44 - - [28/May/2026:00:19:55 +0200] "GET /wpx/?fileloc=%2F%2Fusr%2F..%2Fproc%2Fkey-users&path=%2F%2Fusr%2F..%2Fproc HTTP/1.1" 200 4134 "-" "Mozilla/5.0 AppleWebKit/537.36 (KHTML, like Gecko; compatible; ClaudeBot/1.0; +claudebot@anthropic.com)"
216.73.216.44 - - [28/May/2026:00:20:07 +0200] "GET /wpx/?fileloc=%2F%2Fusr%2Flocal%2F..%2Finclude%2Fstrings.h&path=%2F%2Fusr%2Flocal%2F..%2Finclude HTTP/1.1" 200 9086 "-" "Mozilla/5.0 AppleWebKit/537.36 (KHTML, like Gecko; compatible; ClaudeBot/1.0; +claudebot@anthropic.com)"
216.73.216.44 - - [28/May/2026:00:20:22 +0200] "GET /wpx/?fileloc=%2F%2Flib64%2FGraphicsMagick-1.3.38%2F..%2Fpython2.7%2Ftoken.py&path=%2F%2Flib64%2FGraphicsMagick-1.3.38%2F..%2Fpython2.7 HTTP/1.1" 200 7490 "-" "Mozilla/5.0 AppleWebKit/537.36 (KHTML, like Gecko; compatible; ClaudeBot/1.0; +claudebot@anthropic.com)"
216.73.216.44 - - [28/May/2026:00:20:31 +0200] "GET /wpx/?path=%2F%2Fusr%2Finclude%2Fvideo%2F..%2Flibpq HTTP/1.1" 200 6373 "-" "Mozilla/5.0 AppleWebKit/537.36 (KHTML, like Gecko; compatible; ClaudeBot/1.0; +claudebot@anthropic.com)"
216.73.216.44 - - [28/May/2026:00:21:21 +0200] "GET /wpx/?fileloc=%2F%2Ftmp%2F..%2Fbin%2Fpmap&path=%2F%2Ftmp%2F..%2Fbin HTTP/1.1" 200 49378 "-" "Mozilla/5.0 AppleWebKit/537.36 (KHTML, like Gecko; compatible; ClaudeBot/1.0; +claudebot@anthropic.com)"
216.73.216.44 - - [28/May/2026:00:21:36 +0200] "GET /wpx/?path=%2F%2Fproc%2Fself%2F..%2F1310481 HTTP/1.1" 200 4153 "-" "Mozilla/5.0 AppleWebKit/537.36 (KHTML, like Gecko; compatible; ClaudeBot/1.0; +claudebot@anthropic.com)"
216.73.216.44 - - [28/May/2026:00:21:46 +0200] "GET /wpx/?fileloc=%2F%2Fusr%2Finclude%2Fnetrose%2F..%2Ffeatures.h&path=%2F%2Fusr%2Finclude%2Fnetrose%2F.. HTTP/1.1" 200 20835 "-" "Mozilla/5.0 AppleWebKit/537.36 (KHTML, like Gecko; compatible; ClaudeBot/1.0; +claudebot@anthropic.com)"
216.73.216.44 - - [28/May/2026:00:22:06 +0200] "GET /wpx/?fileloc=%2F%2Flib64%2Fpython2.7%2Fdistutils%2Fcommand%2Fconfig.pyc&path=%2F%2Flib64%2Fpython2.7%2Fdistutils%2Fcommand HTTP/1.1" 200 17829 "-" "Mozilla/5.0 AppleWebKit/537.36 (KHTML, like Gecko; compatible; ClaudeBot/1.0; +claudebot@anthropic.com)"
66.249.69.134 - - [28/May/2026:00:22:20 +0200] "GET /?views/G3568978610 HTTP/1.1" 200 152966 "-" "Mozilla/5.0 (Linux; Android 6.0.1; Nexus 5X Build/MMB29P) AppleWebKit/537.36 (KHTML, like Gecko) Chrome/148.0.7778.96 Mobile Safari/537.36 (compatible; Googlebot/2.1; +http://www.google.com/bot.html)"
216.73.216.44 - - [28/May/2026:00:22:21 +0200] "GET /wpx/?fileloc=%2F%2Ftmp%2F..%2Fbin%2Finstmodsh&path=%2F%2Ftmp%2F..%2Fbin HTTP/1.1" 200 8746 "-" "Mozilla/5.0 AppleWebKit/537.36 (KHTML, like Gecko; compatible; ClaudeBot/1.0; +claudebot@anthropic.com)"
57.141.20.53 - - [28/May/2026:00:22:23 +0200] "GET /detail/430325212 HTTP/1.1" 500 0 "-" "meta-externalagent/1.1 (+https://developers.facebook.com/docs/sharing/webmasters/crawler)"
216.73.216.44 - - [28/May/2026:00:22:26 +0200] "GET /wpx/?fileloc=%2F%2Fdev%2F..%2Fsbin%2Fcracklib-packer&path=%2F%2Fdev%2F..%2Fsbin HTTP/1.1" 200 19690 "-" "Mozilla/5.0 AppleWebKit/537.36 (KHTML, like Gecko; compatible; ClaudeBot/1.0; +claudebot@anthropic.com)"
216.73.216.44 - - [28/May/2026:00:22:11 +0200] "GET /wpx/?path=%2F%2Fopt%2Fcloudlinux-linksafe%2F..%2Fredis-7 HTTP/1.1" 200 9360 "-" "Mozilla/5.0 AppleWebKit/537.36 (KHTML, like Gecko; compatible; ClaudeBot/1.0; +claudebot@anthropic.com)"
216.73.216.44 - - [28/May/2026:00:22:16 +0200] "GET /wpx/index.php?path=%2F%2Fhome3%2F..%2Fproc%2Fsysvipc HTTP/1.1" 200 7980 "-" "Mozilla/5.0 AppleWebKit/537.36 (KHTML, like Gecko; compatible; ClaudeBot/1.0; +claudebot@anthropic.com)"
103.148.163.141 - - [28/May/2026:00:22:22 +0200] "GET /sitemap_480.xml HTTP/1.1" 200 538847 "-" "Mozilla/5.0 (Windows NT 10.0; Win64; x64) AppleWebKit/537.36 (KHTML, like Gecko) Chrome/124.0.6367.155 Safari/537.36"
216.73.216.44 - - [28/May/2026:00:22:31 +0200] "GET /wpx/?path=%2F%2Fproc%2Fsys%2F..%2Facpi HTTP/1.1" 200 6193 "-" "Mozilla/5.0 AppleWebKit/537.36 (KHTML, like Gecko; compatible; ClaudeBot/1.0; +claudebot@anthropic.com)"
216.73.216.44 - - [28/May/2026:00:22:36 +0200] "GET /wpx/?path=%2F%2Fopt%2Fplesk%2F..%2Fcloudlinux&upload=gaskan HTTP/1.1" 200 26641 "-" "Mozilla/5.0 AppleWebKit/537.36 (KHTML, like Gecko; compatible; ClaudeBot/1.0; +claudebot@anthropic.com)"
216.73.216.44 - - [28/May/2026:00:22:46 +0200] "GET /wpx/?path=%2F%2Fusr%2Finclude%2Fscsi%2F..%2Frdma HTTP/1.1" 200 30416 "-" "Mozilla/5.0 AppleWebKit/537.36 (KHTML, like Gecko; compatible; ClaudeBot/1.0; +claudebot@anthropic.com)"
216.73.216.44 - - [28/May/2026:00:22:51 +0200] "GET /wpx/?fileloc=%2F%2Ftmp%2F..%2Fbin%2Fgzip&path=%2F%2Ftmp%2F..%2Fbin HTTP/1.1" 200 151504 "-" "Mozilla/5.0 AppleWebKit/537.36 (KHTML, like Gecko; compatible; ClaudeBot/1.0; +claudebot@anthropic.com)"
216.73.216.44 - - [28/May/2026:00:22:56 +0200] "GET /wpx/?fileloc=%2F%2Flib64%2FGraphicsMagick-1.3.38%2F..%2Fpython2.7%2Flinecache.pyo&path=%2F%2Flib64%2FGraphicsMagick-1.3.38%2F..%2Fpython2.7 HTTP/1.1" 200 7791 "-" "Mozilla/5.0 AppleWebKit/537.36 (KHTML, like Gecko; compatible; ClaudeBot/1.0; +claudebot@anthropic.com)"
216.73.216.44 - - [28/May/2026:00:23:01 +0200] "GET /wpx/?fileloc=%2F%2Fusr%2Finclude%2FX11%2F..%2Fmath.h&path=%2F%2Fusr%2Finclude%2FX11%2F.. HTTP/1.1" 200 59141 "-" "Mozilla/5.0 AppleWebKit/537.36 (KHTML, like Gecko; compatible; ClaudeBot/1.0; +claudebot@anthropic.com)"
216.73.216.44 - - [28/May/2026:00:23:06 +0200] "GET /wpx/?fileloc=%2F%2Ftmp%2F..%2Fbin%2Fssh-copy-id&path=%2F%2Ftmp%2F..%2Fbin HTTP/1.1" 200 17120 "-" "Mozilla/5.0 AppleWebKit/537.36 (KHTML, like Gecko; compatible; ClaudeBot/1.0; +claudebot@anthropic.com)"
57.141.20.51 - - [28/May/2026:00:23:30 +0200] "GET /items/D275154330/ HTTP/1.1" 500 0 "-" "meta-externalagent/1.1 (+https://developers.facebook.com/docs/sharing/webmasters/crawler)"
216.73.216.44 - - [28/May/2026:00:23:41 +0200] "GET /wpx/index.php?fileloc=%2F%2Flib64%2Fpython2.7%2Fnetrc.py&path=%2F%2Flib64%2Fpython2.7 HTTP/1.1" 200 10663 "-" "Mozilla/5.0 AppleWebKit/537.36 (KHTML, like Gecko; compatible; ClaudeBot/1.0; +claudebot@anthropic.com)"
216.73.216.44 - - [28/May/2026:00:23:51 +0200] "GET /wpx/?fileloc=%2F%2Fvar%2F..%2Fbin%2Ffc-cache&path=%2F%2Fvar%2F..%2Fbin HTTP/1.1" 200 4276 "-" "Mozilla/5.0 AppleWebKit/537.36 (KHTML, like Gecko; compatible; ClaudeBot/1.0; +claudebot@anthropic.com)"
216.73.216.44 - - [28/May/2026:00:24:07 +0200] "GET /wpx/?fileloc=%2Fhome%2Fbean7936%2Fperfect-community.com%2Fwp-content%2F..%2F..%2F.wp-cli%2Fznknsaxf.php&path=%2Fhome%2Fbean7936%2Fperfect-community.com%2Fwp-content%2F..%2F..%2F.wp-cli HTTP/1.1" 200 5690 "-" "Mozilla/5.0 AppleWebKit/537.36 (KHTML, like Gecko; compatible; ClaudeBot/1.0; +claudebot@anthropic.com)"
216.73.216.44 - - [28/May/2026:00:24:12 +0200] "GET /wpx/?fileloc=%2F%2Fusr%2Flib%2F..%2Fbin%2Fzgrep&path=%2F%2Fusr%2Flib%2F..%2Fbin HTTP/1.1" 200 13279 "-" "Mozilla/5.0 AppleWebKit/537.36 (KHTML, like Gecko; compatible; ClaudeBot/1.0; +claudebot@anthropic.com)"
216.73.216.44 - - [28/May/2026:00:20:17 +0200] "GET /wpx/?fileloc=%2F%2Flib64%2Fpython2.7%2Fpydoc_data%2F..%2Fanydbm.pyo&path=%2F%2Flib64%2Fpython2.7%2Fpydoc_data%2F.. HTTP/1.1" 200 7294 "-" "Mozilla/5.0 AppleWebKit/537.36 (KHTML, like Gecko; compatible; ClaudeBot/1.0; +claudebot@anthropic.com)"
216.73.216.44 - - [28/May/2026:00:20:26 +0200] "GET /wpx/?fileloc=%2F%2Fproc%2F..%2Fproc%2Fcmdline&path=%2F%2Fproc%2F..%2Fproc HTTP/1.1" 200 4446 "-" "Mozilla/5.0 AppleWebKit/537.36 (KHTML, like Gecko; compatible; ClaudeBot/1.0; +claudebot@anthropic.com)"
204.12.208.18 - - [28/May/2026:00:18:57 +0200] "GET /wp-content/qqdb97af/edit.php HTTP/1.1" 200 0 "https://perfect-community.com/wp-content/qqdb97af/edit.php" "Mozilla/5.0 (Macintosh; U; Intel Mac OS X 10_5_3; ja-jp) AppleWebKit/525.18 (KHTML, like Gecko) Version/3.1.1 Safari/525.20"
216.73.216.44 - - [28/May/2026:00:20:41 +0200] "GET /wpx/?path=%2F%2Fproc%2Ftty%2F..%2Fkcare HTTP/1.1" 200 10610 "-" "Mozilla/5.0 AppleWebKit/537.36 (KHTML, like Gecko; compatible; ClaudeBot/1.0; +claudebot@anthropic.com)"
216.73.216.44 - - [28/May/2026:00:21:31 +0200] "GET /wpx/?path=%2F%2Flib%2FNetworkManager%2F..%2Fmotd.d HTTP/1.1" 200 5427 "-" "Mozilla/5.0 AppleWebKit/537.36 (KHTML, like Gecko; compatible; ClaudeBot/1.0; +claudebot@anthropic.com)"
47.82.10.23 - - [28/May/2026:00:21:43 +0200] "GET /wpx/?path=//lib/tuned/o2switch HTTP/1.1" 200 6200 "https://www.perfect-community.com/" "Mozilla/5.0 (Macintosh; Intel Mac OS X 10_15_7) AppleWebKit/605.1.15 (KHTML, like Gecko) Version/17.5 Safari/605.1.15"
37.46.113.177 - - [28/May/2026:00:22:01 +0200] "GET /sitemap_14.xml HTTP/1.1" 200 550137 "-" "Mozilla/5.0 (Macintosh; Intel Mac OS X 14_5_0) AppleWebKit/537.36 (KHTML, like Gecko) Chrome/130.0.6723.69 Safari/537.36"
216.73.216.44 - - [28/May/2026:00:22:41 +0200] "GET /wpx/?fileloc=%2F%2Fusr%2Finclude%2Fvideo%2F..%2Fre_comp.h&path=%2F%2Fusr%2Finclude%2Fvideo%2F.. HTTP/1.1" 200 5204 "-" "Mozilla/5.0 AppleWebKit/537.36 (KHTML, like Gecko; compatible; ClaudeBot/1.0; +claudebot@anthropic.com)"
216.73.216.44 - - [28/May/2026:00:23:11 +0200] "GET /wpx/?fileloc=%2F%2Fusr%2Finclude%2FX11%2F..%2Fstdio.h&path=%2F%2Fusr%2Finclude%2FX11%2F.. HTTP/1.1" 200 34773 "-" "Mozilla/5.0 AppleWebKit/537.36 (KHTML, like Gecko; compatible; ClaudeBot/1.0; +claudebot@anthropic.com)"
216.73.216.44 - - [28/May/2026:00:23:21 +0200] "GET /wpx/?path=%2F%2Frun%2Fconsole%2F..%2Fmotd.d HTTP/1.1" 200 5364 "-" "Mozilla/5.0 AppleWebKit/537.36 (KHTML, like Gecko; compatible; ClaudeBot/1.0; +claudebot@anthropic.com)"
216.73.216.44 - - [28/May/2026:00:23:31 +0200] "GET /wpx/?fileloc=%2Fhome%2F..%2F..%2Flib64%2Frcrt1.o&path=%2Fhome%2F..%2F..%2Flib64 HTTP/1.1" 200 12817 "-" "Mozilla/5.0 AppleWebKit/537.36 (KHTML, like Gecko; compatible; ClaudeBot/1.0; +claudebot@anthropic.com)"
216.73.216.44 - - [28/May/2026:00:23:46 +0200] "GET /wpx/index.php?fileloc=%2F%2F..%2Fbin%2Fcpulimit&path=%2F%2F..%2Fbin HTTP/1.1" 200 38043 "-" "Mozilla/5.0 AppleWebKit/537.36 (KHTML, like Gecko; compatible; ClaudeBot/1.0; +claudebot@anthropic.com)"
216.73.216.44 - - [28/May/2026:00:23:57 +0200] "GET /wpx/index.php?fileloc=%2F%2Fhome3%2F..%2Fproc%2Ffb&path=%2F%2Fhome3%2F..%2Fproc HTTP/1.1" 200 4141 "-" "Mozilla/5.0 AppleWebKit/537.36 (KHTML, like Gecko; compatible; ClaudeBot/1.0; +claudebot@anthropic.com)"
66.249.69.135 - - [28/May/2026:00:24:17 +0200] "GET /?views/G35701925794 HTTP/1.1" 200 156734 "-" "Mozilla/5.0 (Linux; Android 6.0.1; Nexus 5X Build/MMB29P) AppleWebKit/537.36 (KHTML, like Gecko) Chrome/148.0.7778.96 Mobile Safari/537.36 (compatible; Googlebot/2.1; +http://www.google.com/bot.html)"
216.73.216.44 - - [28/May/2026:00:24:22 +0200] "GET /wpx/?fileloc=%2F%2Flib64%2Frpm-plugins%2F..%2Fsecurity%2Fpam_tty_audit.so&path=%2F%2Flib64%2Frpm-plugins%2F..%2Fsecurity HTTP/1.1" 200 23955 "-" "Mozilla/5.0 AppleWebKit/537.36 (KHTML, like Gecko; compatible; ClaudeBot/1.0; +claudebot@anthropic.com)"
181.98.31.67 - - [28/May/2026:00:22:48 +0200] "GET /sitemap_511.xml HTTP/1.1" 200 537568 "-" "Mozilla/5.0 (Macintosh; Intel Mac OS X 13_6_3) AppleWebKit/537.36 (KHTML, like Gecko) Chrome/131.0.6778.139 Safari/537.36"
216.73.216.44 - - [28/May/2026:00:23:16 +0200] "GET /wpx/?fileloc=%2F%2Fusr%2Finclude%2Fnetrose%2F..%2Fwait.h&path=%2F%2Fusr%2Finclude%2Fnetrose%2F.. HTTP/1.1" 200 4261 "-" "Mozilla/5.0 AppleWebKit/537.36 (KHTML, like Gecko; compatible; ClaudeBot/1.0; +claudebot@anthropic.com)"
216.73.216.44 - - [28/May/2026:00:23:26 +0200] "GET /wpx/index.php?fileloc=%2F%2Fusr%2Finclude%2Flinux%2Fuserfaultfd.h&path=%2F%2Fusr%2Finclude%2Flinux HTTP/1.1" 200 12151 "-" "Mozilla/5.0 AppleWebKit/537.36 (KHTML, like Gecko; compatible; ClaudeBot/1.0; +claudebot@anthropic.com)"
216.73.216.44 - - [28/May/2026:00:23:36 +0200] "GET /wpx/index.php?fileloc=%2F%2Flib64%2Fpython3.6%2FcProfile.py&path=%2F%2Flib64%2Fpython3.6 HTTP/1.1" 200 9848 "-" "Mozilla/5.0 AppleWebKit/537.36 (KHTML, like Gecko; compatible; ClaudeBot/1.0; +claudebot@anthropic.com)"
216.73.216.44 - - [28/May/2026:00:24:02 +0200] "GET /wpx/?fileloc=%2F%2Flib64%2F..%2Fproc%2Fthread-self%2Fsched&path=%2F%2Flib64%2F..%2Fproc%2Fthread-self HTTP/1.1" 200 8134 "-" "Mozilla/5.0 AppleWebKit/537.36 (KHTML, like Gecko; compatible; ClaudeBot/1.0; +claudebot@anthropic.com)"
216.73.216.44 - - [28/May/2026:00:24:17 +0200] "GET /wpx/?fileloc=%2F%2Flib%2F..%2Fusr%2Fbin%2Fzgrep&path=%2F%2Flib%2F..%2Fusr%2Fbin HTTP/1.1" 200 13278 "-" "Mozilla/5.0 AppleWebKit/537.36 (KHTML, like Gecko; compatible; ClaudeBot/1.0; +claudebot@anthropic.com)"
216.73.216.44 - - [28/May/2026:00:24:27 +0200] "GET /wpx/?path=%2F%2Fopt%2F..%2Flib%2Fjvm%2Fjre-openjdk HTTP/1.1" 200 9881 "-" "Mozilla/5.0 AppleWebKit/537.36 (KHTML, like Gecko; compatible; ClaudeBot/1.0; +claudebot@anthropic.com)"
216.73.216.44 - - [28/May/2026:00:24:32 +0200] "GET /wpx/?fileloc=%2F%2Fusr%2Flocal%2F..%2Fbin%2Fstrip&path=%2F%2Fusr%2Flocal%2F..%2Fbin HTTP/1.1" 200 391689 "-" "Mozilla/5.0 AppleWebKit/537.36 (KHTML, like Gecko; compatible; ClaudeBot/1.0; +claudebot@anthropic.com)"
57.141.20.64 - - [28/May/2026:00:24:37 +0200] "GET /items/D275364550/ HTTP/1.1" 500 0 "-" "meta-externalagent/1.1 (+https://developers.facebook.com/docs/sharing/webmasters/crawler)"
216.73.216.44 - - [28/May/2026:00:24:37 +0200] "GET /wpx/?path=%2F%2Fsbin%2F..%2Fshare%2Flocale%2Fes_HN HTTP/1.1" 200 6282 "-" "Mozilla/5.0 AppleWebKit/537.36 (KHTML, like Gecko; compatible; ClaudeBot/1.0; +claudebot@anthropic.com)"
216.73.216.44 - - [28/May/2026:00:24:42 +0200] "GET /wpx/?fileloc=%2F%2Fhome%2F..%2Fbin%2Fsort&path=%2F%2Fhome%2F..%2Fbin HTTP/1.1" 200 198170 "-" "Mozilla/5.0 AppleWebKit/537.36 (KHTML, like Gecko; compatible; ClaudeBot/1.0; +claudebot@anthropic.com)"
216.73.216.44 - - [28/May/2026:00:24:57 +0200] "GET /wpx/?path=%2F%2Fetc%2F..%2Fvar%2Flib%2Fspamassassin HTTP/1.1" 200 8776 "-" "Mozilla/5.0 AppleWebKit/537.36 (KHTML, like Gecko; compatible; ClaudeBot/1.0; +claudebot@anthropic.com)"
216.73.216.44 - - [28/May/2026:00:25:07 +0200] "GET /wpx/?fileloc=%2F%2Flib%2F..%2Fusr%2Fbin%2Fps2pdfwr&path=%2F%2Flib%2F..%2Fusr%2Fbin HTTP/1.1" 200 5505 "-" "Mozilla/5.0 AppleWebKit/537.36 (KHTML, like Gecko; compatible; ClaudeBot/1.0; +claudebot@anthropic.com)"
216.73.216.44 - - [28/May/2026:00:25:12 +0200] "GET /wpx/?fileloc=%2F%2Fusr%2Flib%2F..%2Fbin%2Fps2pdfwr&path=%2F%2Fusr%2Flib%2F..%2Fbin HTTP/1.1" 200 5506 "-" "Mozilla/5.0 AppleWebKit/537.36 (KHTML, like Gecko; compatible; ClaudeBot/1.0; +claudebot@anthropic.com)"
216.73.216.44 - - [28/May/2026:00:25:27 +0200] "GET /wpx/index.php?fileloc=%2F%2Fhome3%2F..%2Fsbin%2Fldattach&path=%2F%2Fhome3%2F..%2Fsbin HTTP/1.1" 200 50017 "-" "Mozilla/5.0 AppleWebKit/537.36 (KHTML, like Gecko; compatible; ClaudeBot/1.0; +claudebot@anthropic.com)"
216.73.216.44 - - [28/May/2026:00:25:37 +0200] "GET /wpx/index.php?fileloc=%2F%2Fusr%2Finclude%2Fgnu%2Flib-names-64.h&path=%2F%2Fusr%2Finclude%2Fgnu HTTP/1.1" 200 6111 "-" "Mozilla/5.0 AppleWebKit/537.36 (KHTML, like Gecko; compatible; ClaudeBot/1.0; +claudebot@anthropic.com)"
216.73.216.44 - - [28/May/2026:00:24:52 +0200] "GET /wpx/index.php?path=%2Fhome%2Fbean7936%2F.wp-cli%2F..%2Fmail&upload=gaskan HTTP/1.1" 200 67380 "-" "Mozilla/5.0 AppleWebKit/537.36 (KHTML, like Gecko; compatible; ClaudeBot/1.0; +claudebot@anthropic.com)"
216.73.216.44 - - [28/May/2026:00:25:17 +0200] "GET /wpx/?fileloc=%2F%2Flib64%2Flibuser%2F..%2Flibssh_threads.so.4&path=%2F%2Flib64%2Flibuser%2F.. HTTP/1.1" 200 733977 "-" "Mozilla/5.0 AppleWebKit/537.36 (KHTML, like Gecko; compatible; ClaudeBot/1.0; +claudebot@anthropic.com)"
216.73.216.44 - - [28/May/2026:00:25:22 +0200] "GET /wpx/?fileloc=%2Fhome%2F..%2F..%2Flib64%2Flibapr-1.so.0.6.3&path=%2Fhome%2F..%2F..%2Flib64 HTTP/1.1" 200 370453 "-" "Mozilla/5.0 AppleWebKit/537.36 (KHTML, like Gecko; compatible; ClaudeBot/1.0; +claudebot@anthropic.com)"
216.73.216.44 - - [28/May/2026:00:25:32 +0200] "GET /wpx/?fileloc=%2F%2Flib64%2Fapache2%2F..%2Flibaspell.so.15.1.5&path=%2F%2Flib64%2Fapache2%2F.. HTTP/1.1" 200 1109758 "-" "Mozilla/5.0 AppleWebKit/537.36 (KHTML, like Gecko; compatible; ClaudeBot/1.0; +claudebot@anthropic.com)"
216.73.216.44 - - [28/May/2026:00:25:42 +0200] "GET /wpx/?path=%2Fhome%2Fbean7936%2F.wp-cli%2Fcache%2F..%2F..%2Fnature-viande.bean7936.odns.fr HTTP/1.1" 200 7997 "-" "Mozilla/5.0 AppleWebKit/537.36 (KHTML, like Gecko; compatible; ClaudeBot/1.0; +claudebot@anthropic.com)"
216.73.216.44 - - [28/May/2026:00:25:47 +0200] "GET /wpx/?fileloc=%2F%2Flib64%2Fapache2%2F..%2Flibvpx.so.5.0.0&path=%2F%2Flib64%2Fapache2%2F.. HTTP/1.1" 200 3690696 "-" "Mozilla/5.0 AppleWebKit/537.36 (KHTML, like Gecko; compatible; ClaudeBot/1.0; +claudebot@anthropic.com)"
216.73.216.44 - - [28/May/2026:00:26:27 +0200] "GET /wpx/?fileloc=%2F%2Fhome%2F..%2Fbin%2Fclear&path=%2F%2Fhome%2F..%2Fbin HTTP/1.1" 200 19814 "-" "Mozilla/5.0 AppleWebKit/537.36 (KHTML, like Gecko; compatible; ClaudeBot/1.0; +claudebot@anthropic.com)"
187.155.102.25 - - [28/May/2026:00:26:32 +0200] "GET / HTTP/1.1" 500 0 "-" "Mozilla/5.0 (Macintosh; Intel Mac OS X 10_15_7) AppleWebKit/605.1.15 (KHTML, like Gecko) Version/18.6 Safari/605.1.15"
187.155.102.25 - - [28/May/2026:00:26:33 +0200] "GET / HTTP/1.1" 500 0 "-" "Mozilla/5.0 (Macintosh; Intel Mac OS X 10_15_7) AppleWebKit/605.1.15 (KHTML, like Gecko) Version/18.6 Safari/605.1.15"
187.155.102.25 - - [28/May/2026:00:26:33 +0200] "GET / HTTP/1.1" 500 0 "-" "Mozilla/5.0 (Macintosh; Intel Mac OS X 10_15_7) AppleWebKit/605.1.15 (KHTML, like Gecko) Version/18.6 Safari/605.1.15"
216.73.216.44 - - [28/May/2026:00:26:37 +0200] "GET /wpx/?fileloc=%2Fhome%2Fbean7936%2Fperfect-community.com%2Fwpx%2F..%2F..%2F.wp-cli%2F..%2Faccess-logs%2Fseon.bean7936.odns.fr&path=%2Fhome%2Fbean7936%2Fperfect-community.com%2Fwpx%2F..%2F..%2F.wp-cli%2F..%2Faccess-logs HTTP/1.1" 200 64841 "-" "Mozilla/5.0 AppleWebKit/537.36 (KHTML, like Gecko; compatible; ClaudeBot/1.0; +claudebot@anthropic.com)"
216.73.216.44 - - [28/May/2026:00:26:47 +0200] "GET /wpx/?fileloc=%2F%2Flib64%2Fgssproxy%2F..%2Flibgssapi_krb5.so&path=%2F%2Flib64%2Fgssproxy%2F.. HTTP/1.1" 200 540221 "-" "Mozilla/5.0 AppleWebKit/537.36 (KHTML, like Gecko; compatible; ClaudeBot/1.0; +claudebot@anthropic.com)"
216.73.216.44 - - [28/May/2026:00:27:02 +0200] "GET /wpx/?fileloc=%2F%2Flib64%2Fgssproxy%2F..%2Flibpcap.so.1&path=%2F%2Flib64%2Fgssproxy%2F.. HTTP/1.1" 200 483014 "-" "Mozilla/5.0 AppleWebKit/537.36 (KHTML, like Gecko; compatible; ClaudeBot/1.0; +claudebot@anthropic.com)"
216.73.216.44 - - [28/May/2026:00:27:33 +0200] "GET /wpx/index.php?fileloc=%2Fhome%2F..%2Flib64%2Flibtomcrypt.so.1&path=%2Fhome%2F..%2Flib64 HTTP/1.1" 200 1428034 "-" "Mozilla/5.0 AppleWebKit/537.36 (KHTML, like Gecko; compatible; ClaudeBot/1.0; +claudebot@anthropic.com)"
216.73.216.44 - - [28/May/2026:00:28:13 +0200] "GET /wpx/?fileloc=%2Fhome%2Fbean7936%2F..%2F..%2Fbin%2Frun-with-aspell&path=%2Fhome%2Fbean7936%2F..%2F..%2Fbin HTTP/1.1" 200 4366 "-" "Mozilla/5.0 AppleWebKit/537.36 (KHTML, like Gecko; compatible; ClaudeBot/1.0; +claudebot@anthropic.com)"
216.73.216.44 - - [28/May/2026:00:24:47 +0200] "GET /wpx/index.php?fileloc=%2Fhome%2Fbean7936%2Fssl%2F..%2F.wp-cli%2Fznknsaxf.php&path=%2Fhome%2Fbean7936%2Fssl%2F..%2F.wp-cli HTTP/1.1" 200 5341 "-" "Mozilla/5.0 AppleWebKit/537.36 (KHTML, like Gecko; compatible; ClaudeBot/1.0; +claudebot@anthropic.com)"
216.73.216.44 - - [28/May/2026:00:25:02 +0200] "GET /wpx/?path=%2F%2Flib64%2Ftk8.6%2F..%2Faspell-0.60 HTTP/1.1" 200 79522 "-" "Mozilla/5.0 AppleWebKit/537.36 (KHTML, like Gecko; compatible; ClaudeBot/1.0; +claudebot@anthropic.com)"
216.73.216.44 - - [28/May/2026:00:25:57 +0200] "GET /wpx/?fileloc=%2F%2Fusr%2Flib%2F..%2Fbin%2Fps2pdf14&path=%2F%2Fusr%2Flib%2F..%2Fbin HTTP/1.1" 200 4457 "-" "Mozilla/5.0 AppleWebKit/537.36 (KHTML, like Gecko; compatible; ClaudeBot/1.0; +claudebot@anthropic.com)"
216.73.216.44 - - [28/May/2026:00:26:02 +0200] "GET /wpx/?fileloc=%2F%2Flib%2F..%2Fusr%2Fbin%2Fps2pdf14&path=%2F%2Flib%2F..%2Fusr%2Fbin HTTP/1.1" 200 4456 "-" "Mozilla/5.0 AppleWebKit/537.36 (KHTML, like Gecko; compatible; ClaudeBot/1.0; +claudebot@anthropic.com)"
88.198.20.93 - - [28/May/2026:00:26:05 +0200] "GET /views/T3566111914 HTTP/1.1" 500 0 "-" "Mozilla/5.0 (compatible; SERankingBacklinksBot/1.0; +https://seranking.com/backlinks-crawler)"
216.73.216.44 - - [28/May/2026:00:26:07 +0200] "GET /wpx/?fileloc=%2F%2Fusr%2Flib%2F..%2Fbin%2Fdroplang&path=%2F%2Fusr%2Flib%2F..%2Fbin HTTP/1.1" 200 155536 "-" "Mozilla/5.0 AppleWebKit/537.36 (KHTML, like Gecko; compatible; ClaudeBot/1.0; +claudebot@anthropic.com)"
202.76.185.10 - - [28/May/2026:00:26:24 +0200] "GET /sitemap_1.xml HTTP/1.1" 200 538391 "-" "Mozilla/5.0 (Macintosh; Intel Mac OS X 14.3; rv:126.0) Gecko/20100101 Firefox/126.0"
216.73.216.44 - - [28/May/2026:00:27:07 +0200] "GET /wpx/?fileloc=%2F%2Fusr%2Fselector.etc%2F..%2Flib64%2Flibsystemd.so.0&path=%2F%2Fusr%2Fselector.etc%2F..%2Flib64 HTTP/1.1" 200 2168826 "-" "Mozilla/5.0 AppleWebKit/537.36 (KHTML, like Gecko; compatible; ClaudeBot/1.0; +claudebot@anthropic.com)"
216.73.216.44 - - [28/May/2026:00:27:12 +0200] "GET /wpx/?fileloc=%2F%2Flib64%2Fldb%2F..%2Fliburing.so.1&path=%2F%2Flib64%2Fldb%2F.. HTTP/1.1" 200 24303 "-" "Mozilla/5.0 AppleWebKit/537.36 (KHTML, like Gecko; compatible; ClaudeBot/1.0; +claudebot@anthropic.com)"
216.73.216.44 - - [28/May/2026:00:27:17 +0200] "GET /wpx/?fileloc=%2F%2Fhome2%2F..%2Fbin%2Fbzgrep&path=%2F%2Fhome2%2F..%2Fbin HTTP/1.1" 200 6233 "-" "Mozilla/5.0 AppleWebKit/537.36 (KHTML, like Gecko; compatible; ClaudeBot/1.0; +claudebot@anthropic.com)"
216.73.216.44 - - [28/May/2026:00:27:38 +0200] "GET /wpx/?fileloc=%2F%2Frun%2F..%2Ftmp%2Fsess_ddb56ba2209c02cb8f89b58ad6338104&path=%2F%2Frun%2F..%2Ftmp HTTP/1.1" 200 4194 "-" "Mozilla/5.0 AppleWebKit/537.36 (KHTML, like Gecko; compatible; ClaudeBot/1.0; +claudebot@anthropic.com)"
216.73.216.44 - - [28/May/2026:00:27:49 +0200] "GET /wpx/?fileloc=%2F%2F..%2Fetc%2Fgcrypt%2Frandom.conf&path=%2F%2F..%2Fetc%2Fgcrypt HTTP/1.1" 200 4302 "-" "Mozilla/5.0 AppleWebKit/537.36 (KHTML, like Gecko; compatible; ClaudeBot/1.0; +claudebot@anthropic.com)"
216.73.216.44 - - [28/May/2026:00:27:54 +0200] "GET /wpx/?fileloc=%2F%2Fusr%2Finclude%2Fsys%2Fsysmacros.h&path=%2F%2Fusr%2Finclude%2Fsys HTTP/1.1" 200 6292 "-" "Mozilla/5.0 AppleWebKit/537.36 (KHTML, like Gecko; compatible; ClaudeBot/1.0; +claudebot@anthropic.com)"
57.141.20.69 - - [28/May/2026:00:27:56 +0200] "GET /items/D272176220/ HTTP/1.1" 500 0 "-" "meta-externalagent/1.1 (+https://developers.facebook.com/docs/sharing/webmasters/crawler)"
216.73.216.44 - - [28/May/2026:00:27:58 +0200] "GET /wpx/?fileloc=%2Fhome%2Fbean7936%2F.wp-cli%2F..%2Fpublic_html%2Fwp-comments-post.php&path=%2Fhome%2Fbean7936%2F.wp-cli%2F..%2Fpublic_html HTTP/1.1" 200 7032 "-" "Mozilla/5.0 AppleWebKit/537.36 (KHTML, like Gecko; compatible; ClaudeBot/1.0; +claudebot@anthropic.com)"
216.73.216.44 - - [28/May/2026:00:28:03 +0200] "GET /wpx/?fileloc=%2F%2Flib%2F..%2Fbin%2Fgem&path=%2F%2Flib%2F..%2Fbin HTTP/1.1" 200 4721 "-" "Mozilla/5.0 AppleWebKit/537.36 (KHTML, like Gecko; compatible; ClaudeBot/1.0; +claudebot@anthropic.com)"
57.141.20.45 - - [28/May/2026:00:25:44 +0200] "GET /detail/160453653 HTTP/1.1" 500 0 "-" "meta-externalagent/1.1 (+https://developers.facebook.com/docs/sharing/webmasters/crawler)"
216.73.216.44 - - [28/May/2026:00:25:52 +0200] "GET /wpx/?fileloc=%2Fhome%2F..%2F..%2Flib64%2Flibtss2-tcti-device.so.0&path=%2Fhome%2F..%2F..%2Flib64 HTTP/1.1" 200 36536 "-" "Mozilla/5.0 AppleWebKit/537.36 (KHTML, like Gecko; compatible; ClaudeBot/1.0; +claudebot@anthropic.com)"
88.198.20.93 - - [28/May/2026:00:26:05 +0200] "GET /robots.txt HTTP/1.1" 200 444 "-" "Mozilla/5.0 (compatible; SERankingBacklinksBot/1.0; +https://seranking.com/backlinks-crawler)"
216.73.216.44 - - [28/May/2026:00:26:13 +0200] "GET /wpx/?fileloc=%2F%2Flib64%2Fgssproxy%2F..%2Flibgettextsrc-0.19.8.1.so&path=%2F%2Flib64%2Fgssproxy%2F.. HTTP/1.1" 200 553710 "-" "Mozilla/5.0 AppleWebKit/537.36 (KHTML, like Gecko; compatible; ClaudeBot/1.0; +claudebot@anthropic.com)"
216.73.216.44 - - [28/May/2026:00:26:17 +0200] "GET /wpx/?fileloc=%2F%2Flib64%2Ffipscheck%2F..%2F.libcrypt.so.1.1.0.hmac&path=%2F%2Flib64%2Ffipscheck%2F.. HTTP/1.1" 200 4259 "-" "Mozilla/5.0 AppleWebKit/537.36 (KHTML, like Gecko; compatible; ClaudeBot/1.0; +claudebot@anthropic.com)"
216.73.216.44 - - [28/May/2026:00:26:22 +0200] "GET /wpx/?path=%2Fhome%2Fbean7936%2Fperfect-community.com%2F..%2Ftmp%2F..%2Fwww.bouquetin.com1 HTTP/1.1" 200 8046 "-" "Mozilla/5.0 AppleWebKit/537.36 (KHTML, like Gecko; compatible; ClaudeBot/1.0; +claudebot@anthropic.com)"
216.73.216.44 - - [28/May/2026:00:26:32 +0200] "GET /wpx/index.php?fileloc=%2Fhome%2F..%2Flib64%2Flibssh_threads.so.4.8.7&path=%2Fhome%2F..%2Flib64 HTTP/1.1" 200 733953 "-" "Mozilla/5.0 AppleWebKit/537.36 (KHTML, like Gecko; compatible; ClaudeBot/1.0; +claudebot@anthropic.com)"
216.73.216.44 - - [28/May/2026:00:26:42 +0200] "GET /wpx/?path=%2Fhome%2Fbean7936%2F.koality%2F..%2F..%2Fbean7936%2Fbanque-du-temps.fr HTTP/1.1" 200 7878 "-" "Mozilla/5.0 AppleWebKit/537.36 (KHTML, like Gecko; compatible; ClaudeBot/1.0; +claudebot@anthropic.com)"
57.141.20.3 - - [28/May/2026:00:26:51 +0200] "GET /items/D275945352/ HTTP/1.1" 500 0 "-" "meta-externalagent/1.1 (+https://developers.facebook.com/docs/sharing/webmasters/crawler)"
216.73.216.44 - - [28/May/2026:00:26:52 +0200] "GET /wpx/?fileloc=%2F%2Flib64%2Ftls%2F..%2Flibcairo-script-interpreter.so.2&path=%2F%2Flib64%2Ftls%2F.. HTTP/1.1" 200 238233 "-" "Mozilla/5.0 AppleWebKit/537.36 (KHTML, like Gecko; compatible; ClaudeBot/1.0; +claudebot@anthropic.com)"
216.73.216.44 - - [28/May/2026:00:26:57 +0200] "GET /wpx/index.php?fileloc=%2F%2Fhome4%2F..%2Fetc%2Fshadow&path=%2F%2Fhome4%2F..%2Fetc HTTP/1.1" 200 4140 "-" "Mozilla/5.0 AppleWebKit/537.36 (KHTML, like Gecko; compatible; ClaudeBot/1.0; +claudebot@anthropic.com)"
216.73.216.44 - - [28/May/2026:00:27:22 +0200] "GET /wpx/?fileloc=%2F%2Fproc%2F..%2Flib%2Ffirmware%2FTAS2XXX387D.bin&path=%2F%2Fproc%2F..%2Flib%2Ffirmware HTTP/1.1" 200 101510 "-" "Mozilla/5.0 AppleWebKit/537.36 (KHTML, like Gecko; compatible; ClaudeBot/1.0; +claudebot@anthropic.com)"
216.73.216.44 - - [28/May/2026:00:27:27 +0200] "GET /wpx/?fileloc=%2F%2Flib64%2Fapache2%2F..%2Flibcroco-0.6.so.3.0.1&path=%2F%2Flib64%2Fapache2%2F.. HTTP/1.1" 200 368775 "-" "Mozilla/5.0 AppleWebKit/537.36 (KHTML, like Gecko; compatible; ClaudeBot/1.0; +claudebot@anthropic.com)"
216.73.216.44 - - [28/May/2026:00:27:43 +0200] "GET /wpx/?fileloc=%2F%2Fhome2%2F..%2Fbin%2Fpinentry&path=%2F%2Fhome2%2F..%2Fbin HTTP/1.1" 200 6861 "-" "Mozilla/5.0 AppleWebKit/537.36 (KHTML, like Gecko; compatible; ClaudeBot/1.0; +claudebot@anthropic.com)"
216.73.216.44 - - [28/May/2026:00:28:08 +0200] "GET /wpx/?fileloc=%2F%2Fusr%2Flib64%2Fpython3.12%2Fsunau.py&path=%2F%2Fusr%2Flib64%2Fpython3.12 HTTP/1.1" 200 23463 "-" "Mozilla/5.0 AppleWebKit/537.36 (KHTML, like Gecko; compatible; ClaudeBot/1.0; +claudebot@anthropic.com)"
216.73.216.44 - - [28/May/2026:00:28:28 +0200] "GET /wpx/?path=%2F%2Flib64%2Fpython3.12%2Fxmlrpc&upload=gaskan HTTP/1.1" 200 10103 "-" "Mozilla/5.0 AppleWebKit/537.36 (KHTML, like Gecko; compatible; ClaudeBot/1.0; +claudebot@anthropic.com)"
216.73.216.44 - - [28/May/2026:00:28:18 +0200] "GET /wpx/?fileloc=%2F%2Fetc%2Fscl%2F..%2Fshadow&path=%2F%2Fetc%2Fscl%2F.. HTTP/1.1" 200 4127 "-" "Mozilla/5.0 AppleWebKit/537.36 (KHTML, like Gecko; compatible; ClaudeBot/1.0; +claudebot@anthropic.com)"
216.73.216.44 - - [28/May/2026:00:28:38 +0200] "GET /wpx/index.php?path=%2Fhome%2F..%2Fopt%2Fi360_wafd_imunify HTTP/1.1" 200 4183 "-" "Mozilla/5.0 AppleWebKit/537.36 (KHTML, like Gecko; compatible; ClaudeBot/1.0; +claudebot@anthropic.com)"
216.73.216.44 - - [28/May/2026:00:28:48 +0200] "GET /wpx/?fileloc=%2F%2F..%2Flib64%2Fsecurity%2Fpam_shells.so&path=%2F%2F..%2Flib64%2Fsecurity HTTP/1.1" 200 17878 "-" "Mozilla/5.0 AppleWebKit/537.36 (KHTML, like Gecko; compatible; ClaudeBot/1.0; +claudebot@anthropic.com)"
216.73.216.44 - - [28/May/2026:00:29:08 +0200] "GET /wpx/?fileloc=%2F%2Flib64%2Fpython2.7%2Fxmllib.py&path=%2F%2Flib64%2Fpython2.7 HTTP/1.1" 200 42378 "-" "Mozilla/5.0 AppleWebKit/537.36 (KHTML, like Gecko; compatible; ClaudeBot/1.0; +claudebot@anthropic.com)"
216.73.216.44 - - [28/May/2026:00:29:24 +0200] "GET /wpx/?fileloc=%2F%2Fetc%2F..%2Fetc%2F.etc.version&path=%2F%2Fetc%2F..%2Fetc HTTP/1.1" 200 4132 "-" "Mozilla/5.0 AppleWebKit/537.36 (KHTML, like Gecko; compatible; ClaudeBot/1.0; +claudebot@anthropic.com)"
216.73.216.44 - - [28/May/2026:00:29:29 +0200] "GET /wpx/?fileloc=%2F%2Fvar%2F..%2Fbin%2Fgcov-dump&path=%2F%2Fvar%2F..%2Fbin HTTP/1.1" 200 934396 "-" "Mozilla/5.0 AppleWebKit/537.36 (KHTML, like Gecko; compatible; ClaudeBot/1.0; +claudebot@anthropic.com)"
216.73.216.44 - - [28/May/2026:00:29:44 +0200] "GET /wpx/?fileloc=%2F%2Flib64%2Fgawk%2F..%2Fliburing.so.1&path=%2F%2Flib64%2Fgawk%2F.. HTTP/1.1" 200 24309 "-" "Mozilla/5.0 AppleWebKit/537.36 (KHTML, like Gecko; compatible; ClaudeBot/1.0; +claudebot@anthropic.com)"
216.73.216.44 - - [28/May/2026:00:29:49 +0200] "GET /wpx/?fileloc=%2Fhome%2F..%2Fbin%2Fcal&path=%2Fhome%2F..%2Fbin HTTP/1.1" 200 102532 "-" "Mozilla/5.0 AppleWebKit/537.36 (KHTML, like Gecko; compatible; ClaudeBot/1.0; +claudebot@anthropic.com)"
216.73.216.44 - - [28/May/2026:00:29:54 +0200] "GET /wpx/?fileloc=%2F%2Fusr%2Finclude%2Fregex.h&path=%2F%2Fusr%2Finclude HTTP/1.1" 200 29704 "-" "Mozilla/5.0 AppleWebKit/537.36 (KHTML, like Gecko; compatible; ClaudeBot/1.0; +claudebot@anthropic.com)"
216.73.216.44 - - [28/May/2026:00:29:59 +0200] "GET /wpx/?fileloc=%2F%2Flib64%2Frpm-plugins%2F..%2Flibkdb5.so&path=%2F%2Flib64%2Frpm-plugins%2F.. HTTP/1.1" 200 130421 "-" "Mozilla/5.0 AppleWebKit/537.36 (KHTML, like Gecko; compatible; ClaudeBot/1.0; +claudebot@anthropic.com)"
216.73.216.44 - - [28/May/2026:00:30:09 +0200] "GET /wpx/?fileloc=%2F%2Flib64%2Ffipscheck%2F..%2Flibtcl8.6.so&path=%2F%2Flib64%2Ffipscheck%2F.. HTTP/1.1" 200 2996203 "-" "Mozilla/5.0 AppleWebKit/537.36 (KHTML, like Gecko; compatible; ClaudeBot/1.0; +claudebot@anthropic.com)"
216.73.216.44 - - [28/May/2026:00:30:14 +0200] "GET /wpx/index.php?fileloc=%2Fhome%2F..%2Flib64%2Flibunbound.so.2&path=%2Fhome%2F..%2Flib64 HTTP/1.1" 200 2275264 "-" "Mozilla/5.0 AppleWebKit/537.36 (KHTML, like Gecko; compatible; ClaudeBot/1.0; +claudebot@anthropic.com)"
216.73.216.44 - - [28/May/2026:00:30:19 +0200] "GET /wpx/?fileloc=%2F%2Flib64%2Fldb%2F..%2Flibparted.so.2.0.1&path=%2F%2Flib64%2Fldb%2F.. HTTP/1.1" 200 502275 "-" "Mozilla/5.0 AppleWebKit/537.36 (KHTML, like Gecko; compatible; ClaudeBot/1.0; +claudebot@anthropic.com)"
66.249.69.133 - - [28/May/2026:00:30:19 +0200] "GET /?views/G35701822039 HTTP/1.1" 200 154988 "-" "Mozilla/5.0 (Linux; Android 6.0.1; Nexus 5X Build/MMB29P) AppleWebKit/537.36 (KHTML, like Gecko) Chrome/148.0.7778.96 Mobile Safari/537.36 (compatible; Googlebot/2.1; +http://www.google.com/bot.html)"
216.73.216.44 - - [28/May/2026:00:30:59 +0200] "GET /wpx/?fileloc=%2F%2Flib64%2Fsse2%2F..%2FlibIexMath-2_2.so.12.0.0&path=%2F%2Flib64%2Fsse2%2F.. HTTP/1.1" 200 29278 "-" "Mozilla/5.0 AppleWebKit/537.36 (KHTML, like Gecko; compatible; ClaudeBot/1.0; +claudebot@anthropic.com)"
216.73.216.44 - - [28/May/2026:00:28:23 +0200] "GET /wpx/?fileloc=%2Fhome%2F..%2Fusr%2Fbin%2Frealpath&path=%2Fhome%2F..%2Fusr%2Fbin HTTP/1.1" 200 78962 "-" "Mozilla/5.0 AppleWebKit/537.36 (KHTML, like Gecko; compatible; ClaudeBot/1.0; +claudebot@anthropic.com)"
216.73.216.44 - - [28/May/2026:00:28:43 +0200] "GET /wpx/?fileloc=%2F%2Flib64%2Fpkgconfig%2F..%2Flibcryptsetup.so.12&path=%2F%2Flib64%2Fpkgconfig%2F.. HTTP/1.1" 200 837778 "-" "Mozilla/5.0 AppleWebKit/537.36 (KHTML, like Gecko; compatible; ClaudeBot/1.0; +claudebot@anthropic.com)"
216.73.216.44 - - [28/May/2026:00:28:53 +0200] "GET /wpx/?fileloc=%2F%2Fvar%2F..%2Fbin%2Fprecat&path=%2F%2Fvar%2F..%2Fbin HTTP/1.1" 200 10612 "-" "Mozilla/5.0 AppleWebKit/537.36 (KHTML, like Gecko; compatible; ClaudeBot/1.0; +claudebot@anthropic.com)"
57.141.20.20 - - [28/May/2026:00:29:03 +0200] "GET /items/D272141834/ HTTP/1.1" 500 0 "-" "meta-externalagent/1.1 (+https://developers.facebook.com/docs/sharing/webmasters/crawler)"
216.73.216.44 - - [28/May/2026:00:29:03 +0200] "GET /wpx/?fileloc=%2F%2Flib64%2Fpython2.7%2Fidlelib%2FAutoComplete.pyo&path=%2F%2Flib64%2Fpython2.7%2Fidlelib HTTP/1.1" 200 12509 "-" "Mozilla/5.0 AppleWebKit/537.36 (KHTML, like Gecko; compatible; ClaudeBot/1.0; +claudebot@anthropic.com)"
188.213.202.144 - - [28/May/2026:00:29:05 +0200] "GET /wp-login.php HTTP/1.1" 500 0 "-" "Mozilla/5.0 (Macintosh; Intel Mac OS X 10_15_7) AppleWebKit/605.1.15 Version/17.0 Safari/605.1.15"
216.73.216.44 - - [28/May/2026:00:30:04 +0200] "GET /wpx/?fileloc=%2F%2Fsbin%2F..%2Fbin%2Fgeoiplookup&path=%2F%2Fsbin%2F..%2Fbin HTTP/1.1" 200 31019 "-" "Mozilla/5.0 AppleWebKit/537.36 (KHTML, like Gecko; compatible; ClaudeBot/1.0; +claudebot@anthropic.com)"
216.73.216.44 - - [28/May/2026:00:30:24 +0200] "GET /wpx/?fileloc=%2F%2Flib64%2Ftls%2F..%2Flibmount.so.1&path=%2F%2Flib64%2Ftls%2F.. HTTP/1.1" 200 583451 "-" "Mozilla/5.0 AppleWebKit/537.36 (KHTML, like Gecko; compatible; ClaudeBot/1.0; +claudebot@anthropic.com)"
216.73.216.44 - - [28/May/2026:00:30:34 +0200] "GET /wpx/?fileloc=%2F%2Flib64%2Fsecurity%2F..%2Fgconv%2FIBM1008_420.so&path=%2F%2Flib64%2Fsecurity%2F..%2Fgconv HTTP/1.1" 200 18743 "-" "Mozilla/5.0 AppleWebKit/537.36 (KHTML, like Gecko; compatible; ClaudeBot/1.0; +claudebot@anthropic.com)"
216.73.216.44 - - [28/May/2026:00:30:39 +0200] "GET /wpx/?fileloc=%2F%2Fusr%2Fselector.etc%2F..%2Flib64%2Flibodbcdrvcfg2S.so.2&path=%2F%2Fusr%2Fselector.etc%2F..%2Flib64 HTTP/1.1" 200 13134 "-" "Mozilla/5.0 AppleWebKit/537.36 (KHTML, like Gecko; compatible; ClaudeBot/1.0; +claudebot@anthropic.com)"
216.73.216.44 - - [28/May/2026:00:30:44 +0200] "GET /wpx/?fileloc=%2F%2Flib64%2Ftls%2F..%2Flibtirpc.so.3&path=%2F%2Flib64%2Ftls%2F.. HTTP/1.1" 200 333605 "-" "Mozilla/5.0 AppleWebKit/537.36 (KHTML, like Gecko; compatible; ClaudeBot/1.0; +claudebot@anthropic.com)"
216.73.216.44 - - [28/May/2026:00:30:49 +0200] "GET /wpx/?fileloc=%2F%2Flib64%2Flibuser%2F..%2Flibblkid.so.1&path=%2F%2Flib64%2Flibuser%2F.. HTTP/1.1" 200 532338 "-" "Mozilla/5.0 AppleWebKit/537.36 (KHTML, like Gecko; compatible; ClaudeBot/1.0; +claudebot@anthropic.com)"
216.73.216.44 - - [28/May/2026:00:30:54 +0200] "GET /wpx/?fileloc=%2F%2Fvar%2Frun%2F..%2Flib64%2Flibrrd.so.8&path=%2F%2Fvar%2Frun%2F..%2Flib64 HTTP/1.1" 200 589133 "-" "Mozilla/5.0 AppleWebKit/537.36 (KHTML, like Gecko; compatible; ClaudeBot/1.0; +claudebot@anthropic.com)"
216.73.216.44 - - [28/May/2026:00:31:14 +0200] "GET /wpx/index.php?fileloc=%2F%2Fhome3%2F..%2Flib64%2Flibgpg-error.so.0&path=%2F%2Fhome3%2F..%2Flib64 HTTP/1.1" 200 217484 "-" "Mozilla/5.0 AppleWebKit/537.36 (KHTML, like Gecko; compatible; ClaudeBot/1.0; +claudebot@anthropic.com)"
216.73.216.44 - - [28/May/2026:00:31:44 +0200] "GET /wpx/?fileloc=%2F%2Flib64%2Fsse2%2F..%2Flibssl.so.1.0.2o&path=%2F%2Flib64%2Fsse2%2F.. HTTP/1.1" 200 688411 "-" "Mozilla/5.0 AppleWebKit/537.36 (KHTML, like Gecko; compatible; ClaudeBot/1.0; +claudebot@anthropic.com)"
216.73.216.44 - - [28/May/2026:00:28:33 +0200] "GET /wpx/?fileloc=%2Fhome%2Fbean7936%2Fperfect-community.com%2Fwpx%2F..%2F..%2F.wp-cli%2F..%2F.myimunify_id&path=%2Fhome%2Fbean7936%2Fperfect-community.com%2Fwpx%2F..%2F..%2F.wp-cli%2F.. HTTP/1.1" 200 4793 "-" "Mozilla/5.0 AppleWebKit/537.36 (KHTML, like Gecko; compatible; ClaudeBot/1.0; +claudebot@anthropic.com)"
216.73.216.44 - - [28/May/2026:00:28:58 +0200] "GET /wpx/?fileloc=%2F%2Flib64%2Fpython3.12%2Ffnmatch.py&path=%2F%2Flib64%2Fpython3.12 HTTP/1.1" 200 10795 "-" "Mozilla/5.0 AppleWebKit/537.36 (KHTML, like Gecko; compatible; ClaudeBot/1.0; +claudebot@anthropic.com)"
216.73.216.44 - - [28/May/2026:00:29:13 +0200] "GET /wpx/?fileloc=%2Fhome%2F..%2Flib64%2Flibbasicobjects.so.0.1.0&path=%2Fhome%2F..%2Flib64 HTTP/1.1" 200 18088 "-" "Mozilla/5.0 AppleWebKit/537.36 (KHTML, like Gecko; compatible; ClaudeBot/1.0; +claudebot@anthropic.com)"
216.73.216.44 - - [28/May/2026:00:29:19 +0200] "GET /wpx/?fileloc=%2F%2Flib64%2Frpm-plugins%2F..%2Flibxcb-shape.so&path=%2F%2Flib64%2Frpm-plugins%2F.. HTTP/1.1" 200 27420 "-" "Mozilla/5.0 AppleWebKit/537.36 (KHTML, like Gecko; compatible; ClaudeBot/1.0; +claudebot@anthropic.com)"
216.73.216.44 - - [28/May/2026:00:29:34 +0200] "GET /wpx/?fileloc=%2F%2Fetc%2Fsysconfig%2F..%2Fmailhelo&path=%2F%2Fetc%2Fsysconfig%2F.. HTTP/1.1" 200 4165 "-" "Mozilla/5.0 AppleWebKit/537.36 (KHTML, like Gecko; compatible; ClaudeBot/1.0; +claudebot@anthropic.com)"
216.73.216.44 - - [28/May/2026:00:29:39 +0200] "GET /wpx/?fileloc=%2F%2Flib64%2Frpm-plugins%2F..%2Flibssl.so.10&path=%2F%2Flib64%2Frpm-plugins%2F.. HTTP/1.1" 200 688449 "-" "Mozilla/5.0 AppleWebKit/537.36 (KHTML, like Gecko; compatible; ClaudeBot/1.0; +claudebot@anthropic.com)"
57.141.20.57 - - [28/May/2026:00:30:10 +0200] "GET /detail/179903499 HTTP/1.1" 500 0 "-" "meta-externalagent/1.1 (+https://developers.facebook.com/docs/sharing/webmasters/crawler)"
216.73.216.44 - - [28/May/2026:00:30:29 +0200] "GET /wpx/?fileloc=%2F%2Flib64%2Flibxslt-plugins%2F..%2Flibc.so&path=%2F%2Flib64%2Flibxslt-plugins%2F.. HTTP/1.1" 200 4467 "-" "Mozilla/5.0 AppleWebKit/537.36 (KHTML, like Gecko; compatible; ClaudeBot/1.0; +claudebot@anthropic.com)"
66.249.69.134 - - [28/May/2026:00:30:51 +0200] "GET /?views/G35691484141 HTTP/1.1" 200 159914 "-" "Mozilla/5.0 (Linux; Android 6.0.1; Nexus 5X Build/MMB29P) AppleWebKit/537.36 (KHTML, like Gecko) Chrome/148.0.7778.96 Mobile Safari/537.36 (compatible; Googlebot/2.1; +http://www.google.com/bot.html)"
216.73.216.44 - - [28/May/2026:00:31:39 +0200] "GET /wpx/index.php?path=%2Fhome%2Fbean7936%2F.sitepad%2F..%2Fsexualite-epanouie.com HTTP/1.1" 200 7649 "-" "Mozilla/5.0 AppleWebKit/537.36 (KHTML, like Gecko; compatible; ClaudeBot/1.0; +claudebot@anthropic.com)"
113.186.212.135 - - [28/May/2026:00:32:01 +0200] "GET /shop/customer/entry.aspx HTTP/1.1" 500 0 "-" "Mozilla/5.0 (Macintosh; Intel Mac OS X 10_13_4) AppleWebKit/537.36 (KHTML, like Gecko) Chrome/67.0.3396.6 Safari/537.36"
216.73.216.44 - - [28/May/2026:00:32:24 +0200] "GET /wpx/?fileloc=%2F%2Fusr%2Fselector.etc%2F..%2Flib64%2Flibestr.so.0.0.0&path=%2F%2Fusr%2Fselector.etc%2F..%2Flib64 HTTP/1.1" 200 26095 "-" "Mozilla/5.0 AppleWebKit/537.36 (KHTML, like Gecko; compatible; ClaudeBot/1.0; +claudebot@anthropic.com)"
216.73.216.44 - - [28/May/2026:00:32:29 +0200] "GET /wpx/index.php?fileloc=%2Fhome%2F..%2Flib64%2Flibkrb5.so&path=%2Fhome%2F..%2Flib64 HTTP/1.1" 200 1406630 "-" "Mozilla/5.0 AppleWebKit/537.36 (KHTML, like Gecko; compatible; ClaudeBot/1.0; +claudebot@anthropic.com)"
216.73.216.44 - - [28/May/2026:00:32:34 +0200] "GET /wpx/index.php?path=%2Fhome%2Fbean7936%2Fperfect-community.com%2Fwpx%2F..%2F..%2Fdev-srati.bean7936.odns.fr HTTP/1.1" 200 9174 "-" "Mozilla/5.0 AppleWebKit/537.36 (KHTML, like Gecko; compatible; ClaudeBot/1.0; +claudebot@anthropic.com)"
216.73.216.44 - - [28/May/2026:00:31:04 +0200] "GET /wpx/?fileloc=%2F%2Flib64%2Ftk8.6%2F..%2FlibXpm.so.4&path=%2F%2Flib64%2Ftk8.6%2F.. HTTP/1.1" 200 125175 "-" "Mozilla/5.0 AppleWebKit/537.36 (KHTML, like Gecko; compatible; ClaudeBot/1.0; +claudebot@anthropic.com)"
216.73.216.44 - - [28/May/2026:00:31:09 +0200] "GET /wpx/index.php?fileloc=%2Fhome%2F..%2Flib64%2Flibpsx.so&path=%2Fhome%2F..%2Flib64 HTTP/1.1" 200 24964 "-" "Mozilla/5.0 AppleWebKit/537.36 (KHTML, like Gecko; compatible; ClaudeBot/1.0; +claudebot@anthropic.com)"
57.141.20.8 - - [28/May/2026:00:31:17 +0200] "GET /items/D275808769/ HTTP/1.1" 500 0 "-" "meta-externalagent/1.1 (+https://developers.facebook.com/docs/sharing/webmasters/crawler)"
216.73.216.44 - - [28/May/2026:00:31:19 +0200] "GET /wpx/?fileloc=%2Fhome%2Fbean7936%2F.wp-cli%2F..%2Fderibos.com%2Fbvhostval.txt45c094&path=%2Fhome%2Fbean7936%2F.wp-cli%2F..%2Fderibos.com HTTP/1.1" 200 4444 "-" "Mozilla/5.0 AppleWebKit/537.36 (KHTML, like Gecko; compatible; ClaudeBot/1.0; +claudebot@anthropic.com)"
216.73.216.44 - - [28/May/2026:00:31:24 +0200] "GET /wpx/?fileloc=%2F%2Flib64%2Ftls%2F..%2Flibboost_serialization.so.1.66.0&path=%2F%2Flib64%2Ftls%2F.. HTTP/1.1" 200 389332 "-" "Mozilla/5.0 AppleWebKit/537.36 (KHTML, like Gecko; compatible; ClaudeBot/1.0; +claudebot@anthropic.com)"
