|
Server IP : 109.234.166.131 / Your IP : 216.73.216.44 Web Server : LiteSpeed System : Linux garfish.o2switch.net 4.18.0-553.62.1.lve.el8.x86_64 #1 SMP Mon Jul 21 17:50:35 UTC 2025 x86_64 User : bean7936 ( 1010) PHP Version : 8.3.31 Disable Function : NONE MySQL : OFF | cURL : ON | WGET : ON | Perl : ON | Python : ON Directory (0750) : /home/bean7936/access-logs/ |
| [ Home ] | [ C0mmand ] | [ Upload File ] |
|---|
51.44.10.135 - - [27/May/2026:00:17:52 +0200] "GET /txets.php HTTP/1.1" 200 8 "-" "Mozilla/5.0 (Windows NT 10.0; Win64; x64) AppleWebKit/537.36 (KHTML, like Gecko) Chrome/147.0.0.0 Safari/537.36"
65.109.14.150 - - [27/May/2026:00:17:53 +0200] "GET /txets.php HTTP/1.1" 200 8 "-" "Mozilla/5.0 (Windows NT 10.0; Win64; x64) AppleWebKit/537.36 (KHTML, like Gecko) Chrome/147.0.0.0 Safari/537.36"
23.80.89.38 - - [27/May/2026:00:17:56 +0200] "GET /txets.php HTTP/1.1" 200 8 "-" "Mozilla/5.0 (Windows NT 10.0; Win64; x64) AppleWebKit/537.36 (KHTML, like Gecko) Chrome/147.0.0.0 Safari/537.36"
91.134.43.151 - - [27/May/2026:00:22:52 +0200] "GET /images/images/cache.php HTTP/1.1" 404 136 "-" "Mozilla/5.0 (Macintosh; Intel Mac OS X 10_15_7) AppleWebKit/605.1.15 (KHTML, like Gecko) Version/26.4 Safari/605.1.15"
209.50.228.93 - - [27/May/2026:00:22:52 +0200] "GET /images/images/cache.php HTTP/1.1" 404 136 "-" "Mozilla/5.0 (Macintosh; Intel Mac OS X 10_15_7) AppleWebKit/605.1.15 (KHTML, like Gecko) Version/26.4 Safari/605.1.15"
57.131.13.107 - - [27/May/2026:00:17:52 +0200] "GET /txets.php HTTP/1.1" 200 8 "-" "Mozilla/5.0 (Windows NT 10.0; Win64; x64) AppleWebKit/537.36 (KHTML, like Gecko) Chrome/147.0.0.0 Safari/537.36"
57.131.13.108 - - [27/May/2026:00:22:52 +0200] "GET /images/images/cache.php HTTP/1.1" 404 136 "-" "Mozilla/5.0 (Macintosh; Intel Mac OS X 10_15_7) AppleWebKit/605.1.15 (KHTML, like Gecko) Version/26.4 Safari/605.1.15"
68.183.245.101 - - [27/May/2026:00:22:53 +0200] "GET /images/images/cache.php HTTP/1.1" 404 136 "-" "Mozilla/5.0 (Macintosh; Intel Mac OS X 10_15_7) AppleWebKit/605.1.15 (KHTML, like Gecko) Version/26.4 Safari/605.1.15"
207.46.13.153 - - [27/May/2026:00:34:06 +0200] "GET /special/Q054012900249 HTTP/1.1" 200 136046 "-" "Mozilla/5.0 AppleWebKit/537.36 (KHTML, like Gecko; compatible; bingbot/2.0; +http://www.bing.com/bingbot.htm) Chrome/116.0.1938.76 Safari/537.36"
207.46.13.153 - - [27/May/2026:00:34:07 +0200] "GET /special/Q073284974781 HTTP/1.1" 200 139729 "-" "Mozilla/5.0 AppleWebKit/537.36 (KHTML, like Gecko; compatible; bingbot/2.0; +http://www.bing.com/bingbot.htm) Chrome/116.0.1938.76 Safari/537.36"
207.46.13.14 - - [27/May/2026:00:39:12 +0200] "GET /special/Q05236081901 HTTP/1.1" 200 139312 "-" "Mozilla/5.0 AppleWebKit/537.36 (KHTML, like Gecko; compatible; bingbot/2.0; +http://www.bing.com/bingbot.htm) Chrome/116.0.1938.76 Safari/537.36"
13.38.55.88 - - [27/May/2026:00:44:52 +0200] "GET /images/images/images/images/cache.php HTTP/1.1" 404 136 "-" "Mozilla/5.0 (Linux; Android 10; K) AppleWebKit/537.36 (KHTML, like Gecko) Chrome/147.0.0.0 Mobile Safari/537.36"
13.38.55.88 - - [27/May/2026:00:48:06 +0200] "GET /txets.php HTTP/1.1" 200 8 "-" "Mozilla/5.0 (Windows NT 10.0; Win64; x64) AppleWebKit/537.36 (KHTML, like Gecko) Chrome/147.0.0.0 Safari/537.36"
170.64.251.156 - - [27/May/2026:00:44:55 +0200] "GET /images/images/images/images/cache.php HTTP/1.1" 404 136 "-" "Mozilla/5.0 (Linux; Android 10; K) AppleWebKit/537.36 (KHTML, like Gecko) Chrome/147.0.0.0 Mobile Safari/537.36"
23.80.89.38 - - [27/May/2026:00:48:05 +0200] "GET /txets.php HTTP/1.1" 200 8 "-" "Mozilla/5.0 (Windows NT 10.0; Win64; x64) AppleWebKit/537.36 (KHTML, like Gecko) Chrome/147.0.0.0 Safari/537.36"
57.131.13.108 - - [27/May/2026:00:50:39 +0200] "GET /images/images/cache.php HTTP/1.1" 404 136 "-" "Mozilla/5.0 (Macintosh; Intel Mac OS X 10_15_7) AppleWebKit/605.1.15 (KHTML, like Gecko) Version/26.4 Safari/605.1.15"
209.50.228.93 - - [27/May/2026:00:50:41 +0200] "GET /images/images/cache.php HTTP/1.1" 404 136 "-" "Mozilla/5.0 (Macintosh; Intel Mac OS X 10_15_7) AppleWebKit/605.1.15 (KHTML, like Gecko) Version/26.4 Safari/605.1.15"
68.183.245.101 - - [27/May/2026:00:50:44 +0200] "GET /images/images/cache.php HTTP/1.1" 404 136 "-" "Mozilla/5.0 (Macintosh; Intel Mac OS X 10_15_7) AppleWebKit/605.1.15 (KHTML, like Gecko) Version/26.4 Safari/605.1.15"
57.131.13.107 - - [27/May/2026:00:44:54 +0200] "GET /images/images/images/images/cache.php HTTP/1.1" 404 136 "-" "Mozilla/5.0 (Linux; Android 10; K) AppleWebKit/537.36 (KHTML, like Gecko) Chrome/147.0.0.0 Mobile Safari/537.36"
23.82.96.182 - - [27/May/2026:00:44:58 +0200] "GET /images/images/images/images/cache.php HTTP/1.1" 404 136 "-" "Mozilla/5.0 (Linux; Android 10; K) AppleWebKit/537.36 (KHTML, like Gecko) Chrome/147.0.0.0 Mobile Safari/537.36"
57.131.13.107 - - [27/May/2026:00:48:05 +0200] "GET /txets.php HTTP/1.1" 200 8 "-" "Mozilla/5.0 (Windows NT 10.0; Win64; x64) AppleWebKit/537.36 (KHTML, like Gecko) Chrome/147.0.0.0 Safari/537.36"
65.109.14.150 - - [27/May/2026:00:48:06 +0200] "GET /txets.php HTTP/1.1" 200 8 "-" "Mozilla/5.0 (Windows NT 10.0; Win64; x64) AppleWebKit/537.36 (KHTML, like Gecko) Chrome/147.0.0.0 Safari/537.36"
52.167.144.234 - - [27/May/2026:00:50:14 +0200] "GET /special/Q002509240262 HTTP/1.1" 200 152269 "-" "Mozilla/5.0 AppleWebKit/537.36 (KHTML, like Gecko; compatible; bingbot/2.0; +http://www.bing.com/bingbot.htm) Chrome/116.0.1938.76 Safari/537.36"
91.134.43.151 - - [27/May/2026:00:50:39 +0200] "GET /images/images/cache.php HTTP/1.1" 404 136 "-" "Mozilla/5.0 (Macintosh; Intel Mac OS X 10_15_7) AppleWebKit/605.1.15 (KHTML, like Gecko) Version/26.4 Safari/605.1.15"
13.38.55.88 - - [27/May/2026:01:16:46 +0200] "GET /images/images/images/images/cache.php HTTP/1.1" 404 136 "-" "Mozilla/5.0 (Linux; Android 10; K) AppleWebKit/537.36 (KHTML, like Gecko) Chrome/147.0.0.0 Mobile Safari/537.36"
170.64.251.156 - - [27/May/2026:01:16:49 +0200] "GET /images/images/images/images/cache.php HTTP/1.1" 404 136 "-" "Mozilla/5.0 (Linux; Android 10; K) AppleWebKit/537.36 (KHTML, like Gecko) Chrome/147.0.0.0 Mobile Safari/537.36"
57.131.13.108 - - [27/May/2026:01:18:36 +0200] "GET /images/images/cache.php HTTP/1.1" 404 136 "-" "Mozilla/5.0 (Macintosh; Intel Mac OS X 10_15_7) AppleWebKit/605.1.15 (KHTML, like Gecko) Version/26.4 Safari/605.1.15"
13.38.55.88 - - [27/May/2026:01:15:10 +0200] "GET /txets.php HTTP/1.1" 200 8 "-" "Mozilla/5.0 (Windows NT 10.0; Win64; x64) AppleWebKit/537.36 (KHTML, like Gecko) Chrome/147.0.0.0 Safari/537.36"
23.82.96.182 - - [27/May/2026:01:16:47 +0200] "GET /images/images/images/images/cache.php HTTP/1.1" 404 136 "-" "Mozilla/5.0 (Linux; Android 10; K) AppleWebKit/537.36 (KHTML, like Gecko) Chrome/147.0.0.0 Mobile Safari/537.36"
91.134.43.151 - - [27/May/2026:01:18:36 +0200] "GET /images/images/cache.php HTTP/1.1" 404 136 "-" "Mozilla/5.0 (Macintosh; Intel Mac OS X 10_15_7) AppleWebKit/605.1.15 (KHTML, like Gecko) Version/26.4 Safari/605.1.15"
57.131.13.107 - - [27/May/2026:01:15:11 +0200] "GET /txets.php HTTP/1.1" 200 8 "-" "Mozilla/5.0 (Windows NT 10.0; Win64; x64) AppleWebKit/537.36 (KHTML, like Gecko) Chrome/147.0.0.0 Safari/537.36"
65.109.14.150 - - [27/May/2026:01:15:11 +0200] "GET /txets.php HTTP/1.1" 200 8 "-" "Mozilla/5.0 (Windows NT 10.0; Win64; x64) AppleWebKit/537.36 (KHTML, like Gecko) Chrome/147.0.0.0 Safari/537.36"
23.80.89.38 - - [27/May/2026:01:15:13 +0200] "GET /txets.php HTTP/1.1" 200 8 "-" "Mozilla/5.0 (Windows NT 10.0; Win64; x64) AppleWebKit/537.36 (KHTML, like Gecko) Chrome/147.0.0.0 Safari/537.36"
57.131.13.107 - - [27/May/2026:01:16:47 +0200] "GET /images/images/images/images/cache.php HTTP/1.1" 404 136 "-" "Mozilla/5.0 (Linux; Android 10; K) AppleWebKit/537.36 (KHTML, like Gecko) Chrome/147.0.0.0 Mobile Safari/537.36"
209.50.228.93 - - [27/May/2026:01:18:35 +0200] "GET /images/images/cache.php HTTP/1.1" 404 136 "-" "Mozilla/5.0 (Macintosh; Intel Mac OS X 10_15_7) AppleWebKit/605.1.15 (KHTML, like Gecko) Version/26.4 Safari/605.1.15"
68.183.245.101 - - [27/May/2026:01:18:37 +0200] "GET /images/images/cache.php HTTP/1.1" 404 136 "-" "Mozilla/5.0 (Macintosh; Intel Mac OS X 10_15_7) AppleWebKit/605.1.15 (KHTML, like Gecko) Version/26.4 Safari/605.1.15"
207.46.13.130 - - [27/May/2026:01:19:14 +0200] "GET /special/Q03621385216 HTTP/1.1" 200 139160 "-" "Mozilla/5.0 AppleWebKit/537.36 (KHTML, like Gecko; compatible; bingbot/2.0; +http://www.bing.com/bingbot.htm) Chrome/116.0.1938.76 Safari/537.36"
52.167.144.19 - - [27/May/2026:01:22:18 +0200] "GET /special/Q052345038092 HTTP/1.1" 200 142245 "-" "Mozilla/5.0 AppleWebKit/537.36 (KHTML, like Gecko; compatible; bingbot/2.0; +http://www.bing.com/bingbot.htm) Chrome/116.0.1938.76 Safari/537.36"
52.167.144.19 - - [27/May/2026:01:25:08 +0200] "GET /special/Q023238885237 HTTP/1.1" 200 131669 "-" "Mozilla/5.0 AppleWebKit/537.36 (KHTML, like Gecko; compatible; bingbot/2.0; +http://www.bing.com/bingbot.htm) Chrome/116.0.1938.76 Safari/537.36"
120.55.250.205 - - [27/May/2026:01:32:07 +0200] "GET / HTTP/1.1" 200 0 "-" "Mozilla/5.0 (Windows NT 10.0; Win64; x64) AppleWebKit/537.36 (KHTML, like Gecko) Chrome/79.0 Safari/537.36"
120.55.250.205 - - [27/May/2026:01:32:11 +0200] "GET /web/wp-includes/wlwmanifest.xml HTTP/1.1" 200 0 "-" "Mozilla/5.0 (Windows NT 10.0; Win64; x64) AppleWebKit/537.36 (KHTML, like Gecko) Chrome/79.0 Safari/537.36"
120.55.250.205 - - [27/May/2026:01:32:12 +0200] "GET /wordpress/wp-includes/wlwmanifest.xml HTTP/1.1" 200 0 "-" "Mozilla/5.0 (Windows NT 10.0; Win64; x64) AppleWebKit/537.36 (KHTML, like Gecko) Chrome/79.0 Safari/537.36"
120.55.250.205 - - [27/May/2026:01:32:14 +0200] "GET /wp/wp-includes/wlwmanifest.xml HTTP/1.1" 200 0 "-" "Mozilla/5.0 (Windows NT 10.0; Win64; x64) AppleWebKit/537.36 (KHTML, like Gecko) Chrome/79.0 Safari/537.36"
120.55.250.205 - - [27/May/2026:01:32:16 +0200] "GET /test/wp-includes/wlwmanifest.xml HTTP/1.1" 200 0 "-" "Mozilla/5.0 (Windows NT 10.0; Win64; x64) AppleWebKit/537.36 (KHTML, like Gecko) Chrome/79.0 Safari/537.36"
120.55.250.205 - - [27/May/2026:01:32:17 +0200] "GET /wp2/wp-includes/wlwmanifest.xml HTTP/1.1" 200 0 "-" "Mozilla/5.0 (Windows NT 10.0; Win64; x64) AppleWebKit/537.36 (KHTML, like Gecko) Chrome/79.0 Safari/537.36"
120.55.250.205 - - [27/May/2026:01:32:09 +0200] "GET / HTTP/1.1" 200 0 "-" "Mozilla/5.0 (Windows NT 10.0; Win64; x64) AppleWebKit/537.36 (KHTML, like Gecko) Chrome/79.0 Safari/537.36"
120.55.250.205 - - [27/May/2026:01:32:10 +0200] "GET /blog/wp-includes/wlwmanifest.xml HTTP/1.1" 200 0 "-" "Mozilla/5.0 (Windows NT 10.0; Win64; x64) AppleWebKit/537.36 (KHTML, like Gecko) Chrome/79.0 Safari/537.36"
120.55.250.205 - - [27/May/2026:01:32:18 +0200] "GET /site/wp-includes/wlwmanifest.xml HTTP/1.1" 200 0 "-" "Mozilla/5.0 (Windows NT 10.0; Win64; x64) AppleWebKit/537.36 (KHTML, like Gecko) Chrome/79.0 Safari/537.36"
120.55.250.205 - - [27/May/2026:01:32:19 +0200] "GET /cms/wp-includes/wlwmanifest.xml HTTP/1.1" 200 0 "-" "Mozilla/5.0 (Windows NT 10.0; Win64; x64) AppleWebKit/537.36 (KHTML, like Gecko) Chrome/79.0 Safari/537.36"
120.55.250.205 - - [27/May/2026:01:32:20 +0200] "GET /sito/wp-includes/wlwmanifest.xml HTTP/1.1" 200 0 "-" "Mozilla/5.0 (Windows NT 10.0; Win64; x64) AppleWebKit/537.36 (KHTML, like Gecko) Chrome/79.0 Safari/537.36"
120.55.250.205 - - [27/May/2026:01:32:07 +0200] "GET / HTTP/1.1" 200 0 "-" "Mozilla/5.0 (Windows NT 10.0; Win64; x64) AppleWebKit/537.36 (KHTML, like Gecko) Chrome/79.0 Safari/537.36"
120.55.250.205 - - [27/May/2026:01:32:08 +0200] "GET /wp-includes/wlwmanifest.xml HTTP/1.1" 200 0 "-" "Mozilla/5.0 (Windows NT 10.0; Win64; x64) AppleWebKit/537.36 (KHTML, like Gecko) Chrome/79.0 Safari/537.36"
120.55.250.205 - - [27/May/2026:01:32:13 +0200] "GET /website/wp-includes/wlwmanifest.xml HTTP/1.1" 200 0 "-" "Mozilla/5.0 (Windows NT 10.0; Win64; x64) AppleWebKit/537.36 (KHTML, like Gecko) Chrome/79.0 Safari/537.36"
120.55.250.205 - - [27/May/2026:01:32:15 +0200] "GET /news/wp-includes/wlwmanifest.xml HTTP/1.1" 200 0 "-" "Mozilla/5.0 (Windows NT 10.0; Win64; x64) AppleWebKit/537.36 (KHTML, like Gecko) Chrome/79.0 Safari/537.36"
120.55.250.205 - - [27/May/2026:01:32:16 +0200] "GET /wp1/wp-includes/wlwmanifest.xml HTTP/1.1" 200 0 "-" "Mozilla/5.0 (Windows NT 10.0; Win64; x64) AppleWebKit/537.36 (KHTML, like Gecko) Chrome/79.0 Safari/537.36"
13.36.176.196 - - [27/May/2026:01:45:52 +0200] "GET /images/images/images/images/cache.php HTTP/1.1" 404 136 "-" "Mozilla/5.0 (Linux; Android 10; K) AppleWebKit/537.36 (KHTML, like Gecko) Chrome/147.0.0.0 Mobile Safari/537.36"
23.82.96.182 - - [27/May/2026:01:45:56 +0200] "GET /images/images/images/images/cache.php HTTP/1.1" 404 136 "-" "Mozilla/5.0 (Linux; Android 10; K) AppleWebKit/537.36 (KHTML, like Gecko) Chrome/147.0.0.0 Mobile Safari/537.36"
170.64.251.156 - - [27/May/2026:01:45:57 +0200] "GET /images/images/images/images/cache.php HTTP/1.1" 404 136 "-" "Mozilla/5.0 (Linux; Android 10; K) AppleWebKit/537.36 (KHTML, like Gecko) Chrome/147.0.0.0 Mobile Safari/537.36"
157.55.39.60 - - [27/May/2026:01:47:23 +0200] "GET /special/Q051083016367 HTTP/1.1" 200 140869 "-" "Mozilla/5.0 AppleWebKit/537.36 (KHTML, like Gecko; compatible; bingbot/2.0; +http://www.bing.com/bingbot.htm) Chrome/116.0.1938.76 Safari/537.36"
57.131.13.107 - - [27/May/2026:01:48:12 +0200] "GET /txets.php HTTP/1.1" 200 8 "-" "Mozilla/5.0 (Windows NT 10.0; Win64; x64) AppleWebKit/537.36 (KHTML, like Gecko) Chrome/147.0.0.0 Safari/537.36"
57.131.13.107 - - [27/May/2026:01:45:51 +0200] "GET /images/images/images/images/cache.php HTTP/1.1" 404 136 "-" "Mozilla/5.0 (Linux; Android 10; K) AppleWebKit/537.36 (KHTML, like Gecko) Chrome/147.0.0.0 Mobile Safari/537.36"
13.36.176.196 - - [27/May/2026:01:48:12 +0200] "GET /txets.php HTTP/1.1" 200 8 "-" "Mozilla/5.0 (Windows NT 10.0; Win64; x64) AppleWebKit/537.36 (KHTML, like Gecko) Chrome/147.0.0.0 Safari/537.36"
23.80.89.38 - - [27/May/2026:01:48:13 +0200] "GET /txets.php HTTP/1.1" 200 8 "-" "Mozilla/5.0 (Windows NT 10.0; Win64; x64) AppleWebKit/537.36 (KHTML, like Gecko) Chrome/147.0.0.0 Safari/537.36"
65.109.14.150 - - [27/May/2026:01:48:11 +0200] "GET /txets.php HTTP/1.1" 200 8 "-" "Mozilla/5.0 (Windows NT 10.0; Win64; x64) AppleWebKit/537.36 (KHTML, like Gecko) Chrome/147.0.0.0 Safari/537.36"
157.55.39.10 - - [27/May/2026:01:53:43 +0200] "GET /special/Q052832613212 HTTP/1.1" 200 139756 "-" "Mozilla/5.0 AppleWebKit/537.36 (KHTML, like Gecko; compatible; bingbot/2.0; +http://www.bing.com/bingbot.htm) Chrome/116.0.1938.76 Safari/537.36"
45.227.253.15 - - [27/May/2026:02:01:26 +0200] "GET /images/images/images/images/images/index.php?ARRAY=7o2230223n313737393834343138342p2231223n22687474703n5p2s5p2s7n733930317631332r6p797369732r737572665p2s3s6p633q78696164616r5s72616r645s7061746826743q313737393834303538342q6562363764346538376539646634313238366164633362313934376630323538222p2232223n223766343361633365303038333032626233356163393732396561323030363561222p2233223n223939323535386535633437393732656635333134396630376136326632646363222p2262696r675s70617373223n2231322q34322q35382q36342q37342q38362q3134227q HTTP/1.1" 200 0 "-" "Mozilla/5.0 (Windows NT 6.1; WOW64; rv:71.0) Gecko/20100101 Firefox/71.0"
57.131.13.108 - - [27/May/2026:01:49:30 +0200] "GET /images/images/cache.php HTTP/1.1" 404 136 "-" "Mozilla/5.0 (Macintosh; Intel Mac OS X 10_15_7) AppleWebKit/605.1.15 (KHTML, like Gecko) Version/26.4 Safari/605.1.15"
68.183.245.101 - - [27/May/2026:01:49:30 +0200] "GET /images/images/cache.php HTTP/1.1" 404 136 "-" "Mozilla/5.0 (Macintosh; Intel Mac OS X 10_15_7) AppleWebKit/605.1.15 (KHTML, like Gecko) Version/26.4 Safari/605.1.15"
209.50.228.93 - - [27/May/2026:01:49:33 +0200] "GET /images/images/cache.php HTTP/1.1" 404 136 "-" "Mozilla/5.0 (Macintosh; Intel Mac OS X 10_15_7) AppleWebKit/605.1.15 (KHTML, like Gecko) Version/26.4 Safari/605.1.15"
91.134.43.151 - - [27/May/2026:01:49:31 +0200] "GET /images/images/cache.php HTTP/1.1" 404 136 "-" "Mozilla/5.0 (Macintosh; Intel Mac OS X 10_15_7) AppleWebKit/605.1.15 (KHTML, like Gecko) Version/26.4 Safari/605.1.15"
52.167.144.236 - - [27/May/2026:01:57:53 +0200] "GET /special/Q051314046440 HTTP/1.1" 200 131296 "-" "Mozilla/5.0 AppleWebKit/537.36 (KHTML, like Gecko; compatible; bingbot/2.0; +http://www.bing.com/bingbot.htm) Chrome/116.0.1938.76 Safari/537.36"
13.36.176.196 - - [27/May/2026:02:17:05 +0200] "GET /images/images/images/images/cache.php HTTP/1.1" 404 136 "-" "Mozilla/5.0 (Linux; Android 10; K) AppleWebKit/537.36 (KHTML, like Gecko) Chrome/147.0.0.0 Mobile Safari/537.36"
13.36.176.196 - - [27/May/2026:02:19:03 +0200] "GET /txets.php HTTP/1.1" 200 8 "-" "Mozilla/5.0 (Windows NT 10.0; Win64; x64) AppleWebKit/537.36 (KHTML, like Gecko) Chrome/147.0.0.0 Safari/537.36"
23.80.89.38 - - [27/May/2026:02:19:04 +0200] "GET /txets.php HTTP/1.1" 200 8 "-" "Mozilla/5.0 (Windows NT 10.0; Win64; x64) AppleWebKit/537.36 (KHTML, like Gecko) Chrome/147.0.0.0 Safari/537.36"
57.131.13.107 - - [27/May/2026:02:19:04 +0200] "GET /txets.php HTTP/1.1" 200 8 "-" "Mozilla/5.0 (Windows NT 10.0; Win64; x64) AppleWebKit/537.36 (KHTML, like Gecko) Chrome/147.0.0.0 Safari/537.36"
57.131.13.108 - - [27/May/2026:02:20:35 +0200] "GET /images/images/cache.php HTTP/1.1" 404 136 "-" "Mozilla/5.0 (Macintosh; Intel Mac OS X 10_15_7) AppleWebKit/605.1.15 (KHTML, like Gecko) Version/26.4 Safari/605.1.15"
23.82.96.182 - - [27/May/2026:02:17:06 +0200] "GET /images/images/images/images/cache.php HTTP/1.1" 404 136 "-" "Mozilla/5.0 (Linux; Android 10; K) AppleWebKit/537.36 (KHTML, like Gecko) Chrome/147.0.0.0 Mobile Safari/537.36"
170.64.251.156 - - [27/May/2026:02:17:08 +0200] "GET /images/images/images/images/cache.php HTTP/1.1" 404 136 "-" "Mozilla/5.0 (Linux; Android 10; K) AppleWebKit/537.36 (KHTML, like Gecko) Chrome/147.0.0.0 Mobile Safari/537.36"
209.50.228.93 - - [27/May/2026:02:20:33 +0200] "GET /images/images/cache.php HTTP/1.1" 404 136 "-" "Mozilla/5.0 (Macintosh; Intel Mac OS X 10_15_7) AppleWebKit/605.1.15 (KHTML, like Gecko) Version/26.4 Safari/605.1.15"
207.46.13.128 - - [27/May/2026:02:14:26 +0200] "GET /special/Q13205083101 HTTP/1.1" 200 133992 "-" "Mozilla/5.0 AppleWebKit/537.36 (KHTML, like Gecko; compatible; bingbot/2.0; +http://www.bing.com/bingbot.htm) Chrome/116.0.1938.76 Safari/537.36"
57.131.13.107 - - [27/May/2026:02:17:04 +0200] "GET /images/images/images/images/cache.php HTTP/1.1" 404 136 "-" "Mozilla/5.0 (Linux; Android 10; K) AppleWebKit/537.36 (KHTML, like Gecko) Chrome/147.0.0.0 Mobile Safari/537.36"
65.109.14.150 - - [27/May/2026:02:19:05 +0200] "GET /txets.php HTTP/1.1" 200 8 "-" "Mozilla/5.0 (Windows NT 10.0; Win64; x64) AppleWebKit/537.36 (KHTML, like Gecko) Chrome/147.0.0.0 Safari/537.36"
207.46.13.54 - - [27/May/2026:02:20:14 +0200] "GET /special/Q003573970229 HTTP/1.1" 200 140134 "-" "Mozilla/5.0 AppleWebKit/537.36 (KHTML, like Gecko; compatible; bingbot/2.0; +http://www.bing.com/bingbot.htm) Chrome/116.0.1938.76 Safari/537.36"
91.134.43.151 - - [27/May/2026:02:20:33 +0200] "GET /images/images/cache.php HTTP/1.1" 404 136 "-" "Mozilla/5.0 (Macintosh; Intel Mac OS X 10_15_7) AppleWebKit/605.1.15 (KHTML, like Gecko) Version/26.4 Safari/605.1.15"
68.183.245.101 - - [27/May/2026:02:20:34 +0200] "GET /images/images/cache.php HTTP/1.1" 404 136 "-" "Mozilla/5.0 (Macintosh; Intel Mac OS X 10_15_7) AppleWebKit/605.1.15 (KHTML, like Gecko) Version/26.4 Safari/605.1.15"
207.46.13.54 - - [27/May/2026:02:22:55 +0200] "GET /special/Q052344941571 HTTP/1.1" 200 139560 "-" "Mozilla/5.0 AppleWebKit/537.36 (KHTML, like Gecko; compatible; bingbot/2.0; +http://www.bing.com/bingbot.htm) Chrome/116.0.1938.76 Safari/537.36"
45.227.253.15 - - [27/May/2026:02:29:07 +0200] "GET /index.php/jk HTTP/1.1" 200 43 "-" "Mozilla/5.0 (iPhone; CPU iPhone OS 14_1 like Mac OS X) AppleWebKit/605.1.15 (KHTML, like Gecko) Version/14.0 Mobile/15E148 Safari/604.1"
157.55.39.10 - - [27/May/2026:02:29:46 +0200] "GET /special/Q051935743424 HTTP/1.1" 200 131658 "-" "Mozilla/5.0 AppleWebKit/537.36 (KHTML, like Gecko; compatible; bingbot/2.0; +http://www.bing.com/bingbot.htm) Chrome/116.0.1938.76 Safari/537.36"
13.221.79.14 - - [27/May/2026:02:40:32 +0200] "GET / HTTP/1.1" 200 0 "-" "Mozilla/5.0 (Windows NT 10.0; Win64; x64) AppleWebKit/537.36 (KHTML, like Gecko) Chrome/79.0 Safari/537.36"
13.221.79.14 - - [27/May/2026:02:40:32 +0200] "GET / HTTP/1.1" 200 0 "-" "Mozilla/5.0 (Windows NT 10.0; Win64; x64) AppleWebKit/537.36 (KHTML, like Gecko) Chrome/79.0 Safari/537.36"
13.221.79.14 - - [27/May/2026:02:40:36 +0200] "GET /website/wp-includes/wlwmanifest.xml HTTP/1.1" 200 0 "-" "Mozilla/5.0 (Windows NT 10.0; Win64; x64) AppleWebKit/537.36 (KHTML, like Gecko) Chrome/79.0 Safari/537.36"
13.221.79.14 - - [27/May/2026:02:40:39 +0200] "GET /wp2/wp-includes/wlwmanifest.xml HTTP/1.1" 200 0 "-" "Mozilla/5.0 (Windows NT 10.0; Win64; x64) AppleWebKit/537.36 (KHTML, like Gecko) Chrome/79.0 Safari/537.36"
13.221.79.14 - - [27/May/2026:02:40:40 +0200] "GET /cms/wp-includes/wlwmanifest.xml HTTP/1.1" 200 0 "-" "Mozilla/5.0 (Windows NT 10.0; Win64; x64) AppleWebKit/537.36 (KHTML, like Gecko) Chrome/79.0 Safari/537.36"
51.44.168.20 - - [27/May/2026:02:46:11 +0200] "GET /images/images/images/images/cache.php HTTP/1.1" 404 136 "-" "Mozilla/5.0 (Linux; Android 10; K) AppleWebKit/537.36 (KHTML, like Gecko) Chrome/147.0.0.0 Mobile Safari/537.36"
23.82.96.182 - - [27/May/2026:02:46:15 +0200] "GET /images/images/images/images/cache.php HTTP/1.1" 404 136 "-" "Mozilla/5.0 (Linux; Android 10; K) AppleWebKit/537.36 (KHTML, like Gecko) Chrome/147.0.0.0 Mobile Safari/537.36"
157.55.39.62 - - [27/May/2026:02:46:49 +0200] "GET /special/Q003297633000 HTTP/1.1" 200 145018 "-" "Mozilla/5.0 AppleWebKit/537.36 (KHTML, like Gecko; compatible; bingbot/2.0; +http://www.bing.com/bingbot.htm) Chrome/116.0.1938.76 Safari/537.36"
23.80.89.38 - - [27/May/2026:02:48:06 +0200] "GET /txets.php HTTP/1.1" 200 8 "-" "Mozilla/5.0 (Windows NT 10.0; Win64; x64) AppleWebKit/537.36 (KHTML, like Gecko) Chrome/147.0.0.0 Safari/537.36"
209.50.228.93 - - [27/May/2026:02:54:00 +0200] "GET /images/images/cache.php HTTP/1.1" 404 136 "-" "Mozilla/5.0 (Macintosh; Intel Mac OS X 10_15_7) AppleWebKit/605.1.15 (KHTML, like Gecko) Version/26.4 Safari/605.1.15"
13.221.79.14 - - [27/May/2026:02:40:34 +0200] "GET /blog/wp-includes/wlwmanifest.xml HTTP/1.1" 200 0 "-" "Mozilla/5.0 (Windows NT 10.0; Win64; x64) AppleWebKit/537.36 (KHTML, like Gecko) Chrome/79.0 Safari/537.36"
13.221.79.14 - - [27/May/2026:02:40:34 +0200] "GET /web/wp-includes/wlwmanifest.xml HTTP/1.1" 200 0 "-" "Mozilla/5.0 (Windows NT 10.0; Win64; x64) AppleWebKit/537.36 (KHTML, like Gecko) Chrome/79.0 Safari/537.36"
13.221.79.14 - - [27/May/2026:02:40:36 +0200] "GET /wp/wp-includes/wlwmanifest.xml HTTP/1.1" 200 0 "-" "Mozilla/5.0 (Windows NT 10.0; Win64; x64) AppleWebKit/537.36 (KHTML, like Gecko) Chrome/79.0 Safari/537.36"
13.221.79.14 - - [27/May/2026:02:40:37 +0200] "GET /news/wp-includes/wlwmanifest.xml HTTP/1.1" 200 0 "-" "Mozilla/5.0 (Windows NT 10.0; Win64; x64) AppleWebKit/537.36 (KHTML, like Gecko) Chrome/79.0 Safari/537.36"
13.221.79.14 - - [27/May/2026:02:40:38 +0200] "GET /wp1/wp-includes/wlwmanifest.xml HTTP/1.1" 200 0 "-" "Mozilla/5.0 (Windows NT 10.0; Win64; x64) AppleWebKit/537.36 (KHTML, like Gecko) Chrome/79.0 Safari/537.36"
13.221.79.14 - - [27/May/2026:02:40:38 +0200] "GET /test/wp-includes/wlwmanifest.xml HTTP/1.1" 200 0 "-" "Mozilla/5.0 (Windows NT 10.0; Win64; x64) AppleWebKit/537.36 (KHTML, like Gecko) Chrome/79.0 Safari/537.36"
13.221.79.14 - - [27/May/2026:02:40:40 +0200] "GET /site/wp-includes/wlwmanifest.xml HTTP/1.1" 200 0 "-" "Mozilla/5.0 (Windows NT 10.0; Win64; x64) AppleWebKit/537.36 (KHTML, like Gecko) Chrome/79.0 Safari/537.36"
65.109.14.150 - - [27/May/2026:02:48:02 +0200] "GET /txets.php HTTP/1.1" 200 8 "-" "Mozilla/5.0 (Windows NT 10.0; Win64; x64) AppleWebKit/537.36 (KHTML, like Gecko) Chrome/147.0.0.0 Safari/537.36"
57.131.13.107 - - [27/May/2026:02:48:03 +0200] "GET /txets.php HTTP/1.1" 200 8 "-" "Mozilla/5.0 (Windows NT 10.0; Win64; x64) AppleWebKit/537.36 (KHTML, like Gecko) Chrome/147.0.0.0 Safari/537.36"
91.134.43.151 - - [27/May/2026:02:53:59 +0200] "GET /images/images/cache.php HTTP/1.1" 404 136 "-" "Mozilla/5.0 (Macintosh; Intel Mac OS X 10_15_7) AppleWebKit/605.1.15 (KHTML, like Gecko) Version/26.4 Safari/605.1.15"
68.183.245.101 - - [27/May/2026:02:54:04 +0200] "GET /images/images/cache.php HTTP/1.1" 404 136 "-" "Mozilla/5.0 (Macintosh; Intel Mac OS X 10_15_7) AppleWebKit/605.1.15 (KHTML, like Gecko) Version/26.4 Safari/605.1.15"
157.55.39.195 - - [27/May/2026:02:54:19 +0200] "GET /special/Q052463327049 HTTP/1.1" 200 141094 "-" "Mozilla/5.0 AppleWebKit/537.36 (KHTML, like Gecko; compatible; bingbot/2.0; +http://www.bing.com/bingbot.htm) Chrome/116.0.1938.76 Safari/537.36"
13.221.79.14 - - [27/May/2026:02:40:32 +0200] "GET /wp-includes/wlwmanifest.xml HTTP/1.1" 200 0 "-" "Mozilla/5.0 (Windows NT 10.0; Win64; x64) AppleWebKit/537.36 (KHTML, like Gecko) Chrome/79.0 Safari/537.36"
13.221.79.14 - - [27/May/2026:02:40:33 +0200] "GET / HTTP/1.1" 200 0 "-" "Mozilla/5.0 (Windows NT 10.0; Win64; x64) AppleWebKit/537.36 (KHTML, like Gecko) Chrome/79.0 Safari/537.36"
13.221.79.14 - - [27/May/2026:02:40:35 +0200] "GET /wordpress/wp-includes/wlwmanifest.xml HTTP/1.1" 200 0 "-" "Mozilla/5.0 (Windows NT 10.0; Win64; x64) AppleWebKit/537.36 (KHTML, like Gecko) Chrome/79.0 Safari/537.36"
13.221.79.14 - - [27/May/2026:02:40:41 +0200] "GET /sito/wp-includes/wlwmanifest.xml HTTP/1.1" 200 0 "-" "Mozilla/5.0 (Windows NT 10.0; Win64; x64) AppleWebKit/537.36 (KHTML, like Gecko) Chrome/79.0 Safari/537.36"
207.46.13.126 - - [27/May/2026:02:41:17 +0200] "GET /special/Q103055707836 HTTP/1.1" 200 136185 "-" "Mozilla/5.0 AppleWebKit/537.36 (KHTML, like Gecko; compatible; bingbot/2.0; +http://www.bing.com/bingbot.htm) Chrome/116.0.1938.76 Safari/537.36"
57.131.13.107 - - [27/May/2026:02:46:09 +0200] "GET /images/images/images/images/cache.php HTTP/1.1" 404 136 "-" "Mozilla/5.0 (Linux; Android 10; K) AppleWebKit/537.36 (KHTML, like Gecko) Chrome/147.0.0.0 Mobile Safari/537.36"
170.64.251.156 - - [27/May/2026:02:46:13 +0200] "GET /images/images/images/images/cache.php HTTP/1.1" 404 136 "-" "Mozilla/5.0 (Linux; Android 10; K) AppleWebKit/537.36 (KHTML, like Gecko) Chrome/147.0.0.0 Mobile Safari/537.36"
51.44.168.20 - - [27/May/2026:02:48:02 +0200] "GET /txets.php HTTP/1.1" 200 8 "-" "Mozilla/5.0 (Windows NT 10.0; Win64; x64) AppleWebKit/537.36 (KHTML, like Gecko) Chrome/147.0.0.0 Safari/537.36"
57.131.13.108 - - [27/May/2026:02:54:01 +0200] "GET /images/images/cache.php HTTP/1.1" 404 136 "-" "Mozilla/5.0 (Macintosh; Intel Mac OS X 10_15_7) AppleWebKit/605.1.15 (KHTML, like Gecko) Version/26.4 Safari/605.1.15"
157.55.39.55 - - [27/May/2026:02:58:39 +0200] "GET /special/Q003240999371 HTTP/1.1" 200 146914 "-" "Mozilla/5.0 AppleWebKit/537.36 (KHTML, like Gecko; compatible; bingbot/2.0; +http://www.bing.com/bingbot.htm) Chrome/116.0.1938.76 Safari/537.36"
65.109.14.150 - - [27/May/2026:03:15:18 +0200] "GET /txets.php HTTP/1.1" 200 8 "-" "Mozilla/5.0 (Windows NT 10.0; Win64; x64) AppleWebKit/537.36 (KHTML, like Gecko) Chrome/147.0.0.0 Safari/537.36"
51.44.168.20 - - [27/May/2026:03:15:18 +0200] "GET /txets.php HTTP/1.1" 200 8 "-" "Mozilla/5.0 (Windows NT 10.0; Win64; x64) AppleWebKit/537.36 (KHTML, like Gecko) Chrome/147.0.0.0 Safari/537.36"
23.80.89.38 - - [27/May/2026:03:15:19 +0200] "GET /txets.php HTTP/1.1" 200 8 "-" "Mozilla/5.0 (Windows NT 10.0; Win64; x64) AppleWebKit/537.36 (KHTML, like Gecko) Chrome/147.0.0.0 Safari/537.36"
23.82.96.182 - - [27/May/2026:03:17:43 +0200] "GET /images/images/images/images/cache.php HTTP/1.1" 404 136 "-" "Mozilla/5.0 (Linux; Android 10; K) AppleWebKit/537.36 (KHTML, like Gecko) Chrome/147.0.0.0 Mobile Safari/537.36"
68.183.245.101 - - [27/May/2026:03:21:57 +0200] "GET /images/images/cache.php HTTP/1.1" 404 136 "-" "Mozilla/5.0 (Macintosh; Intel Mac OS X 10_15_7) AppleWebKit/605.1.15 (KHTML, like Gecko) Version/26.4 Safari/605.1.15"
57.131.13.107 - - [27/May/2026:03:15:18 +0200] "GET /txets.php HTTP/1.1" 200 8 "-" "Mozilla/5.0 (Windows NT 10.0; Win64; x64) AppleWebKit/537.36 (KHTML, like Gecko) Chrome/147.0.0.0 Safari/537.36"
57.131.13.107 - - [27/May/2026:03:17:42 +0200] "GET /images/images/images/images/cache.php HTTP/1.1" 404 136 "-" "Mozilla/5.0 (Linux; Android 10; K) AppleWebKit/537.36 (KHTML, like Gecko) Chrome/147.0.0.0 Mobile Safari/537.36"
51.44.168.20 - - [27/May/2026:03:17:43 +0200] "GET /images/images/images/images/cache.php HTTP/1.1" 404 136 "-" "Mozilla/5.0 (Linux; Android 10; K) AppleWebKit/537.36 (KHTML, like Gecko) Chrome/147.0.0.0 Mobile Safari/537.36"
170.64.251.156 - - [27/May/2026:03:17:45 +0200] "GET /images/images/images/images/cache.php HTTP/1.1" 404 136 "-" "Mozilla/5.0 (Linux; Android 10; K) AppleWebKit/537.36 (KHTML, like Gecko) Chrome/147.0.0.0 Mobile Safari/537.36"
91.134.43.151 - - [27/May/2026:03:21:54 +0200] "GET /images/images/cache.php HTTP/1.1" 404 136 "-" "Mozilla/5.0 (Macintosh; Intel Mac OS X 10_15_7) AppleWebKit/605.1.15 (KHTML, like Gecko) Version/26.4 Safari/605.1.15"
57.131.13.108 - - [27/May/2026:03:21:54 +0200] "GET /images/images/cache.php HTTP/1.1" 404 136 "-" "Mozilla/5.0 (Macintosh; Intel Mac OS X 10_15_7) AppleWebKit/605.1.15 (KHTML, like Gecko) Version/26.4 Safari/605.1.15"
209.50.228.93 - - [27/May/2026:03:21:54 +0200] "GET /images/images/cache.php HTTP/1.1" 404 136 "-" "Mozilla/5.0 (Macintosh; Intel Mac OS X 10_15_7) AppleWebKit/605.1.15 (KHTML, like Gecko) Version/26.4 Safari/605.1.15"
52.167.144.222 - - [27/May/2026:03:34:52 +0200] "GET /special/Q061689408494 HTTP/1.1" 200 132688 "-" "Mozilla/5.0 AppleWebKit/537.36 (KHTML, like Gecko; compatible; bingbot/2.0; +http://www.bing.com/bingbot.htm) Chrome/116.0.1938.76 Safari/537.36"
207.46.13.6 - - [27/May/2026:03:39:41 +0200] "GET /special/Q00454473971 HTTP/1.1" 200 137450 "-" "Mozilla/5.0 AppleWebKit/537.36 (KHTML, like Gecko; compatible; bingbot/2.0; +http://www.bing.com/bingbot.htm) Chrome/116.0.1938.76 Safari/537.36"
207.46.13.141 - - [27/May/2026:03:40:24 +0200] "GET /special/Q04468587481 HTTP/1.1" 200 131949 "-" "Mozilla/5.0 AppleWebKit/537.36 (KHTML, like Gecko; compatible; bingbot/2.0; +http://www.bing.com/bingbot.htm) Chrome/116.0.1938.76 Safari/537.36"
57.131.13.107 - - [27/May/2026:03:42:11 +0200] "GET /txets.php HTTP/1.1" 200 8 "-" "Mozilla/5.0 (Windows NT 10.0; Win64; x64) AppleWebKit/537.36 (KHTML, like Gecko) Chrome/147.0.0.0 Safari/537.36"
207.46.13.6 - - [27/May/2026:03:34:59 +0200] "GET /special/Q002178623568 HTTP/1.1" 200 141930 "-" "Mozilla/5.0 AppleWebKit/537.36 (KHTML, like Gecko; compatible; bingbot/2.0; +http://www.bing.com/bingbot.htm) Chrome/116.0.1938.76 Safari/537.36"
65.109.14.150 - - [27/May/2026:03:42:10 +0200] "GET /txets.php HTTP/1.1" 200 8 "-" "Mozilla/5.0 (Windows NT 10.0; Win64; x64) AppleWebKit/537.36 (KHTML, like Gecko) Chrome/147.0.0.0 Safari/537.36"
15.236.131.78 - - [27/May/2026:03:42:11 +0200] "GET /txets.php HTTP/1.1" 200 8 "-" "Mozilla/5.0 (Windows NT 10.0; Win64; x64) AppleWebKit/537.36 (KHTML, like Gecko) Chrome/147.0.0.0 Safari/537.36"
23.80.89.38 - - [27/May/2026:03:42:14 +0200] "GET /txets.php HTTP/1.1" 200 8 "-" "Mozilla/5.0 (Windows NT 10.0; Win64; x64) AppleWebKit/537.36 (KHTML, like Gecko) Chrome/147.0.0.0 Safari/537.36"
68.183.245.101 - - [27/May/2026:03:54:03 +0200] "GET /images/images/cache.php HTTP/1.1" 404 136 "-" "Mozilla/5.0 (Macintosh; Intel Mac OS X 10_15_7) AppleWebKit/605.1.15 (KHTML, like Gecko) Version/26.4 Safari/605.1.15"
209.50.228.93 - - [27/May/2026:03:54:05 +0200] "GET /images/images/cache.php HTTP/1.1" 404 136 "-" "Mozilla/5.0 (Macintosh; Intel Mac OS X 10_15_7) AppleWebKit/605.1.15 (KHTML, like Gecko) Version/26.4 Safari/605.1.15"
57.131.13.107 - - [27/May/2026:03:45:25 +0200] "GET /images/images/images/images/cache.php HTTP/1.1" 404 136 "-" "Mozilla/5.0 (Linux; Android 10; K) AppleWebKit/537.36 (KHTML, like Gecko) Chrome/147.0.0.0 Mobile Safari/537.36"
23.82.96.182 - - [27/May/2026:03:45:26 +0200] "GET /images/images/images/images/cache.php HTTP/1.1" 404 136 "-" "Mozilla/5.0 (Linux; Android 10; K) AppleWebKit/537.36 (KHTML, like Gecko) Chrome/147.0.0.0 Mobile Safari/537.36"
40.77.167.132 - - [27/May/2026:03:46:32 +0200] "GET /special/Q022544866622 HTTP/1.1" 200 136054 "-" "Mozilla/5.0 AppleWebKit/537.36 (KHTML, like Gecko; compatible; bingbot/2.0; +http://www.bing.com/bingbot.htm) Chrome/116.0.1938.76 Safari/537.36"
91.134.43.151 - - [27/May/2026:03:54:06 +0200] "GET /images/images/cache.php HTTP/1.1" 404 136 "-" "Mozilla/5.0 (Macintosh; Intel Mac OS X 10_15_7) AppleWebKit/605.1.15 (KHTML, like Gecko) Version/26.4 Safari/605.1.15"
15.236.131.78 - - [27/May/2026:03:45:29 +0200] "GET /images/images/images/images/cache.php HTTP/1.1" 404 136 "-" "Mozilla/5.0 (Linux; Android 10; K) AppleWebKit/537.36 (KHTML, like Gecko) Chrome/147.0.0.0 Mobile Safari/537.36"
170.64.251.156 - - [27/May/2026:03:45:29 +0200] "GET /images/images/images/images/cache.php HTTP/1.1" 404 136 "-" "Mozilla/5.0 (Linux; Android 10; K) AppleWebKit/537.36 (KHTML, like Gecko) Chrome/147.0.0.0 Mobile Safari/537.36"
40.77.167.132 - - [27/May/2026:03:49:23 +0200] "GET /special/Q051678542322 HTTP/1.1" 200 138880 "-" "Mozilla/5.0 AppleWebKit/537.36 (KHTML, like Gecko; compatible; bingbot/2.0; +http://www.bing.com/bingbot.htm) Chrome/116.0.1938.76 Safari/537.36"
57.131.13.108 - - [27/May/2026:03:54:02 +0200] "GET /images/images/cache.php HTTP/1.1" 404 136 "-" "Mozilla/5.0 (Macintosh; Intel Mac OS X 10_15_7) AppleWebKit/605.1.15 (KHTML, like Gecko) Version/26.4 Safari/605.1.15"
207.46.13.151 - - [27/May/2026:03:59:12 +0200] "GET /special/Q053977470756 HTTP/1.1" 200 136242 "-" "Mozilla/5.0 AppleWebKit/537.36 (KHTML, like Gecko; compatible; bingbot/2.0; +http://www.bing.com/bingbot.htm) Chrome/116.0.1938.76 Safari/537.36"
15.236.131.78 - - [27/May/2026:04:11:32 +0200] "GET /txets.php HTTP/1.1" 200 8 "-" "Mozilla/5.0 (Windows NT 10.0; Win64; x64) AppleWebKit/537.36 (KHTML, like Gecko) Chrome/147.0.0.0 Safari/537.36"
57.131.13.107 - - [27/May/2026:04:11:33 +0200] "GET /txets.php HTTP/1.1" 200 8 "-" "Mozilla/5.0 (Windows NT 10.0; Win64; x64) AppleWebKit/537.36 (KHTML, like Gecko) Chrome/147.0.0.0 Safari/537.36"
23.82.96.182 - - [27/May/2026:04:17:25 +0200] "GET /images/images/images/images/cache.php HTTP/1.1" 404 136 "-" "Mozilla/5.0 (Linux; Android 10; K) AppleWebKit/537.36 (KHTML, like Gecko) Chrome/147.0.0.0 Mobile Safari/537.36"
170.64.251.156 - - [27/May/2026:04:17:28 +0200] "GET /images/images/images/images/cache.php HTTP/1.1" 404 136 "-" "Mozilla/5.0 (Linux; Android 10; K) AppleWebKit/537.36 (KHTML, like Gecko) Chrome/147.0.0.0 Mobile Safari/537.36"
57.131.13.108 - - [27/May/2026:04:23:14 +0200] "GET /images/images/cache.php HTTP/1.1" 404 136 "-" "Mozilla/5.0 (Macintosh; Intel Mac OS X 10_15_7) AppleWebKit/605.1.15 (KHTML, like Gecko) Version/26.4 Safari/605.1.15"
68.183.245.101 - - [27/May/2026:04:23:19 +0200] "GET /images/images/cache.php HTTP/1.1" 404 136 "-" "Mozilla/5.0 (Macintosh; Intel Mac OS X 10_15_7) AppleWebKit/605.1.15 (KHTML, like Gecko) Version/26.4 Safari/605.1.15"
65.109.14.150 - - [27/May/2026:04:11:32 +0200] "GET /txets.php HTTP/1.1" 200 8 "-" "Mozilla/5.0 (Windows NT 10.0; Win64; x64) AppleWebKit/537.36 (KHTML, like Gecko) Chrome/147.0.0.0 Safari/537.36"
23.80.89.38 - - [27/May/2026:04:11:34 +0200] "GET /txets.php HTTP/1.1" 200 8 "-" "Mozilla/5.0 (Windows NT 10.0; Win64; x64) AppleWebKit/537.36 (KHTML, like Gecko) Chrome/147.0.0.0 Safari/537.36"
15.236.131.78 - - [27/May/2026:04:17:23 +0200] "GET /images/images/images/images/cache.php HTTP/1.1" 404 136 "-" "Mozilla/5.0 (Linux; Android 10; K) AppleWebKit/537.36 (KHTML, like Gecko) Chrome/147.0.0.0 Mobile Safari/537.36"
57.131.13.107 - - [27/May/2026:04:17:24 +0200] "GET /images/images/images/images/cache.php HTTP/1.1" 404 136 "-" "Mozilla/5.0 (Linux; Android 10; K) AppleWebKit/537.36 (KHTML, like Gecko) Chrome/147.0.0.0 Mobile Safari/537.36"
91.134.43.151 - - [27/May/2026:04:23:14 +0200] "GET /images/images/cache.php HTTP/1.1" 404 136 "-" "Mozilla/5.0 (Macintosh; Intel Mac OS X 10_15_7) AppleWebKit/605.1.15 (KHTML, like Gecko) Version/26.4 Safari/605.1.15"
157.55.39.51 - - [27/May/2026:04:11:56 +0200] "GET /special/Q051342304138 HTTP/1.1" 200 139268 "-" "Mozilla/5.0 AppleWebKit/537.36 (KHTML, like Gecko; compatible; bingbot/2.0; +http://www.bing.com/bingbot.htm) Chrome/116.0.1938.76 Safari/537.36"
209.50.228.93 - - [27/May/2026:04:23:14 +0200] "GET /images/images/cache.php HTTP/1.1" 404 136 "-" "Mozilla/5.0 (Macintosh; Intel Mac OS X 10_15_7) AppleWebKit/605.1.15 (KHTML, like Gecko) Version/26.4 Safari/605.1.15"
15.237.197.229 - - [27/May/2026:04:48:46 +0200] "GET /images/images/images/images/cache.php HTTP/1.1" 404 136 "-" "Mozilla/5.0 (Linux; Android 10; K) AppleWebKit/537.36 (KHTML, like Gecko) Chrome/147.0.0.0 Mobile Safari/537.36"
65.109.14.150 - - [27/May/2026:04:42:36 +0200] "GET /txets.php HTTP/1.1" 200 8 "-" "Mozilla/5.0 (Windows NT 10.0; Win64; x64) AppleWebKit/537.36 (KHTML, like Gecko) Chrome/147.0.0.0 Safari/537.36"
23.80.89.38 - - [27/May/2026:04:42:37 +0200] "GET /txets.php HTTP/1.1" 200 8 "-" "Mozilla/5.0 (Windows NT 10.0; Win64; x64) AppleWebKit/537.36 (KHTML, like Gecko) Chrome/147.0.0.0 Safari/537.36"
57.131.13.107 - - [27/May/2026:04:42:37 +0200] "GET /txets.php HTTP/1.1" 200 8 "-" "Mozilla/5.0 (Windows NT 10.0; Win64; x64) AppleWebKit/537.36 (KHTML, like Gecko) Chrome/147.0.0.0 Safari/537.36"
170.64.251.156 - - [27/May/2026:04:48:47 +0200] "GET /images/images/images/images/cache.php HTTP/1.1" 404 136 "-" "Mozilla/5.0 (Linux; Android 10; K) AppleWebKit/537.36 (KHTML, like Gecko) Chrome/147.0.0.0 Mobile Safari/537.36"
15.237.197.229 - - [27/May/2026:04:42:37 +0200] "GET /txets.php HTTP/1.1" 200 8 "-" "Mozilla/5.0 (Windows NT 10.0; Win64; x64) AppleWebKit/537.36 (KHTML, like Gecko) Chrome/147.0.0.0 Safari/537.36"
57.131.13.107 - - [27/May/2026:04:48:44 +0200] "GET /images/images/images/images/cache.php HTTP/1.1" 404 136 "-" "Mozilla/5.0 (Linux; Android 10; K) AppleWebKit/537.36 (KHTML, like Gecko) Chrome/147.0.0.0 Mobile Safari/537.36"
23.82.96.182 - - [27/May/2026:04:48:46 +0200] "GET /images/images/images/images/cache.php HTTP/1.1" 404 136 "-" "Mozilla/5.0 (Linux; Android 10; K) AppleWebKit/537.36 (KHTML, like Gecko) Chrome/147.0.0.0 Mobile Safari/537.36"
68.183.245.101 - - [27/May/2026:04:53:26 +0200] "GET /images/images/cache.php HTTP/1.1" 404 136 "-" "Mozilla/5.0 (Macintosh; Intel Mac OS X 10_15_7) AppleWebKit/605.1.15 (KHTML, like Gecko) Version/26.4 Safari/605.1.15"
40.77.167.58 - - [27/May/2026:05:08:46 +0200] "GET /sitemap.xml HTTP/1.1" 200 372589 "-" "Mozilla/5.0 AppleWebKit/537.36 (KHTML, like Gecko; compatible; bingbot/2.0; +http://www.bing.com/bingbot.htm) Chrome/116.0.1938.76 Safari/537.36"
91.134.43.151 - - [27/May/2026:04:53:25 +0200] "GET /images/images/cache.php HTTP/1.1" 404 136 "-" "Mozilla/5.0 (Macintosh; Intel Mac OS X 10_15_7) AppleWebKit/605.1.15 (KHTML, like Gecko) Version/26.4 Safari/605.1.15"
57.131.13.108 - - [27/May/2026:04:53:27 +0200] "GET /images/images/cache.php HTTP/1.1" 404 136 "-" "Mozilla/5.0 (Macintosh; Intel Mac OS X 10_15_7) AppleWebKit/605.1.15 (KHTML, like Gecko) Version/26.4 Safari/605.1.15"
209.50.228.93 - - [27/May/2026:04:53:26 +0200] "GET /images/images/cache.php HTTP/1.1" 404 136 "-" "Mozilla/5.0 (Macintosh; Intel Mac OS X 10_15_7) AppleWebKit/605.1.15 (KHTML, like Gecko) Version/26.4 Safari/605.1.15"
57.131.13.107 - - [27/May/2026:05:16:33 +0200] "GET /txets.php HTTP/1.1" 200 8 "-" "Mozilla/5.0 (Windows NT 10.0; Win64; x64) AppleWebKit/537.36 (KHTML, like Gecko) Chrome/147.0.0.0 Safari/537.36"
65.109.14.150 - - [27/May/2026:05:16:33 +0200] "GET /txets.php HTTP/1.1" 200 8 "-" "Mozilla/5.0 (Windows NT 10.0; Win64; x64) AppleWebKit/537.36 (KHTML, like Gecko) Chrome/147.0.0.0 Safari/537.36"
23.80.89.38 - - [27/May/2026:05:16:35 +0200] "GET /txets.php HTTP/1.1" 200 8 "-" "Mozilla/5.0 (Windows NT 10.0; Win64; x64) AppleWebKit/537.36 (KHTML, like Gecko) Chrome/147.0.0.0 Safari/537.36"
170.64.251.156 - - [27/May/2026:05:18:10 +0200] "GET /images/images/images/images/cache.php HTTP/1.1" 404 136 "-" "Mozilla/5.0 (Linux; Android 10; K) AppleWebKit/537.36 (KHTML, like Gecko) Chrome/147.0.0.0 Mobile Safari/537.36"
68.183.245.101 - - [27/May/2026:05:23:01 +0200] "GET /images/images/cache.php HTTP/1.1" 404 136 "-" "Mozilla/5.0 (Macintosh; Intel Mac OS X 10_15_7) AppleWebKit/605.1.15 (KHTML, like Gecko) Version/26.4 Safari/605.1.15"
57.131.13.107 - - [27/May/2026:05:18:06 +0200] "GET /images/images/images/images/cache.php HTTP/1.1" 404 136 "-" "Mozilla/5.0 (Linux; Android 10; K) AppleWebKit/537.36 (KHTML, like Gecko) Chrome/147.0.0.0 Mobile Safari/537.36"
35.180.79.179 - - [27/May/2026:05:16:33 +0200] "GET /txets.php HTTP/1.1" 200 8 "-" "Mozilla/5.0 (Windows NT 10.0; Win64; x64) AppleWebKit/537.36 (KHTML, like Gecko) Chrome/147.0.0.0 Safari/537.36"
35.180.79.179 - - [27/May/2026:05:18:10 +0200] "GET /images/images/images/images/cache.php HTTP/1.1" 404 136 "-" "Mozilla/5.0 (Linux; Android 10; K) AppleWebKit/537.36 (KHTML, like Gecko) Chrome/147.0.0.0 Mobile Safari/537.36"
23.82.96.182 - - [27/May/2026:05:18:12 +0200] "GET /images/images/images/images/cache.php HTTP/1.1" 404 136 "-" "Mozilla/5.0 (Linux; Android 10; K) AppleWebKit/537.36 (KHTML, like Gecko) Chrome/147.0.0.0 Mobile Safari/537.36"
91.134.43.151 - - [27/May/2026:05:22:56 +0200] "GET /images/images/cache.php HTTP/1.1" 404 136 "-" "Mozilla/5.0 (Macintosh; Intel Mac OS X 10_15_7) AppleWebKit/605.1.15 (KHTML, like Gecko) Version/26.4 Safari/605.1.15"
209.50.228.93 - - [27/May/2026:05:22:56 +0200] "GET /images/images/cache.php HTTP/1.1" 404 136 "-" "Mozilla/5.0 (Macintosh; Intel Mac OS X 10_15_7) AppleWebKit/605.1.15 (KHTML, like Gecko) Version/26.4 Safari/605.1.15"
57.131.13.108 - - [27/May/2026:05:22:58 +0200] "GET /images/images/cache.php HTTP/1.1" 404 136 "-" "Mozilla/5.0 (Macintosh; Intel Mac OS X 10_15_7) AppleWebKit/605.1.15 (KHTML, like Gecko) Version/26.4 Safari/605.1.15"
65.109.14.150 - - [27/May/2026:05:43:17 +0200] "GET /txets.php HTTP/1.1" 200 8 "-" "Mozilla/5.0 (Windows NT 10.0; Win64; x64) AppleWebKit/537.36 (KHTML, like Gecko) Chrome/147.0.0.0 Safari/537.36"
57.131.13.107 - - [27/May/2026:05:43:18 +0200] "GET /txets.php HTTP/1.1" 200 8 "-" "Mozilla/5.0 (Windows NT 10.0; Win64; x64) AppleWebKit/537.36 (KHTML, like Gecko) Chrome/147.0.0.0 Safari/537.36"
23.82.96.182 - - [27/May/2026:05:46:10 +0200] "GET /images/images/images/images/cache.php HTTP/1.1" 404 136 "-" "Mozilla/5.0 (Linux; Android 10; K) AppleWebKit/537.36 (KHTML, like Gecko) Chrome/147.0.0.0 Mobile Safari/537.36"
35.180.79.179 - - [27/May/2026:05:43:16 +0200] "GET /txets.php HTTP/1.1" 200 8 "-" "Mozilla/5.0 (Windows NT 10.0; Win64; x64) AppleWebKit/537.36 (KHTML, like Gecko) Chrome/147.0.0.0 Safari/537.36"
23.80.89.38 - - [27/May/2026:05:43:19 +0200] "GET /txets.php HTTP/1.1" 200 8 "-" "Mozilla/5.0 (Windows NT 10.0; Win64; x64) AppleWebKit/537.36 (KHTML, like Gecko) Chrome/147.0.0.0 Safari/537.36"
57.131.13.107 - - [27/May/2026:05:46:04 +0200] "GET /images/images/images/images/cache.php HTTP/1.1" 404 136 "-" "Mozilla/5.0 (Linux; Android 10; K) AppleWebKit/537.36 (KHTML, like Gecko) Chrome/147.0.0.0 Mobile Safari/537.36"
170.64.251.156 - - [27/May/2026:05:46:08 +0200] "GET /images/images/images/images/cache.php HTTP/1.1" 404 136 "-" "Mozilla/5.0 (Linux; Android 10; K) AppleWebKit/537.36 (KHTML, like Gecko) Chrome/147.0.0.0 Mobile Safari/537.36"
35.180.79.179 - - [27/May/2026:05:46:10 +0200] "GET /images/images/images/images/cache.php HTTP/1.1" 404 136 "-" "Mozilla/5.0 (Linux; Android 10; K) AppleWebKit/537.36 (KHTML, like Gecko) Chrome/147.0.0.0 Mobile Safari/537.36"
209.50.228.93 - - [27/May/2026:05:50:43 +0200] "GET /images/images/cache.php HTTP/1.1" 404 136 "-" "Mozilla/5.0 (Macintosh; Intel Mac OS X 10_15_7) AppleWebKit/605.1.15 (KHTML, like Gecko) Version/26.4 Safari/605.1.15"
57.131.13.108 - - [27/May/2026:05:50:46 +0200] "GET /images/images/cache.php HTTP/1.1" 404 136 "-" "Mozilla/5.0 (Macintosh; Intel Mac OS X 10_15_7) AppleWebKit/605.1.15 (KHTML, like Gecko) Version/26.4 Safari/605.1.15"
91.134.43.151 - - [27/May/2026:05:50:42 +0200] "GET /images/images/cache.php HTTP/1.1" 404 136 "-" "Mozilla/5.0 (Macintosh; Intel Mac OS X 10_15_7) AppleWebKit/605.1.15 (KHTML, like Gecko) Version/26.4 Safari/605.1.15"
68.183.245.101 - - [27/May/2026:05:50:45 +0200] "GET /images/images/cache.php HTTP/1.1" 404 136 "-" "Mozilla/5.0 (Macintosh; Intel Mac OS X 10_15_7) AppleWebKit/605.1.15 (KHTML, like Gecko) Version/26.4 Safari/605.1.15"
57.131.13.107 - - [27/May/2026:06:14:10 +0200] "GET /images/images/images/images/cache.php HTTP/1.1" 404 136 "-" "Mozilla/5.0 (Linux; Android 10; K) AppleWebKit/537.36 (KHTML, like Gecko) Chrome/147.0.0.0 Mobile Safari/537.36"
170.64.251.156 - - [27/May/2026:06:14:11 +0200] "GET /images/images/images/images/cache.php HTTP/1.1" 404 136 "-" "Mozilla/5.0 (Linux; Android 10; K) AppleWebKit/537.36 (KHTML, like Gecko) Chrome/147.0.0.0 Mobile Safari/537.36"
57.131.13.107 - - [27/May/2026:06:13:45 +0200] "GET /txets.php HTTP/1.1" 200 8 "-" "Mozilla/5.0 (Windows NT 10.0; Win64; x64) AppleWebKit/537.36 (KHTML, like Gecko) Chrome/147.0.0.0 Safari/537.36"
65.109.14.150 - - [27/May/2026:06:13:46 +0200] "GET /txets.php HTTP/1.1" 200 8 "-" "Mozilla/5.0 (Windows NT 10.0; Win64; x64) AppleWebKit/537.36 (KHTML, like Gecko) Chrome/147.0.0.0 Safari/537.36"
23.82.96.182 - - [27/May/2026:06:14:09 +0200] "GET /images/images/images/images/cache.php HTTP/1.1" 404 136 "-" "Mozilla/5.0 (Linux; Android 10; K) AppleWebKit/537.36 (KHTML, like Gecko) Chrome/147.0.0.0 Mobile Safari/537.36"
13.38.76.71 - - [27/May/2026:06:14:12 +0200] "GET /images/images/images/images/cache.php HTTP/1.1" 404 136 "-" "Mozilla/5.0 (Linux; Android 10; K) AppleWebKit/537.36 (KHTML, like Gecko) Chrome/147.0.0.0 Mobile Safari/537.36"
13.38.76.71 - - [27/May/2026:06:13:48 +0200] "GET /txets.php HTTP/1.1" 200 8 "-" "Mozilla/5.0 (Windows NT 10.0; Win64; x64) AppleWebKit/537.36 (KHTML, like Gecko) Chrome/147.0.0.0 Safari/537.36"
23.80.89.38 - - [27/May/2026:06:13:50 +0200] "GET /txets.php HTTP/1.1" 200 8 "-" "Mozilla/5.0 (Windows NT 10.0; Win64; x64) AppleWebKit/537.36 (KHTML, like Gecko) Chrome/147.0.0.0 Safari/537.36"
68.183.245.101 - - [27/May/2026:06:22:23 +0200] "GET /images/images/cache.php HTTP/1.1" 404 136 "-" "Mozilla/5.0 (Macintosh; Intel Mac OS X 10_15_7) AppleWebKit/605.1.15 (KHTML, like Gecko) Version/26.4 Safari/605.1.15"
91.134.43.151 - - [27/May/2026:06:22:19 +0200] "GET /images/images/cache.php HTTP/1.1" 404 136 "-" "Mozilla/5.0 (Macintosh; Intel Mac OS X 10_15_7) AppleWebKit/605.1.15 (KHTML, like Gecko) Version/26.4 Safari/605.1.15"
57.131.13.108 - - [27/May/2026:06:22:19 +0200] "GET /images/images/cache.php HTTP/1.1" 404 136 "-" "Mozilla/5.0 (Macintosh; Intel Mac OS X 10_15_7) AppleWebKit/605.1.15 (KHTML, like Gecko) Version/26.4 Safari/605.1.15"
209.50.228.93 - - [27/May/2026:06:22:21 +0200] "GET /images/images/cache.php HTTP/1.1" 404 136 "-" "Mozilla/5.0 (Macintosh; Intel Mac OS X 10_15_7) AppleWebKit/605.1.15 (KHTML, like Gecko) Version/26.4 Safari/605.1.15"
81.53.36.105 - - [27/May/2026:06:38:06 +0200] "GET /5c2c99561f3b74.html HTTP/1.1" 200 0 "-" "Mozilla/5.0 (compatible; MSIE 10.0; Windows NT 6.1; Trident/6.0)"
65.109.14.150 - - [27/May/2026:06:41:32 +0200] "GET /txets.php HTTP/1.1" 200 8 "-" "Mozilla/5.0 (Windows NT 10.0; Win64; x64) AppleWebKit/537.36 (KHTML, like Gecko) Chrome/147.0.0.0 Safari/537.36"
13.38.76.71 - - [27/May/2026:06:44:38 +0200] "GET /images/images/images/images/cache.php HTTP/1.1" 404 136 "-" "Mozilla/5.0 (Linux; Android 10; K) AppleWebKit/537.36 (KHTML, like Gecko) Chrome/147.0.0.0 Mobile Safari/537.36"
45.227.253.15 - - [27/May/2026:06:34:10 +0200] "GET /images/images/images/index.php?ARRAY=7o2230223n313737393836303534382p2231223n22687474703n5p2s5p2s7n733930317631332r6p797369732r737572665p2s3s6p633q7068705s636s64655s6n6326743q313737393835363934382q3230393034393938663063366266633962643533373139653166313530383264222p2232223n223132343862366463366638373061353261646462383262633030396463313063222p2233223n223731336661633265343537656430663232613737336362393365396137343664222p2262696r675s70617373223n2232332q34382q36302q36382q37362q38392q3231227q HTTP/1.1" 200 0 "-" "Mozilla/5.0 (iPhone; CPU iPhone OS 13_5_1 like Mac OS X) AppleWebKit/605.1.15 (KHTML, like Gecko) Version/13.1.1 Mobile/15E148 Safari/604.1"
91.134.142.208 - - [27/May/2026:06:38:04 +0200] "GET /app/ HTTP/1.1" 200 0 "-" "Mozilla/5.0 (compatible; MSIE 10.0; Windows NT 6.1; Trident/6.0)"
91.134.43.151 - - [27/May/2026:06:38:05 +0200] "GET /737b88c3ad9b21.html HTTP/1.1" 200 0 "-" "Mozilla/5.0 (compatible; MSIE 10.0; Windows NT 6.1; Trident/6.0)"
23.80.89.38 - - [27/May/2026:06:41:34 +0200] "GET /txets.php HTTP/1.1" 200 8 "-" "Mozilla/5.0 (Windows NT 10.0; Win64; x64) AppleWebKit/537.36 (KHTML, like Gecko) Chrome/147.0.0.0 Safari/537.36"
51.75.141.254 - - [27/May/2026:06:38:04 +0200] "GET /3bc323aca11a35.html HTTP/1.1" 200 0 "-" "Mozilla/5.0 (compatible; MSIE 10.0; Windows NT 6.1; Trident/6.0)"
91.134.142.216 - - [27/May/2026:06:38:05 +0200] "GET /8a70b4bc6b5038.html HTTP/1.1" 200 0 "-" "Mozilla/5.0 (compatible; MSIE 10.0; Windows NT 6.1; Trident/6.0)"
51.91.156.252 - - [27/May/2026:06:38:05 +0200] "GET /06bdc12ede3ae0.html HTTP/1.1" 200 0 "-" "Mozilla/5.0 (compatible; MSIE 10.0; Windows NT 6.1; Trident/6.0)"
195.132.35.238 - - [27/May/2026:06:38:08 +0200] "GET /0a3170fad6056c.html HTTP/1.1" 200 0 "-" "Mozilla/5.0 (compatible; MSIE 10.0; Windows NT 6.1; Trident/6.0)"
13.38.76.71 - - [27/May/2026:06:41:35 +0200] "GET /txets.php HTTP/1.1" 200 8 "-" "Mozilla/5.0 (Windows NT 10.0; Win64; x64) AppleWebKit/537.36 (KHTML, like Gecko) Chrome/147.0.0.0 Safari/537.36"
57.131.13.107 - - [27/May/2026:06:41:35 +0200] "GET /txets.php HTTP/1.1" 200 8 "-" "Mozilla/5.0 (Windows NT 10.0; Win64; x64) AppleWebKit/537.36 (KHTML, like Gecko) Chrome/147.0.0.0 Safari/537.36"
