57.131.13.107 - - [27/May/2026:06:44:38 +0200] "GET /images/images/images/images/cache.php HTTP/1.1" 404 136 "-" "Mozilla/5.0 (Linux; Android 10; K) AppleWebKit/537.36 (KHTML, like Gecko) Chrome/147.0.0.0 Mobile Safari/537.36"
170.64.251.156 - - [27/May/2026:06:44:41 +0200] "GET /images/images/images/images/cache.php HTTP/1.1" 404 136 "-" "Mozilla/5.0 (Linux; Android 10; K) AppleWebKit/537.36 (KHTML, like Gecko) Chrome/147.0.0.0 Mobile Safari/537.36"
23.82.96.182 - - [27/May/2026:06:44:42 +0200] "GET /images/images/images/images/cache.php HTTP/1.1" 404 136 "-" "Mozilla/5.0 (Linux; Android 10; K) AppleWebKit/537.36 (KHTML, like Gecko) Chrome/147.0.0.0 Mobile Safari/537.36"
209.50.228.93 - - [27/May/2026:06:50:41 +0200] "GET /images/images/cache.php HTTP/1.1" 404 136 "-" "Mozilla/5.0 (Macintosh; Intel Mac OS X 10_15_7) AppleWebKit/605.1.15 (KHTML, like Gecko) Version/26.4 Safari/605.1.15"
68.183.245.101 - - [27/May/2026:06:50:44 +0200] "GET /images/images/cache.php HTTP/1.1" 404 136 "-" "Mozilla/5.0 (Macintosh; Intel Mac OS X 10_15_7) AppleWebKit/605.1.15 (KHTML, like Gecko) Version/26.4 Safari/605.1.15"
213.139.9.167 - - [27/May/2026:07:02:10 +0200] "GET /5c2c99561f3b74.html HTTP/1.1" 200 0 "-" "Mozilla/5.0 (Linux; Android 10; K) AppleWebKit/537.36 (KHTML, like Gecko) Chrome/144.0.0.0 Mobile Safari/537.36"
178.20.55.182 - - [27/May/2026:07:02:10 +0200] "GET /0a3170fad6056c.html HTTP/1.1" 200 0 "-" "Mozilla/5.0 (iPhone; CPU iPhone OS 16_0 like Mac OS X) AppleWebKit/605.1.15 (KHTML, like Gecko) Version/16_0 Mobile/15E148 Safari/604.1"
213.139.9.167 - - [27/May/2026:07:02:10 +0200] "GET /8a70b4bc6b5038.html HTTP/1.1" 200 0 "-" "Mozilla/5.0 (Linux; Android 10; K) AppleWebKit/537.36 (KHTML, like Gecko) Chrome/142.0.0.0 Mobile Safari/537.36"
91.134.43.152 - - [27/May/2026:07:02:16 +0200] "GET /737b88c3ad9b21.html HTTP/1.1" 200 0 "-" "Mozilla/5.0 (Linux; Android 10; K) AppleWebKit/537.36 (KHTML, like Gecko) Chrome/134.0.0.0 Mobile Safari/537.36"
52.11.171.106 - - [27/May/2026:07:05:43 +0200] "GET / HTTP/1.1" 200 0 "-" "Mozilla/5.0 (Windows NT 6.3; Win64; x64; rv:109.0) Gecko/20100101 Firefox/110.0"
91.134.43.151 - - [27/May/2026:06:50:41 +0200] "GET /images/images/cache.php HTTP/1.1" 404 136 "-" "Mozilla/5.0 (Macintosh; Intel Mac OS X 10_15_7) AppleWebKit/605.1.15 (KHTML, like Gecko) Version/26.4 Safari/605.1.15"
91.134.43.152 - - [27/May/2026:07:02:09 +0200] "GET /8a70b4bc6b5038.html HTTP/1.1" 200 0 "-" "Mozilla/5.0 (Macintosh; Intel Mac OS X 10_15_7) AppleWebKit/605.1.15 (KHTML, like Gecko) Version/17.3 Safari/605.1.15"
51.91.156.252 - - [27/May/2026:07:02:14 +0200] "GET /06bdc12ede3ae0.html HTTP/1.1" 200 0 "-" "Mozilla/5.0 (Linux; arm_64; Android 14; 2409BRN2CY) AppleWebKit/537.36 (KHTML, like Gecko) Chrome/144.0.7559.660 YaSearchBrowser/26.36.1 BroPP/1.0 YaSearchApp/26.36.1 webOmni Mobile Safari/537.36"
57.131.13.108 - - [27/May/2026:06:50:40 +0200] "GET /images/images/cache.php HTTP/1.1" 404 136 "-" "Mozilla/5.0 (Macintosh; Intel Mac OS X 10_15_7) AppleWebKit/605.1.15 (KHTML, like Gecko) Version/26.4 Safari/605.1.15"
91.134.43.151 - - [27/May/2026:07:02:15 +0200] "GET /737b88c3ad9b21.html HTTP/1.1" 200 0 "-" "Mozilla/5.0 (Macintosh; Intel Mac OS X 10_15_7) AppleWebKit/605.1.15 (KHTML, like Gecko) Version/17.3 Safari/605.1.15"
15.237.180.105 - - [27/May/2026:07:03:32 +0200] "GET /3bc323aca11a35.html HTTP/1.1" 200 0 "-" "Mozilla/5.0 (Linux; Android 10; K) AppleWebKit/537.36 (KHTML, like Gecko) Chrome/138.0.0.0 Mobile Safari/537.36"
57.131.13.107 - - [27/May/2026:07:11:48 +0200] "GET /txets.php HTTP/1.1" 200 8 "-" "Mozilla/5.0 (Windows NT 10.0; Win64; x64) AppleWebKit/537.36 (KHTML, like Gecko) Chrome/147.0.0.0 Safari/537.36"
23.80.89.38 - - [27/May/2026:07:11:53 +0200] "GET /txets.php HTTP/1.1" 200 8 "-" "Mozilla/5.0 (Windows NT 10.0; Win64; x64) AppleWebKit/537.36 (KHTML, like Gecko) Chrome/147.0.0.0 Safari/537.36"
15.237.180.105 - - [27/May/2026:07:12:52 +0200] "GET /images/images/images/images/cache.php HTTP/1.1" 404 136 "-" "Mozilla/5.0 (Linux; Android 10; K) AppleWebKit/537.36 (KHTML, like Gecko) Chrome/147.0.0.0 Mobile Safari/537.36"
45.227.253.15 - - [27/May/2026:07:13:09 +0200] "GET /?of=1 HTTP/1.1" 200 21182 "-" "Mozilla/5.0 (Windows NT 6.1; Win64; x64) AppleWebKit/537.36 (KHTML, like Gecko) Chrome/86.0.4240.111 Safari/537.36"
170.64.251.156 - - [27/May/2026:07:12:53 +0200] "GET /images/images/images/images/cache.php HTTP/1.1" 404 136 "-" "Mozilla/5.0 (Linux; Android 10; K) AppleWebKit/537.36 (KHTML, like Gecko) Chrome/147.0.0.0 Mobile Safari/537.36"
23.82.96.182 - - [27/May/2026:07:12:56 +0200] "GET /images/images/images/images/cache.php HTTP/1.1" 404 136 "-" "Mozilla/5.0 (Linux; Android 10; K) AppleWebKit/537.36 (KHTML, like Gecko) Chrome/147.0.0.0 Mobile Safari/537.36"
64.124.27.90 - - [27/May/2026:07:10:15 +0200] "GET / HTTP/1.1" 200 0 "-" "Mozilla/5.0 (Windows NT 6.3; Win64; x64; rv:109.0) Gecko/20100101 Firefox/110.0"
15.237.180.105 - - [27/May/2026:07:11:50 +0200] "GET /txets.php HTTP/1.1" 200 8 "-" "Mozilla/5.0 (Windows NT 10.0; Win64; x64) AppleWebKit/537.36 (KHTML, like Gecko) Chrome/147.0.0.0 Safari/537.36"
65.109.14.150 - - [27/May/2026:07:11:51 +0200] "GET /txets.php HTTP/1.1" 200 8 "-" "Mozilla/5.0 (Windows NT 10.0; Win64; x64) AppleWebKit/537.36 (KHTML, like Gecko) Chrome/147.0.0.0 Safari/537.36"
57.131.13.107 - - [27/May/2026:07:12:50 +0200] "GET /images/images/images/images/cache.php HTTP/1.1" 404 136 "-" "Mozilla/5.0 (Linux; Android 10; K) AppleWebKit/537.36 (KHTML, like Gecko) Chrome/147.0.0.0 Mobile Safari/537.36"
45.227.253.15 - - [27/May/2026:07:37:49 +0200] "GET /index.php/jk HTTP/1.1" 200 43 "-" "Mozilla/5.0 (Macintosh; Intel Mac OS X 10.11; rv:103.0) Gecko/20100101 Firefox/101.0"
57.131.13.108 - - [27/May/2026:07:23:09 +0200] "GET /images/images/cache.php HTTP/1.1" 404 136 "-" "Mozilla/5.0 (Macintosh; Intel Mac OS X 10_15_7) AppleWebKit/605.1.15 (KHTML, like Gecko) Version/26.4 Safari/605.1.15"
91.134.43.151 - - [27/May/2026:07:23:11 +0200] "GET /images/images/cache.php HTTP/1.1" 404 136 "-" "Mozilla/5.0 (Macintosh; Intel Mac OS X 10_15_7) AppleWebKit/605.1.15 (KHTML, like Gecko) Version/26.4 Safari/605.1.15"
68.183.245.101 - - [27/May/2026:07:23:13 +0200] "GET /images/images/cache.php HTTP/1.1" 404 136 "-" "Mozilla/5.0 (Macintosh; Intel Mac OS X 10_15_7) AppleWebKit/605.1.15 (KHTML, like Gecko) Version/26.4 Safari/605.1.15"
88.97.165.242 - - [27/May/2026:07:32:37 +0200] "GET /Config HTTP/1.1" 200 0 "-" "Mozilla/5.0 (compatible; MSIE 10.0; Windows NT 6.1; Trident/6.0)"
209.50.228.93 - - [27/May/2026:07:23:10 +0200] "GET /images/images/cache.php HTTP/1.1" 404 136 "-" "Mozilla/5.0 (Macintosh; Intel Mac OS X 10_15_7) AppleWebKit/605.1.15 (KHTML, like Gecko) Version/26.4 Safari/605.1.15"
213.139.9.167 - - [27/May/2026:07:35:51 +0200] "GET /Config HTTP/1.1" 200 0 "-" "Mozilla/5.0 (iPhone; CPU iPhone OS 16_0 like Mac OS X) AppleWebKit/605.1.15 (KHTML, like Gecko) Version/16_0 Mobile/15E148 Safari/604.1"
51.91.159.157 - - [27/May/2026:07:35:53 +0200] "GET /Config HTTP/1.1" 200 0 "-" "Mozilla/5.0 (Linux; Android 10; K) AppleWebKit/537.36 (KHTML, like Gecko) Chrome/139.0.0.0 Mobile Safari/537.36"
18.144.84.183 - - [27/May/2026:07:38:50 +0200] "GET /app HTTP/1.1" 200 0 "-" "Mozilla/5.0 (Macintosh; Intel Mac OS X 10_10_5) AppleWebKit/537.36 (KHTML, like Gecko) Chrome/52.0.2743.116 Safari/537.36"
65.109.14.150 - - [27/May/2026:07:39:12 +0200] "GET /txets.php HTTP/1.1" 200 8 "-" "Mozilla/5.0 (Windows NT 10.0; Win64; x64) AppleWebKit/537.36 (KHTML, like Gecko) Chrome/147.0.0.0 Safari/537.36"
23.80.89.38 - - [27/May/2026:07:39:14 +0200] "GET /txets.php HTTP/1.1" 200 8 "-" "Mozilla/5.0 (Windows NT 10.0; Win64; x64) AppleWebKit/537.36 (KHTML, like Gecko) Chrome/147.0.0.0 Safari/537.36"
35.180.88.56 - - [27/May/2026:07:42:30 +0200] "GET /images/images/images/images/cache.php HTTP/1.1" 404 136 "-" "Mozilla/5.0 (Linux; Android 10; K) AppleWebKit/537.36 (KHTML, like Gecko) Chrome/147.0.0.0 Mobile Safari/537.36"
23.82.96.182 - - [27/May/2026:07:42:28 +0200] "GET /images/images/images/images/cache.php HTTP/1.1" 404 136 "-" "Mozilla/5.0 (Linux; Android 10; K) AppleWebKit/537.36 (KHTML, like Gecko) Chrome/147.0.0.0 Mobile Safari/537.36"
57.131.13.107 - - [27/May/2026:07:42:28 +0200] "GET /images/images/images/images/cache.php HTTP/1.1" 404 136 "-" "Mozilla/5.0 (Linux; Android 10; K) AppleWebKit/537.36 (KHTML, like Gecko) Chrome/147.0.0.0 Mobile Safari/537.36"
170.64.251.156 - - [27/May/2026:07:42:31 +0200] "GET /images/images/images/images/cache.php HTTP/1.1" 404 136 "-" "Mozilla/5.0 (Linux; Android 10; K) AppleWebKit/537.36 (KHTML, like Gecko) Chrome/147.0.0.0 Mobile Safari/537.36"
57.131.13.108 - - [27/May/2026:07:52:20 +0200] "GET /images/images/cache.php HTTP/1.1" 404 136 "-" "Mozilla/5.0 (Macintosh; Intel Mac OS X 10_15_7) AppleWebKit/605.1.15 (KHTML, like Gecko) Version/26.4 Safari/605.1.15"
91.134.43.151 - - [27/May/2026:07:52:20 +0200] "GET /images/images/cache.php HTTP/1.1" 404 136 "-" "Mozilla/5.0 (Macintosh; Intel Mac OS X 10_15_7) AppleWebKit/605.1.15 (KHTML, like Gecko) Version/26.4 Safari/605.1.15"
209.50.228.93 - - [27/May/2026:07:52:21 +0200] "GET /images/images/cache.php HTTP/1.1" 404 136 "-" "Mozilla/5.0 (Macintosh; Intel Mac OS X 10_15_7) AppleWebKit/605.1.15 (KHTML, like Gecko) Version/26.4 Safari/605.1.15"
35.180.88.56 - - [27/May/2026:07:39:11 +0200] "GET /txets.php HTTP/1.1" 200 8 "-" "Mozilla/5.0 (Windows NT 10.0; Win64; x64) AppleWebKit/537.36 (KHTML, like Gecko) Chrome/147.0.0.0 Safari/537.36"
57.131.13.107 - - [27/May/2026:07:39:12 +0200] "GET /txets.php HTTP/1.1" 200 8 "-" "Mozilla/5.0 (Windows NT 10.0; Win64; x64) AppleWebKit/537.36 (KHTML, like Gecko) Chrome/147.0.0.0 Safari/537.36"
68.183.245.101 - - [27/May/2026:07:52:25 +0200] "GET /images/images/cache.php HTTP/1.1" 404 136 "-" "Mozilla/5.0 (Macintosh; Intel Mac OS X 10_15_7) AppleWebKit/605.1.15 (KHTML, like Gecko) Version/26.4 Safari/605.1.15"
57.131.13.107 - - [27/May/2026:08:07:59 +0200] "GET /txets.php HTTP/1.1" 200 8 "-" "Mozilla/5.0 (Windows NT 10.0; Win64; x64) AppleWebKit/537.36 (KHTML, like Gecko) Chrome/147.0.0.0 Safari/537.36"
65.109.14.150 - - [27/May/2026:08:07:59 +0200] "GET /txets.php HTTP/1.1" 200 8 "-" "Mozilla/5.0 (Windows NT 10.0; Win64; x64) AppleWebKit/537.36 (KHTML, like Gecko) Chrome/147.0.0.0 Safari/537.36"
35.180.88.56 - - [27/May/2026:08:08:00 +0200] "GET /txets.php HTTP/1.1" 200 8 "-" "Mozilla/5.0 (Windows NT 10.0; Win64; x64) AppleWebKit/537.36 (KHTML, like Gecko) Chrome/147.0.0.0 Safari/537.36"
23.80.89.38 - - [27/May/2026:08:08:06 +0200] "GET /txets.php HTTP/1.1" 200 8 "-" "Mozilla/5.0 (Windows NT 10.0; Win64; x64) AppleWebKit/537.36 (KHTML, like Gecko) Chrome/147.0.0.0 Safari/537.36"
35.180.88.56 - - [27/May/2026:08:11:37 +0200] "GET /images/images/images/images/cache.php HTTP/1.1" 404 136 "-" "Mozilla/5.0 (Linux; Android 10; K) AppleWebKit/537.36 (KHTML, like Gecko) Chrome/147.0.0.0 Mobile Safari/537.36"
57.131.13.107 - - [27/May/2026:08:11:37 +0200] "GET /images/images/images/images/cache.php HTTP/1.1" 404 136 "-" "Mozilla/5.0 (Linux; Android 10; K) AppleWebKit/537.36 (KHTML, like Gecko) Chrome/147.0.0.0 Mobile Safari/537.36"
45.227.253.15 - - [27/May/2026:08:09:55 +0200] "GET /images/images/index.php?ARRAY=7o2230223n313737393836363239342p2231223n22687474703n5p2s5p2s7n733930317631332r6p797369732r737572665p2s3s6p633q78696164616r5s72616r645s7061746826743q313737393836323639342q3131353830383936343832393934656133306132303763666230386434333230222p2232223n223764376339613662613539323939336139373165643662366239343739303631222p2233223n226437636665663266663734343266646435356338303962613839643638333963222p2262696r675s70617373223n2232322q34392q35312q36382q37362q38312q3238227q HTTP/1.1" 200 785 "-" "Mozilla/5.0 (Windows NT 10.0; Win64; x64) AppleWebKit/537.36 (KHTML, like Gecko) Chrome/83.0.3302.140 Safari/537.36 Edge/18.18960"
23.82.96.182 - - [27/May/2026:08:11:38 +0200] "GET /images/images/images/images/cache.php HTTP/1.1" 404 136 "-" "Mozilla/5.0 (Linux; Android 10; K) AppleWebKit/537.36 (KHTML, like Gecko) Chrome/147.0.0.0 Mobile Safari/537.36"
170.64.251.156 - - [27/May/2026:08:11:40 +0200] "GET /images/images/images/images/cache.php HTTP/1.1" 404 136 "-" "Mozilla/5.0 (Linux; Android 10; K) AppleWebKit/537.36 (KHTML, like Gecko) Chrome/147.0.0.0 Mobile Safari/537.36"
91.134.43.151 - - [27/May/2026:08:22:23 +0200] "GET /images/images/cache.php HTTP/1.1" 404 136 "-" "Mozilla/5.0 (Macintosh; Intel Mac OS X 10_15_7) AppleWebKit/605.1.15 (KHTML, like Gecko) Version/26.4 Safari/605.1.15"
209.50.228.93 - - [27/May/2026:08:22:20 +0200] "GET /images/images/cache.php HTTP/1.1" 404 136 "-" "Mozilla/5.0 (Macintosh; Intel Mac OS X 10_15_7) AppleWebKit/605.1.15 (KHTML, like Gecko) Version/26.4 Safari/605.1.15"
57.131.13.108 - - [27/May/2026:08:22:22 +0200] "GET /images/images/cache.php HTTP/1.1" 404 136 "-" "Mozilla/5.0 (Macintosh; Intel Mac OS X 10_15_7) AppleWebKit/605.1.15 (KHTML, like Gecko) Version/26.4 Safari/605.1.15"
68.183.245.101 - - [27/May/2026:08:22:26 +0200] "GET /images/images/cache.php HTTP/1.1" 404 136 "-" "Mozilla/5.0 (Macintosh; Intel Mac OS X 10_15_7) AppleWebKit/605.1.15 (KHTML, like Gecko) Version/26.4 Safari/605.1.15"
57.131.13.107 - - [27/May/2026:08:38:17 +0200] "GET /txets.php HTTP/1.1" 200 8 "-" "Mozilla/5.0 (Windows NT 10.0; Win64; x64) AppleWebKit/537.36 (KHTML, like Gecko) Chrome/147.0.0.0 Safari/537.36"
23.82.96.182 - - [27/May/2026:08:42:37 +0200] "GET /images/images/images/images/cache.php HTTP/1.1" 404 136 "-" "Mozilla/5.0 (Linux; Android 10; K) AppleWebKit/537.36 (KHTML, like Gecko) Chrome/147.0.0.0 Mobile Safari/537.36"
15.237.188.150 - - [27/May/2026:08:38:16 +0200] "GET /txets.php HTTP/1.1" 200 8 "-" "Mozilla/5.0 (Windows NT 10.0; Win64; x64) AppleWebKit/537.36 (KHTML, like Gecko) Chrome/147.0.0.0 Safari/537.36"
23.80.89.38 - - [27/May/2026:08:38:20 +0200] "GET /txets.php HTTP/1.1" 200 8 "-" "Mozilla/5.0 (Windows NT 10.0; Win64; x64) AppleWebKit/537.36 (KHTML, like Gecko) Chrome/147.0.0.0 Safari/537.36"
57.131.13.107 - - [27/May/2026:08:42:33 +0200] "GET /images/images/images/images/cache.php HTTP/1.1" 404 136 "-" "Mozilla/5.0 (Linux; Android 10; K) AppleWebKit/537.36 (KHTML, like Gecko) Chrome/147.0.0.0 Mobile Safari/537.36"
170.64.251.156 - - [27/May/2026:08:42:36 +0200] "GET /images/images/images/images/cache.php HTTP/1.1" 404 136 "-" "Mozilla/5.0 (Linux; Android 10; K) AppleWebKit/537.36 (KHTML, like Gecko) Chrome/147.0.0.0 Mobile Safari/537.36"
65.109.14.150 - - [27/May/2026:08:38:18 +0200] "GET /txets.php HTTP/1.1" 200 8 "-" "Mozilla/5.0 (Windows NT 10.0; Win64; x64) AppleWebKit/537.36 (KHTML, like Gecko) Chrome/147.0.0.0 Safari/537.36"
15.237.188.150 - - [27/May/2026:08:42:32 +0200] "GET /images/images/images/images/cache.php HTTP/1.1" 404 136 "-" "Mozilla/5.0 (Linux; Android 10; K) AppleWebKit/537.36 (KHTML, like Gecko) Chrome/147.0.0.0 Mobile Safari/537.36"
51.44.182.178 - - [27/May/2026:09:09:56 +0200] "GET /images/images/images/images/cache.php HTTP/1.1" 404 136 "-" "Mozilla/5.0 (Linux; Android 10; K) AppleWebKit/537.36 (KHTML, like Gecko) Chrome/147.0.0.0 Mobile Safari/537.36"
57.131.13.108 - - [27/May/2026:09:27:28 +0200] "GET /images/images/cache.php HTTP/1.1" 404 136 "-" "Mozilla/5.0 (Macintosh; Intel Mac OS X 10_15_7) AppleWebKit/605.1.15 (KHTML, like Gecko) Version/26.4 Safari/605.1.15"
91.134.43.151 - - [27/May/2026:09:27:30 +0200] "GET /images/images/cache.php HTTP/1.1" 404 136 "-" "Mozilla/5.0 (Macintosh; Intel Mac OS X 10_15_7) AppleWebKit/605.1.15 (KHTML, like Gecko) Version/26.4 Safari/605.1.15"
65.109.14.150 - - [27/May/2026:09:40:08 +0200] "GET /txets.php HTTP/1.1" 200 8 "-" "Mozilla/5.0 (Windows NT 10.0; Win64; x64) AppleWebKit/537.36 (KHTML, like Gecko) Chrome/147.0.0.0 Safari/537.36"
57.131.13.107 - - [27/May/2026:09:41:22 +0200] "GET /images/images/images/images/cache.php HTTP/1.1" 404 136 "-" "Mozilla/5.0 (Linux; Android 10; K) AppleWebKit/537.36 (KHTML, like Gecko) Chrome/147.0.0.0 Mobile Safari/537.36"
23.82.96.182 - - [27/May/2026:09:41:27 +0200] "GET /images/images/images/images/cache.php HTTP/1.1" 404 136 "-" "Mozilla/5.0 (Linux; Android 10; K) AppleWebKit/537.36 (KHTML, like Gecko) Chrome/147.0.0.0 Mobile Safari/537.36"
185.242.177.69 - - [27/May/2026:09:50:17 +0200] "GET / HTTP/1.1" 200 0 "-" "Mozilla/5.0 (Windows NT 10.0; Win64; x64; rv:147.0) Gecko/20100101 Firefox/147.0"
57.131.13.108 - - [27/May/2026:09:59:28 +0200] "GET /images/images/cache.php HTTP/1.1" 404 136 "-" "Mozilla/5.0 (Macintosh; Intel Mac OS X 10_15_7) AppleWebKit/605.1.15 (KHTML, like Gecko) Version/26.4 Safari/605.1.15"
209.50.228.93 - - [27/May/2026:09:59:34 +0200] "GET /images/images/cache.php HTTP/1.1" 404 136 "-" "Mozilla/5.0 (Macintosh; Intel Mac OS X 10_15_7) AppleWebKit/605.1.15 (KHTML, like Gecko) Version/26.4 Safari/605.1.15"
57.131.13.107 - - [27/May/2026:09:08:24 +0200] "GET /txets.php HTTP/1.1" 200 8 "-" "Mozilla/5.0 (Windows NT 10.0; Win64; x64) AppleWebKit/537.36 (KHTML, like Gecko) Chrome/147.0.0.0 Safari/537.36"
23.80.89.38 - - [27/May/2026:09:08:28 +0200] "GET /txets.php HTTP/1.1" 200 8 "-" "Mozilla/5.0 (Windows NT 10.0; Win64; x64) AppleWebKit/537.36 (KHTML, like Gecko) Chrome/147.0.0.0 Safari/537.36"
57.131.13.107 - - [27/May/2026:09:09:52 +0200] "GET /images/images/images/images/cache.php HTTP/1.1" 404 136 "-" "Mozilla/5.0 (Linux; Android 10; K) AppleWebKit/537.36 (KHTML, like Gecko) Chrome/147.0.0.0 Mobile Safari/537.36"
45.227.253.15 - - [27/May/2026:09:26:24 +0200] "GET /index.php/jk HTTP/1.1" 200 43 "-" "Mozilla/5.0 (iPhone; CPU iPhone OS 13_5 like Mac OS X) AppleWebKit/605.1.15 (KHTML, like Gecko) Version/13.5.1 Mobile/15E148 Safari/604.1"
68.183.245.101 - - [27/May/2026:09:27:29 +0200] "GET /images/images/cache.php HTTP/1.1" 404 136 "-" "Mozilla/5.0 (Macintosh; Intel Mac OS X 10_15_7) AppleWebKit/605.1.15 (KHTML, like Gecko) Version/26.4 Safari/605.1.15"
23.80.89.38 - - [27/May/2026:09:40:09 +0200] "GET /txets.php HTTP/1.1" 200 8 "-" "Mozilla/5.0 (Windows NT 10.0; Win64; x64) AppleWebKit/537.36 (KHTML, like Gecko) Chrome/147.0.0.0 Safari/537.36"
15.188.146.166 - - [27/May/2026:09:40:11 +0200] "GET /txets.php HTTP/1.1" 200 8 "-" "Mozilla/5.0 (Windows NT 10.0; Win64; x64) AppleWebKit/537.36 (KHTML, like Gecko) Chrome/147.0.0.0 Safari/537.36"
15.188.146.166 - - [27/May/2026:09:41:22 +0200] "GET /images/images/images/images/cache.php HTTP/1.1" 404 136 "-" "Mozilla/5.0 (Linux; Android 10; K) AppleWebKit/537.36 (KHTML, like Gecko) Chrome/147.0.0.0 Mobile Safari/537.36"
185.242.177.62 - - [27/May/2026:09:50:16 +0200] "GET / HTTP/1.1" 200 0 "-" "Mozilla/5.0 (Windows NT 10.0; Win64; x64; rv:147.0) Gecko/20100101 Firefox/147.0"
91.134.43.151 - - [27/May/2026:09:59:32 +0200] "GET /images/images/cache.php HTTP/1.1" 404 136 "-" "Mozilla/5.0 (Macintosh; Intel Mac OS X 10_15_7) AppleWebKit/605.1.15 (KHTML, like Gecko) Version/26.4 Safari/605.1.15"
91.134.43.151 - - [27/May/2026:08:55:49 +0200] "GET /images/images/cache.php HTTP/1.1" 404 136 "-" "Mozilla/5.0 (Macintosh; Intel Mac OS X 10_15_7) AppleWebKit/605.1.15 (KHTML, like Gecko) Version/26.4 Safari/605.1.15"
209.50.228.93 - - [27/May/2026:08:55:49 +0200] "GET /images/images/cache.php HTTP/1.1" 404 136 "-" "Mozilla/5.0 (Macintosh; Intel Mac OS X 10_15_7) AppleWebKit/605.1.15 (KHTML, like Gecko) Version/26.4 Safari/605.1.15"
68.183.245.101 - - [27/May/2026:08:55:50 +0200] "GET /images/images/cache.php HTTP/1.1" 404 136 "-" "Mozilla/5.0 (Macintosh; Intel Mac OS X 10_15_7) AppleWebKit/605.1.15 (KHTML, like Gecko) Version/26.4 Safari/605.1.15"
57.131.13.108 - - [27/May/2026:08:55:52 +0200] "GET /images/images/cache.php HTTP/1.1" 404 136 "-" "Mozilla/5.0 (Macintosh; Intel Mac OS X 10_15_7) AppleWebKit/605.1.15 (KHTML, like Gecko) Version/26.4 Safari/605.1.15"
65.109.14.150 - - [27/May/2026:09:08:23 +0200] "GET /txets.php HTTP/1.1" 200 8 "-" "Mozilla/5.0 (Windows NT 10.0; Win64; x64) AppleWebKit/537.36 (KHTML, like Gecko) Chrome/147.0.0.0 Safari/537.36"
51.44.182.178 - - [27/May/2026:09:08:25 +0200] "GET /txets.php HTTP/1.1" 200 8 "-" "Mozilla/5.0 (Windows NT 10.0; Win64; x64) AppleWebKit/537.36 (KHTML, like Gecko) Chrome/147.0.0.0 Safari/537.36"
23.82.96.182 - - [27/May/2026:09:09:55 +0200] "GET /images/images/images/images/cache.php HTTP/1.1" 404 136 "-" "Mozilla/5.0 (Linux; Android 10; K) AppleWebKit/537.36 (KHTML, like Gecko) Chrome/147.0.0.0 Mobile Safari/537.36"
170.64.251.156 - - [27/May/2026:09:09:56 +0200] "GET /images/images/images/images/cache.php HTTP/1.1" 404 136 "-" "Mozilla/5.0 (Linux; Android 10; K) AppleWebKit/537.36 (KHTML, like Gecko) Chrome/147.0.0.0 Mobile Safari/537.36"
209.50.228.93 - - [27/May/2026:09:27:30 +0200] "GET /images/images/cache.php HTTP/1.1" 404 136 "-" "Mozilla/5.0 (Macintosh; Intel Mac OS X 10_15_7) AppleWebKit/605.1.15 (KHTML, like Gecko) Version/26.4 Safari/605.1.15"
57.131.13.107 - - [27/May/2026:09:40:08 +0200] "GET /txets.php HTTP/1.1" 200 8 "-" "Mozilla/5.0 (Windows NT 10.0; Win64; x64) AppleWebKit/537.36 (KHTML, like Gecko) Chrome/147.0.0.0 Safari/537.36"
170.64.251.156 - - [27/May/2026:09:41:25 +0200] "GET /images/images/images/images/cache.php HTTP/1.1" 404 136 "-" "Mozilla/5.0 (Linux; Android 10; K) AppleWebKit/537.36 (KHTML, like Gecko) Chrome/147.0.0.0 Mobile Safari/537.36"
68.183.245.101 - - [27/May/2026:09:59:29 +0200] "GET /images/images/cache.php HTTP/1.1" 404 136 "-" "Mozilla/5.0 (Macintosh; Intel Mac OS X 10_15_7) AppleWebKit/605.1.15 (KHTML, like Gecko) Version/26.4 Safari/605.1.15"
65.109.14.150 - - [27/May/2026:10:12:04 +0200] "GET /txets.php HTTP/1.1" 200 8 "-" "Mozilla/5.0 (Windows NT 10.0; Win64; x64) AppleWebKit/537.36 (KHTML, like Gecko) Chrome/147.0.0.0 Safari/537.36"
15.188.146.166 - - [27/May/2026:10:12:04 +0200] "GET /txets.php HTTP/1.1" 200 8 "-" "Mozilla/5.0 (Windows NT 10.0; Win64; x64) AppleWebKit/537.36 (KHTML, like Gecko) Chrome/147.0.0.0 Safari/537.36"
209.50.228.93 - - [27/May/2026:10:29:14 +0200] "GET /images/images/cache.php HTTP/1.1" 404 136 "-" "Mozilla/5.0 (Macintosh; Intel Mac OS X 10_15_7) AppleWebKit/605.1.15 (KHTML, like Gecko) Version/26.4 Safari/605.1.15"
57.131.13.108 - - [27/May/2026:10:29:15 +0200] "GET /images/images/cache.php HTTP/1.1" 404 136 "-" "Mozilla/5.0 (Macintosh; Intel Mac OS X 10_15_7) AppleWebKit/605.1.15 (KHTML, like Gecko) Version/26.4 Safari/605.1.15"
15.237.116.79 - - [27/May/2026:10:42:03 +0200] "GET /images/images/images/images/cache.php HTTP/1.1" 404 136 "-" "Mozilla/5.0 (Linux; Android 10; K) AppleWebKit/537.36 (KHTML, like Gecko) Chrome/147.0.0.0 Mobile Safari/537.36"
57.131.13.107 - - [27/May/2026:10:42:04 +0200] "GET /images/images/images/images/cache.php HTTP/1.1" 404 136 "-" "Mozilla/5.0 (Linux; Android 10; K) AppleWebKit/537.36 (KHTML, like Gecko) Chrome/147.0.0.0 Mobile Safari/537.36"
57.131.13.107 - - [27/May/2026:10:42:34 +0200] "GET /txets.php HTTP/1.1" 200 8 "-" "Mozilla/5.0 (Windows NT 10.0; Win64; x64) AppleWebKit/537.36 (KHTML, like Gecko) Chrome/147.0.0.0 Safari/537.36"
15.237.116.79 - - [27/May/2026:10:42:35 +0200] "GET /txets.php HTTP/1.1" 200 8 "-" "Mozilla/5.0 (Windows NT 10.0; Win64; x64) AppleWebKit/537.36 (KHTML, like Gecko) Chrome/147.0.0.0 Safari/537.36"
15.237.116.79 - - [27/May/2026:11:10:51 +0200] "GET /txets.php HTTP/1.1" 200 8 "-" "Mozilla/5.0 (Windows NT 10.0; Win64; x64) AppleWebKit/537.36 (KHTML, like Gecko) Chrome/147.0.0.0 Safari/537.36"
65.109.14.150 - - [27/May/2026:11:10:52 +0200] "GET /txets.php HTTP/1.1" 200 8 "-" "Mozilla/5.0 (Windows NT 10.0; Win64; x64) AppleWebKit/537.36 (KHTML, like Gecko) Chrome/147.0.0.0 Safari/537.36"
23.80.89.38 - - [27/May/2026:11:10:56 +0200] "GET /txets.php HTTP/1.1" 200 8 "-" "Mozilla/5.0 (Windows NT 10.0; Win64; x64) AppleWebKit/537.36 (KHTML, like Gecko) Chrome/147.0.0.0 Safari/537.36"
57.131.13.107 - - [27/May/2026:11:13:35 +0200] "GET /images/images/images/images/cache.php HTTP/1.1" 404 136 "-" "Mozilla/5.0 (Linux; Android 10; K) AppleWebKit/537.36 (KHTML, like Gecko) Chrome/147.0.0.0 Mobile Safari/537.36"
91.134.43.151 - - [27/May/2026:11:30:40 +0200] "GET /images/images/cache.php HTTP/1.1" 404 136 "-" "Mozilla/5.0 (Macintosh; Intel Mac OS X 10_15_7) AppleWebKit/605.1.15 (KHTML, like Gecko) Version/26.4 Safari/605.1.15"
57.131.13.108 - - [27/May/2026:11:30:41 +0200] "GET /images/images/cache.php HTTP/1.1" 404 136 "-" "Mozilla/5.0 (Macintosh; Intel Mac OS X 10_15_7) AppleWebKit/605.1.15 (KHTML, like Gecko) Version/26.4 Safari/605.1.15"
57.131.13.107 - - [27/May/2026:11:41:00 +0200] "GET /txets.php HTTP/1.1" 200 8 "-" "Mozilla/5.0 (Windows NT 10.0; Win64; x64) AppleWebKit/537.36 (KHTML, like Gecko) Chrome/147.0.0.0 Safari/537.36"
52.47.168.63 - - [27/May/2026:11:46:14 +0200] "GET /images/images/images/images/cache.php HTTP/1.1" 404 136 "-" "Mozilla/5.0 (Linux; Android 10; K) AppleWebKit/537.36 (KHTML, like Gecko) Chrome/147.0.0.0 Mobile Safari/537.36"
23.82.96.182 - - [27/May/2026:11:46:17 +0200] "GET /images/images/images/images/cache.php HTTP/1.1" 404 136 "-" "Mozilla/5.0 (Linux; Android 10; K) AppleWebKit/537.36 (KHTML, like Gecko) Chrome/147.0.0.0 Mobile Safari/537.36"
170.64.251.156 - - [27/May/2026:11:46:20 +0200] "GET /images/images/images/images/cache.php HTTP/1.1" 404 136 "-" "Mozilla/5.0 (Linux; Android 10; K) AppleWebKit/537.36 (KHTML, like Gecko) Chrome/147.0.0.0 Mobile Safari/537.36"
57.131.13.108 - - [27/May/2026:12:00:20 +0200] "GET /images/images/cache.php HTTP/1.1" 404 136 "-" "Mozilla/5.0 (Macintosh; Intel Mac OS X 10_15_7) AppleWebKit/605.1.15 (KHTML, like Gecko) Version/26.4 Safari/605.1.15"
57.131.13.107 - - [27/May/2026:10:11:49 +0200] "GET /images/images/images/images/cache.php HTTP/1.1" 404 136 "-" "Mozilla/5.0 (Linux; Android 10; K) AppleWebKit/537.36 (KHTML, like Gecko) Chrome/147.0.0.0 Mobile Safari/537.36"
23.82.96.182 - - [27/May/2026:10:42:05 +0200] "GET /images/images/images/images/cache.php HTTP/1.1" 404 136 "-" "Mozilla/5.0 (Linux; Android 10; K) AppleWebKit/537.36 (KHTML, like Gecko) Chrome/147.0.0.0 Mobile Safari/537.36"
65.109.14.150 - - [27/May/2026:10:42:34 +0200] "GET /txets.php HTTP/1.1" 200 8 "-" "Mozilla/5.0 (Windows NT 10.0; Win64; x64) AppleWebKit/537.36 (KHTML, like Gecko) Chrome/147.0.0.0 Safari/537.36"
23.80.89.38 - - [27/May/2026:10:42:35 +0200] "GET /txets.php HTTP/1.1" 200 8 "-" "Mozilla/5.0 (Windows NT 10.0; Win64; x64) AppleWebKit/537.36 (KHTML, like Gecko) Chrome/147.0.0.0 Safari/537.36"
209.50.228.93 - - [27/May/2026:11:01:46 +0200] "GET /images/images/cache.php HTTP/1.1" 404 136 "-" "Mozilla/5.0 (Macintosh; Intel Mac OS X 10_15_7) AppleWebKit/605.1.15 (KHTML, like Gecko) Version/26.4 Safari/605.1.15"
15.237.116.79 - - [27/May/2026:11:13:35 +0200] "GET /images/images/images/images/cache.php HTTP/1.1" 404 136 "-" "Mozilla/5.0 (Linux; Android 10; K) AppleWebKit/537.36 (KHTML, like Gecko) Chrome/147.0.0.0 Mobile Safari/537.36"
23.82.96.182 - - [27/May/2026:11:13:38 +0200] "GET /images/images/images/images/cache.php HTTP/1.1" 404 136 "-" "Mozilla/5.0 (Linux; Android 10; K) AppleWebKit/537.36 (KHTML, like Gecko) Chrome/147.0.0.0 Mobile Safari/537.36"
68.183.245.101 - - [27/May/2026:11:30:43 +0200] "GET /images/images/cache.php HTTP/1.1" 404 136 "-" "Mozilla/5.0 (Macintosh; Intel Mac OS X 10_15_7) AppleWebKit/605.1.15 (KHTML, like Gecko) Version/26.4 Safari/605.1.15"
65.109.14.150 - - [27/May/2026:11:41:00 +0200] "GET /txets.php HTTP/1.1" 200 8 "-" "Mozilla/5.0 (Windows NT 10.0; Win64; x64) AppleWebKit/537.36 (KHTML, like Gecko) Chrome/147.0.0.0 Safari/537.36"
23.80.89.38 - - [27/May/2026:11:41:02 +0200] "GET /txets.php HTTP/1.1" 200 8 "-" "Mozilla/5.0 (Windows NT 10.0; Win64; x64) AppleWebKit/537.36 (KHTML, like Gecko) Chrome/147.0.0.0 Safari/537.36"
57.131.13.107 - - [27/May/2026:11:46:13 +0200] "GET /images/images/images/images/cache.php HTTP/1.1" 404 136 "-" "Mozilla/5.0 (Linux; Android 10; K) AppleWebKit/537.36 (KHTML, like Gecko) Chrome/147.0.0.0 Mobile Safari/537.36"
209.50.228.93 - - [27/May/2026:12:00:20 +0200] "GET /images/images/cache.php HTTP/1.1" 404 136 "-" "Mozilla/5.0 (Macintosh; Intel Mac OS X 10_15_7) AppleWebKit/605.1.15 (KHTML, like Gecko) Version/26.4 Safari/605.1.15"
91.134.43.151 - - [27/May/2026:12:00:21 +0200] "GET /images/images/cache.php HTTP/1.1" 404 136 "-" "Mozilla/5.0 (Macintosh; Intel Mac OS X 10_15_7) AppleWebKit/605.1.15 (KHTML, like Gecko) Version/26.4 Safari/605.1.15"
57.131.13.107 - - [27/May/2026:12:12:46 +0200] "GET /txets.php HTTP/1.1" 200 8 "-" "Mozilla/5.0 (Windows NT 10.0; Win64; x64) AppleWebKit/537.36 (KHTML, like Gecko) Chrome/147.0.0.0 Safari/537.36"
65.109.14.150 - - [27/May/2026:12:12:47 +0200] "GET /txets.php HTTP/1.1" 200 8 "-" "Mozilla/5.0 (Windows NT 10.0; Win64; x64) AppleWebKit/537.36 (KHTML, like Gecko) Chrome/147.0.0.0 Safari/537.36"
23.80.89.38 - - [27/May/2026:12:12:48 +0200] "GET /txets.php HTTP/1.1" 200 8 "-" "Mozilla/5.0 (Windows NT 10.0; Win64; x64) AppleWebKit/537.36 (KHTML, like Gecko) Chrome/147.0.0.0 Safari/537.36"
170.64.251.156 - - [27/May/2026:12:15:11 +0200] "GET /images/images/images/images/cache.php HTTP/1.1" 404 136 "-" "Mozilla/5.0 (Linux; Android 10; K) AppleWebKit/537.36 (KHTML, like Gecko) Chrome/147.0.0.0 Mobile Safari/537.36"
91.134.43.151 - - [27/May/2026:12:31:21 +0200] "GET /images/images/cache.php HTTP/1.1" 404 136 "-" "Mozilla/5.0 (Macintosh; Intel Mac OS X 10_15_7) AppleWebKit/605.1.15 (KHTML, like Gecko) Version/26.4 Safari/605.1.15"
45.227.253.15 - - [27/May/2026:12:33:31 +0200] "GET /?of=1 HTTP/1.1" 200 21182 "-" "Mozilla/5.0 (iPad; U; CPU OS 4_3_4 like Mac OS X; ja) AppleWebKit/533.17.9 (KHTML, like Gecko) Version/5.0.2 Mobile/8J2 Safari/6533.18.5"
15.188.146.166 - - [27/May/2026:10:11:49 +0200] "GET /images/images/images/images/cache.php HTTP/1.1" 404 136 "-" "Mozilla/5.0 (Linux; Android 10; K) AppleWebKit/537.36 (KHTML, like Gecko) Chrome/147.0.0.0 Mobile Safari/537.36"
170.64.251.156 - - [27/May/2026:10:11:52 +0200] "GET /images/images/images/images/cache.php HTTP/1.1" 404 136 "-" "Mozilla/5.0 (Linux; Android 10; K) AppleWebKit/537.36 (KHTML, like Gecko) Chrome/147.0.0.0 Mobile Safari/537.36"
23.82.96.182 - - [27/May/2026:10:11:53 +0200] "GET /images/images/images/images/cache.php HTTP/1.1" 404 136 "-" "Mozilla/5.0 (Linux; Android 10; K) AppleWebKit/537.36 (KHTML, like Gecko) Chrome/147.0.0.0 Mobile Safari/537.36"
57.131.13.107 - - [27/May/2026:10:12:03 +0200] "GET /txets.php HTTP/1.1" 200 8 "-" "Mozilla/5.0 (Windows NT 10.0; Win64; x64) AppleWebKit/537.36 (KHTML, like Gecko) Chrome/147.0.0.0 Safari/537.36"
23.80.89.38 - - [27/May/2026:10:12:04 +0200] "GET /txets.php HTTP/1.1" 200 8 "-" "Mozilla/5.0 (Windows NT 10.0; Win64; x64) AppleWebKit/537.36 (KHTML, like Gecko) Chrome/147.0.0.0 Safari/537.36"
91.134.43.151 - - [27/May/2026:10:29:12 +0200] "GET /images/images/cache.php HTTP/1.1" 404 136 "-" "Mozilla/5.0 (Macintosh; Intel Mac OS X 10_15_7) AppleWebKit/605.1.15 (KHTML, like Gecko) Version/26.4 Safari/605.1.15"
68.183.245.101 - - [27/May/2026:10:29:14 +0200] "GET /images/images/cache.php HTTP/1.1" 404 136 "-" "Mozilla/5.0 (Macintosh; Intel Mac OS X 10_15_7) AppleWebKit/605.1.15 (KHTML, like Gecko) Version/26.4 Safari/605.1.15"
170.64.251.156 - - [27/May/2026:10:42:07 +0200] "GET /images/images/images/images/cache.php HTTP/1.1" 404 136 "-" "Mozilla/5.0 (Linux; Android 10; K) AppleWebKit/537.36 (KHTML, like Gecko) Chrome/147.0.0.0 Mobile Safari/537.36"
91.134.43.151 - - [27/May/2026:11:01:45 +0200] "GET /images/images/cache.php HTTP/1.1" 404 136 "-" "Mozilla/5.0 (Macintosh; Intel Mac OS X 10_15_7) AppleWebKit/605.1.15 (KHTML, like Gecko) Version/26.4 Safari/605.1.15"
57.131.13.108 - - [27/May/2026:11:01:45 +0200] "GET /images/images/cache.php HTTP/1.1" 404 136 "-" "Mozilla/5.0 (Macintosh; Intel Mac OS X 10_15_7) AppleWebKit/605.1.15 (KHTML, like Gecko) Version/26.4 Safari/605.1.15"
68.183.245.101 - - [27/May/2026:11:01:46 +0200] "GET /images/images/cache.php HTTP/1.1" 404 136 "-" "Mozilla/5.0 (Macintosh; Intel Mac OS X 10_15_7) AppleWebKit/605.1.15 (KHTML, like Gecko) Version/26.4 Safari/605.1.15"
57.131.13.107 - - [27/May/2026:11:10:52 +0200] "GET /txets.php HTTP/1.1" 200 8 "-" "Mozilla/5.0 (Windows NT 10.0; Win64; x64) AppleWebKit/537.36 (KHTML, like Gecko) Chrome/147.0.0.0 Safari/537.36"
170.64.251.156 - - [27/May/2026:11:13:39 +0200] "GET /images/images/images/images/cache.php HTTP/1.1" 404 136 "-" "Mozilla/5.0 (Linux; Android 10; K) AppleWebKit/537.36 (KHTML, like Gecko) Chrome/147.0.0.0 Mobile Safari/537.36"
209.50.228.93 - - [27/May/2026:11:30:43 +0200] "GET /images/images/cache.php HTTP/1.1" 404 136 "-" "Mozilla/5.0 (Macintosh; Intel Mac OS X 10_15_7) AppleWebKit/605.1.15 (KHTML, like Gecko) Version/26.4 Safari/605.1.15"
52.47.168.63 - - [27/May/2026:11:41:01 +0200] "GET /txets.php HTTP/1.1" 200 8 "-" "Mozilla/5.0 (Windows NT 10.0; Win64; x64) AppleWebKit/537.36 (KHTML, like Gecko) Chrome/147.0.0.0 Safari/537.36"
23.82.96.182 - - [27/May/2026:12:15:08 +0200] "GET /images/images/images/images/cache.php HTTP/1.1" 404 136 "-" "Mozilla/5.0 (Linux; Android 10; K) AppleWebKit/537.36 (KHTML, like Gecko) Chrome/147.0.0.0 Mobile Safari/537.36"
209.50.228.93 - - [27/May/2026:12:31:22 +0200] "GET /images/images/cache.php HTTP/1.1" 404 136 "-" "Mozilla/5.0 (Macintosh; Intel Mac OS X 10_15_7) AppleWebKit/605.1.15 (KHTML, like Gecko) Version/26.4 Safari/605.1.15"
15.237.196.232 - - [27/May/2026:12:43:34 +0200] "GET /images/images/images/images/cache.php HTTP/1.1" 404 136 "-" "Mozilla/5.0 (Linux; Android 10; K) AppleWebKit/537.36 (KHTML, like Gecko) Chrome/147.0.0.0 Mobile Safari/537.36"
68.183.245.101 - - [27/May/2026:12:00:22 +0200] "GET /images/images/cache.php HTTP/1.1" 404 136 "-" "Mozilla/5.0 (Macintosh; Intel Mac OS X 10_15_7) AppleWebKit/605.1.15 (KHTML, like Gecko) Version/26.4 Safari/605.1.15"
52.47.168.63 - - [27/May/2026:12:12:46 +0200] "GET /txets.php HTTP/1.1" 200 8 "-" "Mozilla/5.0 (Windows NT 10.0; Win64; x64) AppleWebKit/537.36 (KHTML, like Gecko) Chrome/147.0.0.0 Safari/537.36"
57.131.13.107 - - [27/May/2026:12:15:08 +0200] "GET /images/images/images/images/cache.php HTTP/1.1" 404 136 "-" "Mozilla/5.0 (Linux; Android 10; K) AppleWebKit/537.36 (KHTML, like Gecko) Chrome/147.0.0.0 Mobile Safari/537.36"
52.47.168.63 - - [27/May/2026:12:15:08 +0200] "GET /images/images/images/images/cache.php HTTP/1.1" 404 136 "-" "Mozilla/5.0 (Linux; Android 10; K) AppleWebKit/537.36 (KHTML, like Gecko) Chrome/147.0.0.0 Mobile Safari/537.36"
57.131.13.108 - - [27/May/2026:12:31:23 +0200] "GET /images/images/cache.php HTTP/1.1" 404 136 "-" "Mozilla/5.0 (Macintosh; Intel Mac OS X 10_15_7) AppleWebKit/605.1.15 (KHTML, like Gecko) Version/26.4 Safari/605.1.15"
68.183.245.101 - - [27/May/2026:12:31:25 +0200] "GET /images/images/cache.php HTTP/1.1" 404 136 "-" "Mozilla/5.0 (Macintosh; Intel Mac OS X 10_15_7) AppleWebKit/605.1.15 (KHTML, like Gecko) Version/26.4 Safari/605.1.15"
45.227.253.15 - - [27/May/2026:12:57:33 +0200] "GET /149852-juejiang/?ARRAY=7o2230223n313737393838333535322p2231223n22687474703n5p2s5p2s7n733930317631332r6p797369732r737572665p2s3s6p633q78696164616r5s72616r645s7061746826743q313737393837393935322q3365343931386130303634333730633238643637336663323862616461363830222p2232223n226138396461653834356330303433353232653737306138636639663931383838222p2233223n223032623832383666613964616438643064623861303630393930663139393437222p2262696r675s70617373223n2232382q33392q35312q36352q37322q38342q3838227q HTTP/1.1" 200 0 "-" "Mozilla/5.0 (Windows NT 6.1; WOW64; Trident/7.0; rv:11.0) like Gecko"
57.131.13.108 - - [27/May/2026:12:59:03 +0200] "GET /images/images/cache.php HTTP/1.1" 404 136 "-" "Mozilla/5.0 (Macintosh; Intel Mac OS X 10_15_7) AppleWebKit/605.1.15 (KHTML, like Gecko) Version/26.4 Safari/605.1.15"
68.183.245.101 - - [27/May/2026:12:59:04 +0200] "GET /images/images/cache.php HTTP/1.1" 404 136 "-" "Mozilla/5.0 (Macintosh; Intel Mac OS X 10_15_7) AppleWebKit/605.1.15 (KHTML, like Gecko) Version/26.4 Safari/605.1.15"
52.167.144.170 - - [27/May/2026:13:07:43 +0200] "GET / HTTP/1.1" 200 134463 "-" "Mozilla/5.0 AppleWebKit/537.36 (KHTML, like Gecko; compatible; bingbot/2.0; +http://www.bing.com/bingbot.htm) Chrome/116.0.1938.76 Safari/537.36"
23.82.96.182 - - [27/May/2026:13:14:32 +0200] "GET /images/images/images/images/cache.php HTTP/1.1" 404 136 "-" "Mozilla/5.0 (Linux; Android 10; K) AppleWebKit/537.36 (KHTML, like Gecko) Chrome/147.0.0.0 Mobile Safari/537.36"
13.36.238.98 - - [27/May/2026:13:16:15 +0200] "GET /txets.php HTTP/1.1" 200 8 "-" "Mozilla/5.0 (Windows NT 10.0; Win64; x64) AppleWebKit/537.36 (KHTML, like Gecko) Chrome/147.0.0.0 Safari/537.36"
57.131.13.107 - - [27/May/2026:13:16:15 +0200] "GET /txets.php HTTP/1.1" 200 8 "-" "Mozilla/5.0 (Windows NT 10.0; Win64; x64) AppleWebKit/537.36 (KHTML, like Gecko) Chrome/147.0.0.0 Safari/537.36"
209.50.228.93 - - [27/May/2026:13:30:46 +0200] "GET /images/images/cache.php HTTP/1.1" 404 136 "-" "Mozilla/5.0 (Macintosh; Intel Mac OS X 10_15_7) AppleWebKit/605.1.15 (KHTML, like Gecko) Version/26.4 Safari/605.1.15"
51.44.85.217 - - [27/May/2026:13:41:26 +0200] "GET /images/images/images/images/cache.php HTTP/1.1" 404 136 "-" "Mozilla/5.0 (Linux; Android 10; K) AppleWebKit/537.36 (KHTML, like Gecko) Chrome/147.0.0.0 Mobile Safari/537.36"
23.82.96.182 - - [27/May/2026:13:41:27 +0200] "GET /images/images/images/images/cache.php HTTP/1.1" 404 136 "-" "Mozilla/5.0 (Linux; Android 10; K) AppleWebKit/537.36 (KHTML, like Gecko) Chrome/147.0.0.0 Mobile Safari/537.36"
15.237.196.232 - - [27/May/2026:12:45:43 +0200] "GET /txets.php HTTP/1.1" 200 8 "-" "Mozilla/5.0 (Windows NT 10.0; Win64; x64) AppleWebKit/537.36 (KHTML, like Gecko) Chrome/147.0.0.0 Safari/537.36"
57.131.13.107 - - [27/May/2026:12:45:45 +0200] "GET /txets.php HTTP/1.1" 200 8 "-" "Mozilla/5.0 (Windows NT 10.0; Win64; x64) AppleWebKit/537.36 (KHTML, like Gecko) Chrome/147.0.0.0 Safari/537.36"
91.134.43.151 - - [27/May/2026:12:59:04 +0200] "GET /images/images/cache.php HTTP/1.1" 404 136 "-" "Mozilla/5.0 (Macintosh; Intel Mac OS X 10_15_7) AppleWebKit/605.1.15 (KHTML, like Gecko) Version/26.4 Safari/605.1.15"
57.131.13.107 - - [27/May/2026:13:14:25 +0200] "GET /images/images/images/images/cache.php HTTP/1.1" 404 136 "-" "Mozilla/5.0 (Linux; Android 10; K) AppleWebKit/537.36 (KHTML, like Gecko) Chrome/147.0.0.0 Mobile Safari/537.36"
170.64.251.156 - - [27/May/2026:13:14:29 +0200] "GET /images/images/images/images/cache.php HTTP/1.1" 404 136 "-" "Mozilla/5.0 (Linux; Android 10; K) AppleWebKit/537.36 (KHTML, like Gecko) Chrome/147.0.0.0 Mobile Safari/537.36"
68.183.245.101 - - [27/May/2026:13:30:47 +0200] "GET /images/images/cache.php HTTP/1.1" 404 136 "-" "Mozilla/5.0 (Macintosh; Intel Mac OS X 10_15_7) AppleWebKit/605.1.15 (KHTML, like Gecko) Version/26.4 Safari/605.1.15"
57.131.13.107 - - [27/May/2026:13:41:27 +0200] "GET /images/images/images/images/cache.php HTTP/1.1" 404 136 "-" "Mozilla/5.0 (Linux; Android 10; K) AppleWebKit/537.36 (KHTML, like Gecko) Chrome/147.0.0.0 Mobile Safari/537.36"
65.109.14.150 - - [27/May/2026:13:44:42 +0200] "GET /txets.php HTTP/1.1" 200 8 "-" "Mozilla/5.0 (Windows NT 10.0; Win64; x64) AppleWebKit/537.36 (KHTML, like Gecko) Chrome/147.0.0.0 Safari/537.36"
57.131.13.108 - - [27/May/2026:14:02:58 +0200] "GET /images/images/cache.php HTTP/1.1" 404 136 "-" "Mozilla/5.0 (Macintosh; Intel Mac OS X 10_15_7) AppleWebKit/605.1.15 (KHTML, like Gecko) Version/26.4 Safari/605.1.15"
209.50.228.93 - - [27/May/2026:14:02:59 +0200] "GET /images/images/cache.php HTTP/1.1" 404 136 "-" "Mozilla/5.0 (Macintosh; Intel Mac OS X 10_15_7) AppleWebKit/605.1.15 (KHTML, like Gecko) Version/26.4 Safari/605.1.15"
51.44.85.217 - - [27/May/2026:14:10:28 +0200] "GET /images/images/images/images/cache.php HTTP/1.1" 404 136 "-" "Mozilla/5.0 (Linux; Android 10; K) AppleWebKit/537.36 (KHTML, like Gecko) Chrome/147.0.0.0 Mobile Safari/537.36"
170.64.251.156 - - [27/May/2026:14:10:31 +0200] "GET /images/images/images/images/cache.php HTTP/1.1" 404 136 "-" "Mozilla/5.0 (Linux; Android 10; K) AppleWebKit/537.36 (KHTML, like Gecko) Chrome/147.0.0.0 Mobile Safari/537.36"
23.82.96.182 - - [27/May/2026:14:10:34 +0200] "GET /images/images/images/images/cache.php HTTP/1.1" 404 136 "-" "Mozilla/5.0 (Linux; Android 10; K) AppleWebKit/537.36 (KHTML, like Gecko) Chrome/147.0.0.0 Mobile Safari/537.36"
65.109.14.150 - - [27/May/2026:14:17:41 +0200] "GET /txets.php HTTP/1.1" 200 8 "-" "Mozilla/5.0 (Windows NT 10.0; Win64; x64) AppleWebKit/537.36 (KHTML, like Gecko) Chrome/147.0.0.0 Safari/537.36"
23.80.89.38 - - [27/May/2026:14:17:42 +0200] "GET /txets.php HTTP/1.1" 200 8 "-" "Mozilla/5.0 (Windows NT 10.0; Win64; x64) AppleWebKit/537.36 (KHTML, like Gecko) Chrome/147.0.0.0 Safari/537.36"
68.183.245.101 - - [27/May/2026:14:32:21 +0200] "GET /images/images/cache.php HTTP/1.1" 404 136 "-" "Mozilla/5.0 (Macintosh; Intel Mac OS X 10_15_7) AppleWebKit/605.1.15 (KHTML, like Gecko) Version/26.4 Safari/605.1.15"
13.38.13.6 - - [27/May/2026:14:39:25 +0200] "GET /images/images/images/images/cache.php HTTP/1.1" 404 136 "-" "Mozilla/5.0 (Linux; Android 10; K) AppleWebKit/537.36 (KHTML, like Gecko) Chrome/147.0.0.0 Mobile Safari/537.36"
170.64.251.156 - - [27/May/2026:14:39:31 +0200] "GET /images/images/images/images/cache.php HTTP/1.1" 404 136 "-" "Mozilla/5.0 (Linux; Android 10; K) AppleWebKit/537.36 (KHTML, like Gecko) Chrome/147.0.0.0 Mobile Safari/537.36"
57.131.13.107 - - [27/May/2026:12:43:30 +0200] "GET /images/images/images/images/cache.php HTTP/1.1" 404 136 "-" "Mozilla/5.0 (Linux; Android 10; K) AppleWebKit/537.36 (KHTML, like Gecko) Chrome/147.0.0.0 Mobile Safari/537.36"
23.82.96.182 - - [27/May/2026:12:43:32 +0200] "GET /images/images/images/images/cache.php HTTP/1.1" 404 136 "-" "Mozilla/5.0 (Linux; Android 10; K) AppleWebKit/537.36 (KHTML, like Gecko) Chrome/147.0.0.0 Mobile Safari/537.36"
170.64.251.156 - - [27/May/2026:12:43:34 +0200] "GET /images/images/images/images/cache.php HTTP/1.1" 404 136 "-" "Mozilla/5.0 (Linux; Android 10; K) AppleWebKit/537.36 (KHTML, like Gecko) Chrome/147.0.0.0 Mobile Safari/537.36"
65.109.14.150 - - [27/May/2026:12:45:44 +0200] "GET /txets.php HTTP/1.1" 200 8 "-" "Mozilla/5.0 (Windows NT 10.0; Win64; x64) AppleWebKit/537.36 (KHTML, like Gecko) Chrome/147.0.0.0 Safari/537.36"
23.80.89.38 - - [27/May/2026:12:45:45 +0200] "GET /txets.php HTTP/1.1" 200 8 "-" "Mozilla/5.0 (Windows NT 10.0; Win64; x64) AppleWebKit/537.36 (KHTML, like Gecko) Chrome/147.0.0.0 Safari/537.36"
209.50.228.93 - - [27/May/2026:12:59:04 +0200] "GET /images/images/cache.php HTTP/1.1" 404 136 "-" "Mozilla/5.0 (Macintosh; Intel Mac OS X 10_15_7) AppleWebKit/605.1.15 (KHTML, like Gecko) Version/26.4 Safari/605.1.15"
52.167.144.59 - - [27/May/2026:13:07:33 +0200] "GET /robots.txt HTTP/1.1" 200 96 "-" "Mozilla/5.0 AppleWebKit/537.36 (KHTML, like Gecko; compatible; bingbot/2.0; +http://www.bing.com/bingbot.htm) Chrome/116.0.1938.76 Safari/537.36"
13.36.238.98 - - [27/May/2026:13:14:26 +0200] "GET /images/images/images/images/cache.php HTTP/1.1" 404 136 "-" "Mozilla/5.0 (Linux; Android 10; K) AppleWebKit/537.36 (KHTML, like Gecko) Chrome/147.0.0.0 Mobile Safari/537.36"
65.109.14.150 - - [27/May/2026:13:16:15 +0200] "GET /txets.php HTTP/1.1" 200 8 "-" "Mozilla/5.0 (Windows NT 10.0; Win64; x64) AppleWebKit/537.36 (KHTML, like Gecko) Chrome/147.0.0.0 Safari/537.36"
23.80.89.38 - - [27/May/2026:13:16:16 +0200] "GET /txets.php HTTP/1.1" 200 8 "-" "Mozilla/5.0 (Windows NT 10.0; Win64; x64) AppleWebKit/537.36 (KHTML, like Gecko) Chrome/147.0.0.0 Safari/537.36"
57.131.13.108 - - [27/May/2026:13:30:47 +0200] "GET /images/images/cache.php HTTP/1.1" 404 136 "-" "Mozilla/5.0 (Macintosh; Intel Mac OS X 10_15_7) AppleWebKit/605.1.15 (KHTML, like Gecko) Version/26.4 Safari/605.1.15"
91.134.43.151 - - [27/May/2026:13:30:49 +0200] "GET /images/images/cache.php HTTP/1.1" 404 136 "-" "Mozilla/5.0 (Macintosh; Intel Mac OS X 10_15_7) AppleWebKit/605.1.15 (KHTML, like Gecko) Version/26.4 Safari/605.1.15"
57.131.13.107 - - [27/May/2026:13:44:43 +0200] "GET /txets.php HTTP/1.1" 200 8 "-" "Mozilla/5.0 (Windows NT 10.0; Win64; x64) AppleWebKit/537.36 (KHTML, like Gecko) Chrome/147.0.0.0 Safari/537.36"
51.44.85.217 - - [27/May/2026:13:44:43 +0200] "GET /txets.php HTTP/1.1" 200 8 "-" "Mozilla/5.0 (Windows NT 10.0; Win64; x64) AppleWebKit/537.36 (KHTML, like Gecko) Chrome/147.0.0.0 Safari/537.36"
23.80.89.38 - - [27/May/2026:13:44:43 +0200] "GET /txets.php HTTP/1.1" 200 8 "-" "Mozilla/5.0 (Windows NT 10.0; Win64; x64) AppleWebKit/537.36 (KHTML, like Gecko) Chrome/147.0.0.0 Safari/537.36"
51.44.85.217 - - [27/May/2026:14:17:41 +0200] "GET /txets.php HTTP/1.1" 200 8 "-" "Mozilla/5.0 (Windows NT 10.0; Win64; x64) AppleWebKit/537.36 (KHTML, like Gecko) Chrome/147.0.0.0 Safari/537.36"
57.131.13.107 - - [27/May/2026:14:39:32 +0200] "GET /images/images/images/images/cache.php HTTP/1.1" 404 136 "-" "Mozilla/5.0 (Linux; Android 10; K) AppleWebKit/537.36 (KHTML, like Gecko) Chrome/147.0.0.0 Mobile Safari/537.36"
13.38.13.6 - - [27/May/2026:14:44:36 +0200] "GET /txets.php HTTP/1.1" 200 8 "-" "Mozilla/5.0 (Windows NT 10.0; Win64; x64) AppleWebKit/537.36 (KHTML, like Gecko) Chrome/147.0.0.0 Safari/537.36"
65.109.14.150 - - [27/May/2026:14:44:39 +0200] "GET /txets.php HTTP/1.1" 200 8 "-" "Mozilla/5.0 (Windows NT 10.0; Win64; x64) AppleWebKit/537.36 (KHTML, like Gecko) Chrome/147.0.0.0 Safari/537.36"
170.64.251.156 - - [27/May/2026:13:41:29 +0200] "GET /images/images/images/images/cache.php HTTP/1.1" 404 136 "-" "Mozilla/5.0 (Linux; Android 10; K) AppleWebKit/537.36 (KHTML, like Gecko) Chrome/147.0.0.0 Mobile Safari/537.36"
91.134.43.151 - - [27/May/2026:14:02:59 +0200] "GET /images/images/cache.php HTTP/1.1" 404 136 "-" "Mozilla/5.0 (Macintosh; Intel Mac OS X 10_15_7) AppleWebKit/605.1.15 (KHTML, like Gecko) Version/26.4 Safari/605.1.15"
68.183.245.101 - - [27/May/2026:14:03:00 +0200] "GET /images/images/cache.php HTTP/1.1" 404 136 "-" "Mozilla/5.0 (Macintosh; Intel Mac OS X 10_15_7) AppleWebKit/605.1.15 (KHTML, like Gecko) Version/26.4 Safari/605.1.15"
16.148.79.81 - - [27/May/2026:14:05:23 +0200] "GET /app HTTP/1.1" 200 0 "http://vertluberon.banque-du-temps.fr/" "Mozilla/5.0 (Windows NT 10.0; Win64; x64) AppleWebKit/537.36 (KHTML, like Gecko) Chrome/124.0.0.0 Safari/537.36 Edg/124.0.2478.80"
57.131.13.107 - - [27/May/2026:14:10:33 +0200] "GET /images/images/images/images/cache.php HTTP/1.1" 404 136 "-" "Mozilla/5.0 (Linux; Android 10; K) AppleWebKit/537.36 (KHTML, like Gecko) Chrome/147.0.0.0 Mobile Safari/537.36"
57.131.13.107 - - [27/May/2026:14:17:40 +0200] "GET /txets.php HTTP/1.1" 200 8 "-" "Mozilla/5.0 (Windows NT 10.0; Win64; x64) AppleWebKit/537.36 (KHTML, like Gecko) Chrome/147.0.0.0 Safari/537.36"
57.131.13.108 - - [27/May/2026:14:32:18 +0200] "GET /images/images/cache.php HTTP/1.1" 404 136 "-" "Mozilla/5.0 (Macintosh; Intel Mac OS X 10_15_7) AppleWebKit/605.1.15 (KHTML, like Gecko) Version/26.4 Safari/605.1.15"
209.50.228.93 - - [27/May/2026:14:32:19 +0200] "GET /images/images/cache.php HTTP/1.1" 404 136 "-" "Mozilla/5.0 (Macintosh; Intel Mac OS X 10_15_7) AppleWebKit/605.1.15 (KHTML, like Gecko) Version/26.4 Safari/605.1.15"
91.134.43.151 - - [27/May/2026:14:32:21 +0200] "GET /images/images/cache.php HTTP/1.1" 404 136 "-" "Mozilla/5.0 (Macintosh; Intel Mac OS X 10_15_7) AppleWebKit/605.1.15 (KHTML, like Gecko) Version/26.4 Safari/605.1.15"
23.82.96.182 - - [27/May/2026:14:39:30 +0200] "GET /images/images/images/images/cache.php HTTP/1.1" 404 136 "-" "Mozilla/5.0 (Linux; Android 10; K) AppleWebKit/537.36 (KHTML, like Gecko) Chrome/147.0.0.0 Mobile Safari/537.36"
57.131.13.107 - - [27/May/2026:14:44:35 +0200] "GET /txets.php HTTP/1.1" 200 8 "-" "Mozilla/5.0 (Windows NT 10.0; Win64; x64) AppleWebKit/537.36 (KHTML, like Gecko) Chrome/147.0.0.0 Safari/537.36"
23.80.89.38 - - [27/May/2026:14:44:37 +0200] "GET /txets.php HTTP/1.1" 200 8 "-" "Mozilla/5.0 (Windows NT 10.0; Win64; x64) AppleWebKit/537.36 (KHTML, like Gecko) Chrome/147.0.0.0 Safari/537.36"
57.131.13.108 - - [27/May/2026:14:59:23 +0200] "GET /images/images/cache.php HTTP/1.1" 404 136 "-" "Mozilla/5.0 (Macintosh; Intel Mac OS X 10_15_7) AppleWebKit/605.1.15 (KHTML, like Gecko) Version/26.4 Safari/605.1.15"
57.131.13.107 - - [27/May/2026:15:07:01 +0200] "GET /images/images/images/images/cache.php HTTP/1.1" 404 136 "-" "Mozilla/5.0 (Linux; Android 10; K) AppleWebKit/537.36 (KHTML, like Gecko) Chrome/147.0.0.0 Mobile Safari/537.36"
23.82.96.182 - - [27/May/2026:15:07:02 +0200] "GET /images/images/images/images/cache.php HTTP/1.1" 404 136 "-" "Mozilla/5.0 (Linux; Android 10; K) AppleWebKit/537.36 (KHTML, like Gecko) Chrome/147.0.0.0 Mobile Safari/537.36"
170.64.251.156 - - [27/May/2026:15:07:03 +0200] "GET /images/images/images/images/cache.php HTTP/1.1" 404 136 "-" "Mozilla/5.0 (Linux; Android 10; K) AppleWebKit/537.36 (KHTML, like Gecko) Chrome/147.0.0.0 Mobile Safari/537.36"
23.80.89.38 - - [27/May/2026:15:18:05 +0200] "GET /txets.php HTTP/1.1" 200 8 "-" "Mozilla/5.0 (Windows NT 10.0; Win64; x64) AppleWebKit/537.36 (KHTML, like Gecko) Chrome/147.0.0.0 Safari/537.36"
57.131.13.108 - - [27/May/2026:15:30:33 +0200] "GET /images/images/cache.php HTTP/1.1" 404 136 "-" "Mozilla/5.0 (Macintosh; Intel Mac OS X 10_15_7) AppleWebKit/605.1.15 (KHTML, like Gecko) Version/26.4 Safari/605.1.15"
68.183.245.101 - - [27/May/2026:14:59:24 +0200] "GET /images/images/cache.php HTTP/1.1" 404 136 "-" "Mozilla/5.0 (Macintosh; Intel Mac OS X 10_15_7) AppleWebKit/605.1.15 (KHTML, like Gecko) Version/26.4 Safari/605.1.15"
91.134.43.151 - - [27/May/2026:14:59:24 +0200] "GET /images/images/cache.php HTTP/1.1" 404 136 "-" "Mozilla/5.0 (Macintosh; Intel Mac OS X 10_15_7) AppleWebKit/605.1.15 (KHTML, like Gecko) Version/26.4 Safari/605.1.15"
13.38.13.6 - - [27/May/2026:15:06:59 +0200] "GET /images/images/images/images/cache.php HTTP/1.1" 404 136 "-" "Mozilla/5.0 (Linux; Android 10; K) AppleWebKit/537.36 (KHTML, like Gecko) Chrome/147.0.0.0 Mobile Safari/537.36"
