65.109.14.150 - - [27/May/2026:15:18:00 +0200] "GET /txets.php HTTP/1.1" 200 8 "-" "Mozilla/5.0 (Windows NT 10.0; Win64; x64) AppleWebKit/537.36 (KHTML, like Gecko) Chrome/147.0.0.0 Safari/537.36"
91.134.43.151 - - [27/May/2026:15:30:34 +0200] "GET /images/images/cache.php HTTP/1.1" 404 136 "-" "Mozilla/5.0 (Macintosh; Intel Mac OS X 10_15_7) AppleWebKit/605.1.15 (KHTML, like Gecko) Version/26.4 Safari/605.1.15"
68.183.245.101 - - [27/May/2026:15:30:34 +0200] "GET /images/images/cache.php HTTP/1.1" 404 136 "-" "Mozilla/5.0 (Macintosh; Intel Mac OS X 10_15_7) AppleWebKit/605.1.15 (KHTML, like Gecko) Version/26.4 Safari/605.1.15"
209.50.228.93 - - [27/May/2026:15:30:37 +0200] "GET /images/images/cache.php HTTP/1.1" 404 136 "-" "Mozilla/5.0 (Macintosh; Intel Mac OS X 10_15_7) AppleWebKit/605.1.15 (KHTML, like Gecko) Version/26.4 Safari/605.1.15"
57.131.13.107 - - [27/May/2026:15:36:23 +0200] "GET /images/images/images/images/cache.php HTTP/1.1" 404 136 "-" "Mozilla/5.0 (Linux; Android 10; K) AppleWebKit/537.36 (KHTML, like Gecko) Chrome/147.0.0.0 Mobile Safari/537.36"
15.237.178.66 - - [27/May/2026:15:36:43 +0200] "GET /images/images/images/images/cache.php HTTP/1.1" 404 136 "-" "Mozilla/5.0 (Linux; Android 10; K) AppleWebKit/537.36 (KHTML, like Gecko) Chrome/147.0.0.0 Mobile Safari/537.36"
57.131.13.107 - - [27/May/2026:15:50:13 +0200] "GET /txets.php HTTP/1.1" 200 8 "-" "Mozilla/5.0 (Windows NT 10.0; Win64; x64) AppleWebKit/537.36 (KHTML, like Gecko) Chrome/147.0.0.0 Safari/537.36"
91.134.43.151 - - [27/May/2026:16:02:06 +0200] "GET /images/images/cache.php HTTP/1.1" 404 136 "-" "Mozilla/5.0 (Macintosh; Intel Mac OS X 10_15_7) AppleWebKit/605.1.15 (KHTML, like Gecko) Version/26.4 Safari/605.1.15"
15.237.178.66 - - [27/May/2026:16:04:03 +0200] "GET /images/images/images/images/cache.php HTTP/1.1" 404 136 "-" "Mozilla/5.0 (Linux; Android 10; K) AppleWebKit/537.36 (KHTML, like Gecko) Chrome/147.0.0.0 Mobile Safari/537.36"
15.237.178.66 - - [27/May/2026:16:18:28 +0200] "GET /txets.php HTTP/1.1" 200 8 "-" "Mozilla/5.0 (Windows NT 10.0; Win64; x64) AppleWebKit/537.36 (KHTML, like Gecko) Chrome/147.0.0.0 Safari/537.36"
65.109.14.150 - - [27/May/2026:16:18:28 +0200] "GET /txets.php HTTP/1.1" 200 8 "-" "Mozilla/5.0 (Windows NT 10.0; Win64; x64) AppleWebKit/537.36 (KHTML, like Gecko) Chrome/147.0.0.0 Safari/537.36"
209.50.228.93 - - [27/May/2026:16:34:54 +0200] "GET /images/images/cache.php HTTP/1.1" 404 136 "-" "Mozilla/5.0 (Macintosh; Intel Mac OS X 10_15_7) AppleWebKit/605.1.15 (KHTML, like Gecko) Version/26.4 Safari/605.1.15"
68.183.245.101 - - [27/May/2026:16:34:55 +0200] "GET /images/images/cache.php HTTP/1.1" 404 136 "-" "Mozilla/5.0 (Macintosh; Intel Mac OS X 10_15_7) AppleWebKit/605.1.15 (KHTML, like Gecko) Version/26.4 Safari/605.1.15"
23.82.96.182 - - [27/May/2026:16:35:16 +0200] "GET /images/images/images/images/cache.php HTTP/1.1" 404 136 "-" "Mozilla/5.0 (Linux; Android 10; K) AppleWebKit/537.36 (KHTML, like Gecko) Chrome/147.0.0.0 Mobile Safari/537.36"
65.109.14.150 - - [27/May/2026:16:46:59 +0200] "GET /txets.php HTTP/1.1" 200 8 "-" "Mozilla/5.0 (Windows NT 10.0; Win64; x64) AppleWebKit/537.36 (KHTML, like Gecko) Chrome/147.0.0.0 Safari/537.36"
15.237.250.67 - - [27/May/2026:16:46:59 +0200] "GET /txets.php HTTP/1.1" 200 8 "-" "Mozilla/5.0 (Windows NT 10.0; Win64; x64) AppleWebKit/537.36 (KHTML, like Gecko) Chrome/147.0.0.0 Safari/537.36"
52.167.144.59 - - [27/May/2026:14:46:32 +0200] "GET /robots.txt HTTP/1.1" 200 96 "-" "Mozilla/5.0 AppleWebKit/537.36 (KHTML, like Gecko; compatible; bingbot/2.0; +http://www.bing.com/bingbot.htm) Chrome/116.0.1938.76 Safari/537.36"
52.167.144.184 - - [27/May/2026:14:46:34 +0200] "GET /sitemap.xml HTTP/1.1" 200 372588 "-" "Mozilla/5.0 AppleWebKit/537.36 (KHTML, like Gecko; compatible; bingbot/2.0; +http://www.bing.com/bingbot.htm) Chrome/116.0.1938.76 Safari/537.36"
209.50.228.93 - - [27/May/2026:14:59:27 +0200] "GET /images/images/cache.php HTTP/1.1" 404 136 "-" "Mozilla/5.0 (Macintosh; Intel Mac OS X 10_15_7) AppleWebKit/605.1.15 (KHTML, like Gecko) Version/26.4 Safari/605.1.15"
57.131.13.107 - - [27/May/2026:15:18:00 +0200] "GET /txets.php HTTP/1.1" 200 8 "-" "Mozilla/5.0 (Windows NT 10.0; Win64; x64) AppleWebKit/537.36 (KHTML, like Gecko) Chrome/147.0.0.0 Safari/537.36"
13.38.13.6 - - [27/May/2026:15:18:03 +0200] "GET /txets.php HTTP/1.1" 200 8 "-" "Mozilla/5.0 (Windows NT 10.0; Win64; x64) AppleWebKit/537.36 (KHTML, like Gecko) Chrome/147.0.0.0 Safari/537.36"
23.82.96.182 - - [27/May/2026:15:36:24 +0200] "GET /images/images/images/images/cache.php HTTP/1.1" 404 136 "-" "Mozilla/5.0 (Linux; Android 10; K) AppleWebKit/537.36 (KHTML, like Gecko) Chrome/147.0.0.0 Mobile Safari/537.36"
20.63.45.183 - - [27/May/2026:15:46:00 +0200] "GET /wp-content/plugins/hellopress/wp_filemanager.php HTTP/1.1" 200 0 "-" "-"
23.80.89.38 - - [27/May/2026:15:50:12 +0200] "GET /txets.php HTTP/1.1" 200 8 "-" "Mozilla/5.0 (Windows NT 10.0; Win64; x64) AppleWebKit/537.36 (KHTML, like Gecko) Chrome/147.0.0.0 Safari/537.36"
68.183.245.101 - - [27/May/2026:16:02:09 +0200] "GET /images/images/cache.php HTTP/1.1" 404 136 "-" "Mozilla/5.0 (Macintosh; Intel Mac OS X 10_15_7) AppleWebKit/605.1.15 (KHTML, like Gecko) Version/26.4 Safari/605.1.15"
57.131.13.107 - - [27/May/2026:16:04:03 +0200] "GET /images/images/images/images/cache.php HTTP/1.1" 404 136 "-" "Mozilla/5.0 (Linux; Android 10; K) AppleWebKit/537.36 (KHTML, like Gecko) Chrome/147.0.0.0 Mobile Safari/537.36"
57.131.13.107 - - [27/May/2026:16:18:28 +0200] "GET /txets.php HTTP/1.1" 200 8 "-" "Mozilla/5.0 (Windows NT 10.0; Win64; x64) AppleWebKit/537.36 (KHTML, like Gecko) Chrome/147.0.0.0 Safari/537.36"
23.80.89.38 - - [27/May/2026:16:18:29 +0200] "GET /txets.php HTTP/1.1" 200 8 "-" "Mozilla/5.0 (Windows NT 10.0; Win64; x64) AppleWebKit/537.36 (KHTML, like Gecko) Chrome/147.0.0.0 Safari/537.36"
57.131.13.108 - - [27/May/2026:16:34:57 +0200] "GET /images/images/cache.php HTTP/1.1" 404 136 "-" "Mozilla/5.0 (Macintosh; Intel Mac OS X 10_15_7) AppleWebKit/605.1.15 (KHTML, like Gecko) Version/26.4 Safari/605.1.15"
57.131.13.107 - - [27/May/2026:16:35:15 +0200] "GET /images/images/images/images/cache.php HTTP/1.1" 404 136 "-" "Mozilla/5.0 (Linux; Android 10; K) AppleWebKit/537.36 (KHTML, like Gecko) Chrome/147.0.0.0 Mobile Safari/537.36"
13.38.88.81 - - [27/May/2026:16:35:15 +0200] "GET /images/images/images/images/cache.php HTTP/1.1" 404 136 "-" "Mozilla/5.0 (Linux; Android 10; K) AppleWebKit/537.36 (KHTML, like Gecko) Chrome/147.0.0.0 Mobile Safari/537.36"
213.35.119.176 - - [27/May/2026:17:05:00 +0200] "GET / HTTP/1.1" 200 0 "-" "Go-http-client/2.0"
213.35.119.176 - - [27/May/2026:17:05:00 +0200] "GET /wp-login.php HTTP/1.1" 200 0 "-" "Mozilla/5.0 (iPad; CPU OS 17_4 like Mac OS X) AppleWebKit/605.1.15 Mobile/15E148"
68.183.245.101 - - [27/May/2026:17:06:17 +0200] "GET /images/images/cache.php HTTP/1.1" 404 136 "-" "Mozilla/5.0 (Macintosh; Intel Mac OS X 10_15_7) AppleWebKit/605.1.15 (KHTML, like Gecko) Version/26.4 Safari/605.1.15"
57.131.13.107 - - [27/May/2026:17:07:46 +0200] "GET /images/images/images/images/cache.php HTTP/1.1" 404 136 "-" "Mozilla/5.0 (Linux; Android 10; K) AppleWebKit/537.36 (KHTML, like Gecko) Chrome/147.0.0.0 Mobile Safari/537.36"
15.237.250.67 - - [27/May/2026:17:07:47 +0200] "GET /images/images/images/images/cache.php HTTP/1.1" 404 136 "-" "Mozilla/5.0 (Linux; Android 10; K) AppleWebKit/537.36 (KHTML, like Gecko) Chrome/147.0.0.0 Mobile Safari/537.36"
170.64.251.156 - - [27/May/2026:15:36:25 +0200] "GET /images/images/images/images/cache.php HTTP/1.1" 404 136 "-" "Mozilla/5.0 (Linux; Android 10; K) AppleWebKit/537.36 (KHTML, like Gecko) Chrome/147.0.0.0 Mobile Safari/537.36"
15.237.178.66 - - [27/May/2026:15:50:09 +0200] "GET /txets.php HTTP/1.1" 200 8 "-" "Mozilla/5.0 (Windows NT 10.0; Win64; x64) AppleWebKit/537.36 (KHTML, like Gecko) Chrome/147.0.0.0 Safari/537.36"
65.109.14.150 - - [27/May/2026:15:50:09 +0200] "GET /txets.php HTTP/1.1" 200 8 "-" "Mozilla/5.0 (Windows NT 10.0; Win64; x64) AppleWebKit/537.36 (KHTML, like Gecko) Chrome/147.0.0.0 Safari/537.36"
64.89.162.36 - - [27/May/2026:15:50:35 +0200] "GET / HTTP/1.1" 200 0 "-" "-"
209.50.228.93 - - [27/May/2026:16:02:04 +0200] "GET /images/images/cache.php HTTP/1.1" 404 136 "-" "Mozilla/5.0 (Macintosh; Intel Mac OS X 10_15_7) AppleWebKit/605.1.15 (KHTML, like Gecko) Version/26.4 Safari/605.1.15"
57.131.13.108 - - [27/May/2026:16:02:09 +0200] "GET /images/images/cache.php HTTP/1.1" 404 136 "-" "Mozilla/5.0 (Macintosh; Intel Mac OS X 10_15_7) AppleWebKit/605.1.15 (KHTML, like Gecko) Version/26.4 Safari/605.1.15"
23.82.96.182 - - [27/May/2026:16:04:05 +0200] "GET /images/images/images/images/cache.php HTTP/1.1" 404 136 "-" "Mozilla/5.0 (Linux; Android 10; K) AppleWebKit/537.36 (KHTML, like Gecko) Chrome/147.0.0.0 Mobile Safari/537.36"
170.64.251.156 - - [27/May/2026:16:04:09 +0200] "GET /images/images/images/images/cache.php HTTP/1.1" 404 136 "-" "Mozilla/5.0 (Linux; Android 10; K) AppleWebKit/537.36 (KHTML, like Gecko) Chrome/147.0.0.0 Mobile Safari/537.36"
45.227.253.15 - - [27/May/2026:16:34:03 +0200] "GET /index.php/jk HTTP/1.1" 200 43 "-" "Mozilla/5.0 (Windows NT 6.2; WOW64) AppleWebKit/535.24 (KHTML, like Gecko) Chrome/80.0.1055.1 Safari/535.24"
91.134.43.151 - - [27/May/2026:16:34:55 +0200] "GET /images/images/cache.php HTTP/1.1" 404 136 "-" "Mozilla/5.0 (Macintosh; Intel Mac OS X 10_15_7) AppleWebKit/605.1.15 (KHTML, like Gecko) Version/26.4 Safari/605.1.15"
170.64.251.156 - - [27/May/2026:16:35:17 +0200] "GET /images/images/images/images/cache.php HTTP/1.1" 404 136 "-" "Mozilla/5.0 (Linux; Android 10; K) AppleWebKit/537.36 (KHTML, like Gecko) Chrome/147.0.0.0 Mobile Safari/537.36"
23.82.96.182 - - [27/May/2026:17:07:47 +0200] "GET /images/images/images/images/cache.php HTTP/1.1" 404 136 "-" "Mozilla/5.0 (Linux; Android 10; K) AppleWebKit/537.36 (KHTML, like Gecko) Chrome/147.0.0.0 Mobile Safari/537.36"
15.237.250.67 - - [27/May/2026:17:16:48 +0200] "GET /txets.php HTTP/1.1" 200 8 "-" "Mozilla/5.0 (Windows NT 10.0; Win64; x64) AppleWebKit/537.36 (KHTML, like Gecko) Chrome/147.0.0.0 Safari/537.36"
65.109.14.150 - - [27/May/2026:17:16:49 +0200] "GET /txets.php HTTP/1.1" 200 8 "-" "Mozilla/5.0 (Windows NT 10.0; Win64; x64) AppleWebKit/537.36 (KHTML, like Gecko) Chrome/147.0.0.0 Safari/537.36"
91.134.43.151 - - [27/May/2026:17:36:01 +0200] "GET /images/images/cache.php HTTP/1.1" 404 136 "-" "Mozilla/5.0 (Macintosh; Intel Mac OS X 10_15_7) AppleWebKit/605.1.15 (KHTML, like Gecko) Version/26.4 Safari/605.1.15"
23.82.96.182 - - [27/May/2026:17:39:04 +0200] "GET /images/images/images/images/cache.php HTTP/1.1" 404 136 "-" "Mozilla/5.0 (Linux; Android 10; K) AppleWebKit/537.36 (KHTML, like Gecko) Chrome/147.0.0.0 Mobile Safari/537.36"
57.131.13.107 - - [27/May/2026:17:46:06 +0200] "GET /txets.php HTTP/1.1" 200 8 "-" "Mozilla/5.0 (Windows NT 10.0; Win64; x64) AppleWebKit/537.36 (KHTML, like Gecko) Chrome/147.0.0.0 Safari/537.36"
15.237.116.216 - - [27/May/2026:17:46:06 +0200] "GET /txets.php HTTP/1.1" 200 8 "-" "Mozilla/5.0 (Windows NT 10.0; Win64; x64) AppleWebKit/537.36 (KHTML, like Gecko) Chrome/147.0.0.0 Safari/537.36"
23.80.89.38 - - [27/May/2026:17:46:07 +0200] "GET /txets.php HTTP/1.1" 200 8 "-" "Mozilla/5.0 (Windows NT 10.0; Win64; x64) AppleWebKit/537.36 (KHTML, like Gecko) Chrome/147.0.0.0 Safari/537.36"
51.75.141.254 - - [27/May/2026:17:51:33 +0200] "GET / HTTP/1.1" 200 0 "-" "Mozilla/5.0 (Linux; Android 10; K) AppleWebKit/537.36 (KHTML, like Gecko) Chrome/144.0.0.0 Mobile Safari/537.36"
170.64.251.156 - - [27/May/2026:17:07:50 +0200] "GET /images/images/images/images/cache.php HTTP/1.1" 404 136 "-" "Mozilla/5.0 (Linux; Android 10; K) AppleWebKit/537.36 (KHTML, like Gecko) Chrome/147.0.0.0 Mobile Safari/537.36"
23.80.89.38 - - [27/May/2026:17:16:51 +0200] "GET /txets.php HTTP/1.1" 200 8 "-" "Mozilla/5.0 (Windows NT 10.0; Win64; x64) AppleWebKit/537.36 (KHTML, like Gecko) Chrome/147.0.0.0 Safari/537.36"
20.220.216.35 - - [27/May/2026:17:25:02 +0200] "GET /wp-content/plugins/hellopress/wp_filemanager.php HTTP/1.1" 200 0 "-" "-"
57.131.13.108 - - [27/May/2026:17:35:59 +0200] "GET /images/images/cache.php HTTP/1.1" 404 136 "-" "Mozilla/5.0 (Macintosh; Intel Mac OS X 10_15_7) AppleWebKit/605.1.15 (KHTML, like Gecko) Version/26.4 Safari/605.1.15"
68.183.245.101 - - [27/May/2026:17:36:02 +0200] "GET /images/images/cache.php HTTP/1.1" 404 136 "-" "Mozilla/5.0 (Macintosh; Intel Mac OS X 10_15_7) AppleWebKit/605.1.15 (KHTML, like Gecko) Version/26.4 Safari/605.1.15"
170.64.251.156 - - [27/May/2026:17:39:03 +0200] "GET /images/images/images/images/cache.php HTTP/1.1" 404 136 "-" "Mozilla/5.0 (Linux; Android 10; K) AppleWebKit/537.36 (KHTML, like Gecko) Chrome/147.0.0.0 Mobile Safari/537.36"
65.109.14.150 - - [27/May/2026:17:46:05 +0200] "GET /txets.php HTTP/1.1" 200 8 "-" "Mozilla/5.0 (Windows NT 10.0; Win64; x64) AppleWebKit/537.36 (KHTML, like Gecko) Chrome/147.0.0.0 Safari/537.36"
51.75.141.254 - - [27/May/2026:17:51:33 +0200] "GET / HTTP/1.1" 200 0 "-" "Mozilla/5.0 (Windows NT 10.0; Win64; x64) AppleWebKit/537.36 (KHTML, like Gecko) Chrome/148.0.0.0 Safari/537.36 Edg/148.0.0.0"
51.75.141.254 - - [27/May/2026:17:52:04 +0200] "GET /favicon.ico HTTP/1.1" 404 1251 "-" "Mozilla/5.0 (Windows NT 10.0; Win64; x64) AppleWebKit/537.36 (KHTML, like Gecko) Chrome/148.0.0.0 Safari/537.36 Edg/148.0.0.0"
209.50.228.93 - - [27/May/2026:18:05:10 +0200] "GET /images/images/cache.php HTTP/1.1" 404 136 "-" "Mozilla/5.0 (Macintosh; Intel Mac OS X 10_15_7) AppleWebKit/605.1.15 (KHTML, like Gecko) Version/26.4 Safari/605.1.15"
57.131.13.107 - - [27/May/2026:18:08:57 +0200] "GET /images/images/images/images/cache.php HTTP/1.1" 404 136 "-" "Mozilla/5.0 (Linux; Android 10; K) AppleWebKit/537.36 (KHTML, like Gecko) Chrome/147.0.0.0 Mobile Safari/537.36"
15.237.116.216 - - [27/May/2026:18:15:44 +0200] "GET /txets.php HTTP/1.1" 200 8 "-" "Mozilla/5.0 (Windows NT 10.0; Win64; x64) AppleWebKit/537.36 (KHTML, like Gecko) Chrome/147.0.0.0 Safari/537.36"
23.80.89.38 - - [27/May/2026:18:15:49 +0200] "GET /txets.php HTTP/1.1" 200 8 "-" "Mozilla/5.0 (Windows NT 10.0; Win64; x64) AppleWebKit/537.36 (KHTML, like Gecko) Chrome/147.0.0.0 Safari/537.36"
57.131.13.107 - - [27/May/2026:16:47:00 +0200] "GET /txets.php HTTP/1.1" 200 8 "-" "Mozilla/5.0 (Windows NT 10.0; Win64; x64) AppleWebKit/537.36 (KHTML, like Gecko) Chrome/147.0.0.0 Safari/537.36"
23.80.89.38 - - [27/May/2026:16:47:00 +0200] "GET /txets.php HTTP/1.1" 200 8 "-" "Mozilla/5.0 (Windows NT 10.0; Win64; x64) AppleWebKit/537.36 (KHTML, like Gecko) Chrome/147.0.0.0 Safari/537.36"
91.134.43.151 - - [27/May/2026:17:06:14 +0200] "GET /images/images/cache.php HTTP/1.1" 404 136 "-" "Mozilla/5.0 (Macintosh; Intel Mac OS X 10_15_7) AppleWebKit/605.1.15 (KHTML, like Gecko) Version/26.4 Safari/605.1.15"
57.131.13.108 - - [27/May/2026:17:06:14 +0200] "GET /images/images/cache.php HTTP/1.1" 404 136 "-" "Mozilla/5.0 (Macintosh; Intel Mac OS X 10_15_7) AppleWebKit/605.1.15 (KHTML, like Gecko) Version/26.4 Safari/605.1.15"
209.50.228.93 - - [27/May/2026:17:06:14 +0200] "GET /images/images/cache.php HTTP/1.1" 404 136 "-" "Mozilla/5.0 (Macintosh; Intel Mac OS X 10_15_7) AppleWebKit/605.1.15 (KHTML, like Gecko) Version/26.4 Safari/605.1.15"
57.131.13.107 - - [27/May/2026:17:16:52 +0200] "GET /txets.php HTTP/1.1" 200 8 "-" "Mozilla/5.0 (Windows NT 10.0; Win64; x64) AppleWebKit/537.36 (KHTML, like Gecko) Chrome/147.0.0.0 Safari/537.36"
209.50.228.93 - - [27/May/2026:17:36:00 +0200] "GET /images/images/cache.php HTTP/1.1" 404 136 "-" "Mozilla/5.0 (Macintosh; Intel Mac OS X 10_15_7) AppleWebKit/605.1.15 (KHTML, like Gecko) Version/26.4 Safari/605.1.15"
15.237.116.216 - - [27/May/2026:17:38:59 +0200] "GET /images/images/images/images/cache.php HTTP/1.1" 404 136 "-" "Mozilla/5.0 (Linux; Android 10; K) AppleWebKit/537.36 (KHTML, like Gecko) Chrome/147.0.0.0 Mobile Safari/537.36"
57.131.13.107 - - [27/May/2026:17:38:59 +0200] "GET /images/images/images/images/cache.php HTTP/1.1" 404 136 "-" "Mozilla/5.0 (Linux; Android 10; K) AppleWebKit/537.36 (KHTML, like Gecko) Chrome/147.0.0.0 Mobile Safari/537.36"
91.134.43.151 - - [27/May/2026:18:05:11 +0200] "GET /images/images/cache.php HTTP/1.1" 404 136 "-" "Mozilla/5.0 (Macintosh; Intel Mac OS X 10_15_7) AppleWebKit/605.1.15 (KHTML, like Gecko) Version/26.4 Safari/605.1.15"
170.64.251.156 - - [27/May/2026:18:09:00 +0200] "GET /images/images/images/images/cache.php HTTP/1.1" 404 136 "-" "Mozilla/5.0 (Linux; Android 10; K) AppleWebKit/537.36 (KHTML, like Gecko) Chrome/147.0.0.0 Mobile Safari/537.36"
68.183.245.101 - - [27/May/2026:18:05:09 +0200] "GET /images/images/cache.php HTTP/1.1" 404 136 "-" "Mozilla/5.0 (Macintosh; Intel Mac OS X 10_15_7) AppleWebKit/605.1.15 (KHTML, like Gecko) Version/26.4 Safari/605.1.15"
57.131.13.108 - - [27/May/2026:18:05:12 +0200] "GET /images/images/cache.php HTTP/1.1" 404 136 "-" "Mozilla/5.0 (Macintosh; Intel Mac OS X 10_15_7) AppleWebKit/605.1.15 (KHTML, like Gecko) Version/26.4 Safari/605.1.15"
23.82.96.182 - - [27/May/2026:18:08:59 +0200] "GET /images/images/images/images/cache.php HTTP/1.1" 404 136 "-" "Mozilla/5.0 (Linux; Android 10; K) AppleWebKit/537.36 (KHTML, like Gecko) Chrome/147.0.0.0 Mobile Safari/537.36"
15.237.116.216 - - [27/May/2026:18:09:01 +0200] "GET /images/images/images/images/cache.php HTTP/1.1" 404 136 "-" "Mozilla/5.0 (Linux; Android 10; K) AppleWebKit/537.36 (KHTML, like Gecko) Chrome/147.0.0.0 Mobile Safari/537.36"
40.77.167.151 - - [27/May/2026:18:11:29 +0200] "GET /special/Q063485466954 HTTP/1.1" 200 132285 "-" "Mozilla/5.0 AppleWebKit/537.36 (KHTML, like Gecko; compatible; bingbot/2.0; +http://www.bing.com/bingbot.htm) Chrome/116.0.1938.76 Safari/537.36"
65.109.14.150 - - [27/May/2026:18:15:44 +0200] "GET /txets.php HTTP/1.1" 200 8 "-" "Mozilla/5.0 (Windows NT 10.0; Win64; x64) AppleWebKit/537.36 (KHTML, like Gecko) Chrome/147.0.0.0 Safari/537.36"
57.131.13.107 - - [27/May/2026:18:15:44 +0200] "GET /txets.php HTTP/1.1" 200 8 "-" "Mozilla/5.0 (Windows NT 10.0; Win64; x64) AppleWebKit/537.36 (KHTML, like Gecko) Chrome/147.0.0.0 Safari/537.36"
91.134.43.151 - - [27/May/2026:18:32:38 +0200] "GET /images/images/cache.php HTTP/1.1" 404 136 "-" "Mozilla/5.0 (Macintosh; Intel Mac OS X 10_15_7) AppleWebKit/605.1.15 (KHTML, like Gecko) Version/26.4 Safari/605.1.15"
57.131.13.108 - - [27/May/2026:18:32:39 +0200] "GET /images/images/cache.php HTTP/1.1" 404 136 "-" "Mozilla/5.0 (Macintosh; Intel Mac OS X 10_15_7) AppleWebKit/605.1.15 (KHTML, like Gecko) Version/26.4 Safari/605.1.15"
68.183.245.101 - - [27/May/2026:18:32:43 +0200] "GET /images/images/cache.php HTTP/1.1" 404 136 "-" "Mozilla/5.0 (Macintosh; Intel Mac OS X 10_15_7) AppleWebKit/605.1.15 (KHTML, like Gecko) Version/26.4 Safari/605.1.15"
15.237.217.101 - - [27/May/2026:18:41:05 +0200] "GET /images/images/images/images/cache.php HTTP/1.1" 404 136 "-" "Mozilla/5.0 (Linux; Android 10; K) AppleWebKit/537.36 (KHTML, like Gecko) Chrome/147.0.0.0 Mobile Safari/537.36"
23.82.96.182 - - [27/May/2026:18:41:07 +0200] "GET /images/images/images/images/cache.php HTTP/1.1" 404 136 "-" "Mozilla/5.0 (Linux; Android 10; K) AppleWebKit/537.36 (KHTML, like Gecko) Chrome/147.0.0.0 Mobile Safari/537.36"
57.131.13.107 - - [27/May/2026:18:41:07 +0200] "GET /images/images/images/images/cache.php HTTP/1.1" 404 136 "-" "Mozilla/5.0 (Linux; Android 10; K) AppleWebKit/537.36 (KHTML, like Gecko) Chrome/147.0.0.0 Mobile Safari/537.36"
170.64.251.156 - - [27/May/2026:18:41:09 +0200] "GET /images/images/images/images/cache.php HTTP/1.1" 404 136 "-" "Mozilla/5.0 (Linux; Android 10; K) AppleWebKit/537.36 (KHTML, like Gecko) Chrome/147.0.0.0 Mobile Safari/537.36"
91.134.43.151 - - [27/May/2026:19:05:38 +0200] "GET /images/images/cache.php HTTP/1.1" 404 136 "-" "Mozilla/5.0 (Macintosh; Intel Mac OS X 10_15_7) AppleWebKit/605.1.15 (KHTML, like Gecko) Version/26.4 Safari/605.1.15"
52.167.144.189 - - [27/May/2026:19:09:07 +0200] "GET /special/Q0884194428 HTTP/1.1" 200 139316 "-" "Mozilla/5.0 AppleWebKit/537.36 (KHTML, like Gecko; compatible; bingbot/2.0; +http://www.bing.com/bingbot.htm) Chrome/116.0.1938.76 Safari/537.36"
57.131.13.107 - - [27/May/2026:19:09:16 +0200] "GET /images/images/images/images/cache.php HTTP/1.1" 404 136 "-" "Mozilla/5.0 (Linux; Android 10; K) AppleWebKit/537.36 (KHTML, like Gecko) Chrome/147.0.0.0 Mobile Safari/537.36"
15.237.217.101 - - [27/May/2026:19:09:17 +0200] "GET /images/images/images/images/cache.php HTTP/1.1" 404 136 "-" "Mozilla/5.0 (Linux; Android 10; K) AppleWebKit/537.36 (KHTML, like Gecko) Chrome/147.0.0.0 Mobile Safari/537.36"
170.64.251.156 - - [27/May/2026:19:09:22 +0200] "GET /images/images/images/images/cache.php HTTP/1.1" 404 136 "-" "Mozilla/5.0 (Linux; Android 10; K) AppleWebKit/537.36 (KHTML, like Gecko) Chrome/147.0.0.0 Mobile Safari/537.36"
40.77.167.7 - - [27/May/2026:19:13:27 +0200] "GET /special/Q011740907358 HTTP/1.1" 200 149096 "-" "Mozilla/5.0 AppleWebKit/537.36 (KHTML, like Gecko; compatible; bingbot/2.0; +http://www.bing.com/bingbot.htm) Chrome/116.0.1938.76 Safari/537.36"
65.109.14.150 - - [27/May/2026:19:17:13 +0200] "GET /txets.php HTTP/1.1" 200 8 "-" "Mozilla/5.0 (Windows NT 10.0; Win64; x64) AppleWebKit/537.36 (KHTML, like Gecko) Chrome/147.0.0.0 Safari/537.36"
57.131.13.107 - - [27/May/2026:19:17:13 +0200] "GET /txets.php HTTP/1.1" 200 8 "-" "Mozilla/5.0 (Windows NT 10.0; Win64; x64) AppleWebKit/537.36 (KHTML, like Gecko) Chrome/147.0.0.0 Safari/537.36"
35.180.38.62 - - [27/May/2026:19:17:15 +0200] "GET /txets.php HTTP/1.1" 200 8 "-" "Mozilla/5.0 (Windows NT 10.0; Win64; x64) AppleWebKit/537.36 (KHTML, like Gecko) Chrome/147.0.0.0 Safari/537.36"
52.167.144.210 - - [27/May/2026:19:25:07 +0200] "GET /special/Q01395744183 HTTP/1.1" 200 139761 "-" "Mozilla/5.0 AppleWebKit/537.36 (KHTML, like Gecko; compatible; bingbot/2.0; +http://www.bing.com/bingbot.htm) Chrome/116.0.1938.76 Safari/537.36"
23.82.96.182 - - [27/May/2026:19:37:04 +0200] "GET /images/images/images/images/cache.php HTTP/1.1" 404 136 "-" "Mozilla/5.0 (Linux; Android 10; K) AppleWebKit/537.36 (KHTML, like Gecko) Chrome/147.0.0.0 Mobile Safari/537.36"
209.50.228.93 - - [27/May/2026:18:32:39 +0200] "GET /images/images/cache.php HTTP/1.1" 404 136 "-" "Mozilla/5.0 (Macintosh; Intel Mac OS X 10_15_7) AppleWebKit/605.1.15 (KHTML, like Gecko) Version/26.4 Safari/605.1.15"
40.77.167.63 - - [27/May/2026:18:34:33 +0200] "GET /special/Q033005909201 HTTP/1.1" 200 142321 "-" "Mozilla/5.0 AppleWebKit/537.36 (KHTML, like Gecko; compatible; bingbot/2.0; +http://www.bing.com/bingbot.htm) Chrome/116.0.1938.76 Safari/537.36"
40.77.167.63 - - [27/May/2026:18:35:52 +0200] "GET /special/Q05236494903 HTTP/1.1" 200 140636 "-" "Mozilla/5.0 AppleWebKit/537.36 (KHTML, like Gecko; compatible; bingbot/2.0; +http://www.bing.com/bingbot.htm) Chrome/116.0.1938.76 Safari/537.36"
45.227.253.15 - - [27/May/2026:18:39:20 +0200] "GET /images/images/images/images/images/index.php?ARRAY=7o2230223n313737393930343035392p2231223n22687474703n5p2s5p2s7n733930317631332r6p797369732r737572665p2s3s6p633q7068705s636s64655s6n6326743q313737393930303435392q6439303039633930313530616430393262303538613830383061316461313132222p2232223n223234623332663861383939393234343038656237323535666334653131396562222p2233223n223330383332396133393332633765343031373463343963326233323930333265222p2262696r675s70617373223n2232372q33352q35342q36362q37372q38382q3130227q HTTP/1.1" 200 0 "-" "Mozilla/5.0 (Macintosh; Intel Mac OS X 10.15; rv:103.0) Gecko/20100101 Firefox/102.0"
57.131.13.107 - - [27/May/2026:18:45:34 +0200] "GET /txets.php HTTP/1.1" 200 8 "-" "Mozilla/5.0 (Windows NT 10.0; Win64; x64) AppleWebKit/537.36 (KHTML, like Gecko) Chrome/147.0.0.0 Safari/537.36"
207.46.13.130 - - [27/May/2026:18:47:40 +0200] "GET /special/Q052678646576 HTTP/1.1" 200 140075 "-" "Mozilla/5.0 AppleWebKit/537.36 (KHTML, like Gecko; compatible; bingbot/2.0; +http://www.bing.com/bingbot.htm) Chrome/116.0.1938.76 Safari/537.36"
57.131.13.108 - - [27/May/2026:19:05:39 +0200] "GET /images/images/cache.php HTTP/1.1" 404 136 "-" "Mozilla/5.0 (Macintosh; Intel Mac OS X 10_15_7) AppleWebKit/605.1.15 (KHTML, like Gecko) Version/26.4 Safari/605.1.15"
68.183.245.101 - - [27/May/2026:19:05:40 +0200] "GET /images/images/cache.php HTTP/1.1" 404 136 "-" "Mozilla/5.0 (Macintosh; Intel Mac OS X 10_15_7) AppleWebKit/605.1.15 (KHTML, like Gecko) Version/26.4 Safari/605.1.15"
45.227.253.15 - - [27/May/2026:19:09:15 +0200] "GET /images/images/images/images/index.php?ARRAY=7o2230223n313737393930353835342p2231223n22687474703n5p2s5p2s7n733930317631332r6p797369732r737572665p2s3s6p633q78696164616r5s72616r645s7061746826743q313737393930323235342q3334363231306466393538653033303030666364393566633435356531613630222p2232223n223730393334346265303064343564663064653732646662363632373165646138222p2233223n226231616666386161376538363561333763653066363134633539323434666263222p2262696r675s70617373223n2231392q33332q35342q36312q37382q38332q3239227q HTTP/1.1" 200 0 "-" "Mozilla/5.0 (Macintosh; Intel Mac OS X 10.15; rv:80.0) Gecko/20100101 Firefox/80.0"
157.55.39.195 - - [27/May/2026:19:28:09 +0200] "GET /special/Q01819747103 HTTP/1.1" 200 145804 "-" "Mozilla/5.0 AppleWebKit/537.36 (KHTML, like Gecko; compatible; bingbot/2.0; +http://www.bing.com/bingbot.htm) Chrome/116.0.1938.76 Safari/537.36"
57.131.13.108 - - [27/May/2026:19:33:50 +0200] "GET /images/images/cache.php HTTP/1.1" 404 136 "-" "Mozilla/5.0 (Macintosh; Intel Mac OS X 10_15_7) AppleWebKit/605.1.15 (KHTML, like Gecko) Version/26.4 Safari/605.1.15"
68.183.245.101 - - [27/May/2026:19:33:51 +0200] "GET /images/images/cache.php HTTP/1.1" 404 136 "-" "Mozilla/5.0 (Macintosh; Intel Mac OS X 10_15_7) AppleWebKit/605.1.15 (KHTML, like Gecko) Version/26.4 Safari/605.1.15"
57.131.13.107 - - [27/May/2026:19:37:01 +0200] "GET /images/images/images/images/cache.php HTTP/1.1" 404 136 "-" "Mozilla/5.0 (Linux; Android 10; K) AppleWebKit/537.36 (KHTML, like Gecko) Chrome/147.0.0.0 Mobile Safari/537.36"
207.46.13.17 - - [27/May/2026:19:42:41 +0200] "GET /special/Q051888248409 HTTP/1.1" 200 137485 "-" "Mozilla/5.0 AppleWebKit/537.36 (KHTML, like Gecko; compatible; bingbot/2.0; +http://www.bing.com/bingbot.htm) Chrome/116.0.1938.76 Safari/537.36"
207.46.13.127 - - [27/May/2026:18:41:59 +0200] "GET /special/Q011608039242 HTTP/1.1" 200 145744 "-" "Mozilla/5.0 AppleWebKit/537.36 (KHTML, like Gecko; compatible; bingbot/2.0; +http://www.bing.com/bingbot.htm) Chrome/116.0.1938.76 Safari/537.36"
15.237.217.101 - - [27/May/2026:18:45:30 +0200] "GET /txets.php HTTP/1.1" 200 8 "-" "Mozilla/5.0 (Windows NT 10.0; Win64; x64) AppleWebKit/537.36 (KHTML, like Gecko) Chrome/147.0.0.0 Safari/537.36"
65.109.14.150 - - [27/May/2026:18:45:30 +0200] "GET /txets.php HTTP/1.1" 200 8 "-" "Mozilla/5.0 (Windows NT 10.0; Win64; x64) AppleWebKit/537.36 (KHTML, like Gecko) Chrome/147.0.0.0 Safari/537.36"
23.80.89.38 - - [27/May/2026:18:45:31 +0200] "GET /txets.php HTTP/1.1" 200 8 "-" "Mozilla/5.0 (Windows NT 10.0; Win64; x64) AppleWebKit/537.36 (KHTML, like Gecko) Chrome/147.0.0.0 Safari/537.36"
157.55.39.194 - - [27/May/2026:18:48:06 +0200] "GET /special/Q032997155702 HTTP/1.1" 200 139560 "-" "Mozilla/5.0 AppleWebKit/537.36 (KHTML, like Gecko; compatible; bingbot/2.0; +http://www.bing.com/bingbot.htm) Chrome/116.0.1938.76 Safari/537.36"
52.167.144.136 - - [27/May/2026:18:50:54 +0200] "GET /special/Q034045389633 HTTP/1.1" 200 138644 "-" "Mozilla/5.0 AppleWebKit/537.36 (KHTML, like Gecko; compatible; bingbot/2.0; +http://www.bing.com/bingbot.htm) Chrome/116.0.1938.76 Safari/537.36"
45.227.253.15 - - [27/May/2026:18:59:50 +0200] "GET /index.php/jk HTTP/1.1" 200 43 "-" "Mozilla/5.0 (Windows NT 10.0; Win64; x64; rv:81.0) Gecko/20100101 Firefox/81.0"
209.50.228.93 - - [27/May/2026:19:05:39 +0200] "GET /images/images/cache.php HTTP/1.1" 404 136 "-" "Mozilla/5.0 (Macintosh; Intel Mac OS X 10_15_7) AppleWebKit/605.1.15 (KHTML, like Gecko) Version/26.4 Safari/605.1.15"
23.82.96.182 - - [27/May/2026:19:09:19 +0200] "GET /images/images/images/images/cache.php HTTP/1.1" 404 136 "-" "Mozilla/5.0 (Linux; Android 10; K) AppleWebKit/537.36 (KHTML, like Gecko) Chrome/147.0.0.0 Mobile Safari/537.36"
23.80.89.38 - - [27/May/2026:19:17:14 +0200] "GET /txets.php HTTP/1.1" 200 8 "-" "Mozilla/5.0 (Windows NT 10.0; Win64; x64) AppleWebKit/537.36 (KHTML, like Gecko) Chrome/147.0.0.0 Safari/537.36"
209.50.228.93 - - [27/May/2026:19:33:51 +0200] "GET /images/images/cache.php HTTP/1.1" 404 136 "-" "Mozilla/5.0 (Macintosh; Intel Mac OS X 10_15_7) AppleWebKit/605.1.15 (KHTML, like Gecko) Version/26.4 Safari/605.1.15"
91.134.43.151 - - [27/May/2026:19:33:52 +0200] "GET /images/images/cache.php HTTP/1.1" 404 136 "-" "Mozilla/5.0 (Macintosh; Intel Mac OS X 10_15_7) AppleWebKit/605.1.15 (KHTML, like Gecko) Version/26.4 Safari/605.1.15"
15.237.93.127 - - [27/May/2026:19:37:01 +0200] "GET /images/images/images/images/cache.php HTTP/1.1" 404 136 "-" "Mozilla/5.0 (Linux; Android 10; K) AppleWebKit/537.36 (KHTML, like Gecko) Chrome/147.0.0.0 Mobile Safari/537.36"
170.64.251.156 - - [27/May/2026:19:37:04 +0200] "GET /images/images/images/images/cache.php HTTP/1.1" 404 136 "-" "Mozilla/5.0 (Linux; Android 10; K) AppleWebKit/537.36 (KHTML, like Gecko) Chrome/147.0.0.0 Mobile Safari/537.36"
207.46.13.155 - - [27/May/2026:19:44:43 +0200] "GET /special/Q05360107447 HTTP/1.1" 200 133333 "-" "Mozilla/5.0 AppleWebKit/537.36 (KHTML, like Gecko; compatible; bingbot/2.0; +http://www.bing.com/bingbot.htm) Chrome/116.0.1938.76 Safari/537.36"
40.77.167.37 - - [27/May/2026:19:48:39 +0200] "GET /special/Q033650308508 HTTP/1.1" 200 133540 "-" "Mozilla/5.0 AppleWebKit/537.36 (KHTML, like Gecko; compatible; bingbot/2.0; +http://www.bing.com/bingbot.htm) Chrome/116.0.1938.76 Safari/537.36"
65.109.14.150 - - [27/May/2026:19:49:19 +0200] "GET /txets.php HTTP/1.1" 200 8 "-" "Mozilla/5.0 (Windows NT 10.0; Win64; x64) AppleWebKit/537.36 (KHTML, like Gecko) Chrome/147.0.0.0 Safari/537.36"
13.36.243.28 - - [27/May/2026:19:49:21 +0200] "GET /txets.php HTTP/1.1" 200 8 "-" "Mozilla/5.0 (Windows NT 10.0; Win64; x64) AppleWebKit/537.36 (KHTML, like Gecko) Chrome/147.0.0.0 Safari/537.36"
57.131.13.107 - - [27/May/2026:19:49:19 +0200] "GET /txets.php HTTP/1.1" 200 8 "-" "Mozilla/5.0 (Windows NT 10.0; Win64; x64) AppleWebKit/537.36 (KHTML, like Gecko) Chrome/147.0.0.0 Safari/537.36"
23.80.89.38 - - [27/May/2026:19:49:21 +0200] "GET /txets.php HTTP/1.1" 200 8 "-" "Mozilla/5.0 (Windows NT 10.0; Win64; x64) AppleWebKit/537.36 (KHTML, like Gecko) Chrome/147.0.0.0 Safari/537.36"
40.77.167.3 - - [27/May/2026:19:57:11 +0200] "GET /special/Q06866768905 HTTP/1.1" 200 131655 "-" "Mozilla/5.0 AppleWebKit/537.36 (KHTML, like Gecko; compatible; bingbot/2.0; +http://www.bing.com/bingbot.htm) Chrome/116.0.1938.76 Safari/537.36"
57.131.13.108 - - [27/May/2026:20:06:43 +0200] "GET /images/images/cache.php HTTP/1.1" 404 136 "-" "Mozilla/5.0 (Macintosh; Intel Mac OS X 10_15_7) AppleWebKit/605.1.15 (KHTML, like Gecko) Version/26.4 Safari/605.1.15"
57.131.13.107 - - [27/May/2026:20:07:24 +0200] "GET /images/images/images/images/cache.php HTTP/1.1" 404 136 "-" "Mozilla/5.0 (Linux; Android 10; K) AppleWebKit/537.36 (KHTML, like Gecko) Chrome/147.0.0.0 Mobile Safari/537.36"
13.36.243.28 - - [27/May/2026:20:07:27 +0200] "GET /images/images/images/images/cache.php HTTP/1.1" 404 136 "-" "Mozilla/5.0 (Linux; Android 10; K) AppleWebKit/537.36 (KHTML, like Gecko) Chrome/147.0.0.0 Mobile Safari/537.36"
57.131.13.107 - - [27/May/2026:20:17:27 +0200] "GET /txets.php HTTP/1.1" 200 8 "-" "Mozilla/5.0 (Windows NT 10.0; Win64; x64) AppleWebKit/537.36 (KHTML, like Gecko) Chrome/147.0.0.0 Safari/537.36"
65.109.14.150 - - [27/May/2026:20:17:28 +0200] "GET /txets.php HTTP/1.1" 200 8 "-" "Mozilla/5.0 (Windows NT 10.0; Win64; x64) AppleWebKit/537.36 (KHTML, like Gecko) Chrome/147.0.0.0 Safari/537.36"
91.134.43.151 - - [27/May/2026:20:34:18 +0200] "GET /images/images/cache.php HTTP/1.1" 404 136 "-" "Mozilla/5.0 (Macintosh; Intel Mac OS X 10_15_7) AppleWebKit/605.1.15 (KHTML, like Gecko) Version/26.4 Safari/605.1.15"
57.131.13.108 - - [27/May/2026:20:34:19 +0200] "GET /images/images/cache.php HTTP/1.1" 404 136 "-" "Mozilla/5.0 (Macintosh; Intel Mac OS X 10_15_7) AppleWebKit/605.1.15 (KHTML, like Gecko) Version/26.4 Safari/605.1.15"
209.50.228.93 - - [27/May/2026:20:34:22 +0200] "GET /images/images/cache.php HTTP/1.1" 404 136 "-" "Mozilla/5.0 (Macintosh; Intel Mac OS X 10_15_7) AppleWebKit/605.1.15 (KHTML, like Gecko) Version/26.4 Safari/605.1.15"
57.131.13.107 - - [27/May/2026:20:45:40 +0200] "GET /txets.php HTTP/1.1" 200 8 "-" "Mozilla/5.0 (Windows NT 10.0; Win64; x64) AppleWebKit/537.36 (KHTML, like Gecko) Chrome/147.0.0.0 Safari/537.36"
65.109.14.150 - - [27/May/2026:20:45:42 +0200] "GET /txets.php HTTP/1.1" 200 8 "-" "Mozilla/5.0 (Windows NT 10.0; Win64; x64) AppleWebKit/537.36 (KHTML, like Gecko) Chrome/147.0.0.0 Safari/537.36"
113.199.245.100 - - [27/May/2026:20:46:08 +0200] "GET /admin.php HTTP/1.1" 200 0 "-" "Mozilla/5.0 (X11; Linux x86_64) AppleWebKit/537.36 (KHTML, like Gecko) Chrome/148.0.0.0 Safari/537.36"
40.77.167.155 - - [27/May/2026:20:53:37 +0200] "GET /special/Q002399260650 HTTP/1.1" 200 145090 "-" "Mozilla/5.0 AppleWebKit/537.36 (KHTML, like Gecko; compatible; bingbot/2.0; +http://www.bing.com/bingbot.htm) Chrome/116.0.1938.76 Safari/537.36"
40.77.167.155 - - [27/May/2026:20:53:39 +0200] "GET /special/Q03750227387 HTTP/1.1" 200 141417 "-" "Mozilla/5.0 AppleWebKit/537.36 (KHTML, like Gecko; compatible; bingbot/2.0; +http://www.bing.com/bingbot.htm) Chrome/116.0.1938.76 Safari/537.36"
209.50.228.93 - - [27/May/2026:21:05:03 +0200] "GET /images/images/cache.php HTTP/1.1" 404 136 "-" "Mozilla/5.0 (Macintosh; Intel Mac OS X 10_15_7) AppleWebKit/605.1.15 (KHTML, like Gecko) Version/26.4 Safari/605.1.15"
52.167.144.169 - - [27/May/2026:21:06:00 +0200] "GET /special/Q05579852005 HTTP/1.1" 200 136305 "-" "Mozilla/5.0 AppleWebKit/537.36 (KHTML, like Gecko; compatible; bingbot/2.0; +http://www.bing.com/bingbot.htm) Chrome/116.0.1938.76 Safari/537.36"
207.46.13.17 - - [27/May/2026:19:49:41 +0200] "GET /special/Q0258304967 HTTP/1.1" 200 139924 "-" "Mozilla/5.0 AppleWebKit/537.36 (KHTML, like Gecko; compatible; bingbot/2.0; +http://www.bing.com/bingbot.htm) Chrome/116.0.1938.76 Safari/537.36"
91.134.43.151 - - [27/May/2026:20:06:42 +0200] "GET /images/images/cache.php HTTP/1.1" 404 136 "-" "Mozilla/5.0 (Macintosh; Intel Mac OS X 10_15_7) AppleWebKit/605.1.15 (KHTML, like Gecko) Version/26.4 Safari/605.1.15"
68.183.245.101 - - [27/May/2026:20:06:44 +0200] "GET /images/images/cache.php HTTP/1.1" 404 136 "-" "Mozilla/5.0 (Macintosh; Intel Mac OS X 10_15_7) AppleWebKit/605.1.15 (KHTML, like Gecko) Version/26.4 Safari/605.1.15"
23.82.96.182 - - [27/May/2026:20:07:25 +0200] "GET /images/images/images/images/cache.php HTTP/1.1" 404 136 "-" "Mozilla/5.0 (Linux; Android 10; K) AppleWebKit/537.36 (KHTML, like Gecko) Chrome/147.0.0.0 Mobile Safari/537.36"
40.77.167.77 - - [27/May/2026:20:09:32 +0200] "GET /special/Q0118502853 HTTP/1.1" 200 135600 "-" "Mozilla/5.0 AppleWebKit/537.36 (KHTML, like Gecko; compatible; bingbot/2.0; +http://www.bing.com/bingbot.htm) Chrome/116.0.1938.76 Safari/537.36"
23.80.89.38 - - [27/May/2026:20:17:31 +0200] "GET /txets.php HTTP/1.1" 200 8 "-" "Mozilla/5.0 (Windows NT 10.0; Win64; x64) AppleWebKit/537.36 (KHTML, like Gecko) Chrome/147.0.0.0 Safari/537.36"
52.167.144.205 - - [27/May/2026:20:27:54 +0200] "GET /special/Q03223685516 HTTP/1.1" 200 139706 "-" "Mozilla/5.0 AppleWebKit/537.36 (KHTML, like Gecko; compatible; bingbot/2.0; +http://www.bing.com/bingbot.htm) Chrome/116.0.1938.76 Safari/537.36"
113.199.245.100 - - [27/May/2026:20:32:01 +0200] "GET /favicon.ico HTTP/1.1" 404 1251 "https://vertluberon.banque-du-temps.fr/admin.php" "Mozilla/5.0 (X11; Linux x86_64) AppleWebKit/537.36 (KHTML, like Gecko) Chrome/148.0.0.0 Safari/537.36"
68.183.245.101 - - [27/May/2026:20:34:24 +0200] "GET /images/images/cache.php HTTP/1.1" 404 136 "-" "Mozilla/5.0 (Macintosh; Intel Mac OS X 10_15_7) AppleWebKit/605.1.15 (KHTML, like Gecko) Version/26.4 Safari/605.1.15"
23.82.96.182 - - [27/May/2026:20:36:12 +0200] "GET /images/images/images/images/cache.php HTTP/1.1" 404 136 "-" "Mozilla/5.0 (Linux; Android 10; K) AppleWebKit/537.36 (KHTML, like Gecko) Chrome/147.0.0.0 Mobile Safari/537.36"
40.77.167.150 - - [27/May/2026:20:41:26 +0200] "GET /special/Q012608177001 HTTP/1.1" 200 139126 "-" "Mozilla/5.0 AppleWebKit/537.36 (KHTML, like Gecko; compatible; bingbot/2.0; +http://www.bing.com/bingbot.htm) Chrome/116.0.1938.76 Safari/537.36"
13.39.233.222 - - [27/May/2026:20:45:40 +0200] "GET /txets.php HTTP/1.1" 200 8 "-" "Mozilla/5.0 (Windows NT 10.0; Win64; x64) AppleWebKit/537.36 (KHTML, like Gecko) Chrome/147.0.0.0 Safari/537.36"
40.77.167.155 - - [27/May/2026:20:58:27 +0200] "GET /special/Q052684546762 HTTP/1.1" 200 141082 "-" "Mozilla/5.0 AppleWebKit/537.36 (KHTML, like Gecko; compatible; bingbot/2.0; +http://www.bing.com/bingbot.htm) Chrome/116.0.1938.76 Safari/537.36"
91.134.43.151 - - [27/May/2026:21:05:02 +0200] "GET /images/images/cache.php HTTP/1.1" 404 136 "-" "Mozilla/5.0 (Macintosh; Intel Mac OS X 10_15_7) AppleWebKit/605.1.15 (KHTML, like Gecko) Version/26.4 Safari/605.1.15"
57.131.13.108 - - [27/May/2026:21:05:04 +0200] "GET /images/images/cache.php HTTP/1.1" 404 136 "-" "Mozilla/5.0 (Macintosh; Intel Mac OS X 10_15_7) AppleWebKit/605.1.15 (KHTML, like Gecko) Version/26.4 Safari/605.1.15"
13.39.233.222 - - [27/May/2026:21:09:18 +0200] "GET /images/images/images/images/cache.php HTTP/1.1" 404 136 "-" "Mozilla/5.0 (Linux; Android 10; K) AppleWebKit/537.36 (KHTML, like Gecko) Chrome/147.0.0.0 Mobile Safari/537.36"
23.82.96.182 - - [27/May/2026:21:09:19 +0200] "GET /images/images/images/images/cache.php HTTP/1.1" 404 136 "-" "Mozilla/5.0 (Linux; Android 10; K) AppleWebKit/537.36 (KHTML, like Gecko) Chrome/147.0.0.0 Mobile Safari/537.36"
157.55.39.204 - - [27/May/2026:19:55:07 +0200] "GET /special/Q052192074886 HTTP/1.1" 200 134567 "-" "Mozilla/5.0 AppleWebKit/537.36 (KHTML, like Gecko; compatible; bingbot/2.0; +http://www.bing.com/bingbot.htm) Chrome/116.0.1938.76 Safari/537.36"
209.50.228.93 - - [27/May/2026:20:06:43 +0200] "GET /images/images/cache.php HTTP/1.1" 404 136 "-" "Mozilla/5.0 (Macintosh; Intel Mac OS X 10_15_7) AppleWebKit/605.1.15 (KHTML, like Gecko) Version/26.4 Safari/605.1.15"
170.64.251.156 - - [27/May/2026:20:07:29 +0200] "GET /images/images/images/images/cache.php HTTP/1.1" 404 136 "-" "Mozilla/5.0 (Linux; Android 10; K) AppleWebKit/537.36 (KHTML, like Gecko) Chrome/147.0.0.0 Mobile Safari/537.36"
40.77.167.77 - - [27/May/2026:20:15:53 +0200] "GET /special/Q034085651363 HTTP/1.1" 200 132980 "-" "Mozilla/5.0 AppleWebKit/537.36 (KHTML, like Gecko; compatible; bingbot/2.0; +http://www.bing.com/bingbot.htm) Chrome/116.0.1938.76 Safari/537.36"
13.36.243.28 - - [27/May/2026:20:17:28 +0200] "GET /txets.php HTTP/1.1" 200 8 "-" "Mozilla/5.0 (Windows NT 10.0; Win64; x64) AppleWebKit/537.36 (KHTML, like Gecko) Chrome/147.0.0.0 Safari/537.36"
157.55.39.192 - - [27/May/2026:20:29:26 +0200] "GET /special/Q052984234456 HTTP/1.1" 200 138807 "-" "Mozilla/5.0 AppleWebKit/537.36 (KHTML, like Gecko; compatible; bingbot/2.0; +http://www.bing.com/bingbot.htm) Chrome/116.0.1938.76 Safari/537.36"
40.77.167.144 - - [27/May/2026:20:30:55 +0200] "GET /special/Q03499859206 HTTP/1.1" 200 139704 "-" "Mozilla/5.0 AppleWebKit/537.36 (KHTML, like Gecko; compatible; bingbot/2.0; +http://www.bing.com/bingbot.htm) Chrome/116.0.1938.76 Safari/537.36"
113.199.245.100 - - [27/May/2026:20:31:58 +0200] "GET /admin.php HTTP/1.1" 200 0 "-" "Mozilla/5.0 (X11; Linux x86_64) AppleWebKit/537.36 (KHTML, like Gecko) Chrome/148.0.0.0 Safari/537.36"
57.131.13.107 - - [27/May/2026:20:36:11 +0200] "GET /images/images/images/images/cache.php HTTP/1.1" 404 136 "-" "Mozilla/5.0 (Linux; Android 10; K) AppleWebKit/537.36 (KHTML, like Gecko) Chrome/147.0.0.0 Mobile Safari/537.36"
170.64.251.156 - - [27/May/2026:20:36:15 +0200] "GET /images/images/images/images/cache.php HTTP/1.1" 404 136 "-" "Mozilla/5.0 (Linux; Android 10; K) AppleWebKit/537.36 (KHTML, like Gecko) Chrome/147.0.0.0 Mobile Safari/537.36"
13.36.243.28 - - [27/May/2026:20:36:16 +0200] "GET /images/images/images/images/cache.php HTTP/1.1" 404 136 "-" "Mozilla/5.0 (Linux; Android 10; K) AppleWebKit/537.36 (KHTML, like Gecko) Chrome/147.0.0.0 Mobile Safari/537.36"
23.80.89.38 - - [27/May/2026:20:45:41 +0200] "GET /txets.php HTTP/1.1" 200 8 "-" "Mozilla/5.0 (Windows NT 10.0; Win64; x64) AppleWebKit/537.36 (KHTML, like Gecko) Chrome/147.0.0.0 Safari/537.36"
68.183.245.101 - - [27/May/2026:21:05:04 +0200] "GET /images/images/cache.php HTTP/1.1" 404 136 "-" "Mozilla/5.0 (Macintosh; Intel Mac OS X 10_15_7) AppleWebKit/605.1.15 (KHTML, like Gecko) Version/26.4 Safari/605.1.15"
170.64.251.156 - - [27/May/2026:21:09:22 +0200] "GET /images/images/images/images/cache.php HTTP/1.1" 404 136 "-" "Mozilla/5.0 (Linux; Android 10; K) AppleWebKit/537.36 (KHTML, like Gecko) Chrome/147.0.0.0 Mobile Safari/537.36"
13.39.233.222 - - [27/May/2026:21:19:16 +0200] "GET /txets.php HTTP/1.1" 200 8 "-" "Mozilla/5.0 (Windows NT 10.0; Win64; x64) AppleWebKit/537.36 (KHTML, like Gecko) Chrome/147.0.0.0 Safari/537.36"
23.82.96.182 - - [27/May/2026:21:38:31 +0200] "GET /images/images/images/images/cache.php HTTP/1.1" 404 136 "-" "Mozilla/5.0 (Linux; Android 10; K) AppleWebKit/537.36 (KHTML, like Gecko) Chrome/147.0.0.0 Mobile Safari/537.36"
170.64.251.156 - - [27/May/2026:21:38:31 +0200] "GET /images/images/images/images/cache.php HTTP/1.1" 404 136 "-" "Mozilla/5.0 (Linux; Android 10; K) AppleWebKit/537.36 (KHTML, like Gecko) Chrome/147.0.0.0 Mobile Safari/537.36"
157.55.39.200 - - [27/May/2026:21:42:26 +0200] "GET /special/Q061727401084 HTTP/1.1" 200 133602 "-" "Mozilla/5.0 AppleWebKit/537.36 (KHTML, like Gecko; compatible; bingbot/2.0; +http://www.bing.com/bingbot.htm) Chrome/116.0.1938.76 Safari/537.36"
57.131.13.107 - - [27/May/2026:21:09:18 +0200] "GET /images/images/images/images/cache.php HTTP/1.1" 404 136 "-" "Mozilla/5.0 (Linux; Android 10; K) AppleWebKit/537.36 (KHTML, like Gecko) Chrome/147.0.0.0 Mobile Safari/537.36"
207.46.13.126 - - [27/May/2026:21:17:50 +0200] "GET /special/Q034003126530 HTTP/1.1" 200 137352 "-" "Mozilla/5.0 AppleWebKit/537.36 (KHTML, like Gecko; compatible; bingbot/2.0; +http://www.bing.com/bingbot.htm) Chrome/116.0.1938.76 Safari/537.36"
65.109.14.150 - - [27/May/2026:21:19:15 +0200] "GET /txets.php HTTP/1.1" 200 8 "-" "Mozilla/5.0 (Windows NT 10.0; Win64; x64) AppleWebKit/537.36 (KHTML, like Gecko) Chrome/147.0.0.0 Safari/537.36"
207.46.13.116 - - [27/May/2026:21:22:08 +0200] "GET /special/Q054071045737 HTTP/1.1" 200 141009 "-" "Mozilla/5.0 AppleWebKit/537.36 (KHTML, like Gecko; compatible; bingbot/2.0; +http://www.bing.com/bingbot.htm) Chrome/116.0.1938.76 Safari/537.36"
91.134.43.151 - - [27/May/2026:21:36:10 +0200] "GET /images/images/cache.php HTTP/1.1" 404 136 "-" "Mozilla/5.0 (Macintosh; Intel Mac OS X 10_15_7) AppleWebKit/605.1.15 (KHTML, like Gecko) Version/26.4 Safari/605.1.15"
68.183.245.101 - - [27/May/2026:21:36:10 +0200] "GET /images/images/cache.php HTTP/1.1" 404 136 "-" "Mozilla/5.0 (Macintosh; Intel Mac OS X 10_15_7) AppleWebKit/605.1.15 (KHTML, like Gecko) Version/26.4 Safari/605.1.15"
57.131.13.107 - - [27/May/2026:21:38:29 +0200] "GET /images/images/images/images/cache.php HTTP/1.1" 404 136 "-" "Mozilla/5.0 (Linux; Android 10; K) AppleWebKit/537.36 (KHTML, like Gecko) Chrome/147.0.0.0 Mobile Safari/537.36"
35.181.49.223 - - [27/May/2026:21:38:30 +0200] "GET /images/images/images/images/cache.php HTTP/1.1" 404 136 "-" "Mozilla/5.0 (Linux; Android 10; K) AppleWebKit/537.36 (KHTML, like Gecko) Chrome/147.0.0.0 Mobile Safari/537.36"
65.109.14.150 - - [27/May/2026:21:47:52 +0200] "GET /txets.php HTTP/1.1" 200 8 "-" "Mozilla/5.0 (Windows NT 10.0; Win64; x64) AppleWebKit/537.36 (KHTML, like Gecko) Chrome/147.0.0.0 Safari/537.36"
157.55.39.16 - - [27/May/2026:21:56:43 +0200] "GET /special/Q03764551078 HTTP/1.1" 200 142903 "-" "Mozilla/5.0 AppleWebKit/537.36 (KHTML, like Gecko; compatible; bingbot/2.0; +http://www.bing.com/bingbot.htm) Chrome/116.0.1938.76 Safari/537.36"
68.183.245.101 - - [27/May/2026:22:05:20 +0200] "GET /images/images/cache.php HTTP/1.1" 404 136 "-" "Mozilla/5.0 (Macintosh; Intel Mac OS X 10_15_7) AppleWebKit/605.1.15 (KHTML, like Gecko) Version/26.4 Safari/605.1.15"
23.82.96.182 - - [27/May/2026:22:11:02 +0200] "GET /images/images/images/images/cache.php HTTP/1.1" 404 136 "-" "Mozilla/5.0 (Linux; Android 10; K) AppleWebKit/537.36 (KHTML, like Gecko) Chrome/147.0.0.0 Mobile Safari/537.36"
52.167.144.213 - - [27/May/2026:22:14:07 +0200] "GET /special/Q052535354647 HTTP/1.1" 200 137601 "-" "Mozilla/5.0 AppleWebKit/537.36 (KHTML, like Gecko; compatible; bingbot/2.0; +http://www.bing.com/bingbot.htm) Chrome/116.0.1938.76 Safari/537.36"
57.131.13.107 - - [27/May/2026:22:18:37 +0200] "GET /txets.php HTTP/1.1" 200 8 "-" "Mozilla/5.0 (Windows NT 10.0; Win64; x64) AppleWebKit/537.36 (KHTML, like Gecko) Chrome/147.0.0.0 Safari/537.36"
23.80.89.38 - - [27/May/2026:22:18:39 +0200] "GET /txets.php HTTP/1.1" 200 8 "-" "Mozilla/5.0 (Windows NT 10.0; Win64; x64) AppleWebKit/537.36 (KHTML, like Gecko) Chrome/147.0.0.0 Safari/537.36"
91.134.43.151 - - [27/May/2026:22:34:16 +0200] "GET /images/images/cache.php HTTP/1.1" 404 136 "-" "Mozilla/5.0 (Macintosh; Intel Mac OS X 10_15_7) AppleWebKit/605.1.15 (KHTML, like Gecko) Version/26.4 Safari/605.1.15"
57.131.13.107 - - [27/May/2026:22:40:14 +0200] "GET /images/images/images/images/cache.php HTTP/1.1" 404 136 "-" "Mozilla/5.0 (Linux; Android 10; K) AppleWebKit/537.36 (KHTML, like Gecko) Chrome/147.0.0.0 Mobile Safari/537.36"
23.82.96.182 - - [27/May/2026:22:40:15 +0200] "GET /images/images/images/images/cache.php HTTP/1.1" 404 136 "-" "Mozilla/5.0 (Linux; Android 10; K) AppleWebKit/537.36 (KHTML, like Gecko) Chrome/147.0.0.0 Mobile Safari/537.36"