41.248.229.245 - - [29/Apr/2026:14:11:48 +0200] "GET /wp-content/themes/classic/inc/ HTTP/1.1" 404 1251 "www.google.com" "Mozlila/5.0 (Linux; Android 7.0; SM-G892A Bulid/NRD90M; wv) AppleWebKit/537.36 (KHTML, like Gecko) Version/4.0 Chrome/60.0.3112.107 Moblie Safari/537.36"
41.248.229.245 - - [29/Apr/2026:14:11:51 +0200] "GET /504.php HTTP/1.1" 404 1251 "www.google.com" "Mozlila/5.0 (Linux; Android 7.0; SM-G892A Bulid/NRD90M; wv) AppleWebKit/537.36 (KHTML, like Gecko) Version/4.0 Chrome/60.0.3112.107 Moblie Safari/537.36"
41.248.229.245 - - [29/Apr/2026:14:12:46 +0200] "GET /wp-content/plugins/work-list/lang.php HTTP/1.1" 404 1251 "www.google.com" "Mozilla/5.0 (Linux; Android 7.0; SM-G892A Build/NRD90M; wv) AppleWebKit/537.36 (KHTML, like Gecko) Version/4.0 Chrome/60.0.3112.107 Mobile Safari/537.36"
41.248.229.245 - - [29/Apr/2026:14:13:52 +0200] "GET /.well-known/acme-challenge/atomlib.php HTTP/1.1" 404 1251 "www.google.com" "Mozlila/5.0 (Linux; Android 7.0; SM-G892A Bulid/NRD90M; wv) AppleWebKit/537.36 (KHTML, like Gecko) Version/4.0 Chrome/60.0.3112.107 Moblie Safari/537.36"
51.91.159.157 - - [29/Apr/2026:14:02:15 +0200] "GET /Mailer_862a9c587b7396.php HTTP/1.1" 200 126 "-" "Mozilla/5.0 (Linux; Android 10; K) AppleWebKit/537.36 (KHTML, like Gecko) Chrome/144.0.0.0 Mobile Safari/537.36"
91.134.43.151 - - [29/Apr/2026:14:02:17 +0200] "GET /0a3170fad6056c.html HTTP/1.1" 200 4163 "-" "Mozilla/5.0 (Windows NT 10.0; Win64; x64) AppleWebKit/537.36 (KHTML, like Gecko) Chrome/145.0.0.0 Safari/537.36 Edg/145.0.0.0"
51.75.141.254 - - [29/Apr/2026:14:02:17 +0200] "GET /737b88c3ad9b21.php HTTP/1.1" 200 38574 "-" "Mozilla/5.0 (Windows NT 10.0; Win64; x64) AppleWebKit/537.36 (KHTML, like Gecko) Chrome/146.0.0.0 Safari/537.36 Edg/146.0.0.0"
195.132.35.238 - - [29/Apr/2026:14:02:19 +0200] "GET /Mailer_8a70b4bc6b5038.php HTTP/1.1" 200 126 "-" "Mozilla/5.0 (Windows NT 10.0; Win64; x64) AppleWebKit/537.36 (KHTML, like Gecko) Chrome/147.0.0.0 Safari/537.36 Edg/147.0.0.0"
51.91.159.157 - - [29/Apr/2026:14:02:21 +0200] "GET /Mailer_3bc323aca11a35.php HTTP/1.1" 200 126 "-" "Mozilla/5.0 (Macintosh; Intel Mac OS X 10_16_0) AppleWebKit/537.36 (KHTML, like Gecko) Chrome/69.0.3497.81 Safari/537.36"
51.91.159.157 - - [29/Apr/2026:14:02:21 +0200] "GET /favicon.ico HTTP/1.1" 404 1251 "https://www.2026.bean7936.odns.fr/Mailer_3bc323aca11a35.php" "Mozilla/5.0 (Macintosh; Intel Mac OS X 10_16_0) AppleWebKit/537.36 (KHTML, like Gecko) Chrome/69.0.3497.81 Safari/537.36"
91.134.142.216 - - [29/Apr/2026:14:02:22 +0200] "GET /Mailer_d6c00bda6a5049.php HTTP/1.1" 200 126 "-" "Mozilla/5.0 (Windows NT 10.0; Win64; x64) AppleWebKit/537.36 (KHTML, like Gecko) Chrome/145.0.0.0 Safari/537.36"
45.157.112.163 - - [29/Apr/2026:14:02:36 +0200] "GET / HTTP/1.1" 200 12478 "-" "Mozilla/5.0 (Macintosh; Intel Mac OS X 10_15_7) AppleWebKit/537.36 (KHTML, like Gecko) Chrome/136.0.0.0 Safari/537.36"
195.132.35.238 - - [29/Apr/2026:14:02:48 +0200] "GET /06bdc12ede3ae0.php HTTP/1.1" 200 38571 "-" "Mozilla/5.0 (iPhone; CPU iPhone OS 17_0_1 like Mac OS X) AppleWebKit/605.1.15 (KHTML, like Gecko) Version/17.0 Mobile/15E148 Safari/604.1"
195.132.35.238 - - [29/Apr/2026:14:02:52 +0200] "GET /0a3170fad6056c.html HTTP/1.1" 200 4163 "-" "Mozilla/5.0 (Linux; Android 10; K) AppleWebKit/537.36 (KHTML, like Gecko) Chrome/146.0.0.0 Mobile Safari/537.36"
41.248.229.245 - - [29/Apr/2026:14:11:54 +0200] "GET /wp-content/plugins/ninja-forms/ HTTP/1.1" 404 1251 "www.google.com" "Mozlila/5.0 (Linux; Android 7.0; SM-G892A Bulid/NRD90M; wv) AppleWebKit/537.36 (KHTML, like Gecko) Version/4.0 Chrome/60.0.3112.107 Moblie Safari/537.36"
41.248.229.245 - - [29/Apr/2026:14:11:55 +0200] "GET /444.php HTTP/1.1" 404 1251 "www.google.com" "Mozlila/5.0 (Linux; Android 7.0; SM-G892A Bulid/NRD90M; wv) AppleWebKit/537.36 (KHTML, like Gecko) Version/4.0 Chrome/60.0.3112.107 Moblie Safari/537.36"
41.248.229.245 - - [29/Apr/2026:14:12:28 +0200] "GET /wp-content/mu-plugins/ HTTP/1.1" 404 1251 "www.google.com" "Mozlila/5.0 (Linux; Android 7.0; SM-G892A Bulid/NRD90M; wv) AppleWebKit/537.36 (KHTML, like Gecko) Version/4.0 Chrome/60.0.3112.107 Moblie Safari/537.36"
41.248.229.245 - - [29/Apr/2026:14:13:09 +0200] "GET /woh.php HTTP/1.1" 404 1251 "www.google.com" "Mozlila/5.0 (Linux; Android 7.0; SM-G892A Bulid/NRD90M; wv) AppleWebKit/537.36 (KHTML, like Gecko) Version/4.0 Chrome/60.0.3112.107 Moblie Safari/537.36"
41.248.229.245 - - [29/Apr/2026:14:13:23 +0200] "GET /first.php HTTP/1.1" 404 1251 "-" "Mozilla/5.0 (Linux; Android 7.0; SM-G892A Build/NRD90M) AppleWebKit/537.36 (KHTML, like Gecko) Chrome/60.0.3112.107 Safari/537.36"
91.134.142.216 - - [29/Apr/2026:14:14:13 +0200] "GET /5c2c99561f3b74.php HTTP/1.1" 200 38571 "-" "Mozilla/5.0 (Linux; Android 10; K) AppleWebKit/537.36 (KHTML, like Gecko) Chrome/147.0.0.0 Mobile Safari/537.36"
145.239.90.82 - - [29/Apr/2026:14:14:14 +0200] "GET /5c2c99561f3b74.php HTTP/1.1" 200 38570 "-" "Mozilla/5.0 (Linux; Android 10; K) AppleWebKit/537.36 (KHTML, like Gecko) Chrome/147.0.0.0 Mobile Safari/537.36"
41.248.229.245 - - [29/Apr/2026:14:14:00 +0200] "GET /wp-content/plugins/fix/up.php HTTP/1.1" 404 1251 "www.google.com" "Mozilla/5.0 (Linux; Android 7.0; SM-G892A Build/NRD90M; wv) AppleWebKit/537.36 (KHTML, like Gecko) Version/4.0 Chrome/60.0.3112.107 Mobile Safari/537.36"
41.248.229.245 - - [29/Apr/2026:14:14:09 +0200] "GET /woh.php HTTP/1.1" 404 1251 "www.google.com" "Mozlila/5.0 (Linux; Android 7.0; SM-G892A Bulid/NRD90M; wv) AppleWebKit/537.36 (KHTML, like Gecko) Version/4.0 Chrome/60.0.3112.107 Moblie Safari/537.36"
86.16.74.122 - - [29/Apr/2026:14:14:14 +0200] "GET /5c2c99561f3b74.php HTTP/1.1" 200 38569 "-" "Mozilla/5.0 (Linux; Android 10; K) AppleWebKit/537.36 (KHTML, like Gecko) Chrome/147.0.0.0 Mobile Safari/537.36"
41.248.229.245 - - [29/Apr/2026:14:14:22 +0200] "GET /first.php HTTP/1.1" 404 1251 "-" "Mozilla/5.0 (Linux; Android 7.0; SM-G892A Build/NRD90M) AppleWebKit/537.36 (KHTML, like Gecko) Chrome/60.0.3112.107 Safari/537.36"
41.248.229.245 - - [29/Apr/2026:14:14:36 +0200] "GET /admin.php HTTP/1.1" 404 1251 "-" "Mozilla/5.0 (Linux; Android 7.0; SM-G892A Build/NRD90M) AppleWebKit/537.36 (KHTML, like Gecko) Chrome/60.0.3112.107 Safari/537.36"
195.132.35.238 - - [29/Apr/2026:14:14:40 +0200] "GET /8a70b4bc6b5038.php HTTP/1.1" 200 38571 "-" "Mozilla/5.0 (Macintosh; Intel Mac OS X 10_15_7) AppleWebKit/537.36 (KHTML, like Gecko) Chrome/145.0.0.0 Safari/537.36"
86.16.74.122 - - [29/Apr/2026:14:14:58 +0200] "GET /737b88c3ad9b21.php HTTP/1.1" 200 38569 "-" "Mozilla/5.0 (Macintosh; Intel Mac OS X 10_15_7) AppleWebKit/605.1.15 (KHTML, like Gecko) Version/26.4 Safari/605.1.15"
65.109.14.150 - - [29/Apr/2026:14:14:58 +0200] "GET /737b88c3ad9b21.php HTTP/1.1" 200 38570 "-" "Mozilla/5.0 (Macintosh; Intel Mac OS X 10_15_7) AppleWebKit/605.1.15 (KHTML, like Gecko) Version/26.4 Safari/605.1.15"
57.131.13.107 - - [29/Apr/2026:14:14:59 +0200] "GET /737b88c3ad9b21.php HTTP/1.1" 200 38570 "-" "Mozilla/5.0 (Macintosh; Intel Mac OS X 10_15_7) AppleWebKit/605.1.15 (KHTML, like Gecko) Version/26.4 Safari/605.1.15"
91.134.43.152 - - [29/Apr/2026:14:14:59 +0200] "GET /c2b653fd11c458.php HTTP/1.1" 200 38570 "-" "Mozilla/5.0 (iPhone; CPU iPhone OS 15_0 like Mac OS X) AppleWebKit/605.1.15 (KHTML, like Gecko) Version/15.0 Mobile/15E148 Safari/604.1"
77.42.67.200 - - [29/Apr/2026:14:14:59 +0200] "GET /c2b653fd11c458.php HTTP/1.1" 200 38569 "-" "Mozilla/5.0 (iPhone; CPU iPhone OS 15_0 like Mac OS X) AppleWebKit/605.1.15 (KHTML, like Gecko) Version/15.0 Mobile/15E148 Safari/604.1"
86.16.74.122 - - [29/Apr/2026:14:15:05 +0200] "GET /c17d291cfd5338.php HTTP/1.1" 200 38569 "-" "Mozilla/5.0 (Windows NT 10.0; Win64; x64) AppleWebKit/537.36 (KHTML, like Gecko) Chrome/145.0.0.0 Safari/537.36"
41.248.229.245 - - [29/Apr/2026:14:15:05 +0200] "GET /.well-known/pki-validation/atomlib.php HTTP/1.1" 404 1251 "-" "Mozlila/5.0 (Linux; Android 7.0; SM-G892A Bulid/NRD90M; wv) AppleWebKit/537.36 (KHTML, like Gecko) Version/4.0 Chrome/60.0.3112.107 Moblie Safari/537.36"
170.64.241.20 - - [29/Apr/2026:14:15:20 +0200] "GET /06bdc12ede3ae0.php HTTP/1.1" 200 38574 "-" "Mozilla/5.0 (iPhone; CPU iPhone OS 16_0 like Mac OS X) AppleWebKit/605.1.15 (KHTML, like Gecko) Version/16.0 Mobile/15E148 Safari/604.1"
51.91.159.157 - - [29/Apr/2026:14:15:24 +0200] "GET /0a3170fad6056c.php HTTP/1.1" 200 38574 "-" "Mozilla/5.0 (Linux; Android 10; K) AppleWebKit/537.36 (KHTML, like Gecko) Chrome/138.0.0.0 Mobile Safari/537.36"
86.16.74.122 - - [29/Apr/2026:14:15:24 +0200] "GET /d03ff56cd9fc33.php HTTP/1.1" 200 38569 "-" "Mozilla/5.0 (Linux; Android 10; K) AppleWebKit/537.36 (KHTML, like Gecko) Chrome/131.0.0.0 Mobile Safari/537.36"
23.80.89.36 - - [29/Apr/2026:14:15:26 +0200] "GET /d03ff56cd9fc33.php HTTP/1.1" 200 38568 "-" "Mozilla/5.0 (Linux; Android 10; K) AppleWebKit/537.36 (KHTML, like Gecko) Chrome/131.0.0.0 Mobile Safari/537.36"
146.190.203.144 - - [29/Apr/2026:14:15:31 +0200] "GET /3bc323aca11a35.php HTTP/1.1" 200 38572 "-" "Mozilla/5.0 (Linux; Android 10; K) AppleWebKit/537.36 (KHTML, like Gecko) Chrome/146.0.0.0 Mobile Safari/537.36"
41.248.229.245 - - [29/Apr/2026:14:13:55 +0200] "GET /admin.php HTTP/1.1" 404 1251 "-" "Mozilla/5.0 (Linux; Android 7.0; SM-G892A Build/NRD90M) AppleWebKit/537.36 (KHTML, like Gecko) Chrome/60.0.3112.107 Safari/537.36"
51.75.141.254 - - [29/Apr/2026:14:14:02 +0200] "GET / HTTP/1.1" 200 12477 "-" "Mozilla/5.0 (Macintosh; Intel Mac OS X 10_15_7) AppleWebKit/605.1.15 (KHTML, like Gecko) Version/26.4 Safari/605.1.15"
68.183.245.101 - - [29/Apr/2026:14:14:40 +0200] "GET /8a70b4bc6b5038.php HTTP/1.1" 200 38571 "-" "Mozilla/5.0 (Macintosh; Intel Mac OS X 10_15_7) AppleWebKit/537.36 (KHTML, like Gecko) Chrome/145.0.0.0 Safari/537.36"
159.223.242.210 - - [29/Apr/2026:14:14:41 +0200] "GET /8a70b4bc6b5038.php HTTP/1.1" 200 38572 "-" "Mozilla/5.0 (Macintosh; Intel Mac OS X 10_15_7) AppleWebKit/537.36 (KHTML, like Gecko) Chrome/145.0.0.0 Safari/537.36"
86.16.74.122 - - [29/Apr/2026:14:15:02 +0200] "GET /c2b653fd11c458.php HTTP/1.1" 200 38569 "-" "Mozilla/5.0 (iPhone; CPU iPhone OS 15_0 like Mac OS X) AppleWebKit/605.1.15 (KHTML, like Gecko) Version/15.0 Mobile/15E148 Safari/604.1"
15.188.246.173 - - [29/Apr/2026:14:15:14 +0200] "GET /06bdc12ede3ae0.php HTTP/1.1" 200 38575 "-" "Mozilla/5.0 (iPhone; CPU iPhone OS 16_0 like Mac OS X) AppleWebKit/605.1.15 (KHTML, like Gecko) Version/16.0 Mobile/15E148 Safari/604.1"
86.16.74.122 - - [29/Apr/2026:14:15:15 +0200] "GET /06bdc12ede3ae0.php HTTP/1.1" 200 38573 "-" "Mozilla/5.0 (iPhone; CPU iPhone OS 16_0 like Mac OS X) AppleWebKit/605.1.15 (KHTML, like Gecko) Version/16.0 Mobile/15E148 Safari/604.1"
41.248.229.245 - - [29/Apr/2026:14:15:15 +0200] "GET /.well-known/ HTTP/1.1" 404 1251 "www.google.com" "Mozlila/5.0 (Linux; Android 7.0; SM-G892A Bulid/NRD90M; wv) AppleWebKit/537.36 (KHTML, like Gecko) Version/4.0 Chrome/60.0.3112.107 Moblie Safari/537.36"
41.248.229.245 - - [29/Apr/2026:14:15:22 +0200] "GET /themes.php HTTP/1.1" 404 1251 "-" "Mozilla/5.0 (Linux; Android 7.0; SM-G892A Build/NRD90M) AppleWebKit/537.36 (KHTML, like Gecko) Chrome/60.0.3112.107 Safari/537.36"
57.131.13.95 - - [29/Apr/2026:14:15:25 +0200] "GET /0a3170fad6056c.php HTTP/1.1" 200 38573 "-" "Mozilla/5.0 (Linux; Android 10; K) AppleWebKit/537.36 (KHTML, like Gecko) Chrome/138.0.0.0 Mobile Safari/537.36"
57.131.13.108 - - [29/Apr/2026:14:15:25 +0200] "GET /d03ff56cd9fc33.php HTTP/1.1" 200 38570 "-" "Mozilla/5.0 (Linux; Android 10; K) AppleWebKit/537.36 (KHTML, like Gecko) Chrome/131.0.0.0 Mobile Safari/537.36"
86.16.74.122 - - [29/Apr/2026:14:15:30 +0200] "GET /3bc323aca11a35.php HTTP/1.1" 200 38569 "-" "Mozilla/5.0 (Linux; Android 10; K) AppleWebKit/537.36 (KHTML, like Gecko) Chrome/146.0.0.0 Mobile Safari/537.36"
170.64.241.20 - - [29/Apr/2026:14:15:30 +0200] "GET /0a3170fad6056c.php HTTP/1.1" 200 38574 "-" "Mozilla/5.0 (Linux; Android 10; K) AppleWebKit/537.36 (KHTML, like Gecko) Chrome/138.0.0.0 Mobile Safari/537.36"
51.91.156.252 - - [29/Apr/2026:14:15:30 +0200] "GET /3bc323aca11a35.php HTTP/1.1" 200 38570 "-" "Mozilla/5.0 (Linux; Android 10; K) AppleWebKit/537.36 (KHTML, like Gecko) Chrome/146.0.0.0 Mobile Safari/537.36"
41.248.229.245 - - [29/Apr/2026:14:15:30 +0200] "GET /ALFA_DATA/ HTTP/1.1" 404 1251 "www.google.com" "Mozlila/5.0 (Linux; Android 7.0; SM-G892A Bulid/NRD90M; wv) AppleWebKit/537.36 (KHTML, like Gecko) Version/4.0 Chrome/60.0.3112.107 Moblie Safari/537.36"
41.248.229.245 - - [29/Apr/2026:14:15:41 +0200] "GET /log-mama/function.php HTTP/1.1" 404 1251 "-" "Mozilla/5.0 (Linux; Android 7.0; SM-G892A Build/NRD90M) AppleWebKit/537.36 (KHTML, like Gecko) Chrome/60.0.3112.107 Safari/537.36"
209.50.228.92 - - [29/Apr/2026:14:15:47 +0200] "GET /862a9c587b7396.php HTTP/1.1" 200 38574 "-" "Mozilla/5.0 (Linux; Android 10; K) AppleWebKit/537.36 (KHTML, like Gecko) Chrome/143.0.0.0 Mobile Safari/537.36"
41.248.229.245 - - [29/Apr/2026:14:15:47 +0200] "GET /admin.php HTTP/1.1" 404 1251 "-" "Mozilla/5.0 (Linux; Android 7.0; SM-G892A Build/NRD90M) AppleWebKit/537.36 (KHTML, like Gecko) Chrome/60.0.3112.107 Safari/537.36"
37.27.253.44 - - [29/Apr/2026:14:14:14 +0200] "GET /5c2c99561f3b74.php HTTP/1.1" 200 38569 "-" "Mozilla/5.0 (Linux; Android 10; K) AppleWebKit/537.36 (KHTML, like Gecko) Chrome/147.0.0.0 Mobile Safari/537.36"
86.16.74.122 - - [29/Apr/2026:14:14:38 +0200] "GET /8a70b4bc6b5038.php HTTP/1.1" 200 38569 "-" "Mozilla/5.0 (Macintosh; Intel Mac OS X 10_15_7) AppleWebKit/537.36 (KHTML, like Gecko) Chrome/145.0.0.0 Safari/537.36"
41.248.229.245 - - [29/Apr/2026:14:14:49 +0200] "GET /.well-known/acme-challenge/atomlib.php HTTP/1.1" 404 1251 "www.google.com" "Mozlila/5.0 (Linux; Android 7.0; SM-G892A Bulid/NRD90M; wv) AppleWebKit/537.36 (KHTML, like Gecko) Version/4.0 Chrome/60.0.3112.107 Moblie Safari/537.36"
51.75.141.254 - - [29/Apr/2026:14:14:58 +0200] "GET /737b88c3ad9b21.php HTTP/1.1" 200 38570 "-" "Mozilla/5.0 (Macintosh; Intel Mac OS X 10_15_7) AppleWebKit/605.1.15 (KHTML, like Gecko) Version/26.4 Safari/605.1.15"
91.134.142.208 - - [29/Apr/2026:14:15:04 +0200] "GET /c17d291cfd5338.php HTTP/1.1" 200 38571 "-" "Mozilla/5.0 (Windows NT 10.0; Win64; x64) AppleWebKit/537.36 (KHTML, like Gecko) Chrome/145.0.0.0 Safari/537.36"
209.50.227.112 - - [29/Apr/2026:14:15:05 +0200] "GET /c17d291cfd5338.php HTTP/1.1" 200 38571 "-" "Mozilla/5.0 (Windows NT 10.0; Win64; x64) AppleWebKit/537.36 (KHTML, like Gecko) Chrome/145.0.0.0 Safari/537.36"
77.42.67.200 - - [29/Apr/2026:14:15:09 +0200] "GET /c17d291cfd5338.php HTTP/1.1" 200 38569 "-" "Mozilla/5.0 (Windows NT 10.0; Win64; x64) AppleWebKit/537.36 (KHTML, like Gecko) Chrome/145.0.0.0 Safari/537.36"
57.131.13.101 - - [29/Apr/2026:14:15:17 +0200] "GET /06bdc12ede3ae0.php HTTP/1.1" 200 38574 "-" "Mozilla/5.0 (iPhone; CPU iPhone OS 16_0 like Mac OS X) AppleWebKit/605.1.15 (KHTML, like Gecko) Version/16.0 Mobile/15E148 Safari/604.1"
51.91.156.252 - - [29/Apr/2026:14:15:23 +0200] "GET /d03ff56cd9fc33.php HTTP/1.1" 200 38570 "-" "Mozilla/5.0 (Linux; Android 10; K) AppleWebKit/537.36 (KHTML, like Gecko) Chrome/131.0.0.0 Mobile Safari/537.36"
86.16.74.122 - - [29/Apr/2026:14:15:24 +0200] "GET /0a3170fad6056c.php HTTP/1.1" 200 38573 "-" "Mozilla/5.0 (Linux; Android 10; K) AppleWebKit/537.36 (KHTML, like Gecko) Chrome/138.0.0.0 Mobile Safari/537.36"
41.248.229.245 - - [29/Apr/2026:14:15:33 +0200] "GET /themes.php HTTP/1.1" 404 1251 "-" "Mozilla/5.0 (Linux; Android 7.0; SM-G892A Build/NRD90M) AppleWebKit/537.36 (KHTML, like Gecko) Chrome/60.0.3112.107 Safari/537.36"
51.75.141.254 - - [29/Apr/2026:14:15:47 +0200] "GET /862a9c587b7396.php HTTP/1.1" 200 38574 "-" "Mozilla/5.0 (Linux; Android 10; K) AppleWebKit/537.36 (KHTML, like Gecko) Chrome/143.0.0.0 Mobile Safari/537.36"
146.190.203.144 - - [29/Apr/2026:14:15:49 +0200] "GET /862a9c587b7396.php HTTP/1.1" 200 38576 "-" "Mozilla/5.0 (Linux; Android 10; K) AppleWebKit/537.36 (KHTML, like Gecko) Chrome/143.0.0.0 Mobile Safari/537.36"
77.42.64.154 - - [29/Apr/2026:14:15:55 +0200] "GET /8a70b4bc6b5038.php HTTP/1.1" 200 38573 "-" "Mozilla/5.0 (Macintosh; Intel Mac OS X 10_15_7) AppleWebKit/537.36 (KHTML, like Gecko) Chrome/146.0.0.0 Safari/537.36"
51.75.141.254 - - [29/Apr/2026:14:16:08 +0200] "GET /5c2c99561f3b74.php HTTP/1.1" 200 38574 "-" "Mozilla/5.0 (iPhone; CPU iPhone OS 17_0_1 like Mac OS X) AppleWebKit/605.1.15 (KHTML, like Gecko) Version/17.0 Mobile/15E148 Safari/604.1"
51.91.156.252 - - [29/Apr/2026:14:16:12 +0200] "GET /862a9c587b7396.php HTTP/1.1" 200 38570 "-" "Mozilla/5.0 (Linux; Android 10; K) AppleWebKit/537.36 (KHTML, like Gecko) Chrome/146.0.0.0 Mobile Safari/537.36"
41.248.229.245 - - [29/Apr/2026:14:16:15 +0200] "GET /.well-known/acme-challenge/ HTTP/1.1" 404 1251 "www.google.com" "Mozlila/5.0 (Linux; Android 7.0; SM-G892A Bulid/NRD90M; wv) AppleWebKit/537.36 (KHTML, like Gecko) Version/4.0 Chrome/60.0.3112.107 Moblie Safari/537.36"
157.230.195.44 - - [29/Apr/2026:14:16:23 +0200] "GET /Mailer_c2b653fd11c458.php HTTP/1.1" 200 126 "-" "Mozilla/5.0 (Linux; Android 10; K) AppleWebKit/537.36 (KHTML, like Gecko) Chrome/145.0.0.0 Mobile Safari/537.36"
41.248.229.245 - - [29/Apr/2026:14:15:32 +0200] "GET /.well-known/pki-validation/atomlib.php HTTP/1.1" 404 1251 "-" "Mozlila/5.0 (Linux; Android 7.0; SM-G892A Bulid/NRD90M; wv) AppleWebKit/537.36 (KHTML, like Gecko) Version/4.0 Chrome/60.0.3112.107 Moblie Safari/537.36"
23.80.89.37 - - [29/Apr/2026:14:15:32 +0200] "GET /3bc323aca11a35.php HTTP/1.1" 200 38568 "-" "Mozilla/5.0 (Linux; Android 10; K) AppleWebKit/537.36 (KHTML, like Gecko) Chrome/146.0.0.0 Mobile Safari/537.36"
86.16.74.122 - - [29/Apr/2026:14:15:46 +0200] "GET /862a9c587b7396.php HTTP/1.1" 200 38573 "-" "Mozilla/5.0 (Linux; Android 10; K) AppleWebKit/537.36 (KHTML, like Gecko) Chrome/143.0.0.0 Mobile Safari/537.36"
91.134.43.151 - - [29/Apr/2026:14:15:56 +0200] "GET /8a70b4bc6b5038.php HTTP/1.1" 200 38574 "-" "Mozilla/5.0 (Macintosh; Intel Mac OS X 10_15_7) AppleWebKit/537.36 (KHTML, like Gecko) Chrome/146.0.0.0 Safari/537.36"
23.82.96.182 - - [29/Apr/2026:14:15:58 +0200] "GET /8a70b4bc6b5038.php HTTP/1.1" 200 38573 "-" "Mozilla/5.0 (Macintosh; Intel Mac OS X 10_15_7) AppleWebKit/537.36 (KHTML, like Gecko) Chrome/146.0.0.0 Safari/537.36"
86.16.74.122 - - [29/Apr/2026:14:15:59 +0200] "GET /8a70b4bc6b5038.php HTTP/1.1" 200 38573 "-" "Mozilla/5.0 (Macintosh; Intel Mac OS X 10_15_7) AppleWebKit/537.36 (KHTML, like Gecko) Chrome/146.0.0.0 Safari/537.36"
86.16.74.122 - - [29/Apr/2026:14:16:12 +0200] "GET /Mailer_5c2c99561f3b74.php HTTP/1.1" 200 126 "-" "Mozilla/5.0 (Macintosh; Intel Mac OS X 10_15_7) AppleWebKit/605.1.15 (KHTML, like Gecko) Version/26.4 Safari/605.1.15"
86.16.74.122 - - [29/Apr/2026:14:16:13 +0200] "GET /862a9c587b7396.php HTTP/1.1" 200 38569 "-" "Mozilla/5.0 (Linux; Android 10; K) AppleWebKit/537.36 (KHTML, like Gecko) Chrome/146.0.0.0 Mobile Safari/537.36"
145.239.90.82 - - [29/Apr/2026:14:16:13 +0200] "GET /862a9c587b7396.php HTTP/1.1" 200 38570 "-" "Mozilla/5.0 (Linux; Android 10; K) AppleWebKit/537.36 (KHTML, like Gecko) Chrome/146.0.0.0 Mobile Safari/537.36"
45.157.112.63 - - [29/Apr/2026:14:16:21 +0200] "GET /Mailer_c2b653fd11c458.php HTTP/1.1" 200 126 "-" "Mozilla/5.0 (Linux; Android 10; K) AppleWebKit/537.36 (KHTML, like Gecko) Chrome/145.0.0.0 Mobile Safari/537.36"
57.131.13.95 - - [29/Apr/2026:14:16:24 +0200] "GET /Mailer_c6c6c941f9dab1.php HTTP/1.1" 200 126 "-" "Mozilla/5.0 (Linux; Android 10; K) AppleWebKit/537.36 (KHTML, like Gecko) Chrome/139.0.0.0 Mobile Safari/537.36"
91.134.43.152 - - [29/Apr/2026:14:16:24 +0200] "GET /Mailer_c6c6c941f9dab1.php HTTP/1.1" 200 126 "-" "Mozilla/5.0 (Linux; Android 10; K) AppleWebKit/537.36 (KHTML, like Gecko) Chrome/139.0.0.0 Mobile Safari/537.36"
86.16.74.122 - - [29/Apr/2026:14:16:28 +0200] "GET /Mailer_c6c6c941f9dab1.php HTTP/1.1" 200 126 "-" "Mozilla/5.0 (Linux; Android 10; K) AppleWebKit/537.36 (KHTML, like Gecko) Chrome/139.0.0.0 Mobile Safari/537.36"
51.91.156.252 - - [29/Apr/2026:14:16:40 +0200] "GET /d6c00bda6a5049.php HTTP/1.1" 200 38570 "-" "Mozilla/5.0 (Windows NT 10.0; Win64; x64) AppleWebKit/537.36 (KHTML, like Gecko) Chrome/145.0.0.0 Safari/537.36 Edg/145.0.0.0"
23.80.89.38 - - [29/Apr/2026:14:16:42 +0200] "GET /d6c00bda6a5049.php HTTP/1.1" 200 38568 "-" "Mozilla/5.0 (Windows NT 10.0; Win64; x64) AppleWebKit/537.36 (KHTML, like Gecko) Chrome/145.0.0.0 Safari/537.36 Edg/145.0.0.0"
41.248.229.245 - - [29/Apr/2026:14:16:44 +0200] "GET /.well-known/acme-challenge/atomlib.php HTTP/1.1" 404 1251 "-" "Mozlila/5.0 (Linux; Android 7.0; SM-G892A Bulid/NRD90M; wv) AppleWebKit/537.36 (KHTML, like Gecko) Version/4.0 Chrome/60.0.3112.107 Moblie Safari/537.36"
41.248.229.245 - - [29/Apr/2026:14:16:45 +0200] "GET /wp-content/plugins/pwnd/pwnd.php HTTP/1.1" 404 1251 "www.google.com" "Mozilla/5.0 (Linux; Android 7.0; SM-G892A Build/NRD90M; wv) AppleWebKit/537.36 (KHTML, like Gecko) Version/4.0 Chrome/60.0.3112.107 Mobile Safari/537.36"
41.248.229.245 - - [29/Apr/2026:14:15:55 +0200] "GET /bk/index.php HTTP/1.1" 404 1251 "-" "Mozilla/5.0 (Linux; Android 7.0; SM-G892A Build/NRD90M) AppleWebKit/537.36 (KHTML, like Gecko) Chrome/60.0.3112.107 Safari/537.36"
41.248.229.245 - - [29/Apr/2026:14:15:58 +0200] "GET /admin.php HTTP/1.1" 404 1251 "-" "Mozilla/5.0 (Linux; Android 7.0; SM-G892A Build/NRD90M) AppleWebKit/537.36 (KHTML, like Gecko) Chrome/60.0.3112.107 Safari/537.36"
86.16.74.122 - - [29/Apr/2026:14:16:09 +0200] "GET /5c2c99561f3b74.php HTTP/1.1" 200 38573 "-" "Mozilla/5.0 (iPhone; CPU iPhone OS 17_0_1 like Mac OS X) AppleWebKit/605.1.15 (KHTML, like Gecko) Version/17.0 Mobile/15E148 Safari/604.1"
49.13.211.144 - - [29/Apr/2026:14:16:09 +0200] "GET /5c2c99561f3b74.php HTTP/1.1" 200 38574 "-" "Mozilla/5.0 (iPhone; CPU iPhone OS 17_0_1 like Mac OS X) AppleWebKit/605.1.15 (KHTML, like Gecko) Version/17.0 Mobile/15E148 Safari/604.1"
46.62.234.38 - - [29/Apr/2026:14:16:10 +0200] "GET /5c2c99561f3b74.php HTTP/1.1" 200 38573 "-" "Mozilla/5.0 (iPhone; CPU iPhone OS 17_0_1 like Mac OS X) AppleWebKit/605.1.15 (KHTML, like Gecko) Version/17.0 Mobile/15E148 Safari/604.1"
51.91.156.252 - - [29/Apr/2026:14:16:12 +0200] "GET /Mailer_5c2c99561f3b74.php HTTP/1.1" 200 126 "-" "Mozilla/5.0 (Macintosh; Intel Mac OS X 10_15_7) AppleWebKit/605.1.15 (KHTML, like Gecko) Version/26.4 Safari/605.1.15"
65.109.14.150 - - [29/Apr/2026:14:16:12 +0200] "GET /Mailer_5c2c99561f3b74.php HTTP/1.1" 200 126 "-" "Mozilla/5.0 (Macintosh; Intel Mac OS X 10_15_7) AppleWebKit/605.1.15 (KHTML, like Gecko) Version/26.4 Safari/605.1.15"
46.62.173.36 - - [29/Apr/2026:14:16:12 +0200] "GET /Mailer_5c2c99561f3b74.php HTTP/1.1" 200 126 "-" "Mozilla/5.0 (Macintosh; Intel Mac OS X 10_15_7) AppleWebKit/605.1.15 (KHTML, like Gecko) Version/26.4 Safari/605.1.15"
23.80.89.38 - - [29/Apr/2026:14:16:15 +0200] "GET /862a9c587b7396.php HTTP/1.1" 200 38568 "-" "Mozilla/5.0 (Linux; Android 10; K) AppleWebKit/537.36 (KHTML, like Gecko) Chrome/146.0.0.0 Mobile Safari/537.36"
86.16.74.122 - - [29/Apr/2026:14:16:21 +0200] "GET /Mailer_c2b653fd11c458.php HTTP/1.1" 200 126 "-" "Mozilla/5.0 (Linux; Android 10; K) AppleWebKit/537.36 (KHTML, like Gecko) Chrome/145.0.0.0 Mobile Safari/537.36"
138.68.120.52 - - [29/Apr/2026:14:16:24 +0200] "GET /Mailer_c6c6c941f9dab1.php HTTP/1.1" 200 126 "-" "Mozilla/5.0 (Linux; Android 10; K) AppleWebKit/537.36 (KHTML, like Gecko) Chrome/139.0.0.0 Mobile Safari/537.36"
157.230.71.9 - - [29/Apr/2026:14:16:25 +0200] "GET /Mailer_c2b653fd11c458.php HTTP/1.1" 200 126 "-" "Mozilla/5.0 (Linux; Android 10; K) AppleWebKit/537.36 (KHTML, like Gecko) Chrome/145.0.0.0 Mobile Safari/537.36"
41.248.229.245 - - [29/Apr/2026:14:16:37 +0200] "GET /.well-known/ HTTP/1.1" 404 1251 "www.google.com" "Mozlila/5.0 (Linux; Android 7.0; SM-G892A Bulid/NRD90M; wv) AppleWebKit/537.36 (KHTML, like Gecko) Version/4.0 Chrome/60.0.3112.107 Moblie Safari/537.36"
23.82.96.181 - - [29/Apr/2026:14:16:41 +0200] "GET /d6c00bda6a5049.php HTTP/1.1" 200 38569 "-" "Mozilla/5.0 (Windows NT 10.0; Win64; x64) AppleWebKit/537.36 (KHTML, like Gecko) Chrome/145.0.0.0 Safari/537.36 Edg/145.0.0.0"
86.16.74.122 - - [29/Apr/2026:14:16:43 +0200] "GET /c2b653fd11c458.php HTTP/1.1" 200 38573 "-" "Mozilla/5.0 (Linux; arm_64; Android 15; 23053RN02Y) AppleWebKit/537.36 (KHTML, like Gecko) Chrome/144.0.7559.732 YaSearchBrowser/26.35.1 BroPP/1.0 YaSearchApp/26.35.1 webOmni Mobile Safari/537.36"
51.75.141.254 - - [29/Apr/2026:14:16:43 +0200] "GET /c2b653fd11c458.php HTTP/1.1" 200 38574 "-" "Mozilla/5.0 (Linux; arm_64; Android 15; 23053RN02Y) AppleWebKit/537.36 (KHTML, like Gecko) Chrome/144.0.7559.732 YaSearchBrowser/26.35.1 BroPP/1.0 YaSearchApp/26.35.1 webOmni Mobile Safari/537.36"
23.80.89.37 - - [29/Apr/2026:14:17:01 +0200] "GET /c6c6c941f9dab1.php HTTP/1.1" 200 38572 "-" "Mozilla/5.0 (Macintosh; Intel Mac OS X 10_15_7) AppleWebKit/537.36 (KHTML, like Gecko) Chrome/145.0.0.0 Safari/537.36"
86.16.74.122 - - [29/Apr/2026:14:16:40 +0200] "GET /d6c00bda6a5049.php HTTP/1.1" 200 38569 "-" "Mozilla/5.0 (Windows NT 10.0; Win64; x64) AppleWebKit/537.36 (KHTML, like Gecko) Chrome/145.0.0.0 Safari/537.36 Edg/145.0.0.0"
41.248.229.245 - - [29/Apr/2026:14:16:43 +0200] "GET /.well-known/acme-challenge/atomlib.php HTTP/1.1" 404 1251 "-" "Mozlila/5.0 (Linux; Android 7.0; SM-G892A Bulid/NRD90M; wv) AppleWebKit/537.36 (KHTML, like Gecko) Version/4.0 Chrome/60.0.3112.107 Moblie Safari/537.36"
146.190.185.95 - - [29/Apr/2026:14:16:44 +0200] "GET /c2b653fd11c458.php HTTP/1.1" 200 38575 "-" "Mozilla/5.0 (Linux; arm_64; Android 15; 23053RN02Y) AppleWebKit/537.36 (KHTML, like Gecko) Chrome/144.0.7559.732 YaSearchBrowser/26.35.1 BroPP/1.0 YaSearchApp/26.35.1 webOmni Mobile Safari/537.36"
41.248.229.245 - - [29/Apr/2026:14:16:46 +0200] "GET /log-mama/function.php HTTP/1.1" 404 1251 "-" "Mozilla/5.0 (Linux; Android 7.0; SM-G892A Build/NRD90M) AppleWebKit/537.36 (KHTML, like Gecko) Chrome/60.0.3112.107 Safari/537.36"
81.53.36.105 - - [29/Apr/2026:14:16:54 +0200] "GET /Mailer_fac0bfb17cb424.php HTTP/1.1" 200 126 "-" "Mozilla/5.0 (Linux; Android 10; K) AppleWebKit/537.36 (KHTML, like Gecko) Chrome/145.0.0.0 Mobile Safari/537.36"
86.16.74.122 - - [29/Apr/2026:14:16:56 +0200] "GET /Mailer_fac0bfb17cb424.php HTTP/1.1" 200 126 "-" "Mozilla/5.0 (Linux; Android 10; K) AppleWebKit/537.36 (KHTML, like Gecko) Chrome/145.0.0.0 Mobile Safari/537.36"
23.80.89.37 - - [29/Apr/2026:14:16:57 +0200] "GET /Mailer_fac0bfb17cb424.php HTTP/1.1" 200 126 "-" "Mozilla/5.0 (Linux; Android 10; K) AppleWebKit/537.36 (KHTML, like Gecko) Chrome/145.0.0.0 Mobile Safari/537.36"
41.248.229.245 - - [29/Apr/2026:14:16:59 +0200] "GET /ALFA_DATA/ HTTP/1.1" 404 1251 "www.google.com" "Mozlila/5.0 (Linux; Android 7.0; SM-G892A Bulid/NRD90M; wv) AppleWebKit/537.36 (KHTML, like Gecko) Version/4.0 Chrome/60.0.3112.107 Moblie Safari/537.36"
77.42.64.154 - - [29/Apr/2026:14:17:22 +0200] "GET /Mailer_d6c00bda6a5049.php HTTP/1.1" 200 126 "-" "Mozilla/5.0 (Windows NT 10.0; Win64; x64) AppleWebKit/537.36 (KHTML, like Gecko) Chrome/145.0.0.0 Safari/537.36"
86.16.74.122 - - [29/Apr/2026:14:17:23 +0200] "GET /Mailer_d6c00bda6a5049.php HTTP/1.1" 200 126 "-" "Mozilla/5.0 (Windows NT 10.0; Win64; x64) AppleWebKit/537.36 (KHTML, like Gecko) Chrome/145.0.0.0 Safari/537.36"
159.89.216.7 - - [29/Apr/2026:14:17:30 +0200] "GET /Mailer_d03ff56cd9fc33.php HTTP/1.1" 200 126 "-" "Mozilla/5.0 (Windows NT 10.0; Win64; x64) AppleWebKit/537.36 (KHTML, like Gecko) Chrome/145.0.0.0 Safari/537.36 Edg/145.0.0.0"
41.248.229.245 - - [29/Apr/2026:14:17:40 +0200] "GET /.well-known/acme-challenge/ HTTP/1.1" 404 1251 "www.google.com" "Mozlila/5.0 (Linux; Android 7.0; SM-G892A Bulid/NRD90M; wv) AppleWebKit/537.36 (KHTML, like Gecko) Version/4.0 Chrome/60.0.3112.107 Moblie Safari/537.36"
91.134.43.152 - - [29/Apr/2026:14:17:48 +0200] "GET /Mailer_737b88c3ad9b21.php HTTP/1.1" 200 126 "-" "Mozilla/5.0 (Linux; Android 10; K) AppleWebKit/537.36 (KHTML, like Gecko) Chrome/146.0.0.0 Mobile Safari/537.36"
86.16.74.122 - - [29/Apr/2026:14:17:49 +0200] "GET /fac0bfb17cb424.php HTTP/1.1" 200 38573 "-" "Mozilla/5.0 (Windows NT 10.0; Win64; x64) AppleWebKit/537.36 (KHTML, like Gecko) Chrome/147.0.0.0 Safari/537.36 Edg/147.0.0.0"
86.16.74.122 - - [29/Apr/2026:14:17:50 +0200] "GET /Mailer_862a9c587b7396.php HTTP/1.1" 200 126 "-" "Mozilla/5.0 (Linux; Android 10; K) AppleWebKit/537.36 (KHTML, like Gecko) Chrome/144.0.0.0 Mobile Safari/537.36"
57.131.13.95 - - [29/Apr/2026:14:17:50 +0200] "GET /fac0bfb17cb424.php HTTP/1.1" 200 38573 "-" "Mozilla/5.0 (Windows NT 10.0; Win64; x64) AppleWebKit/537.36 (KHTML, like Gecko) Chrome/147.0.0.0 Safari/537.36 Edg/147.0.0.0"
23.82.96.180 - - [29/Apr/2026:14:17:50 +0200] "GET /Mailer_3bc323aca11a35.php HTTP/1.1" 200 126 "-" "Mozilla/5.0 (Macintosh; Intel Mac OS X 10_16_0) AppleWebKit/537.36 (KHTML, like Gecko) Chrome/69.0.3497.81 Safari/537.36"
209.50.228.91 - - [29/Apr/2026:14:16:46 +0200] "GET /c2b653fd11c458.php HTTP/1.1" 200 38574 "-" "Mozilla/5.0 (Linux; arm_64; Android 15; 23053RN02Y) AppleWebKit/537.36 (KHTML, like Gecko) Chrome/144.0.7559.732 YaSearchBrowser/26.35.1 BroPP/1.0 YaSearchApp/26.35.1 webOmni Mobile Safari/537.36"
41.248.229.245 - - [29/Apr/2026:14:16:54 +0200] "GET /cgi-bin/ HTTP/1.1" 404 1251 "www.google.com" "Mozlila/5.0 (Linux; Android 7.0; SM-G892A Bulid/NRD90M; wv) AppleWebKit/537.36 (KHTML, like Gecko) Version/4.0 Chrome/60.0.3112.107 Moblie Safari/537.36"
86.16.74.122 - - [29/Apr/2026:14:17:00 +0200] "GET /c6c6c941f9dab1.php HTTP/1.1" 200 38573 "-" "Mozilla/5.0 (Macintosh; Intel Mac OS X 10_15_7) AppleWebKit/537.36 (KHTML, like Gecko) Chrome/145.0.0.0 Safari/537.36"
213.139.9.170 - - [29/Apr/2026:14:17:01 +0200] "GET /c6c6c941f9dab1.php HTTP/1.1" 200 38574 "-" "Mozilla/5.0 (Macintosh; Intel Mac OS X 10_15_7) AppleWebKit/537.36 (KHTML, like Gecko) Chrome/145.0.0.0 Safari/537.36"
95.217.190.234 - - [29/Apr/2026:14:17:02 +0200] "GET /c6c6c941f9dab1.php HTTP/1.1" 200 38575 "-" "Mozilla/5.0 (Macintosh; Intel Mac OS X 10_15_7) AppleWebKit/537.36 (KHTML, like Gecko) Chrome/145.0.0.0 Safari/537.36"
41.248.229.245 - - [29/Apr/2026:14:17:26 +0200] "GET /Mshell.php HTTP/1.1" 404 1251 "www.google.com" "Mozlila/5.0 (Linux; Android 7.0; SM-G892A Bulid/NRD90M; wv) AppleWebKit/537.36 (KHTML, like Gecko) Version/4.0 Chrome/60.0.3112.107 Moblie Safari/537.36"
57.131.13.108 - - [29/Apr/2026:14:17:30 +0200] "GET /Mailer_d03ff56cd9fc33.php HTTP/1.1" 200 126 "-" "Mozilla/5.0 (Windows NT 10.0; Win64; x64) AppleWebKit/537.36 (KHTML, like Gecko) Chrome/145.0.0.0 Safari/537.36 Edg/145.0.0.0"
86.16.74.122 - - [29/Apr/2026:14:17:48 +0200] "GET /Mailer_737b88c3ad9b21.php HTTP/1.1" 200 126 "-" "Mozilla/5.0 (Linux; Android 10; K) AppleWebKit/537.36 (KHTML, like Gecko) Chrome/146.0.0.0 Mobile Safari/537.36"
86.16.74.122 - - [29/Apr/2026:14:17:50 +0200] "GET /Mailer_3bc323aca11a35.php HTTP/1.1" 200 126 "-" "Mozilla/5.0 (Macintosh; Intel Mac OS X 10_16_0) AppleWebKit/537.36 (KHTML, like Gecko) Chrome/69.0.3497.81 Safari/537.36"
157.230.195.44 - - [29/Apr/2026:14:17:50 +0200] "GET /Mailer_737b88c3ad9b21.php HTTP/1.1" 200 126 "-" "Mozilla/5.0 (Linux; Android 10; K) AppleWebKit/537.36 (KHTML, like Gecko) Chrome/146.0.0.0 Mobile Safari/537.36"
51.91.159.157 - - [29/Apr/2026:14:17:50 +0200] "GET /Mailer_3bc323aca11a35.php HTTP/1.1" 200 126 "-" "Mozilla/5.0 (Macintosh; Intel Mac OS X 10_16_0) AppleWebKit/537.36 (KHTML, like Gecko) Chrome/69.0.3497.81 Safari/537.36"
49.13.211.144 - - [29/Apr/2026:14:17:51 +0200] "GET /Mailer_c17d291cfd5338.php HTTP/1.1" 200 126 "-" "Mozilla/5.0 (Linux; Android 10; K) AppleWebKit/537.36 (KHTML, like Gecko) Chrome/145.0.0.0 Mobile Safari/537.36"
15.188.246.173 - - [29/Apr/2026:14:17:51 +0200] "GET /fac0bfb17cb424.php HTTP/1.1" 200 38575 "-" "Mozilla/5.0 (Windows NT 10.0; Win64; x64) AppleWebKit/537.36 (KHTML, like Gecko) Chrome/147.0.0.0 Safari/537.36 Edg/147.0.0.0"
146.190.185.95 - - [29/Apr/2026:14:17:52 +0200] "GET /Mailer_862a9c587b7396.php HTTP/1.1" 200 126 "-" "Mozilla/5.0 (Linux; Android 10; K) AppleWebKit/537.36 (KHTML, like Gecko) Chrome/144.0.0.0 Mobile Safari/537.36"
138.197.232.85 - - [29/Apr/2026:14:17:52 +0200] "GET /Mailer_3bc323aca11a35.php HTTP/1.1" 200 126 "-" "Mozilla/5.0 (Macintosh; Intel Mac OS X 10_16_0) AppleWebKit/537.36 (KHTML, like Gecko) Chrome/69.0.3497.81 Safari/537.36"
57.131.13.153 - - [29/Apr/2026:14:17:59 +0200] "GET /Mailer_0a3170fad6056c.php HTTP/1.1" 200 126 "-" "Mozilla/5.0 (Windows NT 10.0; Win64; x64; rv:149.0) Gecko/20100101 Firefox/149.0"
57.131.13.153 - - [29/Apr/2026:14:18:00 +0200] "GET /Mailer_06bdc12ede3ae0.php HTTP/1.1" 200 126 "-" "Mozilla/5.0 (Macintosh; Intel Mac OS X 10_15_7) AppleWebKit/605.1.15 (KHTML, like Gecko) Version/26.4 Safari/605.1.15"
170.64.241.20 - - [29/Apr/2026:14:18:11 +0200] "GET /Mailer_8a70b4bc6b5038.php HTTP/1.1" 200 126 "-" "Mozilla/5.0 (Windows NT 10.0; Win64; x64) AppleWebKit/537.36 (KHTML, like Gecko) Chrome/147.0.0.0 Safari/537.36 Edg/147.0.0.0"
91.134.142.216 - - [29/Apr/2026:14:17:22 +0200] "GET /Mailer_d6c00bda6a5049.php HTTP/1.1" 200 126 "-" "Mozilla/5.0 (Windows NT 10.0; Win64; x64) AppleWebKit/537.36 (KHTML, like Gecko) Chrome/145.0.0.0 Safari/537.36"
57.131.13.153 - - [29/Apr/2026:14:17:22 +0200] "GET /Mailer_d6c00bda6a5049.php HTTP/1.1" 200 126 "-" "Mozilla/5.0 (Windows NT 10.0; Win64; x64) AppleWebKit/537.36 (KHTML, like Gecko) Chrome/145.0.0.0 Safari/537.36"
15.188.246.173 - - [29/Apr/2026:14:17:28 +0200] "GET /Mailer_d03ff56cd9fc33.php HTTP/1.1" 200 126 "-" "Mozilla/5.0 (Windows NT 10.0; Win64; x64) AppleWebKit/537.36 (KHTML, like Gecko) Chrome/145.0.0.0 Safari/537.36 Edg/145.0.0.0"
86.16.74.122 - - [29/Apr/2026:14:17:30 +0200] "GET /Mailer_d03ff56cd9fc33.php HTTP/1.1" 200 126 "-" "Mozilla/5.0 (Windows NT 10.0; Win64; x64) AppleWebKit/537.36 (KHTML, like Gecko) Chrome/145.0.0.0 Safari/537.36 Edg/145.0.0.0"
46.62.234.38 - - [29/Apr/2026:14:17:48 +0200] "GET /Mailer_737b88c3ad9b21.php HTTP/1.1" 200 126 "-" "Mozilla/5.0 (Linux; Android 10; K) AppleWebKit/537.36 (KHTML, like Gecko) Chrome/146.0.0.0 Mobile Safari/537.36"
51.91.159.157 - - [29/Apr/2026:14:17:48 +0200] "GET /Mailer_862a9c587b7396.php HTTP/1.1" 200 126 "-" "Mozilla/5.0 (Linux; Android 10; K) AppleWebKit/537.36 (KHTML, like Gecko) Chrome/144.0.0.0 Mobile Safari/537.36"
209.50.227.112 - - [29/Apr/2026:14:17:49 +0200] "GET /Mailer_862a9c587b7396.php HTTP/1.1" 200 126 "-" "Mozilla/5.0 (Linux; Android 10; K) AppleWebKit/537.36 (KHTML, like Gecko) Chrome/144.0.0.0 Mobile Safari/537.36"
86.16.74.122 - - [29/Apr/2026:14:17:52 +0200] "GET /Mailer_c17d291cfd5338.php HTTP/1.1" 200 126 "-" "Mozilla/5.0 (Linux; Android 10; K) AppleWebKit/537.36 (KHTML, like Gecko) Chrome/145.0.0.0 Mobile Safari/537.36"
86.16.74.122 - - [29/Apr/2026:14:17:57 +0200] "GET /Mailer_06bdc12ede3ae0.php HTTP/1.1" 200 126 "-" "Mozilla/5.0 (Macintosh; Intel Mac OS X 10_15_7) AppleWebKit/605.1.15 (KHTML, like Gecko) Version/26.4 Safari/605.1.15"
51.75.141.254 - - [29/Apr/2026:14:17:59 +0200] "GET /Mailer_0a3170fad6056c.php HTTP/1.1" 200 126 "-" "Mozilla/5.0 (Windows NT 10.0; Win64; x64; rv:149.0) Gecko/20100101 Firefox/149.0"
41.248.229.245 - - [29/Apr/2026:14:17:59 +0200] "GET /bk/index.php HTTP/1.1" 404 1251 "-" "Mozilla/5.0 (Linux; Android 7.0; SM-G892A Build/NRD90M) AppleWebKit/537.36 (KHTML, like Gecko) Chrome/60.0.3112.107 Safari/537.36"
41.248.229.245 - - [29/Apr/2026:14:18:09 +0200] "GET /uploads/ HTTP/1.1" 404 1251 "www.google.com" "Mozlila/5.0 (Linux; Android 7.0; SM-G892A Bulid/NRD90M; wv) AppleWebKit/537.36 (KHTML, like Gecko) Version/4.0 Chrome/60.0.3112.107 Moblie Safari/537.36"
86.16.74.122 - - [29/Apr/2026:14:18:10 +0200] "GET /Mailer_8a70b4bc6b5038.php HTTP/1.1" 200 126 "-" "Mozilla/5.0 (Windows NT 10.0; Win64; x64) AppleWebKit/537.36 (KHTML, like Gecko) Chrome/147.0.0.0 Safari/537.36 Edg/147.0.0.0"
195.132.35.238 - - [29/Apr/2026:14:18:14 +0200] "GET /Mailer_8a70b4bc6b5038.php HTTP/1.1" 200 126 "-" "Mozilla/5.0 (Windows NT 10.0; Win64; x64) AppleWebKit/537.36 (KHTML, like Gecko) Chrome/147.0.0.0 Safari/537.36 Edg/147.0.0.0"
41.248.229.245 - - [29/Apr/2026:14:19:33 +0200] "GET /images/ HTTP/1.1" 404 1251 "www.google.com" "Mozlila/5.0 (Linux; Android 7.0; SM-G892A Bulid/NRD90M; wv) AppleWebKit/537.36 (KHTML, like Gecko) Version/4.0 Chrome/60.0.3112.107 Moblie Safari/537.36"
41.248.229.245 - - [29/Apr/2026:14:20:22 +0200] "GET /vendor/phpunit/phpunit/src/Util/PHP/ HTTP/1.1" 404 1251 "www.google.com" "Mozlila/5.0 (Linux; Android 7.0; SM-G892A Bulid/NRD90M; wv) AppleWebKit/537.36 (KHTML, like Gecko) Version/4.0 Chrome/60.0.3112.107 Moblie Safari/537.36"
41.248.229.245 - - [29/Apr/2026:14:20:50 +0200] "GET /assets/images/ HTTP/1.1" 404 1251 "www.google.com" "Mozlila/5.0 (Linux; Android 7.0; SM-G892A Bulid/NRD90M; wv) AppleWebKit/537.36 (KHTML, like Gecko) Version/4.0 Chrome/60.0.3112.107 Moblie Safari/537.36"
23.19.230.168 - - [29/Apr/2026:14:17:53 +0200] "GET /fac0bfb17cb424.php HTTP/1.1" 200 38574 "-" "Mozilla/5.0 (Windows NT 10.0; Win64; x64) AppleWebKit/537.36 (KHTML, like Gecko) Chrome/147.0.0.0 Safari/537.36 Edg/147.0.0.0"
23.82.96.181 - - [29/Apr/2026:14:17:53 +0200] "GET /Mailer_c17d291cfd5338.php HTTP/1.1" 200 126 "-" "Mozilla/5.0 (Linux; Android 10; K) AppleWebKit/537.36 (KHTML, like Gecko) Chrome/145.0.0.0 Mobile Safari/537.36"
195.132.35.238 - - [29/Apr/2026:14:17:55 +0200] "GET /Mailer_c17d291cfd5338.php HTTP/1.1" 200 126 "-" "Mozilla/5.0 (Linux; Android 10; K) AppleWebKit/537.36 (KHTML, like Gecko) Chrome/145.0.0.0 Mobile Safari/537.36"
146.190.190.67 - - [29/Apr/2026:14:17:58 +0200] "GET /Mailer_06bdc12ede3ae0.php HTTP/1.1" 200 126 "-" "Mozilla/5.0 (Macintosh; Intel Mac OS X 10_15_7) AppleWebKit/605.1.15 (KHTML, like Gecko) Version/26.4 Safari/605.1.15"
86.16.74.122 - - [29/Apr/2026:14:17:59 +0200] "GET /Mailer_0a3170fad6056c.php HTTP/1.1" 200 126 "-" "Mozilla/5.0 (Windows NT 10.0; Win64; x64; rv:149.0) Gecko/20100101 Firefox/149.0"
41.248.229.245 - - [29/Apr/2026:14:17:59 +0200] "GET /.well-known/ HTTP/1.1" 404 1251 "www.google.com" "Mozlila/5.0 (Linux; Android 7.0; SM-G892A Bulid/NRD90M; wv) AppleWebKit/537.36 (KHTML, like Gecko) Version/4.0 Chrome/60.0.3112.107 Moblie Safari/537.36"
213.139.9.170 - - [29/Apr/2026:14:18:01 +0200] "GET /Mailer_06bdc12ede3ae0.php HTTP/1.1" 200 126 "-" "Mozilla/5.0 (Macintosh; Intel Mac OS X 10_15_7) AppleWebKit/605.1.15 (KHTML, like Gecko) Version/26.4 Safari/605.1.15"
209.50.228.93 - - [29/Apr/2026:14:18:12 +0200] "GET /Mailer_8a70b4bc6b5038.php HTTP/1.1" 200 126 "-" "Mozilla/5.0 (Windows NT 10.0; Win64; x64) AppleWebKit/537.36 (KHTML, like Gecko) Chrome/147.0.0.0 Safari/537.36 Edg/147.0.0.0"
41.248.229.245 - - [29/Apr/2026:14:18:22 +0200] "GET /Mshell.php HTTP/1.1" 404 1251 "www.google.com" "Mozlila/5.0 (Linux; Android 7.0; SM-G892A Bulid/NRD90M; wv) AppleWebKit/537.36 (KHTML, like Gecko) Version/4.0 Chrome/60.0.3112.107 Moblie Safari/537.36"
41.248.229.245 - - [29/Apr/2026:14:18:24 +0200] "GET /upload/ HTTP/1.1" 404 1251 "www.google.com" "Mozlila/5.0 (Linux; Android 7.0; SM-G892A Bulid/NRD90M; wv) AppleWebKit/537.36 (KHTML, like Gecko) Version/4.0 Chrome/60.0.3112.107 Moblie Safari/537.36"
41.248.229.245 - - [29/Apr/2026:14:20:56 +0200] "GET /file.php HTTP/1.1" 404 1251 "-" "Mozilla/5.0 (Linux; Android 7.0; SM-G892A Build/NRD90M; wv) AppleWebKit/537.36 (KHTML, like Gecko) Version/4.0 Chrome/60.0.3112.107 Mobile Safari/537.36"
41.248.229.245 - - [29/Apr/2026:14:21:01 +0200] "GET /Public/ HTTP/1.1" 404 1251 "www.google.com" "Mozlila/5.0 (Linux; Android 7.0; SM-G892A Bulid/NRD90M; wv) AppleWebKit/537.36 (KHTML, like Gecko) Version/4.0 Chrome/60.0.3112.107 Moblie Safari/537.36"
41.248.229.245 - - [29/Apr/2026:14:21:25 +0200] "GET /vendor/ HTTP/1.1" 404 1251 "www.google.com" "Mozlila/5.0 (Linux; Android 7.0; SM-G892A Bulid/NRD90M; wv) AppleWebKit/537.36 (KHTML, like Gecko) Version/4.0 Chrome/60.0.3112.107 Moblie Safari/537.36"
41.248.229.245 - - [29/Apr/2026:14:21:27 +0200] "GET /aw.php HTTP/1.1" 404 1251 "-" "Mozilla/5.0 (Linux; Android 7.0; SM-G892A Build/NRD90M; wv) AppleWebKit/537.36 (KHTML, like Gecko) Version/4.0 Chrome/60.0.3112.107 Mobile Safari/537.36"
41.248.229.245 - - [29/Apr/2026:14:22:02 +0200] "GET /Site/ HTTP/1.1" 404 1251 "www.google.com" "Mozlila/5.0 (Linux; Android 7.0; SM-G892A Bulid/NRD90M; wv) AppleWebKit/537.36 (KHTML, like Gecko) Version/4.0 Chrome/60.0.3112.107 Moblie Safari/537.36"
41.248.229.245 - - [29/Apr/2026:14:22:19 +0200] "GET /system/ HTTP/1.1" 404 1251 "www.google.com" "Mozlila/5.0 (Linux; Android 7.0; SM-G892A Bulid/NRD90M; wv) AppleWebKit/537.36 (KHTML, like Gecko) Version/4.0 Chrome/60.0.3112.107 Moblie Safari/537.36"
41.248.229.245 - - [29/Apr/2026:14:22:46 +0200] "GET /template/ HTTP/1.1" 404 1251 "www.google.com" "Mozlila/5.0 (Linux; Android 7.0; SM-G892A Bulid/NRD90M; wv) AppleWebKit/537.36 (KHTML, like Gecko) Version/4.0 Chrome/60.0.3112.107 Moblie Safari/537.36"
41.248.229.245 - - [29/Apr/2026:14:18:49 +0200] "GET /admin/uploads/ HTTP/1.1" 404 1251 "www.google.com" "Mozlila/5.0 (Linux; Android 7.0; SM-G892A Bulid/NRD90M; wv) AppleWebKit/537.36 (KHTML, like Gecko) Version/4.0 Chrome/60.0.3112.107 Moblie Safari/537.36"
41.248.229.245 - - [29/Apr/2026:14:19:04 +0200] "GET /Admin/uploads/ HTTP/1.1" 404 1251 "www.google.com" "Mozlila/5.0 (Linux; Android 7.0; SM-G892A Bulid/NRD90M; wv) AppleWebKit/537.36 (KHTML, like Gecko) Version/4.0 Chrome/60.0.3112.107 Moblie Safari/537.36"
41.248.229.245 - - [29/Apr/2026:14:19:13 +0200] "GET /admin/ HTTP/1.1" 404 1251 "www.google.com" "Mozlila/5.0 (Linux; Android 7.0; SM-G892A Bulid/NRD90M; wv) AppleWebKit/537.36 (KHTML, like Gecko) Version/4.0 Chrome/60.0.3112.107 Moblie Safari/537.36"
41.248.229.245 - - [29/Apr/2026:14:19:57 +0200] "GET /assets/ HTTP/1.1" 404 1251 "www.google.com" "Mozlila/5.0 (Linux; Android 7.0; SM-G892A Bulid/NRD90M; wv) AppleWebKit/537.36 (KHTML, like Gecko) Version/4.0 Chrome/60.0.3112.107 Moblie Safari/537.36"
41.248.229.245 - - [29/Apr/2026:14:20:14 +0200] "GET /ioxi-o.php HTTP/1.1" 404 1251 "-" "Mozilla/5.0 (Linux; Android 7.0; SM-G892A Build/NRD90M; wv) AppleWebKit/537.36 (KHTML, like Gecko) Version/4.0 Chrome/60.0.3112.107 Mobile Safari/537.36"
41.248.229.245 - - [29/Apr/2026:14:20:31 +0200] "GET /file17.php HTTP/1.1" 404 1251 "-" "Mozilla/5.0 (Linux; Android 7.0; SM-G892A Build/NRD90M; wv) AppleWebKit/537.36 (KHTML, like Gecko) Version/4.0 Chrome/60.0.3112.107 Mobile Safari/537.36"
41.248.229.245 - - [29/Apr/2026:14:20:39 +0200] "GET /upload/image/ HTTP/1.1" 404 1251 "www.google.com" "Mozlila/5.0 (Linux; Android 7.0; SM-G892A Bulid/NRD90M; wv) AppleWebKit/537.36 (KHTML, like Gecko) Version/4.0 Chrome/60.0.3112.107 Moblie Safari/537.36"
41.248.229.245 - - [29/Apr/2026:14:21:36 +0200] "GET /local/ HTTP/1.1" 404 1251 "www.google.com" "Mozlila/5.0 (Linux; Android 7.0; SM-G892A Bulid/NRD90M; wv) AppleWebKit/537.36 (KHTML, like Gecko) Version/4.0 Chrome/60.0.3112.107 Moblie Safari/537.36"
41.248.229.245 - - [29/Apr/2026:14:21:52 +0200] "GET /modules/ HTTP/1.1" 404 1251 "www.google.com" "Mozlila/5.0 (Linux; Android 7.0; SM-G892A Bulid/NRD90M; wv) AppleWebKit/537.36 (KHTML, like Gecko) Version/4.0 Chrome/60.0.3112.107 Moblie Safari/537.36"
41.248.229.245 - - [29/Apr/2026:14:22:02 +0200] "GET /wp-content/plugins/deu/ms.php HTTP/1.1" 404 1251 "-" "Mozilla/5.0 (Linux; Android 7.0; SM-G892A Build/NRD90M; wv) AppleWebKit/537.36 (KHTML, like Gecko) Version/4.0 Chrome/60.0.3112.107 Mobile Safari/537.36"
41.248.229.245 - - [29/Apr/2026:14:23:41 +0200] "GET /admin/editor/ HTTP/1.1" 404 1251 "www.google.com" "Mozlila/5.0 (Linux; Android 7.0; SM-G892A Bulid/NRD90M; wv) AppleWebKit/537.36 (KHTML, like Gecko) Version/4.0 Chrome/60.0.3112.107 Moblie Safari/537.36"
41.248.229.245 - - [29/Apr/2026:14:23:51 +0200] "GET /include/ HTTP/1.1" 404 1251 "www.google.com" "Mozlila/5.0 (Linux; Android 7.0; SM-G892A Bulid/NRD90M; wv) AppleWebKit/537.36 (KHTML, like Gecko) Version/4.0 Chrome/60.0.3112.107 Moblie Safari/537.36"
41.248.229.245 - - [29/Apr/2026:14:25:11 +0200] "GET /php/ HTTP/1.1" 404 1251 "www.google.com" "Mozlila/5.0 (Linux; Android 7.0; SM-G892A Bulid/NRD90M; wv) AppleWebKit/537.36 (KHTML, like Gecko) Version/4.0 Chrome/60.0.3112.107 Moblie Safari/537.36"
41.248.229.245 - - [29/Apr/2026:14:25:44 +0200] "GET /aw.php HTTP/1.1" 404 1251 "-" "Mozilla/5.0 (Linux; Android 7.0; SM-G892A Build/NRD90M; wv) AppleWebKit/537.36 (KHTML, like Gecko) Version/4.0 Chrome/60.0.3112.107 Mobile Safari/537.36"
51.91.156.252 - - [29/Apr/2026:14:26:18 +0200] "GET /862a9c587b7396.php HTTP/1.1" 200 38570 "-" "Mozilla/5.0 (Linux; Android 10; K) AppleWebKit/537.36 (KHTML, like Gecko) Chrome/146.0.0.0 Mobile Safari/537.36"
51.75.141.254 - - [29/Apr/2026:14:26:19 +0200] "GET /5c2c99561f3b74.php HTTP/1.1" 200 38574 "-" "Mozilla/5.0 (iPhone; CPU iPhone OS 17_0_1 like Mac OS X) AppleWebKit/605.1.15 (KHTML, like Gecko) Version/17.0 Mobile/15E148 Safari/604.1"
41.248.229.245 - - [29/Apr/2026:14:21:15 +0200] "GET /wp-content/plugins/hanau/akc.php HTTP/1.1" 404 1251 "-" "Mozilla/5.0 (Linux; Android 7.0; SM-G892A Build/NRD90M; wv) AppleWebKit/537.36 (KHTML, like Gecko) Version/4.0 Chrome/60.0.3112.107 Mobile Safari/537.36"
41.248.229.245 - - [29/Apr/2026:14:21:42 +0200] "GET /wp-content/plugins/geu/geu.php HTTP/1.1" 404 1251 "-" "Mozilla/5.0 (Linux; Android 7.0; SM-G892A Build/NRD90M; wv) AppleWebKit/537.36 (KHTML, like Gecko) Version/4.0 Chrome/60.0.3112.107 Mobile Safari/537.36"
41.248.229.245 - - [29/Apr/2026:14:22:16 +0200] "GET /wp-content/plugins/view-ad/ms.php HTTP/1.1" 404 1251 "-" "Mozilla/5.0 (Linux; Android 7.0; SM-G892A Build/NRD90M; wv) AppleWebKit/537.36 (KHTML, like Gecko) Version/4.0 Chrome/60.0.3112.107 Mobile Safari/537.36"
41.248.229.245 - - [29/Apr/2026:14:23:22 +0200] "GET /files/ HTTP/1.1" 404 1251 "www.google.com" "Mozlila/5.0 (Linux; Android 7.0; SM-G892A Bulid/NRD90M; wv) AppleWebKit/537.36 (KHTML, like Gecko) Version/4.0 Chrome/60.0.3112.107 Moblie Safari/537.36"
41.248.229.245 - - [29/Apr/2026:14:24:10 +0200] "GET /Assets/ HTTP/1.1" 404 1251 "www.google.com" "Mozlila/5.0 (Linux; Android 7.0; SM-G892A Bulid/NRD90M; wv) AppleWebKit/537.36 (KHTML, like Gecko) Version/4.0 Chrome/60.0.3112.107 Moblie Safari/537.36"
41.248.229.245 - - [29/Apr/2026:14:24:32 +0200] "GET /file.php HTTP/1.1" 404 1251 "-" "Mozilla/5.0 (Linux; Android 7.0; SM-G892A Build/NRD90M; wv) AppleWebKit/537.36 (KHTML, like Gecko) Version/4.0 Chrome/60.0.3112.107 Mobile Safari/537.36"
41.248.229.245 - - [29/Apr/2026:14:24:59 +0200] "GET /wp-content/plugins/work-list/lang.php HTTP/1.1" 404 1251 "www.google.com" "Mozilla/5.0 (Linux; Android 7.0; SM-G892A Build/NRD90M; wv) AppleWebKit/537.36 (KHTML, like Gecko) Version/4.0 Chrome/60.0.3112.107 Mobile Safari/537.36"
41.248.229.245 - - [29/Apr/2026:14:25:23 +0200] "GET /wp-content/plugins/hanau/akc.php HTTP/1.1" 404 1251 "-" "Mozilla/5.0 (Linux; Android 7.0; SM-G892A Build/NRD90M; wv) AppleWebKit/537.36 (KHTML, like Gecko) Version/4.0 Chrome/60.0.3112.107 Mobile Safari/537.36"
57.131.13.101 - - [29/Apr/2026:14:26:19 +0200] "GET /favicon.ico HTTP/1.1" 404 1251 "https://www.2026.bean7936.odns.fr/06bdc12ede3ae0.php" "Mozilla/5.0 (iPhone; CPU iPhone OS 16_0 like Mac OS X) AppleWebKit/605.1.15 (KHTML, like Gecko) Version/16.0 Mobile/15E148 Safari/604.1"
51.75.141.254 - - [29/Apr/2026:14:26:19 +0200] "GET /favicon.ico HTTP/1.1" 404 1251 "https://www.2026.bean7936.odns.fr/5c2c99561f3b74.php" "Mozilla/5.0 (iPhone; CPU iPhone OS 17_0_1 like Mac OS X) AppleWebKit/605.1.15 (KHTML, like Gecko) Version/17.0 Mobile/15E148 Safari/604.1"
86.16.74.122 - - [29/Apr/2026:14:26:19 +0200] "GET /737b88c3ad9b21.php HTTP/1.1" 200 38569 "-" "Mozilla/5.0 (Macintosh; Intel Mac OS X 10_15_7) AppleWebKit/605.1.15 (KHTML, like Gecko) Version/26.4 Safari/605.1.15"
57.131.13.108 - - [29/Apr/2026:14:26:19 +0200] "GET /Mailer_d03ff56cd9fc33.php HTTP/1.1" 200 126 "-" "Mozilla/5.0 (Windows NT 10.0; Win64; x64) AppleWebKit/537.36 (KHTML, like Gecko) Chrome/145.0.0.0 Safari/537.36 Edg/145.0.0.0"
57.131.13.108 - - [29/Apr/2026:14:26:19 +0200] "GET /favicon.ico HTTP/1.1" 404 1251 "https://www.2026.bean7936.odns.fr/Mailer_d03ff56cd9fc33.php" "Mozilla/5.0 (Windows NT 10.0; Win64; x64) AppleWebKit/537.36 (KHTML, like Gecko) Chrome/145.0.0.0 Safari/537.36 Edg/145.0.0.0"
86.16.74.122 - - [29/Apr/2026:14:26:19 +0200] "GET /Mailer_c17d291cfd5338.php HTTP/1.1" 200 126 "-" "Mozilla/5.0 (Linux; Android 10; K) AppleWebKit/537.36 (KHTML, like Gecko) Chrome/145.0.0.0 Mobile Safari/537.36"
95.217.190.234 - - [29/Apr/2026:14:26:19 +0200] "GET /c6c6c941f9dab1.php HTTP/1.1" 200 38575 "-" "Mozilla/5.0 (Macintosh; Intel Mac OS X 10_15_7) AppleWebKit/537.36 (KHTML, like Gecko) Chrome/145.0.0.0 Safari/537.36"
209.50.228.94 - - [29/Apr/2026:14:26:20 +0200] "GET /favicon.ico HTTP/1.1" 404 1251 "https://2026.bean7936.odns.fr/o2s-cgi/security-challenge?a=verify-response" "Mozilla/5.0 (Windows NT 10.0; Win64; x64; rv:149.0) Gecko/20100101 Firefox/149.0"
41.248.229.245 - - [29/Apr/2026:14:23:00 +0200] "GET /shop/ HTTP/1.1" 404 1251 "www.google.com" "Mozlila/5.0 (Linux; Android 7.0; SM-G892A Bulid/NRD90M; wv) AppleWebKit/537.36 (KHTML, like Gecko) Version/4.0 Chrome/60.0.3112.107 Moblie Safari/537.36"
41.248.229.245 - - [29/Apr/2026:14:23:45 +0200] "GET /ioxi-o.php HTTP/1.1" 404 1251 "-" "Mozilla/5.0 (Linux; Android 7.0; SM-G892A Build/NRD90M; wv) AppleWebKit/537.36 (KHTML, like Gecko) Version/4.0 Chrome/60.0.3112.107 Mobile Safari/537.36"
41.248.229.245 - - [29/Apr/2026:14:24:15 +0200] "GET /file17.php HTTP/1.1" 404 1251 "-" "Mozilla/5.0 (Linux; Android 7.0; SM-G892A Build/NRD90M; wv) AppleWebKit/537.36 (KHTML, like Gecko) Version/4.0 Chrome/60.0.3112.107 Mobile Safari/537.36"
41.248.229.245 - - [29/Apr/2026:14:24:39 +0200] "GET /images/stories/ HTTP/1.1" 404 1251 "www.google.com" "Mozlila/5.0 (Linux; Android 7.0; SM-G892A Bulid/NRD90M; wv) AppleWebKit/537.36 (KHTML, like Gecko) Version/4.0 Chrome/60.0.3112.107 Moblie Safari/537.36"
