Server IP : 109.234.166.131  /  Your IP : 216.73.216.44
Web Server : LiteSpeed
System : Linux garfish.o2switch.net 4.18.0-553.62.1.lve.el8.x86_64 #1 SMP Mon Jul 21 17:50:35 UTC 2025 x86_64
User : bean7936 ( 1010)
PHP Version : 8.3.31
Disable Function : NONE
MySQL : OFF  |  cURL : ON  |  WGET : ON  |  Perl : ON  |  Python : ON
Directory (0750) :  /home/bean7936/etc/../access-logs/

[  Home  ][  C0mmand  ][  Upload File  ]

Current File : /home/bean7936/etc/../access-logs/2026.bean7936.odns.fr
103.199.85.118 - - [29/Apr/2026:11:48:28 +0200] "GET /ztukvivl.php HTTP/1.1" 404 1251 "http://2026.bean7936.odns.fr/" "Mozilla/5.0 (Windows NT 10.0; Win64; x64) AppleWebKit/537.36 (KHTML, like Gecko) Chrome/91.0.4472.124 Safari/537.36"
103.199.85.118 - - [29/Apr/2026:12:08:12 +0200] "GET /ztukvivl.php HTTP/1.1" 404 1251 "-" "Mozilla/5.0 (Windows NT 10.0; Win64; x64) AppleWebKit/537.36 (KHTML, like Gecko) Chrome/91.0.4472.124 Safari/537.36"
51.195.201.11 - - [29/Apr/2026:13:09:38 +0200] "GET /737b88c3ad9b21.html HTTP/1.1" 200 4163 "-" "Mozilla/5.0 (Windows NT 10.0; Win64; x64) AppleWebKit/537.36 (KHTML, like Gecko) Chrome/133.0.0.0 Safari/537.36 Edg/131.0.2903.86"
182.10.161.192 - - [29/Apr/2026:13:43:51 +0200] "GET /737b88c3ad9b21.php HTTP/1.1" 200 38571 "-" "Mozilla/5.0 (Linux; Android 10; K) AppleWebKit/537.36 (KHTML, like Gecko) Chrome/147.0.0.0 Mobile Safari/537.36"
182.10.161.192 - - [29/Apr/2026:13:46:55 +0200] "POST /737b88c3ad9b21.php HTTP/1.1" 200 10661 "https://2026.bean7936.odns.fr/737b88c3ad9b21.php" "Mozilla/5.0 (Linux; Android 10; K) AppleWebKit/537.36 (KHTML, like Gecko) Chrome/147.0.0.0 Mobile Safari/537.36"
182.10.161.192 - - [29/Apr/2026:13:47:58 +0200] "POST /737b88c3ad9b21.php HTTP/1.1" 200 72480 "https://2026.bean7936.odns.fr/737b88c3ad9b21.php" "Mozilla/5.0 (Linux; Android 10; K) AppleWebKit/537.36 (KHTML, like Gecko) Chrome/147.0.0.0 Mobile Safari/537.36"
182.10.161.192 - - [29/Apr/2026:13:48:23 +0200] "POST /737b88c3ad9b21.php HTTP/1.1" 200 38555 "https://2026.bean7936.odns.fr/737b88c3ad9b21.php" "Mozilla/5.0 (Linux; Android 10; K) AppleWebKit/537.36 (KHTML, like Gecko) Chrome/147.0.0.0 Mobile Safari/537.36"
182.10.161.192 - - [29/Apr/2026:13:49:18 +0200] "POST /737b88c3ad9b21.php HTTP/1.1" 200 39058 "https://2026.bean7936.odns.fr/737b88c3ad9b21.php" "Mozilla/5.0 (Linux; Android 10; K) AppleWebKit/537.36 (KHTML, like Gecko) Chrome/147.0.0.0 Mobile Safari/537.36"
182.10.161.192 - - [29/Apr/2026:13:50:07 +0200] "POST /737b88c3ad9b21.php HTTP/1.1" 200 64616 "https://2026.bean7936.odns.fr/737b88c3ad9b21.php" "Mozilla/5.0 (Linux; Android 10; K) AppleWebKit/537.36 (KHTML, like Gecko) Chrome/147.0.0.0 Mobile Safari/537.36"
182.10.161.192 - - [29/Apr/2026:13:50:36 +0200] "POST /737b88c3ad9b21.php HTTP/1.1" 200 64626 "https://2026.bean7936.odns.fr/737b88c3ad9b21.php" "Mozilla/5.0 (Linux; Android 10; K) AppleWebKit/537.36 (KHTML, like Gecko) Chrome/147.0.0.0 Mobile Safari/537.36"
182.10.161.192 - - [29/Apr/2026:13:51:59 +0200] "POST /737b88c3ad9b21.php HTTP/1.1" 200 64620 "https://2026.bean7936.odns.fr/737b88c3ad9b21.php" "Mozilla/5.0 (Linux; Android 10; K) AppleWebKit/537.36 (KHTML, like Gecko) Chrome/147.0.0.0 Mobile Safari/537.36"
45.157.112.239 - - [29/Apr/2026:13:57:17 +0200] "GET /737b88c3ad9b21.html HTTP/1.1" 200 4163 "-" "Mozilla/5.0 (Linux; Android 10; K) AppleWebKit/537.36 (KHTML, like Gecko) Chrome/134.0.0.0 Mobile Safari/537.36"
91.134.142.216 - - [29/Apr/2026:13:57:52 +0200] "GET / HTTP/1.1" 200 12478 "-" "Mozilla/5.0 (Linux; Android 10; K) AppleWebKit/537.36 (KHTML, like Gecko) Chrome/144.0.0.0 Mobile Safari/537.36"
81.53.36.105 - - [29/Apr/2026:13:58:17 +0200] "GET /c6c6c941f9dab1.php HTTP/1.1" 200 38569 "-" "Mozilla/5.0 (Linux; Android 10; K) AppleWebKit/537.36 (KHTML, like Gecko) Chrome/137.0.0.0 Mobile Safari/537.36"
91.134.142.216 - - [29/Apr/2026:13:58:18 +0200] "GET /5c2c99561f3b74.php HTTP/1.1" 200 38571 "-" "Mozilla/5.0 (Linux; Android 10; K) AppleWebKit/537.36 (KHTML, like Gecko) Chrome/147.0.0.0 Mobile Safari/537.36"
91.134.43.151 - - [29/Apr/2026:13:58:19 +0200] "GET /862a9c587b7396.php HTTP/1.1" 200 38570 "-" "Mozilla/5.0 (iPhone; CPU iPhone OS 18_0 like Mac OS X) AppleWebKit/605.1.15 (KHTML, like Gecko) Version/18.0 Mobile/15E148 Safari/604.1"
91.134.142.208 - - [29/Apr/2026:13:58:19 +0200] "GET /fac0bfb17cb424.html HTTP/1.1" 200 4163 "-" "Mozilla/5.0 (Windows NT 10.0; Win64; x64; rv:148.0) Gecko/20100101 Firefox/148.0"
91.134.43.152 - - [29/Apr/2026:13:58:21 +0200] "GET /c2b653fd11c458.php HTTP/1.1" 200 38570 "-" "Mozilla/5.0 (iPhone; CPU iPhone OS 15_0 like Mac OS X) AppleWebKit/605.1.15 (KHTML, like Gecko) Version/15.0 Mobile/15E148 Safari/604.1"
51.91.159.157 - - [29/Apr/2026:13:58:21 +0200] "GET /c6c6c941f9dab1.html HTTP/1.1" 200 4163 "-" "Mozilla/5.0 (Macintosh; Intel Mac OS X 10_15_7) AppleWebKit/537.36 (KHTML, like Gecko) Chrome/142.0.0.0 Safari/537.36"
185.62.188.4 - - [29/Apr/2026:13:39:46 +0200] "GET /readme.txt HTTP/1.1" 200 46 "-" "Mozilla/5.0 (X11; Linux x86_64) AppleWebKit/537.36 (KHTML, like Gecko) QtWebEngine/5.13.1 Chrome/73.0.3683.105 Safari/537.36"
182.10.161.192 - - [29/Apr/2026:13:43:42 +0200] "GET /737b88c3ad9b21.html HTTP/1.1" 200 4163 "-" "Mozilla/5.0 (Linux; Android 10; K) AppleWebKit/537.36 (KHTML, like Gecko) Chrome/147.0.0.0 Mobile Safari/537.36"
182.10.161.192 - - [29/Apr/2026:13:43:59 +0200] "POST /737b88c3ad9b21.php HTTP/1.1" 200 72458 "https://2026.bean7936.odns.fr/737b88c3ad9b21.php" "Mozilla/5.0 (Linux; Android 10; K) AppleWebKit/537.36 (KHTML, like Gecko) Chrome/147.0.0.0 Mobile Safari/537.36"
182.10.161.192 - - [29/Apr/2026:13:47:03 +0200] "POST /737b88c3ad9b21.php HTTP/1.1" 200 72458 "https://2026.bean7936.odns.fr/737b88c3ad9b21.php" "Mozilla/5.0 (Linux; Android 10; K) AppleWebKit/537.36 (KHTML, like Gecko) Chrome/147.0.0.0 Mobile Safari/537.36"
182.10.161.192 - - [29/Apr/2026:13:47:29 +0200] "POST /737b88c3ad9b21.php HTTP/1.1" 200 9718 "https://2026.bean7936.odns.fr/737b88c3ad9b21.php" "Mozilla/5.0 (Linux; Android 10; K) AppleWebKit/537.36 (KHTML, like Gecko) Chrome/147.0.0.0 Mobile Safari/537.36"
182.10.161.192 - - [29/Apr/2026:13:48:01 +0200] "POST /737b88c3ad9b21.php HTTP/1.1" 200 31321 "https://2026.bean7936.odns.fr/737b88c3ad9b21.php" "Mozilla/5.0 (Linux; Android 10; K) AppleWebKit/537.36 (KHTML, like Gecko) Chrome/147.0.0.0 Mobile Safari/537.36"
182.10.161.192 - - [29/Apr/2026:13:48:06 +0200] "POST /737b88c3ad9b21.php HTTP/1.1" 200 72480 "https://2026.bean7936.odns.fr/737b88c3ad9b21.php" "Mozilla/5.0 (Linux; Android 10; K) AppleWebKit/537.36 (KHTML, like Gecko) Chrome/147.0.0.0 Mobile Safari/537.36"
182.10.161.192 - - [29/Apr/2026:13:49:57 +0200] "POST /737b88c3ad9b21.php HTTP/1.1" 200 72458 "https://2026.bean7936.odns.fr/737b88c3ad9b21.php" "Mozilla/5.0 (Linux; Android 10; K) AppleWebKit/537.36 (KHTML, like Gecko) Chrome/147.0.0.0 Mobile Safari/537.36"
51.75.141.254 - - [29/Apr/2026:13:57:56 +0200] "GET / HTTP/1.1" 200 12482 "-" "Mozilla/5.0 (Macintosh; Intel Mac OS X 10_15_7) AppleWebKit/605.1.15 (KHTML, like Gecko) Version/18.4 Safari/605.1.15"
51.75.141.254 - - [29/Apr/2026:13:58:09 +0200] "GET /favicon.ico HTTP/1.1" 404 1251 "-" "Mozilla/5.0 (Macintosh; Intel Mac OS X 10_15_7) AppleWebKit/605.1.15 (KHTML, like Gecko) Version/18.4 Safari/605.1.15"
51.91.156.252 - - [29/Apr/2026:13:58:19 +0200] "GET /862a9c587b7396.php HTTP/1.1" 200 38570 "-" "Mozilla/5.0 (Linux; Android 10; K) AppleWebKit/537.36 (KHTML, like Gecko) Chrome/146.0.0.0 Mobile Safari/537.36"
51.91.159.157 - - [29/Apr/2026:13:58:20 +0200] "GET /0a3170fad6056c.php HTTP/1.1" 200 38574 "-" "Mozilla/5.0 (Linux; Android 10; K) AppleWebKit/537.36 (KHTML, like Gecko) Chrome/138.0.0.0 Mobile Safari/537.36"
45.157.112.180 - - [29/Apr/2026:13:58:21 +0200] "GET /c6c6c941f9dab1.php HTTP/1.1" 200 38571 "-" "Mozilla/5.0 (Macintosh; Intel Mac OS X 10_16_0) AppleWebKit/537.36 (KHTML, like Gecko) Chrome/69.0.3497.81 Safari/537.36"
45.157.112.180 - - [29/Apr/2026:13:58:21 +0200] "GET /0a3170fad6056c.php HTTP/1.1" 200 38571 "-" "Mozilla/5.0 (Linux; Android 10; K) AppleWebKit/537.36 (KHTML, like Gecko) Chrome/138.0.0.0 Mobile Safari/537.36"
15.188.246.173 - - [29/Apr/2026:13:58:21 +0200] "GET /06bdc12ede3ae0.php HTTP/1.1" 200 38575 "-" "Mozilla/5.0 (Linux; Android 10; K) AppleWebKit/537.36 (KHTML, like Gecko) Chrome/131.0.0.0 Mobile Safari/537.36"
81.53.36.105 - - [29/Apr/2026:13:58:23 +0200] "GET /5c2c99561f3b74.html HTTP/1.1" 200 4163 "-" "Mozilla/5.0 (Linux; Android 10; K) AppleWebKit/537.36 (KHTML, like Gecko) Chrome/147.0.0.0 Mobile Safari/537.36"
213.139.9.170 - - [29/Apr/2026:13:58:24 +0200] "GET /8a70b4bc6b5038.html HTTP/1.1" 200 4163 "-" "Mozilla/5.0 (Linux; Android 10; K) AppleWebKit/537.36 (KHTML, like Gecko) Chrome/147.0.0.0 Mobile Safari/537.36"
213.139.9.170 - - [29/Apr/2026:13:58:25 +0200] "GET /c17d291cfd5338.php HTTP/1.1" 200 38570 "-" "Mozilla/5.0 (Linux; Android 10; K) AppleWebKit/537.36 (KHTML, like Gecko) Chrome/145.0.0.0 Mobile Safari/537.36"
103.160.68.141 - - [29/Apr/2026:13:29:40 +0200] "GET /readme.txt HTTP/1.1" 200 46 "-" "Mozilla/5.0 (Windows NT 10.0; Win64; x64) AppleWebKit/537.36 (KHTML, like Gecko) Chrome/147.0.0.0 Safari/537.36"
103.160.68.141 - - [29/Apr/2026:13:29:41 +0200] "GET /favicon.ico HTTP/1.1" 404 1251 "http://2026.bean7936.odns.fr/readme.txt" "Mozilla/5.0 (Windows NT 10.0; Win64; x64) AppleWebKit/537.36 (KHTML, like Gecko) Chrome/147.0.0.0 Safari/537.36"
182.10.161.192 - - [29/Apr/2026:13:43:52 +0200] "GET /favicon.ico HTTP/1.1" 404 1251 "https://2026.bean7936.odns.fr/737b88c3ad9b21.php" "Mozilla/5.0 (Linux; Android 10; K) AppleWebKit/537.36 (KHTML, like Gecko) Chrome/147.0.0.0 Mobile Safari/537.36"
182.10.161.192 - - [29/Apr/2026:13:47:13 +0200] "POST /737b88c3ad9b21.php HTTP/1.1" 200 32298 "https://2026.bean7936.odns.fr/737b88c3ad9b21.php" "Mozilla/5.0 (Linux; Android 10; K) AppleWebKit/537.36 (KHTML, like Gecko) Chrome/147.0.0.0 Mobile Safari/537.36"
182.10.161.192 - - [29/Apr/2026:13:49:12 +0200] "POST /737b88c3ad9b21.php HTTP/1.1" 200 72458 "https://2026.bean7936.odns.fr/737b88c3ad9b21.php" "Mozilla/5.0 (Linux; Android 10; K) AppleWebKit/537.36 (KHTML, like Gecko) Chrome/147.0.0.0 Mobile Safari/537.36"
81.53.36.105 - - [29/Apr/2026:13:57:56 +0200] "GET / HTTP/1.1" 200 12482 "-" "Mozilla/5.0 (Linux; Android 10; K) AppleWebKit/537.36 (KHTML, like Gecko) Chrome/143.0.0.0 Mobile Safari/537.36"
91.134.142.216 - - [29/Apr/2026:13:58:24 +0200] "GET /d03ff56cd9fc33.html HTTP/1.1" 200 4163 "-" "Mozilla/5.0 (Windows NT 10.0; Win64; x64; rv:149.0) Gecko/20100101 Firefox/149.0"
213.139.9.170 - - [29/Apr/2026:13:58:24 +0200] "GET /c6c6c941f9dab1.php HTTP/1.1" 200 38574 "-" "Mozilla/5.0 (Macintosh; Intel Mac OS X 10_15_7) AppleWebKit/537.36 (KHTML, like Gecko) Chrome/145.0.0.0 Safari/537.36"
91.134.142.208 - - [29/Apr/2026:13:58:25 +0200] "GET /5c2c99561f3b74.html HTTP/1.1" 200 4163 "-" "Mozilla/5.0 (Linux; Android 10; K) AppleWebKit/537.36 (KHTML, like Gecko) Chrome/147.0.0.0 Mobile Safari/537.36"
91.134.43.152 - - [29/Apr/2026:13:58:25 +0200] "GET /737b88c3ad9b21.php HTTP/1.1" 200 38570 "-" "Mozilla/5.0 (Linux; arm_64; Android 16; SM-S938B) AppleWebKit/537.36 (KHTML, like Gecko) Chrome/144.0.7559.72 YaBrowser/26.3.6.72.00 Mobile Safari/537.36"
195.132.35.238 - - [29/Apr/2026:13:58:25 +0200] "GET /8a70b4bc6b5038.php HTTP/1.1" 200 38571 "-" "Mozilla/5.0 (Macintosh; Intel Mac OS X 10_15_7) AppleWebKit/537.36 (KHTML, like Gecko) Chrome/145.0.0.0 Safari/537.36"
91.134.142.208 - - [29/Apr/2026:13:58:26 +0200] "GET /862a9c587b7396.html HTTP/1.1" 200 4163 "-" "Mozilla/5.0 (Linux; Android 10; K) AppleWebKit/537.36 (KHTML, like Gecko) Chrome/146.0.0.0 Mobile Safari/537.36"
91.134.142.208 - - [29/Apr/2026:13:58:28 +0200] "GET /favicon.ico HTTP/1.1" 404 1251 "-" "Mozilla/5.0 (Windows NT 10.0; Win64; x64; rv:148.0) Gecko/20100101 Firefox/148.0"
51.91.156.252 - - [29/Apr/2026:13:58:28 +0200] "GET /favicon.ico HTTP/1.1" 404 1251 "-" "Mozilla/5.0 (Linux; Android 10; K) AppleWebKit/537.36 (KHTML, like Gecko) Chrome/146.0.0.0 Mobile Safari/537.36"
91.134.142.216 - - [29/Apr/2026:13:58:29 +0200] "GET /favicon.ico HTTP/1.1" 404 1251 "-" "Mozilla/5.0 (Linux; Android 10; K) AppleWebKit/537.36 (KHTML, like Gecko) Chrome/147.0.0.0 Mobile Safari/537.36"
51.75.141.254 - - [29/Apr/2026:13:58:30 +0200] "GET /862a9c587b7396.php HTTP/1.1" 200 38574 "-" "Mozilla/5.0 (Linux; Android 10; K) AppleWebKit/537.36 (KHTML, like Gecko) Chrome/143.0.0.0 Mobile Safari/537.36"
51.91.156.252 - - [29/Apr/2026:13:58:31 +0200] "GET /5c2c99561f3b74.php HTTP/1.1" 200 38574 "-" "Mozilla/5.0 (iPad; CPU OS 18_7 like Mac OS X) AppleWebKit/605.1.15 (KHTML, like Gecko) Version/26.0 Whale/3.9.13.4293 Mobile/15E148 Safari/604.1"
51.75.141.254 - - [29/Apr/2026:13:58:33 +0200] "GET /5c2c99561f3b74.php HTTP/1.1" 200 38574 "-" "Mozilla/5.0 (iPhone; CPU iPhone OS 17_0_1 like Mac OS X) AppleWebKit/605.1.15 (KHTML, like Gecko) Version/17.0 Mobile/15E148 Safari/604.1"
91.134.43.151 - - [29/Apr/2026:13:58:22 +0200] "GET /0a3170fad6056c.php HTTP/1.1" 200 38570 "-" "Mozilla/5.0 (Windows NT 10.0; Win64; x64; rv:148.0) Gecko/20100101 Firefox/148.0"
51.75.141.254 - - [29/Apr/2026:13:58:23 +0200] "GET /d6c00bda6a5049.html HTTP/1.1" 200 4163 "-" "Mozilla/5.0 (iPhone; CPU iPhone OS 16_0 like Mac OS X) AppleWebKit/605.1.15 (KHTML, like Gecko) Version/16.0 Mobile/15E148 Safari/604.1"
81.53.36.105 - - [29/Apr/2026:13:58:23 +0200] "GET /d03ff56cd9fc33.html HTTP/1.1" 200 4163 "-" "Mozilla/5.0 (Linux; Android 10; K) AppleWebKit/537.36 (KHTML, like Gecko) Chrome/143.0.0.0 Mobile Safari/537.36"
45.157.112.26 - - [29/Apr/2026:13:58:24 +0200] "GET /862a9c587b7396.html HTTP/1.1" 200 4163 "-" "Mozilla/5.0 (Macintosh; Intel Mac OS X 10_15_7) AppleWebKit/537.36 (KHTML, like Gecko) Chrome/146.0.0.0 Safari/537.36"
91.134.142.208 - - [29/Apr/2026:13:58:24 +0200] "GET /c17d291cfd5338.php HTTP/1.1" 200 38571 "-" "Mozilla/5.0 (Windows NT 10.0; Win64; x64) AppleWebKit/537.36 (KHTML, like Gecko) Chrome/145.0.0.0 Safari/537.36"
91.134.142.208 - - [29/Apr/2026:13:58:25 +0200] "GET /8a70b4bc6b5038.php HTTP/1.1" 200 38571 "-" "Mozilla/5.0 (Linux; Android 10; K) AppleWebKit/537.36 (KHTML, like Gecko) Chrome/140.0.0.0 Mobile Safari/537.36"
51.75.141.254 - - [29/Apr/2026:13:58:26 +0200] "GET /737b88c3ad9b21.php HTTP/1.1" 200 38570 "-" "Mozilla/5.0 (Macintosh; Intel Mac OS X 10_15_7) AppleWebKit/605.1.15 (KHTML, like Gecko) Version/26.4 Safari/605.1.15"
81.53.36.105 - - [29/Apr/2026:13:58:27 +0200] "GET /3bc323aca11a35.html HTTP/1.1" 200 4163 "-" "Mozilla/5.0 (Linux; Android 10; K) AppleWebKit/537.36 (KHTML, like Gecko) Chrome/145.0.0.0 Mobile Safari/537.36"
91.134.43.152 - - [29/Apr/2026:13:58:27 +0200] "GET /c17d291cfd5338.html HTTP/1.1" 200 4163 "-" "Mozilla/5.0 (Linux; Android 10; K) AppleWebKit/537.36 (KHTML, like Gecko) Chrome/146.0.0.0 Mobile Safari/537.36"
51.91.156.252 - - [29/Apr/2026:13:58:28 +0200] "GET /3bc323aca11a35.php HTTP/1.1" 200 38570 "-" "Mozilla/5.0 (Linux; Android 10; K) AppleWebKit/537.36 (KHTML, like Gecko) Chrome/146.0.0.0 Mobile Safari/537.36"
81.53.36.105 - - [29/Apr/2026:13:58:29 +0200] "GET /06bdc12ede3ae0.html HTTP/1.1" 200 4163 "-" "Mozilla/5.0 (Linux; Android 10; K) AppleWebKit/537.36 (KHTML, like Gecko) Chrome/134.0.0.0 Mobile Safari/537.36"
51.91.159.157 - - [29/Apr/2026:13:58:30 +0200] "GET /favicon.ico HTTP/1.1" 404 1251 "-" "Mozilla/5.0 (Macintosh; Intel Mac OS X 10_15_7) AppleWebKit/537.36 (KHTML, like Gecko) Chrome/142.0.0.0 Safari/537.36"
91.134.43.151 - - [29/Apr/2026:13:58:30 +0200] "GET /8a70b4bc6b5038.php HTTP/1.1" 200 38574 "-" "Mozilla/5.0 (Macintosh; Intel Mac OS X 10_15_7) AppleWebKit/537.36 (KHTML, like Gecko) Chrome/146.0.0.0 Safari/537.36"
91.134.142.216 - - [29/Apr/2026:13:58:33 +0200] "GET /06bdc12ede3ae0.html HTTP/1.1" 200 4163 "-" "Mozilla/5.0 (Linux; Android 10; K) AppleWebKit/537.36 (KHTML, like Gecko) Chrome/147.0.0.0 Mobile Safari/537.36"
51.75.141.254 - - [29/Apr/2026:13:58:33 +0200] "GET /favicon.ico HTTP/1.1" 404 1251 "-" "Mozilla/5.0 (Macintosh; Intel Mac OS X 10_15_7) AppleWebKit/605.1.15 (KHTML, like Gecko) Version/26.4 Safari/605.1.15"
91.134.142.216 - - [29/Apr/2026:13:58:33 +0200] "GET /favicon.ico HTTP/1.1" 404 1251 "-" "Mozilla/5.0 (Windows NT 10.0; Win64; x64; rv:149.0) Gecko/20100101 Firefox/149.0"
91.134.142.208 - - [29/Apr/2026:13:58:36 +0200] "GET /8a70b4bc6b5038.html HTTP/1.1" 200 4163 "-" "Mozilla/5.0 (iPhone; CPU iPhone OS 16_0 like Mac OS X) AppleWebKit/605.1.15 (KHTML, like Gecko) Version/16.0 Mobile/15E148 Safari/604.1"
51.75.141.254 - - [29/Apr/2026:13:58:41 +0200] "GET /d03ff56cd9fc33.php HTTP/1.1" 200 38574 "-" "Mozilla/5.0 (Windows NT 10.0; Win64; x64) AppleWebKit/537.36 (KHTML, like Gecko) Chrome/131.0.0.0 Safari/537.36"
51.91.156.252 - - [29/Apr/2026:13:58:44 +0200] "GET /d03ff56cd9fc33.php HTTP/1.1" 200 38574 "-" "Mozilla/5.0 (Linux; Android 10; K) AppleWebKit/537.36 (KHTML, like Gecko) Chrome/147.0.0.0 Mobile Safari/537.36"
15.188.246.173 - - [29/Apr/2026:13:58:26 +0200] "GET /06bdc12ede3ae0.php HTTP/1.1" 200 38575 "-" "Mozilla/5.0 (iPhone; CPU iPhone OS 16_0 like Mac OS X) AppleWebKit/605.1.15 (KHTML, like Gecko) Version/16.0 Mobile/15E148 Safari/604.1"
51.91.156.252 - - [29/Apr/2026:13:58:26 +0200] "GET /d03ff56cd9fc33.php HTTP/1.1" 200 38570 "-" "Mozilla/5.0 (Linux; Android 10; K) AppleWebKit/537.36 (KHTML, like Gecko) Chrome/131.0.0.0 Mobile Safari/537.36"
51.75.141.254 - - [29/Apr/2026:13:58:27 +0200] "GET /c2b653fd11c458.php HTTP/1.1" 200 38574 "-" "Mozilla/5.0 (Linux; arm_64; Android 15; 23053RN02Y) AppleWebKit/537.36 (KHTML, like Gecko) Chrome/144.0.7559.732 YaSearchBrowser/26.35.1 BroPP/1.0 YaSearchApp/26.35.1 webOmni Mobile Safari/537.36"
51.75.141.254 - - [29/Apr/2026:13:58:28 +0200] "GET /3bc323aca11a35.html HTTP/1.1" 200 4163 "-" "Mozilla/5.0 (Macintosh; Intel Mac OS X 10_15_7) AppleWebKit/537.36 (KHTML, like Gecko) Chrome/137.0.0.0 Safari/537.36"
51.91.156.252 - - [29/Apr/2026:13:58:29 +0200] "GET /d6c00bda6a5049.php HTTP/1.1" 200 38570 "-" "Mozilla/5.0 (Windows NT 10.0; Win64; x64) AppleWebKit/537.36 (KHTML, like Gecko) Chrome/145.0.0.0 Safari/537.36 Edg/145.0.0.0"
51.91.159.157 - - [29/Apr/2026:13:58:30 +0200] "GET /d6c00bda6a5049.html HTTP/1.1" 200 4163 "-" "Mozilla/5.0 (Macintosh; Intel Mac OS X 10_15_7) AppleWebKit/537.36 (KHTML, like Gecko) Chrome/145.0.0.0 Safari/537.36"
45.157.112.239 - - [29/Apr/2026:13:58:30 +0200] "GET /8a70b4bc6b5038.php HTTP/1.1" 200 38575 "-" "Mozilla/5.0 (Linux; arm_64; Android 13; X700_EEA) AppleWebKit/537.36 (KHTML, like Gecko) Chrome/144.0.7559.119 YaBrowser/26.3.5.119.01 Safari/537.36"
91.134.43.151 - - [29/Apr/2026:13:58:31 +0200] "GET /favicon.ico HTTP/1.1" 404 1251 "-" "Mozilla/5.0 (Windows NT 10.0; Win64; x64; rv:148.0) Gecko/20100101 Firefox/148.0"
45.157.112.182 - - [29/Apr/2026:13:58:33 +0200] "GET /favicon.ico HTTP/1.1" 404 1251 "-" "Mozilla/5.0 (Macintosh; Intel Mac OS X 10_16_0) AppleWebKit/537.36 (KHTML, like Gecko) Chrome/69.0.3497.81 Safari/537.36"
81.53.36.105 - - [29/Apr/2026:13:58:37 +0200] "GET /favicon.ico HTTP/1.1" 404 1251 "-" "Mozilla/5.0 (Linux; Android 10; K) AppleWebKit/537.36 (KHTML, like Gecko) Chrome/147.0.0.0 Mobile Safari/537.36"
45.157.112.63 - - [29/Apr/2026:13:58:41 +0200] "GET /3bc323aca11a35.html HTTP/1.1" 200 4163 "-" "Mozilla/5.0 (iPhone; CPU iPhone OS 18_0 like Mac OS X) AppleWebKit/605.1.15 (KHTML, like Gecko) Version/18.0 Mobile/15E148 Safari/604.1"
91.134.142.216 - - [29/Apr/2026:13:58:58 +0200] "GET /c2b653fd11c458.html HTTP/1.1" 200 4163 "-" "Mozilla/5.0 (Linux; Android 10; K) AppleWebKit/537.36 (KHTML, like Gecko) Chrome/134.0.0.0 Mobile Safari/537.36"
51.75.141.254 - - [29/Apr/2026:13:59:06 +0200] "GET /737b88c3ad9b21.php HTTP/1.1" 200 38570 "-" "Mozilla/5.0 (Macintosh; Intel Mac OS X 10_15_7) AppleWebKit/605.1.15 (KHTML, like Gecko) Version/26.4 Safari/605.1.15"
195.132.35.238 - - [29/Apr/2026:13:59:08 +0200] "GET /favicon.ico HTTP/1.1" 404 1251 "https://2026.bean7936.odns.fr/8a70b4bc6b5038.php" "Mozilla/5.0 (Macintosh; Intel Mac OS X 10_15_7) AppleWebKit/537.36 (KHTML, like Gecko) Chrome/145.0.0.0 Safari/537.36"
86.16.74.122 - - [29/Apr/2026:13:59:12 +0200] "GET /8a70b4bc6b5038.php HTTP/1.1" 200 38569 "-" "Mozilla/5.0 (Macintosh; Intel Mac OS X 10_15_7) AppleWebKit/537.36 (KHTML, like Gecko) Chrome/145.0.0.0 Safari/537.36"
195.132.35.238 - - [29/Apr/2026:13:59:13 +0200] "GET /8a70b4bc6b5038.php HTTP/1.1" 200 38571 "-" "Mozilla/5.0 (Macintosh; Intel Mac OS X 10_15_7) AppleWebKit/537.36 (KHTML, like Gecko) Chrome/145.0.0.0 Safari/537.36"
65.109.14.150 - - [29/Apr/2026:13:59:13 +0200] "GET /737b88c3ad9b21.php HTTP/1.1" 200 38570 "-" "Mozilla/5.0 (Macintosh; Intel Mac OS X 10_15_7) AppleWebKit/605.1.15 (KHTML, like Gecko) Version/26.4 Safari/605.1.15"
23.80.89.38 - - [29/Apr/2026:13:59:13 +0200] "GET /862a9c587b7396.php HTTP/1.1" 200 38568 "-" "Mozilla/5.0 (Linux; Android 10; K) AppleWebKit/537.36 (KHTML, like Gecko) Chrome/146.0.0.0 Mobile Safari/537.36"
195.132.35.238 - - [29/Apr/2026:13:58:39 +0200] "GET /8a70b4bc6b5038.html HTTP/1.1" 200 4163 "-" "Mozilla/5.0 (Windows NT 10.0; Win64; x64) AppleWebKit/537.36 (KHTML, like Gecko) Chrome/147.0.0.0 Safari/537.36"
91.134.142.216 - - [29/Apr/2026:13:58:42 +0200] "GET /3bc323aca11a35.html HTTP/1.1" 200 4163 "-" "Mozilla/5.0 (Linux; Android 10; K) AppleWebKit/537.36 (KHTML, like Gecko) Chrome/145.0.0.0 Mobile Safari/537.36"
51.75.141.254 - - [29/Apr/2026:13:59:06 +0200] "GET /favicon.ico HTTP/1.1" 404 1251 "https://2026.bean7936.odns.fr/737b88c3ad9b21.php" "Mozilla/5.0 (Macintosh; Intel Mac OS X 10_15_7) AppleWebKit/605.1.15 (KHTML, like Gecko) Version/26.4 Safari/605.1.15"
91.134.43.152 - - [29/Apr/2026:13:59:07 +0200] "GET /c2b653fd11c458.php HTTP/1.1" 200 38570 "-" "Mozilla/5.0 (iPhone; CPU iPhone OS 15_0 like Mac OS X) AppleWebKit/605.1.15 (KHTML, like Gecko) Version/15.0 Mobile/15E148 Safari/604.1"
195.132.35.238 - - [29/Apr/2026:13:59:08 +0200] "GET /8a70b4bc6b5038.php HTTP/1.1" 200 38571 "-" "Mozilla/5.0 (Macintosh; Intel Mac OS X 10_15_7) AppleWebKit/537.36 (KHTML, like Gecko) Chrome/145.0.0.0 Safari/537.36"
51.91.156.252 - - [29/Apr/2026:13:59:11 +0200] "GET /862a9c587b7396.php HTTP/1.1" 200 38570 "-" "Mozilla/5.0 (Linux; Android 10; K) AppleWebKit/537.36 (KHTML, like Gecko) Chrome/146.0.0.0 Mobile Safari/537.36"
51.91.156.252 - - [29/Apr/2026:13:59:11 +0200] "GET /favicon.ico HTTP/1.1" 404 1251 "https://2026.bean7936.odns.fr/862a9c587b7396.php" "Mozilla/5.0 (Linux; Android 10; K) AppleWebKit/537.36 (KHTML, like Gecko) Chrome/146.0.0.0 Mobile Safari/537.36"
57.131.13.107 - - [29/Apr/2026:13:59:12 +0200] "GET /737b88c3ad9b21.php HTTP/1.1" 200 38570 "-" "Mozilla/5.0 (Macintosh; Intel Mac OS X 10_15_7) AppleWebKit/605.1.15 (KHTML, like Gecko) Version/26.4 Safari/605.1.15"
51.91.156.252 - - [29/Apr/2026:13:59:12 +0200] "GET /862a9c587b7396.php HTTP/1.1" 200 38570 "-" "Mozilla/5.0 (Linux; Android 10; K) AppleWebKit/537.36 (KHTML, like Gecko) Chrome/146.0.0.0 Mobile Safari/537.36"
159.223.242.210 - - [29/Apr/2026:13:59:13 +0200] "GET /8a70b4bc6b5038.php HTTP/1.1" 200 38572 "-" "Mozilla/5.0 (Macintosh; Intel Mac OS X 10_15_7) AppleWebKit/537.36 (KHTML, like Gecko) Chrome/145.0.0.0 Safari/537.36"
15.188.246.173 - - [29/Apr/2026:13:59:14 +0200] "GET /06bdc12ede3ae0.php HTTP/1.1" 200 38575 "-" "Mozilla/5.0 (iPhone; CPU iPhone OS 16_0 like Mac OS X) AppleWebKit/605.1.15 (KHTML, like Gecko) Version/16.0 Mobile/15E148 Safari/604.1"
51.75.141.254 - - [29/Apr/2026:13:59:16 +0200] "GET /737b88c3ad9b21.php HTTP/1.1" 200 38570 "-" "Mozilla/5.0 (Macintosh; Intel Mac OS X 10_15_7) AppleWebKit/605.1.15 (KHTML, like Gecko) Version/26.4 Safari/605.1.15"
77.42.67.200 - - [29/Apr/2026:13:59:19 +0200] "GET /c2b653fd11c458.php HTTP/1.1" 200 38569 "-" "Mozilla/5.0 (iPhone; CPU iPhone OS 15_0 like Mac OS X) AppleWebKit/605.1.15 (KHTML, like Gecko) Version/15.0 Mobile/15E148 Safari/604.1"
91.134.43.152 - - [29/Apr/2026:13:59:19 +0200] "GET /c2b653fd11c458.php HTTP/1.1" 200 38570 "-" "Mozilla/5.0 (iPhone; CPU iPhone OS 15_0 like Mac OS X) AppleWebKit/605.1.15 (KHTML, like Gecko) Version/15.0 Mobile/15E148 Safari/604.1"
15.188.246.173 - - [29/Apr/2026:13:59:21 +0200] "GET /06bdc12ede3ae0.php HTTP/1.1" 200 38575 "-" "Mozilla/5.0 (iPhone; CPU iPhone OS 16_0 like Mac OS X) AppleWebKit/605.1.15 (KHTML, like Gecko) Version/16.0 Mobile/15E148 Safari/604.1"
57.131.13.101 - - [29/Apr/2026:13:59:22 +0200] "GET /06bdc12ede3ae0.php HTTP/1.1" 200 38574 "-" "Mozilla/5.0 (iPhone; CPU iPhone OS 16_0 like Mac OS X) AppleWebKit/605.1.15 (KHTML, like Gecko) Version/16.0 Mobile/15E148 Safari/604.1"
86.16.74.122 - - [29/Apr/2026:13:59:22 +0200] "GET /06bdc12ede3ae0.php HTTP/1.1" 200 38573 "-" "Mozilla/5.0 (iPhone; CPU iPhone OS 16_0 like Mac OS X) AppleWebKit/605.1.15 (KHTML, like Gecko) Version/16.0 Mobile/15E148 Safari/604.1"
51.91.159.157 - - [29/Apr/2026:13:59:23 +0200] "GET /0a3170fad6056c.php HTTP/1.1" 200 38574 "-" "Mozilla/5.0 (Linux; Android 10; K) AppleWebKit/537.36 (KHTML, like Gecko) Chrome/138.0.0.0 Mobile Safari/537.36"
91.134.43.151 - - [29/Apr/2026:13:58:59 +0200] "GET /3bc323aca11a35.php HTTP/1.1" 200 38574 "-" "Mozilla/5.0 (iPhone; CPU iPhone OS 16_0 like Mac OS X) AppleWebKit/605.1.15 (KHTML, like Gecko) Version/16.0 Mobile/15E148 Safari/604.1"
91.134.43.151 - - [29/Apr/2026:13:59:03 +0200] "GET /06bdc12ede3ae0.html HTTP/1.1" 200 4163 "-" "Mozilla/5.0 (Linux; Android 10; K) AppleWebKit/537.36 (KHTML, like Gecko) Chrome/145.0.0.0 Mobile Safari/537.36"
213.139.9.170 - - [29/Apr/2026:13:59:03 +0200] "GET /06bdc12ede3ae0.html HTTP/1.1" 200 4163 "-" "Mozilla/5.0 (Linux; Android 10; K) AppleWebKit/537.36 (KHTML, like Gecko) Chrome/144.0.0.0 Mobile Safari/537.36"
91.134.43.152 - - [29/Apr/2026:13:59:07 +0200] "GET /favicon.ico HTTP/1.1" 404 1251 "https://2026.bean7936.odns.fr/c2b653fd11c458.php" "Mozilla/5.0 (iPhone; CPU iPhone OS 15_0 like Mac OS X) AppleWebKit/605.1.15 (KHTML, like Gecko) Version/15.0 Mobile/15E148 Safari/604.1"
68.183.245.101 - - [29/Apr/2026:13:59:14 +0200] "GET /8a70b4bc6b5038.php HTTP/1.1" 200 38571 "-" "Mozilla/5.0 (Macintosh; Intel Mac OS X 10_15_7) AppleWebKit/537.36 (KHTML, like Gecko) Chrome/145.0.0.0 Safari/537.36"
145.239.90.82 - - [29/Apr/2026:13:59:14 +0200] "GET /862a9c587b7396.php HTTP/1.1" 200 38570 "-" "Mozilla/5.0 (Linux; Android 10; K) AppleWebKit/537.36 (KHTML, like Gecko) Chrome/146.0.0.0 Mobile Safari/537.36"
51.91.159.157 - - [29/Apr/2026:13:59:18 +0200] "GET /0a3170fad6056c.php HTTP/1.1" 200 38574 "-" "Mozilla/5.0 (Linux; Android 10; K) AppleWebKit/537.36 (KHTML, like Gecko) Chrome/138.0.0.0 Mobile Safari/537.36"
57.131.13.95 - - [29/Apr/2026:13:59:22 +0200] "GET /0a3170fad6056c.php HTTP/1.1" 200 38573 "-" "Mozilla/5.0 (Linux; Android 10; K) AppleWebKit/537.36 (KHTML, like Gecko) Chrome/138.0.0.0 Mobile Safari/537.36"
170.64.241.20 - - [29/Apr/2026:13:59:24 +0200] "GET /06bdc12ede3ae0.php HTTP/1.1" 200 38574 "-" "Mozilla/5.0 (iPhone; CPU iPhone OS 16_0 like Mac OS X) AppleWebKit/605.1.15 (KHTML, like Gecko) Version/16.0 Mobile/15E148 Safari/604.1"
86.16.74.122 - - [29/Apr/2026:13:59:26 +0200] "GET /0a3170fad6056c.php HTTP/1.1" 200 38573 "-" "Mozilla/5.0 (Linux; Android 10; K) AppleWebKit/537.36 (KHTML, like Gecko) Chrome/138.0.0.0 Mobile Safari/537.36"
51.75.141.254 - - [29/Apr/2026:13:59:26 +0200] "GET /favicon.ico HTTP/1.1" 404 1251 "https://www.2026.bean7936.odns.fr/c2b653fd11c458.php" "Mozilla/5.0 (Linux; arm_64; Android 15; 23053RN02Y) AppleWebKit/537.36 (KHTML, like Gecko) Chrome/144.0.7559.732 YaSearchBrowser/26.35.1 BroPP/1.0 YaSearchApp/26.35.1 webOmni Mobile Safari/537.36"
51.91.156.252 - - [29/Apr/2026:13:59:26 +0200] "GET /d6c00bda6a5049.php HTTP/1.1" 200 38570 "-" "Mozilla/5.0 (Windows NT 10.0; Win64; x64) AppleWebKit/537.36 (KHTML, like Gecko) Chrome/145.0.0.0 Safari/537.36 Edg/145.0.0.0"
51.91.156.252 - - [29/Apr/2026:13:59:27 +0200] "GET /checkout HTTP/1.1" 404 1251 "-" "Mozilla/5.0 (iPhone; CPU iPhone OS 18_0_1 like Mac OS X) AppleWebKit/605.1.15 (KHTML, like Gecko) Brave/1 Mobile/15E148 Safari/604.1"
51.75.141.254 - - [29/Apr/2026:13:59:27 +0200] "GET /_autoindex/assets/js/tablesort.js HTTP/1.1" 200 7706 "https://www.2026.bean7936.odns.fr/" "Mozilla/5.0 (Macintosh; Intel Mac OS X 10_15_7) AppleWebKit/605.1.15 (KHTML, like Gecko) Version/18.4 Safari/605.1.15"
51.75.141.254 - - [29/Apr/2026:13:59:28 +0200] "GET /favicon.ico HTTP/1.1" 404 1251 "https://www.2026.bean7936.odns.fr/5c2c99561f3b74.php" "Mozilla/5.0 (iPhone; CPU iPhone OS 17_0_1 like Mac OS X) AppleWebKit/605.1.15 (KHTML, like Gecko) Version/17.0 Mobile/15E148 Safari/604.1"
91.134.142.216 - - [29/Apr/2026:13:59:28 +0200] "GET /favicon.ico HTTP/1.1" 404 1251 "https://2026.bean7936.odns.fr/5c2c99561f3b74.php" "Mozilla/5.0 (Linux; Android 10; K) AppleWebKit/537.36 (KHTML, like Gecko) Chrome/147.0.0.0 Mobile Safari/537.36"
51.91.156.252 - - [29/Apr/2026:13:59:31 +0200] "GET /favicon.ico HTTP/1.1" 404 1251 "https://2026.bean7936.odns.fr/d03ff56cd9fc33.php" "Mozilla/5.0 (Linux; Android 10; K) AppleWebKit/537.36 (KHTML, like Gecko) Chrome/131.0.0.0 Mobile Safari/537.36"
86.16.74.122 - - [29/Apr/2026:13:59:13 +0200] "GET /862a9c587b7396.php HTTP/1.1" 200 38569 "-" "Mozilla/5.0 (Linux; Android 10; K) AppleWebKit/537.36 (KHTML, like Gecko) Chrome/146.0.0.0 Mobile Safari/537.36"
86.16.74.122 - - [29/Apr/2026:13:59:13 +0200] "GET /737b88c3ad9b21.php HTTP/1.1" 200 38569 "-" "Mozilla/5.0 (Macintosh; Intel Mac OS X 10_15_7) AppleWebKit/605.1.15 (KHTML, like Gecko) Version/26.4 Safari/605.1.15"
15.188.246.173 - - [29/Apr/2026:13:59:14 +0200] "GET /favicon.ico HTTP/1.1" 404 1251 "https://www.2026.bean7936.odns.fr/06bdc12ede3ae0.php" "Mozilla/5.0 (iPhone; CPU iPhone OS 16_0 like Mac OS X) AppleWebKit/605.1.15 (KHTML, like Gecko) Version/16.0 Mobile/15E148 Safari/604.1"
51.91.159.157 - - [29/Apr/2026:13:59:18 +0200] "GET /favicon.ico HTTP/1.1" 404 1251 "https://www.2026.bean7936.odns.fr/0a3170fad6056c.php" "Mozilla/5.0 (Linux; Android 10; K) AppleWebKit/537.36 (KHTML, like Gecko) Chrome/138.0.0.0 Mobile Safari/537.36"
86.16.74.122 - - [29/Apr/2026:13:59:19 +0200] "GET /c2b653fd11c458.php HTTP/1.1" 200 38569 "-" "Mozilla/5.0 (iPhone; CPU iPhone OS 15_0 like Mac OS X) AppleWebKit/605.1.15 (KHTML, like Gecko) Version/15.0 Mobile/15E148 Safari/604.1"
51.91.156.252 - - [29/Apr/2026:13:59:27 +0200] "GET /favicon.ico HTTP/1.1" 404 1251 "https://2026.bean7936.odns.fr/d6c00bda6a5049.php" "Mozilla/5.0 (Windows NT 10.0; Win64; x64) AppleWebKit/537.36 (KHTML, like Gecko) Chrome/145.0.0.0 Safari/537.36 Edg/145.0.0.0"
51.75.141.254 - - [29/Apr/2026:13:59:27 +0200] "GET / HTTP/1.1" 200 12482 "-" "Mozilla/5.0 (Macintosh; Intel Mac OS X 10_15_7) AppleWebKit/605.1.15 (KHTML, like Gecko) Version/18.4 Safari/605.1.15"
51.75.141.254 - - [29/Apr/2026:13:59:27 +0200] "GET /862a9c587b7396.php HTTP/1.1" 200 38574 "-" "Mozilla/5.0 (Linux; Android 10; K) AppleWebKit/537.36 (KHTML, like Gecko) Chrome/143.0.0.0 Mobile Safari/537.36"
51.75.141.254 - - [29/Apr/2026:13:59:27 +0200] "GET /5c2c99561f3b74.php HTTP/1.1" 200 38574 "-" "Mozilla/5.0 (iPhone; CPU iPhone OS 17_0_1 like Mac OS X) AppleWebKit/605.1.15 (KHTML, like Gecko) Version/17.0 Mobile/15E148 Safari/604.1"
213.139.9.170 - - [29/Apr/2026:13:59:28 +0200] "GET /d6c00bda6a5049.php HTTP/1.1" 200 38574 "-" "Mozilla/5.0 (Linux; Android 10; K) AppleWebKit/537.36 (KHTML, like Gecko) Chrome/138.0.0.0 Mobile Safari/537.36"
51.91.156.252 - - [29/Apr/2026:13:59:29 +0200] "GET /favicon.ico HTTP/1.1" 404 1251 "https://2026.bean7936.odns.fr/3bc323aca11a35.php" "Mozilla/5.0 (Linux; Android 10; K) AppleWebKit/537.36 (KHTML, like Gecko) Chrome/146.0.0.0 Mobile Safari/537.36"
91.134.43.151 - - [29/Apr/2026:13:59:34 +0200] "GET /8a70b4bc6b5038.php HTTP/1.1" 200 38574 "-" "Mozilla/5.0 (Macintosh; Intel Mac OS X 10_15_7) AppleWebKit/537.36 (KHTML, like Gecko) Chrome/146.0.0.0 Safari/537.36"
49.13.211.144 - - [29/Apr/2026:13:59:41 +0200] "GET /5c2c99561f3b74.php HTTP/1.1" 200 38574 "-" "Mozilla/5.0 (iPhone; CPU iPhone OS 17_0_1 like Mac OS X) AppleWebKit/605.1.15 (KHTML, like Gecko) Version/17.0 Mobile/15E148 Safari/604.1"
86.16.74.122 - - [29/Apr/2026:13:59:41 +0200] "GET /5c2c99561f3b74.php HTTP/1.1" 200 38573 "-" "Mozilla/5.0 (iPhone; CPU iPhone OS 17_0_1 like Mac OS X) AppleWebKit/605.1.15 (KHTML, like Gecko) Version/17.0 Mobile/15E148 Safari/604.1"
86.16.74.122 - - [29/Apr/2026:13:59:41 +0200] "GET /862a9c587b7396.php HTTP/1.1" 200 38573 "-" "Mozilla/5.0 (Linux; Android 10; K) AppleWebKit/537.36 (KHTML, like Gecko) Chrome/143.0.0.0 Mobile Safari/537.36"
86.16.74.122 - - [29/Apr/2026:13:59:42 +0200] "GET /5c2c99561f3b74.php HTTP/1.1" 200 38569 "-" "Mozilla/5.0 (Linux; Android 10; K) AppleWebKit/537.36 (KHTML, like Gecko) Chrome/147.0.0.0 Mobile Safari/537.36"
57.131.13.108 - - [29/Apr/2026:13:59:42 +0200] "GET /d03ff56cd9fc33.php HTTP/1.1" 200 38570 "-" "Mozilla/5.0 (Linux; Android 10; K) AppleWebKit/537.36 (KHTML, like Gecko) Chrome/131.0.0.0 Mobile Safari/537.36"
146.190.203.144 - - [29/Apr/2026:13:59:43 +0200] "GET /862a9c587b7396.php HTTP/1.1" 200 38576 "-" "Mozilla/5.0 (Linux; Android 10; K) AppleWebKit/537.36 (KHTML, like Gecko) Chrome/143.0.0.0 Mobile Safari/537.36"
170.64.241.20 - - [29/Apr/2026:13:59:26 +0200] "GET /0a3170fad6056c.php HTTP/1.1" 200 38574 "-" "Mozilla/5.0 (Linux; Android 10; K) AppleWebKit/537.36 (KHTML, like Gecko) Chrome/138.0.0.0 Mobile Safari/537.36"
51.75.141.254 - - [29/Apr/2026:13:59:26 +0200] "GET /c2b653fd11c458.php HTTP/1.1" 200 38574 "-" "Mozilla/5.0 (Linux; arm_64; Android 15; 23053RN02Y) AppleWebKit/537.36 (KHTML, like Gecko) Chrome/144.0.7559.732 YaSearchBrowser/26.35.1 BroPP/1.0 YaSearchApp/26.35.1 webOmni Mobile Safari/537.36"
51.75.141.254 - - [29/Apr/2026:13:59:27 +0200] "GET /_autoindex/assets/css/autoindex.css HTTP/1.1" 200 3562 "https://www.2026.bean7936.odns.fr/" "Mozilla/5.0 (Macintosh; Intel Mac OS X 10_15_7) AppleWebKit/605.1.15 (KHTML, like Gecko) Version/18.4 Safari/605.1.15"
51.75.141.254 - - [29/Apr/2026:13:59:27 +0200] "GET /_autoindex/assets/js/tablesort.number.js HTTP/1.1" 200 682 "https://www.2026.bean7936.odns.fr/" "Mozilla/5.0 (Macintosh; Intel Mac OS X 10_15_7) AppleWebKit/605.1.15 (KHTML, like Gecko) Version/18.4 Safari/605.1.15"
51.75.141.254 - - [29/Apr/2026:13:59:27 +0200] "GET /_autoindex/assets/icons/file-text.svg HTTP/1.1" 200 768 "https://www.2026.bean7936.odns.fr/" "Mozilla/5.0 (Macintosh; Intel Mac OS X 10_15_7) AppleWebKit/605.1.15 (KHTML, like Gecko) Version/18.4 Safari/605.1.15"
51.75.141.254 - - [29/Apr/2026:13:59:27 +0200] "GET /favicon.ico HTTP/1.1" 404 1251 "https://www.2026.bean7936.odns.fr/" "Mozilla/5.0 (Macintosh; Intel Mac OS X 10_15_7) AppleWebKit/605.1.15 (KHTML, like Gecko) Version/18.4 Safari/605.1.15"
51.75.141.254 - - [29/Apr/2026:13:59:27 +0200] "GET /favicon.ico HTTP/1.1" 404 1251 "https://www.2026.bean7936.odns.fr/862a9c587b7396.php" "Mozilla/5.0 (Linux; Android 10; K) AppleWebKit/537.36 (KHTML, like Gecko) Chrome/143.0.0.0 Mobile Safari/537.36"
91.134.43.151 - - [29/Apr/2026:13:59:28 +0200] "GET /d6c00bda6a5049.php HTTP/1.1" 200 38574 "-" "Mozilla/5.0 (Windows NT 10.0; Win64; x64) AppleWebKit/537.36 (KHTML, like Gecko) Chrome/147.0.0.0 Safari/537.36 Edg/147.0.0.0"
91.134.142.216 - - [29/Apr/2026:13:59:28 +0200] "GET /5c2c99561f3b74.php HTTP/1.1" 200 38571 "-" "Mozilla/5.0 (Linux; Android 10; K) AppleWebKit/537.36 (KHTML, like Gecko) Chrome/147.0.0.0 Mobile Safari/537.36"
51.91.156.252 - - [29/Apr/2026:13:59:29 +0200] "GET /3bc323aca11a35.php HTTP/1.1" 200 38570 "-" "Mozilla/5.0 (Linux; Android 10; K) AppleWebKit/537.36 (KHTML, like Gecko) Chrome/146.0.0.0 Mobile Safari/537.36"
91.134.142.208 - - [29/Apr/2026:13:59:30 +0200] "GET /c17d291cfd5338.php HTTP/1.1" 200 38571 "-" "Mozilla/5.0 (Windows NT 10.0; Win64; x64) AppleWebKit/537.36 (KHTML, like Gecko) Chrome/145.0.0.0 Safari/537.36"
91.134.142.208 - - [29/Apr/2026:13:59:30 +0200] "GET /favicon.ico HTTP/1.1" 404 1251 "https://2026.bean7936.odns.fr/c17d291cfd5338.php" "Mozilla/5.0 (Windows NT 10.0; Win64; x64) AppleWebKit/537.36 (KHTML, like Gecko) Chrome/145.0.0.0 Safari/537.36"
51.91.156.252 - - [29/Apr/2026:13:59:31 +0200] "GET /d03ff56cd9fc33.php HTTP/1.1" 200 38570 "-" "Mozilla/5.0 (Linux; Android 10; K) AppleWebKit/537.36 (KHTML, like Gecko) Chrome/131.0.0.0 Mobile Safari/537.36"
51.75.141.254 - - [29/Apr/2026:13:59:41 +0200] "GET /5c2c99561f3b74.php HTTP/1.1" 200 38574 "-" "Mozilla/5.0 (iPhone; CPU iPhone OS 17_0_1 like Mac OS X) AppleWebKit/605.1.15 (KHTML, like Gecko) Version/17.0 Mobile/15E148 Safari/604.1"
51.75.141.254 - - [29/Apr/2026:13:59:42 +0200] "GET /c2b653fd11c458.php HTTP/1.1" 200 38574 "-" "Mozilla/5.0 (Linux; arm_64; Android 15; 23053RN02Y) AppleWebKit/537.36 (KHTML, like Gecko) Chrome/144.0.7559.732 YaSearchBrowser/26.35.1 BroPP/1.0 YaSearchApp/26.35.1 webOmni Mobile Safari/537.36"
46.62.234.38 - - [29/Apr/2026:13:59:42 +0200] "GET /5c2c99561f3b74.php HTTP/1.1" 200 38573 "-" "Mozilla/5.0 (iPhone; CPU iPhone OS 17_0_1 like Mac OS X) AppleWebKit/605.1.15 (KHTML, like Gecko) Version/17.0 Mobile/15E148 Safari/604.1"
86.16.74.122 - - [29/Apr/2026:13:59:44 +0200] "GET /d03ff56cd9fc33.php HTTP/1.1" 200 38569 "-" "Mozilla/5.0 (Linux; Android 10; K) AppleWebKit/537.36 (KHTML, like Gecko) Chrome/131.0.0.0 Mobile Safari/537.36"
91.134.43.151 - - [29/Apr/2026:13:59:34 +0200] "GET /favicon.ico HTTP/1.1" 404 1251 "https://www.2026.bean7936.odns.fr/8a70b4bc6b5038.php" "Mozilla/5.0 (Macintosh; Intel Mac OS X 10_15_7) AppleWebKit/537.36 (KHTML, like Gecko) Chrome/146.0.0.0 Safari/537.36"
86.16.74.122 - - [29/Apr/2026:13:59:42 +0200] "GET /c2b653fd11c458.php HTTP/1.1" 200 38573 "-" "Mozilla/5.0 (Linux; arm_64; Android 15; 23053RN02Y) AppleWebKit/537.36 (KHTML, like Gecko) Chrome/144.0.7559.732 YaSearchBrowser/26.35.1 BroPP/1.0 YaSearchApp/26.35.1 webOmni Mobile Safari/537.36"
91.134.142.216 - - [29/Apr/2026:13:59:42 +0200] "GET /5c2c99561f3b74.php HTTP/1.1" 200 38571 "-" "Mozilla/5.0 (Linux; Android 10; K) AppleWebKit/537.36 (KHTML, like Gecko) Chrome/147.0.0.0 Mobile Safari/537.36"
37.27.253.44 - - [29/Apr/2026:13:59:42 +0200] "GET /5c2c99561f3b74.php HTTP/1.1" 200 38569 "-" "Mozilla/5.0 (Linux; Android 10; K) AppleWebKit/537.36 (KHTML, like Gecko) Chrome/147.0.0.0 Mobile Safari/537.36"
209.50.228.91 - - [29/Apr/2026:13:59:42 +0200] "GET /c2b653fd11c458.php HTTP/1.1" 200 38574 "-" "Mozilla/5.0 (Linux; arm_64; Android 15; 23053RN02Y) AppleWebKit/537.36 (KHTML, like Gecko) Chrome/144.0.7559.732 YaSearchBrowser/26.35.1 BroPP/1.0 YaSearchApp/26.35.1 webOmni Mobile Safari/537.36"
86.16.74.122 - - [29/Apr/2026:13:59:42 +0200] "GET /d6c00bda6a5049.php HTTP/1.1" 200 38569 "-" "Mozilla/5.0 (Windows NT 10.0; Win64; x64) AppleWebKit/537.36 (KHTML, like Gecko) Chrome/145.0.0.0 Safari/537.36 Edg/145.0.0.0"
146.190.185.95 - - [29/Apr/2026:13:59:42 +0200] "GET /c2b653fd11c458.php HTTP/1.1" 200 38575 "-" "Mozilla/5.0 (Linux; arm_64; Android 15; 23053RN02Y) AppleWebKit/537.36 (KHTML, like Gecko) Chrome/144.0.7559.732 YaSearchBrowser/26.35.1 BroPP/1.0 YaSearchApp/26.35.1 webOmni Mobile Safari/537.36"
51.91.156.252 - - [29/Apr/2026:13:59:42 +0200] "GET /d03ff56cd9fc33.php HTTP/1.1" 200 38570 "-" "Mozilla/5.0 (Linux; Android 10; K) AppleWebKit/537.36 (KHTML, like Gecko) Chrome/131.0.0.0 Mobile Safari/537.36"
51.91.156.252 - - [29/Apr/2026:13:59:43 +0200] "GET /d6c00bda6a5049.php HTTP/1.1" 200 38570 "-" "Mozilla/5.0 (Windows NT 10.0; Win64; x64) AppleWebKit/537.36 (KHTML, like Gecko) Chrome/145.0.0.0 Safari/537.36 Edg/145.0.0.0"
209.50.228.92 - - [29/Apr/2026:13:59:43 +0200] "GET /862a9c587b7396.php HTTP/1.1" 200 38574 "-" "Mozilla/5.0 (Linux; Android 10; K) AppleWebKit/537.36 (KHTML, like Gecko) Chrome/143.0.0.0 Mobile Safari/537.36"
23.82.96.181 - - [29/Apr/2026:13:59:44 +0200] "GET /d6c00bda6a5049.php HTTP/1.1" 200 38569 "-" "Mozilla/5.0 (Windows NT 10.0; Win64; x64) AppleWebKit/537.36 (KHTML, like Gecko) Chrome/145.0.0.0 Safari/537.36 Edg/145.0.0.0"
86.16.74.122 - - [29/Apr/2026:13:59:45 +0200] "GET /3bc323aca11a35.php HTTP/1.1" 200 38569 "-" "Mozilla/5.0 (Linux; Android 10; K) AppleWebKit/537.36 (KHTML, like Gecko) Chrome/146.0.0.0 Mobile Safari/537.36"
213.139.9.170 - - [29/Apr/2026:13:59:45 +0200] "GET /c17d291cfd5338.php HTTP/1.1" 200 38574 "-" "Mozilla/5.0 (Linux; Android 10; K) AppleWebKit/537.36 (KHTML, like Gecko) Chrome/140.0.0.0 Mobile Safari/537.36"
91.134.43.151 - - [29/Apr/2026:13:59:45 +0200] "GET /8a70b4bc6b5038.php HTTP/1.1" 200 38574 "-" "Mozilla/5.0 (Macintosh; Intel Mac OS X 10_15_7) AppleWebKit/537.36 (KHTML, like Gecko) Chrome/146.0.0.0 Safari/537.36"
51.75.141.254 - - [29/Apr/2026:13:59:46 +0200] "GET /862a9c587b7396.php HTTP/1.1" 200 38574 "-" "Mozilla/5.0 (Linux; Android 10; K) AppleWebKit/537.36 (KHTML, like Gecko) Chrome/143.0.0.0 Mobile Safari/537.36"
91.134.142.216 - - [29/Apr/2026:13:59:48 +0200] "GET /c17d291cfd5338.php HTTP/1.1" 200 38575 "-" "Mozilla/5.0 (Linux; Android 10; K) AppleWebKit/537.36 (KHTML, like Gecko) Chrome/138.0.0.0 Mobile Safari/537.36"
86.16.74.122 - - [29/Apr/2026:13:59:49 +0200] "GET /c17d291cfd5338.php HTTP/1.1" 200 38569 "-" "Mozilla/5.0 (Windows NT 10.0; Win64; x64) AppleWebKit/537.36 (KHTML, like Gecko) Chrome/145.0.0.0 Safari/537.36"
145.239.90.82 - - [29/Apr/2026:13:59:44 +0200] "GET /5c2c99561f3b74.php HTTP/1.1" 200 38570 "-" "Mozilla/5.0 (Linux; Android 10; K) AppleWebKit/537.36 (KHTML, like Gecko) Chrome/147.0.0.0 Mobile Safari/537.36"
23.80.89.36 - - [29/Apr/2026:13:59:44 +0200] "GET /d03ff56cd9fc33.php HTTP/1.1" 200 38568 "-" "Mozilla/5.0 (Linux; Android 10; K) AppleWebKit/537.36 (KHTML, like Gecko) Chrome/131.0.0.0 Mobile Safari/537.36"
91.134.142.208 - - [29/Apr/2026:13:59:46 +0200] "GET /c17d291cfd5338.php HTTP/1.1" 200 38571 "-" "Mozilla/5.0 (Windows NT 10.0; Win64; x64) AppleWebKit/537.36 (KHTML, like Gecko) Chrome/145.0.0.0 Safari/537.36"
209.50.227.112 - - [29/Apr/2026:13:59:47 +0200] "GET /c17d291cfd5338.php HTTP/1.1" 200 38571 "-" "Mozilla/5.0 (Windows NT 10.0; Win64; x64) AppleWebKit/537.36 (KHTML, like Gecko) Chrome/145.0.0.0 Safari/537.36"
23.80.89.37 - - [29/Apr/2026:13:59:47 +0200] "GET /3bc323aca11a35.php HTTP/1.1" 200 38568 "-" "Mozilla/5.0 (Linux; Android 10; K) AppleWebKit/537.36 (KHTML, like Gecko) Chrome/146.0.0.0 Mobile Safari/537.36"
23.80.89.38 - - [29/Apr/2026:13:59:48 +0200] "GET /d6c00bda6a5049.php HTTP/1.1" 200 38568 "-" "Mozilla/5.0 (Windows NT 10.0; Win64; x64) AppleWebKit/537.36 (KHTML, like Gecko) Chrome/145.0.0.0 Safari/537.36 Edg/145.0.0.0"
213.139.9.170 - - [29/Apr/2026:14:00:04 +0200] "GET /c6c6c941f9dab1.php HTTP/1.1" 200 38574 "-" "Mozilla/5.0 (Macintosh; Intel Mac OS X 10_15_7) AppleWebKit/537.36 (KHTML, like Gecko) Chrome/145.0.0.0 Safari/537.36"
91.134.43.152 - - [29/Apr/2026:14:00:22 +0200] "GET /Mailer_c6c6c941f9dab1.php HTTP/1.1" 200 126 "-" "Mozilla/5.0 (Linux; Android 10; K) AppleWebKit/537.36 (KHTML, like Gecko) Chrome/139.0.0.0 Mobile Safari/537.36"
91.134.43.152 - - [29/Apr/2026:14:00:23 +0200] "GET /Mailer_737b88c3ad9b21.php HTTP/1.1" 200 126 "-" "Mozilla/5.0 (Linux; Android 10; K) AppleWebKit/537.36 (KHTML, like Gecko) Chrome/146.0.0.0 Mobile Safari/537.36"
91.134.43.152 - - [29/Apr/2026:14:00:23 +0200] "GET /Mailer_737b88c3ad9b21.php HTTP/1.1" 200 126 "-" "Mozilla/5.0 (Linux; Android 10; K) AppleWebKit/537.36 (KHTML, like Gecko) Chrome/146.0.0.0 Mobile Safari/537.36"
138.68.120.52 - - [29/Apr/2026:14:00:25 +0200] "GET /checkout HTTP/1.1" 404 1251 "-" "Mozilla/5.0 (iPhone; CPU iPhone OS 16_0 like Mac OS X) AppleWebKit/605.1.15 (KHTML, like Gecko) Version/16.0 Mobile/15E148 Safari/604.1"
91.134.142.216 - - [29/Apr/2026:14:00:26 +0200] "GET /Mailer_8a70b4bc6b5038.php HTTP/1.1" 200 126 "-" "Mozilla/5.0 (Linux; Android 10; K) AppleWebKit/537.36 (KHTML, like Gecko) Chrome/137.0.0.0 Mobile Safari/537.36"
185.34.33.2 - - [29/Apr/2026:14:00:29 +0200] "GET /Mailer_0a3170fad6056c.php HTTP/1.1" 200 126 "-" "Mozilla/5.0 (Windows NT 10.0; Win64; x64; rv:149.0) Gecko/20100101 Firefox/149.0"
138.68.120.52 - - [29/Apr/2026:14:00:33 +0200] "GET /checkout HTTP/1.1" 404 1251 "-" "Mozilla/5.0 (iPhone; CPU iPhone OS 17_0_3 like Mac OS X) AppleWebKit/605.1.15 (KHTML, like Gecko) Version/17.0 YaBrowser/26.3.7.341.10 SA/3 Mobile/15E148 Safari/604.1"
91.134.43.152 - - [29/Apr/2026:14:00:48 +0200] "GET /Mailer_c2b653fd11c458.php HTTP/1.1" 200 126 "-" "Mozilla/5.0 (iPhone; CPU iPhone OS 15_0 like Mac OS X) AppleWebKit/605.1.15 (KHTML, like Gecko) Version/15.0 Mobile/15E148 Safari/604.1"
81.53.36.105 - - [29/Apr/2026:14:00:51 +0200] "GET /Mailer_c6c6c941f9dab1.php HTTP/1.1" 200 126 "-" "Mozilla/5.0 (Windows NT 10.0; Win64; x64) AppleWebKit/537.36 (KHTML, like Gecko) Chrome/146.0.0.0 Safari/537.36 Edg/146.0.0.0"
91.134.43.151 - - [29/Apr/2026:14:00:52 +0200] "GET /Mailer_d03ff56cd9fc33.php HTTP/1.1" 200 126 "-" "Mozilla/5.0 (Linux; arm_64; Android 16; SM-S938B) AppleWebKit/537.36 (KHTML, like Gecko) Chrome/144.0.7559.72 YaBrowser/26.3.6.72.00 Mobile Safari/537.36"
91.134.142.208 - - [29/Apr/2026:14:00:55 +0200] "GET /Mailer_737b88c3ad9b21.php HTTP/1.1" 200 126 "-" "Mozilla/5.0 (Windows NT 10.0; Win64; x64) AppleWebKit/537.36 (KHTML, like Gecko) Chrome/146.0.0.0 Safari/537.36 Edg/146.0.0.0"
86.16.74.122 - - [29/Apr/2026:13:59:45 +0200] "GET /8a70b4bc6b5038.php HTTP/1.1" 200 38573 "-" "Mozilla/5.0 (Macintosh; Intel Mac OS X 10_15_7) AppleWebKit/537.36 (KHTML, like Gecko) Chrome/146.0.0.0 Safari/537.36"
77.42.67.200 - - [29/Apr/2026:13:59:45 +0200] "GET /c17d291cfd5338.php HTTP/1.1" 200 38569 "-" "Mozilla/5.0 (Windows NT 10.0; Win64; x64) AppleWebKit/537.36 (KHTML, like Gecko) Chrome/145.0.0.0 Safari/537.36"
77.42.64.154 - - [29/Apr/2026:13:59:46 +0200] "GET /8a70b4bc6b5038.php HTTP/1.1" 200 38573 "-" "Mozilla/5.0 (Macintosh; Intel Mac OS X 10_15_7) AppleWebKit/537.36 (KHTML, like Gecko) Chrome/146.0.0.0 Safari/537.36"
51.91.156.252 - - [29/Apr/2026:13:59:46 +0200] "GET /3bc323aca11a35.php HTTP/1.1" 200 38570 "-" "Mozilla/5.0 (Linux; Android 10; K) AppleWebKit/537.36 (KHTML, like Gecko) Chrome/146.0.0.0 Mobile Safari/537.36"
23.82.96.182 - - [29/Apr/2026:13:59:49 +0200] "GET /8a70b4bc6b5038.php HTTP/1.1" 200 38573 "-" "Mozilla/5.0 (Macintosh; Intel Mac OS X 10_15_7) AppleWebKit/537.36 (KHTML, like Gecko) Chrome/146.0.0.0 Safari/537.36"
146.190.203.144 - - [29/Apr/2026:13:59:51 +0200] "GET /3bc323aca11a35.php HTTP/1.1" 200 38572 "-" "Mozilla/5.0 (Linux; Android 10; K) AppleWebKit/537.36 (KHTML, like Gecko) Chrome/146.0.0.0 Mobile Safari/537.36"
86.16.74.122 - - [29/Apr/2026:14:00:23 +0200] "GET /c6c6c941f9dab1.php HTTP/1.1" 200 38573 "-" "Mozilla/5.0 (Macintosh; Intel Mac OS X 10_15_7) AppleWebKit/537.36 (KHTML, like Gecko) Chrome/145.0.0.0 Safari/537.36"
45.157.112.153 - - [29/Apr/2026:14:00:25 +0200] "GET /Mailer_c2b653fd11c458.php HTTP/1.1" 200 126 "-" "Mozilla/5.0 (Linux; Android 10; K) AppleWebKit/537.36 (KHTML, like Gecko) Chrome/145.0.0.0 Mobile Safari/537.36"
81.53.36.105 - - [29/Apr/2026:14:00:29 +0200] "GET /Mailer_862a9c587b7396.php HTTP/1.1" 200 126 "-" "Mozilla/5.0 (Linux; Android 10; K) AppleWebKit/537.36 (KHTML, like Gecko) Chrome/145.0.0.0 Mobile Safari/537.36"
195.132.35.238 - - [29/Apr/2026:14:00:35 +0200] "GET /Mailer_c17d291cfd5338.php HTTP/1.1" 200 126 "-" "Mozilla/5.0 (Linux; Android 10; K) AppleWebKit/537.36 (KHTML, like Gecko) Chrome/145.0.0.0 Mobile Safari/537.36"
91.134.142.208 - - [29/Apr/2026:14:00:46 +0200] "GET /Mailer_5c2c99561f3b74.php HTTP/1.1" 200 126 "-" "Mozilla/5.0 (Linux; Android 10; K) AppleWebKit/537.36 (KHTML, like Gecko) Chrome/146.0.0.0 Mobile Safari/537.36"
91.134.142.216 - - [29/Apr/2026:14:00:50 +0200] "GET /Mailer_c2b653fd11c458.php HTTP/1.1" 200 126 "-" "Mozilla/5.0 (Linux; Android 10; K) AppleWebKit/537.36 (KHTML, like Gecko) Chrome/138.0.0.0 Mobile Safari/537.36"
195.132.35.238 - - [29/Apr/2026:14:00:52 +0200] "GET /Mailer_8a70b4bc6b5038.php HTTP/1.1" 200 126 "-" "Mozilla/5.0 (Windows NT 10.0; Win64; x64) AppleWebKit/537.36 (KHTML, like Gecko) Chrome/147.0.0.0 Safari/537.36 Edg/147.0.0.0"
51.91.156.252 - - [29/Apr/2026:14:01:03 +0200] "GET /862a9c587b7396.php HTTP/1.1" 200 38570 "-" "Mozilla/5.0 (Linux; Android 10; K) AppleWebKit/537.36 (KHTML, like Gecko) Chrome/146.0.0.0 Mobile Safari/537.36"
91.134.43.152 - - [29/Apr/2026:14:01:04 +0200] "GET /favicon.ico HTTP/1.1" 404 1251 "https://2026.bean7936.odns.fr/c2b653fd11c458.php" "Mozilla/5.0 (iPhone; CPU iPhone OS 15_0 like Mac OS X) AppleWebKit/605.1.15 (KHTML, like Gecko) Version/15.0 Mobile/15E148 Safari/604.1"
51.75.141.254 - - [29/Apr/2026:14:01:04 +0200] "GET /737b88c3ad9b21.php HTTP/1.1" 200 38570 "-" "Mozilla/5.0 (Macintosh; Intel Mac OS X 10_15_7) AppleWebKit/605.1.15 (KHTML, like Gecko) Version/26.4 Safari/605.1.15"
51.75.141.254 - - [29/Apr/2026:14:01:05 +0200] "GET /favicon.ico HTTP/1.1" 404 1251 "https://2026.bean7936.odns.fr/737b88c3ad9b21.php" "Mozilla/5.0 (Macintosh; Intel Mac OS X 10_15_7) AppleWebKit/605.1.15 (KHTML, like Gecko) Version/26.4 Safari/605.1.15"
51.91.156.252 - - [29/Apr/2026:14:01:05 +0200] "GET /862a9c587b7396.php HTTP/1.1" 200 38570 "-" "Mozilla/5.0 (Linux; Android 10; K) AppleWebKit/537.36 (KHTML, like Gecko) Chrome/146.0.0.0 Mobile Safari/537.36"
213.139.9.170 - - [29/Apr/2026:14:00:05 +0200] "GET /favicon.ico HTTP/1.1" 404 1251 "https://www.2026.bean7936.odns.fr/c6c6c941f9dab1.php" "Mozilla/5.0 (Macintosh; Intel Mac OS X 10_15_7) AppleWebKit/537.36 (KHTML, like Gecko) Chrome/145.0.0.0 Safari/537.36"
81.53.36.105 - - [29/Apr/2026:14:00:21 +0200] "GET /checkout HTTP/1.1" 404 1251 "-" "Mozilla/5.0 (Macintosh; Intel Mac OS X 10_15_7) AppleWebKit/605.1.15 (KHTML, like Gecko) Version/18.4 Safari/605.1.15"
213.139.9.170 - - [29/Apr/2026:14:00:22 +0200] "GET /checkout HTTP/1.1" 404 1251 "-" "Mozilla/5.0 (iPhone; CPU iPhone OS 17_0_1 like Mac OS X) AppleWebKit/605.1.15 (KHTML, like Gecko) Version/17.0 Mobile/15E148 Safari/604.1"
213.139.9.170 - - [29/Apr/2026:14:00:23 +0200] "GET /c6c6c941f9dab1.php HTTP/1.1" 200 38574 "-" "Mozilla/5.0 (Macintosh; Intel Mac OS X 10_15_7) AppleWebKit/537.36 (KHTML, like Gecko) Chrome/145.0.0.0 Safari/537.36"
