15.188.246.173 - - [29/Apr/2026:14:00:23 +0200] "GET /Mailer_d03ff56cd9fc33.php HTTP/1.1" 200 126 "-" "Mozilla/5.0 (Windows NT 10.0; Win64; x64) AppleWebKit/537.36 (KHTML, like Gecko) Chrome/145.0.0.0 Safari/537.36 Edg/145.0.0.0"
95.217.190.234 - - [29/Apr/2026:14:00:24 +0200] "GET /c6c6c941f9dab1.php HTTP/1.1" 200 38575 "-" "Mozilla/5.0 (Macintosh; Intel Mac OS X 10_15_7) AppleWebKit/537.36 (KHTML, like Gecko) Chrome/145.0.0.0 Safari/537.36"
15.188.246.173 - - [29/Apr/2026:14:00:24 +0200] "GET /fac0bfb17cb424.php HTTP/1.1" 200 38575 "-" "Mozilla/5.0 (Windows NT 10.0; Win64; x64) AppleWebKit/537.36 (KHTML, like Gecko) Chrome/147.0.0.0 Safari/537.36 Edg/147.0.0.0"
138.68.120.52 - - [29/Apr/2026:14:00:25 +0200] "GET /favicon.ico HTTP/1.1" 404 1251 "https://2026.bean7936.odns.fr/checkout" "Mozilla/5.0 (iPhone; CPU iPhone OS 16_0 like Mac OS X) AppleWebKit/605.1.15 (KHTML, like Gecko) Version/16.0 Mobile/15E148 Safari/604.1"
23.80.89.37 - - [29/Apr/2026:14:00:25 +0200] "GET /c6c6c941f9dab1.php HTTP/1.1" 200 38572 "-" "Mozilla/5.0 (Macintosh; Intel Mac OS X 10_15_7) AppleWebKit/537.36 (KHTML, like Gecko) Chrome/145.0.0.0 Safari/537.36"
213.139.9.170 - - [29/Apr/2026:14:00:26 +0200] "GET /Mailer_06bdc12ede3ae0.php HTTP/1.1" 200 126 "-" "Mozilla/5.0 (Macintosh; Intel Mac OS X 10_15_7) AppleWebKit/605.1.15 (KHTML, like Gecko) Version/26.4 Safari/605.1.15"
81.53.36.105 - - [29/Apr/2026:14:00:28 +0200] "GET /Mailer_fac0bfb17cb424.php HTTP/1.1" 200 126 "-" "Mozilla/5.0 (Linux; Android 10; K) AppleWebKit/537.36 (KHTML, like Gecko) Chrome/145.0.0.0 Mobile Safari/537.36"
51.91.156.252 - - [29/Apr/2026:14:00:29 +0200] "GET /Mailer_5c2c99561f3b74.php HTTP/1.1" 200 126 "-" "Mozilla/5.0 (Macintosh; Intel Mac OS X 10_15_7) AppleWebKit/605.1.15 (KHTML, like Gecko) Version/26.4 Safari/605.1.15"
51.91.159.157 - - [29/Apr/2026:14:00:29 +0200] "GET /Mailer_862a9c587b7396.php HTTP/1.1" 200 126 "-" "Mozilla/5.0 (Linux; Android 10; K) AppleWebKit/537.36 (KHTML, like Gecko) Chrome/144.0.0.0 Mobile Safari/537.36"
138.68.120.52 - - [29/Apr/2026:14:00:33 +0200] "GET /checkout HTTP/1.1" 404 1251 "-" "Mozilla/5.0 (Windows NT 10.0; Win64; x64; rv:148.0) Gecko/20100101 Firefox/148.0"
91.134.43.152 - - [29/Apr/2026:14:01:03 +0200] "GET /c2b653fd11c458.php HTTP/1.1" 200 38570 "-" "Mozilla/5.0 (iPhone; CPU iPhone OS 15_0 like Mac OS X) AppleWebKit/605.1.15 (KHTML, like Gecko) Version/15.0 Mobile/15E148 Safari/604.1"
51.91.159.157 - - [29/Apr/2026:14:01:05 +0200] "GET /0a3170fad6056c.php HTTP/1.1" 200 38574 "-" "Mozilla/5.0 (Linux; Android 10; K) AppleWebKit/537.36 (KHTML, like Gecko) Chrome/138.0.0.0 Mobile Safari/537.36"
51.75.141.254 - - [29/Apr/2026:14:01:05 +0200] "GET /737b88c3ad9b21.php HTTP/1.1" 200 38570 "-" "Mozilla/5.0 (Macintosh; Intel Mac OS X 10_15_7) AppleWebKit/605.1.15 (KHTML, like Gecko) Version/26.4 Safari/605.1.15"
91.134.43.152 - - [29/Apr/2026:14:01:05 +0200] "GET /favicon.ico HTTP/1.1" 404 1251 "https://2026.bean7936.odns.fr/c2b653fd11c458.php" "Mozilla/5.0 (iPhone; CPU iPhone OS 15_0 like Mac OS X) AppleWebKit/605.1.15 (KHTML, like Gecko) Version/15.0 Mobile/15E148 Safari/604.1"
15.188.246.173 - - [29/Apr/2026:14:01:06 +0200] "GET /favicon.ico HTTP/1.1" 404 1251 "https://www.2026.bean7936.odns.fr/06bdc12ede3ae0.php" "Mozilla/5.0 (iPhone; CPU iPhone OS 16_0 like Mac OS X) AppleWebKit/605.1.15 (KHTML, like Gecko) Version/16.0 Mobile/15E148 Safari/604.1"
51.75.141.254 - - [29/Apr/2026:14:01:08 +0200] "GET /favicon.ico HTTP/1.1" 404 1251 "https://www.2026.bean7936.odns.fr/c2b653fd11c458.php" "Mozilla/5.0 (Linux; arm_64; Android 15; 23053RN02Y) AppleWebKit/537.36 (KHTML, like Gecko) Chrome/144.0.7559.732 YaSearchBrowser/26.35.1 BroPP/1.0 YaSearchApp/26.35.1 webOmni Mobile Safari/537.36"
51.91.156.252 - - [29/Apr/2026:14:01:08 +0200] "GET /d6c00bda6a5049.php HTTP/1.1" 200 38570 "-" "Mozilla/5.0 (Windows NT 10.0; Win64; x64) AppleWebKit/537.36 (KHTML, like Gecko) Chrome/145.0.0.0 Safari/537.36 Edg/145.0.0.0"
51.91.159.157 - - [29/Apr/2026:14:01:08 +0200] "GET /0a3170fad6056c.php HTTP/1.1" 200 38574 "-" "Mozilla/5.0 (Linux; Android 10; K) AppleWebKit/537.36 (KHTML, like Gecko) Chrome/138.0.0.0 Mobile Safari/537.36"
51.91.156.252 - - [29/Apr/2026:14:01:10 +0200] "GET /d6c00bda6a5049.php HTTP/1.1" 200 38570 "-" "Mozilla/5.0 (Windows NT 10.0; Win64; x64) AppleWebKit/537.36 (KHTML, like Gecko) Chrome/145.0.0.0 Safari/537.36 Edg/145.0.0.0"
51.75.141.254 - - [29/Apr/2026:14:01:10 +0200] "GET /favicon.ico HTTP/1.1" 404 1251 "https://www.2026.bean7936.odns.fr/c2b653fd11c458.php" "Mozilla/5.0 (Linux; arm_64; Android 15; 23053RN02Y) AppleWebKit/537.36 (KHTML, like Gecko) Chrome/144.0.7559.732 YaSearchBrowser/26.35.1 BroPP/1.0 YaSearchApp/26.35.1 webOmni Mobile Safari/537.36"
51.75.141.254 - - [29/Apr/2026:14:01:10 +0200] "GET /favicon.ico HTTP/1.1" 404 1251 "https://www.2026.bean7936.odns.fr/5c2c99561f3b74.php" "Mozilla/5.0 (iPhone; CPU iPhone OS 17_0_1 like Mac OS X) AppleWebKit/605.1.15 (KHTML, like Gecko) Version/17.0 Mobile/15E148 Safari/604.1"
51.91.156.252 - - [29/Apr/2026:14:01:10 +0200] "GET /d03ff56cd9fc33.php HTTP/1.1" 200 38570 "-" "Mozilla/5.0 (Linux; Android 10; K) AppleWebKit/537.36 (KHTML, like Gecko) Chrome/131.0.0.0 Mobile Safari/537.36"
91.134.142.216 - - [29/Apr/2026:14:01:10 +0200] "GET /5c2c99561f3b74.php HTTP/1.1" 200 38571 "-" "Mozilla/5.0 (Linux; Android 10; K) AppleWebKit/537.36 (KHTML, like Gecko) Chrome/147.0.0.0 Mobile Safari/537.36"
51.91.156.252 - - [29/Apr/2026:14:01:11 +0200] "GET /3bc323aca11a35.php HTTP/1.1" 200 38570 "-" "Mozilla/5.0 (Linux; Android 10; K) AppleWebKit/537.36 (KHTML, like Gecko) Chrome/146.0.0.0 Mobile Safari/537.36"
51.91.156.252 - - [29/Apr/2026:14:01:12 +0200] "GET /favicon.ico HTTP/1.1" 404 1251 "https://2026.bean7936.odns.fr/3bc323aca11a35.php" "Mozilla/5.0 (Linux; Android 10; K) AppleWebKit/537.36 (KHTML, like Gecko) Chrome/146.0.0.0 Mobile Safari/537.36"
91.134.43.151 - - [29/Apr/2026:14:01:12 +0200] "GET /favicon.ico HTTP/1.1" 404 1251 "https://www.2026.bean7936.odns.fr/8a70b4bc6b5038.php" "Mozilla/5.0 (Macintosh; Intel Mac OS X 10_15_7) AppleWebKit/537.36 (KHTML, like Gecko) Chrome/146.0.0.0 Safari/537.36"
51.91.156.252 - - [29/Apr/2026:14:01:12 +0200] "GET /favicon.ico HTTP/1.1" 404 1251 "https://2026.bean7936.odns.fr/d03ff56cd9fc33.php" "Mozilla/5.0 (Linux; Android 10; K) AppleWebKit/537.36 (KHTML, like Gecko) Chrome/131.0.0.0 Mobile Safari/537.36"
91.134.142.208 - - [29/Apr/2026:14:01:13 +0200] "GET /c17d291cfd5338.php HTTP/1.1" 200 38571 "-" "Mozilla/5.0 (Windows NT 10.0; Win64; x64) AppleWebKit/537.36 (KHTML, like Gecko) Chrome/145.0.0.0 Safari/537.36"
51.38.225.46 - - [29/Apr/2026:14:01:13 +0200] "GET /Mailer_0a3170fad6056c.php HTTP/1.1" 200 126 "https://www.2026.bean7936.odns.fr/Mailer_0a3170fad6056c.php" "Mozilla/5.0 (Windows NT 10.0; Win64; x64; rv:149.0) Gecko/20100101 Firefox/149.0"
51.38.225.46 - - [29/Apr/2026:14:01:13 +0200] "GET /favicon.ico HTTP/1.1" 404 1251 "https://www.2026.bean7936.odns.fr/Mailer_0a3170fad6056c.php" "Mozilla/5.0 (Windows NT 10.0; Win64; x64; rv:149.0) Gecko/20100101 Firefox/149.0"
51.91.156.252 - - [29/Apr/2026:14:01:05 +0200] "GET /favicon.ico HTTP/1.1" 404 1251 "https://2026.bean7936.odns.fr/862a9c587b7396.php" "Mozilla/5.0 (Linux; Android 10; K) AppleWebKit/537.36 (KHTML, like Gecko) Chrome/146.0.0.0 Mobile Safari/537.36"
91.134.43.152 - - [29/Apr/2026:14:01:05 +0200] "GET /c2b653fd11c458.php HTTP/1.1" 200 38570 "-" "Mozilla/5.0 (iPhone; CPU iPhone OS 15_0 like Mac OS X) AppleWebKit/605.1.15 (KHTML, like Gecko) Version/15.0 Mobile/15E148 Safari/604.1"
91.134.142.216 - - [29/Apr/2026:14:01:06 +0200] "GET /Mailer_d6c00bda6a5049.php HTTP/1.1" 200 126 "-" "Mozilla/5.0 (Windows NT 10.0; Win64; x64) AppleWebKit/537.36 (KHTML, like Gecko) Chrome/145.0.0.0 Safari/537.36"
15.188.246.173 - - [29/Apr/2026:14:01:06 +0200] "GET /06bdc12ede3ae0.php HTTP/1.1" 200 38575 "-" "Mozilla/5.0 (iPhone; CPU iPhone OS 16_0 like Mac OS X) AppleWebKit/605.1.15 (KHTML, like Gecko) Version/16.0 Mobile/15E148 Safari/604.1"
91.134.43.152 - - [29/Apr/2026:14:01:08 +0200] "GET /favicon.ico HTTP/1.1" 404 1251 "https://www.2026.bean7936.odns.fr/Mailer_737b88c3ad9b21.php" "Mozilla/5.0 (Linux; Android 10; K) AppleWebKit/537.36 (KHTML, like Gecko) Chrome/146.0.0.0 Mobile Safari/537.36"
51.75.141.254 - - [29/Apr/2026:14:01:08 +0200] "GET /c2b653fd11c458.php HTTP/1.1" 200 38574 "-" "Mozilla/5.0 (Linux; arm_64; Android 15; 23053RN02Y) AppleWebKit/537.36 (KHTML, like Gecko) Chrome/144.0.7559.732 YaSearchBrowser/26.35.1 BroPP/1.0 YaSearchApp/26.35.1 webOmni Mobile Safari/537.36"
51.75.141.254 - - [29/Apr/2026:14:01:10 +0200] "GET /c2b653fd11c458.php HTTP/1.1" 200 38574 "-" "Mozilla/5.0 (Linux; arm_64; Android 15; 23053RN02Y) AppleWebKit/537.36 (KHTML, like Gecko) Chrome/144.0.7559.732 YaSearchBrowser/26.35.1 BroPP/1.0 YaSearchApp/26.35.1 webOmni Mobile Safari/537.36"
51.91.156.252 - - [29/Apr/2026:14:01:10 +0200] "GET /favicon.ico HTTP/1.1" 404 1251 "https://2026.bean7936.odns.fr/d6c00bda6a5049.php" "Mozilla/5.0 (Windows NT 10.0; Win64; x64) AppleWebKit/537.36 (KHTML, like Gecko) Chrome/145.0.0.0 Safari/537.36 Edg/145.0.0.0"
51.75.141.254 - - [29/Apr/2026:14:01:10 +0200] "GET /862a9c587b7396.php HTTP/1.1" 200 38574 "-" "Mozilla/5.0 (Linux; Android 10; K) AppleWebKit/537.36 (KHTML, like Gecko) Chrome/143.0.0.0 Mobile Safari/537.36"
51.75.141.254 - - [29/Apr/2026:14:01:10 +0200] "GET /favicon.ico HTTP/1.1" 404 1251 "https://www.2026.bean7936.odns.fr/862a9c587b7396.php" "Mozilla/5.0 (Linux; Android 10; K) AppleWebKit/537.36 (KHTML, like Gecko) Chrome/143.0.0.0 Mobile Safari/537.36"
51.75.141.254 - - [29/Apr/2026:14:01:11 +0200] "GET /favicon.ico HTTP/1.1" 404 1251 "https://www.2026.bean7936.odns.fr/862a9c587b7396.php" "Mozilla/5.0 (Linux; Android 10; K) AppleWebKit/537.36 (KHTML, like Gecko) Chrome/143.0.0.0 Mobile Safari/537.36"
91.134.43.151 - - [29/Apr/2026:14:01:11 +0200] "GET /8a70b4bc6b5038.php HTTP/1.1" 200 38574 "-" "Mozilla/5.0 (Macintosh; Intel Mac OS X 10_15_7) AppleWebKit/537.36 (KHTML, like Gecko) Chrome/146.0.0.0 Safari/537.36"
91.134.142.208 - - [29/Apr/2026:14:01:13 +0200] "GET /favicon.ico HTTP/1.1" 404 1251 "https://2026.bean7936.odns.fr/c17d291cfd5338.php" "Mozilla/5.0 (Windows NT 10.0; Win64; x64) AppleWebKit/537.36 (KHTML, like Gecko) Chrome/145.0.0.0 Safari/537.36"
91.134.43.151 - - [29/Apr/2026:14:01:14 +0200] "GET /8a70b4bc6b5038.php HTTP/1.1" 200 38574 "-" "Mozilla/5.0 (Macintosh; Intel Mac OS X 10_15_7) AppleWebKit/537.36 (KHTML, like Gecko) Chrome/146.0.0.0 Safari/537.36"
91.134.43.151 - - [29/Apr/2026:14:01:14 +0200] "GET /favicon.ico HTTP/1.1" 404 1251 "https://www.2026.bean7936.odns.fr/8a70b4bc6b5038.php" "Mozilla/5.0 (Macintosh; Intel Mac OS X 10_15_7) AppleWebKit/537.36 (KHTML, like Gecko) Chrome/146.0.0.0 Safari/537.36"
91.134.142.208 - - [29/Apr/2026:14:01:15 +0200] "GET /c17d291cfd5338.php HTTP/1.1" 200 38571 "-" "Mozilla/5.0 (Windows NT 10.0; Win64; x64) AppleWebKit/537.36 (KHTML, like Gecko) Chrome/145.0.0.0 Safari/537.36"
51.91.159.157 - - [29/Apr/2026:14:00:56 +0200] "GET /Mailer_3bc323aca11a35.php HTTP/1.1" 200 126 "-" "Mozilla/5.0 (Macintosh; Intel Mac OS X 10_16_0) AppleWebKit/537.36 (KHTML, like Gecko) Chrome/69.0.3497.81 Safari/537.36"
51.91.156.252 - - [29/Apr/2026:14:01:03 +0200] "GET /favicon.ico HTTP/1.1" 404 1251 "https://2026.bean7936.odns.fr/862a9c587b7396.php" "Mozilla/5.0 (Linux; Android 10; K) AppleWebKit/537.36 (KHTML, like Gecko) Chrome/146.0.0.0 Mobile Safari/537.36"
51.91.159.157 - - [29/Apr/2026:14:01:05 +0200] "GET /favicon.ico HTTP/1.1" 404 1251 "https://www.2026.bean7936.odns.fr/0a3170fad6056c.php" "Mozilla/5.0 (Linux; Android 10; K) AppleWebKit/537.36 (KHTML, like Gecko) Chrome/138.0.0.0 Mobile Safari/537.36"
51.75.141.254 - - [29/Apr/2026:14:01:05 +0200] "GET /favicon.ico HTTP/1.1" 404 1251 "https://2026.bean7936.odns.fr/737b88c3ad9b21.php" "Mozilla/5.0 (Macintosh; Intel Mac OS X 10_15_7) AppleWebKit/605.1.15 (KHTML, like Gecko) Version/26.4 Safari/605.1.15"
91.134.43.152 - - [29/Apr/2026:14:01:07 +0200] "GET /Mailer_d6c00bda6a5049.php HTTP/1.1" 200 126 "-" "Mozilla/5.0 (Linux; Android 10; K) AppleWebKit/537.36 (KHTML, like Gecko) Chrome/144.0.0.0 Mobile Safari/537.36"
91.134.43.152 - - [29/Apr/2026:14:01:08 +0200] "GET /Mailer_737b88c3ad9b21.php HTTP/1.1" 200 126 "-" "Mozilla/5.0 (Linux; Android 10; K) AppleWebKit/537.36 (KHTML, like Gecko) Chrome/146.0.0.0 Mobile Safari/537.36"
51.91.156.252 - - [29/Apr/2026:14:01:08 +0200] "GET /favicon.ico HTTP/1.1" 404 1251 "https://2026.bean7936.odns.fr/d6c00bda6a5049.php" "Mozilla/5.0 (Windows NT 10.0; Win64; x64) AppleWebKit/537.36 (KHTML, like Gecko) Chrome/145.0.0.0 Safari/537.36 Edg/145.0.0.0"
91.134.142.208 - - [29/Apr/2026:14:01:09 +0200] "GET /c17d291cfd5338.php HTTP/1.1" 200 38571 "-" "Mozilla/5.0 (Windows NT 10.0; Win64; x64) AppleWebKit/537.36 (KHTML, like Gecko) Chrome/145.0.0.0 Safari/537.36"
91.134.142.208 - - [29/Apr/2026:14:01:09 +0200] "GET /favicon.ico HTTP/1.1" 404 1251 "https://2026.bean7936.odns.fr/c17d291cfd5338.php" "Mozilla/5.0 (Windows NT 10.0; Win64; x64) AppleWebKit/537.36 (KHTML, like Gecko) Chrome/145.0.0.0 Safari/537.36"
51.75.141.254 - - [29/Apr/2026:14:01:10 +0200] "GET /5c2c99561f3b74.php HTTP/1.1" 200 38574 "-" "Mozilla/5.0 (iPhone; CPU iPhone OS 17_0_1 like Mac OS X) AppleWebKit/605.1.15 (KHTML, like Gecko) Version/17.0 Mobile/15E148 Safari/604.1"
51.91.156.252 - - [29/Apr/2026:14:01:10 +0200] "GET /favicon.ico HTTP/1.1" 404 1251 "https://2026.bean7936.odns.fr/d03ff56cd9fc33.php" "Mozilla/5.0 (Linux; Android 10; K) AppleWebKit/537.36 (KHTML, like Gecko) Chrome/131.0.0.0 Mobile Safari/537.36"
91.134.142.216 - - [29/Apr/2026:14:01:10 +0200] "GET /favicon.ico HTTP/1.1" 404 1251 "https://2026.bean7936.odns.fr/5c2c99561f3b74.php" "Mozilla/5.0 (Linux; Android 10; K) AppleWebKit/537.36 (KHTML, like Gecko) Chrome/147.0.0.0 Mobile Safari/537.36"
51.75.141.254 - - [29/Apr/2026:14:01:11 +0200] "GET /862a9c587b7396.php HTTP/1.1" 200 38574 "-" "Mozilla/5.0 (Linux; Android 10; K) AppleWebKit/537.36 (KHTML, like Gecko) Chrome/143.0.0.0 Mobile Safari/537.36"
51.91.156.252 - - [29/Apr/2026:14:01:12 +0200] "GET /3bc323aca11a35.php HTTP/1.1" 200 38570 "-" "Mozilla/5.0 (Linux; Android 10; K) AppleWebKit/537.36 (KHTML, like Gecko) Chrome/146.0.0.0 Mobile Safari/537.36"
51.91.156.252 - - [29/Apr/2026:14:01:12 +0200] "GET /d03ff56cd9fc33.php HTTP/1.1" 200 38570 "-" "Mozilla/5.0 (Linux; Android 10; K) AppleWebKit/537.36 (KHTML, like Gecko) Chrome/131.0.0.0 Mobile Safari/537.36"
51.91.156.252 - - [29/Apr/2026:14:01:14 +0200] "GET /d03ff56cd9fc33.php HTTP/1.1" 200 38570 "-" "Mozilla/5.0 (Linux; Android 10; K) AppleWebKit/537.36 (KHTML, like Gecko) Chrome/131.0.0.0 Mobile Safari/537.36"
86.16.74.122 - - [29/Apr/2026:14:01:15 +0200] "GET /Mailer_737b88c3ad9b21.php HTTP/1.1" 200 126 "-" "Mozilla/5.0 (Linux; Android 10; K) AppleWebKit/537.36 (KHTML, like Gecko) Chrome/146.0.0.0 Mobile Safari/537.36"
91.134.43.152 - - [29/Apr/2026:14:01:15 +0200] "GET /Mailer_737b88c3ad9b21.php HTTP/1.1" 200 126 "-" "Mozilla/5.0 (Linux; Android 10; K) AppleWebKit/537.36 (KHTML, like Gecko) Chrome/146.0.0.0 Mobile Safari/537.36"
213.139.9.170 - - [29/Apr/2026:14:01:18 +0200] "GET /Mailer_fac0bfb17cb424.php HTTP/1.1" 200 126 "-" "Mozilla/5.0 (Linux; arm_64; Android 15; 23053RN02Y) AppleWebKit/537.36 (KHTML, like Gecko) Chrome/144.0.7559.732 YaSearchBrowser/26.35.1 BroPP/1.0 YaSearchApp/26.35.1 webOmni Mobile Safari/537.36"
86.16.74.122 - - [29/Apr/2026:14:01:20 +0200] "GET /Mailer_0a3170fad6056c.php HTTP/1.1" 200 126 "-" "Mozilla/5.0 (Windows NT 10.0; Win64; x64; rv:149.0) Gecko/20100101 Firefox/149.0"
157.230.195.44 - - [29/Apr/2026:14:01:21 +0200] "GET /Mailer_737b88c3ad9b21.php HTTP/1.1" 200 126 "-" "Mozilla/5.0 (Linux; Android 10; K) AppleWebKit/537.36 (KHTML, like Gecko) Chrome/146.0.0.0 Mobile Safari/537.36"
49.13.211.144 - - [29/Apr/2026:14:01:28 +0200] "GET /Mailer_c17d291cfd5338.php HTTP/1.1" 200 126 "-" "Mozilla/5.0 (Linux; Android 10; K) AppleWebKit/537.36 (KHTML, like Gecko) Chrome/145.0.0.0 Mobile Safari/537.36"
51.91.156.252 - - [29/Apr/2026:14:01:29 +0200] "GET /Mailer_0a3170fad6056c.php HTTP/1.1" 200 126 "-" "Mozilla/5.0 (Macintosh; Intel Mac OS X 10_15_7) AppleWebKit/605.1.15 (KHTML, like Gecko) Version/26.4 Safari/605.1.15"
195.132.35.238 - - [29/Apr/2026:14:01:29 +0200] "GET /Mailer_c17d291cfd5338.php HTTP/1.1" 200 126 "-" "Mozilla/5.0 (Linux; Android 10; K) AppleWebKit/537.36 (KHTML, like Gecko) Chrome/145.0.0.0 Mobile Safari/537.36"
203.55.81.1 - - [29/Apr/2026:14:01:30 +0200] "GET /favicon.ico HTTP/1.1" 404 1251 "https://2026.bean7936.odns.fr/Mailer_06bdc12ede3ae0.php" "Mozilla/5.0 (Windows NT 10.0; Win64; x64; rv:149.0) Gecko/20100101 Firefox/149.0"
57.131.13.108 - - [29/Apr/2026:14:01:30 +0200] "GET /Mailer_d03ff56cd9fc33.php HTTP/1.1" 200 126 "-" "Mozilla/5.0 (Windows NT 10.0; Win64; x64) AppleWebKit/537.36 (KHTML, like Gecko) Chrome/145.0.0.0 Safari/537.36 Edg/145.0.0.0"
213.139.9.170 - - [29/Apr/2026:14:01:30 +0200] "GET /Mailer_06bdc12ede3ae0.php HTTP/1.1" 200 126 "-" "Mozilla/5.0 (Macintosh; Intel Mac OS X 10_15_7) AppleWebKit/605.1.15 (KHTML, like Gecko) Version/26.4 Safari/605.1.15"
213.139.9.170 - - [29/Apr/2026:14:01:30 +0200] "GET /favicon.ico HTTP/1.1" 404 1251 "https://www.2026.bean7936.odns.fr/Mailer_06bdc12ede3ae0.php" "Mozilla/5.0 (Macintosh; Intel Mac OS X 10_15_7) AppleWebKit/605.1.15 (KHTML, like Gecko) Version/26.4 Safari/605.1.15"
81.53.36.105 - - [29/Apr/2026:14:01:31 +0200] "GET /favicon.ico HTTP/1.1" 404 1251 "https://www.2026.bean7936.odns.fr/Mailer_fac0bfb17cb424.php" "Mozilla/5.0 (Linux; Android 10; K) AppleWebKit/537.36 (KHTML, like Gecko) Chrome/145.0.0.0 Mobile Safari/537.36"
195.132.35.238 - - [29/Apr/2026:14:01:31 +0200] "GET /favicon.ico HTTP/1.1" 404 1251 "https://www.2026.bean7936.odns.fr/Mailer_c17d291cfd5338.php" "Mozilla/5.0 (Linux; Android 10; K) AppleWebKit/537.36 (KHTML, like Gecko) Chrome/145.0.0.0 Mobile Safari/537.36"
138.68.120.52 - - [29/Apr/2026:14:01:36 +0200] "GET /Mailer_c6c6c941f9dab1.php HTTP/1.1" 200 126 "-" "Mozilla/5.0 (Linux; Android 10; K) AppleWebKit/537.36 (KHTML, like Gecko) Chrome/139.0.0.0 Mobile Safari/537.36"
86.16.74.122 - - [29/Apr/2026:14:01:36 +0200] "GET /Mailer_c6c6c941f9dab1.php HTTP/1.1" 200 126 "-" "Mozilla/5.0 (Linux; Android 10; K) AppleWebKit/537.36 (KHTML, like Gecko) Chrome/139.0.0.0 Mobile Safari/537.36"
91.134.142.216 - - [29/Apr/2026:14:01:36 +0200] "GET /Mailer_d6c00bda6a5049.php HTTP/1.1" 200 126 "-" "Mozilla/5.0 (Linux; Android 10; K) AppleWebKit/537.36 (KHTML, like Gecko) Chrome/145.0.0.0 Mobile Safari/537.36"
86.16.74.122 - - [29/Apr/2026:14:01:37 +0200] "GET /Mailer_06bdc12ede3ae0.php HTTP/1.1" 200 126 "-" "Mozilla/5.0 (Macintosh; Intel Mac OS X 10_15_7) AppleWebKit/605.1.15 (KHTML, like Gecko) Version/26.4 Safari/605.1.15"
51.91.159.157 - - [29/Apr/2026:14:01:15 +0200] "GET /Mailer_8a70b4bc6b5038.php HTTP/1.1" 200 126 "-" "Mozilla/5.0 (Windows NT 10.0; Win64; x64; rv:148.0) Gecko/20100101 Firefox/148.0"
51.75.141.254 - - [29/Apr/2026:14:01:17 +0200] "GET /Mailer_0a3170fad6056c.php HTTP/1.1" 200 126 "-" "Mozilla/5.0 (Windows NT 10.0; Win64; x64; rv:149.0) Gecko/20100101 Firefox/149.0"
57.131.13.153 - - [29/Apr/2026:14:01:18 +0200] "GET /Mailer_0a3170fad6056c.php HTTP/1.1" 200 126 "-" "Mozilla/5.0 (Windows NT 10.0; Win64; x64; rv:149.0) Gecko/20100101 Firefox/149.0"
213.139.9.170 - - [29/Apr/2026:14:01:24 +0200] "GET /c6c6c941f9dab1.php HTTP/1.1" 200 38574 "-" "Mozilla/5.0 (Macintosh; Intel Mac OS X 10_15_7) AppleWebKit/537.36 (KHTML, like Gecko) Chrome/145.0.0.0 Safari/537.36"
86.16.74.122 - - [29/Apr/2026:14:01:28 +0200] "GET /Mailer_c17d291cfd5338.php HTTP/1.1" 200 126 "-" "Mozilla/5.0 (Linux; Android 10; K) AppleWebKit/537.36 (KHTML, like Gecko) Chrome/145.0.0.0 Mobile Safari/537.36"
23.82.96.181 - - [29/Apr/2026:14:01:29 +0200] "GET /Mailer_c17d291cfd5338.php HTTP/1.1" 200 126 "-" "Mozilla/5.0 (Linux; Android 10; K) AppleWebKit/537.36 (KHTML, like Gecko) Chrome/145.0.0.0 Mobile Safari/537.36"
203.55.81.1 - - [29/Apr/2026:14:01:29 +0200] "GET /Mailer_06bdc12ede3ae0.php HTTP/1.1" 200 126 "https://2026.bean7936.odns.fr/Mailer_06bdc12ede3ae0.php" "Mozilla/5.0 (Windows NT 10.0; Win64; x64; rv:149.0) Gecko/20100101 Firefox/149.0"
86.16.74.122 - - [29/Apr/2026:14:01:30 +0200] "GET /Mailer_d03ff56cd9fc33.php HTTP/1.1" 200 126 "-" "Mozilla/5.0 (Windows NT 10.0; Win64; x64) AppleWebKit/537.36 (KHTML, like Gecko) Chrome/145.0.0.0 Safari/537.36 Edg/145.0.0.0"
15.188.246.173 - - [29/Apr/2026:14:01:31 +0200] "GET /favicon.ico HTTP/1.1" 404 1251 "https://www.2026.bean7936.odns.fr/Mailer_d03ff56cd9fc33.php" "Mozilla/5.0 (Windows NT 10.0; Win64; x64) AppleWebKit/537.36 (KHTML, like Gecko) Chrome/145.0.0.0 Safari/537.36 Edg/145.0.0.0"
81.53.36.105 - - [29/Apr/2026:14:01:31 +0200] "GET /Mailer_fac0bfb17cb424.php HTTP/1.1" 200 126 "-" "Mozilla/5.0 (Linux; Android 10; K) AppleWebKit/537.36 (KHTML, like Gecko) Chrome/145.0.0.0 Mobile Safari/537.36"
146.190.190.67 - - [29/Apr/2026:14:01:38 +0200] "GET /Mailer_06bdc12ede3ae0.php HTTP/1.1" 200 126 "-" "Mozilla/5.0 (Macintosh; Intel Mac OS X 10_15_7) AppleWebKit/605.1.15 (KHTML, like Gecko) Version/26.4 Safari/605.1.15"
23.80.89.37 - - [29/Apr/2026:14:01:39 +0200] "GET /Mailer_fac0bfb17cb424.php HTTP/1.1" 200 126 "-" "Mozilla/5.0 (Linux; Android 10; K) AppleWebKit/537.36 (KHTML, like Gecko) Chrome/145.0.0.0 Mobile Safari/537.36"
15.188.246.173 - - [29/Apr/2026:14:01:39 +0200] "GET /fac0bfb17cb424.php HTTP/1.1" 200 38575 "-" "Mozilla/5.0 (Windows NT 10.0; Win64; x64) AppleWebKit/537.36 (KHTML, like Gecko) Chrome/147.0.0.0 Safari/537.36 Edg/147.0.0.0"
15.188.246.173 - - [29/Apr/2026:14:01:39 +0200] "GET /favicon.ico HTTP/1.1" 404 1251 "https://www.2026.bean7936.odns.fr/fac0bfb17cb424.php" "Mozilla/5.0 (Windows NT 10.0; Win64; x64) AppleWebKit/537.36 (KHTML, like Gecko) Chrome/147.0.0.0 Safari/537.36 Edg/147.0.0.0"
81.53.36.105 - - [29/Apr/2026:14:01:39 +0200] "GET /Mailer_fac0bfb17cb424.php HTTP/1.1" 200 126 "-" "Mozilla/5.0 (Linux; Android 10; K) AppleWebKit/537.36 (KHTML, like Gecko) Chrome/145.0.0.0 Mobile Safari/537.36"
86.16.74.122 - - [29/Apr/2026:14:01:40 +0200] "GET /fac0bfb17cb424.php HTTP/1.1" 200 38573 "-" "Mozilla/5.0 (Windows NT 10.0; Win64; x64) AppleWebKit/537.36 (KHTML, like Gecko) Chrome/147.0.0.0 Safari/537.36 Edg/147.0.0.0"
91.134.43.152 - - [29/Apr/2026:14:01:46 +0200] "GET /favicon.ico HTTP/1.1" 404 1251 "https://www.2026.bean7936.odns.fr/Mailer_737b88c3ad9b21.php" "Mozilla/5.0 (Linux; Android 10; K) AppleWebKit/537.36 (KHTML, like Gecko) Chrome/146.0.0.0 Mobile Safari/537.36"
51.91.159.157 - - [29/Apr/2026:14:01:49 +0200] "GET /Mailer_862a9c587b7396.php HTTP/1.1" 200 126 "-" "Mozilla/5.0 (Linux; Android 10; K) AppleWebKit/537.36 (KHTML, like Gecko) Chrome/144.0.0.0 Mobile Safari/537.36"
46.62.234.38 - - [29/Apr/2026:14:01:19 +0200] "GET /Mailer_737b88c3ad9b21.php HTTP/1.1" 200 126 "-" "Mozilla/5.0 (Linux; Android 10; K) AppleWebKit/537.36 (KHTML, like Gecko) Chrome/146.0.0.0 Mobile Safari/537.36"
213.139.9.170 - - [29/Apr/2026:14:01:25 +0200] "GET /c6c6c941f9dab1.php HTTP/1.1" 200 38574 "-" "Mozilla/5.0 (Macintosh; Intel Mac OS X 10_15_7) AppleWebKit/537.36 (KHTML, like Gecko) Chrome/145.0.0.0 Safari/537.36"
213.139.9.170 - - [29/Apr/2026:14:01:25 +0200] "GET /favicon.ico HTTP/1.1" 404 1251 "https://www.2026.bean7936.odns.fr/c6c6c941f9dab1.php" "Mozilla/5.0 (Macintosh; Intel Mac OS X 10_15_7) AppleWebKit/537.36 (KHTML, like Gecko) Chrome/145.0.0.0 Safari/537.36"
195.132.35.238 - - [29/Apr/2026:14:01:26 +0200] "GET /Mailer_c17d291cfd5338.php HTTP/1.1" 200 126 "-" "Mozilla/5.0 (Linux; Android 10; K) AppleWebKit/537.36 (KHTML, like Gecko) Chrome/145.0.0.0 Mobile Safari/537.36"
159.89.216.7 - - [29/Apr/2026:14:01:31 +0200] "GET /Mailer_d03ff56cd9fc33.php HTTP/1.1" 200 126 "-" "Mozilla/5.0 (Windows NT 10.0; Win64; x64) AppleWebKit/537.36 (KHTML, like Gecko) Chrome/145.0.0.0 Safari/537.36 Edg/145.0.0.0"
15.188.246.173 - - [29/Apr/2026:14:01:31 +0200] "GET /Mailer_d03ff56cd9fc33.php HTTP/1.1" 200 126 "-" "Mozilla/5.0 (Windows NT 10.0; Win64; x64) AppleWebKit/537.36 (KHTML, like Gecko) Chrome/145.0.0.0 Safari/537.36 Edg/145.0.0.0"
15.188.246.173 - - [29/Apr/2026:14:01:31 +0200] "GET /Mailer_d03ff56cd9fc33.php HTTP/1.1" 200 126 "-" "Mozilla/5.0 (Windows NT 10.0; Win64; x64) AppleWebKit/537.36 (KHTML, like Gecko) Chrome/145.0.0.0 Safari/537.36 Edg/145.0.0.0"
91.134.43.152 - - [29/Apr/2026:14:01:35 +0200] "GET /Mailer_c6c6c941f9dab1.php HTTP/1.1" 200 126 "-" "Mozilla/5.0 (Linux; Android 10; K) AppleWebKit/537.36 (KHTML, like Gecko) Chrome/139.0.0.0 Mobile Safari/537.36"
91.134.43.152 - - [29/Apr/2026:14:01:35 +0200] "GET /favicon.ico HTTP/1.1" 404 1251 "https://www.2026.bean7936.odns.fr/Mailer_c6c6c941f9dab1.php" "Mozilla/5.0 (Linux; Android 10; K) AppleWebKit/537.36 (KHTML, like Gecko) Chrome/139.0.0.0 Mobile Safari/537.36"
213.139.9.170 - - [29/Apr/2026:14:01:37 +0200] "GET /Mailer_06bdc12ede3ae0.php HTTP/1.1" 200 126 "-" "Mozilla/5.0 (Macintosh; Intel Mac OS X 10_15_7) AppleWebKit/605.1.15 (KHTML, like Gecko) Version/26.4 Safari/605.1.15"
91.134.43.152 - - [29/Apr/2026:14:01:37 +0200] "GET /Mailer_c6c6c941f9dab1.php HTTP/1.1" 200 126 "-" "Mozilla/5.0 (Linux; Android 10; K) AppleWebKit/537.36 (KHTML, like Gecko) Chrome/139.0.0.0 Mobile Safari/537.36"
57.131.13.153 - - [29/Apr/2026:14:01:38 +0200] "GET /Mailer_06bdc12ede3ae0.php HTTP/1.1" 200 126 "-" "Mozilla/5.0 (Macintosh; Intel Mac OS X 10_15_7) AppleWebKit/605.1.15 (KHTML, like Gecko) Version/26.4 Safari/605.1.15"
57.131.13.95 - - [29/Apr/2026:14:01:39 +0200] "GET /fac0bfb17cb424.php HTTP/1.1" 200 38573 "-" "Mozilla/5.0 (Windows NT 10.0; Win64; x64) AppleWebKit/537.36 (KHTML, like Gecko) Chrome/147.0.0.0 Safari/537.36 Edg/147.0.0.0"
91.134.43.152 - - [29/Apr/2026:14:01:46 +0200] "GET /Mailer_737b88c3ad9b21.php HTTP/1.1" 200 126 "-" "Mozilla/5.0 (Linux; Android 10; K) AppleWebKit/537.36 (KHTML, like Gecko) Chrome/146.0.0.0 Mobile Safari/537.36"
45.157.112.74 - - [29/Apr/2026:14:01:49 +0200] "GET /Mailer_c2b653fd11c458.php HTTP/1.1" 200 126 "https://www.2026.bean7936.odns.fr/Mailer_c2b653fd11c458.php" "Mozilla/5.0 (Linux; Android 10; K) AppleWebKit/537.36 (KHTML, like Gecko) Chrome/145.0.0.0 Mobile Safari/537.36"
91.134.43.152 - - [29/Apr/2026:14:01:49 +0200] "GET /Mailer_737b88c3ad9b21.php HTTP/1.1" 200 126 "-" "Mozilla/5.0 (Linux; Android 10; K) AppleWebKit/537.36 (KHTML, like Gecko) Chrome/146.0.0.0 Mobile Safari/537.36"
146.190.185.95 - - [29/Apr/2026:14:01:49 +0200] "GET /Mailer_862a9c587b7396.php HTTP/1.1" 200 126 "-" "Mozilla/5.0 (Linux; Android 10; K) AppleWebKit/537.36 (KHTML, like Gecko) Chrome/144.0.0.0 Mobile Safari/537.36"
86.16.74.122 - - [29/Apr/2026:14:01:51 +0200] "GET /Mailer_862a9c587b7396.php HTTP/1.1" 200 126 "-" "Mozilla/5.0 (Linux; Android 10; K) AppleWebKit/537.36 (KHTML, like Gecko) Chrome/144.0.0.0 Mobile Safari/537.36"
57.131.13.95 - - [29/Apr/2026:14:01:37 +0200] "GET /Mailer_c6c6c941f9dab1.php HTTP/1.1" 200 126 "-" "Mozilla/5.0 (Linux; Android 10; K) AppleWebKit/537.36 (KHTML, like Gecko) Chrome/139.0.0.0 Mobile Safari/537.36"
86.16.74.122 - - [29/Apr/2026:14:01:37 +0200] "GET /Mailer_fac0bfb17cb424.php HTTP/1.1" 200 126 "-" "Mozilla/5.0 (Linux; Android 10; K) AppleWebKit/537.36 (KHTML, like Gecko) Chrome/145.0.0.0 Mobile Safari/537.36"
15.188.246.173 - - [29/Apr/2026:14:01:39 +0200] "GET /fac0bfb17cb424.php HTTP/1.1" 200 38575 "-" "Mozilla/5.0 (Windows NT 10.0; Win64; x64) AppleWebKit/537.36 (KHTML, like Gecko) Chrome/147.0.0.0 Safari/537.36 Edg/147.0.0.0"
23.19.230.168 - - [29/Apr/2026:14:01:41 +0200] "GET /fac0bfb17cb424.php HTTP/1.1" 200 38574 "-" "Mozilla/5.0 (Windows NT 10.0; Win64; x64) AppleWebKit/537.36 (KHTML, like Gecko) Chrome/147.0.0.0 Safari/537.36 Edg/147.0.0.0"
45.157.112.74 - - [29/Apr/2026:14:01:49 +0200] "GET /favicon.ico HTTP/1.1" 404 1251 "https://www.2026.bean7936.odns.fr/Mailer_c2b653fd11c458.php" "Mozilla/5.0 (Linux; Android 10; K) AppleWebKit/537.36 (KHTML, like Gecko) Chrome/145.0.0.0 Mobile Safari/537.36"
91.134.43.152 - - [29/Apr/2026:14:01:49 +0200] "GET /favicon.ico HTTP/1.1" 404 1251 "https://www.2026.bean7936.odns.fr/Mailer_737b88c3ad9b21.php" "Mozilla/5.0 (Linux; Android 10; K) AppleWebKit/537.36 (KHTML, like Gecko) Chrome/146.0.0.0 Mobile Safari/537.36"
209.50.227.112 - - [29/Apr/2026:14:01:50 +0200] "GET /Mailer_862a9c587b7396.php HTTP/1.1" 200 126 "-" "Mozilla/5.0 (Linux; Android 10; K) AppleWebKit/537.36 (KHTML, like Gecko) Chrome/144.0.0.0 Mobile Safari/537.36"
157.230.195.44 - - [29/Apr/2026:14:01:51 +0200] "GET /Mailer_c2b653fd11c458.php HTTP/1.1" 200 126 "-" "Mozilla/5.0 (Linux; Android 10; K) AppleWebKit/537.36 (KHTML, like Gecko) Chrome/145.0.0.0 Mobile Safari/537.36"
51.91.156.252 - - [29/Apr/2026:14:01:51 +0200] "GET /favicon.ico HTTP/1.1" 404 1251 "https://www.2026.bean7936.odns.fr/Mailer_5c2c99561f3b74.php" "Mozilla/5.0 (Macintosh; Intel Mac OS X 10_15_7) AppleWebKit/605.1.15 (KHTML, like Gecko) Version/26.4 Safari/605.1.15"
45.157.112.26 - - [29/Apr/2026:14:01:52 +0200] "GET /Mailer_c2b653fd11c458.php HTTP/1.1" 200 126 "-" "Mozilla/5.0 (Linux; Android 10; K) AppleWebKit/537.36 (KHTML, like Gecko) Chrome/145.0.0.0 Mobile Safari/537.36"
91.134.43.152 - - [29/Apr/2026:14:01:52 +0200] "GET /favicon.ico HTTP/1.1" 404 1251 "https://www.2026.bean7936.odns.fr/Mailer_c6c6c941f9dab1.php" "Mozilla/5.0 (Linux; Android 10; K) AppleWebKit/537.36 (KHTML, like Gecko) Chrome/139.0.0.0 Mobile Safari/537.36"
213.139.9.170 - - [29/Apr/2026:14:01:53 +0200] "GET /Mailer_06bdc12ede3ae0.php HTTP/1.1" 200 126 "-" "Mozilla/5.0 (Macintosh; Intel Mac OS X 10_15_7) AppleWebKit/605.1.15 (KHTML, like Gecko) Version/26.4 Safari/605.1.15"
46.62.173.36 - - [29/Apr/2026:14:01:53 +0200] "GET /Mailer_5c2c99561f3b74.php HTTP/1.1" 200 126 "-" "Mozilla/5.0 (Macintosh; Intel Mac OS X 10_15_7) AppleWebKit/605.1.15 (KHTML, like Gecko) Version/26.4 Safari/605.1.15"
81.53.36.105 - - [29/Apr/2026:14:01:55 +0200] "GET /Mailer_fac0bfb17cb424.php HTTP/1.1" 200 126 "-" "Mozilla/5.0 (Linux; Android 10; K) AppleWebKit/537.36 (KHTML, like Gecko) Chrome/145.0.0.0 Mobile Safari/537.36"
91.134.43.152 - - [29/Apr/2026:14:01:55 +0200] "GET /Mailer_c6c6c941f9dab1.php HTTP/1.1" 200 126 "-" "Mozilla/5.0 (Linux; Android 10; K) AppleWebKit/537.36 (KHTML, like Gecko) Chrome/139.0.0.0 Mobile Safari/537.36"
91.134.43.152 - - [29/Apr/2026:14:01:55 +0200] "GET /favicon.ico HTTP/1.1" 404 1251 "https://www.2026.bean7936.odns.fr/Mailer_c6c6c941f9dab1.php" "Mozilla/5.0 (Linux; Android 10; K) AppleWebKit/537.36 (KHTML, like Gecko) Chrome/139.0.0.0 Mobile Safari/537.36"
213.139.9.170 - - [29/Apr/2026:14:01:56 +0200] "GET /favicon.ico HTTP/1.1" 404 1251 "https://www.2026.bean7936.odns.fr/Mailer_06bdc12ede3ae0.php" "Mozilla/5.0 (Macintosh; Intel Mac OS X 10_15_7) AppleWebKit/605.1.15 (KHTML, like Gecko) Version/26.4 Safari/605.1.15"
157.230.71.9 - - [29/Apr/2026:14:01:50 +0200] "GET /Mailer_c2b653fd11c458.php HTTP/1.1" 200 126 "-" "Mozilla/5.0 (Linux; Android 10; K) AppleWebKit/537.36 (KHTML, like Gecko) Chrome/145.0.0.0 Mobile Safari/537.36"
86.16.74.122 - - [29/Apr/2026:14:01:50 +0200] "GET /Mailer_c2b653fd11c458.php HTTP/1.1" 200 126 "-" "Mozilla/5.0 (Linux; Android 10; K) AppleWebKit/537.36 (KHTML, like Gecko) Chrome/145.0.0.0 Mobile Safari/537.36"
51.91.156.252 - - [29/Apr/2026:14:01:51 +0200] "GET /Mailer_5c2c99561f3b74.php HTTP/1.1" 200 126 "-" "Mozilla/5.0 (Macintosh; Intel Mac OS X 10_15_7) AppleWebKit/605.1.15 (KHTML, like Gecko) Version/26.4 Safari/605.1.15"
65.109.14.150 - - [29/Apr/2026:14:01:51 +0200] "GET /Mailer_5c2c99561f3b74.php HTTP/1.1" 200 126 "-" "Mozilla/5.0 (Macintosh; Intel Mac OS X 10_15_7) AppleWebKit/605.1.15 (KHTML, like Gecko) Version/26.4 Safari/605.1.15"
51.91.156.252 - - [29/Apr/2026:14:01:51 +0200] "GET /Mailer_5c2c99561f3b74.php HTTP/1.1" 200 126 "-" "Mozilla/5.0 (Macintosh; Intel Mac OS X 10_15_7) AppleWebKit/605.1.15 (KHTML, like Gecko) Version/26.4 Safari/605.1.15"
91.134.43.152 - - [29/Apr/2026:14:01:52 +0200] "GET /Mailer_c6c6c941f9dab1.php HTTP/1.1" 200 126 "-" "Mozilla/5.0 (Linux; Android 10; K) AppleWebKit/537.36 (KHTML, like Gecko) Chrome/139.0.0.0 Mobile Safari/537.36"
15.188.246.173 - - [29/Apr/2026:14:01:53 +0200] "GET /Mailer_d03ff56cd9fc33.php HTTP/1.1" 200 126 "-" "Mozilla/5.0 (Windows NT 10.0; Win64; x64) AppleWebKit/537.36 (KHTML, like Gecko) Chrome/145.0.0.0 Safari/537.36 Edg/145.0.0.0"
51.38.225.46 - - [29/Apr/2026:14:01:54 +0200] "GET /Mailer_0a3170fad6056c.php HTTP/1.1" 200 126 "https://www.2026.bean7936.odns.fr/Mailer_0a3170fad6056c.php" "Mozilla/5.0 (Windows NT 10.0; Win64; x64; rv:149.0) Gecko/20100101 Firefox/149.0"
81.53.36.105 - - [29/Apr/2026:14:01:55 +0200] "GET /favicon.ico HTTP/1.1" 404 1251 "https://www.2026.bean7936.odns.fr/Mailer_fac0bfb17cb424.php" "Mozilla/5.0 (Linux; Android 10; K) AppleWebKit/537.36 (KHTML, like Gecko) Chrome/145.0.0.0 Mobile Safari/537.36"
195.132.35.238 - - [29/Apr/2026:14:01:55 +0200] "GET /Mailer_c17d291cfd5338.php HTTP/1.1" 200 126 "-" "Mozilla/5.0 (Linux; Android 10; K) AppleWebKit/537.36 (KHTML, like Gecko) Chrome/145.0.0.0 Mobile Safari/537.36"
15.188.246.173 - - [29/Apr/2026:14:01:56 +0200] "GET /Mailer_d03ff56cd9fc33.php HTTP/1.1" 200 126 "-" "Mozilla/5.0 (Windows NT 10.0; Win64; x64) AppleWebKit/537.36 (KHTML, like Gecko) Chrome/145.0.0.0 Safari/537.36 Edg/145.0.0.0"
15.188.246.173 - - [29/Apr/2026:14:01:56 +0200] "GET /fac0bfb17cb424.php HTTP/1.1" 200 38575 "-" "Mozilla/5.0 (Windows NT 10.0; Win64; x64) AppleWebKit/537.36 (KHTML, like Gecko) Chrome/147.0.0.0 Safari/537.36 Edg/147.0.0.0"
15.188.246.173 - - [29/Apr/2026:14:01:56 +0200] "GET /favicon.ico HTTP/1.1" 404 1251 "https://www.2026.bean7936.odns.fr/Mailer_d03ff56cd9fc33.php" "Mozilla/5.0 (Windows NT 10.0; Win64; x64) AppleWebKit/537.36 (KHTML, like Gecko) Chrome/145.0.0.0 Safari/537.36 Edg/145.0.0.0"
91.134.43.152 - - [29/Apr/2026:14:01:58 +0200] "GET /Mailer_c6c6c941f9dab1.php HTTP/1.1" 200 126 "-" "Mozilla/5.0 (Linux; Android 10; K) AppleWebKit/537.36 (KHTML, like Gecko) Chrome/139.0.0.0 Mobile Safari/537.36"
45.157.112.76 - - [29/Apr/2026:14:02:00 +0200] "GET /Mailer_c2b653fd11c458.php HTTP/1.1" 200 126 "-" "Mozilla/5.0 (Linux; Android 10; K) AppleWebKit/537.36 (KHTML, like Gecko) Chrome/145.0.0.0 Mobile Safari/537.36"
51.91.156.252 - - [29/Apr/2026:14:02:01 +0200] "GET /Mailer_5c2c99561f3b74.php HTTP/1.1" 200 126 "-" "Mozilla/5.0 (Macintosh; Intel Mac OS X 10_15_7) AppleWebKit/605.1.15 (KHTML, like Gecko) Version/26.4 Safari/605.1.15"
81.53.36.105 - - [29/Apr/2026:14:02:06 +0200] "GET / HTTP/1.1" 200 12482 "-" "Mozilla/5.0 (Linux; Android 10; K) AppleWebKit/537.36 (KHTML, like Gecko) Chrome/147.0.0.0 Mobile Safari/537.36"
51.91.159.157 - - [29/Apr/2026:14:02:10 +0200] "GET /Mailer_862a9c587b7396.php HTTP/1.1" 200 126 "-" "Mozilla/5.0 (Linux; Android 10; K) AppleWebKit/537.36 (KHTML, like Gecko) Chrome/144.0.0.0 Mobile Safari/537.36"
15.188.246.173 - - [29/Apr/2026:14:01:56 +0200] "GET /favicon.ico HTTP/1.1" 404 1251 "https://www.2026.bean7936.odns.fr/fac0bfb17cb424.php" "Mozilla/5.0 (Windows NT 10.0; Win64; x64) AppleWebKit/537.36 (KHTML, like Gecko) Chrome/147.0.0.0 Safari/537.36 Edg/147.0.0.0"
15.188.246.173 - - [29/Apr/2026:14:01:57 +0200] "GET /fac0bfb17cb424.php HTTP/1.1" 200 38575 "-" "Mozilla/5.0 (Windows NT 10.0; Win64; x64) AppleWebKit/537.36 (KHTML, like Gecko) Chrome/147.0.0.0 Safari/537.36 Edg/147.0.0.0"
45.157.112.182 - - [29/Apr/2026:14:01:58 +0200] "GET /Mailer_c2b653fd11c458.php HTTP/1.1" 200 126 "-" "Mozilla/5.0 (Linux; Android 10; K) AppleWebKit/537.36 (KHTML, like Gecko) Chrome/145.0.0.0 Mobile Safari/537.36"
45.157.112.182 - - [29/Apr/2026:14:01:58 +0200] "GET /favicon.ico HTTP/1.1" 404 1251 "https://www.2026.bean7936.odns.fr/Mailer_c2b653fd11c458.php" "Mozilla/5.0 (Linux; Android 10; K) AppleWebKit/537.36 (KHTML, like Gecko) Chrome/145.0.0.0 Mobile Safari/537.36"
213.139.9.170 - - [29/Apr/2026:14:01:59 +0200] "GET /Mailer_06bdc12ede3ae0.php HTTP/1.1" 200 126 "-" "Mozilla/5.0 (Macintosh; Intel Mac OS X 10_15_7) AppleWebKit/605.1.15 (KHTML, like Gecko) Version/26.4 Safari/605.1.15"
213.139.9.170 - - [29/Apr/2026:14:01:59 +0200] "GET /favicon.ico HTTP/1.1" 404 1251 "https://www.2026.bean7936.odns.fr/Mailer_06bdc12ede3ae0.php" "Mozilla/5.0 (Macintosh; Intel Mac OS X 10_15_7) AppleWebKit/605.1.15 (KHTML, like Gecko) Version/26.4 Safari/605.1.15"
51.91.156.252 - - [29/Apr/2026:14:02:01 +0200] "GET /favicon.ico HTTP/1.1" 404 1251 "https://www.2026.bean7936.odns.fr/Mailer_5c2c99561f3b74.php" "Mozilla/5.0 (Macintosh; Intel Mac OS X 10_15_7) AppleWebKit/605.1.15 (KHTML, like Gecko) Version/26.4 Safari/605.1.15"
209.50.228.93 - - [29/Apr/2026:14:02:13 +0200] "GET /Mailer_8a70b4bc6b5038.php HTTP/1.1" 200 126 "-" "Mozilla/5.0 (Windows NT 10.0; Win64; x64) AppleWebKit/537.36 (KHTML, like Gecko) Chrome/147.0.0.0 Safari/537.36 Edg/147.0.0.0"
51.91.159.157 - - [29/Apr/2026:14:02:14 +0200] "GET /Mailer_3bc323aca11a35.php HTTP/1.1" 200 126 "-" "Mozilla/5.0 (Macintosh; Intel Mac OS X 10_16_0) AppleWebKit/537.36 (KHTML, like Gecko) Chrome/69.0.3497.81 Safari/537.36"
195.132.35.238 - - [29/Apr/2026:14:02:15 +0200] "GET /Mailer_8a70b4bc6b5038.php HTTP/1.1" 200 126 "-" "Mozilla/5.0 (Windows NT 10.0; Win64; x64) AppleWebKit/537.36 (KHTML, like Gecko) Chrome/147.0.0.0 Safari/537.36 Edg/147.0.0.0"
170.64.241.20 - - [29/Apr/2026:14:02:16 +0200] "GET /Mailer_8a70b4bc6b5038.php HTTP/1.1" 200 126 "-" "Mozilla/5.0 (Windows NT 10.0; Win64; x64) AppleWebKit/537.36 (KHTML, like Gecko) Chrome/147.0.0.0 Safari/537.36 Edg/147.0.0.0"
15.188.246.173 - - [29/Apr/2026:14:02:19 +0200] "GET /737b88c3ad9b21.html HTTP/1.1" 200 4163 "-" "Mozilla/5.0 (Windows NT 10.0; Win64; x64) AppleWebKit/537.36 (KHTML, like Gecko) Chrome/145.0.0.0 Safari/537.36"
51.91.159.157 - - [29/Apr/2026:14:02:20 +0200] "GET /d03ff56cd9fc33.html HTTP/1.1" 200 4163 "-" "Mozilla/5.0 (Linux; Android 10; K) AppleWebKit/537.36 (KHTML, like Gecko) Chrome/142.0.0.0 Mobile Safari/537.36"
91.134.142.216 - - [29/Apr/2026:14:02:20 +0200] "GET /737b88c3ad9b21.php HTTP/1.1" 200 38575 "-" "Mozilla/5.0 (Linux; arm_64; Android 15; 23053RN02Y) AppleWebKit/537.36 (KHTML, like Gecko) Chrome/144.0.7559.732 YaSearchBrowser/26.35.1 BroPP/1.0 YaSearchApp/26.35.1 webOmni Mobile Safari/537.36"
86.16.74.122 - - [29/Apr/2026:14:02:22 +0200] "GET /Mailer_d6c00bda6a5049.php HTTP/1.1" 200 126 "-" "Mozilla/5.0 (Windows NT 10.0; Win64; x64) AppleWebKit/537.36 (KHTML, like Gecko) Chrome/145.0.0.0 Safari/537.36"
51.91.159.157 - - [29/Apr/2026:14:02:25 +0200] "GET /Mailer_3bc323aca11a35.php HTTP/1.1" 200 126 "-" "Mozilla/5.0 (Macintosh; Intel Mac OS X 10_16_0) AppleWebKit/537.36 (KHTML, like Gecko) Chrome/69.0.3497.81 Safari/537.36"
57.131.13.153 - - [29/Apr/2026:14:02:26 +0200] "GET /Mailer_d6c00bda6a5049.php HTTP/1.1" 200 126 "-" "Mozilla/5.0 (Windows NT 10.0; Win64; x64) AppleWebKit/537.36 (KHTML, like Gecko) Chrome/145.0.0.0 Safari/537.36"
86.16.74.122 - - [29/Apr/2026:14:01:51 +0200] "GET /Mailer_5c2c99561f3b74.php HTTP/1.1" 200 126 "-" "Mozilla/5.0 (Macintosh; Intel Mac OS X 10_15_7) AppleWebKit/605.1.15 (KHTML, like Gecko) Version/26.4 Safari/605.1.15"
213.139.9.170 - - [29/Apr/2026:14:01:53 +0200] "GET /favicon.ico HTTP/1.1" 404 1251 "https://www.2026.bean7936.odns.fr/Mailer_06bdc12ede3ae0.php" "Mozilla/5.0 (Macintosh; Intel Mac OS X 10_15_7) AppleWebKit/605.1.15 (KHTML, like Gecko) Version/26.4 Safari/605.1.15"
213.139.9.170 - - [29/Apr/2026:14:01:56 +0200] "GET /Mailer_06bdc12ede3ae0.php HTTP/1.1" 200 126 "-" "Mozilla/5.0 (Macintosh; Intel Mac OS X 10_15_7) AppleWebKit/605.1.15 (KHTML, like Gecko) Version/26.4 Safari/605.1.15"
81.53.36.105 - - [29/Apr/2026:14:01:56 +0200] "GET /Mailer_fac0bfb17cb424.php HTTP/1.1" 200 126 "-" "Mozilla/5.0 (Linux; Android 10; K) AppleWebKit/537.36 (KHTML, like Gecko) Chrome/145.0.0.0 Mobile Safari/537.36"
81.53.36.105 - - [29/Apr/2026:14:01:56 +0200] "GET /favicon.ico HTTP/1.1" 404 1251 "https://www.2026.bean7936.odns.fr/Mailer_fac0bfb17cb424.php" "Mozilla/5.0 (Linux; Android 10; K) AppleWebKit/537.36 (KHTML, like Gecko) Chrome/145.0.0.0 Mobile Safari/537.36"
15.188.246.173 - - [29/Apr/2026:14:01:57 +0200] "GET /favicon.ico HTTP/1.1" 404 1251 "https://www.2026.bean7936.odns.fr/fac0bfb17cb424.php" "Mozilla/5.0 (Windows NT 10.0; Win64; x64) AppleWebKit/537.36 (KHTML, like Gecko) Chrome/147.0.0.0 Safari/537.36 Edg/147.0.0.0"
51.91.159.157 - - [29/Apr/2026:14:02:10 +0200] "GET /favicon.ico HTTP/1.1" 404 1251 "https://www.2026.bean7936.odns.fr/Mailer_862a9c587b7396.php" "Mozilla/5.0 (Linux; Android 10; K) AppleWebKit/537.36 (KHTML, like Gecko) Chrome/144.0.0.0 Mobile Safari/537.36"
86.16.74.122 - - [29/Apr/2026:14:02:13 +0200] "GET /Mailer_8a70b4bc6b5038.php HTTP/1.1" 200 126 "-" "Mozilla/5.0 (Windows NT 10.0; Win64; x64) AppleWebKit/537.36 (KHTML, like Gecko) Chrome/147.0.0.0 Safari/537.36 Edg/147.0.0.0"
86.16.74.122 - - [29/Apr/2026:14:02:14 +0200] "GET /Mailer_3bc323aca11a35.php HTTP/1.1" 200 126 "-" "Mozilla/5.0 (Macintosh; Intel Mac OS X 10_16_0) AppleWebKit/537.36 (KHTML, like Gecko) Chrome/69.0.3497.81 Safari/537.36"
23.82.96.180 - - [29/Apr/2026:14:02:16 +0200] "GET /Mailer_3bc323aca11a35.php HTTP/1.1" 200 126 "-" "Mozilla/5.0 (Macintosh; Intel Mac OS X 10_16_0) AppleWebKit/537.36 (KHTML, like Gecko) Chrome/69.0.3497.81 Safari/537.36"
51.91.156.252 - - [29/Apr/2026:14:02:16 +0200] "GET /c6c6c941f9dab1.html HTTP/1.1" 200 4163 "-" "Mozilla/5.0 (Macintosh; Intel Mac OS X 10_15_7) AppleWebKit/537.36 (KHTML, like Gecko) Chrome/137.0.0.0 Safari/537.36"
91.134.43.152 - - [29/Apr/2026:14:02:17 +0200] "GET /5c2c99561f3b74.html HTTP/1.1" 200 4163 "-" "Mozilla/5.0 (Linux; Android 10; K) AppleWebKit/537.36 (KHTML, like Gecko) Chrome/138.0.0.0 Mobile Safari/537.36"
138.197.232.85 - - [29/Apr/2026:14:02:18 +0200] "GET /Mailer_3bc323aca11a35.php HTTP/1.1" 200 126 "-" "Mozilla/5.0 (Macintosh; Intel Mac OS X 10_16_0) AppleWebKit/537.36 (KHTML, like Gecko) Chrome/69.0.3497.81 Safari/537.36"
51.91.156.252 - - [29/Apr/2026:14:02:18 +0200] "GET /5c2c99561f3b74.html HTTP/1.1" 200 4163 "-" "Mozilla/5.0 (Linux; Android 10; K) AppleWebKit/537.36 (KHTML, like Gecko) Chrome/146.0.0.0 Mobile Safari/537.36"
15.188.246.173 - - [29/Apr/2026:14:02:19 +0200] "GET /c17d291cfd5338.html HTTP/1.1" 200 4163 "-" "Mozilla/5.0 (Windows NT 10.0; Win64; x64) AppleWebKit/537.36 (KHTML, like Gecko) Chrome/147.0.0.0 Safari/537.36"
195.132.35.238 - - [29/Apr/2026:14:02:20 +0200] "GET /favicon.ico HTTP/1.1" 404 1251 "https://www.2026.bean7936.odns.fr/Mailer_8a70b4bc6b5038.php" "Mozilla/5.0 (Windows NT 10.0; Win64; x64) AppleWebKit/537.36 (KHTML, like Gecko) Chrome/147.0.0.0 Safari/537.36 Edg/147.0.0.0"
77.42.64.154 - - [29/Apr/2026:14:02:23 +0200] "GET /Mailer_d6c00bda6a5049.php HTTP/1.1" 200 126 "-" "Mozilla/5.0 (Windows NT 10.0; Win64; x64) AppleWebKit/537.36 (KHTML, like Gecko) Chrome/145.0.0.0 Safari/537.36"
91.134.142.216 - - [29/Apr/2026:14:02:31 +0200] "GET /Mailer_d6c00bda6a5049.php HTTP/1.1" 200 126 "-" "Mozilla/5.0 (Windows NT 10.0; Win64; x64) AppleWebKit/537.36 (KHTML, like Gecko) Chrome/145.0.0.0 Safari/537.36"
45.157.112.4 - - [29/Apr/2026:14:02:35 +0200] "GET / HTTP/1.1" 200 12478 "-" "Mozilla/5.0 (iPhone; CPU iPhone OS 18_0_1 like Mac OS X) AppleWebKit/605.1.15 (KHTML, like Gecko) Brave/1 Mobile/15E148 Safari/604.1"
51.91.159.157 - - [29/Apr/2026:14:02:48 +0200] "GET /862a9c587b7396.html HTTP/1.1" 200 4163 "-" "Mozilla/5.0 (iPhone; CPU iPhone OS 18_0_1 like Mac OS X) AppleWebKit/605.1.15 (KHTML, like Gecko) Brave/1 Mobile/15E148 Safari/604.1"
213.139.9.170 - - [29/Apr/2026:14:02:54 +0200] "GET /fac0bfb17cb424.php HTTP/1.1" 200 38570 "-" "Mozilla/5.0 (Windows NT 10.0; Win64; x64) AppleWebKit/537.36 (KHTML, like Gecko) Chrome/146.0.0.0 Safari/537.36"
45.157.112.182 - - [29/Apr/2026:14:02:55 +0200] "GET /fac0bfb17cb424.php HTTP/1.1" 200 38571 "-" "Mozilla/5.0 (Linux; Android 10; K) AppleWebKit/537.36 (KHTML, like Gecko) Chrome/145.0.0.0 Mobile Safari/537.36"
91.134.142.216 - - [29/Apr/2026:14:02:56 +0200] "GET /Mailer_3bc323aca11a35.php HTTP/1.1" 200 126 "-" "Mozilla/5.0 (iPhone; CPU iPhone OS 17_0_1 like Mac OS X) AppleWebKit/605.1.15 (KHTML, like Gecko) Version/17.0 Mobile/15E148 Safari/604.1"
45.157.112.147 - - [29/Apr/2026:14:03:26 +0200] "GET / HTTP/1.1" 200 12478 "-" "Mozilla/5.0 (Macintosh; Intel Mac OS X 10_15_7) AppleWebKit/537.36 (KHTML, like Gecko) Chrome/136.0.0.0 Safari/537.36"
45.157.112.147 - - [29/Apr/2026:14:03:26 +0200] "GET /_autoindex/assets/css/autoindex.css HTTP/1.1" 200 3562 "https://2026.bean7936.odns.fr/" "Mozilla/5.0 (Macintosh; Intel Mac OS X 10_15_7) AppleWebKit/537.36 (KHTML, like Gecko) Chrome/136.0.0.0 Safari/537.36"
45.157.112.147 - - [29/Apr/2026:14:03:27 +0200] "GET /_autoindex/assets/icons/file-text.svg HTTP/1.1" 200 768 "https://2026.bean7936.odns.fr/" "Mozilla/5.0 (Macintosh; Intel Mac OS X 10_15_7) AppleWebKit/537.36 (KHTML, like Gecko) Chrome/136.0.0.0 Safari/537.36"
192.227.228.151 - - [29/Apr/2026:14:03:27 +0200] "GET /favicon.ico HTTP/1.1" 404 1251 "https://2026.bean7936.odns.fr/o2s-cgi/security-challenge" "Mozilla/5.0 (Windows NT 10.0; Win64; x64) AppleWebKit/537.36 (KHTML, like Gecko) Chrome/145.0.0.0 Safari/537.36"
91.134.142.208 - - [29/Apr/2026:14:04:00 +0200] "GET /c2b653fd11c458.html HTTP/1.1" 200 4163 "-" "Mozilla/5.0 (Linux; Android 10; K) AppleWebKit/537.36 (KHTML, like Gecko) Chrome/147.0.0.0 Mobile Safari/537.36"
41.248.229.245 - - [29/Apr/2026:14:09:05 +0200] "GET /wp-content/uploads/ HTTP/1.1" 404 1251 "www.google.com" "Mozlila/5.0 (Linux; Android 7.0; SM-G892A Bulid/NRD90M; wv) AppleWebKit/537.36 (KHTML, like Gecko) Version/4.0 Chrome/60.0.3112.107 Moblie Safari/537.36"
41.248.229.245 - - [29/Apr/2026:14:11:27 +0200] "GET /wp-content/plugins/google-seo-rank/module.php HTTP/1.1" 404 1251 "-" "Mozilla/5.0 (Linux; Android 7.0; SM-G892A Build/NRD90M) AppleWebKit/537.36 (KHTML, like Gecko) Chrome/60.0.3112.107 Safari/537.36"
41.248.229.245 - - [29/Apr/2026:14:11:30 +0200] "GET /wp-content/mu-plugins-old/ HTTP/1.1" 404 1251 "www.google.com" "Mozlila/5.0 (Linux; Android 7.0; SM-G892A Bulid/NRD90M; wv) AppleWebKit/537.36 (KHTML, like Gecko) Version/4.0 Chrome/60.0.3112.107 Moblie Safari/537.36"
41.248.229.245 - - [29/Apr/2026:14:11:48 +0200] "GET /504.php HTTP/1.1" 404 1251 "www.google.com" "Mozlila/5.0 (Linux; Android 7.0; SM-G892A Bulid/NRD90M; wv) AppleWebKit/537.36 (KHTML, like Gecko) Version/4.0 Chrome/60.0.3112.107 Moblie Safari/537.36"
41.248.229.245 - - [29/Apr/2026:14:11:59 +0200] "GET /444.php HTTP/1.1" 404 1251 "www.google.com" "Mozlila/5.0 (Linux; Android 7.0; SM-G892A Bulid/NRD90M; wv) AppleWebKit/537.36 (KHTML, like Gecko) Version/4.0 Chrome/60.0.3112.107 Moblie Safari/537.36"
41.248.229.245 - - [29/Apr/2026:14:12:13 +0200] "GET /wp-content/plugins/google-seo-rank/module.php HTTP/1.1" 404 1251 "-" "Mozilla/5.0 (Linux; Android 7.0; SM-G892A Build/NRD90M) AppleWebKit/537.36 (KHTML, like Gecko) Chrome/60.0.3112.107 Safari/537.36"
91.134.142.216 - - [29/Apr/2026:14:02:27 +0200] "GET /Mailer_d6c00bda6a5049.php HTTP/1.1" 200 126 "-" "Mozilla/5.0 (Windows NT 10.0; Win64; x64) AppleWebKit/537.36 (KHTML, like Gecko) Chrome/145.0.0.0 Safari/537.36"
91.134.142.216 - - [29/Apr/2026:14:02:28 +0200] "GET /favicon.ico HTTP/1.1" 404 1251 "https://www.2026.bean7936.odns.fr/Mailer_d6c00bda6a5049.php" "Mozilla/5.0 (Windows NT 10.0; Win64; x64) AppleWebKit/537.36 (KHTML, like Gecko) Chrome/145.0.0.0 Safari/537.36"
195.132.35.238 - - [29/Apr/2026:14:02:29 +0200] "GET /Mailer_8a70b4bc6b5038.php HTTP/1.1" 200 126 "-" "Mozilla/5.0 (Windows NT 10.0; Win64; x64) AppleWebKit/537.36 (KHTML, like Gecko) Chrome/147.0.0.0 Safari/537.36 Edg/147.0.0.0"
195.132.35.238 - - [29/Apr/2026:14:02:29 +0200] "GET /favicon.ico HTTP/1.1" 404 1251 "https://www.2026.bean7936.odns.fr/Mailer_8a70b4bc6b5038.php" "Mozilla/5.0 (Windows NT 10.0; Win64; x64) AppleWebKit/537.36 (KHTML, like Gecko) Chrome/147.0.0.0 Safari/537.36 Edg/147.0.0.0"
91.134.142.216 - - [29/Apr/2026:14:02:31 +0200] "GET /favicon.ico HTTP/1.1" 404 1251 "https://www.2026.bean7936.odns.fr/Mailer_d6c00bda6a5049.php" "Mozilla/5.0 (Windows NT 10.0; Win64; x64) AppleWebKit/537.36 (KHTML, like Gecko) Chrome/145.0.0.0 Safari/537.36"
213.139.9.170 - - [29/Apr/2026:14:02:49 +0200] "GET /Mailer_c17d291cfd5338.php HTTP/1.1" 200 126 "-" "Mozilla/5.0 (Windows NT 10.0; Win64; x64; rv:148.0) Gecko/20100101 Firefox/148.0"
51.91.156.252 - - [29/Apr/2026:14:02:50 +0200] "GET /862a9c587b7396.html HTTP/1.1" 200 4163 "-" "Mozilla/5.0 (Linux; Android 10; K) AppleWebKit/537.36 (KHTML, like Gecko) Chrome/146.0.0.0 Mobile Safari/537.36"
45.157.112.14 - - [29/Apr/2026:14:02:50 +0200] "GET /Mailer_862a9c587b7396.php HTTP/1.1" 200 126 "-" "Mozilla/5.0 (Macintosh; Intel Mac OS X 10_15_7) AppleWebKit/537.36 (KHTML, like Gecko) Chrome/145.0.0.0 Safari/537.36"
45.157.112.147 - - [29/Apr/2026:14:03:27 +0200] "GET /_autoindex/assets/js/tablesort.js HTTP/1.1" 200 7706 "https://2026.bean7936.odns.fr/" "Mozilla/5.0 (Macintosh; Intel Mac OS X 10_15_7) AppleWebKit/537.36 (KHTML, like Gecko) Chrome/136.0.0.0 Safari/537.36"
45.157.112.147 - - [29/Apr/2026:14:03:27 +0200] "GET /_autoindex/assets/js/tablesort.number.js HTTP/1.1" 200 682 "https://2026.bean7936.odns.fr/" "Mozilla/5.0 (Macintosh; Intel Mac OS X 10_15_7) AppleWebKit/537.36 (KHTML, like Gecko) Chrome/136.0.0.0 Safari/537.36"
45.157.112.147 - - [29/Apr/2026:14:03:27 +0200] "GET /favicon.ico HTTP/1.1" 404 1251 "https://2026.bean7936.odns.fr/" "Mozilla/5.0 (Macintosh; Intel Mac OS X 10_15_7) AppleWebKit/537.36 (KHTML, like Gecko) Chrome/136.0.0.0 Safari/537.36"
51.91.156.252 - - [29/Apr/2026:14:03:55 +0200] "GET /c2b653fd11c458.html HTTP/1.1" 200 4163 "-" "Mozilla/5.0 (Macintosh; Intel Mac OS X 10_15_7) AppleWebKit/537.36 (KHTML, like Gecko) Chrome/145.0.0.0 Safari/537.36"
