146.190.185.95 - - [29/Apr/2026:14:59:13 +0200] "GET /c2b653fd11c458.php HTTP/1.1" 200 38575 "-" "Mozilla/5.0 (Linux; arm_64; Android 15; 23053RN02Y) AppleWebKit/537.36 (KHTML, like Gecko) Chrome/144.0.7559.732 YaSearchBrowser/26.35.1 BroPP/1.0 YaSearchApp/26.35.1 webOmni Mobile Safari/537.36"
23.80.89.38 - - [29/Apr/2026:14:49:03 +0200] "GET /862a9c587b7396.php HTTP/1.1" 200 38568 "-" "Mozilla/5.0 (Linux; Android 10; K) AppleWebKit/537.36 (KHTML, like Gecko) Chrome/146.0.0.0 Mobile Safari/537.36"
57.131.13.95 - - [29/Apr/2026:14:49:07 +0200] "GET /fac0bfb17cb424.php HTTP/1.1" 200 38573 "-" "Mozilla/5.0 (Windows NT 10.0; Win64; x64) AppleWebKit/537.36 (KHTML, like Gecko) Chrome/147.0.0.0 Safari/537.36 Edg/147.0.0.0"
13.38.44.207 - - [29/Apr/2026:14:49:10 +0200] "GET /fac0bfb17cb424.php HTTP/1.1" 200 38573 "-" "Mozilla/5.0 (Windows NT 10.0; Win64; x64) AppleWebKit/537.36 (KHTML, like Gecko) Chrome/147.0.0.0 Safari/537.36 Edg/147.0.0.0"
86.16.74.122 - - [29/Apr/2026:14:49:17 +0200] "GET /Mailer_c17d291cfd5338.php HTTP/1.1" 200 126 "-" "Mozilla/5.0 (Linux; Android 10; K) AppleWebKit/537.36 (KHTML, like Gecko) Chrome/145.0.0.0 Mobile Safari/537.36"
49.13.211.144 - - [29/Apr/2026:14:49:19 +0200] "GET /Mailer_c17d291cfd5338.php HTTP/1.1" 200 126 "-" "Mozilla/5.0 (Linux; Android 10; K) AppleWebKit/537.36 (KHTML, like Gecko) Chrome/145.0.0.0 Mobile Safari/537.36"
23.80.89.38 - - [29/Apr/2026:14:49:20 +0200] "GET /d6c00bda6a5049.php HTTP/1.1" 200 38568 "-" "Mozilla/5.0 (Windows NT 10.0; Win64; x64) AppleWebKit/537.36 (KHTML, like Gecko) Chrome/145.0.0.0 Safari/537.36 Edg/145.0.0.0"
23.82.96.180 - - [29/Apr/2026:14:50:26 +0200] "GET /Mailer_3bc323aca11a35.php HTTP/1.1" 200 126 "-" "Mozilla/5.0 (Macintosh; Intel Mac OS X 10_16_0) AppleWebKit/537.36 (KHTML, like Gecko) Chrome/69.0.3497.81 Safari/537.36"
57.131.13.101 - - [29/Apr/2026:14:57:49 +0200] "GET /06bdc12ede3ae0.php HTTP/1.1" 200 38574 "-" "Mozilla/5.0 (iPhone; CPU iPhone OS 16_0 like Mac OS X) AppleWebKit/605.1.15 (KHTML, like Gecko) Version/16.0 Mobile/15E148 Safari/604.1"
51.91.156.252 - - [29/Apr/2026:14:58:03 +0200] "GET /Mailer_5c2c99561f3b74.php HTTP/1.1" 200 126 "-" "Mozilla/5.0 (Macintosh; Intel Mac OS X 10_15_7) AppleWebKit/605.1.15 (KHTML, like Gecko) Version/26.4 Safari/605.1.15"
46.62.173.36 - - [29/Apr/2026:14:58:04 +0200] "GET /Mailer_5c2c99561f3b74.php HTTP/1.1" 200 126 "-" "Mozilla/5.0 (Macintosh; Intel Mac OS X 10_15_7) AppleWebKit/605.1.15 (KHTML, like Gecko) Version/26.4 Safari/605.1.15"
68.183.245.101 - - [29/Apr/2026:14:58:48 +0200] "GET /8a70b4bc6b5038.php HTTP/1.1" 200 38571 "-" "Mozilla/5.0 (Macintosh; Intel Mac OS X 10_15_7) AppleWebKit/537.36 (KHTML, like Gecko) Chrome/145.0.0.0 Safari/537.36"
195.132.35.238 - - [29/Apr/2026:14:58:58 +0200] "GET /8a70b4bc6b5038.php HTTP/1.1" 200 38571 "-" "Mozilla/5.0 (Macintosh; Intel Mac OS X 10_15_7) AppleWebKit/537.36 (KHTML, like Gecko) Chrome/145.0.0.0 Safari/537.36"
209.50.228.91 - - [29/Apr/2026:14:59:12 +0200] "GET /c2b653fd11c458.php HTTP/1.1" 200 38574 "-" "Mozilla/5.0 (Linux; arm_64; Android 15; 23053RN02Y) AppleWebKit/537.36 (KHTML, like Gecko) Chrome/144.0.7559.732 YaSearchBrowser/26.35.1 BroPP/1.0 YaSearchApp/26.35.1 webOmni Mobile Safari/537.36"
86.16.74.122 - - [29/Apr/2026:14:59:13 +0200] "GET /c2b653fd11c458.php HTTP/1.1" 200 38573 "-" "Mozilla/5.0 (Linux; arm_64; Android 15; 23053RN02Y) AppleWebKit/537.36 (KHTML, like Gecko) Chrome/144.0.7559.732 YaSearchBrowser/26.35.1 BroPP/1.0 YaSearchApp/26.35.1 webOmni Mobile Safari/537.36"
57.131.13.153 - - [29/Apr/2026:14:59:22 +0200] "GET /Mailer_0a3170fad6056c.php HTTP/1.1" 200 126 "-" "Mozilla/5.0 (Windows NT 10.0; Win64; x64; rv:149.0) Gecko/20100101 Firefox/149.0"
23.80.89.37 - - [29/Apr/2026:14:59:25 +0200] "GET /3bc323aca11a35.php HTTP/1.1" 200 38568 "-" "Mozilla/5.0 (Linux; Android 10; K) AppleWebKit/537.36 (KHTML, like Gecko) Chrome/146.0.0.0 Mobile Safari/537.36"
86.16.74.122 - - [29/Apr/2026:14:59:39 +0200] "GET /0a3170fad6056c.php HTTP/1.1" 200 38573 "-" "Mozilla/5.0 (Linux; Android 10; K) AppleWebKit/537.36 (KHTML, like Gecko) Chrome/138.0.0.0 Mobile Safari/537.36"
209.50.227.112 - - [29/Apr/2026:14:59:41 +0200] "GET /Mailer_862a9c587b7396.php HTTP/1.1" 200 126 "-" "Mozilla/5.0 (Linux; Android 10; K) AppleWebKit/537.36 (KHTML, like Gecko) Chrome/144.0.0.0 Mobile Safari/537.36"
23.82.96.181 - - [29/Apr/2026:14:49:20 +0200] "GET /Mailer_c17d291cfd5338.php HTTP/1.1" 200 126 "-" "Mozilla/5.0 (Linux; Android 10; K) AppleWebKit/537.36 (KHTML, like Gecko) Chrome/145.0.0.0 Mobile Safari/537.36"
23.82.96.181 - - [29/Apr/2026:14:49:22 +0200] "GET /d6c00bda6a5049.php HTTP/1.1" 200 38569 "-" "Mozilla/5.0 (Windows NT 10.0; Win64; x64) AppleWebKit/537.36 (KHTML, like Gecko) Chrome/145.0.0.0 Safari/537.36 Edg/145.0.0.0"
213.139.9.170 - - [29/Apr/2026:14:49:29 +0200] "GET /c6c6c941f9dab1.php HTTP/1.1" 200 38574 "-" "Mozilla/5.0 (Macintosh; Intel Mac OS X 10_15_7) AppleWebKit/537.36 (KHTML, like Gecko) Chrome/145.0.0.0 Safari/537.36"
23.80.89.37 - - [29/Apr/2026:14:49:30 +0200] "GET /c6c6c941f9dab1.php HTTP/1.1" 200 38572 "-" "Mozilla/5.0 (Macintosh; Intel Mac OS X 10_15_7) AppleWebKit/537.36 (KHTML, like Gecko) Chrome/145.0.0.0 Safari/537.36"
86.16.74.122 - - [29/Apr/2026:14:49:30 +0200] "GET /c6c6c941f9dab1.php HTTP/1.1" 200 38573 "-" "Mozilla/5.0 (Macintosh; Intel Mac OS X 10_15_7) AppleWebKit/537.36 (KHTML, like Gecko) Chrome/145.0.0.0 Safari/537.36"
95.217.190.234 - - [29/Apr/2026:14:49:32 +0200] "GET /c6c6c941f9dab1.php HTTP/1.1" 200 38575 "-" "Mozilla/5.0 (Macintosh; Intel Mac OS X 10_15_7) AppleWebKit/537.36 (KHTML, like Gecko) Chrome/145.0.0.0 Safari/537.36"
86.16.74.122 - - [29/Apr/2026:14:50:26 +0200] "GET /Mailer_3bc323aca11a35.php HTTP/1.1" 200 126 "-" "Mozilla/5.0 (Macintosh; Intel Mac OS X 10_16_0) AppleWebKit/537.36 (KHTML, like Gecko) Chrome/69.0.3497.81 Safari/537.36"
138.197.232.85 - - [29/Apr/2026:14:50:28 +0200] "GET /Mailer_3bc323aca11a35.php HTTP/1.1" 200 126 "-" "Mozilla/5.0 (Macintosh; Intel Mac OS X 10_16_0) AppleWebKit/537.36 (KHTML, like Gecko) Chrome/69.0.3497.81 Safari/537.36"
159.223.242.210 - - [29/Apr/2026:14:58:46 +0200] "GET /8a70b4bc6b5038.php HTTP/1.1" 200 38572 "-" "Mozilla/5.0 (Macintosh; Intel Mac OS X 10_15_7) AppleWebKit/537.36 (KHTML, like Gecko) Chrome/145.0.0.0 Safari/537.36"
86.16.74.122 - - [29/Apr/2026:14:58:48 +0200] "GET /8a70b4bc6b5038.php HTTP/1.1" 200 38569 "-" "Mozilla/5.0 (Macintosh; Intel Mac OS X 10_15_7) AppleWebKit/537.36 (KHTML, like Gecko) Chrome/145.0.0.0 Safari/537.36"
91.134.43.152 - - [29/Apr/2026:14:59:06 +0200] "GET /c2b653fd11c458.php HTTP/1.1" 200 38570 "-" "Mozilla/5.0 (iPhone; CPU iPhone OS 15_0 like Mac OS X) AppleWebKit/605.1.15 (KHTML, like Gecko) Version/15.0 Mobile/15E148 Safari/604.1"
51.75.141.254 - - [29/Apr/2026:14:59:21 +0200] "GET /Mailer_0a3170fad6056c.php HTTP/1.1" 200 126 "-" "Mozilla/5.0 (Windows NT 10.0; Win64; x64; rv:149.0) Gecko/20100101 Firefox/149.0"
86.16.74.122 - - [29/Apr/2026:14:59:21 +0200] "GET /Mailer_0a3170fad6056c.php HTTP/1.1" 200 126 "-" "Mozilla/5.0 (Windows NT 10.0; Win64; x64; rv:149.0) Gecko/20100101 Firefox/149.0"
146.190.203.144 - - [29/Apr/2026:14:59:26 +0200] "GET /3bc323aca11a35.php HTTP/1.1" 200 38572 "-" "Mozilla/5.0 (Linux; Android 10; K) AppleWebKit/537.36 (KHTML, like Gecko) Chrome/146.0.0.0 Mobile Safari/537.36"
57.131.13.95 - - [29/Apr/2026:14:59:39 +0200] "GET /0a3170fad6056c.php HTTP/1.1" 200 38573 "-" "Mozilla/5.0 (Linux; Android 10; K) AppleWebKit/537.36 (KHTML, like Gecko) Chrome/138.0.0.0 Mobile Safari/537.36"
146.190.185.95 - - [29/Apr/2026:14:59:41 +0200] "GET /Mailer_862a9c587b7396.php HTTP/1.1" 200 126 "-" "Mozilla/5.0 (Linux; Android 10; K) AppleWebKit/537.36 (KHTML, like Gecko) Chrome/144.0.0.0 Mobile Safari/537.36"
170.64.241.20 - - [29/Apr/2026:14:59:42 +0200] "GET /0a3170fad6056c.php HTTP/1.1" 200 38574 "-" "Mozilla/5.0 (Linux; Android 10; K) AppleWebKit/537.36 (KHTML, like Gecko) Chrome/138.0.0.0 Mobile Safari/537.36"
77.42.67.200 - - [29/Apr/2026:15:00:38 +0200] "GET /c17d291cfd5338.php HTTP/1.1" 200 38569 "-" "Mozilla/5.0 (Windows NT 10.0; Win64; x64) AppleWebKit/537.36 (KHTML, like Gecko) Chrome/145.0.0.0 Safari/537.36"
86.16.74.122 - - [29/Apr/2026:15:00:38 +0200] "GET /c17d291cfd5338.php HTTP/1.1" 200 38569 "-" "Mozilla/5.0 (Windows NT 10.0; Win64; x64) AppleWebKit/537.36 (KHTML, like Gecko) Chrome/145.0.0.0 Safari/537.36"
51.75.141.254 - - [29/Apr/2026:14:59:16 +0200] "GET /c2b653fd11c458.php HTTP/1.1" 200 38574 "-" "Mozilla/5.0 (Linux; arm_64; Android 15; 23053RN02Y) AppleWebKit/537.36 (KHTML, like Gecko) Chrome/144.0.7559.732 YaSearchBrowser/26.35.1 BroPP/1.0 YaSearchApp/26.35.1 webOmni Mobile Safari/537.36"
86.16.74.122 - - [29/Apr/2026:14:59:24 +0200] "GET /3bc323aca11a35.php HTTP/1.1" 200 38569 "-" "Mozilla/5.0 (Linux; Android 10; K) AppleWebKit/537.36 (KHTML, like Gecko) Chrome/146.0.0.0 Mobile Safari/537.36"
51.91.156.252 - - [29/Apr/2026:14:59:26 +0200] "GET /3bc323aca11a35.php HTTP/1.1" 200 38570 "-" "Mozilla/5.0 (Linux; Android 10; K) AppleWebKit/537.36 (KHTML, like Gecko) Chrome/146.0.0.0 Mobile Safari/537.36"
51.91.159.157 - - [29/Apr/2026:14:59:40 +0200] "GET /0a3170fad6056c.php HTTP/1.1" 200 38574 "-" "Mozilla/5.0 (Linux; Android 10; K) AppleWebKit/537.36 (KHTML, like Gecko) Chrome/138.0.0.0 Mobile Safari/537.36"
86.16.74.122 - - [29/Apr/2026:14:59:45 +0200] "GET /Mailer_862a9c587b7396.php HTTP/1.1" 200 126 "-" "Mozilla/5.0 (Linux; Android 10; K) AppleWebKit/537.36 (KHTML, like Gecko) Chrome/144.0.0.0 Mobile Safari/537.36"
91.134.142.208 - - [29/Apr/2026:15:00:39 +0200] "GET /c17d291cfd5338.php HTTP/1.1" 200 38571 "-" "Mozilla/5.0 (Windows NT 10.0; Win64; x64) AppleWebKit/537.36 (KHTML, like Gecko) Chrome/145.0.0.0 Safari/537.36"
195.132.35.238 - - [29/Apr/2026:15:01:02 +0200] "GET /Mailer_8a70b4bc6b5038.php HTTP/1.1" 200 126 "-" "Mozilla/5.0 (Windows NT 10.0; Win64; x64) AppleWebKit/537.36 (KHTML, like Gecko) Chrome/147.0.0.0 Safari/537.36 Edg/147.0.0.0"
86.16.74.122 - - [29/Apr/2026:15:01:03 +0200] "GET /Mailer_8a70b4bc6b5038.php HTTP/1.1" 200 126 "-" "Mozilla/5.0 (Windows NT 10.0; Win64; x64) AppleWebKit/537.36 (KHTML, like Gecko) Chrome/147.0.0.0 Safari/537.36 Edg/147.0.0.0"
86.16.74.122 - - [29/Apr/2026:15:01:40 +0200] "GET /5c2c99561f3b74.php HTTP/1.1" 200 38569 "-" "Mozilla/5.0 (Linux; Android 10; K) AppleWebKit/537.36 (KHTML, like Gecko) Chrome/147.0.0.0 Mobile Safari/537.36"
91.134.142.216 - - [29/Apr/2026:15:01:43 +0200] "GET /5c2c99561f3b74.php HTTP/1.1" 200 38571 "-" "Mozilla/5.0 (Linux; Android 10; K) AppleWebKit/537.36 (KHTML, like Gecko) Chrome/147.0.0.0 Mobile Safari/537.36"
51.75.141.254 - - [29/Apr/2026:15:01:44 +0200] "GET /5c2c99561f3b74.php HTTP/1.1" 200 38574 "-" "Mozilla/5.0 (iPhone; CPU iPhone OS 17_0_1 like Mac OS X) AppleWebKit/605.1.15 (KHTML, like Gecko) Version/17.0 Mobile/15E148 Safari/604.1"
86.16.74.122 - - [29/Apr/2026:15:01:50 +0200] "GET /5c2c99561f3b74.php HTTP/1.1" 200 38573 "-" "Mozilla/5.0 (iPhone; CPU iPhone OS 17_0_1 like Mac OS X) AppleWebKit/605.1.15 (KHTML, like Gecko) Version/17.0 Mobile/15E148 Safari/604.1"
51.75.141.254 - - [29/Apr/2026:15:01:56 +0200] "GET /737b88c3ad9b21.php HTTP/1.1" 200 38570 "-" "Mozilla/5.0 (Macintosh; Intel Mac OS X 10_15_7) AppleWebKit/605.1.15 (KHTML, like Gecko) Version/26.4 Safari/605.1.15"
86.16.74.122 - - [29/Apr/2026:15:01:57 +0200] "GET /737b88c3ad9b21.php HTTP/1.1" 200 38569 "-" "Mozilla/5.0 (Macintosh; Intel Mac OS X 10_15_7) AppleWebKit/605.1.15 (KHTML, like Gecko) Version/26.4 Safari/605.1.15"
51.75.141.254 - - [29/Apr/2026:15:02:14 +0200] "GET /862a9c587b7396.php HTTP/1.1" 200 38574 "-" "Mozilla/5.0 (Linux; Android 10; K) AppleWebKit/537.36 (KHTML, like Gecko) Chrome/143.0.0.0 Mobile Safari/537.36"
23.80.89.36 - - [29/Apr/2026:15:02:25 +0200] "GET /d03ff56cd9fc33.php HTTP/1.1" 200 38568 "-" "Mozilla/5.0 (Linux; Android 10; K) AppleWebKit/537.36 (KHTML, like Gecko) Chrome/131.0.0.0 Mobile Safari/537.36"
86.16.74.122 - - [29/Apr/2026:15:02:26 +0200] "GET /d03ff56cd9fc33.php HTTP/1.1" 200 38569 "-" "Mozilla/5.0 (Linux; Android 10; K) AppleWebKit/537.36 (KHTML, like Gecko) Chrome/131.0.0.0 Mobile Safari/537.36"
51.91.156.252 - - [29/Apr/2026:15:02:26 +0200] "GET /862a9c587b7396.php HTTP/1.1" 200 38570 "-" "Mozilla/5.0 (Linux; Android 10; K) AppleWebKit/537.36 (KHTML, like Gecko) Chrome/146.0.0.0 Mobile Safari/537.36"
209.50.227.112 - - [29/Apr/2026:15:00:38 +0200] "GET /c17d291cfd5338.php HTTP/1.1" 200 38571 "-" "Mozilla/5.0 (Windows NT 10.0; Win64; x64) AppleWebKit/537.36 (KHTML, like Gecko) Chrome/145.0.0.0 Safari/537.36"
170.64.241.20 - - [29/Apr/2026:15:01:11 +0200] "GET /Mailer_8a70b4bc6b5038.php HTTP/1.1" 200 126 "-" "Mozilla/5.0 (Windows NT 10.0; Win64; x64) AppleWebKit/537.36 (KHTML, like Gecko) Chrome/147.0.0.0 Safari/537.36 Edg/147.0.0.0"
91.134.43.151 - - [29/Apr/2026:15:01:16 +0200] "GET /8a70b4bc6b5038.php HTTP/1.1" 200 38574 "-" "Mozilla/5.0 (Macintosh; Intel Mac OS X 10_15_7) AppleWebKit/537.36 (KHTML, like Gecko) Chrome/146.0.0.0 Safari/537.36"
77.42.64.154 - - [29/Apr/2026:15:01:18 +0200] "GET /8a70b4bc6b5038.php HTTP/1.1" 200 38573 "-" "Mozilla/5.0 (Macintosh; Intel Mac OS X 10_15_7) AppleWebKit/537.36 (KHTML, like Gecko) Chrome/146.0.0.0 Safari/537.36"
86.16.74.122 - - [29/Apr/2026:15:01:18 +0200] "GET /8a70b4bc6b5038.php HTTP/1.1" 200 38573 "-" "Mozilla/5.0 (Macintosh; Intel Mac OS X 10_15_7) AppleWebKit/537.36 (KHTML, like Gecko) Chrome/146.0.0.0 Safari/537.36"
37.27.253.44 - - [29/Apr/2026:15:01:40 +0200] "GET /5c2c99561f3b74.php HTTP/1.1" 200 38569 "-" "Mozilla/5.0 (Linux; Android 10; K) AppleWebKit/537.36 (KHTML, like Gecko) Chrome/147.0.0.0 Mobile Safari/537.36"
49.13.211.144 - - [29/Apr/2026:15:01:44 +0200] "GET /5c2c99561f3b74.php HTTP/1.1" 200 38574 "-" "Mozilla/5.0 (iPhone; CPU iPhone OS 17_0_1 like Mac OS X) AppleWebKit/605.1.15 (KHTML, like Gecko) Version/17.0 Mobile/15E148 Safari/604.1"
65.109.14.150 - - [29/Apr/2026:15:01:57 +0200] "GET /737b88c3ad9b21.php HTTP/1.1" 200 38570 "-" "Mozilla/5.0 (Macintosh; Intel Mac OS X 10_15_7) AppleWebKit/605.1.15 (KHTML, like Gecko) Version/26.4 Safari/605.1.15"
57.131.13.107 - - [29/Apr/2026:15:01:58 +0200] "GET /737b88c3ad9b21.php HTTP/1.1" 200 38570 "-" "Mozilla/5.0 (Macintosh; Intel Mac OS X 10_15_7) AppleWebKit/605.1.15 (KHTML, like Gecko) Version/26.4 Safari/605.1.15"
86.16.74.122 - - [29/Apr/2026:15:02:03 +0200] "GET /Mailer_fac0bfb17cb424.php HTTP/1.1" 200 126 "-" "Mozilla/5.0 (Linux; Android 10; K) AppleWebKit/537.36 (KHTML, like Gecko) Chrome/145.0.0.0 Mobile Safari/537.36"
23.80.89.37 - - [29/Apr/2026:15:02:04 +0200] "GET /Mailer_fac0bfb17cb424.php HTTP/1.1" 200 126 "-" "Mozilla/5.0 (Linux; Android 10; K) AppleWebKit/537.36 (KHTML, like Gecko) Chrome/145.0.0.0 Mobile Safari/537.36"
91.134.142.216 - - [29/Apr/2026:15:02:14 +0200] "GET /Mailer_d6c00bda6a5049.php HTTP/1.1" 200 126 "-" "Mozilla/5.0 (Windows NT 10.0; Win64; x64) AppleWebKit/537.36 (KHTML, like Gecko) Chrome/145.0.0.0 Safari/537.36"
86.16.74.122 - - [29/Apr/2026:15:02:14 +0200] "GET /862a9c587b7396.php HTTP/1.1" 200 38573 "-" "Mozilla/5.0 (Linux; Android 10; K) AppleWebKit/537.36 (KHTML, like Gecko) Chrome/143.0.0.0 Mobile Safari/537.36"
209.50.228.92 - - [29/Apr/2026:15:02:16 +0200] "GET /862a9c587b7396.php HTTP/1.1" 200 38574 "-" "Mozilla/5.0 (Linux; Android 10; K) AppleWebKit/537.36 (KHTML, like Gecko) Chrome/143.0.0.0 Mobile Safari/537.36"
86.16.74.122 - - [29/Apr/2026:15:02:16 +0200] "GET /Mailer_d6c00bda6a5049.php HTTP/1.1" 200 126 "-" "Mozilla/5.0 (Windows NT 10.0; Win64; x64) AppleWebKit/537.36 (KHTML, like Gecko) Chrome/145.0.0.0 Safari/537.36"
146.190.203.144 - - [29/Apr/2026:15:02:20 +0200] "GET /862a9c587b7396.php HTTP/1.1" 200 38576 "-" "Mozilla/5.0 (Linux; Android 10; K) AppleWebKit/537.36 (KHTML, like Gecko) Chrome/143.0.0.0 Mobile Safari/537.36"
23.80.89.38 - - [29/Apr/2026:15:02:33 +0200] "GET /862a9c587b7396.php HTTP/1.1" 200 38568 "-" "Mozilla/5.0 (Linux; Android 10; K) AppleWebKit/537.36 (KHTML, like Gecko) Chrome/146.0.0.0 Mobile Safari/537.36"
86.16.74.122 - - [29/Apr/2026:15:02:34 +0200] "GET /Mailer_c6c6c941f9dab1.php HTTP/1.1" 200 126 "-" "Mozilla/5.0 (Linux; Android 10; K) AppleWebKit/537.36 (KHTML, like Gecko) Chrome/139.0.0.0 Mobile Safari/537.36"
146.190.190.67 - - [29/Apr/2026:15:02:37 +0200] "GET /Mailer_06bdc12ede3ae0.php HTTP/1.1" 200 126 "-" "Mozilla/5.0 (Macintosh; Intel Mac OS X 10_15_7) AppleWebKit/605.1.15 (KHTML, like Gecko) Version/26.4 Safari/605.1.15"
51.91.159.157 - - [29/Apr/2026:14:59:42 +0200] "GET /Mailer_862a9c587b7396.php HTTP/1.1" 200 126 "-" "Mozilla/5.0 (Linux; Android 10; K) AppleWebKit/537.36 (KHTML, like Gecko) Chrome/144.0.0.0 Mobile Safari/537.36"
209.50.228.93 - - [29/Apr/2026:15:01:06 +0200] "GET /Mailer_8a70b4bc6b5038.php HTTP/1.1" 200 126 "-" "Mozilla/5.0 (Windows NT 10.0; Win64; x64) AppleWebKit/537.36 (KHTML, like Gecko) Chrome/147.0.0.0 Safari/537.36 Edg/147.0.0.0"
23.82.96.182 - - [29/Apr/2026:15:01:20 +0200] "GET /8a70b4bc6b5038.php HTTP/1.1" 200 38573 "-" "Mozilla/5.0 (Macintosh; Intel Mac OS X 10_15_7) AppleWebKit/537.36 (KHTML, like Gecko) Chrome/146.0.0.0 Safari/537.36"
145.239.90.82 - - [29/Apr/2026:15:01:40 +0200] "GET /5c2c99561f3b74.php HTTP/1.1" 200 38570 "-" "Mozilla/5.0 (Linux; Android 10; K) AppleWebKit/537.36 (KHTML, like Gecko) Chrome/147.0.0.0 Mobile Safari/537.36"
46.62.234.38 - - [29/Apr/2026:15:01:44 +0200] "GET /5c2c99561f3b74.php HTTP/1.1" 200 38573 "-" "Mozilla/5.0 (iPhone; CPU iPhone OS 17_0_1 like Mac OS X) AppleWebKit/605.1.15 (KHTML, like Gecko) Version/17.0 Mobile/15E148 Safari/604.1"
81.53.36.105 - - [29/Apr/2026:15:02:02 +0200] "GET /Mailer_fac0bfb17cb424.php HTTP/1.1" 200 126 "-" "Mozilla/5.0 (Linux; Android 10; K) AppleWebKit/537.36 (KHTML, like Gecko) Chrome/145.0.0.0 Mobile Safari/537.36"
57.131.13.153 - - [29/Apr/2026:15:02:14 +0200] "GET /Mailer_d6c00bda6a5049.php HTTP/1.1" 200 126 "-" "Mozilla/5.0 (Windows NT 10.0; Win64; x64) AppleWebKit/537.36 (KHTML, like Gecko) Chrome/145.0.0.0 Safari/537.36"
77.42.64.154 - - [29/Apr/2026:15:02:14 +0200] "GET /Mailer_d6c00bda6a5049.php HTTP/1.1" 200 126 "-" "Mozilla/5.0 (Windows NT 10.0; Win64; x64) AppleWebKit/537.36 (KHTML, like Gecko) Chrome/145.0.0.0 Safari/537.36"
51.91.156.252 - - [29/Apr/2026:15:02:22 +0200] "GET /d03ff56cd9fc33.php HTTP/1.1" 200 38570 "-" "Mozilla/5.0 (Linux; Android 10; K) AppleWebKit/537.36 (KHTML, like Gecko) Chrome/131.0.0.0 Mobile Safari/537.36"
57.131.13.108 - - [29/Apr/2026:15:02:24 +0200] "GET /d03ff56cd9fc33.php HTTP/1.1" 200 38570 "-" "Mozilla/5.0 (Linux; Android 10; K) AppleWebKit/537.36 (KHTML, like Gecko) Chrome/131.0.0.0 Mobile Safari/537.36"
86.16.74.122 - - [29/Apr/2026:15:02:28 +0200] "GET /862a9c587b7396.php HTTP/1.1" 200 38569 "-" "Mozilla/5.0 (Linux; Android 10; K) AppleWebKit/537.36 (KHTML, like Gecko) Chrome/146.0.0.0 Mobile Safari/537.36"
57.131.13.153 - - [29/Apr/2026:15:02:31 +0200] "GET /Mailer_06bdc12ede3ae0.php HTTP/1.1" 200 126 "-" "Mozilla/5.0 (Macintosh; Intel Mac OS X 10_15_7) AppleWebKit/605.1.15 (KHTML, like Gecko) Version/26.4 Safari/605.1.15"
213.139.9.170 - - [29/Apr/2026:15:02:31 +0200] "GET /Mailer_06bdc12ede3ae0.php HTTP/1.1" 200 126 "-" "Mozilla/5.0 (Macintosh; Intel Mac OS X 10_15_7) AppleWebKit/605.1.15 (KHTML, like Gecko) Version/26.4 Safari/605.1.15"
86.16.74.122 - - [29/Apr/2026:15:02:31 +0200] "GET /Mailer_06bdc12ede3ae0.php HTTP/1.1" 200 126 "-" "Mozilla/5.0 (Macintosh; Intel Mac OS X 10_15_7) AppleWebKit/605.1.15 (KHTML, like Gecko) Version/26.4 Safari/605.1.15"
57.131.13.95 - - [29/Apr/2026:15:02:32 +0200] "GET /Mailer_c6c6c941f9dab1.php HTTP/1.1" 200 126 "-" "Mozilla/5.0 (Linux; Android 10; K) AppleWebKit/537.36 (KHTML, like Gecko) Chrome/139.0.0.0 Mobile Safari/537.36"
23.82.96.181 - - [29/Apr/2026:15:03:22 +0200] "GET /d6c00bda6a5049.php HTTP/1.1" 200 38569 "-" "Mozilla/5.0 (Windows NT 10.0; Win64; x64) AppleWebKit/537.36 (KHTML, like Gecko) Chrome/145.0.0.0 Safari/537.36 Edg/145.0.0.0"
57.131.13.108 - - [29/Apr/2026:15:03:37 +0200] "GET /Mailer_d03ff56cd9fc33.php HTTP/1.1" 200 126 "-" "Mozilla/5.0 (Windows NT 10.0; Win64; x64) AppleWebKit/537.36 (KHTML, like Gecko) Chrome/145.0.0.0 Safari/537.36 Edg/145.0.0.0"
13.38.44.207 - - [29/Apr/2026:15:03:38 +0200] "GET /Mailer_d03ff56cd9fc33.php HTTP/1.1" 200 126 "-" "Mozilla/5.0 (Windows NT 10.0; Win64; x64) AppleWebKit/537.36 (KHTML, like Gecko) Chrome/145.0.0.0 Safari/537.36 Edg/145.0.0.0"
23.80.89.38 - - [29/Apr/2026:15:03:21 +0200] "GET /d6c00bda6a5049.php HTTP/1.1" 200 38568 "-" "Mozilla/5.0 (Windows NT 10.0; Win64; x64) AppleWebKit/537.36 (KHTML, like Gecko) Chrome/145.0.0.0 Safari/537.36 Edg/145.0.0.0"
51.91.156.252 - - [29/Apr/2026:15:03:23 +0200] "GET /d6c00bda6a5049.php HTTP/1.1" 200 38570 "-" "Mozilla/5.0 (Windows NT 10.0; Win64; x64) AppleWebKit/537.36 (KHTML, like Gecko) Chrome/145.0.0.0 Safari/537.36 Edg/145.0.0.0"
159.89.216.7 - - [29/Apr/2026:15:03:39 +0200] "GET /Mailer_d03ff56cd9fc33.php HTTP/1.1" 200 126 "-" "Mozilla/5.0 (Windows NT 10.0; Win64; x64) AppleWebKit/537.36 (KHTML, like Gecko) Chrome/145.0.0.0 Safari/537.36 Edg/145.0.0.0"
86.16.74.122 - - [29/Apr/2026:15:03:42 +0200] "GET /Mailer_737b88c3ad9b21.php HTTP/1.1" 200 126 "-" "Mozilla/5.0 (Linux; Android 10; K) AppleWebKit/537.36 (KHTML, like Gecko) Chrome/146.0.0.0 Mobile Safari/537.36"
46.62.234.38 - - [29/Apr/2026:15:03:43 +0200] "GET /Mailer_737b88c3ad9b21.php HTTP/1.1" 200 126 "-" "Mozilla/5.0 (Linux; Android 10; K) AppleWebKit/537.36 (KHTML, like Gecko) Chrome/146.0.0.0 Mobile Safari/537.36"
91.134.43.152 - - [29/Apr/2026:15:03:45 +0200] "GET /Mailer_737b88c3ad9b21.php HTTP/1.1" 200 126 "-" "Mozilla/5.0 (Linux; Android 10; K) AppleWebKit/537.36 (KHTML, like Gecko) Chrome/146.0.0.0 Mobile Safari/537.36"
86.16.74.122 - - [29/Apr/2026:15:04:08 +0200] "GET /Mailer_c2b653fd11c458.php HTTP/1.1" 200 126 "-" "Mozilla/5.0 (Linux; Android 10; K) AppleWebKit/537.36 (KHTML, like Gecko) Chrome/145.0.0.0 Mobile Safari/537.36"
157.230.195.44 - - [29/Apr/2026:15:04:09 +0200] "GET /Mailer_c2b653fd11c458.php HTTP/1.1" 200 126 "-" "Mozilla/5.0 (Linux; Android 10; K) AppleWebKit/537.36 (KHTML, like Gecko) Chrome/145.0.0.0 Mobile Safari/537.36"
86.16.74.122 - - [29/Apr/2026:15:04:17 +0200] "GET /fac0bfb17cb424.php HTTP/1.1" 200 38573 "-" "Mozilla/5.0 (Windows NT 10.0; Win64; x64) AppleWebKit/537.36 (KHTML, like Gecko) Chrome/147.0.0.0 Safari/537.36 Edg/147.0.0.0"
23.82.96.181 - - [29/Apr/2026:15:04:19 +0200] "GET /Mailer_c17d291cfd5338.php HTTP/1.1" 200 126 "-" "Mozilla/5.0 (Linux; Android 10; K) AppleWebKit/537.36 (KHTML, like Gecko) Chrome/145.0.0.0 Mobile Safari/537.36"
23.82.96.180 - - [29/Apr/2026:15:05:24 +0200] "GET /Mailer_3bc323aca11a35.php HTTP/1.1" 200 126 "-" "Mozilla/5.0 (Macintosh; Intel Mac OS X 10_16_0) AppleWebKit/537.36 (KHTML, like Gecko) Chrome/69.0.3497.81 Safari/537.36"
138.197.232.85 - - [29/Apr/2026:15:05:25 +0200] "GET /Mailer_3bc323aca11a35.php HTTP/1.1" 200 126 "-" "Mozilla/5.0 (Macintosh; Intel Mac OS X 10_16_0) AppleWebKit/537.36 (KHTML, like Gecko) Chrome/69.0.3497.81 Safari/537.36"
86.16.74.122 - - [29/Apr/2026:15:13:09 +0200] "GET /3bc323aca11a35.php HTTP/1.1" 200 38569 "-" "Mozilla/5.0 (Linux; Android 10; K) AppleWebKit/537.36 (KHTML, like Gecko) Chrome/146.0.0.0 Mobile Safari/537.36"
86.16.74.122 - - [29/Apr/2026:15:14:12 +0200] "GET /Mailer_5c2c99561f3b74.php HTTP/1.1" 200 126 "-" "Mozilla/5.0 (Macintosh; Intel Mac OS X 10_15_7) AppleWebKit/605.1.15 (KHTML, like Gecko) Version/26.4 Safari/605.1.15"
91.134.142.208 - - [29/Apr/2026:15:14:13 +0200] "GET /c17d291cfd5338.php HTTP/1.1" 200 38571 "-" "Mozilla/5.0 (Windows NT 10.0; Win64; x64) AppleWebKit/537.36 (KHTML, like Gecko) Chrome/145.0.0.0 Safari/537.36"
86.16.74.122 - - [29/Apr/2026:15:14:13 +0200] "GET /c17d291cfd5338.php HTTP/1.1" 200 38569 "-" "Mozilla/5.0 (Windows NT 10.0; Win64; x64) AppleWebKit/537.36 (KHTML, like Gecko) Chrome/145.0.0.0 Safari/537.36"
86.16.74.122 - - [29/Apr/2026:15:14:32 +0200] "GET /c2b653fd11c458.php HTTP/1.1" 200 38573 "-" "Mozilla/5.0 (Linux; arm_64; Android 15; 23053RN02Y) AppleWebKit/537.36 (KHTML, like Gecko) Chrome/144.0.7559.732 YaSearchBrowser/26.35.1 BroPP/1.0 YaSearchApp/26.35.1 webOmni Mobile Safari/537.36"
86.16.74.122 - - [29/Apr/2026:15:14:33 +0200] "GET /c2b653fd11c458.php HTTP/1.1" 200 38569 "-" "Mozilla/5.0 (iPhone; CPU iPhone OS 15_0 like Mac OS X) AppleWebKit/605.1.15 (KHTML, like Gecko) Version/15.0 Mobile/15E148 Safari/604.1"
157.230.195.44 - - [29/Apr/2026:15:03:43 +0200] "GET /Mailer_737b88c3ad9b21.php HTTP/1.1" 200 126 "-" "Mozilla/5.0 (Linux; Android 10; K) AppleWebKit/537.36 (KHTML, like Gecko) Chrome/146.0.0.0 Mobile Safari/537.36"
45.157.112.204 - - [29/Apr/2026:15:04:08 +0200] "GET /Mailer_c2b653fd11c458.php HTTP/1.1" 200 126 "-" "Mozilla/5.0 (Linux; Android 10; K) AppleWebKit/537.36 (KHTML, like Gecko) Chrome/145.0.0.0 Mobile Safari/537.36"
157.230.71.9 - - [29/Apr/2026:15:04:09 +0200] "GET /Mailer_c2b653fd11c458.php HTTP/1.1" 200 126 "-" "Mozilla/5.0 (Linux; Android 10; K) AppleWebKit/537.36 (KHTML, like Gecko) Chrome/145.0.0.0 Mobile Safari/537.36"
195.132.35.238 - - [29/Apr/2026:15:04:17 +0200] "GET /Mailer_c17d291cfd5338.php HTTP/1.1" 200 126 "-" "Mozilla/5.0 (Linux; Android 10; K) AppleWebKit/537.36 (KHTML, like Gecko) Chrome/145.0.0.0 Mobile Safari/537.36"
13.38.44.207 - - [29/Apr/2026:15:04:18 +0200] "GET /fac0bfb17cb424.php HTTP/1.1" 200 38573 "-" "Mozilla/5.0 (Windows NT 10.0; Win64; x64) AppleWebKit/537.36 (KHTML, like Gecko) Chrome/147.0.0.0 Safari/537.36 Edg/147.0.0.0"
86.16.74.122 - - [29/Apr/2026:15:04:20 +0200] "GET /Mailer_c17d291cfd5338.php HTTP/1.1" 200 126 "-" "Mozilla/5.0 (Linux; Android 10; K) AppleWebKit/537.36 (KHTML, like Gecko) Chrome/145.0.0.0 Mobile Safari/537.36"
86.16.74.122 - - [29/Apr/2026:15:05:19 +0200] "GET /c6c6c941f9dab1.php HTTP/1.1" 200 38573 "-" "Mozilla/5.0 (Macintosh; Intel Mac OS X 10_15_7) AppleWebKit/537.36 (KHTML, like Gecko) Chrome/145.0.0.0 Safari/537.36"
51.91.159.157 - - [29/Apr/2026:15:05:23 +0200] "GET /Mailer_3bc323aca11a35.php HTTP/1.1" 200 126 "-" "Mozilla/5.0 (Macintosh; Intel Mac OS X 10_16_0) AppleWebKit/537.36 (KHTML, like Gecko) Chrome/69.0.3497.81 Safari/537.36"
170.64.241.20 - - [29/Apr/2026:15:11:55 +0200] "GET /06bdc12ede3ae0.php HTTP/1.1" 200 38574 "-" "Mozilla/5.0 (iPhone; CPU iPhone OS 16_0 like Mac OS X) AppleWebKit/605.1.15 (KHTML, like Gecko) Version/16.0 Mobile/15E148 Safari/604.1"
13.38.44.207 - - [29/Apr/2026:15:11:56 +0200] "GET /06bdc12ede3ae0.php HTTP/1.1" 200 38573 "-" "Mozilla/5.0 (iPhone; CPU iPhone OS 16_0 like Mac OS X) AppleWebKit/605.1.15 (KHTML, like Gecko) Version/16.0 Mobile/15E148 Safari/604.1"
209.50.227.112 - - [29/Apr/2026:15:14:15 +0200] "GET /c17d291cfd5338.php HTTP/1.1" 200 38571 "-" "Mozilla/5.0 (Windows NT 10.0; Win64; x64) AppleWebKit/537.36 (KHTML, like Gecko) Chrome/145.0.0.0 Safari/537.36"
77.42.67.200 - - [29/Apr/2026:15:14:17 +0200] "GET /c17d291cfd5338.php HTTP/1.1" 200 38569 "-" "Mozilla/5.0 (Windows NT 10.0; Win64; x64) AppleWebKit/537.36 (KHTML, like Gecko) Chrome/145.0.0.0 Safari/537.36"
195.132.35.238 - - [29/Apr/2026:15:14:47 +0200] "GET /8a70b4bc6b5038.php HTTP/1.1" 200 38571 "-" "Mozilla/5.0 (Macintosh; Intel Mac OS X 10_15_7) AppleWebKit/537.36 (KHTML, like Gecko) Chrome/145.0.0.0 Safari/537.36"
86.16.74.122 - - [29/Apr/2026:15:14:55 +0200] "GET /Mailer_0a3170fad6056c.php HTTP/1.1" 200 126 "-" "Mozilla/5.0 (Windows NT 10.0; Win64; x64; rv:149.0) Gecko/20100101 Firefox/149.0"
86.16.74.122 - - [29/Apr/2026:15:15:02 +0200] "GET /8a70b4bc6b5038.php HTTP/1.1" 200 38573 "-" "Mozilla/5.0 (Macintosh; Intel Mac OS X 10_15_7) AppleWebKit/537.36 (KHTML, like Gecko) Chrome/146.0.0.0 Safari/537.36"
170.64.241.20 - - [29/Apr/2026:15:15:15 +0200] "GET /0a3170fad6056c.php HTTP/1.1" 200 38574 "-" "Mozilla/5.0 (Linux; Android 10; K) AppleWebKit/537.36 (KHTML, like Gecko) Chrome/138.0.0.0 Mobile Safari/537.36"
86.16.74.122 - - [29/Apr/2026:15:15:49 +0200] "GET /5c2c99561f3b74.php HTTP/1.1" 200 38573 "-" "Mozilla/5.0 (iPhone; CPU iPhone OS 17_0_1 like Mac OS X) AppleWebKit/605.1.15 (KHTML, like Gecko) Version/17.0 Mobile/15E148 Safari/604.1"
86.16.74.122 - - [29/Apr/2026:15:16:00 +0200] "GET /737b88c3ad9b21.php HTTP/1.1" 200 38569 "-" "Mozilla/5.0 (Macintosh; Intel Mac OS X 10_15_7) AppleWebKit/605.1.15 (KHTML, like Gecko) Version/26.4 Safari/605.1.15"
145.239.90.82 - - [29/Apr/2026:15:02:26 +0200] "GET /862a9c587b7396.php HTTP/1.1" 200 38570 "-" "Mozilla/5.0 (Linux; Android 10; K) AppleWebKit/537.36 (KHTML, like Gecko) Chrome/146.0.0.0 Mobile Safari/537.36"
138.68.120.52 - - [29/Apr/2026:15:02:32 +0200] "GET /Mailer_c6c6c941f9dab1.php HTTP/1.1" 200 126 "-" "Mozilla/5.0 (Linux; Android 10; K) AppleWebKit/537.36 (KHTML, like Gecko) Chrome/139.0.0.0 Mobile Safari/537.36"
91.134.43.152 - - [29/Apr/2026:15:02:38 +0200] "GET /Mailer_c6c6c941f9dab1.php HTTP/1.1" 200 126 "-" "Mozilla/5.0 (Linux; Android 10; K) AppleWebKit/537.36 (KHTML, like Gecko) Chrome/139.0.0.0 Mobile Safari/537.36"
86.16.74.122 - - [29/Apr/2026:15:03:22 +0200] "GET /d6c00bda6a5049.php HTTP/1.1" 200 38569 "-" "Mozilla/5.0 (Windows NT 10.0; Win64; x64) AppleWebKit/537.36 (KHTML, like Gecko) Chrome/145.0.0.0 Safari/537.36 Edg/145.0.0.0"
86.16.74.122 - - [29/Apr/2026:15:03:39 +0200] "GET /Mailer_d03ff56cd9fc33.php HTTP/1.1" 200 126 "-" "Mozilla/5.0 (Windows NT 10.0; Win64; x64) AppleWebKit/537.36 (KHTML, like Gecko) Chrome/145.0.0.0 Safari/537.36 Edg/145.0.0.0"
57.131.13.95 - - [29/Apr/2026:15:04:17 +0200] "GET /fac0bfb17cb424.php HTTP/1.1" 200 38573 "-" "Mozilla/5.0 (Windows NT 10.0; Win64; x64) AppleWebKit/537.36 (KHTML, like Gecko) Chrome/147.0.0.0 Safari/537.36 Edg/147.0.0.0"
49.13.211.144 - - [29/Apr/2026:15:04:17 +0200] "GET /Mailer_c17d291cfd5338.php HTTP/1.1" 200 126 "-" "Mozilla/5.0 (Linux; Android 10; K) AppleWebKit/537.36 (KHTML, like Gecko) Chrome/145.0.0.0 Mobile Safari/537.36"
23.19.230.168 - - [29/Apr/2026:15:04:19 +0200] "GET /fac0bfb17cb424.php HTTP/1.1" 200 38574 "-" "Mozilla/5.0 (Windows NT 10.0; Win64; x64) AppleWebKit/537.36 (KHTML, like Gecko) Chrome/147.0.0.0 Safari/537.36 Edg/147.0.0.0"
95.217.190.234 - - [29/Apr/2026:15:05:18 +0200] "GET /c6c6c941f9dab1.php HTTP/1.1" 200 38575 "-" "Mozilla/5.0 (Macintosh; Intel Mac OS X 10_15_7) AppleWebKit/537.36 (KHTML, like Gecko) Chrome/145.0.0.0 Safari/537.36"
23.80.89.37 - - [29/Apr/2026:15:05:19 +0200] "GET /c6c6c941f9dab1.php HTTP/1.1" 200 38572 "-" "Mozilla/5.0 (Macintosh; Intel Mac OS X 10_15_7) AppleWebKit/537.36 (KHTML, like Gecko) Chrome/145.0.0.0 Safari/537.36"
213.139.9.170 - - [29/Apr/2026:15:05:19 +0200] "GET /c6c6c941f9dab1.php HTTP/1.1" 200 38574 "-" "Mozilla/5.0 (Macintosh; Intel Mac OS X 10_15_7) AppleWebKit/537.36 (KHTML, like Gecko) Chrome/145.0.0.0 Safari/537.36"
86.16.74.122 - - [29/Apr/2026:15:05:25 +0200] "GET /Mailer_3bc323aca11a35.php HTTP/1.1" 200 126 "-" "Mozilla/5.0 (Macintosh; Intel Mac OS X 10_16_0) AppleWebKit/537.36 (KHTML, like Gecko) Chrome/69.0.3497.81 Safari/537.36"
57.131.13.101 - - [29/Apr/2026:15:11:52 +0200] "GET /06bdc12ede3ae0.php HTTP/1.1" 200 38574 "-" "Mozilla/5.0 (iPhone; CPU iPhone OS 16_0 like Mac OS X) AppleWebKit/605.1.15 (KHTML, like Gecko) Version/16.0 Mobile/15E148 Safari/604.1"
86.16.74.122 - - [29/Apr/2026:15:11:52 +0200] "GET /06bdc12ede3ae0.php HTTP/1.1" 200 38573 "-" "Mozilla/5.0 (iPhone; CPU iPhone OS 16_0 like Mac OS X) AppleWebKit/605.1.15 (KHTML, like Gecko) Version/16.0 Mobile/15E148 Safari/604.1"
23.80.89.37 - - [29/Apr/2026:15:13:11 +0200] "GET /3bc323aca11a35.php HTTP/1.1" 200 38568 "-" "Mozilla/5.0 (Linux; Android 10; K) AppleWebKit/537.36 (KHTML, like Gecko) Chrome/146.0.0.0 Mobile Safari/537.36"
146.190.203.144 - - [29/Apr/2026:15:13:12 +0200] "GET /3bc323aca11a35.php HTTP/1.1" 200 38572 "-" "Mozilla/5.0 (Linux; Android 10; K) AppleWebKit/537.36 (KHTML, like Gecko) Chrome/146.0.0.0 Mobile Safari/537.36"
86.16.74.122 - - [29/Apr/2026:15:14:12 +0200] "GET /Mailer_862a9c587b7396.php HTTP/1.1" 200 126 "-" "Mozilla/5.0 (Linux; Android 10; K) AppleWebKit/537.36 (KHTML, like Gecko) Chrome/144.0.0.0 Mobile Safari/537.36"
51.75.141.254 - - [29/Apr/2026:15:16:00 +0200] "GET /737b88c3ad9b21.php HTTP/1.1" 200 38570 "-" "Mozilla/5.0 (Macintosh; Intel Mac OS X 10_15_7) AppleWebKit/605.1.15 (KHTML, like Gecko) Version/26.4 Safari/605.1.15"
65.109.14.150 - - [29/Apr/2026:15:16:01 +0200] "GET /737b88c3ad9b21.php HTTP/1.1" 200 38570 "-" "Mozilla/5.0 (Macintosh; Intel Mac OS X 10_15_7) AppleWebKit/605.1.15 (KHTML, like Gecko) Version/26.4 Safari/605.1.15"
37.27.253.44 - - [29/Apr/2026:15:17:19 +0200] "GET /5c2c99561f3b74.php HTTP/1.1" 200 38569 "-" "Mozilla/5.0 (Linux; Android 10; K) AppleWebKit/537.36 (KHTML, like Gecko) Chrome/147.0.0.0 Mobile Safari/537.36"
81.53.36.105 - - [29/Apr/2026:15:17:22 +0200] "GET /Mailer_fac0bfb17cb424.php HTTP/1.1" 200 126 "-" "Mozilla/5.0 (Linux; Android 10; K) AppleWebKit/537.36 (KHTML, like Gecko) Chrome/145.0.0.0 Mobile Safari/537.36"
86.16.74.122 - - [29/Apr/2026:15:17:35 +0200] "GET /Mailer_8a70b4bc6b5038.php HTTP/1.1" 200 126 "-" "Mozilla/5.0 (Windows NT 10.0; Win64; x64) AppleWebKit/537.36 (KHTML, like Gecko) Chrome/147.0.0.0 Safari/537.36 Edg/147.0.0.0"
86.16.74.122 - - [29/Apr/2026:15:17:41 +0200] "GET /Mailer_c2b653fd11c458.php HTTP/1.1" 200 126 "-" "Mozilla/5.0 (Linux; Android 10; K) AppleWebKit/537.36 (KHTML, like Gecko) Chrome/145.0.0.0 Mobile Safari/537.36"
86.16.74.122 - - [29/Apr/2026:15:17:41 +0200] "GET /Mailer_d6c00bda6a5049.php HTTP/1.1" 200 126 "-" "Mozilla/5.0 (Windows NT 10.0; Win64; x64) AppleWebKit/537.36 (KHTML, like Gecko) Chrome/145.0.0.0 Safari/537.36"
159.89.216.7 - - [29/Apr/2026:15:17:51 +0200] "GET /Mailer_d03ff56cd9fc33.php HTTP/1.1" 200 126 "-" "Mozilla/5.0 (Windows NT 10.0; Win64; x64) AppleWebKit/537.36 (KHTML, like Gecko) Chrome/145.0.0.0 Safari/537.36 Edg/145.0.0.0"
86.16.74.122 - - [29/Apr/2026:15:18:39 +0200] "GET /862a9c587b7396.php HTTP/1.1" 200 38569 "-" "Mozilla/5.0 (Linux; Android 10; K) AppleWebKit/537.36 (KHTML, like Gecko) Chrome/146.0.0.0 Mobile Safari/537.36"
51.91.156.252 - - [29/Apr/2026:15:19:22 +0200] "GET /d6c00bda6a5049.php HTTP/1.1" 200 38570 "-" "Mozilla/5.0 (Windows NT 10.0; Win64; x64) AppleWebKit/537.36 (KHTML, like Gecko) Chrome/145.0.0.0 Safari/537.36 Edg/145.0.0.0"
23.82.96.181 - - [29/Apr/2026:15:19:24 +0200] "GET /d6c00bda6a5049.php HTTP/1.1" 200 38569 "-" "Mozilla/5.0 (Windows NT 10.0; Win64; x64) AppleWebKit/537.36 (KHTML, like Gecko) Chrome/145.0.0.0 Safari/537.36 Edg/145.0.0.0"
86.16.74.122 - - [29/Apr/2026:15:19:29 +0200] "GET /fac0bfb17cb424.php HTTP/1.1" 200 38573 "-" "Mozilla/5.0 (Windows NT 10.0; Win64; x64) AppleWebKit/537.36 (KHTML, like Gecko) Chrome/147.0.0.0 Safari/537.36 Edg/147.0.0.0"
86.16.74.122 - - [29/Apr/2026:15:20:05 +0200] "GET /Mailer_c17d291cfd5338.php HTTP/1.1" 200 126 "-" "Mozilla/5.0 (Linux; Android 10; K) AppleWebKit/537.36 (KHTML, like Gecko) Chrome/145.0.0.0 Mobile Safari/537.36"
195.132.35.238 - - [29/Apr/2026:15:20:05 +0200] "GET /Mailer_c17d291cfd5338.php HTTP/1.1" 200 126 "-" "Mozilla/5.0 (Linux; Android 10; K) AppleWebKit/537.36 (KHTML, like Gecko) Chrome/145.0.0.0 Mobile Safari/537.36"
41.248.229.245 - - [29/Apr/2026:15:20:31 +0200] "GET /1.php HTTP/1.1" 404 1251 "-" "Mozlila/5.0 (Linux; Android 7.0; SM-G892A Bulid/NRD90M; wv) AppleWebKit/537.36 (KHTML, like Gecko) Version/4.0 Chrome/60.0.3112.107 Moblie Safari/537.36"
41.248.229.245 - - [29/Apr/2026:15:20:33 +0200] "GET /ws.php HTTP/1.1" 404 1251 "-" "Mozlila/5.0 (Linux; Android 7.0; SM-G892A Bulid/NRD90M; wv) AppleWebKit/537.36 (KHTML, like Gecko) Version/4.0 Chrome/60.0.3112.107 Moblie Safari/537.36"
41.248.229.245 - - [29/Apr/2026:15:20:56 +0200] "GET /hehehehe.php HTTP/1.1" 404 1251 "-" "Mozlila/5.0 (Linux; Android 7.0; SM-G892A Bulid/NRD90M; wv) AppleWebKit/537.36 (KHTML, like Gecko) Version/4.0 Chrome/60.0.3112.107 Moblie Safari/537.36"
41.248.229.245 - - [29/Apr/2026:15:20:59 +0200] "GET /simple.php HTTP/1.1" 404 1251 "-" "Mozlila/5.0 (Linux; Android 7.0; SM-G892A Bulid/NRD90M; wv) AppleWebKit/537.36 (KHTML, like Gecko) Version/4.0 Chrome/60.0.3112.107 Moblie Safari/537.36"
41.248.229.245 - - [29/Apr/2026:15:21:22 +0200] "GET /.well-known/acme-challenge/about.php HTTP/1.1" 404 1251 "-" "Mozlila/5.0 (Linux; Android 7.0; SM-G892A Bulid/NRD90M; wv) AppleWebKit/537.36 (KHTML, like Gecko) Version/4.0 Chrome/60.0.3112.107 Moblie Safari/537.36"
77.42.67.200 - - [29/Apr/2026:15:14:38 +0200] "GET /c2b653fd11c458.php HTTP/1.1" 200 38569 "-" "Mozilla/5.0 (iPhone; CPU iPhone OS 15_0 like Mac OS X) AppleWebKit/605.1.15 (KHTML, like Gecko) Version/15.0 Mobile/15E148 Safari/604.1"
86.16.74.122 - - [29/Apr/2026:15:14:47 +0200] "GET /8a70b4bc6b5038.php HTTP/1.1" 200 38569 "-" "Mozilla/5.0 (Macintosh; Intel Mac OS X 10_15_7) AppleWebKit/537.36 (KHTML, like Gecko) Chrome/145.0.0.0 Safari/537.36"
86.16.74.122 - - [29/Apr/2026:15:15:13 +0200] "GET /0a3170fad6056c.php HTTP/1.1" 200 38573 "-" "Mozilla/5.0 (Linux; Android 10; K) AppleWebKit/537.36 (KHTML, like Gecko) Chrome/138.0.0.0 Mobile Safari/537.36"
145.239.90.82 - - [29/Apr/2026:15:17:20 +0200] "GET /5c2c99561f3b74.php HTTP/1.1" 200 38570 "-" "Mozilla/5.0 (Linux; Android 10; K) AppleWebKit/537.36 (KHTML, like Gecko) Chrome/147.0.0.0 Mobile Safari/537.36"
195.132.35.238 - - [29/Apr/2026:15:17:36 +0200] "GET /Mailer_8a70b4bc6b5038.php HTTP/1.1" 200 126 "-" "Mozilla/5.0 (Windows NT 10.0; Win64; x64) AppleWebKit/537.36 (KHTML, like Gecko) Chrome/147.0.0.0 Safari/537.36 Edg/147.0.0.0"
146.190.190.67 - - [29/Apr/2026:15:18:17 +0200] "GET /Mailer_06bdc12ede3ae0.php HTTP/1.1" 200 126 "-" "Mozilla/5.0 (Macintosh; Intel Mac OS X 10_15_7) AppleWebKit/605.1.15 (KHTML, like Gecko) Version/26.4 Safari/605.1.15"
51.91.156.252 - - [29/Apr/2026:15:18:38 +0200] "GET /862a9c587b7396.php HTTP/1.1" 200 38570 "-" "Mozilla/5.0 (Linux; Android 10; K) AppleWebKit/537.36 (KHTML, like Gecko) Chrome/146.0.0.0 Mobile Safari/537.36"
23.80.89.38 - - [29/Apr/2026:15:18:40 +0200] "GET /862a9c587b7396.php HTTP/1.1" 200 38568 "-" "Mozilla/5.0 (Linux; Android 10; K) AppleWebKit/537.36 (KHTML, like Gecko) Chrome/146.0.0.0 Mobile Safari/537.36"
86.16.74.122 - - [29/Apr/2026:15:18:55 +0200] "GET /Mailer_737b88c3ad9b21.php HTTP/1.1" 200 126 "-" "Mozilla/5.0 (Linux; Android 10; K) AppleWebKit/537.36 (KHTML, like Gecko) Chrome/146.0.0.0 Mobile Safari/537.36"
23.80.89.38 - - [29/Apr/2026:15:19:22 +0200] "GET /d6c00bda6a5049.php HTTP/1.1" 200 38568 "-" "Mozilla/5.0 (Windows NT 10.0; Win64; x64) AppleWebKit/537.36 (KHTML, like Gecko) Chrome/145.0.0.0 Safari/537.36 Edg/145.0.0.0"
13.38.44.207 - - [29/Apr/2026:15:19:32 +0200] "GET /fac0bfb17cb424.php HTTP/1.1" 200 38573 "-" "Mozilla/5.0 (Windows NT 10.0; Win64; x64) AppleWebKit/537.36 (KHTML, like Gecko) Chrome/147.0.0.0 Safari/537.36 Edg/147.0.0.0"
41.248.229.245 - - [29/Apr/2026:15:20:27 +0200] "GET /asd.php HTTP/1.1" 404 1251 "-" "Mozlila/5.0 (Linux; Android 7.0; SM-G892A Bulid/NRD90M; wv) AppleWebKit/537.36 (KHTML, like Gecko) Version/4.0 Chrome/60.0.3112.107 Moblie Safari/537.36"
41.248.229.245 - - [29/Apr/2026:15:20:48 +0200] "GET /wp-includes/images/wp-login.php HTTP/1.1" 404 1251 "-" "Mozlila/5.0 (Linux; Android 7.0; SM-G892A Bulid/NRD90M; wv) AppleWebKit/537.36 (KHTML, like Gecko) Version/4.0 Chrome/60.0.3112.107 Moblie Safari/537.36"
41.248.229.245 - - [29/Apr/2026:15:20:55 +0200] "GET /login.php HTTP/1.1" 404 1251 "-" "Mozlila/5.0 (Linux; Android 7.0; SM-G892A Bulid/NRD90M; wv) AppleWebKit/537.36 (KHTML, like Gecko) Version/4.0 Chrome/60.0.3112.107 Moblie Safari/537.36"
138.197.232.85 - - [29/Apr/2026:15:21:04 +0200] "GET /Mailer_3bc323aca11a35.php HTTP/1.1" 200 126 "-" "Mozilla/5.0 (Macintosh; Intel Mac OS X 10_16_0) AppleWebKit/537.36 (KHTML, like Gecko) Chrome/69.0.3497.81 Safari/537.36"
213.139.9.170 - - [29/Apr/2026:15:21:12 +0200] "GET /c6c6c941f9dab1.php HTTP/1.1" 200 38574 "-" "Mozilla/5.0 (Macintosh; Intel Mac OS X 10_15_7) AppleWebKit/537.36 (KHTML, like Gecko) Chrome/145.0.0.0 Safari/537.36"
41.248.229.245 - - [29/Apr/2026:15:21:14 +0200] "GET /lv.php HTTP/1.1" 404 1251 "-" "Mozlila/5.0 (Linux; Android 7.0; SM-G892A Bulid/NRD90M; wv) AppleWebKit/537.36 (KHTML, like Gecko) Version/4.0 Chrome/60.0.3112.107 Moblie Safari/537.36"
41.248.229.245 - - [29/Apr/2026:15:21:20 +0200] "GET /content.php HTTP/1.1" 404 1251 "-" "Mozlila/5.0 (Linux; Android 7.0; SM-G892A Bulid/NRD90M; wv) AppleWebKit/537.36 (KHTML, like Gecko) Version/4.0 Chrome/60.0.3112.107 Moblie Safari/537.36"
86.16.74.122 - - [29/Apr/2026:15:16:13 +0200] "GET /d03ff56cd9fc33.php HTTP/1.1" 200 38569 "-" "Mozilla/5.0 (Linux; Android 10; K) AppleWebKit/537.36 (KHTML, like Gecko) Chrome/131.0.0.0 Mobile Safari/537.36"
86.16.74.122 - - [29/Apr/2026:15:16:50 +0200] "GET /Mailer_c6c6c941f9dab1.php HTTP/1.1" 200 126 "-" "Mozilla/5.0 (Linux; Android 10; K) AppleWebKit/537.36 (KHTML, like Gecko) Chrome/139.0.0.0 Mobile Safari/537.36"
86.16.74.122 - - [29/Apr/2026:15:17:00 +0200] "GET /862a9c587b7396.php HTTP/1.1" 200 38573 "-" "Mozilla/5.0 (Linux; Android 10; K) AppleWebKit/537.36 (KHTML, like Gecko) Chrome/143.0.0.0 Mobile Safari/537.36"
86.16.74.122 - - [29/Apr/2026:15:17:18 +0200] "GET /Mailer_fac0bfb17cb424.php HTTP/1.1" 200 126 "-" "Mozilla/5.0 (Linux; Android 10; K) AppleWebKit/537.36 (KHTML, like Gecko) Chrome/145.0.0.0 Mobile Safari/537.36"
91.134.142.216 - - [29/Apr/2026:15:17:19 +0200] "GET /5c2c99561f3b74.php HTTP/1.1" 200 38571 "-" "Mozilla/5.0 (Linux; Android 10; K) AppleWebKit/537.36 (KHTML, like Gecko) Chrome/147.0.0.0 Mobile Safari/537.36"
86.16.74.122 - - [29/Apr/2026:15:17:25 +0200] "GET /5c2c99561f3b74.php HTTP/1.1" 200 38569 "-" "Mozilla/5.0 (Linux; Android 10; K) AppleWebKit/537.36 (KHTML, like Gecko) Chrome/147.0.0.0 Mobile Safari/537.36"
170.64.241.20 - - [29/Apr/2026:15:17:35 +0200] "GET /Mailer_8a70b4bc6b5038.php HTTP/1.1" 200 126 "-" "Mozilla/5.0 (Windows NT 10.0; Win64; x64) AppleWebKit/537.36 (KHTML, like Gecko) Chrome/147.0.0.0 Safari/537.36 Edg/147.0.0.0"
157.230.71.9 - - [29/Apr/2026:15:17:39 +0200] "GET /Mailer_c2b653fd11c458.php HTTP/1.1" 200 126 "-" "Mozilla/5.0 (Linux; Android 10; K) AppleWebKit/537.36 (KHTML, like Gecko) Chrome/145.0.0.0 Mobile Safari/537.36"
86.16.74.122 - - [29/Apr/2026:15:17:48 +0200] "GET /Mailer_d03ff56cd9fc33.php HTTP/1.1" 200 126 "-" "Mozilla/5.0 (Windows NT 10.0; Win64; x64) AppleWebKit/537.36 (KHTML, like Gecko) Chrome/145.0.0.0 Safari/537.36 Edg/145.0.0.0"
86.16.74.122 - - [29/Apr/2026:15:18:16 +0200] "GET /Mailer_06bdc12ede3ae0.php HTTP/1.1" 200 126 "-" "Mozilla/5.0 (Macintosh; Intel Mac OS X 10_15_7) AppleWebKit/605.1.15 (KHTML, like Gecko) Version/26.4 Safari/605.1.15"
213.139.9.170 - - [29/Apr/2026:15:18:17 +0200] "GET /Mailer_06bdc12ede3ae0.php HTTP/1.1" 200 126 "-" "Mozilla/5.0 (Macintosh; Intel Mac OS X 10_15_7) AppleWebKit/605.1.15 (KHTML, like Gecko) Version/26.4 Safari/605.1.15"
145.239.90.82 - - [29/Apr/2026:15:18:38 +0200] "GET /862a9c587b7396.php HTTP/1.1" 200 38570 "-" "Mozilla/5.0 (Linux; Android 10; K) AppleWebKit/537.36 (KHTML, like Gecko) Chrome/146.0.0.0 Mobile Safari/537.36"
86.16.74.122 - - [29/Apr/2026:15:19:22 +0200] "GET /d6c00bda6a5049.php HTTP/1.1" 200 38569 "-" "Mozilla/5.0 (Windows NT 10.0; Win64; x64) AppleWebKit/537.36 (KHTML, like Gecko) Chrome/145.0.0.0 Safari/537.36 Edg/145.0.0.0"
41.248.229.245 - - [29/Apr/2026:15:20:18 +0200] "GET /wp-content/banners/about.php HTTP/1.1" 404 1251 "-" "Mozlila/5.0 (Linux; Android 7.0; SM-G892A Bulid/NRD90M; wv) AppleWebKit/537.36 (KHTML, like Gecko) Version/4.0 Chrome/60.0.3112.107 Moblie Safari/537.36"
41.248.229.245 - - [29/Apr/2026:15:20:40 +0200] "GET /cgi-bin/wp-login.php HTTP/1.1" 404 1251 "-" "Mozlila/5.0 (Linux; Android 7.0; SM-G892A Bulid/NRD90M; wv) AppleWebKit/537.36 (KHTML, like Gecko) Version/4.0 Chrome/60.0.3112.107 Moblie Safari/537.36"
86.16.74.122 - - [29/Apr/2026:15:21:04 +0200] "GET /Mailer_3bc323aca11a35.php HTTP/1.1" 200 126 "-" "Mozilla/5.0 (Macintosh; Intel Mac OS X 10_16_0) AppleWebKit/537.36 (KHTML, like Gecko) Chrome/69.0.3497.81 Safari/537.36"
86.16.74.122 - - [29/Apr/2026:15:21:12 +0200] "GET /c6c6c941f9dab1.php HTTP/1.1" 200 38573 "-" "Mozilla/5.0 (Macintosh; Intel Mac OS X 10_15_7) AppleWebKit/537.36 (KHTML, like Gecko) Chrome/145.0.0.0 Safari/537.36"
41.248.229.245 - - [29/Apr/2026:15:21:36 +0200] "GET /radio.php HTTP/1.1" 404 1251 "-" "Mozlila/5.0 (Linux; Android 7.0; SM-G892A Bulid/NRD90M; wv) AppleWebKit/537.36 (KHTML, like Gecko) Version/4.0 Chrome/60.0.3112.107 Moblie Safari/537.36"
41.248.229.245 - - [29/Apr/2026:15:21:27 +0200] "GET /goat.php HTTP/1.1" 404 1251 "-" "Mozlila/5.0 (Linux; Android 7.0; SM-G892A Bulid/NRD90M; wv) AppleWebKit/537.36 (KHTML, like Gecko) Version/4.0 Chrome/60.0.3112.107 Moblie Safari/537.36"
41.248.229.245 - - [29/Apr/2026:15:21:31 +0200] "GET /dropdown.php HTTP/1.1" 404 1251 "-" "Mozlila/5.0 (Linux; Android 7.0; SM-G892A Bulid/NRD90M; wv) AppleWebKit/537.36 (KHTML, like Gecko) Version/4.0 Chrome/60.0.3112.107 Moblie Safari/537.36"
41.248.229.245 - - [29/Apr/2026:15:21:34 +0200] "GET /sad/about.php HTTP/1.1" 404 1251 "-" "Mozlila/5.0 (Linux; Android 7.0; SM-G892A Bulid/NRD90M; wv) AppleWebKit/537.36 (KHTML, like Gecko) Version/4.0 Chrome/60.0.3112.107 Moblie Safari/537.36"
41.248.229.245 - - [29/Apr/2026:15:21:45 +0200] "GET /install.php HTTP/1.1" 404 1251 "-" "Mozlila/5.0 (Linux; Android 7.0; SM-G892A Bulid/NRD90M; wv) AppleWebKit/537.36 (KHTML, like Gecko) Version/4.0 Chrome/60.0.3112.107 Moblie Safari/537.36"
41.248.229.245 - - [29/Apr/2026:15:22:02 +0200] "GET /lock.php HTTP/1.1" 404 1251 "-" "Mozlila/5.0 (Linux; Android 7.0; SM-G892A Bulid/NRD90M; wv) AppleWebKit/537.36 (KHTML, like Gecko) Version/4.0 Chrome/60.0.3112.107 Moblie Safari/537.36"
41.248.229.245 - - [29/Apr/2026:15:22:03 +0200] "GET /index/function.php HTTP/1.1" 404 1251 "-" "Mozlila/5.0 (Linux; Android 7.0; SM-G892A Bulid/NRD90M; wv) AppleWebKit/537.36 (KHTML, like Gecko) Version/4.0 Chrome/60.0.3112.107 Moblie Safari/537.36"
41.248.229.245 - - [29/Apr/2026:15:22:04 +0200] "GET /.well-known/content.php HTTP/1.1" 404 1251 "-" "Mozlila/5.0 (Linux; Android 7.0; SM-G892A Bulid/NRD90M; wv) AppleWebKit/537.36 (KHTML, like Gecko) Version/4.0 Chrome/60.0.3112.107 Moblie Safari/537.36"
41.248.229.245 - - [29/Apr/2026:15:22:34 +0200] "GET /themes.php HTTP/1.1" 404 1251 "-" "Mozlila/5.0 (Linux; Android 7.0; SM-G892A Bulid/NRD90M; wv) AppleWebKit/537.36 (KHTML, like Gecko) Version/4.0 Chrome/60.0.3112.107 Moblie Safari/537.36"
41.248.229.245 - - [29/Apr/2026:15:22:36 +0200] "GET /wp-mail.php HTTP/1.1" 404 1251 "-" "Mozlila/5.0 (Linux; Android 7.0; SM-G892A Bulid/NRD90M; wv) AppleWebKit/537.36 (KHTML, like Gecko) Version/4.0 Chrome/60.0.3112.107 Moblie Safari/537.36"
41.248.229.245 - - [29/Apr/2026:15:23:21 +0200] "GET /wp-admin/network/index.php HTTP/1.1" 404 1251 "-" "Mozlila/5.0 (Linux; Android 7.0; SM-G892A Bulid/NRD90M; wv) AppleWebKit/537.36 (KHTML, like Gecko) Version/4.0 Chrome/60.0.3112.107 Moblie Safari/537.36"
86.16.74.122 - - [29/Apr/2026:15:28:09 +0200] "GET /Mailer_862a9c587b7396.php HTTP/1.1" 200 126 "-" "Mozilla/5.0 (Linux; Android 10; K) AppleWebKit/537.36 (KHTML, like Gecko) Chrome/144.0.0.0 Mobile Safari/537.36"
86.16.74.122 - - [29/Apr/2026:15:28:51 +0200] "GET /c2b653fd11c458.php HTTP/1.1" 200 38569 "-" "Mozilla/5.0 (iPhone; CPU iPhone OS 15_0 like Mac OS X) AppleWebKit/605.1.15 (KHTML, like Gecko) Version/15.0 Mobile/15E148 Safari/604.1"
86.16.74.122 - - [29/Apr/2026:15:30:48 +0200] "GET /d03ff56cd9fc33.php HTTP/1.1" 200 38569 "-" "Mozilla/5.0 (Linux; Android 10; K) AppleWebKit/537.36 (KHTML, like Gecko) Chrome/131.0.0.0 Mobile Safari/537.36"
86.16.74.122 - - [29/Apr/2026:15:30:48 +0200] "GET /5c2c99561f3b74.php HTTP/1.1" 200 38573 "-" "Mozilla/5.0 (iPhone; CPU iPhone OS 17_0_1 like Mac OS X) AppleWebKit/605.1.15 (KHTML, like Gecko) Version/17.0 Mobile/15E148 Safari/604.1"
86.16.74.122 - - [29/Apr/2026:15:30:59 +0200] "GET /737b88c3ad9b21.php HTTP/1.1" 200 38569 "-" "Mozilla/5.0 (Macintosh; Intel Mac OS X 10_15_7) AppleWebKit/605.1.15 (KHTML, like Gecko) Version/26.4 Safari/605.1.15"
86.16.74.122 - - [29/Apr/2026:15:31:04 +0200] "GET /Mailer_8a70b4bc6b5038.php HTTP/1.1" 200 126 "-" "Mozilla/5.0 (Windows NT 10.0; Win64; x64) AppleWebKit/537.36 (KHTML, like Gecko) Chrome/147.0.0.0 Safari/537.36 Edg/147.0.0.0"
195.132.35.238 - - [29/Apr/2026:15:31:05 +0200] "GET /Mailer_8a70b4bc6b5038.php HTTP/1.1" 200 126 "-" "Mozilla/5.0 (Windows NT 10.0; Win64; x64) AppleWebKit/537.36 (KHTML, like Gecko) Chrome/147.0.0.0 Safari/537.36 Edg/147.0.0.0"
41.248.229.245 - - [29/Apr/2026:15:21:42 +0200] "GET /classwithtostring.php HTTP/1.1" 404 1251 "-" "Mozlila/5.0 (Linux; Android 7.0; SM-G892A Bulid/NRD90M; wv) AppleWebKit/537.36 (KHTML, like Gecko) Version/4.0 Chrome/60.0.3112.107 Moblie Safari/537.36"
41.248.229.245 - - [29/Apr/2026:15:21:47 +0200] "GET /wp-content/x/index.php HTTP/1.1" 404 1251 "-" "Mozlila/5.0 (Linux; Android 7.0; SM-G892A Bulid/NRD90M; wv) AppleWebKit/537.36 (KHTML, like Gecko) Version/4.0 Chrome/60.0.3112.107 Moblie Safari/537.36"
41.248.229.245 - - [29/Apr/2026:15:21:51 +0200] "GET /wp-login.php HTTP/1.1" 404 1251 "-" "Mozlila/5.0 (Linux; Android 7.0; SM-G892A Bulid/NRD90M; wv) AppleWebKit/537.36 (KHTML, like Gecko) Version/4.0 Chrome/60.0.3112.107 Moblie Safari/537.36"
41.248.229.245 - - [29/Apr/2026:15:22:22 +0200] "GET /about/function.php HTTP/1.1" 404 1251 "-" "Mozlila/5.0 (Linux; Android 7.0; SM-G892A Bulid/NRD90M; wv) AppleWebKit/537.36 (KHTML, like Gecko) Version/4.0 Chrome/60.0.3112.107 Moblie Safari/537.36"
41.248.229.245 - - [29/Apr/2026:15:22:26 +0200] "GET /wp-admin/index.php HTTP/1.1" 404 1251 "-" "Mozlila/5.0 (Linux; Android 7.0; SM-G892A Bulid/NRD90M; wv) AppleWebKit/537.36 (KHTML, like Gecko) Version/4.0 Chrome/60.0.3112.107 Moblie Safari/537.36"
41.248.229.245 - - [29/Apr/2026:15:22:37 +0200] "GET /cgi-bin/index.php HTTP/1.1" 404 1251 "-" "Mozlila/5.0 (Linux; Android 7.0; SM-G892A Bulid/NRD90M; wv) AppleWebKit/537.36 (KHTML, like Gecko) Version/4.0 Chrome/60.0.3112.107 Moblie Safari/537.36"
