178.20.55.182 - - [29/Apr/2026:14:41:30 +0200] "GET /images/images/images/images/ HTTP/1.1" 404 1251 "-" "Mozilla/5.0 (Linux; Android 10; K) AppleWebKit/537.36 (KHTML, like Gecko) Chrome/146.0.0.0 Mobile Safari/537.36"
178.20.55.182 - - [29/Apr/2026:14:41:31 +0200] "GET /images/images/images/images/DCUeBySvZ6R3J6XdDB.php HTTP/1.1" 404 1251 "-" "Mozilla/5.0 (Linux; Android 10; K) AppleWebKit/537.36 (KHTML, like Gecko) Chrome/146.0.0.0 Mobile Safari/537.36"
45.157.112.180 - - [29/Apr/2026:14:41:46 +0200] "GET /RBFCU/scms/SHELL/mailer.php HTTP/1.1" 404 1251 "-" "Mozilla/5.0 (Linux; Android 10; K) AppleWebKit/537.36 (KHTML, like Gecko) Chrome/147.0.0.0 Mobile Safari/537.36"
91.134.43.152 - - [29/Apr/2026:14:42:17 +0200] "GET /wp-admin/css/wp-login.php HTTP/1.1" 404 1251 "-" "Mozilla/5.0 (Macintosh; Intel Mac OS X 10_15_7) AppleWebKit/605.1.15 (KHTML, like Gecko) Version/26.4 Safari/605.1.15"
57.131.13.108 - - [29/Apr/2026:14:37:20 +0200] "GET /favicon.ico HTTP/1.1" 404 1251 "https://2026.bean7936.odns.fr/o2s-cgi/security-challenge?a=verify-response" "Mozilla/5.0 (Windows NT 10.0; Win64; x64; rv:149.0) Gecko/20100101 Firefox/149.0"
41.248.229.245 - - [29/Apr/2026:14:38:39 +0200] "GET /xl2023.php HTTP/1.1" 404 1251 "-" "Mozlila/5.0 (Linux; Android 7.0; SM-G892A Bulid/NRD90M; wv) AppleWebKit/537.36 (KHTML, like Gecko) Version/4.0 Chrome/60.0.3112.107 Moblie Safari/537.36"
41.248.229.245 - - [29/Apr/2026:14:39:03 +0200] "GET /xl2023x.php HTTP/1.1" 404 1251 "-" "Mozlila/5.0 (Linux; Android 7.0; SM-G892A Bulid/NRD90M; wv) AppleWebKit/537.36 (KHTML, like Gecko) Version/4.0 Chrome/60.0.3112.107 Moblie Safari/537.36"
194.163.157.49 - - [29/Apr/2026:14:39:26 +0200] "GET /admin/dashboard.php HTTP/1.1" 404 1251 "-" "Mozilla/5.0 (Linux; Android 10; K) AppleWebKit/537.36 (KHTML, like Gecko) Chrome/146.0.0.0 Mobile Safari/537.36"
178.20.55.16 - - [29/Apr/2026:14:39:29 +0200] "GET /dynamicweb/jsp/downloads/yM5gjoK_zrJsziBEaU.do HTTP/1.1" 404 1251 "-" "Mozilla/5.0 (Linux; Android 10; K) AppleWebKit/537.36 (KHTML, like Gecko) Chrome/146.0.0.0 Mobile Safari/537.36"
41.248.229.245 - - [29/Apr/2026:14:39:36 +0200] "GET /admin/fckeditor/editor/filemanager/ HTTP/1.1" 404 1251 "www.google.com" "Mozlila/5.0 (Linux; Android 7.0; SM-G892A Bulid/NRD90M; wv) AppleWebKit/537.36 (KHTML, like Gecko) Version/4.0 Chrome/60.0.3112.107 Moblie Safari/537.36"
41.248.229.245 - - [29/Apr/2026:14:39:37 +0200] "GET /x.php HTTP/1.1" 404 1251 "-" "Mozlila/5.0 (Linux; Android 7.0; SM-G892A Bulid/NRD90M; wv) AppleWebKit/537.36 (KHTML, like Gecko) Version/4.0 Chrome/60.0.3112.107 Moblie Safari/537.36"
178.20.55.16 - - [29/Apr/2026:14:39:39 +0200] "GET /images/images/otMct3yka_vgRtbiwz.php HTTP/1.1" 404 1251 "-" "Mozilla/5.0 (Linux; Android 10; K) AppleWebKit/537.36 (KHTML, like Gecko) Chrome/146.0.0.0 Mobile Safari/537.36"
178.20.55.182 - - [29/Apr/2026:14:39:44 +0200] "GET /images/images/Q5zaHSlHvFLsh_TcWO7.php HTTP/1.1" 404 1251 "-" "Mozilla/5.0 (Linux; Android 10; K) AppleWebKit/537.36 (KHTML, like Gecko) Chrome/146.0.0.0 Mobile Safari/537.36"
41.248.229.245 - - [29/Apr/2026:14:39:55 +0200] "GET /images/iR7SzrsOUEP.php HTTP/1.1" 404 1251 "-" "Mozlila/5.0 (Linux; Android 7.0; SM-G892A Bulid/NRD90M; wv) AppleWebKit/537.36 (KHTML, like Gecko) Version/4.0 Chrome/60.0.3112.107 Moblie Safari/537.36"
41.248.229.245 - - [29/Apr/2026:14:39:57 +0200] "GET /admin/controller/extension/extension/ HTTP/1.1" 404 1251 "www.google.com" "Mozlila/5.0 (Linux; Android 7.0; SM-G892A Bulid/NRD90M; wv) AppleWebKit/537.36 (KHTML, like Gecko) Version/4.0 Chrome/60.0.3112.107 Moblie Safari/537.36"
80.67.167.81 - - [29/Apr/2026:14:40:09 +0200] "GET /RBFCU/scms/SHELL/mailer.php HTTP/1.1" 404 1251 "-" "Mozilla/5.0 (Linux; Android 10; K) AppleWebKit/537.36 (KHTML, like Gecko) Chrome/146.0.0.0 Mobile Safari/537.36"
41.248.229.245 - - [29/Apr/2026:14:37:23 +0200] "GET /xl.php HTTP/1.1" 404 1251 "-" "Mozlila/5.0 (Linux; Android 7.0; SM-G892A Bulid/NRD90M; wv) AppleWebKit/537.36 (KHTML, like Gecko) Version/4.0 Chrome/60.0.3112.107 Moblie Safari/537.36"
41.248.229.245 - - [29/Apr/2026:14:38:40 +0200] "GET /.well-known/acme-challenge/iR7SzrsOUEP.php HTTP/1.1" 404 1251 "-" "Mozlila/5.0 (Linux; Android 7.0; SM-G892A Bulid/NRD90M; wv) AppleWebKit/537.36 (KHTML, like Gecko) Version/4.0 Chrome/60.0.3112.107 Moblie Safari/537.36"
41.248.229.245 - - [29/Apr/2026:14:39:06 +0200] "GET /admin/images/slider/ HTTP/1.1" 404 1251 "www.google.com" "Mozlila/5.0 (Linux; Android 7.0; SM-G892A Bulid/NRD90M; wv) AppleWebKit/537.36 (KHTML, like Gecko) Version/4.0 Chrome/60.0.3112.107 Moblie Safari/537.36"
41.248.229.245 - - [29/Apr/2026:14:39:23 +0200] "GET /xxl.php HTTP/1.1" 404 1251 "-" "Mozlila/5.0 (Linux; Android 7.0; SM-G892A Bulid/NRD90M; wv) AppleWebKit/537.36 (KHTML, like Gecko) Version/4.0 Chrome/60.0.3112.107 Moblie Safari/537.36"
194.163.157.49 - - [29/Apr/2026:14:39:27 +0200] "GET /admin/urun.php HTTP/1.1" 404 1251 "-" "Mozilla/5.0 (Linux; Android 10; K) AppleWebKit/537.36 (KHTML, like Gecko) Chrome/146.0.0.0 Mobile Safari/537.36"
80.67.172.162 - - [29/Apr/2026:14:39:27 +0200] "GET /admin/logout.php HTTP/1.1" 404 1251 "-" "Mozilla/5.0 (Linux; Android 10; K) AppleWebKit/537.36 (KHTML, like Gecko) Chrome/146.0.0.0 Mobile Safari/537.36"
80.67.172.162 - - [29/Apr/2026:14:39:28 +0200] "GET /dynamicweb/jsp/downloads/QrNJJPaU8mJbdeyfi.do HTTP/1.1" 404 1251 "-" "Mozilla/5.0 (Linux; Android 10; K) AppleWebKit/537.36 (KHTML, like Gecko) Chrome/146.0.0.0 Mobile Safari/537.36"
178.20.55.16 - - [29/Apr/2026:14:39:33 +0200] "GET /dynamicweb/jsp/downloads/DownloadDocStepsAction.do HTTP/1.1" 404 1251 "-" "Mozilla/5.0 (Linux; Android 10; K) AppleWebKit/537.36 (KHTML, like Gecko) Chrome/146.0.0.0 Mobile Safari/537.36"
178.20.55.182 - - [29/Apr/2026:14:39:44 +0200] "GET /images/images/cache.php HTTP/1.1" 404 1251 "-" "Mozilla/5.0 (Linux; Android 10; K) AppleWebKit/537.36 (KHTML, like Gecko) Chrome/146.0.0.0 Mobile Safari/537.36"
51.38.225.46 - - [29/Apr/2026:14:39:51 +0200] "GET /wp-admin/css/wp-login.php HTTP/1.1" 404 1251 "-" "Mozilla/5.0 (Linux; Android 10; K) AppleWebKit/537.36 (KHTML, like Gecko) Chrome/146.0.0.0 Mobile Safari/537.36"
5.196.95.34 - - [29/Apr/2026:14:40:03 +0200] "GET /RBFCU/scms/SHELL/ HTTP/1.1" 404 1251 "-" "Mozilla/5.0 (Linux; Android 10; K) AppleWebKit/537.36 (KHTML, like Gecko) Chrome/146.0.0.0 Mobile Safari/537.36"
41.248.229.245 - - [29/Apr/2026:14:40:10 +0200] "GET /xl.php HTTP/1.1" 404 1251 "-" "Mozlila/5.0 (Linux; Android 7.0; SM-G892A Bulid/NRD90M; wv) AppleWebKit/537.36 (KHTML, like Gecko) Version/4.0 Chrome/60.0.3112.107 Moblie Safari/537.36"
80.67.167.81 - - [29/Apr/2026:14:40:35 +0200] "GET /wp-admin/options.php HTTP/1.1" 404 1251 "-" "Mozilla/5.0 (Linux; Android 10; K) AppleWebKit/537.36 (KHTML, like Gecko) Chrome/146.0.0.0 Mobile Safari/537.36"
41.248.229.245 - - [29/Apr/2026:14:40:38 +0200] "GET /admin/uploads/images/ HTTP/1.1" 404 1251 "www.google.com" "Mozlila/5.0 (Linux; Android 7.0; SM-G892A Bulid/NRD90M; wv) AppleWebKit/537.36 (KHTML, like Gecko) Version/4.0 Chrome/60.0.3112.107 Moblie Safari/537.36"
57.131.13.95 - - [29/Apr/2026:14:32:51 +0200] "GET /fac0bfb17cb424.php HTTP/1.1" 200 38573 "-" "Mozilla/5.0 (Windows NT 10.0; Win64; x64) AppleWebKit/537.36 (KHTML, like Gecko) Chrome/147.0.0.0 Safari/537.36 Edg/147.0.0.0"
86.16.74.122 - - [29/Apr/2026:14:32:51 +0200] "GET /fac0bfb17cb424.php HTTP/1.1" 200 38573 "-" "Mozilla/5.0 (Windows NT 10.0; Win64; x64) AppleWebKit/537.36 (KHTML, like Gecko) Chrome/147.0.0.0 Safari/537.36 Edg/147.0.0.0"
23.19.230.168 - - [29/Apr/2026:14:32:52 +0200] "GET /fac0bfb17cb424.php HTTP/1.1" 200 38574 "-" "Mozilla/5.0 (Windows NT 10.0; Win64; x64) AppleWebKit/537.36 (KHTML, like Gecko) Chrome/147.0.0.0 Safari/537.36 Edg/147.0.0.0"
195.132.35.238 - - [29/Apr/2026:14:33:16 +0200] "GET /Mailer_c17d291cfd5338.php HTTP/1.1" 200 126 "-" "Mozilla/5.0 (Linux; Android 10; K) AppleWebKit/537.36 (KHTML, like Gecko) Chrome/145.0.0.0 Mobile Safari/537.36"
23.82.96.181 - - [29/Apr/2026:14:33:20 +0200] "GET /Mailer_c17d291cfd5338.php HTTP/1.1" 200 126 "-" "Mozilla/5.0 (Linux; Android 10; K) AppleWebKit/537.36 (KHTML, like Gecko) Chrome/145.0.0.0 Mobile Safari/537.36"
41.248.229.245 - - [29/Apr/2026:14:36:42 +0200] "GET /x.php HTTP/1.1" 404 1251 "-" "Mozlila/5.0 (Linux; Android 7.0; SM-G892A Bulid/NRD90M; wv) AppleWebKit/537.36 (KHTML, like Gecko) Version/4.0 Chrome/60.0.3112.107 Moblie Safari/537.36"
41.248.229.245 - - [29/Apr/2026:14:38:23 +0200] "GET /xleet.php HTTP/1.1" 404 1251 "-" "Mozlila/5.0 (Linux; Android 7.0; SM-G892A Bulid/NRD90M; wv) AppleWebKit/537.36 (KHTML, like Gecko) Version/4.0 Chrome/60.0.3112.107 Moblie Safari/537.36"
80.67.172.162 - - [29/Apr/2026:14:39:28 +0200] "GET /dynamicweb/jsp/downloads/ HTTP/1.1" 404 1251 "-" "Mozilla/5.0 (Linux; Android 10; K) AppleWebKit/537.36 (KHTML, like Gecko) Chrome/146.0.0.0 Mobile Safari/537.36"
178.20.55.16 - - [29/Apr/2026:14:39:30 +0200] "GET /dynamicweb/jsp/downloads/md7505S1lVbYQ5bTmZH.do HTTP/1.1" 404 1251 "-" "Mozilla/5.0 (Linux; Android 10; K) AppleWebKit/537.36 (KHTML, like Gecko) Chrome/146.0.0.0 Mobile Safari/537.36"
41.248.229.245 - - [29/Apr/2026:14:39:46 +0200] "GET /sites/default/files/ HTTP/1.1" 404 1251 "www.google.com" "Mozlila/5.0 (Linux; Android 7.0; SM-G892A Bulid/NRD90M; wv) AppleWebKit/537.36 (KHTML, like Gecko) Version/4.0 Chrome/60.0.3112.107 Moblie Safari/537.36"
80.67.172.162 - - [29/Apr/2026:14:40:06 +0200] "GET /RBFCU/scms/SHELL/rK3aXpgBd_Zi3bq8IW.php HTTP/1.1" 404 1251 "-" "Mozilla/5.0 (Linux; Android 10; K) AppleWebKit/537.36 (KHTML, like Gecko) Chrome/146.0.0.0 Mobile Safari/537.36"
41.248.229.245 - - [29/Apr/2026:14:40:08 +0200] "GET /modules/mod_simplefileuploadv1.3/elements/ HTTP/1.1" 404 1251 "www.google.com" "Mozlila/5.0 (Linux; Android 7.0; SM-G892A Bulid/NRD90M; wv) AppleWebKit/537.36 (KHTML, like Gecko) Version/4.0 Chrome/60.0.3112.107 Moblie Safari/537.36"
41.248.229.245 - - [29/Apr/2026:14:40:29 +0200] "GET /components/ HTTP/1.1" 404 1251 "www.google.com" "Mozlila/5.0 (Linux; Android 7.0; SM-G892A Bulid/NRD90M; wv) AppleWebKit/537.36 (KHTML, like Gecko) Version/4.0 Chrome/60.0.3112.107 Moblie Safari/537.36"
81.53.36.105 - - [29/Apr/2026:14:40:44 +0200] "GET /admin/urun.php HTTP/1.1" 404 1251 "-" "Mozilla/5.0 (Macintosh; Intel Mac OS X 10_15_7) AppleWebKit/537.36 (KHTML, like Gecko) Chrome/146.0.0.0 Safari/537.36"
80.67.167.81 - - [29/Apr/2026:14:41:00 +0200] "GET /~smileusa/wp-content/plugins/kpvtbok/LMc1TqHtRXypjw3LhQ.php HTTP/1.1" 404 1251 "-" "Mozilla/5.0 (Linux; Android 10; K) AppleWebKit/537.36 (KHTML, like Gecko) Chrome/146.0.0.0 Mobile Safari/537.36"
194.163.157.49 - - [29/Apr/2026:14:41:02 +0200] "GET /wp-content/plugins/fix/J32lmsge01cQzXrcVB.php HTTP/1.1" 404 1251 "-" "Mozilla/5.0 (Linux; Android 10; K) AppleWebKit/537.36 (KHTML, like Gecko) Chrome/146.0.0.0 Mobile Safari/537.36"
194.163.157.49 - - [29/Apr/2026:14:41:04 +0200] "GET /wp-content/plugins/fix/lxKUnCE78UH4Jhwybx4.php HTTP/1.1" 404 1251 "-" "Mozilla/5.0 (Linux; Android 10; K) AppleWebKit/537.36 (KHTML, like Gecko) Chrome/146.0.0.0 Mobile Safari/537.36"
194.163.157.49 - - [29/Apr/2026:14:41:06 +0200] "GET /mailerr/e5b9bSjH5s2TyE_LZEf.php HTTP/1.1" 404 1251 "-" "Mozilla/5.0 (Linux; Android 10; K) AppleWebKit/537.36 (KHTML, like Gecko) Chrome/146.0.0.0 Mobile Safari/537.36"
80.67.172.162 - - [29/Apr/2026:14:41:25 +0200] "GET /uadmin/ HTTP/1.1" 404 1251 "-" "Mozilla/5.0 (Linux; Android 10; K) AppleWebKit/537.36 (KHTML, like Gecko) Chrome/146.0.0.0 Mobile Safari/537.36"
80.67.172.162 - - [29/Apr/2026:14:41:25 +0200] "GET /uadmin/DOytEaI3MnanZwxNM.php HTTP/1.1" 404 1251 "-" "Mozilla/5.0 (Linux; Android 10; K) AppleWebKit/537.36 (KHTML, like Gecko) Chrome/146.0.0.0 Mobile Safari/537.36"
178.20.55.182 - - [29/Apr/2026:14:41:29 +0200] "GET /dynamicweb/jsp/login/TZyZ6euEhjvirZwFeB.do HTTP/1.1" 404 1251 "-" "Mozilla/5.0 (Linux; Android 10; K) AppleWebKit/537.36 (KHTML, like Gecko) Chrome/146.0.0.0 Mobile Safari/537.36"
178.20.55.182 - - [29/Apr/2026:14:41:30 +0200] "GET /dynamicweb/jsp/login/YTP24C5RP5cUINmlHB4.do HTTP/1.1" 404 1251 "-" "Mozilla/5.0 (Linux; Android 10; K) AppleWebKit/537.36 (KHTML, like Gecko) Chrome/146.0.0.0 Mobile Safari/537.36"
178.20.55.182 - - [29/Apr/2026:14:41:30 +0200] "GET /dynamicweb/jsp/login/userLoginAction.do HTTP/1.1" 404 1251 "-" "Mozilla/5.0 (Linux; Android 10; K) AppleWebKit/537.36 (KHTML, like Gecko) Chrome/146.0.0.0 Mobile Safari/537.36"
178.20.55.182 - - [29/Apr/2026:14:41:31 +0200] "GET /images/images/images/images/rdFO0zwzsRbJhCyVB.php HTTP/1.1" 404 1251 "-" "Mozilla/5.0 (Linux; Android 10; K) AppleWebKit/537.36 (KHTML, like Gecko) Chrome/146.0.0.0 Mobile Safari/537.36"
41.248.229.245 - - [29/Apr/2026:14:43:05 +0200] "GET /wp-admin/network/ HTTP/1.1" 404 1251 "www.google.com" "Mozlila/5.0 (Linux; Android 7.0; SM-G892A Bulid/NRD90M; wv) AppleWebKit/537.36 (KHTML, like Gecko) Version/4.0 Chrome/60.0.3112.107 Moblie Safari/537.36"
51.75.141.254 - - [29/Apr/2026:14:43:10 +0200] "GET //radio.php HTTP/1.1" 404 1251 "-" "Mozilla/5.0 (Linux; arm_64; Android 13; X700_EEA) AppleWebKit/537.36 (KHTML, like Gecko) Chrome/144.0.7559.119 YaBrowser/26.3.5.119.01 Safari/537.36"
91.134.142.208 - - [29/Apr/2026:14:43:10 +0200] "GET //test.php HTTP/1.1" 404 1251 "-" "Mozilla/5.0 (iPhone; CPU iPhone OS 18_0_1 like Mac OS X) AppleWebKit/605.1.15 (KHTML, like Gecko) Brave/1 Mobile/15E148 Safari/604.1"
91.134.142.208 - - [29/Apr/2026:14:43:13 +0200] "GET //about.php HTTP/1.1" 404 1251 "-" "Mozilla/5.0 (Windows NT 10.0; Win64; x64) AppleWebKit/537.36 (KHTML, like Gecko) Chrome/147.0.0.0 Safari/537.36 Edg/147.0.0.0"
41.248.229.245 - - [29/Apr/2026:14:43:13 +0200] "GET /admin-heade.php HTTP/1.1" 404 1251 "-" "Mozlila/5.0 (Linux; Android 7.0; SM-G892A Bulid/NRD90M; wv) AppleWebKit/537.36 (KHTML, like Gecko) Version/4.0 Chrome/60.0.3112.107 Moblie Safari/537.36"
41.248.229.245 - - [29/Apr/2026:14:43:20 +0200] "GET /cgi-bin/iR7SzrsOUEP.php HTTP/1.1" 404 1251 "-" "Mozlila/5.0 (Linux; Android 7.0; SM-G892A Bulid/NRD90M; wv) AppleWebKit/537.36 (KHTML, like Gecko) Version/4.0 Chrome/60.0.3112.107 Moblie Safari/537.36"
41.248.229.245 - - [29/Apr/2026:14:43:50 +0200] "GET /ws.php HTTP/1.1" 404 1251 "-" "Mozlila/5.0 (Linux; Android 7.0; SM-G892A Bulid/NRD90M; wv) AppleWebKit/537.36 (KHTML, like Gecko) Version/4.0 Chrome/60.0.3112.107 Moblie Safari/537.36"
80.67.172.162 - - [29/Apr/2026:14:40:55 +0200] "GET /wp-content/plugins/css-ready-classes-gravity-forms/mmm.php HTTP/1.1" 404 1251 "-" "Mozilla/5.0 (Linux; Android 10; K) AppleWebKit/537.36 (KHTML, like Gecko) Chrome/146.0.0.0 Mobile Safari/537.36"
194.163.157.49 - - [29/Apr/2026:14:41:05 +0200] "GET /wp-content/plugins/fix/up.php HTTP/1.1" 404 1251 "-" "Mozilla/5.0 (Linux; Android 10; K) AppleWebKit/537.36 (KHTML, like Gecko) Chrome/146.0.0.0 Mobile Safari/537.36"
178.170.114.117 - - [29/Apr/2026:14:41:11 +0200] "GET //test.php HTTP/1.1" 404 1251 "-" "Mozilla/5.0 (Linux; Android 10; K) AppleWebKit/537.36 (KHTML, like Gecko) Chrome/146.0.0.0 Mobile Safari/537.36"
178.170.114.117 - - [29/Apr/2026:14:41:12 +0200] "GET //content.php HTTP/1.1" 404 1251 "-" "Mozilla/5.0 (Linux; Android 10; K) AppleWebKit/537.36 (KHTML, like Gecko) Chrome/146.0.0.0 Mobile Safari/537.36"
178.170.114.117 - - [29/Apr/2026:14:41:12 +0200] "GET //about.php HTTP/1.1" 404 1251 "-" "Mozilla/5.0 (Linux; Android 10; K) AppleWebKit/537.36 (KHTML, like Gecko) Chrome/146.0.0.0 Mobile Safari/537.36"
91.134.43.152 - - [29/Apr/2026:14:41:14 +0200] "GET /wp-admin/css/wp-login.php HTTP/1.1" 404 1251 "-" "Mozilla/5.0 (Windows NT 10.0; Win64; x64; rv:148.0) Gecko/20100101 Firefox/148.0"
178.20.55.182 - - [29/Apr/2026:14:41:29 +0200] "GET /dynamicweb/jsp/login/pvnXgQMTYr9UW9buh.do HTTP/1.1" 404 1251 "-" "Mozilla/5.0 (Linux; Android 10; K) AppleWebKit/537.36 (KHTML, like Gecko) Chrome/146.0.0.0 Mobile Safari/537.36"
81.53.36.105 - - [29/Apr/2026:14:42:00 +0200] "GET /admin/urun.php HTTP/1.1" 404 1251 "-" "Mozilla/5.0 (iPhone; CPU iPhone OS 13_0 like Mac OS X) AppleWebKit/605.1.15 (KHTML, like Gecko) Version/13.0 Mobile/15E148 Safari/605.1.15"
81.53.36.105 - - [29/Apr/2026:14:42:51 +0200] "GET /wp-admin/options.php HTTP/1.1" 404 1251 "-" "Mozilla/5.0 (Windows NT 10.0; Win64; x64) AppleWebKit/537.36 (KHTML, like Gecko) Chrome/146.0.0.0 Safari/537.36 Edg/146.0.0.0"
51.91.159.157 - - [29/Apr/2026:14:42:56 +0200] "GET /wp-content/plugins/css-ready-classes-gravity-forms/mmm.php HTTP/1.1" 404 1251 "-" "Mozilla/5.0 (Linux; Android 10; K) AppleWebKit/537.36 (KHTML, like Gecko) Chrome/138.0.0.0 Mobile Safari/537.36"
41.248.229.245 - - [29/Apr/2026:14:43:37 +0200] "GET /wp-content/banners/about.php HTTP/1.1" 404 1251 "-" "Mozlila/5.0 (Linux; Android 7.0; SM-G892A Bulid/NRD90M; wv) AppleWebKit/537.36 (KHTML, like Gecko) Version/4.0 Chrome/60.0.3112.107 Moblie Safari/537.36"
51.91.159.157 - - [29/Apr/2026:14:43:47 +0200] "GET /0a3170fad6056c.php HTTP/1.1" 200 38574 "-" "Mozilla/5.0 (Linux; Android 10; K) AppleWebKit/537.36 (KHTML, like Gecko) Chrome/138.0.0.0 Mobile Safari/537.36"
86.16.74.122 - - [29/Apr/2026:14:43:48 +0200] "GET /0a3170fad6056c.php HTTP/1.1" 200 38573 "-" "Mozilla/5.0 (Linux; Android 10; K) AppleWebKit/537.36 (KHTML, like Gecko) Chrome/138.0.0.0 Mobile Safari/537.36"
170.64.241.20 - - [29/Apr/2026:14:43:51 +0200] "GET /0a3170fad6056c.php HTTP/1.1" 200 38574 "-" "Mozilla/5.0 (Linux; Android 10; K) AppleWebKit/537.36 (KHTML, like Gecko) Chrome/138.0.0.0 Mobile Safari/537.36"
41.248.229.245 - - [29/Apr/2026:14:43:51 +0200] "GET /cgi-bin/wp-login.php HTTP/1.1" 404 1251 "-" "Mozlila/5.0 (Linux; Android 7.0; SM-G892A Bulid/NRD90M; wv) AppleWebKit/537.36 (KHTML, like Gecko) Version/4.0 Chrome/60.0.3112.107 Moblie Safari/537.36"
41.248.229.245 - - [29/Apr/2026:14:43:55 +0200] "GET /wp-includes/images/wp-login.php HTTP/1.1" 404 1251 "-" "Mozlila/5.0 (Linux; Android 7.0; SM-G892A Bulid/NRD90M; wv) AppleWebKit/537.36 (KHTML, like Gecko) Version/4.0 Chrome/60.0.3112.107 Moblie Safari/537.36"
170.64.241.20 - - [29/Apr/2026:14:44:03 +0200] "GET /06bdc12ede3ae0.php HTTP/1.1" 200 38574 "-" "Mozilla/5.0 (iPhone; CPU iPhone OS 16_0 like Mac OS X) AppleWebKit/605.1.15 (KHTML, like Gecko) Version/16.0 Mobile/15E148 Safari/604.1"
41.248.229.245 - - [29/Apr/2026:14:44:06 +0200] "GET /lv.php HTTP/1.1" 404 1251 "-" "Mozlila/5.0 (Linux; Android 7.0; SM-G892A Bulid/NRD90M; wv) AppleWebKit/537.36 (KHTML, like Gecko) Version/4.0 Chrome/60.0.3112.107 Moblie Safari/537.36"
41.248.229.245 - - [29/Apr/2026:14:42:17 +0200] "GET /.well-known/pki-validation/iR7SzrsOUEP.php HTTP/1.1" 404 1251 "-" "Mozlila/5.0 (Linux; Android 7.0; SM-G892A Bulid/NRD90M; wv) AppleWebKit/537.36 (KHTML, like Gecko) Version/4.0 Chrome/60.0.3112.107 Moblie Safari/537.36"
41.248.229.245 - - [29/Apr/2026:14:42:41 +0200] "GET /xleet-shell.php HTTP/1.1" 404 1251 "-" "Mozlila/5.0 (Linux; Android 7.0; SM-G892A Bulid/NRD90M; wv) AppleWebKit/537.36 (KHTML, like Gecko) Version/4.0 Chrome/60.0.3112.107 Moblie Safari/537.36"
51.91.159.157 - - [29/Apr/2026:14:42:46 +0200] "GET /wp-admin/options.php HTTP/1.1" 404 1251 "-" "Mozilla/5.0 (Linux; Android 10; K) AppleWebKit/537.36 (KHTML, like Gecko) Chrome/146.0.0.0 Mobile Safari/537.36"
41.248.229.245 - - [29/Apr/2026:14:42:47 +0200] "GET /images/iR7SzrsOUEP.php HTTP/1.1" 404 1251 "-" "Mozlila/5.0 (Linux; Android 7.0; SM-G892A Bulid/NRD90M; wv) AppleWebKit/537.36 (KHTML, like Gecko) Version/4.0 Chrome/60.0.3112.107 Moblie Safari/537.36"
91.134.43.152 - - [29/Apr/2026:14:43:11 +0200] "GET //about.php HTTP/1.1" 404 1251 "-" "Mozilla/5.0 (Linux; Android 10; K) AppleWebKit/537.36 (KHTML, like Gecko) Chrome/147.0.0.0 Mobile Safari/537.36"
41.248.229.245 - - [29/Apr/2026:14:43:16 +0200] "GET /wp-admin/user/ HTTP/1.1" 404 1251 "www.google.com" "Mozlila/5.0 (Linux; Android 7.0; SM-G892A Bulid/NRD90M; wv) AppleWebKit/537.36 (KHTML, like Gecko) Version/4.0 Chrome/60.0.3112.107 Moblie Safari/537.36"
41.248.229.245 - - [29/Apr/2026:14:43:44 +0200] "GET /wp-content/plugins/ HTTP/1.1" 404 1251 "www.google.com" "Mozlila/5.0 (Linux; Android 7.0; SM-G892A Bulid/NRD90M; wv) AppleWebKit/537.36 (KHTML, like Gecko) Version/4.0 Chrome/60.0.3112.107 Moblie Safari/537.36"
41.248.229.245 - - [29/Apr/2026:14:43:45 +0200] "GET /asd.php HTTP/1.1" 404 1251 "-" "Mozlila/5.0 (Linux; Android 7.0; SM-G892A Bulid/NRD90M; wv) AppleWebKit/537.36 (KHTML, like Gecko) Version/4.0 Chrome/60.0.3112.107 Moblie Safari/537.36"
41.248.229.245 - - [29/Apr/2026:14:43:47 +0200] "GET /1.php HTTP/1.1" 404 1251 "-" "Mozlila/5.0 (Linux; Android 7.0; SM-G892A Bulid/NRD90M; wv) AppleWebKit/537.36 (KHTML, like Gecko) Version/4.0 Chrome/60.0.3112.107 Moblie Safari/537.36"
41.248.229.245 - - [29/Apr/2026:14:43:59 +0200] "GET /hehehehe.php HTTP/1.1" 404 1251 "-" "Mozlila/5.0 (Linux; Android 7.0; SM-G892A Bulid/NRD90M; wv) AppleWebKit/537.36 (KHTML, like Gecko) Version/4.0 Chrome/60.0.3112.107 Moblie Safari/537.36"
41.248.229.245 - - [29/Apr/2026:14:44:00 +0200] "GET /simple.php HTTP/1.1" 404 1251 "-" "Mozlila/5.0 (Linux; Android 7.0; SM-G892A Bulid/NRD90M; wv) AppleWebKit/537.36 (KHTML, like Gecko) Version/4.0 Chrome/60.0.3112.107 Moblie Safari/537.36"
13.38.44.207 - - [29/Apr/2026:14:44:01 +0200] "GET /06bdc12ede3ae0.php HTTP/1.1" 200 38573 "-" "Mozilla/5.0 (iPhone; CPU iPhone OS 16_0 like Mac OS X) AppleWebKit/605.1.15 (KHTML, like Gecko) Version/16.0 Mobile/15E148 Safari/604.1"
41.248.229.245 - - [29/Apr/2026:14:44:11 +0200] "GET /content.php HTTP/1.1" 404 1251 "-" "Mozlila/5.0 (Linux; Android 7.0; SM-G892A Bulid/NRD90M; wv) AppleWebKit/537.36 (KHTML, like Gecko) Version/4.0 Chrome/60.0.3112.107 Moblie Safari/537.36"
41.248.229.245 - - [29/Apr/2026:14:44:14 +0200] "GET /goat.php HTTP/1.1" 404 1251 "-" "Mozlila/5.0 (Linux; Android 7.0; SM-G892A Bulid/NRD90M; wv) AppleWebKit/537.36 (KHTML, like Gecko) Version/4.0 Chrome/60.0.3112.107 Moblie Safari/537.36"
51.91.159.157 - - [29/Apr/2026:14:44:16 +0200] "GET /wp-content/plugins/css-ready-classes-gravity-forms/mmm.php HTTP/1.1" 404 1251 "-" "Mozilla/5.0 (iPod; U; CPU iPhone OS 4_0 like Mac OS X; fo-FO) AppleWebKit/533.29.4 (KHTML, like Gecko) Version/4.0.5 Mobile/8B111 Safari/6533.29.4"
41.248.229.245 - - [29/Apr/2026:14:44:21 +0200] "GET /dropdown.php HTTP/1.1" 404 1251 "-" "Mozlila/5.0 (Linux; Android 7.0; SM-G892A Bulid/NRD90M; wv) AppleWebKit/537.36 (KHTML, like Gecko) Version/4.0 Chrome/60.0.3112.107 Moblie Safari/537.36"
91.134.43.152 - - [29/Apr/2026:14:44:08 +0200] "GET /images/images/images/images/cache.php HTTP/1.1" 404 1251 "-" "Mozilla/5.0 (iPad; CPU OS 18_7 like Mac OS X) AppleWebKit/605.1.15 (KHTML, like Gecko) Version/26.0 Whale/3.9.13.4293 Mobile/15E148 Safari/604.1"
81.53.36.105 - - [29/Apr/2026:14:44:08 +0200] "GET /wp-admin/options.php HTTP/1.1" 404 1251 "-" "Mozilla/5.0 (Macintosh; Intel Mac OS X 10_15_7) AppleWebKit/537.36 (KHTML, like Gecko) Chrome/142.0.0.0 Safari/537.36"
81.53.36.105 - - [29/Apr/2026:14:44:08 +0200] "GET /wp-admin/options.php HTTP/1.1" 404 1251 "-" "Mozilla/5.0 (iPad; CPU OS 18_7 like Mac OS X) AppleWebKit/605.1.15 (KHTML, like Gecko) Version/26.0 Whale/3.9.13.4293 Mobile/15E148 Safari/604.1"
91.134.43.151 - - [29/Apr/2026:14:44:08 +0200] "GET /images/images/images/images/cache.php HTTP/1.1" 404 1251 "-" "Mozilla/5.0 (iPhone; CPU iPhone OS 16_0 like Mac OS X) AppleWebKit/605.1.15 (KHTML, like Gecko) Version/16.0 Mobile/15E148 Safari/604.1"
41.248.229.245 - - [29/Apr/2026:14:44:13 +0200] "GET /.well-known/acme-challenge/about.php HTTP/1.1" 404 1251 "-" "Mozlila/5.0 (Linux; Android 7.0; SM-G892A Bulid/NRD90M; wv) AppleWebKit/537.36 (KHTML, like Gecko) Version/4.0 Chrome/60.0.3112.107 Moblie Safari/537.36"
77.42.67.200 - - [29/Apr/2026:14:44:17 +0200] "GET /c2b653fd11c458.php HTTP/1.1" 200 38569 "-" "Mozilla/5.0 (iPhone; CPU iPhone OS 15_0 like Mac OS X) AppleWebKit/605.1.15 (KHTML, like Gecko) Version/15.0 Mobile/15E148 Safari/604.1"
91.134.142.208 - - [29/Apr/2026:14:44:33 +0200] "GET //about.php HTTP/1.1" 404 1251 "-" "Mozilla/5.0 (Linux; Android 10; K) AppleWebKit/537.36 (KHTML, like Gecko) Chrome/138.0.0.0 Mobile Safari/537.36"
41.248.229.245 - - [29/Apr/2026:14:44:36 +0200] "GET /wp-admin/ HTTP/1.1" 404 1251 "www.google.com" "Mozlila/5.0 (Linux; Android 7.0; SM-G892A Bulid/NRD90M; wv) AppleWebKit/537.36 (KHTML, like Gecko) Version/4.0 Chrome/60.0.3112.107 Moblie Safari/537.36"
51.91.156.252 - - [29/Apr/2026:14:44:38 +0200] "GET /Mailer_5c2c99561f3b74.php HTTP/1.1" 200 126 "-" "Mozilla/5.0 (Macintosh; Intel Mac OS X 10_15_7) AppleWebKit/605.1.15 (KHTML, like Gecko) Version/26.4 Safari/605.1.15"
23.80.89.37 - - [29/Apr/2026:14:44:54 +0200] "GET /3bc323aca11a35.php HTTP/1.1" 200 38568 "-" "Mozilla/5.0 (Linux; Android 10; K) AppleWebKit/537.36 (KHTML, like Gecko) Chrome/146.0.0.0 Mobile Safari/537.36"
41.248.229.245 - - [29/Apr/2026:14:44:56 +0200] "GET /iR7SzrsOUEP.php HTTP/1.1" 404 1251 "-" "Mozlila/5.0 (Linux; Android 7.0; SM-G892A Bulid/NRD90M; wv) AppleWebKit/537.36 (KHTML, like Gecko) Version/4.0 Chrome/60.0.3112.107 Moblie Safari/537.36"
209.50.228.91 - - [29/Apr/2026:14:45:25 +0200] "GET /c2b653fd11c458.php HTTP/1.1" 200 38574 "-" "Mozilla/5.0 (Linux; arm_64; Android 15; 23053RN02Y) AppleWebKit/537.36 (KHTML, like Gecko) Chrome/144.0.7559.732 YaSearchBrowser/26.35.1 BroPP/1.0 YaSearchApp/26.35.1 webOmni Mobile Safari/537.36"
91.134.43.151 - - [29/Apr/2026:14:45:32 +0200] "GET /images/images/images/images/cache.php HTTP/1.1" 404 1251 "-" "Mozilla/5.0 (Windows NT 10.0; Win64; x64) AppleWebKit/537.36 (KHTML, like Gecko) Chrome/146.0.0.0 Safari/537.36 Edg/146.0.0.0"
91.134.43.151 - - [29/Apr/2026:14:45:33 +0200] "GET /images/images/images/images/cache.php HTTP/1.1" 404 1251 "-" "Mozilla/5.0 (iPhone; CPU iPhone OS 18_0_1 like Mac OS X) AppleWebKit/605.1.15 (KHTML, like Gecko) Brave/1 Mobile/15E148 Safari/604.1"
41.248.229.245 - - [29/Apr/2026:14:45:38 +0200] "GET /admin-heade.php HTTP/1.1" 404 1251 "-" "Mozlila/5.0 (Linux; Android 7.0; SM-G892A Bulid/NRD90M; wv) AppleWebKit/537.36 (KHTML, like Gecko) Version/4.0 Chrome/60.0.3112.107 Moblie Safari/537.36"
41.248.229.245 - - [29/Apr/2026:14:45:47 +0200] "GET /cgi-bin/iR7SzrsOUEP.php HTTP/1.1" 404 1251 "-" "Mozlila/5.0 (Linux; Android 7.0; SM-G892A Bulid/NRD90M; wv) AppleWebKit/537.36 (KHTML, like Gecko) Version/4.0 Chrome/60.0.3112.107 Moblie Safari/537.36"
91.134.142.208 - - [29/Apr/2026:14:44:31 +0200] "GET //about.php HTTP/1.1" 404 1251 "-" "Mozilla/5.0 (iPhone; CPU iPhone OS 26_2_1 like Mac OS X) AppleWebKit/605.1.15 (KHTML, like Gecko) Version/26.0 YaBrowser/25.12.8.328.10 SA/3 Mobile/15E148 Safari/604.1"
86.16.74.122 - - [29/Apr/2026:14:44:36 +0200] "GET /Mailer_5c2c99561f3b74.php HTTP/1.1" 200 126 "-" "Mozilla/5.0 (Macintosh; Intel Mac OS X 10_15_7) AppleWebKit/605.1.15 (KHTML, like Gecko) Version/26.4 Safari/605.1.15"
46.62.173.36 - - [29/Apr/2026:14:44:37 +0200] "GET /Mailer_5c2c99561f3b74.php HTTP/1.1" 200 126 "-" "Mozilla/5.0 (Macintosh; Intel Mac OS X 10_15_7) AppleWebKit/605.1.15 (KHTML, like Gecko) Version/26.4 Safari/605.1.15"
86.16.74.122 - - [29/Apr/2026:14:44:52 +0200] "GET /3bc323aca11a35.php HTTP/1.1" 200 38569 "-" "Mozilla/5.0 (Linux; Android 10; K) AppleWebKit/537.36 (KHTML, like Gecko) Chrome/146.0.0.0 Mobile Safari/537.36"
41.248.229.245 - - [29/Apr/2026:14:44:54 +0200] "GET /.well-known/pki-validation/iR7SzrsOUEP.php HTTP/1.1" 404 1251 "-" "Mozlila/5.0 (Linux; Android 7.0; SM-G892A Bulid/NRD90M; wv) AppleWebKit/537.36 (KHTML, like Gecko) Version/4.0 Chrome/60.0.3112.107 Moblie Safari/537.36"
146.190.203.144 - - [29/Apr/2026:14:44:56 +0200] "GET /3bc323aca11a35.php HTTP/1.1" 200 38572 "-" "Mozilla/5.0 (Linux; Android 10; K) AppleWebKit/537.36 (KHTML, like Gecko) Chrome/146.0.0.0 Mobile Safari/537.36"
51.75.141.254 - - [29/Apr/2026:14:45:22 +0200] "GET /c2b653fd11c458.php HTTP/1.1" 200 38574 "-" "Mozilla/5.0 (Linux; arm_64; Android 15; 23053RN02Y) AppleWebKit/537.36 (KHTML, like Gecko) Chrome/144.0.7559.732 YaSearchBrowser/26.35.1 BroPP/1.0 YaSearchApp/26.35.1 webOmni Mobile Safari/537.36"
159.223.242.210 - - [29/Apr/2026:14:45:35 +0200] "GET /8a70b4bc6b5038.php HTTP/1.1" 200 38572 "-" "Mozilla/5.0 (Macintosh; Intel Mac OS X 10_15_7) AppleWebKit/537.36 (KHTML, like Gecko) Chrome/145.0.0.0 Safari/537.36"
86.16.74.122 - - [29/Apr/2026:14:45:35 +0200] "GET /8a70b4bc6b5038.php HTTP/1.1" 200 38569 "-" "Mozilla/5.0 (Macintosh; Intel Mac OS X 10_15_7) AppleWebKit/537.36 (KHTML, like Gecko) Chrome/145.0.0.0 Safari/537.36"
68.183.245.101 - - [29/Apr/2026:14:45:37 +0200] "GET /8a70b4bc6b5038.php HTTP/1.1" 200 38571 "-" "Mozilla/5.0 (Macintosh; Intel Mac OS X 10_15_7) AppleWebKit/537.36 (KHTML, like Gecko) Chrome/145.0.0.0 Safari/537.36"
195.132.35.238 - - [29/Apr/2026:14:45:37 +0200] "GET /8a70b4bc6b5038.php HTTP/1.1" 200 38571 "-" "Mozilla/5.0 (Macintosh; Intel Mac OS X 10_15_7) AppleWebKit/537.36 (KHTML, like Gecko) Chrome/145.0.0.0 Safari/537.36"
86.16.74.122 - - [29/Apr/2026:14:46:11 +0200] "GET /Mailer_0a3170fad6056c.php HTTP/1.1" 200 126 "-" "Mozilla/5.0 (Windows NT 10.0; Win64; x64; rv:149.0) Gecko/20100101 Firefox/149.0"
91.134.43.151 - - [29/Apr/2026:14:46:12 +0200] "GET /8a70b4bc6b5038.php HTTP/1.1" 200 38574 "-" "Mozilla/5.0 (Macintosh; Intel Mac OS X 10_15_7) AppleWebKit/537.36 (KHTML, like Gecko) Chrome/146.0.0.0 Safari/537.36"
57.131.13.153 - - [29/Apr/2026:14:46:12 +0200] "GET /Mailer_0a3170fad6056c.php HTTP/1.1" 200 126 "-" "Mozilla/5.0 (Windows NT 10.0; Win64; x64; rv:149.0) Gecko/20100101 Firefox/149.0"
23.82.96.182 - - [29/Apr/2026:14:46:15 +0200] "GET /8a70b4bc6b5038.php HTTP/1.1" 200 38573 "-" "Mozilla/5.0 (Macintosh; Intel Mac OS X 10_15_7) AppleWebKit/537.36 (KHTML, like Gecko) Chrome/146.0.0.0 Safari/537.36"
57.131.13.153 - - [29/Apr/2026:14:46:16 +0200] "GET /Mailer_d6c00bda6a5049.php HTTP/1.1" 200 126 "-" "Mozilla/5.0 (Windows NT 10.0; Win64; x64) AppleWebKit/537.36 (KHTML, like Gecko) Chrome/145.0.0.0 Safari/537.36"
86.16.74.122 - - [29/Apr/2026:14:46:37 +0200] "GET /737b88c3ad9b21.php HTTP/1.1" 200 38569 "-" "Mozilla/5.0 (Macintosh; Intel Mac OS X 10_15_7) AppleWebKit/605.1.15 (KHTML, like Gecko) Version/26.4 Safari/605.1.15"
51.75.141.254 - - [29/Apr/2026:14:46:39 +0200] "GET /737b88c3ad9b21.php HTTP/1.1" 200 38570 "-" "Mozilla/5.0 (Macintosh; Intel Mac OS X 10_15_7) AppleWebKit/605.1.15 (KHTML, like Gecko) Version/26.4 Safari/605.1.15"
57.131.13.95 - - [29/Apr/2026:14:43:50 +0200] "GET /0a3170fad6056c.php HTTP/1.1" 200 38573 "-" "Mozilla/5.0 (Linux; Android 10; K) AppleWebKit/537.36 (KHTML, like Gecko) Chrome/138.0.0.0 Mobile Safari/537.36"
41.248.229.245 - - [29/Apr/2026:14:43:59 +0200] "GET /login.php HTTP/1.1" 404 1251 "-" "Mozlila/5.0 (Linux; Android 7.0; SM-G892A Bulid/NRD90M; wv) AppleWebKit/537.36 (KHTML, like Gecko) Version/4.0 Chrome/60.0.3112.107 Moblie Safari/537.36"
86.16.74.122 - - [29/Apr/2026:14:44:02 +0200] "GET /06bdc12ede3ae0.php HTTP/1.1" 200 38573 "-" "Mozilla/5.0 (iPhone; CPU iPhone OS 16_0 like Mac OS X) AppleWebKit/605.1.15 (KHTML, like Gecko) Version/16.0 Mobile/15E148 Safari/604.1"
57.131.13.101 - - [29/Apr/2026:14:44:03 +0200] "GET /06bdc12ede3ae0.php HTTP/1.1" 200 38574 "-" "Mozilla/5.0 (iPhone; CPU iPhone OS 16_0 like Mac OS X) AppleWebKit/605.1.15 (KHTML, like Gecko) Version/16.0 Mobile/15E148 Safari/604.1"
91.134.43.152 - - [29/Apr/2026:14:44:15 +0200] "GET /c2b653fd11c458.php HTTP/1.1" 200 38570 "-" "Mozilla/5.0 (iPhone; CPU iPhone OS 15_0 like Mac OS X) AppleWebKit/605.1.15 (KHTML, like Gecko) Version/15.0 Mobile/15E148 Safari/604.1"
86.16.74.122 - - [29/Apr/2026:14:44:18 +0200] "GET /c2b653fd11c458.php HTTP/1.1" 200 38569 "-" "Mozilla/5.0 (iPhone; CPU iPhone OS 15_0 like Mac OS X) AppleWebKit/605.1.15 (KHTML, like Gecko) Version/15.0 Mobile/15E148 Safari/604.1"
41.248.229.245 - - [29/Apr/2026:14:44:18 +0200] "GET /.well-known/acme-challenge/admin.php HTTP/1.1" 404 1251 "-" "Mozlila/5.0 (Linux; Android 7.0; SM-G892A Bulid/NRD90M; wv) AppleWebKit/537.36 (KHTML, like Gecko) Version/4.0 Chrome/60.0.3112.107 Moblie Safari/537.36"
65.109.14.150 - - [29/Apr/2026:14:44:39 +0200] "GET /Mailer_5c2c99561f3b74.php HTTP/1.1" 200 126 "-" "Mozilla/5.0 (Macintosh; Intel Mac OS X 10_15_7) AppleWebKit/605.1.15 (KHTML, like Gecko) Version/26.4 Safari/605.1.15"
51.91.156.252 - - [29/Apr/2026:14:44:56 +0200] "GET /3bc323aca11a35.php HTTP/1.1" 200 38570 "-" "Mozilla/5.0 (Linux; Android 10; K) AppleWebKit/537.36 (KHTML, like Gecko) Chrome/146.0.0.0 Mobile Safari/537.36"
41.248.229.245 - - [29/Apr/2026:14:45:16 +0200] "GET /xleet-shell.php HTTP/1.1" 404 1251 "-" "Mozlila/5.0 (Linux; Android 7.0; SM-G892A Bulid/NRD90M; wv) AppleWebKit/537.36 (KHTML, like Gecko) Version/4.0 Chrome/60.0.3112.107 Moblie Safari/537.36"
86.16.74.122 - - [29/Apr/2026:14:45:23 +0200] "GET /c2b653fd11c458.php HTTP/1.1" 200 38573 "-" "Mozilla/5.0 (Linux; arm_64; Android 15; 23053RN02Y) AppleWebKit/537.36 (KHTML, like Gecko) Chrome/144.0.7559.732 YaSearchBrowser/26.35.1 BroPP/1.0 YaSearchApp/26.35.1 webOmni Mobile Safari/537.36"
146.190.185.95 - - [29/Apr/2026:14:45:24 +0200] "GET /c2b653fd11c458.php HTTP/1.1" 200 38575 "-" "Mozilla/5.0 (Linux; arm_64; Android 15; 23053RN02Y) AppleWebKit/537.36 (KHTML, like Gecko) Chrome/144.0.7559.732 YaSearchBrowser/26.35.1 BroPP/1.0 YaSearchApp/26.35.1 webOmni Mobile Safari/537.36"
86.16.74.122 - - [29/Apr/2026:14:45:59 +0200] "GET /Mailer_862a9c587b7396.php HTTP/1.1" 200 126 "-" "Mozilla/5.0 (Linux; Android 10; K) AppleWebKit/537.36 (KHTML, like Gecko) Chrome/144.0.0.0 Mobile Safari/537.36"
146.190.185.95 - - [29/Apr/2026:14:46:00 +0200] "GET /Mailer_862a9c587b7396.php HTTP/1.1" 200 126 "-" "Mozilla/5.0 (Linux; Android 10; K) AppleWebKit/537.36 (KHTML, like Gecko) Chrome/144.0.0.0 Mobile Safari/537.36"
86.16.74.122 - - [29/Apr/2026:14:46:11 +0200] "GET /8a70b4bc6b5038.php HTTP/1.1" 200 38573 "-" "Mozilla/5.0 (Macintosh; Intel Mac OS X 10_15_7) AppleWebKit/537.36 (KHTML, like Gecko) Chrome/146.0.0.0 Safari/537.36"
57.131.13.107 - - [29/Apr/2026:14:46:37 +0200] "GET /737b88c3ad9b21.php HTTP/1.1" 200 38570 "-" "Mozilla/5.0 (Macintosh; Intel Mac OS X 10_15_7) AppleWebKit/605.1.15 (KHTML, like Gecko) Version/26.4 Safari/605.1.15"
195.132.35.238 - - [29/Apr/2026:14:47:05 +0200] "GET /Mailer_8a70b4bc6b5038.php HTTP/1.1" 200 126 "-" "Mozilla/5.0 (Windows NT 10.0; Win64; x64) AppleWebKit/537.36 (KHTML, like Gecko) Chrome/147.0.0.0 Safari/537.36 Edg/147.0.0.0"
51.91.159.157 - - [29/Apr/2026:14:45:59 +0200] "GET /Mailer_862a9c587b7396.php HTTP/1.1" 200 126 "-" "Mozilla/5.0 (Linux; Android 10; K) AppleWebKit/537.36 (KHTML, like Gecko) Chrome/144.0.0.0 Mobile Safari/537.36"
209.50.227.112 - - [29/Apr/2026:14:46:01 +0200] "GET /Mailer_862a9c587b7396.php HTTP/1.1" 200 126 "-" "Mozilla/5.0 (Linux; Android 10; K) AppleWebKit/537.36 (KHTML, like Gecko) Chrome/144.0.0.0 Mobile Safari/537.36"
51.75.141.254 - - [29/Apr/2026:14:46:13 +0200] "GET /Mailer_0a3170fad6056c.php HTTP/1.1" 200 126 "-" "Mozilla/5.0 (Windows NT 10.0; Win64; x64; rv:149.0) Gecko/20100101 Firefox/149.0"
77.42.64.154 - - [29/Apr/2026:14:46:14 +0200] "GET /8a70b4bc6b5038.php HTTP/1.1" 200 38573 "-" "Mozilla/5.0 (Macintosh; Intel Mac OS X 10_15_7) AppleWebKit/537.36 (KHTML, like Gecko) Chrome/146.0.0.0 Safari/537.36"
77.42.64.154 - - [29/Apr/2026:14:46:17 +0200] "GET /Mailer_d6c00bda6a5049.php HTTP/1.1" 200 126 "-" "Mozilla/5.0 (Windows NT 10.0; Win64; x64) AppleWebKit/537.36 (KHTML, like Gecko) Chrome/145.0.0.0 Safari/537.36"
86.16.74.122 - - [29/Apr/2026:14:46:19 +0200] "GET /Mailer_d6c00bda6a5049.php HTTP/1.1" 200 126 "-" "Mozilla/5.0 (Windows NT 10.0; Win64; x64) AppleWebKit/537.36 (KHTML, like Gecko) Chrome/145.0.0.0 Safari/537.36"
91.134.142.216 - - [29/Apr/2026:14:46:20 +0200] "GET /Mailer_d6c00bda6a5049.php HTTP/1.1" 200 126 "-" "Mozilla/5.0 (Windows NT 10.0; Win64; x64) AppleWebKit/537.36 (KHTML, like Gecko) Chrome/145.0.0.0 Safari/537.36"
145.239.90.82 - - [29/Apr/2026:14:47:01 +0200] "GET /5c2c99561f3b74.php HTTP/1.1" 200 38570 "-" "Mozilla/5.0 (Linux; Android 10; K) AppleWebKit/537.36 (KHTML, like Gecko) Chrome/147.0.0.0 Mobile Safari/537.36"
86.16.74.122 - - [29/Apr/2026:14:47:05 +0200] "GET /5c2c99561f3b74.php HTTP/1.1" 200 38569 "-" "Mozilla/5.0 (Linux; Android 10; K) AppleWebKit/537.36 (KHTML, like Gecko) Chrome/147.0.0.0 Mobile Safari/537.36"
209.50.227.112 - - [29/Apr/2026:14:47:15 +0200] "GET /c17d291cfd5338.php HTTP/1.1" 200 38571 "-" "Mozilla/5.0 (Windows NT 10.0; Win64; x64) AppleWebKit/537.36 (KHTML, like Gecko) Chrome/145.0.0.0 Safari/537.36"
41.248.229.245 - - [29/Apr/2026:14:47:20 +0200] "GET /iR7SzrsOUEP.php HTTP/1.1" 404 1251 "-" "Mozlila/5.0 (Linux; Android 7.0; SM-G892A Bulid/NRD90M; wv) AppleWebKit/537.36 (KHTML, like Gecko) Version/4.0 Chrome/60.0.3112.107 Moblie Safari/537.36"
23.80.89.36 - - [29/Apr/2026:14:47:21 +0200] "GET /d03ff56cd9fc33.php HTTP/1.1" 200 38568 "-" "Mozilla/5.0 (Linux; Android 10; K) AppleWebKit/537.36 (KHTML, like Gecko) Chrome/131.0.0.0 Mobile Safari/537.36"
81.53.36.105 - - [29/Apr/2026:14:47:33 +0200] "GET /Mailer_fac0bfb17cb424.php HTTP/1.1" 200 126 "-" "Mozilla/5.0 (Linux; Android 10; K) AppleWebKit/537.36 (KHTML, like Gecko) Chrome/145.0.0.0 Mobile Safari/537.36"
23.80.89.37 - - [29/Apr/2026:14:47:35 +0200] "GET /Mailer_fac0bfb17cb424.php HTTP/1.1" 200 126 "-" "Mozilla/5.0 (Linux; Android 10; K) AppleWebKit/537.36 (KHTML, like Gecko) Chrome/145.0.0.0 Mobile Safari/537.36"
49.13.211.144 - - [29/Apr/2026:14:47:43 +0200] "GET /5c2c99561f3b74.php HTTP/1.1" 200 38574 "-" "Mozilla/5.0 (iPhone; CPU iPhone OS 17_0_1 like Mac OS X) AppleWebKit/605.1.15 (KHTML, like Gecko) Version/17.0 Mobile/15E148 Safari/604.1"
46.62.234.38 - - [29/Apr/2026:14:47:43 +0200] "GET /5c2c99561f3b74.php HTTP/1.1" 200 38573 "-" "Mozilla/5.0 (iPhone; CPU iPhone OS 17_0_1 like Mac OS X) AppleWebKit/605.1.15 (KHTML, like Gecko) Version/17.0 Mobile/15E148 Safari/604.1"
213.139.9.170 - - [29/Apr/2026:14:47:56 +0200] "GET /Mailer_06bdc12ede3ae0.php HTTP/1.1" 200 126 "-" "Mozilla/5.0 (Macintosh; Intel Mac OS X 10_15_7) AppleWebKit/605.1.15 (KHTML, like Gecko) Version/26.4 Safari/605.1.15"
159.89.216.7 - - [29/Apr/2026:14:48:16 +0200] "GET /Mailer_d03ff56cd9fc33.php HTTP/1.1" 200 126 "-" "Mozilla/5.0 (Windows NT 10.0; Win64; x64) AppleWebKit/537.36 (KHTML, like Gecko) Chrome/145.0.0.0 Safari/537.36 Edg/145.0.0.0"
65.109.14.150 - - [29/Apr/2026:14:46:40 +0200] "GET /737b88c3ad9b21.php HTTP/1.1" 200 38570 "-" "Mozilla/5.0 (Macintosh; Intel Mac OS X 10_15_7) AppleWebKit/605.1.15 (KHTML, like Gecko) Version/26.4 Safari/605.1.15"
91.134.142.216 - - [29/Apr/2026:14:47:01 +0200] "GET /5c2c99561f3b74.php HTTP/1.1" 200 38571 "-" "Mozilla/5.0 (Linux; Android 10; K) AppleWebKit/537.36 (KHTML, like Gecko) Chrome/147.0.0.0 Mobile Safari/537.36"
37.27.253.44 - - [29/Apr/2026:14:47:02 +0200] "GET /5c2c99561f3b74.php HTTP/1.1" 200 38569 "-" "Mozilla/5.0 (Linux; Android 10; K) AppleWebKit/537.36 (KHTML, like Gecko) Chrome/147.0.0.0 Mobile Safari/537.36"
209.50.228.93 - - [29/Apr/2026:14:47:04 +0200] "GET /Mailer_8a70b4bc6b5038.php HTTP/1.1" 200 126 "-" "Mozilla/5.0 (Windows NT 10.0; Win64; x64) AppleWebKit/537.36 (KHTML, like Gecko) Chrome/147.0.0.0 Safari/537.36 Edg/147.0.0.0"
86.16.74.122 - - [29/Apr/2026:14:47:11 +0200] "GET /Mailer_c6c6c941f9dab1.php HTTP/1.1" 200 126 "-" "Mozilla/5.0 (Linux; Android 10; K) AppleWebKit/537.36 (KHTML, like Gecko) Chrome/139.0.0.0 Mobile Safari/537.36"
138.68.120.52 - - [29/Apr/2026:14:47:13 +0200] "GET /Mailer_c6c6c941f9dab1.php HTTP/1.1" 200 126 "-" "Mozilla/5.0 (Linux; Android 10; K) AppleWebKit/537.36 (KHTML, like Gecko) Chrome/139.0.0.0 Mobile Safari/537.36"
91.134.142.208 - - [29/Apr/2026:14:47:13 +0200] "GET /c17d291cfd5338.php HTTP/1.1" 200 38571 "-" "Mozilla/5.0 (Windows NT 10.0; Win64; x64) AppleWebKit/537.36 (KHTML, like Gecko) Chrome/145.0.0.0 Safari/537.36"
86.16.74.122 - - [29/Apr/2026:14:47:13 +0200] "GET /c17d291cfd5338.php HTTP/1.1" 200 38569 "-" "Mozilla/5.0 (Windows NT 10.0; Win64; x64) AppleWebKit/537.36 (KHTML, like Gecko) Chrome/145.0.0.0 Safari/537.36"
77.42.67.200 - - [29/Apr/2026:14:47:14 +0200] "GET /c17d291cfd5338.php HTTP/1.1" 200 38569 "-" "Mozilla/5.0 (Windows NT 10.0; Win64; x64) AppleWebKit/537.36 (KHTML, like Gecko) Chrome/145.0.0.0 Safari/537.36"
86.16.74.122 - - [29/Apr/2026:14:47:21 +0200] "GET /d03ff56cd9fc33.php HTTP/1.1" 200 38569 "-" "Mozilla/5.0 (Linux; Android 10; K) AppleWebKit/537.36 (KHTML, like Gecko) Chrome/131.0.0.0 Mobile Safari/537.36"
51.91.156.252 - - [29/Apr/2026:14:47:25 +0200] "GET /d03ff56cd9fc33.php HTTP/1.1" 200 38570 "-" "Mozilla/5.0 (Linux; Android 10; K) AppleWebKit/537.36 (KHTML, like Gecko) Chrome/131.0.0.0 Mobile Safari/537.36"
57.131.13.108 - - [29/Apr/2026:14:47:26 +0200] "GET /d03ff56cd9fc33.php HTTP/1.1" 200 38570 "-" "Mozilla/5.0 (Linux; Android 10; K) AppleWebKit/537.36 (KHTML, like Gecko) Chrome/131.0.0.0 Mobile Safari/537.36"
57.131.13.153 - - [29/Apr/2026:14:47:54 +0200] "GET /Mailer_06bdc12ede3ae0.php HTTP/1.1" 200 126 "-" "Mozilla/5.0 (Macintosh; Intel Mac OS X 10_15_7) AppleWebKit/605.1.15 (KHTML, like Gecko) Version/26.4 Safari/605.1.15"
146.190.190.67 - - [29/Apr/2026:14:47:54 +0200] "GET /Mailer_06bdc12ede3ae0.php HTTP/1.1" 200 126 "-" "Mozilla/5.0 (Macintosh; Intel Mac OS X 10_15_7) AppleWebKit/605.1.15 (KHTML, like Gecko) Version/26.4 Safari/605.1.15"
57.131.13.108 - - [29/Apr/2026:14:48:16 +0200] "GET /Mailer_d03ff56cd9fc33.php HTTP/1.1" 200 126 "-" "Mozilla/5.0 (Windows NT 10.0; Win64; x64) AppleWebKit/537.36 (KHTML, like Gecko) Chrome/145.0.0.0 Safari/537.36 Edg/145.0.0.0"
157.230.71.9 - - [29/Apr/2026:14:48:23 +0200] "GET /Mailer_c2b653fd11c458.php HTTP/1.1" 200 126 "-" "Mozilla/5.0 (Linux; Android 10; K) AppleWebKit/537.36 (KHTML, like Gecko) Chrome/145.0.0.0 Mobile Safari/537.36"
157.230.195.44 - - [29/Apr/2026:14:48:25 +0200] "GET /Mailer_c2b653fd11c458.php HTTP/1.1" 200 126 "-" "Mozilla/5.0 (Linux; Android 10; K) AppleWebKit/537.36 (KHTML, like Gecko) Chrome/145.0.0.0 Mobile Safari/537.36"
51.75.141.254 - - [29/Apr/2026:14:48:52 +0200] "GET /862a9c587b7396.php HTTP/1.1" 200 38574 "-" "Mozilla/5.0 (Linux; Android 10; K) AppleWebKit/537.36 (KHTML, like Gecko) Chrome/143.0.0.0 Mobile Safari/537.36"
51.91.156.252 - - [29/Apr/2026:14:49:02 +0200] "GET /862a9c587b7396.php HTTP/1.1" 200 38570 "-" "Mozilla/5.0 (Linux; Android 10; K) AppleWebKit/537.36 (KHTML, like Gecko) Chrome/146.0.0.0 Mobile Safari/537.36"
86.16.74.122 - - [29/Apr/2026:14:47:07 +0200] "GET /Mailer_8a70b4bc6b5038.php HTTP/1.1" 200 126 "-" "Mozilla/5.0 (Windows NT 10.0; Win64; x64) AppleWebKit/537.36 (KHTML, like Gecko) Chrome/147.0.0.0 Safari/537.36 Edg/147.0.0.0"
170.64.241.20 - - [29/Apr/2026:14:47:08 +0200] "GET /Mailer_8a70b4bc6b5038.php HTTP/1.1" 200 126 "-" "Mozilla/5.0 (Windows NT 10.0; Win64; x64) AppleWebKit/537.36 (KHTML, like Gecko) Chrome/147.0.0.0 Safari/537.36 Edg/147.0.0.0"
91.134.43.152 - - [29/Apr/2026:14:47:11 +0200] "GET /Mailer_c6c6c941f9dab1.php HTTP/1.1" 200 126 "-" "Mozilla/5.0 (Linux; Android 10; K) AppleWebKit/537.36 (KHTML, like Gecko) Chrome/139.0.0.0 Mobile Safari/537.36"
57.131.13.95 - - [29/Apr/2026:14:47:13 +0200] "GET /Mailer_c6c6c941f9dab1.php HTTP/1.1" 200 126 "-" "Mozilla/5.0 (Linux; Android 10; K) AppleWebKit/537.36 (KHTML, like Gecko) Chrome/139.0.0.0 Mobile Safari/537.36"
86.16.74.122 - - [29/Apr/2026:14:47:36 +0200] "GET /Mailer_fac0bfb17cb424.php HTTP/1.1" 200 126 "-" "Mozilla/5.0 (Linux; Android 10; K) AppleWebKit/537.36 (KHTML, like Gecko) Chrome/145.0.0.0 Mobile Safari/537.36"
86.16.74.122 - - [29/Apr/2026:14:47:43 +0200] "GET /5c2c99561f3b74.php HTTP/1.1" 200 38573 "-" "Mozilla/5.0 (iPhone; CPU iPhone OS 17_0_1 like Mac OS X) AppleWebKit/605.1.15 (KHTML, like Gecko) Version/17.0 Mobile/15E148 Safari/604.1"
51.75.141.254 - - [29/Apr/2026:14:47:44 +0200] "GET /5c2c99561f3b74.php HTTP/1.1" 200 38574 "-" "Mozilla/5.0 (iPhone; CPU iPhone OS 17_0_1 like Mac OS X) AppleWebKit/605.1.15 (KHTML, like Gecko) Version/17.0 Mobile/15E148 Safari/604.1"
86.16.74.122 - - [29/Apr/2026:14:47:55 +0200] "GET /Mailer_06bdc12ede3ae0.php HTTP/1.1" 200 126 "-" "Mozilla/5.0 (Macintosh; Intel Mac OS X 10_15_7) AppleWebKit/605.1.15 (KHTML, like Gecko) Version/26.4 Safari/605.1.15"
13.38.44.207 - - [29/Apr/2026:14:48:15 +0200] "GET /Mailer_d03ff56cd9fc33.php HTTP/1.1" 200 126 "-" "Mozilla/5.0 (Windows NT 10.0; Win64; x64) AppleWebKit/537.36 (KHTML, like Gecko) Chrome/145.0.0.0 Safari/537.36 Edg/145.0.0.0"
86.16.74.122 - - [29/Apr/2026:14:48:15 +0200] "GET /Mailer_d03ff56cd9fc33.php HTTP/1.1" 200 126 "-" "Mozilla/5.0 (Windows NT 10.0; Win64; x64) AppleWebKit/537.36 (KHTML, like Gecko) Chrome/145.0.0.0 Safari/537.36 Edg/145.0.0.0"
45.157.112.25 - - [29/Apr/2026:14:48:22 +0200] "GET /Mailer_c2b653fd11c458.php HTTP/1.1" 200 126 "-" "Mozilla/5.0 (Linux; Android 10; K) AppleWebKit/537.36 (KHTML, like Gecko) Chrome/145.0.0.0 Mobile Safari/537.36"
86.16.74.122 - - [29/Apr/2026:14:48:55 +0200] "GET /862a9c587b7396.php HTTP/1.1" 200 38573 "-" "Mozilla/5.0 (Linux; Android 10; K) AppleWebKit/537.36 (KHTML, like Gecko) Chrome/143.0.0.0 Mobile Safari/537.36"
157.230.195.44 - - [29/Apr/2026:14:48:58 +0200] "GET /Mailer_737b88c3ad9b21.php HTTP/1.1" 200 126 "-" "Mozilla/5.0 (Linux; Android 10; K) AppleWebKit/537.36 (KHTML, like Gecko) Chrome/146.0.0.0 Mobile Safari/537.36"
86.16.74.122 - - [29/Apr/2026:14:49:02 +0200] "GET /862a9c587b7396.php HTTP/1.1" 200 38569 "-" "Mozilla/5.0 (Linux; Android 10; K) AppleWebKit/537.36 (KHTML, like Gecko) Chrome/146.0.0.0 Mobile Safari/537.36"
86.16.74.122 - - [29/Apr/2026:14:49:07 +0200] "GET /fac0bfb17cb424.php HTTP/1.1" 200 38573 "-" "Mozilla/5.0 (Windows NT 10.0; Win64; x64) AppleWebKit/537.36 (KHTML, like Gecko) Chrome/147.0.0.0 Safari/537.36 Edg/147.0.0.0"
23.19.230.168 - - [29/Apr/2026:14:49:10 +0200] "GET /fac0bfb17cb424.php HTTP/1.1" 200 38574 "-" "Mozilla/5.0 (Windows NT 10.0; Win64; x64) AppleWebKit/537.36 (KHTML, like Gecko) Chrome/147.0.0.0 Safari/537.36 Edg/147.0.0.0"
195.132.35.238 - - [29/Apr/2026:14:49:17 +0200] "GET /Mailer_c17d291cfd5338.php HTTP/1.1" 200 126 "-" "Mozilla/5.0 (Linux; Android 10; K) AppleWebKit/537.36 (KHTML, like Gecko) Chrome/145.0.0.0 Mobile Safari/537.36"
51.91.156.252 - - [29/Apr/2026:14:49:19 +0200] "GET /d6c00bda6a5049.php HTTP/1.1" 200 38570 "-" "Mozilla/5.0 (Windows NT 10.0; Win64; x64) AppleWebKit/537.36 (KHTML, like Gecko) Chrome/145.0.0.0 Safari/537.36 Edg/145.0.0.0"
86.16.74.122 - - [29/Apr/2026:14:48:23 +0200] "GET /Mailer_c2b653fd11c458.php HTTP/1.1" 200 126 "-" "Mozilla/5.0 (Linux; Android 10; K) AppleWebKit/537.36 (KHTML, like Gecko) Chrome/145.0.0.0 Mobile Safari/537.36"
209.50.228.92 - - [29/Apr/2026:14:48:54 +0200] "GET /862a9c587b7396.php HTTP/1.1" 200 38574 "-" "Mozilla/5.0 (Linux; Android 10; K) AppleWebKit/537.36 (KHTML, like Gecko) Chrome/143.0.0.0 Mobile Safari/537.36"
91.134.43.152 - - [29/Apr/2026:14:48:57 +0200] "GET /Mailer_737b88c3ad9b21.php HTTP/1.1" 200 126 "-" "Mozilla/5.0 (Linux; Android 10; K) AppleWebKit/537.36 (KHTML, like Gecko) Chrome/146.0.0.0 Mobile Safari/537.36"
46.62.234.38 - - [29/Apr/2026:14:48:57 +0200] "GET /Mailer_737b88c3ad9b21.php HTTP/1.1" 200 126 "-" "Mozilla/5.0 (Linux; Android 10; K) AppleWebKit/537.36 (KHTML, like Gecko) Chrome/146.0.0.0 Mobile Safari/537.36"
86.16.74.122 - - [29/Apr/2026:14:48:58 +0200] "GET /Mailer_737b88c3ad9b21.php HTTP/1.1" 200 126 "-" "Mozilla/5.0 (Linux; Android 10; K) AppleWebKit/537.36 (KHTML, like Gecko) Chrome/146.0.0.0 Mobile Safari/537.36"
146.190.203.144 - - [29/Apr/2026:14:48:59 +0200] "GET /862a9c587b7396.php HTTP/1.1" 200 38576 "-" "Mozilla/5.0 (Linux; Android 10; K) AppleWebKit/537.36 (KHTML, like Gecko) Chrome/143.0.0.0 Mobile Safari/537.36"
145.239.90.82 - - [29/Apr/2026:14:49:07 +0200] "GET /862a9c587b7396.php HTTP/1.1" 200 38570 "-" "Mozilla/5.0 (Linux; Android 10; K) AppleWebKit/537.36 (KHTML, like Gecko) Chrome/146.0.0.0 Mobile Safari/537.36"
86.16.74.122 - - [29/Apr/2026:14:49:23 +0200] "GET /d6c00bda6a5049.php HTTP/1.1" 200 38569 "-" "Mozilla/5.0 (Windows NT 10.0; Win64; x64) AppleWebKit/537.36 (KHTML, like Gecko) Chrome/145.0.0.0 Safari/537.36 Edg/145.0.0.0"
51.91.159.157 - - [29/Apr/2026:14:50:26 +0200] "GET /Mailer_3bc323aca11a35.php HTTP/1.1" 200 126 "-" "Mozilla/5.0 (Macintosh; Intel Mac OS X 10_16_0) AppleWebKit/537.36 (KHTML, like Gecko) Chrome/69.0.3497.81 Safari/537.36"
13.38.44.207 - - [29/Apr/2026:14:57:49 +0200] "GET /06bdc12ede3ae0.php HTTP/1.1" 200 38573 "-" "Mozilla/5.0 (iPhone; CPU iPhone OS 16_0 like Mac OS X) AppleWebKit/605.1.15 (KHTML, like Gecko) Version/16.0 Mobile/15E148 Safari/604.1"
170.64.241.20 - - [29/Apr/2026:14:57:52 +0200] "GET /06bdc12ede3ae0.php HTTP/1.1" 200 38574 "-" "Mozilla/5.0 (iPhone; CPU iPhone OS 16_0 like Mac OS X) AppleWebKit/605.1.15 (KHTML, like Gecko) Version/16.0 Mobile/15E148 Safari/604.1"
86.16.74.122 - - [29/Apr/2026:14:57:53 +0200] "GET /06bdc12ede3ae0.php HTTP/1.1" 200 38573 "-" "Mozilla/5.0 (iPhone; CPU iPhone OS 16_0 like Mac OS X) AppleWebKit/605.1.15 (KHTML, like Gecko) Version/16.0 Mobile/15E148 Safari/604.1"
65.109.14.150 - - [29/Apr/2026:14:58:04 +0200] "GET /Mailer_5c2c99561f3b74.php HTTP/1.1" 200 126 "-" "Mozilla/5.0 (Macintosh; Intel Mac OS X 10_15_7) AppleWebKit/605.1.15 (KHTML, like Gecko) Version/26.4 Safari/605.1.15"
86.16.74.122 - - [29/Apr/2026:14:58:05 +0200] "GET /Mailer_5c2c99561f3b74.php HTTP/1.1" 200 126 "-" "Mozilla/5.0 (Macintosh; Intel Mac OS X 10_15_7) AppleWebKit/605.1.15 (KHTML, like Gecko) Version/26.4 Safari/605.1.15"
86.16.74.122 - - [29/Apr/2026:14:59:05 +0200] "GET /c2b653fd11c458.php HTTP/1.1" 200 38569 "-" "Mozilla/5.0 (iPhone; CPU iPhone OS 15_0 like Mac OS X) AppleWebKit/605.1.15 (KHTML, like Gecko) Version/15.0 Mobile/15E148 Safari/604.1"
77.42.67.200 - - [29/Apr/2026:14:59:06 +0200] "GET /c2b653fd11c458.php HTTP/1.1" 200 38569 "-" "Mozilla/5.0 (iPhone; CPU iPhone OS 15_0 like Mac OS X) AppleWebKit/605.1.15 (KHTML, like Gecko) Version/15.0 Mobile/15E148 Safari/604.1"
