192.178.6.105 - - [28/May/2026:00:33:17 +0200] "GET /?s=15254154743 HTTP/1.1" 200 199676 "-" "Mozilla/5.0 (Linux; Android 6.0.1; Nexus 5X Build/MMB29P) AppleWebKit/537.36 (KHTML, like Gecko) Chrome/148.0.7778.96 Mobile Safari/537.36 (compatible; GoogleOther)"
192.178.6.105 - - [28/May/2026:00:33:20 +0200] "GET /?f=61391253634 HTTP/1.1" 200 203992 "-" "Mozilla/5.0 (Linux; Android 6.0.1; Nexus 5X Build/MMB29P) AppleWebKit/537.36 (KHTML, like Gecko) Chrome/148.0.7778.96 Mobile Safari/537.36 (compatible; Googlebot/2.1; +http://www.google.com/bot.html)"
192.178.6.105 - - [28/May/2026:00:33:28 +0200] "GET /?x=40349350 HTTP/1.1" 200 198460 "-" "Mozilla/5.0 (Linux; Android 6.0.1; Nexus 5X Build/MMB29P) AppleWebKit/537.36 (KHTML, like Gecko) Chrome/148.0.7778.96 Mobile Safari/537.36 (compatible; GoogleOther)"
192.178.6.96 - - [28/May/2026:00:33:31 +0200] "GET /?f=61391111368 HTTP/1.1" 200 200057 "-" "Mozilla/5.0 (Linux; Android 6.0.1; Nexus 5X Build/MMB29P) AppleWebKit/537.36 (KHTML, like Gecko) Chrome/148.0.7778.96 Mobile Safari/537.36 (compatible; GoogleOther)"
192.178.6.97 - - [28/May/2026:00:33:32 +0200] "GET /?s=15254281488 HTTP/1.1" 200 199030 "-" "Mozilla/5.0 (Linux; Android 6.0.1; Nexus 5X Build/MMB29P) AppleWebKit/537.36 (KHTML, like Gecko) Chrome/148.0.7778.96 Mobile Safari/537.36 (compatible; GoogleOther)"
192.178.6.96 - - [28/May/2026:00:33:11 +0200] "GET /?b=55121255073 HTTP/1.1" 200 199111 "-" "Mozilla/5.0 (Linux; Android 6.0.1; Nexus 5X Build/MMB29P) AppleWebKit/537.36 (KHTML, like Gecko) Chrome/148.0.7778.96 Mobile Safari/537.36 (compatible; GoogleOther)"
66.249.69.139 - - [28/May/2026:00:33:12 +0200] "GET /?u=59846144947 HTTP/1.1" 200 201831 "-" "Mozilla/5.0 (Linux; Android 6.0.1; Nexus 5X Build/MMB29P) AppleWebKit/537.36 (KHTML, like Gecko) Chrome/148.0.7778.96 Mobile Safari/537.36 (compatible; GoogleOther)"
192.178.6.105 - - [28/May/2026:00:33:19 +0200] "GET /?o=97436262542 HTTP/1.1" 200 199726 "-" "Mozilla/5.0 (Linux; Android 6.0.1; Nexus 5X Build/MMB29P) AppleWebKit/537.36 (KHTML, like Gecko) Chrome/148.0.7778.96 Mobile Safari/537.36 (compatible; GoogleOther)"
66.249.69.139 - - [28/May/2026:00:33:23 +0200] "GET /?r=84517275021 HTTP/1.1" 200 201673 "-" "Mozilla/5.0 (Linux; Android 6.0.1; Nexus 5X Build/MMB29P) AppleWebKit/537.36 (KHTML, like Gecko) Chrome/148.0.7778.96 Mobile Safari/537.36 (compatible; GoogleOther)"
66.249.69.139 - - [28/May/2026:00:33:24 +0200] "GET /?o=97436236912 HTTP/1.1" 200 202675 "-" "Mozilla/5.0 (Linux; Android 6.0.1; Nexus 5X Build/MMB29P) AppleWebKit/537.36 (KHTML, like Gecko) Chrome/148.0.7778.96 Mobile Safari/537.36 (compatible; Googlebot/2.1; +http://www.google.com/bot.html)"
66.249.69.139 - - [28/May/2026:00:33:24 +0200] "GET /items/C041420608/ HTTP/1.1" 200 201419 "-" "Mozilla/5.0 (Linux; Android 6.0.1; Nexus 5X Build/MMB29P) AppleWebKit/537.36 (KHTML, like Gecko) Chrome/148.0.7778.96 Mobile Safari/537.36 (compatible; Googlebot/2.1; +http://www.google.com/bot.html)"
192.178.6.105 - - [28/May/2026:00:33:25 +0200] "GET /?b=55121266469 HTTP/1.1" 200 199715 "-" "Mozilla/5.0 (Linux; Android 6.0.1; Nexus 5X Build/MMB29P) AppleWebKit/537.36 (KHTML, like Gecko) Chrome/148.0.7778.96 Mobile Safari/537.36 (compatible; GoogleOther)"
192.178.6.105 - - [28/May/2026:00:33:26 +0200] "GET /?f=6139190915 HTTP/1.1" 200 197432 "-" "Mozilla/5.0 (Linux; Android 6.0.1; Nexus 5X Build/MMB29P) AppleWebKit/537.36 (KHTML, like Gecko) Chrome/148.0.7778.96 Mobile Safari/537.36 (compatible; GoogleOther)"
192.178.6.105 - - [28/May/2026:00:33:29 +0200] "GET /?u=598468057 HTTP/1.1" 200 199685 "-" "Mozilla/5.0 (Linux; Android 6.0.1; Nexus 5X Build/MMB29P) AppleWebKit/537.36 (KHTML, like Gecko) Chrome/148.0.7778.96 Mobile Safari/537.36 (compatible; GoogleOther)"
66.249.69.139 - - [28/May/2026:00:33:32 +0200] "GET /items/X846949835/ HTTP/1.1" 200 202072 "-" "Mozilla/5.0 (Linux; Android 6.0.1; Nexus 5X Build/MMB29P) AppleWebKit/537.36 (KHTML, like Gecko) Chrome/148.0.7778.96 Mobile Safari/537.36 (compatible; Googlebot/2.1; +http://www.google.com/bot.html)"
66.249.69.140 - - [28/May/2026:00:33:34 +0200] "GET /?x=40349163949 HTTP/1.1" 200 201087 "-" "Mozilla/5.0 (Linux; Android 6.0.1; Nexus 5X Build/MMB29P) AppleWebKit/537.36 (KHTML, like Gecko) Chrome/148.0.7778.96 Mobile Safari/537.36 (compatible; Googlebot/2.1; +http://www.google.com/bot.html)"
192.178.6.105 - - [28/May/2026:00:33:35 +0200] "GET /?o=97436228108 HTTP/1.1" 200 199175 "-" "Mozilla/5.0 (Linux; Android 6.0.1; Nexus 5X Build/MMB29P) AppleWebKit/537.36 (KHTML, like Gecko) Chrome/148.0.7778.96 Mobile Safari/537.36 (compatible; GoogleOther)"
192.178.6.96 - - [28/May/2026:00:33:37 +0200] "GET /?t=6231596589 HTTP/1.1" 200 199222 "-" "Mozilla/5.0 (Linux; Android 6.0.1; Nexus 5X Build/MMB29P) AppleWebKit/537.36 (KHTML, like Gecko) Chrome/148.0.7778.96 Mobile Safari/537.36 (compatible; GoogleOther)"
192.178.6.97 - - [28/May/2026:00:33:38 +0200] "GET /?r=84517186332 HTTP/1.1" 200 198141 "-" "Mozilla/5.0 (Linux; Android 6.0.1; Nexus 5X Build/MMB29P) AppleWebKit/537.36 (KHTML, like Gecko) Chrome/148.0.7778.96 Mobile Safari/537.36 (compatible; GoogleOther)"
66.249.69.140 - - [28/May/2026:00:33:43 +0200] "GET /?o=97436134197 HTTP/1.1" 200 199706 "-" "Mozilla/5.0 (Linux; Android 6.0.1; Nexus 5X Build/MMB29P) AppleWebKit/537.36 (KHTML, like Gecko) Chrome/148.0.7778.96 Mobile Safari/537.36 (compatible; GoogleOther)"
66.249.69.139 - - [28/May/2026:00:33:18 +0200] "GET /items/S381183276/ HTTP/1.1" 200 200098 "-" "Mozilla/5.0 (Linux; Android 6.0.1; Nexus 5X Build/MMB29P) AppleWebKit/537.36 (KHTML, like Gecko) Chrome/148.0.7778.96 Mobile Safari/537.36 (compatible; Googlebot/2.1; +http://www.google.com/bot.html)"
192.178.6.105 - - [28/May/2026:00:33:20 +0200] "GET /?b=5512150932 HTTP/1.1" 200 200422 "-" "Mozilla/5.0 (Linux; Android 6.0.1; Nexus 5X Build/MMB29P) AppleWebKit/537.36 (KHTML, like Gecko) Chrome/148.0.7778.96 Mobile Safari/537.36 (compatible; Googlebot/2.1; +http://www.google.com/bot.html)"
192.178.6.105 - - [28/May/2026:00:33:20 +0200] "GET /?b=5512173264 HTTP/1.1" 200 198791 "-" "Mozilla/5.0 (Linux; Android 6.0.1; Nexus 5X Build/MMB29P) AppleWebKit/537.36 (KHTML, like Gecko) Chrome/148.0.7778.96 Mobile Safari/537.36 (compatible; GoogleOther)"
192.178.6.105 - - [28/May/2026:00:33:22 +0200] "GET /?t=62315119431 HTTP/1.1" 200 204388 "-" "Mozilla/5.0 (Linux; Android 6.0.1; Nexus 5X Build/MMB29P) AppleWebKit/537.36 (KHTML, like Gecko) Chrome/148.0.7778.96 Mobile Safari/537.36 (compatible; GoogleOther)"
192.178.6.105 - - [28/May/2026:00:33:22 +0200] "GET /?x=40349103501 HTTP/1.1" 200 198936 "-" "Mozilla/5.0 (Linux; Android 6.0.1; Nexus 5X Build/MMB29P) AppleWebKit/537.36 (KHTML, like Gecko) Chrome/148.0.7778.96 Mobile Safari/537.36 (compatible; Googlebot/2.1; +http://www.google.com/bot.html)"
192.178.6.105 - - [28/May/2026:00:33:25 +0200] "GET /?r=8451715079 HTTP/1.1" 200 198118 "-" "Mozilla/5.0 (Linux; Android 6.0.1; Nexus 5X Build/MMB29P) AppleWebKit/537.36 (KHTML, like Gecko) Chrome/148.0.7778.96 Mobile Safari/537.36 (compatible; Googlebot/2.1; +http://www.google.com/bot.html)"
66.249.69.139 - - [28/May/2026:00:33:27 +0200] "GET /items/J102405023/ HTTP/1.1" 200 201773 "-" "Mozilla/5.0 (Linux; Android 6.0.1; Nexus 5X Build/MMB29P) AppleWebKit/537.36 (KHTML, like Gecko) Chrome/148.0.7778.96 Mobile Safari/537.36 (compatible; Googlebot/2.1; +http://www.google.com/bot.html)"
192.178.6.96 - - [28/May/2026:00:33:27 +0200] "GET /?q=61038190235 HTTP/1.1" 200 197359 "-" "Mozilla/5.0 (Linux; Android 6.0.1; Nexus 5X Build/MMB29P) AppleWebKit/537.36 (KHTML, like Gecko) Chrome/148.0.7778.96 Mobile Safari/537.36 (compatible; Googlebot/2.1; +http://www.google.com/bot.html)"
192.178.6.96 - - [28/May/2026:00:33:31 +0200] "GET /?s=152545491 HTTP/1.1" 200 198269 "-" "Mozilla/5.0 (Linux; Android 6.0.1; Nexus 5X Build/MMB29P) AppleWebKit/537.36 (KHTML, like Gecko) Chrome/148.0.7778.96 Mobile Safari/537.36 (compatible; Googlebot/2.1; +http://www.google.com/bot.html)"
66.249.69.139 - - [28/May/2026:00:33:39 +0200] "GET /?b=5512132295 HTTP/1.1" 200 199762 "-" "Mozilla/5.0 (Linux; Android 6.0.1; Nexus 5X Build/MMB29P) AppleWebKit/537.36 (KHTML, like Gecko) Chrome/148.0.7778.96 Mobile Safari/537.36 (compatible; Googlebot/2.1; +http://www.google.com/bot.html)"
66.249.69.139 - - [28/May/2026:00:33:41 +0200] "GET /items/Y763105767/ HTTP/1.1" 200 198736 "-" "Mozilla/5.0 (Linux; Android 6.0.1; Nexus 5X Build/MMB29P) AppleWebKit/537.36 (KHTML, like Gecko) Chrome/148.0.7778.96 Mobile Safari/537.36 (compatible; Googlebot/2.1; +http://www.google.com/bot.html)"
66.249.69.141 - - [28/May/2026:00:33:43 +0200] "GET /?s=15254246774 HTTP/1.1" 200 200218 "-" "Mozilla/5.0 (Linux; Android 6.0.1; Nexus 5X Build/MMB29P) AppleWebKit/537.36 (KHTML, like Gecko) Chrome/148.0.7778.96 Mobile Safari/537.36 (compatible; Googlebot/2.1; +http://www.google.com/bot.html)"
66.249.69.139 - - [28/May/2026:00:33:44 +0200] "GET /?q=61038241049 HTTP/1.1" 200 201547 "-" "Mozilla/5.0 (Linux; Android 6.0.1; Nexus 5X Build/MMB29P) AppleWebKit/537.36 (KHTML, like Gecko) Chrome/148.0.7778.96 Mobile Safari/537.36 (compatible; GoogleOther)"
192.178.6.97 - - [28/May/2026:00:33:49 +0200] "GET /?x=40349128984 HTTP/1.1" 200 199015 "-" "Mozilla/5.0 (Linux; Android 6.0.1; Nexus 5X Build/MMB29P) AppleWebKit/537.36 (KHTML, like Gecko) Chrome/148.0.7778.96 Mobile Safari/537.36 (compatible; Googlebot/2.1; +http://www.google.com/bot.html)"
192.178.6.97 - - [28/May/2026:00:33:34 +0200] "GET /?r=8451757661 HTTP/1.1" 200 197462 "-" "Mozilla/5.0 (Linux; Android 6.0.1; Nexus 5X Build/MMB29P) AppleWebKit/537.36 (KHTML, like Gecko) Chrome/148.0.7778.96 Mobile Safari/537.36 (compatible; GoogleOther)"
66.249.69.139 - - [28/May/2026:00:33:35 +0200] "GET /?q=61038172602 HTTP/1.1" 200 200020 "-" "Mozilla/5.0 (Linux; Android 6.0.1; Nexus 5X Build/MMB29P) AppleWebKit/537.36 (KHTML, like Gecko) Chrome/148.0.7778.96 Mobile Safari/537.36 (compatible; Googlebot/2.1; +http://www.google.com/bot.html)"
66.249.69.140 - - [28/May/2026:00:33:37 +0200] "GET /?t=6231578079 HTTP/1.1" 200 202352 "-" "Mozilla/5.0 (Linux; Android 6.0.1; Nexus 5X Build/MMB29P) AppleWebKit/537.36 (KHTML, like Gecko) Chrome/148.0.7778.96 Mobile Safari/537.36 (compatible; Googlebot/2.1; +http://www.google.com/bot.html)"
66.249.69.139 - - [28/May/2026:00:33:40 +0200] "GET /?f=6139119260 HTTP/1.1" 200 201594 "-" "Mozilla/5.0 (Linux; Android 6.0.1; Nexus 5X Build/MMB29P) AppleWebKit/537.36 (KHTML, like Gecko) Chrome/148.0.7778.96 Mobile Safari/537.36 (compatible; GoogleOther)"
192.178.6.97 - - [28/May/2026:00:33:41 +0200] "GET /?s=15254155362 HTTP/1.1" 200 202268 "-" "Mozilla/5.0 (Linux; Android 6.0.1; Nexus 5X Build/MMB29P) AppleWebKit/537.36 (KHTML, like Gecko) Chrome/148.0.7778.96 Mobile Safari/537.36 (compatible; GoogleOther)"
192.178.6.96 - - [28/May/2026:00:33:45 +0200] "GET /?w=86810257921 HTTP/1.1" 200 201857 "-" "Mozilla/5.0 (Linux; Android 6.0.1; Nexus 5X Build/MMB29P) AppleWebKit/537.36 (KHTML, like Gecko) Chrome/148.0.7778.96 Mobile Safari/537.36 (compatible; Googlebot/2.1; +http://www.google.com/bot.html)"
192.178.6.97 - - [28/May/2026:00:33:47 +0200] "GET /shop/?video=thelottovip.vip HTTP/1.1" 200 201524 "-" "Mozilla/5.0 (Linux; Android 6.0.1; Nexus 5X Build/MMB29P) AppleWebKit/537.36 (KHTML, like Gecko) Chrome/148.0.7778.96 Mobile Safari/537.36 (compatible; Googlebot/2.1; +http://www.google.com/bot.html)"
192.178.6.97 - - [28/May/2026:00:33:48 +0200] "GET /?t=62315230528 HTTP/1.1" 200 198063 "-" "Mozilla/5.0 (Linux; Android 6.0.1; Nexus 5X Build/MMB29P) AppleWebKit/537.36 (KHTML, like Gecko) Chrome/148.0.7778.96 Mobile Safari/537.36 (compatible; GoogleOther)"
192.178.6.96 - - [28/May/2026:00:33:49 +0200] "GET /shop/?video=Stinkin+Rich+slot+machine+RTP HTTP/1.1" 200 197933 "-" "Mozilla/5.0 (Linux; Android 6.0.1; Nexus 5X Build/MMB29P) AppleWebKit/537.36 (KHTML, like Gecko) Chrome/148.0.7778.96 Mobile Safari/537.36 (compatible; Googlebot/2.1; +http://www.google.com/bot.html)"
40.77.167.243 - - [28/May/2026:00:33:54 +0200] "GET /items/Y823200512/ HTTP/1.1" 200 200541 "-" "Mozilla/5.0 AppleWebKit/537.36 (KHTML, like Gecko; compatible; bingbot/2.0; +http://www.bing.com/bingbot.htm) Chrome/116.0.1938.76 Safari/537.36"
192.178.6.98 - - [28/May/2026:00:33:54 +0200] "GET /?u=5984679297 HTTP/1.1" 200 198857 "-" "Mozilla/5.0 (Linux; Android 6.0.1; Nexus 5X Build/MMB29P) AppleWebKit/537.36 (KHTML, like Gecko) Chrome/148.0.7778.96 Mobile Safari/537.36 (compatible; Googlebot/2.1; +http://www.google.com/bot.html)"
40.77.167.243 - - [28/May/2026:00:33:58 +0200] "GET /items/W765014482/ HTTP/1.1" 200 201635 "-" "Mozilla/5.0 AppleWebKit/537.36 (KHTML, like Gecko; compatible; bingbot/2.0; +http://www.bing.com/bingbot.htm) Chrome/116.0.1938.76 Safari/537.36"
66.249.69.140 - - [28/May/2026:00:34:01 +0200] "GET /?r=8451713101 HTTP/1.1" 200 200188 "-" "Mozilla/5.0 (Linux; Android 6.0.1; Nexus 5X Build/MMB29P) AppleWebKit/537.36 (KHTML, like Gecko) Chrome/148.0.7778.96 Mobile Safari/537.36 (compatible; GoogleOther)"
66.249.69.140 - - [28/May/2026:00:34:03 +0200] "GET /?f=61391231888 HTTP/1.1" 200 200679 "-" "Mozilla/5.0 (Linux; Android 6.0.1; Nexus 5X Build/MMB29P) AppleWebKit/537.36 (KHTML, like Gecko) Chrome/148.0.7778.96 Mobile Safari/537.36 (compatible; Googlebot/2.1; +http://www.google.com/bot.html)"
66.249.69.140 - - [28/May/2026:00:33:44 +0200] "GET /items/E056749280/ HTTP/1.1" 200 198688 "-" "Mozilla/5.0 (Linux; Android 6.0.1; Nexus 5X Build/MMB29P) AppleWebKit/537.36 (KHTML, like Gecko) Chrome/148.0.7778.96 Mobile Safari/537.36 (compatible; Googlebot/2.1; +http://www.google.com/bot.html)"
192.178.6.103 - - [28/May/2026:00:33:46 +0200] "GET /saiga.php?d=62455141162 HTTP/1.1" 200 201879 "-" "Mozilla/5.0 (Linux; Android 6.0.1; Nexus 5X Build/MMB29P) AppleWebKit/537.36 (KHTML, like Gecko) Chrome/148.0.7778.96 Mobile Safari/537.36 (compatible; GoogleOther)"
66.249.69.140 - - [28/May/2026:00:33:49 +0200] "GET /?q=6103893168 HTTP/1.1" 200 201324 "-" "Mozilla/5.0 (Linux; Android 6.0.1; Nexus 5X Build/MMB29P) AppleWebKit/537.36 (KHTML, like Gecko) Chrome/148.0.7778.96 Mobile Safari/537.36 (compatible; GoogleOther)"
192.178.6.98 - - [28/May/2026:00:33:50 +0200] "GET /?o=97436159310 HTTP/1.1" 200 197255 "-" "Mozilla/5.0 (Linux; Android 6.0.1; Nexus 5X Build/MMB29P) AppleWebKit/537.36 (KHTML, like Gecko) Chrome/148.0.7778.96 Mobile Safari/537.36 (compatible; Googlebot/2.1; +http://www.google.com/bot.html)"
66.249.69.141 - - [28/May/2026:00:33:52 +0200] "GET /?w=86810205409 HTTP/1.1" 200 201371 "-" "Mozilla/5.0 (Linux; Android 6.0.1; Nexus 5X Build/MMB29P) AppleWebKit/537.36 (KHTML, like Gecko) Chrome/148.0.7778.96 Mobile Safari/537.36 (compatible; Googlebot/2.1; +http://www.google.com/bot.html)"
66.249.69.140 - - [28/May/2026:00:33:52 +0200] "GET /?x=40349105366 HTTP/1.1" 200 198942 "-" "Mozilla/5.0 (Linux; Android 6.0.1; Nexus 5X Build/MMB29P) AppleWebKit/537.36 (KHTML, like Gecko) Chrome/148.0.7778.96 Mobile Safari/537.36 (compatible; GoogleOther)"
192.178.6.105 - - [28/May/2026:00:33:55 +0200] "GET /?f=61391154121 HTTP/1.1" 200 199043 "-" "Mozilla/5.0 (Linux; Android 6.0.1; Nexus 5X Build/MMB29P) AppleWebKit/537.36 (KHTML, like Gecko) Chrome/148.0.7778.96 Mobile Safari/537.36 (compatible; Googlebot/2.1; +http://www.google.com/bot.html)"
192.178.6.97 - - [28/May/2026:00:33:55 +0200] "GET /?u=59846193257 HTTP/1.1" 200 198918 "-" "Mozilla/5.0 (Linux; Android 6.0.1; Nexus 5X Build/MMB29P) AppleWebKit/537.36 (KHTML, like Gecko) Chrome/148.0.7778.96 Mobile Safari/537.36 (compatible; GoogleOther)"
40.77.167.243 - - [28/May/2026:00:33:55 +0200] "GET /items/J666640530/ HTTP/1.1" 200 200431 "-" "Mozilla/5.0 AppleWebKit/537.36 (KHTML, like Gecko; compatible; bingbot/2.0; +http://www.bing.com/bingbot.htm) Chrome/116.0.1938.76 Safari/537.36"
192.178.6.96 - - [28/May/2026:00:33:58 +0200] "GET /?r=8451762075 HTTP/1.1" 200 201441 "-" "Mozilla/5.0 (Linux; Android 6.0.1; Nexus 5X Build/MMB29P) AppleWebKit/537.36 (KHTML, like Gecko) Chrome/148.0.7778.96 Mobile Safari/537.36 (compatible; GoogleOther)"
192.178.6.96 - - [28/May/2026:00:34:06 +0200] "GET /shop/?video=slotxo199+register HTTP/1.1" 200 197358 "-" "Mozilla/5.0 (Linux; Android 6.0.1; Nexus 5X Build/MMB29P) AppleWebKit/537.36 (KHTML, like Gecko) Chrome/148.0.7778.96 Mobile Safari/537.36 (compatible; Googlebot/2.1; +http://www.google.com/bot.html)"
192.178.6.97 - - [28/May/2026:00:34:08 +0200] "GET /?r=8451749643 HTTP/1.1" 200 198066 "-" "Mozilla/5.0 (Linux; Android 6.0.1; Nexus 5X Build/MMB29P) AppleWebKit/537.36 (KHTML, like Gecko) Chrome/148.0.7778.96 Mobile Safari/537.36 (compatible; GoogleOther)"
40.77.167.235 - - [28/May/2026:00:34:09 +0200] "GET /items/O346838004/ HTTP/1.1" 200 200744 "-" "Mozilla/5.0 AppleWebKit/537.36 (KHTML, like Gecko; compatible; bingbot/2.0; +http://www.bing.com/bingbot.htm) Chrome/116.0.1938.76 Safari/537.36"
192.178.6.105 - - [28/May/2026:00:34:10 +0200] "GET /?s=1525419763 HTTP/1.1" 200 198720 "-" "Mozilla/5.0 (Linux; Android 6.0.1; Nexus 5X Build/MMB29P) AppleWebKit/537.36 (KHTML, like Gecko) Chrome/148.0.7778.96 Mobile Safari/537.36 (compatible; GoogleOther)"
192.178.6.97 - - [28/May/2026:00:34:10 +0200] "GET /?q=61038100462 HTTP/1.1" 200 197888 "-" "Mozilla/5.0 (Linux; Android 6.0.1; Nexus 5X Build/MMB29P) AppleWebKit/537.36 (KHTML, like Gecko) Chrome/148.0.7778.96 Mobile Safari/537.36 (compatible; Googlebot/2.1; +http://www.google.com/bot.html)"
66.249.69.140 - - [28/May/2026:00:33:49 +0200] "GET /?r=8451747240 HTTP/1.1" 200 199094 "-" "Mozilla/5.0 (Linux; Android 6.0.1; Nexus 5X Build/MMB29P) AppleWebKit/537.36 (KHTML, like Gecko) Chrome/148.0.7778.96 Mobile Safari/537.36 (compatible; Googlebot/2.1; +http://www.google.com/bot.html)"
66.249.69.141 - - [28/May/2026:00:33:51 +0200] "GET /?q=6103818306 HTTP/1.1" 200 200683 "-" "Mozilla/5.0 (Linux; Android 6.0.1; Nexus 5X Build/MMB29P) AppleWebKit/537.36 (KHTML, like Gecko) Chrome/148.0.7778.96 Mobile Safari/537.36 (compatible; GoogleOther)"
66.249.69.141 - - [28/May/2026:00:33:56 +0200] "GET /?u=59846165873 HTTP/1.1" 200 202235 "-" "Mozilla/5.0 (Linux; Android 6.0.1; Nexus 5X Build/MMB29P) AppleWebKit/537.36 (KHTML, like Gecko) Chrome/148.0.7778.96 Mobile Safari/537.36 (compatible; Googlebot/2.1; +http://www.google.com/bot.html)"
40.77.167.243 - - [28/May/2026:00:33:59 +0200] "GET /category/112541366867 HTTP/1.1" 200 201378 "-" "Mozilla/5.0 AppleWebKit/537.36 (KHTML, like Gecko; compatible; bingbot/2.0; +http://www.bing.com/bingbot.htm) Chrome/116.0.1938.76 Safari/537.36"
52.167.144.183 - - [28/May/2026:00:34:01 +0200] "GET /items/K877278204/ HTTP/1.1" 200 198720 "-" "Mozilla/5.0 AppleWebKit/537.36 (KHTML, like Gecko; compatible; bingbot/2.0; +http://www.bing.com/bingbot.htm) Chrome/116.0.1938.76 Safari/537.36"
52.167.144.183 - - [28/May/2026:00:34:03 +0200] "GET /view/item/051378296915 HTTP/1.1" 200 199893 "-" "Mozilla/5.0 AppleWebKit/537.36 (KHTML, like Gecko; compatible; bingbot/2.0; +http://www.bing.com/bingbot.htm) Chrome/116.0.1938.76 Safari/537.36"
40.77.167.235 - - [28/May/2026:00:34:10 +0200] "GET /items/E944621865/ HTTP/1.1" 200 202153 "-" "Mozilla/5.0 AppleWebKit/537.36 (KHTML, like Gecko; compatible; bingbot/2.0; +http://www.bing.com/bingbot.htm) Chrome/116.0.1938.76 Safari/537.36"
192.178.6.105 - - [28/May/2026:00:34:14 +0200] "GET /?b=55121111002 HTTP/1.1" 200 199455 "-" "Mozilla/5.0 (Linux; Android 6.0.1; Nexus 5X Build/MMB29P) AppleWebKit/537.36 (KHTML, like Gecko) Chrome/148.0.7778.96 Mobile Safari/537.36 (compatible; Googlebot/2.1; +http://www.google.com/bot.html)"
40.77.167.243 - - [28/May/2026:00:34:15 +0200] "GET /items/C227345269/ HTTP/1.1" 200 200855 "-" "Mozilla/5.0 AppleWebKit/537.36 (KHTML, like Gecko; compatible; bingbot/2.0; +http://www.bing.com/bingbot.htm) Chrome/116.0.1938.76 Safari/537.36"
192.178.6.96 - - [28/May/2026:00:34:18 +0200] "GET /?t=62315273937 HTTP/1.1" 200 197470 "-" "Mozilla/5.0 (Linux; Android 6.0.1; Nexus 5X Build/MMB29P) AppleWebKit/537.36 (KHTML, like Gecko) Chrome/148.0.7778.96 Mobile Safari/537.36 (compatible; GoogleOther)"
192.178.6.96 - - [28/May/2026:00:34:21 +0200] "GET /?f=61391226240 HTTP/1.1" 200 199538 "-" "Mozilla/5.0 (Linux; Android 6.0.1; Nexus 5X Build/MMB29P) AppleWebKit/537.36 (KHTML, like Gecko) Chrome/148.0.7778.96 Mobile Safari/537.36 (compatible; GoogleOther)"
66.249.69.139 - - [28/May/2026:00:34:28 +0200] "GET /items/R402604163/ HTTP/1.1" 200 204692 "-" "Mozilla/5.0 (Linux; Android 6.0.1; Nexus 5X Build/MMB29P) AppleWebKit/537.36 (KHTML, like Gecko) Chrome/148.0.7778.96 Mobile Safari/537.36 (compatible; Googlebot/2.1; +http://www.google.com/bot.html)"
66.249.69.139 - - [28/May/2026:00:34:30 +0200] "GET /?f=6139156971 HTTP/1.1" 200 200504 "-" "Mozilla/5.0 (Linux; Android 6.0.1; Nexus 5X Build/MMB29P) AppleWebKit/537.36 (KHTML, like Gecko) Chrome/148.0.7778.96 Mobile Safari/537.36 (compatible; GoogleOther)"
192.178.6.105 - - [28/May/2026:00:34:33 +0200] "GET /?s=15254118936 HTTP/1.1" 200 203117 "-" "Mozilla/5.0 (Linux; Android 6.0.1; Nexus 5X Build/MMB29P) AppleWebKit/537.36 (KHTML, like Gecko) Chrome/148.0.7778.96 Mobile Safari/537.36 (compatible; GoogleOther)"
66.249.69.140 - - [28/May/2026:00:34:34 +0200] "GET /?detail/08403463542345 HTTP/1.1" 200 197455 "-" "Mozilla/5.0 (Linux; Android 6.0.1; Nexus 5X Build/MMB29P) AppleWebKit/537.36 (KHTML, like Gecko) Chrome/148.0.7778.96 Mobile Safari/537.36 (compatible; Googlebot/2.1; +http://www.google.com/bot.html)"
52.167.144.183 - - [28/May/2026:00:34:04 +0200] "GET /items/P124904818/ HTTP/1.1" 200 198895 "-" "Mozilla/5.0 AppleWebKit/537.36 (KHTML, like Gecko; compatible; bingbot/2.0; +http://www.bing.com/bingbot.htm) Chrome/116.0.1938.76 Safari/537.36"
66.249.69.141 - - [28/May/2026:00:34:05 +0200] "GET /items/W033671279/ HTTP/1.1" 200 203770 "-" "Mozilla/5.0 (Linux; Android 6.0.1; Nexus 5X Build/MMB29P) AppleWebKit/537.36 (KHTML, like Gecko) Chrome/148.0.7778.96 Mobile Safari/537.36 (compatible; Googlebot/2.1; +http://www.google.com/bot.html)"
192.178.6.105 - - [28/May/2026:00:34:06 +0200] "GET /?b=55121279161 HTTP/1.1" 200 199948 "-" "Mozilla/5.0 (Linux; Android 6.0.1; Nexus 5X Build/MMB29P) AppleWebKit/537.36 (KHTML, like Gecko) Chrome/148.0.7778.96 Mobile Safari/537.36 (compatible; GoogleOther)"
52.167.144.183 - - [28/May/2026:00:34:06 +0200] "GET /items/G044596441/ HTTP/1.1" 200 199677 "-" "Mozilla/5.0 AppleWebKit/537.36 (KHTML, like Gecko; compatible; bingbot/2.0; +http://www.bing.com/bingbot.htm) Chrome/116.0.1938.76 Safari/537.36"
192.178.6.97 - - [28/May/2026:00:34:12 +0200] "GET /?o=9743625560 HTTP/1.1" 200 197225 "-" "Mozilla/5.0 (Linux; Android 6.0.1; Nexus 5X Build/MMB29P) AppleWebKit/537.36 (KHTML, like Gecko) Chrome/148.0.7778.96 Mobile Safari/537.36 (compatible; GoogleOther)"
66.249.69.139 - - [28/May/2026:00:34:14 +0200] "GET /?r=84517145744 HTTP/1.1" 200 201321 "-" "Mozilla/5.0 (Linux; Android 6.0.1; Nexus 5X Build/MMB29P) AppleWebKit/537.36 (KHTML, like Gecko) Chrome/148.0.7778.96 Mobile Safari/537.36 (compatible; GoogleOther)"
66.249.69.140 - - [28/May/2026:00:34:17 +0200] "GET /?t=6231580726 HTTP/1.1" 200 198415 "-" "Mozilla/5.0 (Linux; Android 6.0.1; Nexus 5X Build/MMB29P) AppleWebKit/537.36 (KHTML, like Gecko) Chrome/148.0.7778.96 Mobile Safari/537.36 (compatible; GoogleOther)"
40.77.167.243 - - [28/May/2026:00:34:17 +0200] "GET /items/R727137386/ HTTP/1.1" 200 200483 "-" "Mozilla/5.0 AppleWebKit/537.36 (KHTML, like Gecko; compatible; bingbot/2.0; +http://www.bing.com/bingbot.htm) Chrome/116.0.1938.76 Safari/537.36"
40.77.167.243 - - [28/May/2026:00:34:18 +0200] "GET /view/item/052250737163 HTTP/1.1" 200 201533 "-" "Mozilla/5.0 AppleWebKit/537.36 (KHTML, like Gecko; compatible; bingbot/2.0; +http://www.bing.com/bingbot.htm) Chrome/116.0.1938.76 Safari/537.36"
192.178.6.96 - - [28/May/2026:00:34:28 +0200] "GET /?t=6231592541 HTTP/1.1" 200 200003 "-" "Mozilla/5.0 (Linux; Android 6.0.1; Nexus 5X Build/MMB29P) AppleWebKit/537.36 (KHTML, like Gecko) Chrome/148.0.7778.96 Mobile Safari/537.36 (compatible; Googlebot/2.1; +http://www.google.com/bot.html)"
192.178.6.96 - - [28/May/2026:00:34:37 +0200] "GET /?b=55121215237 HTTP/1.1" 200 197459 "-" "Mozilla/5.0 (Linux; Android 6.0.1; Nexus 5X Build/MMB29P) AppleWebKit/537.36 (KHTML, like Gecko) Chrome/148.0.7778.96 Mobile Safari/537.36 (compatible; Googlebot/2.1; +http://www.google.com/bot.html)"
192.178.6.105 - - [28/May/2026:00:34:39 +0200] "GET /?x=40349167954 HTTP/1.1" 200 200950 "-" "Mozilla/5.0 (Linux; Android 6.0.1; Nexus 5X Build/MMB29P) AppleWebKit/537.36 (KHTML, like Gecko) Chrome/148.0.7778.96 Mobile Safari/537.36 (compatible; Googlebot/2.1; +http://www.google.com/bot.html)"
66.249.69.140 - - [28/May/2026:00:34:40 +0200] "GET /?o=97436103405 HTTP/1.1" 200 199365 "-" "Mozilla/5.0 (Linux; Android 6.0.1; Nexus 5X Build/MMB29P) AppleWebKit/537.36 (KHTML, like Gecko) Chrome/148.0.7778.96 Mobile Safari/537.36 (compatible; Googlebot/2.1; +http://www.google.com/bot.html)"
192.178.6.96 - - [28/May/2026:00:34:40 +0200] "GET /?o=97436146940 HTTP/1.1" 200 200581 "-" "Mozilla/5.0 (Linux; Android 6.0.1; Nexus 5X Build/MMB29P) AppleWebKit/537.36 (KHTML, like Gecko) Chrome/148.0.7778.96 Mobile Safari/537.36 (compatible; GoogleOther)"
192.178.6.105 - - [28/May/2026:00:34:45 +0200] "GET /?o=97436181094 HTTP/1.1" 200 198638 "-" "Mozilla/5.0 (Linux; Android 6.0.1; Nexus 5X Build/MMB29P) AppleWebKit/537.36 (KHTML, like Gecko) Chrome/148.0.7778.96 Mobile Safari/537.36 (compatible; GoogleOther)"
57.141.20.42 - - [28/May/2026:00:34:13 +0200] "GET /items/Q035059047/ HTTP/1.1" 500 0 "-" "meta-externalagent/1.1 (+https://developers.facebook.com/docs/sharing/webmasters/crawler)"
40.77.167.243 - - [28/May/2026:00:34:13 +0200] "GET /items/V893341811/ HTTP/1.1" 200 203313 "-" "Mozilla/5.0 AppleWebKit/537.36 (KHTML, like Gecko; compatible; bingbot/2.0; +http://www.bing.com/bingbot.htm) Chrome/116.0.1938.76 Safari/537.36"
40.77.167.243 - - [28/May/2026:00:34:16 +0200] "GET /items/G204762524/ HTTP/1.1" 200 200730 "-" "Mozilla/5.0 AppleWebKit/537.36 (KHTML, like Gecko; compatible; bingbot/2.0; +http://www.bing.com/bingbot.htm) Chrome/116.0.1938.76 Safari/537.36"
66.249.69.139 - - [28/May/2026:00:34:19 +0200] "GET /?b=55121179570 HTTP/1.1" 200 202390 "-" "Mozilla/5.0 (Linux; Android 6.0.1; Nexus 5X Build/MMB29P) AppleWebKit/537.36 (KHTML, like Gecko) Chrome/148.0.7778.96 Mobile Safari/537.36 (compatible; GoogleOther)"
52.167.144.183 - - [28/May/2026:00:34:21 +0200] "GET /items/Q246524254/ HTTP/1.1" 200 199521 "-" "Mozilla/5.0 AppleWebKit/537.36 (KHTML, like Gecko; compatible; bingbot/2.0; +http://www.bing.com/bingbot.htm) Chrome/116.0.1938.76 Safari/537.36"
192.178.6.105 - - [28/May/2026:00:34:22 +0200] "GET /?o=97436139038 HTTP/1.1" 200 199544 "-" "Mozilla/5.0 (Linux; Android 6.0.1; Nexus 5X Build/MMB29P) AppleWebKit/537.36 (KHTML, like Gecko) Chrome/148.0.7778.96 Mobile Safari/537.36 (compatible; Googlebot/2.1; +http://www.google.com/bot.html)"
66.249.69.139 - - [28/May/2026:00:34:24 +0200] "GET /?r=84517215347 HTTP/1.1" 200 198574 "-" "Mozilla/5.0 (Linux; Android 6.0.1; Nexus 5X Build/MMB29P) AppleWebKit/537.36 (KHTML, like Gecko) Chrome/148.0.7778.96 Mobile Safari/537.36 (compatible; GoogleOther)"
66.249.69.139 - - [28/May/2026:00:34:26 +0200] "GET /?r=84517140896 HTTP/1.1" 200 203737 "-" "Mozilla/5.0 (Linux; Android 6.0.1; Nexus 5X Build/MMB29P) AppleWebKit/537.36 (KHTML, like Gecko) Chrome/148.0.7778.96 Mobile Safari/537.36 (compatible; GoogleOther)"
66.249.69.140 - - [28/May/2026:00:34:36 +0200] "GET /?r=8451757102 HTTP/1.1" 200 200922 "-" "Mozilla/5.0 (Linux; Android 6.0.1; Nexus 5X Build/MMB29P) AppleWebKit/537.36 (KHTML, like Gecko) Chrome/148.0.7778.96 Mobile Safari/537.36 (compatible; GoogleOther)"
192.178.6.105 - - [28/May/2026:00:34:39 +0200] "GET /?o=97436230514 HTTP/1.1" 200 201077 "-" "Mozilla/5.0 (Linux; Android 6.0.1; Nexus 5X Build/MMB29P) AppleWebKit/537.36 (KHTML, like Gecko) Chrome/148.0.7778.96 Mobile Safari/537.36 (compatible; GoogleOther)"
192.178.6.101 - - [28/May/2026:00:34:46 +0200] "GET /saiga.php?b=1170174792 HTTP/1.1" 200 203748 "-" "Mozilla/5.0 (Linux; Android 6.0.1; Nexus 5X Build/MMB29P) AppleWebKit/537.36 (KHTML, like Gecko) Chrome/148.0.7778.96 Mobile Safari/537.36 (compatible; GoogleOther)"
66.249.69.140 - - [28/May/2026:00:34:51 +0200] "GET /?q=6103863660 HTTP/1.1" 200 200243 "-" "Mozilla/5.0 (Linux; Android 6.0.1; Nexus 5X Build/MMB29P) AppleWebKit/537.36 (KHTML, like Gecko) Chrome/148.0.7778.96 Mobile Safari/537.36 (compatible; Googlebot/2.1; +http://www.google.com/bot.html)"
192.178.6.101 - - [28/May/2026:00:34:51 +0200] "GET /saiga.php?g=98858226183 HTTP/1.1" 200 201778 "-" "Mozilla/5.0 (Linux; Android 6.0.1; Nexus 5X Build/MMB29P) AppleWebKit/537.36 (KHTML, like Gecko) Chrome/148.0.7778.96 Mobile Safari/537.36 (compatible; GoogleOther)"
66.249.69.139 - - [28/May/2026:00:34:56 +0200] "GET /items/Y437180049/ HTTP/1.1" 200 204773 "-" "Mozilla/5.0 (Linux; Android 6.0.1; Nexus 5X Build/MMB29P) AppleWebKit/537.36 (KHTML, like Gecko) Chrome/148.0.7778.96 Mobile Safari/537.36 (compatible; Googlebot/2.1; +http://www.google.com/bot.html)"
192.178.6.98 - - [28/May/2026:00:34:58 +0200] "GET /?b=55121155115 HTTP/1.1" 200 199425 "-" "Mozilla/5.0 (Linux; Android 6.0.1; Nexus 5X Build/MMB29P) AppleWebKit/537.36 (KHTML, like Gecko) Chrome/148.0.7778.96 Mobile Safari/537.36 (compatible; GoogleOther)"
66.249.69.139 - - [28/May/2026:00:34:37 +0200] "GET /?f=61391213556 HTTP/1.1" 200 201984 "-" "Mozilla/5.0 (Linux; Android 6.0.1; Nexus 5X Build/MMB29P) AppleWebKit/537.36 (KHTML, like Gecko) Chrome/148.0.7778.96 Mobile Safari/537.36 (compatible; GoogleOther)"
192.178.6.96 - - [28/May/2026:00:34:41 +0200] "GET /?r=8451762184 HTTP/1.1" 200 201910 "-" "Mozilla/5.0 (Linux; Android 6.0.1; Nexus 5X Build/MMB29P) AppleWebKit/537.36 (KHTML, like Gecko) Chrome/148.0.7778.96 Mobile Safari/537.36 (compatible; Googlebot/2.1; +http://www.google.com/bot.html)"
192.178.6.105 - - [28/May/2026:00:34:42 +0200] "GET /?r=84517113996 HTTP/1.1" 200 200841 "-" "Mozilla/5.0 (Linux; Android 6.0.1; Nexus 5X Build/MMB29P) AppleWebKit/537.36 (KHTML, like Gecko) Chrome/148.0.7778.96 Mobile Safari/537.36 (compatible; GoogleOther)"
192.178.6.97 - - [28/May/2026:00:34:43 +0200] "GET /?t=62315156458 HTTP/1.1" 200 197610 "-" "Mozilla/5.0 (Linux; Android 6.0.1; Nexus 5X Build/MMB29P) AppleWebKit/537.36 (KHTML, like Gecko) Chrome/148.0.7778.96 Mobile Safari/537.36 (compatible; GoogleOther)"
192.178.6.105 - - [28/May/2026:00:34:43 +0200] "GET /?q=61038125651 HTTP/1.1" 200 196899 "-" "Mozilla/5.0 (Linux; Android 6.0.1; Nexus 5X Build/MMB29P) AppleWebKit/537.36 (KHTML, like Gecko) Chrome/148.0.7778.96 Mobile Safari/537.36 (compatible; Googlebot/2.1; +http://www.google.com/bot.html)"
192.178.6.105 - - [28/May/2026:00:34:47 +0200] "GET /?s=1525440164 HTTP/1.1" 200 200900 "-" "Mozilla/5.0 (Linux; Android 6.0.1; Nexus 5X Build/MMB29P) AppleWebKit/537.36 (KHTML, like Gecko) Chrome/148.0.7778.96 Mobile Safari/537.36 (compatible; Googlebot/2.1; +http://www.google.com/bot.html)"
66.249.69.140 - - [28/May/2026:00:34:49 +0200] "GET /?x=40349170161 HTTP/1.1" 200 200304 "-" "Mozilla/5.0 (Linux; Android 6.0.1; Nexus 5X Build/MMB29P) AppleWebKit/537.36 (KHTML, like Gecko) Chrome/148.0.7778.96 Mobile Safari/537.36 (compatible; Googlebot/2.1; +http://www.google.com/bot.html)"
192.178.6.105 - - [28/May/2026:00:34:56 +0200] "GET /?u=5984646905 HTTP/1.1" 200 199616 "-" "Mozilla/5.0 (Linux; Android 6.0.1; Nexus 5X Build/MMB29P) AppleWebKit/537.36 (KHTML, like Gecko) Chrome/148.0.7778.96 Mobile Safari/537.36 (compatible; GoogleOther)"
66.249.69.141 - - [28/May/2026:00:34:58 +0200] "GET /?s=15254136608 HTTP/1.1" 200 202942 "-" "Mozilla/5.0 (Linux; Android 6.0.1; Nexus 5X Build/MMB29P) AppleWebKit/537.36 (KHTML, like Gecko) Chrome/148.0.7778.96 Mobile Safari/537.36 (compatible; Googlebot/2.1; +http://www.google.com/bot.html)"
192.178.6.105 - - [28/May/2026:00:34:59 +0200] "GET /?r=845178700 HTTP/1.1" 200 198100 "-" "Mozilla/5.0 (Linux; Android 6.0.1; Nexus 5X Build/MMB29P) AppleWebKit/537.36 (KHTML, like Gecko) Chrome/148.0.7778.96 Mobile Safari/537.36 (compatible; GoogleOther)"
66.249.69.141 - - [28/May/2026:00:35:00 +0200] "GET /items/E857893471/ HTTP/1.1" 200 200779 "-" "Mozilla/5.0 (Linux; Android 6.0.1; Nexus 5X Build/MMB29P) AppleWebKit/537.36 (KHTML, like Gecko) Chrome/148.0.7778.96 Mobile Safari/537.36 (compatible; Googlebot/2.1; +http://www.google.com/bot.html)"
192.178.6.96 - - [28/May/2026:00:35:01 +0200] "GET /?w=86810154007 HTTP/1.1" 200 197332 "-" "Mozilla/5.0 (Linux; Android 6.0.1; Nexus 5X Build/MMB29P) AppleWebKit/537.36 (KHTML, like Gecko) Chrome/148.0.7778.96 Mobile Safari/537.36 (compatible; Googlebot/2.1; +http://www.google.com/bot.html)"
192.178.6.105 - - [28/May/2026:00:35:03 +0200] "GET /?x=40349238711 HTTP/1.1" 200 198916 "-" "Mozilla/5.0 (Linux; Android 6.0.1; Nexus 5X Build/MMB29P) AppleWebKit/537.36 (KHTML, like Gecko) Chrome/148.0.7778.96 Mobile Safari/537.36 (compatible; GoogleOther)"
66.249.69.139 - - [28/May/2026:00:35:06 +0200] "GET /?r=84517177703 HTTP/1.1" 200 199379 "-" "Mozilla/5.0 (Linux; Android 6.0.1; Nexus 5X Build/MMB29P) AppleWebKit/537.36 (KHTML, like Gecko) Chrome/148.0.7778.96 Mobile Safari/537.36 (compatible; Googlebot/2.1; +http://www.google.com/bot.html)"
66.249.69.139 - - [28/May/2026:00:34:48 +0200] "GET /items/X965626920/ HTTP/1.1" 200 204097 "-" "Mozilla/5.0 (Linux; Android 6.0.1; Nexus 5X Build/MMB29P) AppleWebKit/537.36 (KHTML, like Gecko) Chrome/148.0.7778.96 Mobile Safari/537.36 (compatible; Googlebot/2.1; +http://www.google.com/bot.html)"
66.249.69.140 - - [28/May/2026:00:34:48 +0200] "GET /items/A436368537/ HTTP/1.1" 200 198874 "-" "Mozilla/5.0 (Linux; Android 6.0.1; Nexus 5X Build/MMB29P) AppleWebKit/537.36 (KHTML, like Gecko) Chrome/148.0.7778.96 Mobile Safari/537.36 (compatible; Googlebot/2.1; +http://www.google.com/bot.html)"
192.178.6.100 - - [28/May/2026:00:34:48 +0200] "GET /saiga.php?j=4618569883 HTTP/1.1" 200 202767 "-" "Mozilla/5.0 (Linux; Android 6.0.1; Nexus 5X Build/MMB29P) AppleWebKit/537.36 (KHTML, like Gecko) Chrome/148.0.7778.96 Mobile Safari/537.36 (compatible; GoogleOther)"
192.178.6.102 - - [28/May/2026:00:34:50 +0200] "GET /saiga.php?j=46185111991 HTTP/1.1" 200 199487 "-" "Mozilla/5.0 (Linux; Android 6.0.1; Nexus 5X Build/MMB29P) AppleWebKit/537.36 (KHTML, like Gecko) Chrome/148.0.7778.96 Mobile Safari/537.36 (compatible; GoogleOther)"
192.178.6.101 - - [28/May/2026:00:34:53 +0200] "GET /saiga.php?b=11701260191 HTTP/1.1" 200 201173 "-" "Mozilla/5.0 (Linux; Android 6.0.1; Nexus 5X Build/MMB29P) AppleWebKit/537.36 (KHTML, like Gecko) Chrome/148.0.7778.96 Mobile Safari/537.36 (compatible; GoogleOther)"
66.249.69.140 - - [28/May/2026:00:34:53 +0200] "GET /?t=62315174070 HTTP/1.1" 200 202381 "-" "Mozilla/5.0 (Linux; Android 6.0.1; Nexus 5X Build/MMB29P) AppleWebKit/537.36 (KHTML, like Gecko) Chrome/148.0.7778.96 Mobile Safari/537.36 (compatible; Googlebot/2.1; +http://www.google.com/bot.html)"
192.178.6.102 - - [28/May/2026:00:34:54 +0200] "GET /saiga.php?g=98858176607 HTTP/1.1" 200 199006 "-" "Mozilla/5.0 (Linux; Android 6.0.1; Nexus 5X Build/MMB29P) AppleWebKit/537.36 (KHTML, like Gecko) Chrome/148.0.7778.96 Mobile Safari/537.36 (compatible; GoogleOther)"
66.249.69.140 - - [28/May/2026:00:34:55 +0200] "GET /?b=5512183241 HTTP/1.1" 200 200967 "-" "Mozilla/5.0 (Linux; Android 6.0.1; Nexus 5X Build/MMB29P) AppleWebKit/537.36 (KHTML, like Gecko) Chrome/148.0.7778.96 Mobile Safari/537.36 (compatible; Googlebot/2.1; +http://www.google.com/bot.html)"
192.178.6.97 - - [28/May/2026:00:35:01 +0200] "GET /?r=84517218855 HTTP/1.1" 200 198858 "-" "Mozilla/5.0 (Linux; Android 6.0.1; Nexus 5X Build/MMB29P) AppleWebKit/537.36 (KHTML, like Gecko) Chrome/148.0.7778.96 Mobile Safari/537.36 (compatible; GoogleOther)"
192.178.6.96 - - [28/May/2026:00:35:03 +0200] "GET /shop/?video=%E0%B8%9A%E0%B8%B1%E0%B8%95%E0%B8%A3%E0%B8%9B%E0%B8%A3%E0%B8%B0%E0%B8%8A%E0%B8%B2%E0%B8%8A%E0%B8%99%E0%B8%AB%E0%B8%A1%E0%B8%94%E0%B8%AD%E0%B8%B2%E0%B8%A2%E0%B8%B8+%E0%B8%97%E0%B9%8D%E0%B8%B2%E0%B8%A5%E0%B9%88%E0%B8%A7%E0%B8%87%E0%B8%AB%E0%B8%99%E0%B9%89%E0%B8%B2 HTTP/1.1" 200 197729 "-" "Mozilla/5.0 (Linux; Android 6.0.1; Nexus 5X Build/MMB29P) AppleWebKit/537.36 (KHTML, like Gecko) Chrome/148.0.7778.96 Mobile Safari/537.36 (compatible; Googlebot/2.1; +http://www.google.com/bot.html)"
192.178.6.97 - - [28/May/2026:00:35:04 +0200] "GET /shop/?video=7ballvip HTTP/1.1" 200 198065 "-" "Mozilla/5.0 (Linux; Android 6.0.1; Nexus 5X Build/MMB29P) AppleWebKit/537.36 (KHTML, like Gecko) Chrome/148.0.7778.96 Mobile Safari/537.36 (compatible; Googlebot/2.1; +http://www.google.com/bot.html)"
66.249.69.139 - - [28/May/2026:00:35:15 +0200] "GET /?u=59846140381 HTTP/1.1" 200 199885 "-" "Mozilla/5.0 (Linux; Android 6.0.1; Nexus 5X Build/MMB29P) AppleWebKit/537.36 (KHTML, like Gecko) Chrome/148.0.7778.96 Mobile Safari/537.36 (compatible; Googlebot/2.1; +http://www.google.com/bot.html)"
192.178.6.105 - - [28/May/2026:00:35:19 +0200] "GET /?r=84517192152 HTTP/1.1" 200 201735 "-" "Mozilla/5.0 (Linux; Android 6.0.1; Nexus 5X Build/MMB29P) AppleWebKit/537.36 (KHTML, like Gecko) Chrome/148.0.7778.96 Mobile Safari/537.36 (compatible; GoogleOther)"
192.178.6.100 - - [28/May/2026:00:35:06 +0200] "GET /saiga.php?h=70181127499 HTTP/1.1" 200 200459 "-" "Mozilla/5.0 (Linux; Android 6.0.1; Nexus 5X Build/MMB29P) AppleWebKit/537.36 (KHTML, like Gecko) Chrome/148.0.7778.96 Mobile Safari/537.36 (compatible; GoogleOther)"
192.178.6.96 - - [28/May/2026:00:35:07 +0200] "GET /?o=97436218177 HTTP/1.1" 200 202117 "-" "Mozilla/5.0 (Linux; Android 6.0.1; Nexus 5X Build/MMB29P) AppleWebKit/537.36 (KHTML, like Gecko) Chrome/148.0.7778.96 Mobile Safari/537.36 (compatible; Googlebot/2.1; +http://www.google.com/bot.html)"
192.178.6.105 - - [28/May/2026:00:35:09 +0200] "GET /?b=5512184928 HTTP/1.1" 200 196278 "-" "Mozilla/5.0 (Linux; Android 6.0.1; Nexus 5X Build/MMB29P) AppleWebKit/537.36 (KHTML, like Gecko) Chrome/148.0.7778.96 Mobile Safari/537.36 (compatible; GoogleOther)"
192.178.6.101 - - [28/May/2026:00:35:11 +0200] "GET /saiga.php?j=461855485 HTTP/1.1" 200 201469 "-" "Mozilla/5.0 (Linux; Android 6.0.1; Nexus 5X Build/MMB29P) AppleWebKit/537.36 (KHTML, like Gecko) Chrome/148.0.7778.96 Mobile Safari/537.36 (compatible; GoogleOther)"
192.178.6.105 - - [28/May/2026:00:35:13 +0200] "GET /?u=59846275296 HTTP/1.1" 200 198883 "-" "Mozilla/5.0 (Linux; Android 6.0.1; Nexus 5X Build/MMB29P) AppleWebKit/537.36 (KHTML, like Gecko) Chrome/148.0.7778.96 Mobile Safari/537.36 (compatible; Googlebot/2.1; +http://www.google.com/bot.html)"
192.178.6.96 - - [28/May/2026:00:35:13 +0200] "GET /?f=6139129954 HTTP/1.1" 200 197274 "-" "Mozilla/5.0 (Linux; Android 6.0.1; Nexus 5X Build/MMB29P) AppleWebKit/537.36 (KHTML, like Gecko) Chrome/148.0.7778.96 Mobile Safari/537.36 (compatible; Googlebot/2.1; +http://www.google.com/bot.html)"
192.178.6.100 - - [28/May/2026:00:35:14 +0200] "GET /saiga.php?d=62455193316 HTTP/1.1" 200 198790 "-" "Mozilla/5.0 (Linux; Android 6.0.1; Nexus 5X Build/MMB29P) AppleWebKit/537.36 (KHTML, like Gecko) Chrome/148.0.7778.96 Mobile Safari/537.36 (compatible; GoogleOther)"
192.178.6.101 - - [28/May/2026:00:35:17 +0200] "GET /saiga.php?d=62455146961 HTTP/1.1" 200 200367 "-" "Mozilla/5.0 (Linux; Android 6.0.1; Nexus 5X Build/MMB29P) AppleWebKit/537.36 (KHTML, like Gecko) Chrome/148.0.7778.96 Mobile Safari/537.36 (compatible; GoogleOther)"
66.249.69.139 - - [28/May/2026:00:35:20 +0200] "GET /items/W091762845/ HTTP/1.1" 200 201093 "-" "Mozilla/5.0 (Linux; Android 6.0.1; Nexus 5X Build/MMB29P) AppleWebKit/537.36 (KHTML, like Gecko) Chrome/148.0.7778.96 Mobile Safari/537.36 (compatible; Googlebot/2.1; +http://www.google.com/bot.html)"
192.178.6.97 - - [28/May/2026:00:35:26 +0200] "GET /?s=15254188857 HTTP/1.1" 200 199422 "-" "Mozilla/5.0 (Linux; Android 6.0.1; Nexus 5X Build/MMB29P) AppleWebKit/537.36 (KHTML, like Gecko) Chrome/148.0.7778.96 Mobile Safari/537.36 (compatible; GoogleOther)"
192.178.6.102 - - [28/May/2026:00:35:27 +0200] "GET /saiga.php?d=62455132351 HTTP/1.1" 200 201659 "-" "Mozilla/5.0 (Linux; Android 6.0.1; Nexus 5X Build/MMB29P) AppleWebKit/537.36 (KHTML, like Gecko) Chrome/148.0.7778.96 Mobile Safari/537.36 (compatible; GoogleOther)"
66.249.69.139 - - [28/May/2026:00:35:32 +0200] "GET /?q=61038124537 HTTP/1.1" 200 202381 "-" "Mozilla/5.0 (Linux; Android 6.0.1; Nexus 5X Build/MMB29P) AppleWebKit/537.36 (KHTML, like Gecko) Chrome/148.0.7778.96 Mobile Safari/537.36 (compatible; GoogleOther)"
192.178.6.103 - - [28/May/2026:00:35:34 +0200] "GET /saiga.php?u=6949225428 HTTP/1.1" 200 199674 "-" "Mozilla/5.0 (Linux; Android 6.0.1; Nexus 5X Build/MMB29P) AppleWebKit/537.36 (KHTML, like Gecko) Chrome/148.0.7778.96 Mobile Safari/537.36 (compatible; GoogleOther)"
192.178.6.96 - - [28/May/2026:00:35:36 +0200] "GET /?q=61038133391 HTTP/1.1" 200 197588 "-" "Mozilla/5.0 (Linux; Android 6.0.1; Nexus 5X Build/MMB29P) AppleWebKit/537.36 (KHTML, like Gecko) Chrome/148.0.7778.96 Mobile Safari/537.36 (compatible; GoogleOther)"
192.178.6.97 - - [28/May/2026:00:35:04 +0200] "GET /?x=40349126421 HTTP/1.1" 200 200303 "-" "Mozilla/5.0 (Linux; Android 6.0.1; Nexus 5X Build/MMB29P) AppleWebKit/537.36 (KHTML, like Gecko) Chrome/148.0.7778.96 Mobile Safari/537.36 (compatible; GoogleOther)"
66.249.69.139 - - [28/May/2026:00:35:10 +0200] "GET /?w=86810106293 HTTP/1.1" 200 199506 "-" "Mozilla/5.0 (Linux; Android 6.0.1; Nexus 5X Build/MMB29P) AppleWebKit/537.36 (KHTML, like Gecko) Chrome/148.0.7778.96 Mobile Safari/537.36 (compatible; Googlebot/2.1; +http://www.google.com/bot.html)"
192.178.6.96 - - [28/May/2026:00:35:13 +0200] "GET /?r=8451750042 HTTP/1.1" 200 197096 "-" "Mozilla/5.0 (Linux; Android 6.0.1; Nexus 5X Build/MMB29P) AppleWebKit/537.36 (KHTML, like Gecko) Chrome/148.0.7778.96 Mobile Safari/537.36 (compatible; GoogleOther)"
192.178.6.101 - - [28/May/2026:00:35:13 +0200] "GET /saiga.php?j=4618569883 HTTP/1.1" 200 202767 "-" "Mozilla/5.0 (Linux; Android 6.0.1; Nexus 5X Build/MMB29P) AppleWebKit/537.36 (KHTML, like Gecko) Chrome/148.0.7778.96 Mobile Safari/537.36 (compatible; Googlebot/2.1; +http://www.google.com/bot.html)"
192.178.6.96 - - [28/May/2026:00:35:16 +0200] "GET /?b=55121101490 HTTP/1.1" 200 197284 "-" "Mozilla/5.0 (Linux; Android 6.0.1; Nexus 5X Build/MMB29P) AppleWebKit/537.36 (KHTML, like Gecko) Chrome/148.0.7778.96 Mobile Safari/537.36 (compatible; GoogleOther)"
66.249.69.139 - - [28/May/2026:00:35:18 +0200] "GET /?f=61391138835 HTTP/1.1" 200 200565 "-" "Mozilla/5.0 (Linux; Android 6.0.1; Nexus 5X Build/MMB29P) AppleWebKit/537.36 (KHTML, like Gecko) Chrome/148.0.7778.96 Mobile Safari/537.36 (compatible; Googlebot/2.1; +http://www.google.com/bot.html)"
57.141.20.12 - - [28/May/2026:00:35:20 +0200] "GET /items/Q034357883/ HTTP/1.1" 500 0 "-" "meta-externalagent/1.1 (+https://developers.facebook.com/docs/sharing/webmasters/crawler)"
66.249.69.139 - - [28/May/2026:00:35:23 +0200] "GET /items/X366749360/ HTTP/1.1" 200 200925 "-" "Mozilla/5.0 (Linux; Android 6.0.1; Nexus 5X Build/MMB29P) AppleWebKit/537.36 (KHTML, like Gecko) Chrome/148.0.7778.96 Mobile Safari/537.36 (compatible; Googlebot/2.1; +http://www.google.com/bot.html)"
192.178.6.105 - - [28/May/2026:00:35:25 +0200] "GET /?r=845178700 HTTP/1.1" 200 198100 "-" "Mozilla/5.0 (Linux; Android 6.0.1; Nexus 5X Build/MMB29P) AppleWebKit/537.36 (KHTML, like Gecko) Chrome/148.0.7778.96 Mobile Safari/537.36 (compatible; Googlebot/2.1; +http://www.google.com/bot.html)"
40.77.167.243 - - [28/May/2026:00:35:30 +0200] "GET /sitemap227.xml HTTP/1.1" 200 545125 "-" "Mozilla/5.0 AppleWebKit/537.36 (KHTML, like Gecko; compatible; bingbot/2.0; +http://www.bing.com/bingbot.htm) Chrome/116.0.1938.76 Safari/537.36"
66.249.69.139 - - [28/May/2026:00:35:39 +0200] "GET /?q=6103815566 HTTP/1.1" 200 200040 "-" "Mozilla/5.0 (Linux; Android 6.0.1; Nexus 5X Build/MMB29P) AppleWebKit/537.36 (KHTML, like Gecko) Chrome/148.0.7778.96 Mobile Safari/537.36 (compatible; GoogleOther)"
66.249.69.140 - - [28/May/2026:00:35:42 +0200] "GET /?q=61038107307 HTTP/1.1" 200 197923 "-" "Mozilla/5.0 (Linux; Android 6.0.1; Nexus 5X Build/MMB29P) AppleWebKit/537.36 (KHTML, like Gecko) Chrome/148.0.7778.96 Mobile Safari/537.36 (compatible; GoogleOther)"
192.178.6.105 - - [28/May/2026:00:35:45 +0200] "GET /?s=1525459953 HTTP/1.1" 200 196639 "-" "Mozilla/5.0 (Linux; Android 6.0.1; Nexus 5X Build/MMB29P) AppleWebKit/537.36 (KHTML, like Gecko) Chrome/148.0.7778.96 Mobile Safari/537.36 (compatible; Googlebot/2.1; +http://www.google.com/bot.html)"
192.178.6.105 - - [28/May/2026:00:35:46 +0200] "GET /?t=62315194803 HTTP/1.1" 200 199864 "-" "Mozilla/5.0 (Linux; Android 6.0.1; Nexus 5X Build/MMB29P) AppleWebKit/537.36 (KHTML, like Gecko) Chrome/148.0.7778.96 Mobile Safari/537.36 (compatible; Googlebot/2.1; +http://www.google.com/bot.html)"
192.178.6.100 - - [28/May/2026:00:35:49 +0200] "GET /saiga.php?g=98858226183 HTTP/1.1" 200 201778 "-" "Mozilla/5.0 (Linux; Android 6.0.1; Nexus 5X Build/MMB29P) AppleWebKit/537.36 (KHTML, like Gecko) Chrome/148.0.7778.96 Mobile Safari/537.36 (compatible; Googlebot/2.1; +http://www.google.com/bot.html)"
192.178.6.100 - - [28/May/2026:00:35:21 +0200] "GET /saiga.php?m=37530105227 HTTP/1.1" 200 204223 "-" "Mozilla/5.0 (Linux; Android 6.0.1; Nexus 5X Build/MMB29P) AppleWebKit/537.36 (KHTML, like Gecko) Chrome/148.0.7778.96 Mobile Safari/537.36 (compatible; GoogleOther)"
192.178.6.96 - - [28/May/2026:00:35:22 +0200] "GET /?s=1525463241 HTTP/1.1" 200 198152 "-" "Mozilla/5.0 (Linux; Android 6.0.1; Nexus 5X Build/MMB29P) AppleWebKit/537.36 (KHTML, like Gecko) Chrome/148.0.7778.96 Mobile Safari/537.36 (compatible; GoogleOther)"
192.178.6.100 - - [28/May/2026:00:35:24 +0200] "GET /saiga.php?g=9885827428 HTTP/1.1" 200 201163 "-" "Mozilla/5.0 (Linux; Android 6.0.1; Nexus 5X Build/MMB29P) AppleWebKit/537.36 (KHTML, like Gecko) Chrome/148.0.7778.96 Mobile Safari/537.36 (compatible; GoogleOther)"
192.178.6.97 - - [28/May/2026:00:35:29 +0200] "GET /?r=8451782334 HTTP/1.1" 200 199558 "-" "Mozilla/5.0 (Linux; Android 6.0.1; Nexus 5X Build/MMB29P) AppleWebKit/537.36 (KHTML, like Gecko) Chrome/148.0.7778.96 Mobile Safari/537.36 (compatible; GoogleOther)"
192.178.6.100 - - [28/May/2026:00:35:31 +0200] "GET /saiga.php?j=46185142845 HTTP/1.1" 200 202615 "-" "Mozilla/5.0 (Linux; Android 6.0.1; Nexus 5X Build/MMB29P) AppleWebKit/537.36 (KHTML, like Gecko) Chrome/148.0.7778.96 Mobile Safari/537.36 (compatible; GoogleOther)"
192.178.6.103 - - [28/May/2026:00:35:37 +0200] "GET /saiga.php?g=9885888819 HTTP/1.1" 200 201451 "-" "Mozilla/5.0 (Linux; Android 6.0.1; Nexus 5X Build/MMB29P) AppleWebKit/537.36 (KHTML, like Gecko) Chrome/148.0.7778.96 Mobile Safari/537.36 (compatible; GoogleOther)"
192.178.6.98 - - [28/May/2026:00:35:46 +0200] "GET /?q=61038187124 HTTP/1.1" 200 206191 "-" "Mozilla/5.0 (Linux; Android 6.0.1; Nexus 5X Build/MMB29P) AppleWebKit/537.36 (KHTML, like Gecko) Chrome/148.0.7778.96 Mobile Safari/537.36 (compatible; GoogleOther)"
192.178.6.100 - - [28/May/2026:00:35:47 +0200] "GET /saiga.php?j=46185127216 HTTP/1.1" 200 200373 "-" "Mozilla/5.0 (Linux; Android 6.0.1; Nexus 5X Build/MMB29P) AppleWebKit/537.36 (KHTML, like Gecko) Chrome/148.0.7778.96 Mobile Safari/537.36 (compatible; GoogleOther)"
66.249.69.140 - - [28/May/2026:00:35:52 +0200] "GET /?detail/1610260521154 HTTP/1.1" 200 192062 "-" "Mozilla/5.0 (Linux; Android 6.0.1; Nexus 5X Build/MMB29P) AppleWebKit/537.36 (KHTML, like Gecko) Chrome/148.0.7778.96 Mobile Safari/537.36 (compatible; Googlebot/2.1; +http://www.google.com/bot.html)"
192.178.6.105 - - [28/May/2026:00:35:53 +0200] "GET /?r=84517218855 HTTP/1.1" 200 198858 "-" "Mozilla/5.0 (Linux; Android 6.0.1; Nexus 5X Build/MMB29P) AppleWebKit/537.36 (KHTML, like Gecko) Chrome/148.0.7778.96 Mobile Safari/537.36 (compatible; Googlebot/2.1; +http://www.google.com/bot.html)"
66.249.69.140 - - [28/May/2026:00:35:54 +0200] "GET /?q=6103870824 HTTP/1.1" 200 200731 "-" "Mozilla/5.0 (Linux; Android 6.0.1; Nexus 5X Build/MMB29P) AppleWebKit/537.36 (KHTML, like Gecko) Chrome/148.0.7778.96 Mobile Safari/537.36 (compatible; GoogleOther)"
66.249.69.141 - - [28/May/2026:00:35:59 +0200] "GET /?q=61038178003 HTTP/1.1" 200 200682 "-" "Mozilla/5.0 (Linux; Android 6.0.1; Nexus 5X Build/MMB29P) AppleWebKit/537.36 (KHTML, like Gecko) Chrome/148.0.7778.96 Mobile Safari/537.36 (compatible; GoogleOther)"
66.249.69.139 - - [28/May/2026:00:35:37 +0200] "GET /?b=55121179570 HTTP/1.1" 200 202390 "-" "Mozilla/5.0 (Linux; Android 6.0.1; Nexus 5X Build/MMB29P) AppleWebKit/537.36 (KHTML, like Gecko) Chrome/148.0.7778.96 Mobile Safari/537.36 (compatible; Googlebot/2.1; +http://www.google.com/bot.html)"
192.178.6.100 - - [28/May/2026:00:35:41 +0200] "GET /saiga.php?w=1250289748 HTTP/1.1" 200 199180 "-" "Mozilla/5.0 (Linux; Android 6.0.1; Nexus 5X Build/MMB29P) AppleWebKit/537.36 (KHTML, like Gecko) Chrome/148.0.7778.96 Mobile Safari/537.36 (compatible; GoogleOther)"
192.178.6.101 - - [28/May/2026:00:35:44 +0200] "GET /saiga.php?j=46185257450 HTTP/1.1" 200 201172 "-" "Mozilla/5.0 (Linux; Android 6.0.1; Nexus 5X Build/MMB29P) AppleWebKit/537.36 (KHTML, like Gecko) Chrome/148.0.7778.96 Mobile Safari/537.36 (compatible; GoogleOther)"
192.178.6.102 - - [28/May/2026:00:35:49 +0200] "GET /saiga.php?g=9885839325 HTTP/1.1" 200 202472 "-" "Mozilla/5.0 (Linux; Android 6.0.1; Nexus 5X Build/MMB29P) AppleWebKit/537.36 (KHTML, like Gecko) Chrome/148.0.7778.96 Mobile Safari/537.36 (compatible; GoogleOther)"
192.178.6.98 - - [28/May/2026:00:35:50 +0200] "GET /?w=8681022961 HTTP/1.1" 200 197679 "-" "Mozilla/5.0 (Linux; Android 6.0.1; Nexus 5X Build/MMB29P) AppleWebKit/537.36 (KHTML, like Gecko) Chrome/148.0.7778.96 Mobile Safari/537.36 (compatible; Googlebot/2.1; +http://www.google.com/bot.html)"
66.249.69.139 - - [28/May/2026:00:35:51 +0200] "GET /?q=61038261411 HTTP/1.1" 200 204137 "-" "Mozilla/5.0 (Linux; Android 6.0.1; Nexus 5X Build/MMB29P) AppleWebKit/537.36 (KHTML, like Gecko) Chrome/148.0.7778.96 Mobile Safari/537.36 (compatible; GoogleOther)"
