66.249.69.140 - - [28/May/2026:00:14:04 +0200] "GET /?x=40349183602 HTTP/1.1" 200 200247 "-" "Mozilla/5.0 (Linux; Android 6.0.1; Nexus 5X Build/MMB29P) AppleWebKit/537.36 (KHTML, like Gecko) Chrome/148.0.7778.96 Mobile Safari/537.36 (compatible; GoogleOther)"
66.249.69.139 - - [28/May/2026:00:14:08 +0200] "GET /items/W275356123/ HTTP/1.1" 200 201164 "-" "Mozilla/5.0 (Linux; Android 6.0.1; Nexus 5X Build/MMB29P) AppleWebKit/537.36 (KHTML, like Gecko) Chrome/148.0.7778.96 Mobile Safari/537.36 (compatible; Googlebot/2.1; +http://www.google.com/bot.html)"
192.178.6.96 - - [28/May/2026:00:14:09 +0200] "GET /?x=40349245562 HTTP/1.1" 200 200214 "-" "Mozilla/5.0 (Linux; Android 6.0.1; Nexus 5X Build/MMB29P) AppleWebKit/537.36 (KHTML, like Gecko) Chrome/148.0.7778.96 Mobile Safari/537.36 (compatible; GoogleOther)"
66.249.69.139 - - [28/May/2026:00:14:09 +0200] "GET /?u=59846144947 HTTP/1.1" 200 201831 "-" "Mozilla/5.0 (Linux; Android 6.0.1; Nexus 5X Build/MMB29P) AppleWebKit/537.36 (KHTML, like Gecko) Chrome/148.0.7778.96 Mobile Safari/537.36 (compatible; Googlebot/2.1; +http://www.google.com/bot.html)"
192.178.6.96 - - [28/May/2026:00:14:18 +0200] "GET /?w=86810124711 HTTP/1.1" 200 198760 "-" "Mozilla/5.0 (Linux; Android 6.0.1; Nexus 5X Build/MMB29P) AppleWebKit/537.36 (KHTML, like Gecko) Chrome/148.0.7778.96 Mobile Safari/537.36 (compatible; GoogleOther)"
192.178.6.105 - - [28/May/2026:00:14:21 +0200] "GET /?x=40349264522 HTTP/1.1" 200 200286 "-" "Mozilla/5.0 (Linux; Android 6.0.1; Nexus 5X Build/MMB29P) AppleWebKit/537.36 (KHTML, like Gecko) Chrome/148.0.7778.96 Mobile Safari/537.36 (compatible; GoogleOther)"
192.178.6.101 - - [28/May/2026:00:14:13 +0200] "GET /saiga.php?w=12502204678 HTTP/1.1" 200 199437 "-" "Mozilla/5.0 (Linux; Android 6.0.1; Nexus 5X Build/MMB29P) AppleWebKit/537.36 (KHTML, like Gecko) Chrome/148.0.7778.96 Mobile Safari/537.36 (compatible; GoogleOther)"
192.178.6.101 - - [28/May/2026:00:14:20 +0200] "GET /saiga.php?b=11701245431 HTTP/1.1" 200 201758 "-" "Mozilla/5.0 (Linux; Android 6.0.1; Nexus 5X Build/MMB29P) AppleWebKit/537.36 (KHTML, like Gecko) Chrome/148.0.7778.96 Mobile Safari/537.36 (compatible; GoogleOther)"
192.178.6.100 - - [28/May/2026:00:14:20 +0200] "GET /saiga.php?o=5513499299 HTTP/1.1" 200 202853 "-" "Mozilla/5.0 (Linux; Android 6.0.1; Nexus 5X Build/MMB29P) AppleWebKit/537.36 (KHTML, like Gecko) Chrome/148.0.7778.96 Mobile Safari/537.36 (compatible; Googlebot/2.1; +http://www.google.com/bot.html)"
192.178.6.96 - - [28/May/2026:00:14:23 +0200] "GET /?w=86810270734 HTTP/1.1" 200 197437 "-" "Mozilla/5.0 (Linux; Android 6.0.1; Nexus 5X Build/MMB29P) AppleWebKit/537.36 (KHTML, like Gecko) Chrome/148.0.7778.96 Mobile Safari/537.36 (compatible; GoogleOther)"
66.249.69.139 - - [28/May/2026:00:14:23 +0200] "GET /items/A544762549/ HTTP/1.1" 200 199475 "-" "Mozilla/5.0 (Linux; Android 6.0.1; Nexus 5X Build/MMB29P) AppleWebKit/537.36 (KHTML, like Gecko) Chrome/148.0.7778.96 Mobile Safari/537.36 (compatible; Googlebot/2.1; +http://www.google.com/bot.html)"
192.178.6.96 - - [28/May/2026:00:14:30 +0200] "GET /?f=61391223449 HTTP/1.1" 200 199322 "-" "Mozilla/5.0 (Linux; Android 6.0.1; Nexus 5X Build/MMB29P) AppleWebKit/537.36 (KHTML, like Gecko) Chrome/148.0.7778.96 Mobile Safari/537.36 (compatible; GoogleOther)"
192.178.6.96 - - [28/May/2026:00:14:32 +0200] "GET /?x=40349137808 HTTP/1.1" 200 192111 "-" "Mozilla/5.0 (Linux; Android 6.0.1; Nexus 5X Build/MMB29P) AppleWebKit/537.36 (KHTML, like Gecko) Chrome/148.0.7778.96 Mobile Safari/537.36 (compatible; Googlebot/2.1; +http://www.google.com/bot.html)"
192.178.6.105 - - [28/May/2026:00:14:33 +0200] "GET /?t=62315129388 HTTP/1.1" 200 199021 "-" "Mozilla/5.0 (Linux; Android 6.0.1; Nexus 5X Build/MMB29P) AppleWebKit/537.36 (KHTML, like Gecko) Chrome/148.0.7778.96 Mobile Safari/537.36 (compatible; GoogleOther)"
192.178.6.100 - - [28/May/2026:00:14:39 +0200] "GET /saiga.php?m=6574064618 HTTP/1.1" 200 201517 "-" "Mozilla/5.0 (Linux; Android 6.0.1; Nexus 5X Build/MMB29P) AppleWebKit/537.36 (KHTML, like Gecko) Chrome/148.0.7778.96 Mobile Safari/537.36 (compatible; GoogleOther)"
192.178.6.105 - - [28/May/2026:00:14:41 +0200] "GET /?f=61391133770 HTTP/1.1" 200 198667 "-" "Mozilla/5.0 (Linux; Android 6.0.1; Nexus 5X Build/MMB29P) AppleWebKit/537.36 (KHTML, like Gecko) Chrome/148.0.7778.96 Mobile Safari/537.36 (compatible; GoogleOther)"
192.178.6.102 - - [28/May/2026:00:14:44 +0200] "GET /saiga.php?j=46185151011 HTTP/1.1" 200 200538 "-" "Mozilla/5.0 (Linux; Android 6.0.1; Nexus 5X Build/MMB29P) AppleWebKit/537.36 (KHTML, like Gecko) Chrome/148.0.7778.96 Mobile Safari/537.36 (compatible; GoogleOther)"
192.178.6.103 - - [28/May/2026:00:14:48 +0200] "GET /saiga.php?j=46185138918 HTTP/1.1" 200 200907 "-" "Mozilla/5.0 (Linux; Android 6.0.1; Nexus 5X Build/MMB29P) AppleWebKit/537.36 (KHTML, like Gecko) Chrome/148.0.7778.96 Mobile Safari/537.36 (compatible; GoogleOther)"
66.249.69.139 - - [28/May/2026:00:14:48 +0200] "GET /items/M595131592/ HTTP/1.1" 200 198705 "-" "Mozilla/5.0 (Linux; Android 6.0.1; Nexus 5X Build/MMB29P) AppleWebKit/537.36 (KHTML, like Gecko) Chrome/148.0.7778.96 Mobile Safari/537.36 (compatible; Googlebot/2.1; +http://www.google.com/bot.html)"
192.178.6.96 - - [28/May/2026:00:14:48 +0200] "GET /?b=55121210535 HTTP/1.1" 200 197063 "-" "Mozilla/5.0 (Linux; Android 6.0.1; Nexus 5X Build/MMB29P) AppleWebKit/537.36 (KHTML, like Gecko) Chrome/148.0.7778.96 Mobile Safari/537.36 (compatible; Googlebot/2.1; +http://www.google.com/bot.html)"
57.141.20.12 - - [28/May/2026:00:14:13 +0200] "GET /items/Q034461775/ HTTP/1.1" 500 0 "-" "meta-externalagent/1.1 (+https://developers.facebook.com/docs/sharing/webmasters/crawler)"
192.178.6.100 - - [28/May/2026:00:14:14 +0200] "GET /saiga.php?j=4618549076 HTTP/1.1" 200 204108 "-" "Mozilla/5.0 (Linux; Android 6.0.1; Nexus 5X Build/MMB29P) AppleWebKit/537.36 (KHTML, like Gecko) Chrome/148.0.7778.96 Mobile Safari/537.36 (compatible; GoogleOther)"
66.249.69.139 - - [28/May/2026:00:14:16 +0200] "GET /?x=40349252263 HTTP/1.1" 200 202215 "-" "Mozilla/5.0 (Linux; Android 6.0.1; Nexus 5X Build/MMB29P) AppleWebKit/537.36 (KHTML, like Gecko) Chrome/148.0.7778.96 Mobile Safari/537.36 (compatible; GoogleOther)"
66.249.69.139 - - [28/May/2026:00:14:22 +0200] "GET /items/E687641744/ HTTP/1.1" 200 199005 "-" "Mozilla/5.0 (Linux; Android 6.0.1; Nexus 5X Build/MMB29P) AppleWebKit/537.36 (KHTML, like Gecko) Chrome/148.0.7778.96 Mobile Safari/537.36 (compatible; Googlebot/2.1; +http://www.google.com/bot.html)"
52.167.144.167 - - [28/May/2026:00:14:23 +0200] "GET /items/F034352438/ HTTP/1.1" 200 202822 "-" "Mozilla/5.0 AppleWebKit/537.36 (KHTML, like Gecko; compatible; bingbot/2.0; +http://www.bing.com/bingbot.htm) Chrome/116.0.1938.76 Safari/537.36"
192.178.6.101 - - [28/May/2026:00:14:25 +0200] "GET /saiga.php?j=4618568262 HTTP/1.1" 200 204171 "-" "Mozilla/5.0 (Linux; Android 6.0.1; Nexus 5X Build/MMB29P) AppleWebKit/537.36 (KHTML, like Gecko) Chrome/148.0.7778.96 Mobile Safari/537.36 (compatible; GoogleOther)"
192.178.6.100 - - [28/May/2026:00:14:26 +0200] "GET /saiga.php?j=46185147378 HTTP/1.1" 200 201217 "-" "Mozilla/5.0 (Linux; Android 6.0.1; Nexus 5X Build/MMB29P) AppleWebKit/537.36 (KHTML, like Gecko) Chrome/148.0.7778.96 Mobile Safari/537.36 (compatible; GoogleOther)"
192.178.6.105 - - [28/May/2026:00:14:28 +0200] "GET /?b=55121264410 HTTP/1.1" 200 203313 "-" "Mozilla/5.0 (Linux; Android 6.0.1; Nexus 5X Build/MMB29P) AppleWebKit/537.36 (KHTML, like Gecko) Chrome/148.0.7778.96 Mobile Safari/537.36 (compatible; GoogleOther)"
192.178.6.96 - - [28/May/2026:00:14:31 +0200] "GET /?f=6139123528 HTTP/1.1" 200 201052 "-" "Mozilla/5.0 (Linux; Android 6.0.1; Nexus 5X Build/MMB29P) AppleWebKit/537.36 (KHTML, like Gecko) Chrome/148.0.7778.96 Mobile Safari/537.36 (compatible; GoogleOther)"
192.178.6.102 - - [28/May/2026:00:14:34 +0200] "GET /saiga.php?j=46185149624 HTTP/1.1" 200 203202 "-" "Mozilla/5.0 (Linux; Android 6.0.1; Nexus 5X Build/MMB29P) AppleWebKit/537.36 (KHTML, like Gecko) Chrome/148.0.7778.96 Mobile Safari/537.36 (compatible; GoogleOther)"
192.178.6.105 - - [28/May/2026:00:14:37 +0200] "GET /?t=62315124319 HTTP/1.1" 200 197616 "-" "Mozilla/5.0 (Linux; Android 6.0.1; Nexus 5X Build/MMB29P) AppleWebKit/537.36 (KHTML, like Gecko) Chrome/148.0.7778.96 Mobile Safari/537.36 (compatible; Googlebot/2.1; +http://www.google.com/bot.html)"
192.178.6.97 - - [28/May/2026:00:14:38 +0200] "GET /?r=845172984 HTTP/1.1" 200 197555 "-" "Mozilla/5.0 (Linux; Android 6.0.1; Nexus 5X Build/MMB29P) AppleWebKit/537.36 (KHTML, like Gecko) Chrome/148.0.7778.96 Mobile Safari/537.36 (compatible; GoogleOther)"
66.249.69.139 - - [28/May/2026:00:14:43 +0200] "GET /?x=40349231297 HTTP/1.1" 200 197314 "-" "Mozilla/5.0 (Linux; Android 6.0.1; Nexus 5X Build/MMB29P) AppleWebKit/537.36 (KHTML, like Gecko) Chrome/148.0.7778.96 Mobile Safari/537.36 (compatible; GoogleOther)"
192.178.6.96 - - [28/May/2026:00:14:49 +0200] "GET /?x=40349226851 HTTP/1.1" 200 202152 "-" "Mozilla/5.0 (Linux; Android 6.0.1; Nexus 5X Build/MMB29P) AppleWebKit/537.36 (KHTML, like Gecko) Chrome/148.0.7778.96 Mobile Safari/537.36 (compatible; GoogleOther)"
192.178.6.97 - - [28/May/2026:00:14:50 +0200] "GET /?x=4034913898 HTTP/1.1" 200 200693 "-" "Mozilla/5.0 (Linux; Android 6.0.1; Nexus 5X Build/MMB29P) AppleWebKit/537.36 (KHTML, like Gecko) Chrome/148.0.7778.96 Mobile Safari/537.36 (compatible; Googlebot/2.1; +http://www.google.com/bot.html)"
192.178.6.102 - - [28/May/2026:00:14:51 +0200] "GET /saiga.php?j=46185208473 HTTP/1.1" 200 200929 "-" "Mozilla/5.0 (Linux; Android 6.0.1; Nexus 5X Build/MMB29P) AppleWebKit/537.36 (KHTML, like Gecko) Chrome/148.0.7778.96 Mobile Safari/537.36 (compatible; GoogleOther)"
192.178.6.96 - - [28/May/2026:00:14:52 +0200] "GET /?t=6231566044 HTTP/1.1" 200 201138 "-" "Mozilla/5.0 (Linux; Android 6.0.1; Nexus 5X Build/MMB29P) AppleWebKit/537.36 (KHTML, like Gecko) Chrome/148.0.7778.96 Mobile Safari/537.36 (compatible; GoogleOther)"
192.178.6.99 - - [28/May/2026:00:15:00 +0200] "GET /?s=15254115817 HTTP/1.1" 200 199245 "-" "Mozilla/5.0 (Linux; Android 6.0.1; Nexus 5X Build/MMB29P) AppleWebKit/537.36 (KHTML, like Gecko) Chrome/148.0.7778.96 Mobile Safari/537.36 (compatible; Googlebot/2.1; +http://www.google.com/bot.html)"
66.249.69.140 - - [28/May/2026:00:15:01 +0200] "GET /items/X173309478/ HTTP/1.1" 200 200514 "-" "Mozilla/5.0 (Linux; Android 6.0.1; Nexus 5X Build/MMB29P) AppleWebKit/537.36 (KHTML, like Gecko) Chrome/148.0.7778.96 Mobile Safari/537.36 (compatible; Googlebot/2.1; +http://www.google.com/bot.html)"
66.249.69.139 - - [28/May/2026:00:15:02 +0200] "GET /items/V116762792/ HTTP/1.1" 200 200447 "-" "Mozilla/5.0 (Linux; Android 6.0.1; Nexus 5X Build/MMB29P) AppleWebKit/537.36 (KHTML, like Gecko) Chrome/148.0.7778.96 Mobile Safari/537.36 (compatible; Googlebot/2.1; +http://www.google.com/bot.html)"
66.249.69.140 - - [28/May/2026:00:15:03 +0200] "GET /?w=86810246035 HTTP/1.1" 200 200565 "-" "Mozilla/5.0 (Linux; Android 6.0.1; Nexus 5X Build/MMB29P) AppleWebKit/537.36 (KHTML, like Gecko) Chrome/148.0.7778.96 Mobile Safari/537.36 (compatible; GoogleOther)"
66.249.69.140 - - [28/May/2026:00:15:03 +0200] "GET /items/R797349239/ HTTP/1.1" 200 198483 "-" "Mozilla/5.0 (Linux; Android 6.0.1; Nexus 5X Build/MMB29P) AppleWebKit/537.36 (KHTML, like Gecko) Chrome/148.0.7778.96 Mobile Safari/537.36 (compatible; Googlebot/2.1; +http://www.google.com/bot.html)"
66.249.69.140 - - [28/May/2026:00:15:05 +0200] "GET /?q=61038242614 HTTP/1.1" 200 202418 "-" "Mozilla/5.0 (Linux; Android 6.0.1; Nexus 5X Build/MMB29P) AppleWebKit/537.36 (KHTML, like Gecko) Chrome/148.0.7778.96 Mobile Safari/537.36 (compatible; Googlebot/2.1; +http://www.google.com/bot.html)"
192.178.6.105 - - [28/May/2026:00:15:07 +0200] "GET /?t=62315194142 HTTP/1.1" 200 197356 "-" "Mozilla/5.0 (Linux; Android 6.0.1; Nexus 5X Build/MMB29P) AppleWebKit/537.36 (KHTML, like Gecko) Chrome/148.0.7778.96 Mobile Safari/537.36 (compatible; GoogleOther)"
192.178.6.100 - - [28/May/2026:00:15:09 +0200] "GET /saiga.php?j=46185216770 HTTP/1.1" 200 199006 "-" "Mozilla/5.0 (Linux; Android 6.0.1; Nexus 5X Build/MMB29P) AppleWebKit/537.36 (KHTML, like Gecko) Chrome/148.0.7778.96 Mobile Safari/537.36 (compatible; GoogleOther)"
66.249.69.140 - - [28/May/2026:00:15:10 +0200] "GET /?s=1525419918 HTTP/1.1" 200 201953 "-" "Mozilla/5.0 (Linux; Android 6.0.1; Nexus 5X Build/MMB29P) AppleWebKit/537.36 (KHTML, like Gecko) Chrome/148.0.7778.96 Mobile Safari/537.36 (compatible; Googlebot/2.1; +http://www.google.com/bot.html)"
192.178.6.96 - - [28/May/2026:00:15:11 +0200] "GET /?t=623159222 HTTP/1.1" 200 199140 "-" "Mozilla/5.0 (Linux; Android 6.0.1; Nexus 5X Build/MMB29P) AppleWebKit/537.36 (KHTML, like Gecko) Chrome/148.0.7778.96 Mobile Safari/537.36 (compatible; GoogleOther)"
66.249.69.139 - - [28/May/2026:00:15:11 +0200] "GET /items/E257447633/ HTTP/1.1" 200 198970 "-" "Mozilla/5.0 (Linux; Android 6.0.1; Nexus 5X Build/MMB29P) AppleWebKit/537.36 (KHTML, like Gecko) Chrome/148.0.7778.96 Mobile Safari/537.36 (compatible; Googlebot/2.1; +http://www.google.com/bot.html)"
66.249.69.139 - - [28/May/2026:00:15:13 +0200] "GET /?goods/239030420 HTTP/1.1" 200 199400 "-" "Mozilla/5.0 (Linux; Android 6.0.1; Nexus 5X Build/MMB29P) AppleWebKit/537.36 (KHTML, like Gecko) Chrome/148.0.7778.96 Mobile Safari/537.36 (compatible; Googlebot/2.1; +http://www.google.com/bot.html)"
192.178.6.100 - - [28/May/2026:00:14:36 +0200] "GET /saiga.php?j=46185178426 HTTP/1.1" 200 200333 "-" "Mozilla/5.0 (Linux; Android 6.0.1; Nexus 5X Build/MMB29P) AppleWebKit/537.36 (KHTML, like Gecko) Chrome/148.0.7778.96 Mobile Safari/537.36 (compatible; GoogleOther)"
66.249.69.139 - - [28/May/2026:00:14:44 +0200] "GET /?detail/0870447974878 HTTP/1.1" 200 202021 "-" "Mozilla/5.0 (Linux; Android 6.0.1; Nexus 5X Build/MMB29P) AppleWebKit/537.36 (KHTML, like Gecko) Chrome/148.0.7778.96 Mobile Safari/537.36 (compatible; Googlebot/2.1; +http://www.google.com/bot.html)"
192.178.6.97 - - [28/May/2026:00:14:46 +0200] "GET /?b=55121219868 HTTP/1.1" 200 200080 "-" "Mozilla/5.0 (Linux; Android 6.0.1; Nexus 5X Build/MMB29P) AppleWebKit/537.36 (KHTML, like Gecko) Chrome/148.0.7778.96 Mobile Safari/537.36 (compatible; GoogleOther)"
192.178.6.97 - - [28/May/2026:00:14:51 +0200] "GET /?r=84517278003 HTTP/1.1" 200 197919 "-" "Mozilla/5.0 (Linux; Android 6.0.1; Nexus 5X Build/MMB29P) AppleWebKit/537.36 (KHTML, like Gecko) Chrome/148.0.7778.96 Mobile Safari/537.36 (compatible; Googlebot/2.1; +http://www.google.com/bot.html)"
192.178.6.105 - - [28/May/2026:00:14:52 +0200] "GET /?q=61038128239 HTTP/1.1" 200 197465 "-" "Mozilla/5.0 (Linux; Android 6.0.1; Nexus 5X Build/MMB29P) AppleWebKit/537.36 (KHTML, like Gecko) Chrome/148.0.7778.96 Mobile Safari/537.36 (compatible; Googlebot/2.1; +http://www.google.com/bot.html)"
192.178.6.96 - - [28/May/2026:00:14:56 +0200] "GET /?x=40349243406 HTTP/1.1" 200 199855 "-" "Mozilla/5.0 (Linux; Android 6.0.1; Nexus 5X Build/MMB29P) AppleWebKit/537.36 (KHTML, like Gecko) Chrome/148.0.7778.96 Mobile Safari/537.36 (compatible; GoogleOther)"
192.178.6.97 - - [28/May/2026:00:14:59 +0200] "GET /?r=84517100925 HTTP/1.1" 200 199135 "-" "Mozilla/5.0 (Linux; Android 6.0.1; Nexus 5X Build/MMB29P) AppleWebKit/537.36 (KHTML, like Gecko) Chrome/148.0.7778.96 Mobile Safari/537.36 (compatible; GoogleOther)"
192.178.6.104 - - [28/May/2026:00:15:01 +0200] "GET /saiga.php?j=46185210769 HTTP/1.1" 200 200151 "-" "Mozilla/5.0 (Linux; Android 6.0.1; Nexus 5X Build/MMB29P) AppleWebKit/537.36 (KHTML, like Gecko) Chrome/148.0.7778.96 Mobile Safari/537.36 (compatible; GoogleOther)"
192.178.6.100 - - [28/May/2026:00:15:04 +0200] "GET /saiga.php?m=65740113864 HTTP/1.1" 200 197990 "-" "Mozilla/5.0 (Linux; Android 6.0.1; Nexus 5X Build/MMB29P) AppleWebKit/537.36 (KHTML, like Gecko) Chrome/148.0.7778.96 Mobile Safari/537.36 (compatible; GoogleOther)"
66.249.69.140 - - [28/May/2026:00:15:07 +0200] "GET /la-fromagerie/ HTTP/1.1" 200 201727 "-" "Mozilla/5.0 (compatible; Googlebot/2.1; +http://www.google.com/bot.html)"
66.249.69.139 - - [28/May/2026:00:15:09 +0200] "GET /items/Y733133245/ HTTP/1.1" 200 199922 "-" "Mozilla/5.0 (Linux; Android 6.0.1; Nexus 5X Build/MMB29P) AppleWebKit/537.36 (KHTML, like Gecko) Chrome/148.0.7778.96 Mobile Safari/537.36 (compatible; Googlebot/2.1; +http://www.google.com/bot.html)"
192.178.6.101 - - [28/May/2026:00:15:14 +0200] "GET /saiga.php?u=69492110334 HTTP/1.1" 200 202047 "-" "Mozilla/5.0 (Linux; Android 6.0.1; Nexus 5X Build/MMB29P) AppleWebKit/537.36 (KHTML, like Gecko) Chrome/148.0.7778.96 Mobile Safari/537.36 (compatible; GoogleOther)"
192.178.6.101 - - [28/May/2026:00:15:16 +0200] "GET /saiga.php?j=46185181316 HTTP/1.1" 200 200936 "-" "Mozilla/5.0 (Linux; Android 6.0.1; Nexus 5X Build/MMB29P) AppleWebKit/537.36 (KHTML, like Gecko) Chrome/148.0.7778.96 Mobile Safari/537.36 (compatible; GoogleOther)"
192.178.6.105 - - [28/May/2026:00:15:16 +0200] "GET /?w=86810116666 HTTP/1.1" 200 197614 "-" "Mozilla/5.0 (Linux; Android 6.0.1; Nexus 5X Build/MMB29P) AppleWebKit/537.36 (KHTML, like Gecko) Chrome/148.0.7778.96 Mobile Safari/537.36 (compatible; Googlebot/2.1; +http://www.google.com/bot.html)"
192.178.6.105 - - [28/May/2026:00:15:19 +0200] "GET /?f=61391101833 HTTP/1.1" 200 198172 "-" "Mozilla/5.0 (Linux; Android 6.0.1; Nexus 5X Build/MMB29P) AppleWebKit/537.36 (KHTML, like Gecko) Chrome/148.0.7778.96 Mobile Safari/537.36 (compatible; GoogleOther)"
66.249.69.139 - - [28/May/2026:00:15:14 +0200] "GET /items/L676860204/ HTTP/1.1" 200 199166 "-" "Mozilla/5.0 (Linux; Android 6.0.1; Nexus 5X Build/MMB29P) AppleWebKit/537.36 (KHTML, like Gecko) Chrome/148.0.7778.96 Mobile Safari/537.36 (compatible; Googlebot/2.1; +http://www.google.com/bot.html)"
192.178.6.105 - - [28/May/2026:00:15:19 +0200] "GET /?q=61038187124 HTTP/1.1" 200 206191 "-" "Mozilla/5.0 (Linux; Android 6.0.1; Nexus 5X Build/MMB29P) AppleWebKit/537.36 (KHTML, like Gecko) Chrome/148.0.7778.96 Mobile Safari/537.36 (compatible; Googlebot/2.1; +http://www.google.com/bot.html)"
192.178.6.96 - - [28/May/2026:00:15:22 +0200] "GET /?o=97436158413 HTTP/1.1" 200 200610 "-" "Mozilla/5.0 (Linux; Android 6.0.1; Nexus 5X Build/MMB29P) AppleWebKit/537.36 (KHTML, like Gecko) Chrome/148.0.7778.96 Mobile Safari/537.36 (compatible; Googlebot/2.1; +http://www.google.com/bot.html)"
192.178.6.96 - - [28/May/2026:00:15:23 +0200] "GET /?x=40349182607 HTTP/1.1" 200 197793 "-" "Mozilla/5.0 (Linux; Android 6.0.1; Nexus 5X Build/MMB29P) AppleWebKit/537.36 (KHTML, like Gecko) Chrome/148.0.7778.96 Mobile Safari/537.36 (compatible; GoogleOther)"
192.178.6.102 - - [28/May/2026:00:15:24 +0200] "GET /saiga.php?j=46185158914 HTTP/1.1" 200 201474 "-" "Mozilla/5.0 (Linux; Android 6.0.1; Nexus 5X Build/MMB29P) AppleWebKit/537.36 (KHTML, like Gecko) Chrome/148.0.7778.96 Mobile Safari/537.36 (compatible; GoogleOther)"
66.249.69.140 - - [28/May/2026:00:15:25 +0200] "GET /?w=8681044221 HTTP/1.1" 200 202709 "-" "Mozilla/5.0 (Linux; Android 6.0.1; Nexus 5X Build/MMB29P) AppleWebKit/537.36 (KHTML, like Gecko) Chrome/148.0.7778.96 Mobile Safari/537.36 (compatible; Googlebot/2.1; +http://www.google.com/bot.html)"
192.178.6.102 - - [28/May/2026:00:15:26 +0200] "GET /saiga.php?g=98858179494 HTTP/1.1" 200 200860 "-" "Mozilla/5.0 (Linux; Android 6.0.1; Nexus 5X Build/MMB29P) AppleWebKit/537.36 (KHTML, like Gecko) Chrome/148.0.7778.96 Mobile Safari/537.36 (compatible; GoogleOther)"
192.178.6.96 - - [28/May/2026:00:15:26 +0200] "GET /?f=61391197765 HTTP/1.1" 200 198409 "-" "Mozilla/5.0 (Linux; Android 6.0.1; Nexus 5X Build/MMB29P) AppleWebKit/537.36 (KHTML, like Gecko) Chrome/148.0.7778.96 Mobile Safari/537.36 (compatible; Googlebot/2.1; +http://www.google.com/bot.html)"
192.178.6.100 - - [28/May/2026:00:15:29 +0200] "GET /saiga.php?m=375304458 HTTP/1.1" 200 202566 "-" "Mozilla/5.0 (Linux; Android 6.0.1; Nexus 5X Build/MMB29P) AppleWebKit/537.36 (KHTML, like Gecko) Chrome/148.0.7778.96 Mobile Safari/537.36 (compatible; GoogleOther)"
40.77.167.56 - - [28/May/2026:00:15:29 +0200] "GET /sitemap555.xml HTTP/1.1" 200 545197 "-" "Mozilla/5.0 AppleWebKit/537.36 (KHTML, like Gecko; compatible; bingbot/2.0; +http://www.bing.com/bingbot.htm) Chrome/116.0.1938.76 Safari/537.36"
192.178.6.105 - - [28/May/2026:00:15:31 +0200] "GET /?f=61391141755 HTTP/1.1" 200 199002 "-" "Mozilla/5.0 (Linux; Android 6.0.1; Nexus 5X Build/MMB29P) AppleWebKit/537.36 (KHTML, like Gecko) Chrome/148.0.7778.96 Mobile Safari/537.36 (compatible; Googlebot/2.1; +http://www.google.com/bot.html)"
192.178.6.105 - - [28/May/2026:00:15:32 +0200] "GET /?r=8451787516 HTTP/1.1" 200 198386 "-" "Mozilla/5.0 (Linux; Android 6.0.1; Nexus 5X Build/MMB29P) AppleWebKit/537.36 (KHTML, like Gecko) Chrome/148.0.7778.96 Mobile Safari/537.36 (compatible; GoogleOther)"
192.178.6.105 - - [28/May/2026:00:15:34 +0200] "GET /?t=62315197576 HTTP/1.1" 200 198668 "-" "Mozilla/5.0 (Linux; Android 6.0.1; Nexus 5X Build/MMB29P) AppleWebKit/537.36 (KHTML, like Gecko) Chrome/148.0.7778.96 Mobile Safari/537.36 (compatible; GoogleOther)"
66.249.69.139 - - [28/May/2026:00:15:35 +0200] "GET /items/P392856331/ HTTP/1.1" 200 200567 "-" "Mozilla/5.0 (Linux; Android 6.0.1; Nexus 5X Build/MMB29P) AppleWebKit/537.36 (KHTML, like Gecko) Chrome/148.0.7778.96 Mobile Safari/537.36 (compatible; Googlebot/2.1; +http://www.google.com/bot.html)"
66.249.69.139 - - [28/May/2026:00:14:51 +0200] "GET /items/D963348139/ HTTP/1.1" 200 200954 "-" "Mozilla/5.0 (Linux; Android 6.0.1; Nexus 5X Build/MMB29P) AppleWebKit/537.36 (KHTML, like Gecko) Chrome/148.0.7778.96 Mobile Safari/537.36 (compatible; Googlebot/2.1; +http://www.google.com/bot.html)"
192.178.6.101 - - [28/May/2026:00:14:54 +0200] "GET /saiga.php?g=9885865328 HTTP/1.1" 200 200249 "-" "Mozilla/5.0 (Linux; Android 6.0.1; Nexus 5X Build/MMB29P) AppleWebKit/537.36 (KHTML, like Gecko) Chrome/148.0.7778.96 Mobile Safari/537.36 (compatible; GoogleOther)"
66.249.69.139 - - [28/May/2026:00:14:56 +0200] "GET /?jp/087027993.html HTTP/1.1" 200 200302 "-" "Mozilla/5.0 (Linux; Android 6.0.1; Nexus 5X Build/MMB29P) AppleWebKit/537.36 (KHTML, like Gecko) Chrome/148.0.7778.96 Mobile Safari/537.36 (compatible; Googlebot/2.1; +http://www.google.com/bot.html)"
192.178.6.97 - - [28/May/2026:00:14:57 +0200] "GET /?o=9743618516 HTTP/1.1" 200 201079 "-" "Mozilla/5.0 (Linux; Android 6.0.1; Nexus 5X Build/MMB29P) AppleWebKit/537.36 (KHTML, like Gecko) Chrome/148.0.7778.96 Mobile Safari/537.36 (compatible; GoogleOther)"
192.178.6.96 - - [28/May/2026:00:15:06 +0200] "GET /?x=40349191535 HTTP/1.1" 200 202789 "-" "Mozilla/5.0 (Linux; Android 6.0.1; Nexus 5X Build/MMB29P) AppleWebKit/537.36 (KHTML, like Gecko) Chrome/148.0.7778.96 Mobile Safari/537.36 (compatible; GoogleOther)"
192.178.6.97 - - [28/May/2026:00:15:13 +0200] "GET /?f=6139152266 HTTP/1.1" 200 199682 "-" "Mozilla/5.0 (Linux; Android 6.0.1; Nexus 5X Build/MMB29P) AppleWebKit/537.36 (KHTML, like Gecko) Chrome/148.0.7778.96 Mobile Safari/537.36 (compatible; GoogleOther)"
192.178.6.105 - - [28/May/2026:00:15:17 +0200] "GET /?o=9743656286 HTTP/1.1" 200 199010 "-" "Mozilla/5.0 (Linux; Android 6.0.1; Nexus 5X Build/MMB29P) AppleWebKit/537.36 (KHTML, like Gecko) Chrome/148.0.7778.96 Mobile Safari/537.36 (compatible; GoogleOther)"
192.178.6.105 - - [28/May/2026:00:15:21 +0200] "GET /?o=97436128915 HTTP/1.1" 200 197559 "-" "Mozilla/5.0 (Linux; Android 6.0.1; Nexus 5X Build/MMB29P) AppleWebKit/537.36 (KHTML, like Gecko) Chrome/148.0.7778.96 Mobile Safari/537.36 (compatible; GoogleOther)"
66.249.69.139 - - [28/May/2026:00:15:21 +0200] "GET /items/K343536586/ HTTP/1.1" 200 201112 "-" "Mozilla/5.0 (Linux; Android 6.0.1; Nexus 5X Build/MMB29P) AppleWebKit/537.36 (KHTML, like Gecko) Chrome/148.0.7778.96 Mobile Safari/537.36 (compatible; Googlebot/2.1; +http://www.google.com/bot.html)"
192.178.6.105 - - [28/May/2026:00:15:27 +0200] "GET /?o=97436230737 HTTP/1.1" 200 197294 "-" "Mozilla/5.0 (Linux; Android 6.0.1; Nexus 5X Build/MMB29P) AppleWebKit/537.36 (KHTML, like Gecko) Chrome/148.0.7778.96 Mobile Safari/537.36 (compatible; GoogleOther)"
192.178.6.102 - - [28/May/2026:00:15:37 +0200] "GET /saiga.php?d=6245570811 HTTP/1.1" 200 200657 "-" "Mozilla/5.0 (Linux; Android 6.0.1; Nexus 5X Build/MMB29P) AppleWebKit/537.36 (KHTML, like Gecko) Chrome/148.0.7778.96 Mobile Safari/537.36 (compatible; GoogleOther)"
192.178.6.97 - - [28/May/2026:00:15:46 +0200] "GET /?t=6231515075 HTTP/1.1" 200 198775 "-" "Mozilla/5.0 (Linux; Android 6.0.1; Nexus 5X Build/MMB29P) AppleWebKit/537.36 (KHTML, like Gecko) Chrome/148.0.7778.96 Mobile Safari/537.36 (compatible; GoogleOther)"
66.249.69.140 - - [28/May/2026:00:15:47 +0200] "GET /items/W826228237/ HTTP/1.1" 200 203231 "-" "Mozilla/5.0 (Linux; Android 6.0.1; Nexus 5X Build/MMB29P) AppleWebKit/537.36 (KHTML, like Gecko) Chrome/148.0.7778.96 Mobile Safari/537.36 (compatible; Googlebot/2.1; +http://www.google.com/bot.html)"
66.249.69.140 - - [28/May/2026:00:15:48 +0200] "GET /?u=59846121463 HTTP/1.1" 200 198304 "-" "Mozilla/5.0 (Linux; Android 6.0.1; Nexus 5X Build/MMB29P) AppleWebKit/537.36 (KHTML, like Gecko) Chrome/148.0.7778.96 Mobile Safari/537.36 (compatible; Googlebot/2.1; +http://www.google.com/bot.html)"
66.249.69.140 - - [28/May/2026:00:15:20 +0200] "GET /?r=8451784576 HTTP/1.1" 200 202140 "-" "Mozilla/5.0 (Linux; Android 6.0.1; Nexus 5X Build/MMB29P) AppleWebKit/537.36 (KHTML, like Gecko) Chrome/148.0.7778.96 Mobile Safari/537.36 (compatible; Googlebot/2.1; +http://www.google.com/bot.html)"
66.249.69.140 - - [28/May/2026:00:15:21 +0200] "GET /items/A827537532/ HTTP/1.1" 200 204213 "-" "Mozilla/5.0 (Linux; Android 6.0.1; Nexus 5X Build/MMB29P) AppleWebKit/537.36 (KHTML, like Gecko) Chrome/148.0.7778.96 Mobile Safari/537.36 (compatible; Googlebot/2.1; +http://www.google.com/bot.html)"
192.178.6.97 - - [28/May/2026:00:15:28 +0200] "GET /?u=59846150134 HTTP/1.1" 200 197764 "-" "Mozilla/5.0 (Linux; Android 6.0.1; Nexus 5X Build/MMB29P) AppleWebKit/537.36 (KHTML, like Gecko) Chrome/148.0.7778.96 Mobile Safari/537.36 (compatible; Googlebot/2.1; +http://www.google.com/bot.html)"
192.178.6.97 - - [28/May/2026:00:15:31 +0200] "GET /?x=40349145123 HTTP/1.1" 200 198053 "-" "Mozilla/5.0 (Linux; Android 6.0.1; Nexus 5X Build/MMB29P) AppleWebKit/537.36 (KHTML, like Gecko) Chrome/148.0.7778.96 Mobile Safari/537.36 (compatible; GoogleOther)"
66.249.69.139 - - [28/May/2026:00:15:39 +0200] "GET /?f=6139137730 HTTP/1.1" 200 198036 "-" "Mozilla/5.0 (Linux; Android 6.0.1; Nexus 5X Build/MMB29P) AppleWebKit/537.36 (KHTML, like Gecko) Chrome/148.0.7778.96 Mobile Safari/537.36 (compatible; Googlebot/2.1; +http://www.google.com/bot.html)"
192.178.6.101 - - [28/May/2026:00:15:42 +0200] "GET /saiga.php?j=46185262698 HTTP/1.1" 200 200061 "-" "Mozilla/5.0 (Linux; Android 6.0.1; Nexus 5X Build/MMB29P) AppleWebKit/537.36 (KHTML, like Gecko) Chrome/148.0.7778.96 Mobile Safari/537.36 (compatible; GoogleOther)"
192.178.6.96 - - [28/May/2026:00:15:47 +0200] "GET /?r=8451742771 HTTP/1.1" 200 200591 "-" "Mozilla/5.0 (Linux; Android 6.0.1; Nexus 5X Build/MMB29P) AppleWebKit/537.36 (KHTML, like Gecko) Chrome/148.0.7778.96 Mobile Safari/537.36 (compatible; GoogleOther)"
192.178.6.105 - - [28/May/2026:00:15:49 +0200] "GET /?t=62315148774 HTTP/1.1" 200 198330 "-" "Mozilla/5.0 (Linux; Android 6.0.1; Nexus 5X Build/MMB29P) AppleWebKit/537.36 (KHTML, like Gecko) Chrome/148.0.7778.96 Mobile Safari/537.36 (compatible; GoogleOther)"
66.249.69.140 - - [28/May/2026:00:15:50 +0200] "GET /?jp/229005959.html HTTP/1.1" 200 202293 "-" "Mozilla/5.0 (Linux; Android 6.0.1; Nexus 5X Build/MMB29P) AppleWebKit/537.36 (KHTML, like Gecko) Chrome/148.0.7778.96 Mobile Safari/537.36 (compatible; Googlebot/2.1; +http://www.google.com/bot.html)"
66.249.69.141 - - [28/May/2026:00:16:01 +0200] "GET /items/T975624740/ HTTP/1.1" 200 200352 "-" "Mozilla/5.0 (Linux; Android 6.0.1; Nexus 5X Build/MMB29P) AppleWebKit/537.36 (KHTML, like Gecko) Chrome/148.0.7778.96 Mobile Safari/537.36 (compatible; Googlebot/2.1; +http://www.google.com/bot.html)"
172.204.27.28 - - [28/May/2026:00:16:06 +0200] "GET /view/item/051618320538 HTTP/1.1" 500 0 "-" "Mozilla/5.0 AppleWebKit/537.36 (KHTML, like Gecko); compatible; ChatGPT-User/1.0; +https://openai.com/bot"
40.77.167.56 - - [28/May/2026:00:16:05 +0200] "GET /items/Z411956892/ HTTP/1.1" 200 200607 "-" "Mozilla/5.0 AppleWebKit/537.36 (KHTML, like Gecko; compatible; bingbot/2.0; +http://www.bing.com/bingbot.htm) Chrome/116.0.1938.76 Safari/537.36"
172.204.27.28 - - [28/May/2026:00:16:07 +0200] "GET /view/item/051618320538 HTTP/1.1" 500 0 "-" "Mozilla/5.0 AppleWebKit/537.36 (KHTML, like Gecko); compatible; ChatGPT-User/1.0; +https://openai.com/bot"
192.178.6.105 - - [28/May/2026:00:16:06 +0200] "GET /?s=15254158332 HTTP/1.1" 200 199003 "-" "Mozilla/5.0 (Linux; Android 6.0.1; Nexus 5X Build/MMB29P) AppleWebKit/537.36 (KHTML, like Gecko) Chrome/148.0.7778.96 Mobile Safari/537.36 (compatible; Googlebot/2.1; +http://www.google.com/bot.html)"
172.204.27.31 - - [28/May/2026:00:16:10 +0200] "GET /view/item/051618320538 HTTP/1.1" 500 0 "-" "Mozilla/5.0 AppleWebKit/537.36 (KHTML, like Gecko); compatible; ChatGPT-User/1.0; +https://openai.com/bot"
192.178.6.105 - - [28/May/2026:00:15:36 +0200] "GET /?r=84517141244 HTTP/1.1" 200 198405 "-" "Mozilla/5.0 (Linux; Android 6.0.1; Nexus 5X Build/MMB29P) AppleWebKit/537.36 (KHTML, like Gecko) Chrome/148.0.7778.96 Mobile Safari/537.36 (compatible; GoogleOther)"
66.249.69.140 - - [28/May/2026:00:15:36 +0200] "GET /items/A864062804/ HTTP/1.1" 200 199893 "-" "Mozilla/5.0 (Linux; Android 6.0.1; Nexus 5X Build/MMB29P) AppleWebKit/537.36 (KHTML, like Gecko) Chrome/148.0.7778.96 Mobile Safari/537.36 (compatible; Googlebot/2.1; +http://www.google.com/bot.html)"
192.178.6.105 - - [28/May/2026:00:15:39 +0200] "GET /?r=84517142424 HTTP/1.1" 200 198186 "-" "Mozilla/5.0 (Linux; Android 6.0.1; Nexus 5X Build/MMB29P) AppleWebKit/537.36 (KHTML, like Gecko) Chrome/148.0.7778.96 Mobile Safari/537.36 (compatible; GoogleOther)"
192.178.6.98 - - [28/May/2026:00:15:41 +0200] "GET /?r=845174158 HTTP/1.1" 200 199350 "-" "Mozilla/5.0 (Linux; Android 6.0.1; Nexus 5X Build/MMB29P) AppleWebKit/537.36 (KHTML, like Gecko) Chrome/148.0.7778.96 Mobile Safari/537.36 (compatible; GoogleOther)"
192.178.6.103 - - [28/May/2026:00:15:44 +0200] "GET /saiga.php?b=1170197358 HTTP/1.1" 200 200756 "-" "Mozilla/5.0 (Linux; Android 6.0.1; Nexus 5X Build/MMB29P) AppleWebKit/537.36 (KHTML, like Gecko) Chrome/148.0.7778.96 Mobile Safari/537.36 (compatible; GoogleOther)"
192.178.6.98 - - [28/May/2026:00:15:49 +0200] "GET /?q=610383423 HTTP/1.1" 200 204373 "-" "Mozilla/5.0 (Linux; Android 6.0.1; Nexus 5X Build/MMB29P) AppleWebKit/537.36 (KHTML, like Gecko) Chrome/148.0.7778.96 Mobile Safari/537.36 (compatible; Googlebot/2.1; +http://www.google.com/bot.html)"
192.178.6.97 - - [28/May/2026:00:15:52 +0200] "GET /?x=40349279508 HTTP/1.1" 200 198109 "-" "Mozilla/5.0 (Linux; Android 6.0.1; Nexus 5X Build/MMB29P) AppleWebKit/537.36 (KHTML, like Gecko) Chrome/148.0.7778.96 Mobile Safari/537.36 (compatible; GoogleOther)"
192.178.6.102 - - [28/May/2026:00:15:54 +0200] "GET /saiga.php?j=46185255456 HTTP/1.1" 200 203748 "-" "Mozilla/5.0 (Linux; Android 6.0.1; Nexus 5X Build/MMB29P) AppleWebKit/537.36 (KHTML, like Gecko) Chrome/148.0.7778.96 Mobile Safari/537.36 (compatible; GoogleOther)"
192.178.6.99 - - [28/May/2026:00:15:58 +0200] "GET /?x=403491659 HTTP/1.1" 200 200891 "-" "Mozilla/5.0 (Linux; Android 6.0.1; Nexus 5X Build/MMB29P) AppleWebKit/537.36 (KHTML, like Gecko) Chrome/148.0.7778.96 Mobile Safari/537.36 (compatible; GoogleOther)"
40.77.167.56 - - [28/May/2026:00:16:02 +0200] "GET /items/Y856479490/ HTTP/1.1" 200 200543 "-" "Mozilla/5.0 AppleWebKit/537.36 (KHTML, like Gecko; compatible; bingbot/2.0; +http://www.bing.com/bingbot.htm) Chrome/116.0.1938.76 Safari/537.36"
192.178.6.105 - - [28/May/2026:00:16:03 +0200] "GET /?o=97436250637 HTTP/1.1" 200 200229 "-" "Mozilla/5.0 (Linux; Android 6.0.1; Nexus 5X Build/MMB29P) AppleWebKit/537.36 (KHTML, like Gecko) Chrome/148.0.7778.96 Mobile Safari/537.36 (compatible; GoogleOther)"
192.178.6.102 - - [28/May/2026:00:16:04 +0200] "GET /saiga.php?j=46185213282 HTTP/1.1" 200 198595 "-" "Mozilla/5.0 (Linux; Android 6.0.1; Nexus 5X Build/MMB29P) AppleWebKit/537.36 (KHTML, like Gecko) Chrome/148.0.7778.96 Mobile Safari/537.36 (compatible; GoogleOther)"
172.204.27.31 - - [28/May/2026:00:16:09 +0200] "GET /view/item/051618320538 HTTP/1.1" 500 0 "-" "Mozilla/5.0 AppleWebKit/537.36 (KHTML, like Gecko); compatible; ChatGPT-User/1.0; +https://openai.com/bot"
192.178.6.97 - - [28/May/2026:00:16:08 +0200] "GET /?x=40349253787 HTTP/1.1" 200 198299 "-" "Mozilla/5.0 (Linux; Android 6.0.1; Nexus 5X Build/MMB29P) AppleWebKit/537.36 (KHTML, like Gecko) Chrome/148.0.7778.96 Mobile Safari/537.36 (compatible; GoogleOther)"
66.249.69.139 - - [28/May/2026:00:16:11 +0200] "GET /?o=97436162065 HTTP/1.1" 200 200468 "-" "Mozilla/5.0 (Linux; Android 6.0.1; Nexus 5X Build/MMB29P) AppleWebKit/537.36 (KHTML, like Gecko) Chrome/148.0.7778.96 Mobile Safari/537.36 (compatible; GoogleOther)"
192.178.6.103 - - [28/May/2026:00:15:51 +0200] "GET /saiga.php?j=4618587052 HTTP/1.1" 200 202441 "-" "Mozilla/5.0 (Linux; Android 6.0.1; Nexus 5X Build/MMB29P) AppleWebKit/537.36 (KHTML, like Gecko) Chrome/148.0.7778.96 Mobile Safari/537.36 (compatible; GoogleOther)"
192.178.6.101 - - [28/May/2026:00:15:56 +0200] "GET /saiga.php?g=9885847352 HTTP/1.1" 200 203295 "-" "Mozilla/5.0 (Linux; Android 6.0.1; Nexus 5X Build/MMB29P) AppleWebKit/537.36 (KHTML, like Gecko) Chrome/148.0.7778.96 Mobile Safari/537.36 (compatible; GoogleOther)"
192.178.6.98 - - [28/May/2026:00:15:59 +0200] "GET /?o=97436214439 HTTP/1.1" 200 200361 "-" "Mozilla/5.0 (Linux; Android 6.0.1; Nexus 5X Build/MMB29P) AppleWebKit/537.36 (KHTML, like Gecko) Chrome/148.0.7778.96 Mobile Safari/537.36 (compatible; GoogleOther)"
192.178.6.99 - - [28/May/2026:00:16:01 +0200] "GET /?b=55121206098 HTTP/1.1" 200 198669 "-" "Mozilla/5.0 (Linux; Android 6.0.1; Nexus 5X Build/MMB29P) AppleWebKit/537.36 (KHTML, like Gecko) Chrome/148.0.7778.96 Mobile Safari/537.36 (compatible; GoogleOther)"
40.77.167.56 - - [28/May/2026:00:16:04 +0200] "GET /items/R082730811/ HTTP/1.1" 200 201274 "-" "Mozilla/5.0 AppleWebKit/537.36 (KHTML, like Gecko; compatible; bingbot/2.0; +http://www.bing.com/bingbot.htm) Chrome/116.0.1938.76 Safari/537.36"
192.178.6.101 - - [28/May/2026:00:16:06 +0200] "GET /saiga.php?b=1170147083 HTTP/1.1" 200 202302 "-" "Mozilla/5.0 (Linux; Android 6.0.1; Nexus 5X Build/MMB29P) AppleWebKit/537.36 (KHTML, like Gecko) Chrome/148.0.7778.96 Mobile Safari/537.36 (compatible; GoogleOther)"
40.77.167.56 - - [28/May/2026:00:16:07 +0200] "GET /items/P514050593/ HTTP/1.1" 200 198279 "-" "Mozilla/5.0 AppleWebKit/537.36 (KHTML, like Gecko; compatible; bingbot/2.0; +http://www.bing.com/bingbot.htm) Chrome/116.0.1938.76 Safari/537.36"
192.178.6.105 - - [28/May/2026:00:16:09 +0200] "GET /?t=6231565394 HTTP/1.1" 200 202063 "-" "Mozilla/5.0 (Linux; Android 6.0.1; Nexus 5X Build/MMB29P) AppleWebKit/537.36 (KHTML, like Gecko) Chrome/148.0.7778.96 Mobile Safari/537.36 (compatible; GoogleOther)"
192.178.6.105 - - [28/May/2026:00:16:10 +0200] "GET /?w=86810186545 HTTP/1.1" 200 198860 "-" "Mozilla/5.0 (Linux; Android 6.0.1; Nexus 5X Build/MMB29P) AppleWebKit/537.36 (KHTML, like Gecko) Chrome/148.0.7778.96 Mobile Safari/537.36 (compatible; Googlebot/2.1; +http://www.google.com/bot.html)"
192.178.6.96 - - [28/May/2026:00:16:13 +0200] "GET /?o=97436202336 HTTP/1.1" 200 199281 "-" "Mozilla/5.0 (Linux; Android 6.0.1; Nexus 5X Build/MMB29P) AppleWebKit/537.36 (KHTML, like Gecko) Chrome/148.0.7778.96 Mobile Safari/537.36 (compatible; GoogleOther)"
52.167.144.189 - - [28/May/2026:00:16:13 +0200] "GET /items/L463339552/ HTTP/1.1" 200 200720 "-" "Mozilla/5.0 AppleWebKit/537.36 (KHTML, like Gecko; compatible; bingbot/2.0; +http://www.bing.com/bingbot.htm) Chrome/116.0.1938.76 Safari/537.36"
52.167.144.189 - - [28/May/2026:00:16:14 +0200] "GET /items/A963541919/ HTTP/1.1" 200 201082 "-" "Mozilla/5.0 AppleWebKit/537.36 (KHTML, like Gecko; compatible; bingbot/2.0; +http://www.bing.com/bingbot.htm) Chrome/116.0.1938.76 Safari/537.36"
52.167.144.167 - - [28/May/2026:00:16:17 +0200] "GET /items/V451289237/ HTTP/1.1" 200 200079 "-" "Mozilla/5.0 AppleWebKit/537.36 (KHTML, like Gecko; compatible; bingbot/2.0; +http://www.bing.com/bingbot.htm) Chrome/116.0.1938.76 Safari/537.36"
66.249.69.139 - - [28/May/2026:00:16:18 +0200] "GET /items/C196318518/ HTTP/1.1" 200 201162 "-" "Mozilla/5.0 (Linux; Android 6.0.1; Nexus 5X Build/MMB29P) AppleWebKit/537.36 (KHTML, like Gecko) Chrome/148.0.7778.96 Mobile Safari/537.36 (compatible; Googlebot/2.1; +http://www.google.com/bot.html)"
40.77.167.56 - - [28/May/2026:00:16:21 +0200] "GET /items/Q123863930/ HTTP/1.1" 200 200571 "-" "Mozilla/5.0 AppleWebKit/537.36 (KHTML, like Gecko; compatible; bingbot/2.0; +http://www.bing.com/bingbot.htm) Chrome/116.0.1938.76 Safari/537.36"
52.167.144.189 - - [28/May/2026:00:16:10 +0200] "GET /sitemap347.xml HTTP/1.1" 200 545113 "-" "Mozilla/5.0 AppleWebKit/537.36 (KHTML, like Gecko; compatible; bingbot/2.0; +http://www.bing.com/bingbot.htm) Chrome/116.0.1938.76 Safari/537.36"
192.178.6.101 - - [28/May/2026:00:16:14 +0200] "GET /saiga.php?g=9885865188 HTTP/1.1" 200 201607 "-" "Mozilla/5.0 (Linux; Android 6.0.1; Nexus 5X Build/MMB29P) AppleWebKit/537.36 (KHTML, like Gecko) Chrome/148.0.7778.96 Mobile Safari/537.36 (compatible; GoogleOther)"
192.178.6.96 - - [28/May/2026:00:16:15 +0200] "GET /?t=6231589966 HTTP/1.1" 200 200609 "-" "Mozilla/5.0 (Linux; Android 6.0.1; Nexus 5X Build/MMB29P) AppleWebKit/537.36 (KHTML, like Gecko) Chrome/148.0.7778.96 Mobile Safari/537.36 (compatible; Googlebot/2.1; +http://www.google.com/bot.html)"
192.178.6.96 - - [28/May/2026:00:16:18 +0200] "GET /?f=61391203537 HTTP/1.1" 200 199887 "-" "Mozilla/5.0 (Linux; Android 6.0.1; Nexus 5X Build/MMB29P) AppleWebKit/537.36 (KHTML, like Gecko) Chrome/148.0.7778.96 Mobile Safari/537.36 (compatible; GoogleOther)"
192.178.6.101 - - [28/May/2026:00:16:19 +0200] "GET /saiga.php?u=69492260644 HTTP/1.1" 200 199947 "-" "Mozilla/5.0 (Linux; Android 6.0.1; Nexus 5X Build/MMB29P) AppleWebKit/537.36 (KHTML, like Gecko) Chrome/148.0.7778.96 Mobile Safari/537.36 (compatible; GoogleOther)"
66.249.69.139 - - [28/May/2026:00:16:20 +0200] "GET /items/V732886834/ HTTP/1.1" 200 202703 "-" "Mozilla/5.0 (Linux; Android 6.0.1; Nexus 5X Build/MMB29P) AppleWebKit/537.36 (KHTML, like Gecko) Chrome/148.0.7778.96 Mobile Safari/537.36 (compatible; Googlebot/2.1; +http://www.google.com/bot.html)"
52.167.144.189 - - [28/May/2026:00:16:21 +0200] "GET /items/C552927825/ HTTP/1.1" 200 203817 "-" "Mozilla/5.0 AppleWebKit/537.36 (KHTML, like Gecko; compatible; bingbot/2.0; +http://www.bing.com/bingbot.htm) Chrome/116.0.1938.76 Safari/537.36"
192.178.6.96 - - [28/May/2026:00:16:23 +0200] "GET /?r=84517110664 HTTP/1.1" 200 198377 "-" "Mozilla/5.0 (Linux; Android 6.0.1; Nexus 5X Build/MMB29P) AppleWebKit/537.36 (KHTML, like Gecko) Chrome/148.0.7778.96 Mobile Safari/537.36 (compatible; GoogleOther)"
52.167.144.189 - - [28/May/2026:00:16:24 +0200] "GET /items/C746549479/ HTTP/1.1" 200 200899 "-" "Mozilla/5.0 AppleWebKit/537.36 (KHTML, like Gecko; compatible; bingbot/2.0; +http://www.bing.com/bingbot.htm) Chrome/116.0.1938.76 Safari/537.36"
192.178.6.105 - - [28/May/2026:00:16:29 +0200] "GET /?r=8451727300 HTTP/1.1" 200 202230 "-" "Mozilla/5.0 (Linux; Android 6.0.1; Nexus 5X Build/MMB29P) AppleWebKit/537.36 (KHTML, like Gecko) Chrome/148.0.7778.96 Mobile Safari/537.36 (compatible; GoogleOther)"
192.178.6.96 - - [28/May/2026:00:16:30 +0200] "GET /?q=61038248418 HTTP/1.1" 200 201198 "-" "Mozilla/5.0 (Linux; Android 6.0.1; Nexus 5X Build/MMB29P) AppleWebKit/537.36 (KHTML, like Gecko) Chrome/148.0.7778.96 Mobile Safari/537.36 (compatible; Googlebot/2.1; +http://www.google.com/bot.html)"
192.178.6.100 - - [28/May/2026:00:16:31 +0200] "GET /saiga.php?m=37530276820 HTTP/1.1" 200 204545 "-" "Mozilla/5.0 (Linux; Android 6.0.1; Nexus 5X Build/MMB29P) AppleWebKit/537.36 (KHTML, like Gecko) Chrome/148.0.7778.96 Mobile Safari/537.36 (compatible; GoogleOther)"
192.178.6.105 - - [28/May/2026:00:16:32 +0200] "GET /?r=84517127199 HTTP/1.1" 200 196905 "-" "Mozilla/5.0 (Linux; Android 6.0.1; Nexus 5X Build/MMB29P) AppleWebKit/537.36 (KHTML, like Gecko) Chrome/148.0.7778.96 Mobile Safari/537.36 (compatible; GoogleOther)"
192.178.6.105 - - [28/May/2026:00:16:36 +0200] "GET /?u=5984680687 HTTP/1.1" 200 197196 "-" "Mozilla/5.0 (Linux; Android 6.0.1; Nexus 5X Build/MMB29P) AppleWebKit/537.36 (KHTML, like Gecko) Chrome/148.0.7778.96 Mobile Safari/537.36 (compatible; GoogleOther)"
66.249.69.139 - - [28/May/2026:00:16:41 +0200] "GET /?q=6103858025 HTTP/1.1" 200 196509 "-" "Mozilla/5.0 (Linux; Android 6.0.1; Nexus 5X Build/MMB29P) AppleWebKit/537.36 (KHTML, like Gecko) Chrome/148.0.7778.96 Mobile Safari/537.36 (compatible; Googlebot/2.1; +http://www.google.com/bot.html)"
66.249.69.139 - - [28/May/2026:00:16:21 +0200] "GET /?detail/16100006912425 HTTP/1.1" 200 200946 "-" "Mozilla/5.0 (Linux; Android 6.0.1; Nexus 5X Build/MMB29P) AppleWebKit/537.36 (KHTML, like Gecko) Chrome/148.0.7778.96 Mobile Safari/537.36 (compatible; Googlebot/2.1; +http://www.google.com/bot.html)"
192.178.6.105 - - [28/May/2026:00:16:21 +0200] "GET /?x=4034912668 HTTP/1.1" 200 202719 "-" "Mozilla/5.0 (Linux; Android 6.0.1; Nexus 5X Build/MMB29P) AppleWebKit/537.36 (KHTML, like Gecko) Chrome/148.0.7778.96 Mobile Safari/537.36 (compatible; GoogleOther)"
192.178.6.96 - - [28/May/2026:00:16:24 +0200] "GET /?b=55121229074 HTTP/1.1" 200 199722 "-" "Mozilla/5.0 (Linux; Android 6.0.1; Nexus 5X Build/MMB29P) AppleWebKit/537.36 (KHTML, like Gecko) Chrome/148.0.7778.96 Mobile Safari/537.36 (compatible; Googlebot/2.1; +http://www.google.com/bot.html)"
192.178.6.97 - - [28/May/2026:00:16:26 +0200] "GET /?t=62315115775 HTTP/1.1" 200 198222 "-" "Mozilla/5.0 (Linux; Android 6.0.1; Nexus 5X Build/MMB29P) AppleWebKit/537.36 (KHTML, like Gecko) Chrome/148.0.7778.96 Mobile Safari/537.36 (compatible; GoogleOther)"
192.178.6.105 - - [28/May/2026:00:16:27 +0200] "GET /?x=40349104398 HTTP/1.1" 200 197506 "-" "Mozilla/5.0 (Linux; Android 6.0.1; Nexus 5X Build/MMB29P) AppleWebKit/537.36 (KHTML, like Gecko) Chrome/148.0.7778.96 Mobile Safari/537.36 (compatible; Googlebot/2.1; +http://www.google.com/bot.html)"
40.77.167.56 - - [28/May/2026:00:16:30 +0200] "GET /items/L711731268/ HTTP/1.1" 200 201814 "-" "Mozilla/5.0 AppleWebKit/537.36 (KHTML, like Gecko; compatible; bingbot/2.0; +http://www.bing.com/bingbot.htm) Chrome/116.0.1938.76 Safari/537.36"
66.249.69.139 - - [28/May/2026:00:16:32 +0200] "GET /items/R126764757/ HTTP/1.1" 200 198483 "-" "Mozilla/5.0 (Linux; Android 6.0.1; Nexus 5X Build/MMB29P) AppleWebKit/537.36 (KHTML, like Gecko) Chrome/148.0.7778.96 Mobile Safari/537.36 (compatible; Googlebot/2.1; +http://www.google.com/bot.html)"
192.178.6.96 - - [28/May/2026:00:16:34 +0200] "GET /?t=62315199979 HTTP/1.1" 200 198032 "-" "Mozilla/5.0 (Linux; Android 6.0.1; Nexus 5X Build/MMB29P) AppleWebKit/537.36 (KHTML, like Gecko) Chrome/148.0.7778.96 Mobile Safari/537.36 (compatible; GoogleOther)"
66.249.69.139 - - [28/May/2026:00:16:37 +0200] "GET /items/V287581182/ HTTP/1.1" 200 203659 "-" "Mozilla/5.0 (Linux; Android 6.0.1; Nexus 5X Build/MMB29P) AppleWebKit/537.36 (KHTML, like Gecko) Chrome/148.0.7778.96 Mobile Safari/537.36 (compatible; Googlebot/2.1; +http://www.google.com/bot.html)"
192.178.6.102 - - [28/May/2026:00:16:39 +0200] "GET /saiga.php?j=46185276035 HTTP/1.1" 200 201331 "-" "Mozilla/5.0 (Linux; Android 6.0.1; Nexus 5X Build/MMB29P) AppleWebKit/537.36 (KHTML, like Gecko) Chrome/148.0.7778.96 Mobile Safari/537.36 (compatible; GoogleOther)"
192.178.6.101 - - [28/May/2026:00:16:42 +0200] "GET /saiga.php?j=46185122343 HTTP/1.1" 200 203840 "-" "Mozilla/5.0 (Linux; Android 6.0.1; Nexus 5X Build/MMB29P) AppleWebKit/537.36 (KHTML, like Gecko) Chrome/148.0.7778.96 Mobile Safari/537.36 (compatible; GoogleOther)"
66.249.69.140 - - [28/May/2026:00:16:46 +0200] "GET /?b=55121280293 HTTP/1.1" 200 200360 "-" "Mozilla/5.0 (Linux; Android 6.0.1; Nexus 5X Build/MMB29P) AppleWebKit/537.36 (KHTML, like Gecko) Chrome/148.0.7778.96 Mobile Safari/537.36 (compatible; GoogleOther)"
192.178.6.105 - - [28/May/2026:00:16:50 +0200] "GET /?b=55121105155 HTTP/1.1" 200 201835 "-" "Mozilla/5.0 (Linux; Android 6.0.1; Nexus 5X Build/MMB29P) AppleWebKit/537.36 (KHTML, like Gecko) Chrome/148.0.7778.96 Mobile Safari/537.36 (compatible; GoogleOther)"
66.249.69.139 - - [28/May/2026:00:16:50 +0200] "GET /?s=15254140892 HTTP/1.1" 200 199683 "-" "Mozilla/5.0 (Linux; Android 6.0.1; Nexus 5X Build/MMB29P) AppleWebKit/537.36 (KHTML, like Gecko) Chrome/148.0.7778.96 Mobile Safari/537.36 (compatible; Googlebot/2.1; +http://www.google.com/bot.html)"
192.178.6.101 - - [28/May/2026:00:16:16 +0200] "GET /saiga.php?b=1170167585 HTTP/1.1" 200 199634 "-" "Mozilla/5.0 (Linux; Android 6.0.1; Nexus 5X Build/MMB29P) AppleWebKit/537.36 (KHTML, like Gecko) Chrome/148.0.7778.96 Mobile Safari/537.36 (compatible; GoogleOther)"
52.167.144.167 - - [28/May/2026:00:16:19 +0200] "GET /items/T146821950/ HTTP/1.1" 200 200569 "-" "Mozilla/5.0 AppleWebKit/537.36 (KHTML, like Gecko; compatible; bingbot/2.0; +http://www.bing.com/bingbot.htm) Chrome/116.0.1938.76 Safari/537.36"
192.178.6.96 - - [28/May/2026:00:16:22 +0200] "GET /?r=84517141244 HTTP/1.1" 200 198405 "-" "Mozilla/5.0 (Linux; Android 6.0.1; Nexus 5X Build/MMB29P) AppleWebKit/537.36 (KHTML, like Gecko) Chrome/148.0.7778.96 Mobile Safari/537.36 (compatible; Googlebot/2.1; +http://www.google.com/bot.html)"
52.167.144.189 - - [28/May/2026:00:16:23 +0200] "GET /items/T681489699/ HTTP/1.1" 200 201831 "-" "Mozilla/5.0 AppleWebKit/537.36 (KHTML, like Gecko; compatible; bingbot/2.0; +http://www.bing.com/bingbot.htm) Chrome/116.0.1938.76 Safari/537.36"
192.178.6.105 - - [28/May/2026:00:16:24 +0200] "GET /?o=97436253084 HTTP/1.1" 200 196355 "-" "Mozilla/5.0 (Linux; Android 6.0.1; Nexus 5X Build/MMB29P) AppleWebKit/537.36 (KHTML, like Gecko) Chrome/148.0.7778.96 Mobile Safari/537.36 (compatible; GoogleOther)"
57.141.20.8 - - [28/May/2026:00:16:28 +0200] "GET /detail/115342459 HTTP/1.1" 500 0 "-" "meta-externalagent/1.1 (+https://developers.facebook.com/docs/sharing/webmasters/crawler)"
192.178.6.100 - - [28/May/2026:00:16:27 +0200] "GET /saiga.php?w=12502111095 HTTP/1.1" 200 202557 "-" "Mozilla/5.0 (Linux; Android 6.0.1; Nexus 5X Build/MMB29P) AppleWebKit/537.36 (KHTML, like Gecko) Chrome/148.0.7778.96 Mobile Safari/537.36 (compatible; GoogleOther)"
192.178.6.105 - - [28/May/2026:00:16:28 +0200] "GET /?r=84517164763 HTTP/1.1" 200 200508 "-" "Mozilla/5.0 (Linux; Android 6.0.1; Nexus 5X Build/MMB29P) AppleWebKit/537.36 (KHTML, like Gecko) Chrome/148.0.7778.96 Mobile Safari/537.36 (compatible; Googlebot/2.1; +http://www.google.com/bot.html)"
192.178.6.97 - - [28/May/2026:00:16:29 +0200] "GET /?x=4034924167 HTTP/1.1" 200 197189 "-" "Mozilla/5.0 (Linux; Android 6.0.1; Nexus 5X Build/MMB29P) AppleWebKit/537.36 (KHTML, like Gecko) Chrome/148.0.7778.96 Mobile Safari/537.36 (compatible; Googlebot/2.1; +http://www.google.com/bot.html)"
66.249.69.139 - - [28/May/2026:00:16:33 +0200] "GET /?jp/033032680.html HTTP/1.1" 200 200825 "-" "Mozilla/5.0 (Linux; Android 6.0.1; Nexus 5X Build/MMB29P) AppleWebKit/537.36 (KHTML, like Gecko) Chrome/148.0.7778.96 Mobile Safari/537.36 (compatible; Googlebot/2.1; +http://www.google.com/bot.html)"
192.178.6.96 - - [28/May/2026:00:16:35 +0200] "GET /?s=1525448810 HTTP/1.1" 200 196626 "-" "Mozilla/5.0 (Linux; Android 6.0.1; Nexus 5X Build/MMB29P) AppleWebKit/537.36 (KHTML, like Gecko) Chrome/148.0.7778.96 Mobile Safari/537.36 (compatible; Googlebot/2.1; +http://www.google.com/bot.html)"
66.249.69.139 - - [28/May/2026:00:16:36 +0200] "GET /items/X812629033/ HTTP/1.1" 200 201385 "-" "Mozilla/5.0 (Linux; Android 6.0.1; Nexus 5X Build/MMB29P) AppleWebKit/537.36 (KHTML, like Gecko) Chrome/148.0.7778.96 Mobile Safari/537.36 (compatible; Googlebot/2.1; +http://www.google.com/bot.html)"
192.178.6.102 - - [28/May/2026:00:16:37 +0200] "GET /saiga.php?b=117013238 HTTP/1.1" 200 201963 "-" "Mozilla/5.0 (Linux; Android 6.0.1; Nexus 5X Build/MMB29P) AppleWebKit/537.36 (KHTML, like Gecko) Chrome/148.0.7778.96 Mobile Safari/537.36 (compatible; GoogleOther)"
66.249.69.139 - - [28/May/2026:00:16:38 +0200] "GET /items/R592667040/ HTTP/1.1" 200 201631 "-" "Mozilla/5.0 (Linux; Android 6.0.1; Nexus 5X Build/MMB29P) AppleWebKit/537.36 (KHTML, like Gecko) Chrome/148.0.7778.96 Mobile Safari/537.36 (compatible; Googlebot/2.1; +http://www.google.com/bot.html)"
192.178.6.100 - - [28/May/2026:00:16:44 +0200] "GET /saiga.php?b=11701170644 HTTP/1.1" 200 203573 "-" "Mozilla/5.0 (Linux; Android 6.0.1; Nexus 5X Build/MMB29P) AppleWebKit/537.36 (KHTML, like Gecko) Chrome/148.0.7778.96 Mobile Safari/537.36 (compatible; GoogleOther)"
66.249.69.140 - - [28/May/2026:00:16:52 +0200] "GET /items/E164966589/ HTTP/1.1" 200 200168 "-" "Mozilla/5.0 (Linux; Android 6.0.1; Nexus 5X Build/MMB29P) AppleWebKit/537.36 (KHTML, like Gecko) Chrome/148.0.7778.96 Mobile Safari/537.36 (compatible; Googlebot/2.1; +http://www.google.com/bot.html)"
192.178.6.96 - - [28/May/2026:00:16:57 +0200] "GET /?r=84517186332 HTTP/1.1" 200 198141 "-" "Mozilla/5.0 (Linux; Android 6.0.1; Nexus 5X Build/MMB29P) AppleWebKit/537.36 (KHTML, like Gecko) Chrome/148.0.7778.96 Mobile Safari/537.36 (compatible; Googlebot/2.1; +http://www.google.com/bot.html)"
192.178.6.97 - - [28/May/2026:00:16:58 +0200] "GET /?o=97436150697 HTTP/1.1" 200 198430 "-" "Mozilla/5.0 (Linux; Android 6.0.1; Nexus 5X Build/MMB29P) AppleWebKit/537.36 (KHTML, like Gecko) Chrome/148.0.7778.96 Mobile Safari/537.36 (compatible; GoogleOther)"
192.178.6.101 - - [28/May/2026:00:17:01 +0200] "GET /saiga.php?g=98858173130 HTTP/1.1" 200 200464 "-" "Mozilla/5.0 (Linux; Android 6.0.1; Nexus 5X Build/MMB29P) AppleWebKit/537.36 (KHTML, like Gecko) Chrome/148.0.7778.96 Mobile Safari/537.36 (compatible; GoogleOther)"
