57.141.20.0 - - [29/Apr/2026:01:27:06 +0200] "GET /items/K462296084/ HTTP/1.1" 200 0 "-" "meta-externalagent/1.1 (+https://developers.facebook.com/docs/sharing/webmasters/crawler)"
57.141.20.27 - - [29/Apr/2026:01:27:03 +0200] "GET /items/K462177818/ HTTP/1.1" 200 0 "-" "meta-externalagent/1.1 (+https://developers.facebook.com/docs/sharing/webmasters/crawler)"
57.141.20.43 - - [29/Apr/2026:01:27:10 +0200] "GET /items/K464754794/ HTTP/1.1" 200 0 "-" "meta-externalagent/1.1 (+https://developers.facebook.com/docs/sharing/webmasters/crawler)"
57.141.20.70 - - [29/Apr/2026:01:27:19 +0200] "GET /?k=27033495xbf6 HTTP/1.1" 200 0 "-" "meta-externalagent/1.1 (+https://developers.facebook.com/docs/sharing/webmasters/crawler)"
40.77.167.35 - - [29/Apr/2026:01:27:26 +0200] "GET /geniculargyn.xml HTTP/1.1" 200 13 "-" "Mozilla/5.0 AppleWebKit/537.36 (KHTML, like Gecko; compatible; bingbot/2.0; +http://www.bing.com/bingbot.htm) Chrome/116.0.1938.76 Safari/537.36"
57.141.20.61 - - [29/Apr/2026:01:27:29 +0200] "GET /items/K465315051/ HTTP/1.1" 200 0 "-" "meta-externalagent/1.1 (+https://developers.facebook.com/docs/sharing/webmasters/crawler)"
57.141.20.25 - - [29/Apr/2026:01:27:32 +0200] "GET /items/K463826118/ HTTP/1.1" 200 0 "-" "meta-externalagent/1.1 (+https://developers.facebook.com/docs/sharing/webmasters/crawler)"
57.141.20.5 - - [29/Apr/2026:01:27:38 +0200] "GET /items/K462701955/ HTTP/1.1" 200 0 "-" "meta-externalagent/1.1 (+https://developers.facebook.com/docs/sharing/webmasters/crawler)"
57.141.20.62 - - [29/Apr/2026:01:27:51 +0200] "GET /items/K463936765/ HTTP/1.1" 200 0 "-" "meta-externalagent/1.1 (+https://developers.facebook.com/docs/sharing/webmasters/crawler)"
57.141.20.37 - - [29/Apr/2026:01:28:01 +0200] "GET /items/K465500930/ HTTP/1.1" 200 0 "-" "meta-externalagent/1.1 (+https://developers.facebook.com/docs/sharing/webmasters/crawler)"
57.141.20.42 - - [29/Apr/2026:01:28:06 +0200] "GET /items/K462194459/ HTTP/1.1" 200 0 "-" "meta-externalagent/1.1 (+https://developers.facebook.com/docs/sharing/webmasters/crawler)"
57.141.20.29 - - [29/Apr/2026:01:28:18 +0200] "GET /items/K461616755/ HTTP/1.1" 200 0 "-" "meta-externalagent/1.1 (+https://developers.facebook.com/docs/sharing/webmasters/crawler)"
57.141.20.44 - - [29/Apr/2026:01:28:28 +0200] "GET /items/K467199593/ HTTP/1.1" 200 0 "-" "meta-externalagent/1.1 (+https://developers.facebook.com/docs/sharing/webmasters/crawler)"
57.141.20.42 - - [29/Apr/2026:01:28:36 +0200] "GET /items/K462282463/ HTTP/1.1" 200 0 "-" "meta-externalagent/1.1 (+https://developers.facebook.com/docs/sharing/webmasters/crawler)"
57.141.20.13 - - [29/Apr/2026:01:24:46 +0200] "GET /items/K466440563/ HTTP/1.1" 200 0 "-" "meta-externalagent/1.1 (+https://developers.facebook.com/docs/sharing/webmasters/crawler)"
57.141.20.39 - - [29/Apr/2026:01:24:46 +0200] "GET /items/K467622759/ HTTP/1.1" 200 0 "-" "meta-externalagent/1.1 (+https://developers.facebook.com/docs/sharing/webmasters/crawler)"
109.234.166.131 - - [29/Apr/2026:01:24:37 +0200] "GET /wp-includese4d8c2/44/index.php?id=379975 HTTP/1.1" 404 15 "-" "GO"
109.234.166.131 - - [29/Apr/2026:01:23:42 +0200] "GET /wp-includese4d8c2/44/index.php?id=604643 HTTP/1.1" 404 0 "-" "GO"
57.141.20.47 - - [29/Apr/2026:01:25:14 +0200] "GET /bordelaisegbl.xml HTTP/1.1" 200 0 "-" "meta-externalagent/1.1 (+https://developers.facebook.com/docs/sharing/webmasters/crawler)"
57.141.20.20 - - [29/Apr/2026:01:25:19 +0200] "GET /items/K465299358/ HTTP/1.1" 200 0 "-" "meta-externalagent/1.1 (+https://developers.facebook.com/docs/sharing/webmasters/crawler)"
57.141.20.6 - - [29/Apr/2026:01:25:29 +0200] "GET /items/K466125504/ HTTP/1.1" 200 0 "-" "meta-externalagent/1.1 (+https://developers.facebook.com/docs/sharing/webmasters/crawler)"
57.141.20.7 - - [29/Apr/2026:01:25:29 +0200] "GET /items/K461817199/ HTTP/1.1" 200 15 "-" "meta-externalagent/1.1 (+https://developers.facebook.com/docs/sharing/webmasters/crawler)"
57.141.20.13 - - [29/Apr/2026:01:26:09 +0200] "GET /items/K461388382/ HTTP/1.1" 200 0 "-" "meta-externalagent/1.1 (+https://developers.facebook.com/docs/sharing/webmasters/crawler)"
57.141.20.10 - - [29/Apr/2026:01:26:30 +0200] "GET /items/K467519435/ HTTP/1.1" 200 0 "-" "meta-externalagent/1.1 (+https://developers.facebook.com/docs/sharing/webmasters/crawler)"
57.141.20.51 - - [29/Apr/2026:01:26:38 +0200] "GET /items/K467584997/ HTTP/1.1" 200 0 "-" "meta-externalagent/1.1 (+https://developers.facebook.com/docs/sharing/webmasters/crawler)"
57.141.20.5 - - [29/Apr/2026:01:26:48 +0200] "GET /items/K461837696/ HTTP/1.1" 200 0 "-" "meta-externalagent/1.1 (+https://developers.facebook.com/docs/sharing/webmasters/crawler)"
57.141.20.1 - - [29/Apr/2026:01:26:51 +0200] "GET /items/K467026051/ HTTP/1.1" 200 0 "-" "meta-externalagent/1.1 (+https://developers.facebook.com/docs/sharing/webmasters/crawler)"
57.141.20.55 - - [29/Apr/2026:01:27:00 +0200] "GET /items/K467855032/ HTTP/1.1" 200 0 "-" "meta-externalagent/1.1 (+https://developers.facebook.com/docs/sharing/webmasters/crawler)"
57.141.20.12 - - [29/Apr/2026:01:27:16 +0200] "GET /items/K466928722/ HTTP/1.1" 200 0 "-" "meta-externalagent/1.1 (+https://developers.facebook.com/docs/sharing/webmasters/crawler)"
57.141.20.2 - - [29/Apr/2026:01:27:54 +0200] "GET /items/K463923320/ HTTP/1.1" 200 0 "-" "meta-externalagent/1.1 (+https://developers.facebook.com/docs/sharing/webmasters/crawler)"
57.141.20.62 - - [29/Apr/2026:01:27:35 +0200] "GET /items/K464989061/ HTTP/1.1" 200 15 "-" "meta-externalagent/1.1 (+https://developers.facebook.com/docs/sharing/webmasters/crawler)"
57.141.20.25 - - [29/Apr/2026:01:28:11 +0200] "GET /items/K465313263/ HTTP/1.1" 200 0 "-" "meta-externalagent/1.1 (+https://developers.facebook.com/docs/sharing/webmasters/crawler)"
57.141.20.45 - - [29/Apr/2026:01:28:32 +0200] "GET /items/K461195870/ HTTP/1.1" 200 0 "-" "meta-externalagent/1.1 (+https://developers.facebook.com/docs/sharing/webmasters/crawler)"
57.141.20.18 - - [29/Apr/2026:01:28:25 +0200] "GET /items/K465885807/ HTTP/1.1" 200 0 "-" "meta-externalagent/1.1 (+https://developers.facebook.com/docs/sharing/webmasters/crawler)"
57.141.20.41 - - [29/Apr/2026:01:28:41 +0200] "GET /items/K464925898/ HTTP/1.1" 200 0 "-" "meta-externalagent/1.1 (+https://developers.facebook.com/docs/sharing/webmasters/crawler)"
57.141.20.53 - - [29/Apr/2026:01:28:48 +0200] "GET /items/K464860142/ HTTP/1.1" 200 0 "-" "meta-externalagent/1.1 (+https://developers.facebook.com/docs/sharing/webmasters/crawler)"
57.141.20.21 - - [29/Apr/2026:01:28:36 +0200] "GET /items/K461282145/ HTTP/1.1" 200 0 "-" "meta-externalagent/1.1 (+https://developers.facebook.com/docs/sharing/webmasters/crawler)"
57.141.20.42 - - [29/Apr/2026:01:28:52 +0200] "GET /items/K461645381/ HTTP/1.1" 200 0 "-" "meta-externalagent/1.1 (+https://developers.facebook.com/docs/sharing/webmasters/crawler)"
57.141.20.61 - - [29/Apr/2026:01:29:01 +0200] "GET /items/K464727314/ HTTP/1.1" 200 0 "-" "meta-externalagent/1.1 (+https://developers.facebook.com/docs/sharing/webmasters/crawler)"
57.141.20.52 - - [29/Apr/2026:01:29:08 +0200] "GET /items/K465457850/ HTTP/1.1" 200 0 "-" "meta-externalagent/1.1 (+https://developers.facebook.com/docs/sharing/webmasters/crawler)"
57.141.20.13 - - [29/Apr/2026:01:29:11 +0200] "GET /items/K461360070/ HTTP/1.1" 200 0 "-" "meta-externalagent/1.1 (+https://developers.facebook.com/docs/sharing/webmasters/crawler)"
57.141.20.10 - - [29/Apr/2026:01:29:16 +0200] "GET /items/K466247895/ HTTP/1.1" 200 0 "-" "meta-externalagent/1.1 (+https://developers.facebook.com/docs/sharing/webmasters/crawler)"
57.141.20.35 - - [29/Apr/2026:01:29:19 +0200] "GET /items/K462583433/ HTTP/1.1" 200 0 "-" "meta-externalagent/1.1 (+https://developers.facebook.com/docs/sharing/webmasters/crawler)"
57.141.20.21 - - [29/Apr/2026:01:29:22 +0200] "GET /items/K467820504/ HTTP/1.1" 200 0 "-" "meta-externalagent/1.1 (+https://developers.facebook.com/docs/sharing/webmasters/crawler)"
109.234.166.131 - - [29/Apr/2026:01:27:59 +0200] "GET /wp-includese4d8c2/44/index.php?id=604643 HTTP/1.1" 404 0 "-" "GO"
57.141.20.10 - - [29/Apr/2026:01:29:25 +0200] "GET /items/K461039324/ HTTP/1.1" 200 0 "-" "meta-externalagent/1.1 (+https://developers.facebook.com/docs/sharing/webmasters/crawler)"
57.141.20.49 - - [29/Apr/2026:01:29:32 +0200] "GET /items/K461887017/ HTTP/1.1" 200 0 "-" "meta-externalagent/1.1 (+https://developers.facebook.com/docs/sharing/webmasters/crawler)"
57.141.20.59 - - [29/Apr/2026:01:29:38 +0200] "GET /items/K462036627/ HTTP/1.1" 200 0 "-" "meta-externalagent/1.1 (+https://developers.facebook.com/docs/sharing/webmasters/crawler)"
57.141.20.1 - - [29/Apr/2026:01:29:52 +0200] "GET /items/K465554419/ HTTP/1.1" 200 0 "-" "meta-externalagent/1.1 (+https://developers.facebook.com/docs/sharing/webmasters/crawler)"
57.141.20.9 - - [29/Apr/2026:01:30:05 +0200] "GET /items/K462620645/ HTTP/1.1" 200 0 "-" "meta-externalagent/1.1 (+https://developers.facebook.com/docs/sharing/webmasters/crawler)"
57.141.20.30 - - [29/Apr/2026:01:30:00 +0200] "GET /items/K465115018/ HTTP/1.1" 200 0 "-" "meta-externalagent/1.1 (+https://developers.facebook.com/docs/sharing/webmasters/crawler)"
57.141.20.4 - - [29/Apr/2026:01:30:13 +0200] "GET /items/K461347987/ HTTP/1.1" 200 0 "-" "meta-externalagent/1.1 (+https://developers.facebook.com/docs/sharing/webmasters/crawler)"
57.141.20.16 - - [29/Apr/2026:01:30:15 +0200] "GET /items/K461824465/ HTTP/1.1" 200 0 "-" "meta-externalagent/1.1 (+https://developers.facebook.com/docs/sharing/webmasters/crawler)"
57.141.20.0 - - [29/Apr/2026:01:30:18 +0200] "GET /items/K466902973/ HTTP/1.1" 200 0 "-" "meta-externalagent/1.1 (+https://developers.facebook.com/docs/sharing/webmasters/crawler)"
57.141.20.25 - - [29/Apr/2026:01:30:22 +0200] "GET /items/K467779134/ HTTP/1.1" 200 0 "-" "meta-externalagent/1.1 (+https://developers.facebook.com/docs/sharing/webmasters/crawler)"
57.141.20.60 - - [29/Apr/2026:01:30:24 +0200] "GET /items/K463955756/ HTTP/1.1" 200 0 "-" "meta-externalagent/1.1 (+https://developers.facebook.com/docs/sharing/webmasters/crawler)"
57.141.20.27 - - [29/Apr/2026:01:30:31 +0200] "GET /?k=55237928rqgv HTTP/1.1" 200 0 "-" "meta-externalagent/1.1 (+https://developers.facebook.com/docs/sharing/webmasters/crawler)"
57.141.20.58 - - [29/Apr/2026:01:30:33 +0200] "GET /items/K465286216/ HTTP/1.1" 200 0 "-" "meta-externalagent/1.1 (+https://developers.facebook.com/docs/sharing/webmasters/crawler)"
57.141.20.62 - - [29/Apr/2026:01:30:46 +0200] "GET /items/K467605734/ HTTP/1.1" 200 0 "-" "meta-externalagent/1.1 (+https://developers.facebook.com/docs/sharing/webmasters/crawler)"
109.234.166.131 - - [29/Apr/2026:01:29:23 +0200] "GET /wp-includese4d8c2/44/index.php?id=604643 HTTP/1.1" 404 0 "-" "GO"
57.141.20.45 - - [29/Apr/2026:01:27:26 +0200] "GET /items/K466713783/ HTTP/1.1" 200 0 "-" "meta-externalagent/1.1 (+https://developers.facebook.com/docs/sharing/webmasters/crawler)"
57.141.20.67 - - [29/Apr/2026:01:27:22 +0200] "GET /items/K467142481/ HTTP/1.1" 200 15 "-" "meta-externalagent/1.1 (+https://developers.facebook.com/docs/sharing/webmasters/crawler)"
57.141.20.70 - - [29/Apr/2026:01:27:41 +0200] "GET /items/K461630784/ HTTP/1.1" 200 0 "-" "meta-externalagent/1.1 (+https://developers.facebook.com/docs/sharing/webmasters/crawler)"
109.234.166.131 - - [29/Apr/2026:01:26:16 +0200] "GET /wp-includese4d8c2/44/index.php?id=221172 HTTP/1.1" 404 0 "-" "GO"
57.141.20.14 - - [29/Apr/2026:01:27:44 +0200] "GET /items/K464600623/ HTTP/1.1" 200 0 "-" "meta-externalagent/1.1 (+https://developers.facebook.com/docs/sharing/webmasters/crawler)"
57.141.20.34 - - [29/Apr/2026:01:27:47 +0200] "GET /items/K466071321/ HTTP/1.1" 200 0 "-" "meta-externalagent/1.1 (+https://developers.facebook.com/docs/sharing/webmasters/crawler)"
57.141.20.25 - - [29/Apr/2026:01:27:50 +0200] "GET /items/K465492862/ HTTP/1.1" 200 0 "-" "meta-externalagent/1.1 (+https://developers.facebook.com/docs/sharing/webmasters/crawler)"
109.234.166.131 - - [29/Apr/2026:01:26:30 +0200] "GET /wp-includese4d8c2/44/index.php?id=604643 HTTP/1.1" 404 0 "-" "GO"
57.141.20.56 - - [29/Apr/2026:01:27:57 +0200] "GET /items/K466015778/ HTTP/1.1" 200 0 "-" "meta-externalagent/1.1 (+https://developers.facebook.com/docs/sharing/webmasters/crawler)"
57.141.20.2 - - [29/Apr/2026:01:28:01 +0200] "GET /items/K465395263/ HTTP/1.1" 200 0 "-" "meta-externalagent/1.1 (+https://developers.facebook.com/docs/sharing/webmasters/crawler)"
57.141.20.7 - - [29/Apr/2026:01:28:08 +0200] "GET /items/K464604529/ HTTP/1.1" 200 0 "-" "meta-externalagent/1.1 (+https://developers.facebook.com/docs/sharing/webmasters/crawler)"
57.141.20.68 - - [29/Apr/2026:01:28:04 +0200] "GET /items/K465220222/ HTTP/1.1" 200 0 "-" "meta-externalagent/1.1 (+https://developers.facebook.com/docs/sharing/webmasters/crawler)"
57.141.20.20 - - [29/Apr/2026:01:28:13 +0200] "GET /items/K462775694/ HTTP/1.1" 200 0 "-" "meta-externalagent/1.1 (+https://developers.facebook.com/docs/sharing/webmasters/crawler)"
57.141.20.33 - - [29/Apr/2026:01:28:17 +0200] "GET /items/K465596356/ HTTP/1.1" 200 0 "-" "meta-externalagent/1.1 (+https://developers.facebook.com/docs/sharing/webmasters/crawler)"
57.141.20.1 - - [29/Apr/2026:01:28:56 +0200] "GET /items/K467529585/ HTTP/1.1" 200 0 "-" "meta-externalagent/1.1 (+https://developers.facebook.com/docs/sharing/webmasters/crawler)"
109.234.166.131 - - [29/Apr/2026:01:27:40 +0200] "GET /wp-includese4d8c2/44/index.php?id=221172 HTTP/1.1" 404 0 "-" "GO"
52.167.144.175 - - [29/Apr/2026:01:29:11 +0200] "GET /items/K462477676/ HTTP/1.1" 200 13 "-" "Mozilla/5.0 AppleWebKit/537.36 (KHTML, like Gecko; compatible; bingbot/2.0; +http://www.bing.com/bingbot.htm) Chrome/116.0.1938.76 Safari/537.36"
57.141.20.70 - - [29/Apr/2026:01:30:12 +0200] "GET /items/K462937845/ HTTP/1.1" 200 0 "-" "meta-externalagent/1.1 (+https://developers.facebook.com/docs/sharing/webmasters/crawler)"
109.234.166.131 - - [29/Apr/2026:01:29:07 +0200] "GET /wp-includese4d8c2/44/index.php?id=221172 HTTP/1.1" 404 0 "-" "GO"
57.141.20.63 - - [29/Apr/2026:01:30:35 +0200] "GET /items/K461722348/ HTTP/1.1" 200 0 "-" "meta-externalagent/1.1 (+https://developers.facebook.com/docs/sharing/webmasters/crawler)"
57.141.20.33 - - [29/Apr/2026:01:30:48 +0200] "GET /items/K465365087/ HTTP/1.1" 200 0 "-" "meta-externalagent/1.1 (+https://developers.facebook.com/docs/sharing/webmasters/crawler)"
109.234.166.131 - - [29/Apr/2026:01:30:36 +0200] "GET /wp-includese4d8c2/44/index.php?id=221172 HTTP/1.1" 404 15 "-" "GO"
57.141.20.54 - - [29/Apr/2026:01:30:57 +0200] "GET /items/K461800067/ HTTP/1.1" 200 0 "-" "meta-externalagent/1.1 (+https://developers.facebook.com/docs/sharing/webmasters/crawler)"
57.141.20.63 - - [29/Apr/2026:01:28:57 +0200] "GET /items/K467132597/ HTTP/1.1" 200 0 "-" "meta-externalagent/1.1 (+https://developers.facebook.com/docs/sharing/webmasters/crawler)"
57.141.20.3 - - [29/Apr/2026:01:29:05 +0200] "GET /?k=526505905jgo HTTP/1.1" 200 0 "-" "meta-externalagent/1.1 (+https://developers.facebook.com/docs/sharing/webmasters/crawler)"
57.141.20.20 - - [29/Apr/2026:01:29:31 +0200] "GET /items/K465317498/ HTTP/1.1" 200 0 "-" "meta-externalagent/1.1 (+https://developers.facebook.com/docs/sharing/webmasters/crawler)"
57.141.20.27 - - [29/Apr/2026:01:29:41 +0200] "GET /items/K462881843/ HTTP/1.1" 200 0 "-" "meta-externalagent/1.1 (+https://developers.facebook.com/docs/sharing/webmasters/crawler)"
57.141.20.60 - - [29/Apr/2026:01:29:44 +0200] "GET /items/K467089827/ HTTP/1.1" 200 0 "-" "meta-externalagent/1.1 (+https://developers.facebook.com/docs/sharing/webmasters/crawler)"
57.141.20.32 - - [29/Apr/2026:01:29:49 +0200] "GET /items/K465585711/ HTTP/1.1" 200 0 "-" "meta-externalagent/1.1 (+https://developers.facebook.com/docs/sharing/webmasters/crawler)"
57.141.20.67 - - [29/Apr/2026:01:29:47 +0200] "GET /items/K465279591/ HTTP/1.1" 200 0 "-" "meta-externalagent/1.1 (+https://developers.facebook.com/docs/sharing/webmasters/crawler)"
57.141.20.38 - - [29/Apr/2026:01:29:35 +0200] "GET /items/K462658585/ HTTP/1.1" 200 0 "-" "meta-externalagent/1.1 (+https://developers.facebook.com/docs/sharing/webmasters/crawler)"
57.141.20.61 - - [29/Apr/2026:01:29:55 +0200] "GET /items/K464565998/ HTTP/1.1" 200 0 "-" "meta-externalagent/1.1 (+https://developers.facebook.com/docs/sharing/webmasters/crawler)"
57.141.20.60 - - [29/Apr/2026:01:30:03 +0200] "GET /items/K463487835/ HTTP/1.1" 200 0 "-" "meta-externalagent/1.1 (+https://developers.facebook.com/docs/sharing/webmasters/crawler)"
57.141.20.31 - - [29/Apr/2026:01:30:10 +0200] "GET /items/K465949636/ HTTP/1.1" 200 0 "-" "meta-externalagent/1.1 (+https://developers.facebook.com/docs/sharing/webmasters/crawler)"
57.141.20.34 - - [29/Apr/2026:01:29:58 +0200] "GET /items/K464535497/ HTTP/1.1" 200 15 "-" "meta-externalagent/1.1 (+https://developers.facebook.com/docs/sharing/webmasters/crawler)"
57.141.20.54 - - [29/Apr/2026:01:30:20 +0200] "GET /items/K467088699/ HTTP/1.1" 200 0 "-" "meta-externalagent/1.1 (+https://developers.facebook.com/docs/sharing/webmasters/crawler)"
57.141.20.59 - - [29/Apr/2026:01:30:28 +0200] "GET /items/K462296900/ HTTP/1.1" 200 0 "-" "meta-externalagent/1.1 (+https://developers.facebook.com/docs/sharing/webmasters/crawler)"
57.141.20.14 - - [29/Apr/2026:01:30:29 +0200] "GET /items/K462593280/ HTTP/1.1" 200 0 "-" "meta-externalagent/1.1 (+https://developers.facebook.com/docs/sharing/webmasters/crawler)"
57.141.20.26 - - [29/Apr/2026:01:30:40 +0200] "GET /items/K467268476/ HTTP/1.1" 200 0 "-" "meta-externalagent/1.1 (+https://developers.facebook.com/docs/sharing/webmasters/crawler)"
57.141.20.34 - - [29/Apr/2026:01:30:38 +0200] "GET /items/K461845432/ HTTP/1.1" 200 0 "-" "meta-externalagent/1.1 (+https://developers.facebook.com/docs/sharing/webmasters/crawler)"
57.141.20.55 - - [29/Apr/2026:01:30:44 +0200] "GET /items/K464970910/ HTTP/1.1" 200 0 "-" "meta-externalagent/1.1 (+https://developers.facebook.com/docs/sharing/webmasters/crawler)"
57.141.20.55 - - [29/Apr/2026:01:31:22 +0200] "GET /items/K467490646/ HTTP/1.1" 200 0 "-" "meta-externalagent/1.1 (+https://developers.facebook.com/docs/sharing/webmasters/crawler)"
57.141.20.62 - - [29/Apr/2026:01:31:22 +0200] "GET /?k=2981801el2qu HTTP/1.1" 200 0 "-" "meta-externalagent/1.1 (+https://developers.facebook.com/docs/sharing/webmasters/crawler)"
57.141.20.47 - - [29/Apr/2026:01:31:33 +0200] "GET /items/K467012536/ HTTP/1.1" 200 0 "-" "meta-externalagent/1.1 (+https://developers.facebook.com/docs/sharing/webmasters/crawler)"
57.141.20.3 - - [29/Apr/2026:01:31:48 +0200] "GET /items/K464956946/ HTTP/1.1" 200 0 "-" "meta-externalagent/1.1 (+https://developers.facebook.com/docs/sharing/webmasters/crawler)"
57.141.20.67 - - [29/Apr/2026:01:30:51 +0200] "GET /items/K465985761/ HTTP/1.1" 200 0 "-" "meta-externalagent/1.1 (+https://developers.facebook.com/docs/sharing/webmasters/crawler)"
57.141.20.33 - - [29/Apr/2026:01:30:53 +0200] "GET /items/K465200075/ HTTP/1.1" 200 0 "-" "meta-externalagent/1.1 (+https://developers.facebook.com/docs/sharing/webmasters/crawler)"
57.141.20.53 - - [29/Apr/2026:01:31:03 +0200] "GET /items/K462290871/ HTTP/1.1" 200 0 "-" "meta-externalagent/1.1 (+https://developers.facebook.com/docs/sharing/webmasters/crawler)"
57.141.20.56 - - [29/Apr/2026:01:31:08 +0200] "GET /items/K466767855/ HTTP/1.1" 200 0 "-" "meta-externalagent/1.1 (+https://developers.facebook.com/docs/sharing/webmasters/crawler)"
57.141.20.39 - - [29/Apr/2026:01:31:08 +0200] "GET /items/K463527158/ HTTP/1.1" 200 0 "-" "meta-externalagent/1.1 (+https://developers.facebook.com/docs/sharing/webmasters/crawler)"
57.141.20.57 - - [29/Apr/2026:01:31:18 +0200] "GET /items/K463706365/ HTTP/1.1" 200 0 "-" "meta-externalagent/1.1 (+https://developers.facebook.com/docs/sharing/webmasters/crawler)"
57.141.20.30 - - [29/Apr/2026:01:31:44 +0200] "GET /items/K462122934/ HTTP/1.1" 200 0 "-" "meta-externalagent/1.1 (+https://developers.facebook.com/docs/sharing/webmasters/crawler)"
57.141.20.4 - - [29/Apr/2026:01:31:52 +0200] "GET /items/K465144693/ HTTP/1.1" 200 0 "-" "meta-externalagent/1.1 (+https://developers.facebook.com/docs/sharing/webmasters/crawler)"
57.141.20.51 - - [29/Apr/2026:01:32:02 +0200] "GET /items/K461260755/ HTTP/1.1" 200 0 "-" "meta-externalagent/1.1 (+https://developers.facebook.com/docs/sharing/webmasters/crawler)"
198.244.242.163 - - [29/Apr/2026:01:32:09 +0200] "GET /leur-Pour-R-chaud-Alcool-Pas-Cher-179167/ HTTP/1.1" 200 0 "-" "Mozilla/5.0 (compatible; AhrefsBot/7.0; +http://ahrefs.com/robot/)"
57.141.20.56 - - [29/Apr/2026:01:32:19 +0200] "GET /items/K463778649/ HTTP/1.1" 200 0 "-" "meta-externalagent/1.1 (+https://developers.facebook.com/docs/sharing/webmasters/crawler)"
57.141.20.2 - - [29/Apr/2026:01:32:14 +0200] "GET /items/K467580904/ HTTP/1.1" 200 0 "-" "meta-externalagent/1.1 (+https://developers.facebook.com/docs/sharing/webmasters/crawler)"
57.141.20.2 - - [29/Apr/2026:01:32:41 +0200] "GET /items/K463950886/ HTTP/1.1" 200 0 "-" "meta-externalagent/1.1 (+https://developers.facebook.com/docs/sharing/webmasters/crawler)"
57.141.20.16 - - [29/Apr/2026:01:32:48 +0200] "GET /items/K462524005/ HTTP/1.1" 200 0 "-" "meta-externalagent/1.1 (+https://developers.facebook.com/docs/sharing/webmasters/crawler)"
57.141.20.9 - - [29/Apr/2026:01:32:52 +0200] "GET /items/K461217371/ HTTP/1.1" 200 0 "-" "meta-externalagent/1.1 (+https://developers.facebook.com/docs/sharing/webmasters/crawler)"
57.141.20.9 - - [29/Apr/2026:01:32:56 +0200] "GET /items/K466279236/ HTTP/1.1" 200 0 "-" "meta-externalagent/1.1 (+https://developers.facebook.com/docs/sharing/webmasters/crawler)"
192.178.6.8 - - [29/Apr/2026:01:33:02 +0200] "GET /Clou-Laiton-100-Pi-ces-Clous-En-Laiton-Clous-De-Rosace-En-1008162/ HTTP/1.1" 200 557035 "-" "Mozilla/5.0 (Linux; Android 6.0.1; Nexus 5X Build/MMB29P) AppleWebKit/537.36 (KHTML, like Gecko) Chrome/147.0.7727.116 Mobile Safari/537.36 (compatible; Googlebot/2.1; +http://www.google.com/bot.html)"
57.141.20.37 - - [29/Apr/2026:01:33:11 +0200] "GET /items/K463006584/ HTTP/1.1" 200 15 "-" "meta-externalagent/1.1 (+https://developers.facebook.com/docs/sharing/webmasters/crawler)"
57.141.20.1 - - [29/Apr/2026:01:33:14 +0200] "GET /items/K466882374/ HTTP/1.1" 200 0 "-" "meta-externalagent/1.1 (+https://developers.facebook.com/docs/sharing/webmasters/crawler)"
57.141.20.69 - - [29/Apr/2026:01:33:18 +0200] "GET /items/K461684976/ HTTP/1.1" 200 0 "-" "meta-externalagent/1.1 (+https://developers.facebook.com/docs/sharing/webmasters/crawler)"
57.141.20.41 - - [29/Apr/2026:01:33:22 +0200] "GET /swahilesehwl.xml HTTP/1.1" 200 0 "-" "meta-externalagent/1.1 (+https://developers.facebook.com/docs/sharing/webmasters/crawler)"
57.141.20.47 - - [29/Apr/2026:01:31:02 +0200] "GET /items/K465130703/ HTTP/1.1" 200 0 "-" "meta-externalagent/1.1 (+https://developers.facebook.com/docs/sharing/webmasters/crawler)"
57.141.20.4 - - [29/Apr/2026:01:30:44 +0200] "GET /items/K464678040/ HTTP/1.1" 200 15 "-" "meta-externalagent/1.1 (+https://developers.facebook.com/docs/sharing/webmasters/crawler)"
57.141.20.17 - - [29/Apr/2026:01:31:14 +0200] "GET /items/K465409044/ HTTP/1.1" 200 0 "-" "meta-externalagent/1.1 (+https://developers.facebook.com/docs/sharing/webmasters/crawler)"
57.141.20.42 - - [29/Apr/2026:01:31:29 +0200] "GET /items/K466353569/ HTTP/1.1" 200 0 "-" "meta-externalagent/1.1 (+https://developers.facebook.com/docs/sharing/webmasters/crawler)"
57.141.20.49 - - [29/Apr/2026:01:31:33 +0200] "GET /items/K462937081/ HTTP/1.1" 200 0 "-" "meta-externalagent/1.1 (+https://developers.facebook.com/docs/sharing/webmasters/crawler)"
57.141.20.37 - - [29/Apr/2026:01:31:37 +0200] "GET /items/K466093594/ HTTP/1.1" 200 0 "-" "meta-externalagent/1.1 (+https://developers.facebook.com/docs/sharing/webmasters/crawler)"
57.141.20.60 - - [29/Apr/2026:01:31:41 +0200] "GET /?k=3440754kpa3f HTTP/1.1" 200 0 "-" "meta-externalagent/1.1 (+https://developers.facebook.com/docs/sharing/webmasters/crawler)"
57.141.20.45 - - [29/Apr/2026:01:31:58 +0200] "GET /items/K464329459/ HTTP/1.1" 200 0 "-" "meta-externalagent/1.1 (+https://developers.facebook.com/docs/sharing/webmasters/crawler)"
57.141.20.68 - - [29/Apr/2026:01:32:10 +0200] "GET /items/K461474494/ HTTP/1.1" 200 0 "-" "meta-externalagent/1.1 (+https://developers.facebook.com/docs/sharing/webmasters/crawler)"
109.234.166.131 - - [29/Apr/2026:01:30:47 +0200] "GET /wp-includese4d8c2/44/index.php?id=604643 HTTP/1.1" 404 0 "-" "GO"
57.141.20.29 - - [29/Apr/2026:01:32:10 +0200] "GET /items/K462060290/ HTTP/1.1" 200 15 "-" "meta-externalagent/1.1 (+https://developers.facebook.com/docs/sharing/webmasters/crawler)"
57.141.20.37 - - [29/Apr/2026:01:32:34 +0200] "GET /items/K466744241/ HTTP/1.1" 200 0 "-" "meta-externalagent/1.1 (+https://developers.facebook.com/docs/sharing/webmasters/crawler)"
57.141.20.20 - - [29/Apr/2026:01:32:48 +0200] "GET /items/K461926896/ HTTP/1.1" 200 0 "-" "meta-externalagent/1.1 (+https://developers.facebook.com/docs/sharing/webmasters/crawler)"
57.141.20.58 - - [29/Apr/2026:01:32:44 +0200] "GET /items/K465599564/ HTTP/1.1" 200 0 "-" "meta-externalagent/1.1 (+https://developers.facebook.com/docs/sharing/webmasters/crawler)"
57.141.20.26 - - [29/Apr/2026:01:33:03 +0200] "GET /items/K464760711/ HTTP/1.1" 200 0 "-" "meta-externalagent/1.1 (+https://developers.facebook.com/docs/sharing/webmasters/crawler)"
57.141.20.65 - - [29/Apr/2026:01:33:07 +0200] "GET /items/K461601739/ HTTP/1.1" 200 0 "-" "meta-externalagent/1.1 (+https://developers.facebook.com/docs/sharing/webmasters/crawler)"
57.141.20.67 - - [29/Apr/2026:01:33:27 +0200] "GET /items/K461831355/ HTTP/1.1" 200 0 "-" "meta-externalagent/1.1 (+https://developers.facebook.com/docs/sharing/webmasters/crawler)"
109.234.166.131 - - [29/Apr/2026:01:32:15 +0200] "GET /wp-includese4d8c2/44/index.php?id=604643 HTTP/1.1" 404 0 "-" "GO"
57.141.20.20 - - [29/Apr/2026:01:33:33 +0200] "GET /items/K464332730/ HTTP/1.1" 200 0 "-" "meta-externalagent/1.1 (+https://developers.facebook.com/docs/sharing/webmasters/crawler)"
57.141.20.70 - - [29/Apr/2026:01:33:39 +0200] "GET /items/K465524202/ HTTP/1.1" 200 0 "-" "meta-externalagent/1.1 (+https://developers.facebook.com/docs/sharing/webmasters/crawler)"
57.141.20.38 - - [29/Apr/2026:01:33:50 +0200] "GET /?k=604714yjwn7 HTTP/1.1" 200 15 "-" "meta-externalagent/1.1 (+https://developers.facebook.com/docs/sharing/webmasters/crawler)"
57.141.20.6 - - [29/Apr/2026:01:34:05 +0200] "GET /items/K467816621/ HTTP/1.1" 200 0 "-" "meta-externalagent/1.1 (+https://developers.facebook.com/docs/sharing/webmasters/crawler)"
57.141.20.33 - - [29/Apr/2026:01:34:24 +0200] "GET /items/K466413395/ HTTP/1.1" 200 0 "-" "meta-externalagent/1.1 (+https://developers.facebook.com/docs/sharing/webmasters/crawler)"
198.204.224.34 - - [29/Apr/2026:01:33:58 +0200] "GET /wp-includese4d8c2/44/index.php HTTP/1.1" 404 0 "http://deribos.com/wp-includese4d8c2/44/index.php" "Mozilla/5.0 (Windows NT 10.0; Win64; x64) AppleWebKit/537.36 (KHTML, like Gecko) Chrome/58.0.3029.110 Safari/537.3"
57.141.20.17 - - [29/Apr/2026:01:34:38 +0200] "GET /items/K461971633/ HTTP/1.1" 200 0 "-" "meta-externalagent/1.1 (+https://developers.facebook.com/docs/sharing/webmasters/crawler)"
57.141.20.3 - - [29/Apr/2026:01:34:41 +0200] "GET /items/K465577422/ HTTP/1.1" 200 0 "-" "meta-externalagent/1.1 (+https://developers.facebook.com/docs/sharing/webmasters/crawler)"
57.141.20.17 - - [29/Apr/2026:01:34:52 +0200] "GET /items/K461026788/ HTTP/1.1" 200 0 "-" "meta-externalagent/1.1 (+https://developers.facebook.com/docs/sharing/webmasters/crawler)"
40.77.167.46 - - [29/Apr/2026:01:34:48 +0200] "GET /jutlandjse.xml HTTP/1.1" 200 15 "-" "Mozilla/5.0 AppleWebKit/537.36 (KHTML, like Gecko; compatible; bingbot/2.0; +http://www.bing.com/bingbot.htm) Chrome/116.0.1938.76 Safari/537.36"
57.141.20.3 - - [29/Apr/2026:01:35:16 +0200] "GET /items/K463802202/ HTTP/1.1" 200 0 "-" "meta-externalagent/1.1 (+https://developers.facebook.com/docs/sharing/webmasters/crawler)"
57.141.20.28 - - [29/Apr/2026:01:35:22 +0200] "GET /items/K465250967/ HTTP/1.1" 200 0 "-" "meta-externalagent/1.1 (+https://developers.facebook.com/docs/sharing/webmasters/crawler)"
57.141.20.14 - - [29/Apr/2026:01:35:27 +0200] "GET /items/K462080744/ HTTP/1.1" 200 0 "-" "meta-externalagent/1.1 (+https://developers.facebook.com/docs/sharing/webmasters/crawler)"
57.141.20.1 - - [29/Apr/2026:01:35:31 +0200] "GET /items/K465286318/ HTTP/1.1" 200 0 "-" "meta-externalagent/1.1 (+https://developers.facebook.com/docs/sharing/webmasters/crawler)"
57.141.20.63 - - [29/Apr/2026:01:33:25 +0200] "GET /items/K465001886/ HTTP/1.1" 200 0 "-" "meta-externalagent/1.1 (+https://developers.facebook.com/docs/sharing/webmasters/crawler)"
57.141.20.2 - - [29/Apr/2026:01:33:31 +0200] "GET /items/K466713785/ HTTP/1.1" 200 0 "-" "meta-externalagent/1.1 (+https://developers.facebook.com/docs/sharing/webmasters/crawler)"
57.141.20.62 - - [29/Apr/2026:01:33:43 +0200] "GET /items/K464167636/ HTTP/1.1" 200 0 "-" "meta-externalagent/1.1 (+https://developers.facebook.com/docs/sharing/webmasters/crawler)"
57.141.20.58 - - [29/Apr/2026:01:33:46 +0200] "GET /items/K463262688/ HTTP/1.1" 200 0 "-" "meta-externalagent/1.1 (+https://developers.facebook.com/docs/sharing/webmasters/crawler)"
198.204.224.34 - - [29/Apr/2026:01:33:52 +0200] "GET /wp-includese4d8c2/44/index.php HTTP/1.1" 200 8 "http://deribos.com/wp-includese4d8c2/44/index.php" "Mozilla/5.0 (Windows NT 10.0; Win64; x64) AppleWebKit/537.36 (KHTML, like Gecko) Chrome/58.0.3029.110 Safari/537.3"
57.141.20.29 - - [29/Apr/2026:01:34:12 +0200] "GET /items/K465962926/ HTTP/1.1" 200 0 "-" "meta-externalagent/1.1 (+https://developers.facebook.com/docs/sharing/webmasters/crawler)"
57.141.20.44 - - [29/Apr/2026:01:34:23 +0200] "GET /items/K462408679/ HTTP/1.1" 200 0 "-" "meta-externalagent/1.1 (+https://developers.facebook.com/docs/sharing/webmasters/crawler)"
57.141.20.30 - - [29/Apr/2026:01:34:29 +0200] "GET /items/K465625806/ HTTP/1.1" 200 0 "-" "meta-externalagent/1.1 (+https://developers.facebook.com/docs/sharing/webmasters/crawler)"
57.141.20.38 - - [29/Apr/2026:01:34:29 +0200] "GET /items/K465312113/ HTTP/1.1" 200 0 "-" "meta-externalagent/1.1 (+https://developers.facebook.com/docs/sharing/webmasters/crawler)"
57.141.20.6 - - [29/Apr/2026:01:34:33 +0200] "GET /items/K463981927/ HTTP/1.1" 200 0 "-" "meta-externalagent/1.1 (+https://developers.facebook.com/docs/sharing/webmasters/crawler)"
57.141.20.12 - - [29/Apr/2026:01:34:58 +0200] "GET /items/K467321049/ HTTP/1.1" 200 0 "-" "meta-externalagent/1.1 (+https://developers.facebook.com/docs/sharing/webmasters/crawler)"
57.141.20.44 - - [29/Apr/2026:01:35:07 +0200] "GET /items/K467292073/ HTTP/1.1" 200 0 "-" "meta-externalagent/1.1 (+https://developers.facebook.com/docs/sharing/webmasters/crawler)"
57.141.20.61 - - [29/Apr/2026:01:35:13 +0200] "GET /items/K462132515/ HTTP/1.1" 200 0 "-" "meta-externalagent/1.1 (+https://developers.facebook.com/docs/sharing/webmasters/crawler)"
57.141.20.1 - - [29/Apr/2026:01:34:55 +0200] "GET /?k=2071303gjfxk HTTP/1.1" 200 15 "-" "meta-externalagent/1.1 (+https://developers.facebook.com/docs/sharing/webmasters/crawler)"
109.234.166.131 - - [29/Apr/2026:01:33:39 +0200] "GET /wp-includese4d8c2/44/index.php?id=604643 HTTP/1.1" 404 0 "-" "GO"
57.141.20.12 - - [29/Apr/2026:01:35:05 +0200] "GET /items/K462713111/ HTTP/1.1" 200 15 "-" "meta-externalagent/1.1 (+https://developers.facebook.com/docs/sharing/webmasters/crawler)"
57.141.20.14 - - [29/Apr/2026:01:35:30 +0200] "GET /items/K461305549/ HTTP/1.1" 200 0 "-" "meta-externalagent/1.1 (+https://developers.facebook.com/docs/sharing/webmasters/crawler)"
57.141.20.1 - - [29/Apr/2026:01:32:06 +0200] "GET /items/K462826523/ HTTP/1.1" 200 0 "-" "meta-externalagent/1.1 (+https://developers.facebook.com/docs/sharing/webmasters/crawler)"
57.141.20.34 - - [29/Apr/2026:01:32:22 +0200] "GET /items/K464931964/ HTTP/1.1" 200 0 "-" "meta-externalagent/1.1 (+https://developers.facebook.com/docs/sharing/webmasters/crawler)"
57.141.20.55 - - [29/Apr/2026:01:32:27 +0200] "GET /?k=49222019xrkc HTTP/1.1" 200 0 "-" "meta-externalagent/1.1 (+https://developers.facebook.com/docs/sharing/webmasters/crawler)"
57.141.20.31 - - [29/Apr/2026:01:32:30 +0200] "GET /items/K464583753/ HTTP/1.1" 200 0 "-" "meta-externalagent/1.1 (+https://developers.facebook.com/docs/sharing/webmasters/crawler)"
57.141.20.65 - - [29/Apr/2026:01:33:03 +0200] "GET /items/K467379146/ HTTP/1.1" 200 15 "-" "meta-externalagent/1.1 (+https://developers.facebook.com/docs/sharing/webmasters/crawler)"
57.141.20.69 - - [29/Apr/2026:01:33:46 +0200] "GET /items/K464311368/ HTTP/1.1" 200 0 "-" "meta-externalagent/1.1 (+https://developers.facebook.com/docs/sharing/webmasters/crawler)"
57.141.20.1 - - [29/Apr/2026:01:33:57 +0200] "GET /items/K465446254/ HTTP/1.1" 200 0 "-" "meta-externalagent/1.1 (+https://developers.facebook.com/docs/sharing/webmasters/crawler)"
57.141.20.55 - - [29/Apr/2026:01:34:00 +0200] "GET /items/K464944488/ HTTP/1.1" 200 0 "-" "meta-externalagent/1.1 (+https://developers.facebook.com/docs/sharing/webmasters/crawler)"
57.141.20.44 - - [29/Apr/2026:01:34:11 +0200] "GET /items/K467458200/ HTTP/1.1" 200 0 "-" "meta-externalagent/1.1 (+https://developers.facebook.com/docs/sharing/webmasters/crawler)"
40.77.167.17 - - [29/Apr/2026:01:34:03 +0200] "GET /items/K465197093/ HTTP/1.1" 200 13 "-" "Mozilla/5.0 AppleWebKit/537.36 (KHTML, like Gecko; compatible; bingbot/2.0; +http://www.bing.com/bingbot.htm) Chrome/116.0.1938.76 Safari/537.36"
57.141.20.10 - - [29/Apr/2026:01:34:20 +0200] "GET /items/K466185674/ HTTP/1.1" 200 0 "-" "meta-externalagent/1.1 (+https://developers.facebook.com/docs/sharing/webmasters/crawler)"
57.141.20.41 - - [29/Apr/2026:01:34:44 +0200] "GET /items/K462956753/ HTTP/1.1" 200 0 "-" "meta-externalagent/1.1 (+https://developers.facebook.com/docs/sharing/webmasters/crawler)"
57.141.20.31 - - [29/Apr/2026:01:35:02 +0200] "GET /items/K465456864/ HTTP/1.1" 200 0 "-" "meta-externalagent/1.1 (+https://developers.facebook.com/docs/sharing/webmasters/crawler)"
57.141.20.42 - - [29/Apr/2026:01:34:48 +0200] "GET /items/K467351739/ HTTP/1.1" 200 15 "-" "meta-externalagent/1.1 (+https://developers.facebook.com/docs/sharing/webmasters/crawler)"
57.141.20.70 - - [29/Apr/2026:01:35:19 +0200] "GET /items/K463035840/ HTTP/1.1" 200 0 "-" "meta-externalagent/1.1 (+https://developers.facebook.com/docs/sharing/webmasters/crawler)"
57.141.20.53 - - [29/Apr/2026:01:35:24 +0200] "GET /items/K465895957/ HTTP/1.1" 200 0 "-" "meta-externalagent/1.1 (+https://developers.facebook.com/docs/sharing/webmasters/crawler)"
57.141.20.59 - - [29/Apr/2026:01:35:11 +0200] "GET /items/K463694849/ HTTP/1.1" 200 15 "-" "meta-externalagent/1.1 (+https://developers.facebook.com/docs/sharing/webmasters/crawler)"
57.141.20.4 - - [29/Apr/2026:01:35:40 +0200] "GET /?k=39503514nb1r HTTP/1.1" 200 0 "-" "meta-externalagent/1.1 (+https://developers.facebook.com/docs/sharing/webmasters/crawler)"
57.141.20.5 - - [29/Apr/2026:01:35:50 +0200] "GET /items/K462470768/ HTTP/1.1" 200 0 "-" "meta-externalagent/1.1 (+https://developers.facebook.com/docs/sharing/webmasters/crawler)"
57.141.20.47 - - [29/Apr/2026:01:35:34 +0200] "GET /items/K463077636/ HTTP/1.1" 200 15 "-" "meta-externalagent/1.1 (+https://developers.facebook.com/docs/sharing/webmasters/crawler)"
57.141.20.58 - - [29/Apr/2026:01:35:36 +0200] "GET /items/K461923879/ HTTP/1.1" 200 0 "-" "meta-externalagent/1.1 (+https://developers.facebook.com/docs/sharing/webmasters/crawler)"
57.141.20.55 - - [29/Apr/2026:01:35:57 +0200] "GET /items/K465569864/ HTTP/1.1" 200 0 "-" "meta-externalagent/1.1 (+https://developers.facebook.com/docs/sharing/webmasters/crawler)"
57.141.20.35 - - [29/Apr/2026:01:36:00 +0200] "GET /items/K467124645/ HTTP/1.1" 200 0 "-" "meta-externalagent/1.1 (+https://developers.facebook.com/docs/sharing/webmasters/crawler)"
57.141.20.52 - - [29/Apr/2026:01:36:05 +0200] "GET /items/K465680481/ HTTP/1.1" 200 0 "-" "meta-externalagent/1.1 (+https://developers.facebook.com/docs/sharing/webmasters/crawler)"
5.50.65.141 - - [29/Apr/2026:01:36:23 +0200] "GET / HTTP/1.1" 200 0 "-" "Mozilla/5.0 (Windows NT 10.0; Win64; x64) AppleWebKit/537.36 (KHTML, like Gecko) Chrome/140.0.0.0 Safari/537.36"
57.141.20.68 - - [29/Apr/2026:01:36:11 +0200] "GET /items/K466511825/ HTTP/1.1" 200 0 "-" "meta-externalagent/1.1 (+https://developers.facebook.com/docs/sharing/webmasters/crawler)"
57.141.20.0 - - [29/Apr/2026:01:36:12 +0200] "GET /items/K463918141/ HTTP/1.1" 200 0 "-" "meta-externalagent/1.1 (+https://developers.facebook.com/docs/sharing/webmasters/crawler)"
57.141.20.60 - - [29/Apr/2026:01:36:21 +0200] "GET /items/K464733824/ HTTP/1.1" 200 0 "-" "meta-externalagent/1.1 (+https://developers.facebook.com/docs/sharing/webmasters/crawler)"
57.141.20.14 - - [29/Apr/2026:01:36:17 +0200] "GET /items/K466954397/ HTTP/1.1" 200 0 "-" "meta-externalagent/1.1 (+https://developers.facebook.com/docs/sharing/webmasters/crawler)"
57.141.20.25 - - [29/Apr/2026:01:36:28 +0200] "GET /items/K461577974/ HTTP/1.1" 200 0 "-" "meta-externalagent/1.1 (+https://developers.facebook.com/docs/sharing/webmasters/crawler)"
57.141.20.12 - - [29/Apr/2026:01:36:30 +0200] "GET /items/K462575278/ HTTP/1.1" 200 0 "-" "meta-externalagent/1.1 (+https://developers.facebook.com/docs/sharing/webmasters/crawler)"
57.141.20.51 - - [29/Apr/2026:01:36:32 +0200] "GET /items/K463621884/ HTTP/1.1" 200 0 "-" "meta-externalagent/1.1 (+https://developers.facebook.com/docs/sharing/webmasters/crawler)"
109.234.166.131 - - [29/Apr/2026:01:35:08 +0200] "GET /wp-includese4d8c2/44/index.php?id=604643 HTTP/1.1" 404 0 "-" "GO"
57.141.20.7 - - [29/Apr/2026:01:36:53 +0200] "GET /items/K467435930/ HTTP/1.1" 200 0 "-" "meta-externalagent/1.1 (+https://developers.facebook.com/docs/sharing/webmasters/crawler)"
57.141.20.42 - - [29/Apr/2026:01:37:01 +0200] "GET /items/K465299200/ HTTP/1.1" 200 0 "-" "meta-externalagent/1.1 (+https://developers.facebook.com/docs/sharing/webmasters/crawler)"
57.141.20.44 - - [29/Apr/2026:01:36:44 +0200] "GET /items/K466936954/ HTTP/1.1" 200 15 "-" "meta-externalagent/1.1 (+https://developers.facebook.com/docs/sharing/webmasters/crawler)"
57.141.20.64 - - [29/Apr/2026:01:36:52 +0200] "GET /items/K464221021/ HTTP/1.1" 200 15 "-" "meta-externalagent/1.1 (+https://developers.facebook.com/docs/sharing/webmasters/crawler)"
57.141.20.60 - - [29/Apr/2026:01:37:29 +0200] "GET /items/K465504114/ HTTP/1.1" 200 0 "-" "meta-externalagent/1.1 (+https://developers.facebook.com/docs/sharing/webmasters/crawler)"
198.244.240.80 - - [29/Apr/2026:01:37:40 +0200] "GET /Pour-Enfants-Lot-De-6-Kits-De-Couture-Pour-Enfants-Kit-De-199909/ HTTP/1.1" 200 0 "-" "Mozilla/5.0 (compatible; AhrefsBot/7.0; +http://ahrefs.com/robot/)"
57.141.20.39 - - [29/Apr/2026:01:35:43 +0200] "GET /items/K461070086/ HTTP/1.1" 200 0 "-" "meta-externalagent/1.1 (+https://developers.facebook.com/docs/sharing/webmasters/crawler)"
57.141.20.0 - - [29/Apr/2026:01:35:57 +0200] "GET /items/K463334211/ HTTP/1.1" 200 0 "-" "meta-externalagent/1.1 (+https://developers.facebook.com/docs/sharing/webmasters/crawler)"
57.141.20.57 - - [29/Apr/2026:01:36:03 +0200] "GET /items/K465588671/ HTTP/1.1" 200 0 "-" "meta-externalagent/1.1 (+https://developers.facebook.com/docs/sharing/webmasters/crawler)"
57.141.20.43 - - [29/Apr/2026:01:35:46 +0200] "GET /?k=1811755jfch5 HTTP/1.1" 200 15 "-" "meta-externalagent/1.1 (+https://developers.facebook.com/docs/sharing/webmasters/crawler)"
57.141.20.17 - - [29/Apr/2026:01:36:09 +0200] "GET /items/K461262722/ HTTP/1.1" 200 0 "-" "meta-externalagent/1.1 (+https://developers.facebook.com/docs/sharing/webmasters/crawler)"
57.141.20.29 - - [29/Apr/2026:01:36:24 +0200] "GET /items/K464399788/ HTTP/1.1" 200 0 "-" "meta-externalagent/1.1 (+https://developers.facebook.com/docs/sharing/webmasters/crawler)"
57.141.20.35 - - [29/Apr/2026:01:36:35 +0200] "GET /items/K467783940/ HTTP/1.1" 200 0 "-" "meta-externalagent/1.1 (+https://developers.facebook.com/docs/sharing/webmasters/crawler)"
57.141.20.39 - - [29/Apr/2026:01:36:39 +0200] "GET /items/K462129411/ HTTP/1.1" 200 0 "-" "meta-externalagent/1.1 (+https://developers.facebook.com/docs/sharing/webmasters/crawler)"
57.141.20.2 - - [29/Apr/2026:01:36:39 +0200] "GET /items/K463099950/ HTTP/1.1" 200 0 "-" "meta-externalagent/1.1 (+https://developers.facebook.com/docs/sharing/webmasters/crawler)"
57.141.20.28 - - [29/Apr/2026:01:36:49 +0200] "GET /items/K467139432/ HTTP/1.1" 200 0 "-" "meta-externalagent/1.1 (+https://developers.facebook.com/docs/sharing/webmasters/crawler)"
57.141.20.70 - - [29/Apr/2026:01:36:58 +0200] "GET /items/K466076405/ HTTP/1.1" 200 0 "-" "meta-externalagent/1.1 (+https://developers.facebook.com/docs/sharing/webmasters/crawler)"
57.141.20.31 - - [29/Apr/2026:01:37:08 +0200] "GET /items/K462139389/ HTTP/1.1" 200 0 "-" "meta-externalagent/1.1 (+https://developers.facebook.com/docs/sharing/webmasters/crawler)"
57.141.20.33 - - [29/Apr/2026:01:37:11 +0200] "GET /items/K464747398/ HTTP/1.1" 200 0 "-" "meta-externalagent/1.1 (+https://developers.facebook.com/docs/sharing/webmasters/crawler)"
57.141.20.54 - - [29/Apr/2026:01:37:14 +0200] "GET /items/K467669491/ HTTP/1.1" 200 0 "-" "meta-externalagent/1.1 (+https://developers.facebook.com/docs/sharing/webmasters/crawler)"
57.141.20.35 - - [29/Apr/2026:01:37:33 +0200] "GET /?k=231986otw0x HTTP/1.1" 200 0 "-" "meta-externalagent/1.1 (+https://developers.facebook.com/docs/sharing/webmasters/crawler)"
57.141.20.26 - - [29/Apr/2026:01:37:38 +0200] "GET /items/K465955748/ HTTP/1.1" 200 0 "-" "meta-externalagent/1.1 (+https://developers.facebook.com/docs/sharing/webmasters/crawler)"
57.141.20.16 - - [29/Apr/2026:01:37:42 +0200] "GET /items/K462315262/ HTTP/1.1" 200 0 "-" "meta-externalagent/1.1 (+https://developers.facebook.com/docs/sharing/webmasters/crawler)"
57.141.20.28 - - [29/Apr/2026:01:37:53 +0200] "GET /items/K462109729/ HTTP/1.1" 200 0 "-" "meta-externalagent/1.1 (+https://developers.facebook.com/docs/sharing/webmasters/crawler)"
109.234.166.131 - - [29/Apr/2026:01:36:33 +0200] "GET /wp-includese4d8c2/44/index.php?id=604643 HTTP/1.1" 404 0 "-" "GO"
57.141.20.3 - - [29/Apr/2026:01:37:52 +0200] "GET /items/K462851492/ HTTP/1.1" 200 15 "-" "meta-externalagent/1.1 (+https://developers.facebook.com/docs/sharing/webmasters/crawler)"
57.141.20.18 - - [29/Apr/2026:01:38:14 +0200] "GET /items/K466826408/ HTTP/1.1" 200 0 "-" "meta-externalagent/1.1 (+https://developers.facebook.com/docs/sharing/webmasters/crawler)"
57.141.20.32 - - [29/Apr/2026:01:38:54 +0200] "GET /items/K465010320/ HTTP/1.1" 200 0 "-" "meta-externalagent/1.1 (+https://developers.facebook.com/docs/sharing/webmasters/crawler)"
57.141.20.9 - - [29/Apr/2026:01:35:41 +0200] "GET /items/K462888588/ HTTP/1.1" 200 0 "-" "meta-externalagent/1.1 (+https://developers.facebook.com/docs/sharing/webmasters/crawler)"
52.167.144.238 - - [29/Apr/2026:01:35:48 +0200] "GET /items/K465159322/ HTTP/1.1" 200 13 "-" "Mozilla/5.0 AppleWebKit/537.36 (KHTML, like Gecko; compatible; bingbot/2.0; +http://www.bing.com/bingbot.htm) Chrome/116.0.1938.76 Safari/537.36"
57.141.20.0 - - [29/Apr/2026:01:35:48 +0200] "GET /items/K461954022/ HTTP/1.1" 200 0 "-" "meta-externalagent/1.1 (+https://developers.facebook.com/docs/sharing/webmasters/crawler)"
57.141.20.21 - - [29/Apr/2026:01:35:55 +0200] "GET /items/K465150579/ HTTP/1.1" 200 0 "-" "meta-externalagent/1.1 (+https://developers.facebook.com/docs/sharing/webmasters/crawler)"
57.141.20.58 - - [29/Apr/2026:01:36:14 +0200] "GET /items/K462553104/ HTTP/1.1" 200 0 "-" "meta-externalagent/1.1 (+https://developers.facebook.com/docs/sharing/webmasters/crawler)"
57.141.20.39 - - [29/Apr/2026:01:36:19 +0200] "GET /items/K461285579/ HTTP/1.1" 200 0 "-" "meta-externalagent/1.1 (+https://developers.facebook.com/docs/sharing/webmasters/crawler)"
57.141.20.13 - - [29/Apr/2026:01:36:28 +0200] "GET /items/K461896602/ HTTP/1.1" 200 0 "-" "meta-externalagent/1.1 (+https://developers.facebook.com/docs/sharing/webmasters/crawler)"
57.141.20.61 - - [29/Apr/2026:01:36:46 +0200] "GET /items/K465218871/ HTTP/1.1" 200 0 "-" "meta-externalagent/1.1 (+https://developers.facebook.com/docs/sharing/webmasters/crawler)"
57.141.20.18 - - [29/Apr/2026:01:36:59 +0200] "GET /items/K466211118/ HTTP/1.1" 200 0 "-" "meta-externalagent/1.1 (+https://developers.facebook.com/docs/sharing/webmasters/crawler)"
57.141.20.18 - - [29/Apr/2026:01:37:08 +0200] "GET /items/K466187829/ HTTP/1.1" 200 0 "-" "meta-externalagent/1.1 (+https://developers.facebook.com/docs/sharing/webmasters/crawler)"
57.141.20.21 - - [29/Apr/2026:01:37:17 +0200] "GET /items/K462661160/ HTTP/1.1" 200 0 "-" "meta-externalagent/1.1 (+https://developers.facebook.com/docs/sharing/webmasters/crawler)"
57.141.20.37 - - [29/Apr/2026:01:37:20 +0200] "GET /items/K462937662/ HTTP/1.1" 200 0 "-" "meta-externalagent/1.1 (+https://developers.facebook.com/docs/sharing/webmasters/crawler)"
57.141.20.56 - - [29/Apr/2026:01:38:04 +0200] "GET /items/K465737573/ HTTP/1.1" 200 0 "-" "meta-externalagent/1.1 (+https://developers.facebook.com/docs/sharing/webmasters/crawler)"
40.77.167.17 - - [29/Apr/2026:01:38:13 +0200] "GET /items/N373237196/ HTTP/1.1" 200 13 "-" "Mozilla/5.0 AppleWebKit/537.36 (KHTML, like Gecko; compatible; bingbot/2.0; +http://www.bing.com/bingbot.htm) Chrome/116.0.1938.76 Safari/537.36"
57.141.20.44 - - [29/Apr/2026:01:38:24 +0200] "GET /items/K462607195/ HTTP/1.1" 200 0 "-" "meta-externalagent/1.1 (+https://developers.facebook.com/docs/sharing/webmasters/crawler)"
57.141.20.34 - - [29/Apr/2026:01:38:32 +0200] "GET /?k=4505313pc8kx HTTP/1.1" 200 0 "-" "meta-externalagent/1.1 (+https://developers.facebook.com/docs/sharing/webmasters/crawler)"
57.141.20.38 - - [29/Apr/2026:01:38:32 +0200] "GET /items/K467872203/ HTTP/1.1" 200 0 "-" "meta-externalagent/1.1 (+https://developers.facebook.com/docs/sharing/webmasters/crawler)"
57.141.20.17 - - [29/Apr/2026:01:38:36 +0200] "GET /items/K465148875/ HTTP/1.1" 200 0 "-" "meta-externalagent/1.1 (+https://developers.facebook.com/docs/sharing/webmasters/crawler)"
57.141.20.56 - - [29/Apr/2026:01:38:44 +0200] "GET /items/K465380586/ HTTP/1.1" 200 0 "-" "meta-externalagent/1.1 (+https://developers.facebook.com/docs/sharing/webmasters/crawler)"
57.141.20.17 - - [29/Apr/2026:01:38:49 +0200] "GET /items/K461962235/ HTTP/1.1" 200 0 "-" "meta-externalagent/1.1 (+https://developers.facebook.com/docs/sharing/webmasters/crawler)"
192.178.6.10 - - [29/Apr/2026:01:39:16 +0200] "GET /?k=137109955kv2 HTTP/1.1" 200 555981 "-" "Mozilla/5.0 (Linux; Android 6.0.1; Nexus 5X Build/MMB29P) AppleWebKit/537.36 (KHTML, like Gecko) Chrome/147.0.7727.116 Mobile Safari/537.36 (compatible; Googlebot/2.1; +http://www.google.com/bot.html)"
57.141.20.41 - - [29/Apr/2026:01:39:24 +0200] "GET /items/K467748220/ HTTP/1.1" 200 0 "-" "meta-externalagent/1.1 (+https://developers.facebook.com/docs/sharing/webmasters/crawler)"
57.141.20.29 - - [29/Apr/2026:01:39:31 +0200] "GET /items/K467572947/ HTTP/1.1" 200 0 "-" "meta-externalagent/1.1 (+https://developers.facebook.com/docs/sharing/webmasters/crawler)"
57.141.20.65 - - [29/Apr/2026:01:39:49 +0200] "GET /items/K465337165/ HTTP/1.1" 200 0 "-" "meta-externalagent/1.1 (+https://developers.facebook.com/docs/sharing/webmasters/crawler)"
57.141.20.18 - - [29/Apr/2026:01:39:54 +0200] "GET /items/K463913676/ HTTP/1.1" 200 0 "-" "meta-externalagent/1.1 (+https://developers.facebook.com/docs/sharing/webmasters/crawler)"
57.141.20.8 - - [29/Apr/2026:01:40:06 +0200] "GET /items/K462682593/ HTTP/1.1" 200 0 "-" "meta-externalagent/1.1 (+https://developers.facebook.com/docs/sharing/webmasters/crawler)"
57.141.20.31 - - [29/Apr/2026:01:40:26 +0200] "GET /items/K463362879/ HTTP/1.1" 200 0 "-" "meta-externalagent/1.1 (+https://developers.facebook.com/docs/sharing/webmasters/crawler)"
57.141.20.14 - - [29/Apr/2026:01:40:26 +0200] "GET /items/K464042103/ HTTP/1.1" 200 0 "-" "meta-externalagent/1.1 (+https://developers.facebook.com/docs/sharing/webmasters/crawler)"
57.141.20.38 - - [29/Apr/2026:01:40:41 +0200] "GET /items/K467171296/ HTTP/1.1" 200 0 "-" "meta-externalagent/1.1 (+https://developers.facebook.com/docs/sharing/webmasters/crawler)"
57.141.20.7 - - [29/Apr/2026:01:40:46 +0200] "GET /items/K464855300/ HTTP/1.1" 200 0 "-" "meta-externalagent/1.1 (+https://developers.facebook.com/docs/sharing/webmasters/crawler)"
57.141.20.5 - - [29/Apr/2026:01:41:02 +0200] "GET /items/K465387153/ HTTP/1.1" 200 0 "-" "meta-externalagent/1.1 (+https://developers.facebook.com/docs/sharing/webmasters/crawler)"
57.141.20.16 - - [29/Apr/2026:01:40:57 +0200] "GET /items/K466336059/ HTTP/1.1" 200 15 "-" "meta-externalagent/1.1 (+https://developers.facebook.com/docs/sharing/webmasters/crawler)"
57.141.20.7 - - [29/Apr/2026:01:41:23 +0200] "GET /items/K467143904/ HTTP/1.1" 200 0 "-" "meta-externalagent/1.1 (+https://developers.facebook.com/docs/sharing/webmasters/crawler)"
57.141.20.70 - - [29/Apr/2026:01:41:27 +0200] "GET /items/K464090021/ HTTP/1.1" 200 0 "-" "meta-externalagent/1.1 (+https://developers.facebook.com/docs/sharing/webmasters/crawler)"
57.141.20.61 - - [29/Apr/2026:01:41:36 +0200] "GET /items/K461022105/ HTTP/1.1" 200 0 "-" "meta-externalagent/1.1 (+https://developers.facebook.com/docs/sharing/webmasters/crawler)"
57.141.20.65 - - [29/Apr/2026:01:42:03 +0200] "GET /items/K463932084/ HTTP/1.1" 200 0 "-" "meta-externalagent/1.1 (+https://developers.facebook.com/docs/sharing/webmasters/crawler)"
57.141.20.14 - - [29/Apr/2026:01:41:54 +0200] "GET /items/K465655486/ HTTP/1.1" 200 15 "-" "meta-externalagent/1.1 (+https://developers.facebook.com/docs/sharing/webmasters/crawler)"
57.141.20.49 - - [29/Apr/2026:01:42:11 +0200] "GET /items/K467251781/ HTTP/1.1" 200 0 "-" "meta-externalagent/1.1 (+https://developers.facebook.com/docs/sharing/webmasters/crawler)"
57.141.20.30 - - [29/Apr/2026:01:42:31 +0200] "GET /items/K466995271/ HTTP/1.1" 200 0 "-" "meta-externalagent/1.1 (+https://developers.facebook.com/docs/sharing/webmasters/crawler)"
