|
Server IP : 109.234.166.131 / Your IP : 216.73.216.44 Web Server : LiteSpeed System : Linux garfish.o2switch.net 4.18.0-553.62.1.lve.el8.x86_64 #1 SMP Mon Jul 21 17:50:35 UTC 2025 x86_64 User : bean7936 ( 1010) PHP Version : 8.3.31 Disable Function : NONE MySQL : OFF | cURL : ON | WGET : ON | Perl : ON | Python : ON Directory (0750) : /home/bean7936/perfect-community.com/../access-logs/ |
| [ Home ] | [ C0mmand ] | [ Upload File ] |
|---|
172.246.241.253 - - [29/Apr/2026:00:52:41 +0200] "GET /wp-content/uploads/2021/03/Nature-viande-elevage-de-viande-bovine-de-Bergerac.jpg HTTP/1.1" 404 1251 "-" "Brevo/1.0 (redirection-images 1.88.33; +https://brevo.com)"
66.249.93.192 - - [29/Apr/2026:00:52:41 +0200] "GET /wp-content/uploads/2021/03/Nature-viande-elevage-de-viande-bovine-de-Bergerac.jpg HTTP/1.1" 404 1251 "-" "Mozilla/5.0 (Windows NT 5.1; rv:11.0) Gecko Firefox/11.0 (via ggpht.com GoogleImageProxy)"
172.246.241.252 - - [29/Apr/2026:03:03:44 +0200] "GET /wp-content/uploads/2021/03/Nature-viande-elevage-de-viande-bovine-de-Bergerac.jpg HTTP/1.1" 404 1251 "-" "Brevo/1.0 (redirection-images 1.88.33; +https://brevo.com)"
66.249.93.192 - - [29/Apr/2026:03:05:16 +0200] "GET /wp-content/uploads/2021/03/Nature-viande-elevage-de-viande-bovine-de-Bergerac.jpg HTTP/1.1" 404 1251 "-" "Mozilla/5.0 (Windows NT 5.1; rv:11.0) Gecko Firefox/11.0 (via ggpht.com GoogleImageProxy)"
140.248.41.24 - - [29/Apr/2026:03:11:37 +0200] "GET /wp-content/uploads/2021/03/Nature-viande-elevage-de-viande-bovine-de-Bergerac.jpg HTTP/1.1" 404 1251 "-" "Mozilla/5.0"
172.246.241.111 - - [29/Apr/2026:03:05:16 +0200] "GET /wp-content/uploads/2021/03/Nature-viande-elevage-de-viande-bovine-de-Bergerac.jpg HTTP/1.1" 404 1251 "-" "Brevo/1.0 (redirection-images 1.88.33; +https://brevo.com)"
172.246.241.174 - - [29/Apr/2026:03:11:37 +0200] "GET /wp-content/uploads/2021/03/Nature-viande-elevage-de-viande-bovine-de-Bergerac.jpg HTTP/1.1" 404 1251 "-" "Brevo/1.0 (redirection-images 1.88.33; +https://brevo.com)"
172.246.241.107 - - [29/Apr/2026:06:37:42 +0200] "GET /wp-content/uploads/2021/03/Nature-viande-elevage-de-viande-bovine-de-Bergerac.jpg HTTP/1.1" 404 1251 "-" "Brevo/1.0 (redirection-images 1.88.33; +https://brevo.com)"
172.246.241.252 - - [29/Apr/2026:06:37:42 +0200] "GET /wp-content/uploads/2021/03/Nature-viande-elevage-de-viande-bovine-de-Bergerac.jpg HTTP/1.1" 404 1251 "-" "Brevo/1.0 (redirection-images 1.88.33; +https://brevo.com)"
90.50.247.74 - - [29/Apr/2026:06:37:42 +0200] "GET /wp-content/uploads/2021/03/Nature-viande-elevage-de-viande-bovine-de-Bergerac.jpg HTTP/1.1" 404 1251 "-" "Mozilla/5.0 (Linux; Android 16; SM-S921U Build/BP2A.250605.031.A3; wv) AppleWebKit/537.36 (KHTML, like Gecko) Version/4.0 Chrome/147.0.7727.111 Mobile Safari/537.36"
90.50.247.74 - - [29/Apr/2026:06:37:48 +0200] "GET /wp-content/uploads/2021/03/Nature-viande-elevage-de-viande-bovine-de-Bergerac.jpg HTTP/1.1" 404 1251 "-" "Mozilla/5.0 (Linux; Android 16; SM-S921U Build/BP2A.250605.031.A3; wv) AppleWebKit/537.36 (KHTML, like Gecko) Version/4.0 Chrome/147.0.7727.111 Mobile Safari/537.36"
90.50.247.74 - - [29/Apr/2026:06:37:48 +0200] "GET /wp-content/uploads/2021/03/Nature-viande-elevage-de-viande-bovine-de-Bergerac.jpg HTTP/1.1" 404 1251 "-" "Mozilla/5.0 (Linux; Android 16; SM-S921U Build/BP2A.250605.031.A3; wv) AppleWebKit/537.36 (KHTML, like Gecko) Version/4.0 Chrome/147.0.7727.111 Mobile Safari/537.36"
172.246.241.252 - - [29/Apr/2026:06:38:00 +0200] "GET /wp-content/uploads/2021/03/Nature-viande-elevage-de-viande-bovine-de-Bergerac.jpg HTTP/1.1" 404 1251 "-" "Brevo/1.0 (redirection-images 1.88.33; +https://brevo.com)"
90.50.247.74 - - [29/Apr/2026:06:38:00 +0200] "GET /wp-content/uploads/2021/03/Nature-viande-elevage-de-viande-bovine-de-Bergerac.jpg HTTP/1.1" 404 1251 "-" "Mozilla/5.0 (Linux; Android 16; SM-S921U Build/BP2A.250605.031.A3; wv) AppleWebKit/537.36 (KHTML, like Gecko) Version/4.0 Chrome/147.0.7727.111 Mobile Safari/537.36"
172.246.241.252 - - [29/Apr/2026:06:37:48 +0200] "GET /wp-content/uploads/2021/03/Nature-viande-elevage-de-viande-bovine-de-Bergerac.jpg HTTP/1.1" 404 1251 "-" "Brevo/1.0 (redirection-images 1.88.33; +https://brevo.com)"
90.50.247.74 - - [29/Apr/2026:06:38:00 +0200] "GET /wp-content/uploads/2021/03/Nature-viande-elevage-de-viande-bovine-de-Bergerac.jpg HTTP/1.1" 404 1251 "-" "Mozilla/5.0 (Linux; Android 16; SM-S921U Build/BP2A.250605.031.A3; wv) AppleWebKit/537.36 (KHTML, like Gecko) Version/4.0 Chrome/147.0.7727.111 Mobile Safari/537.36"
172.246.241.253 - - [29/Apr/2026:06:43:42 +0200] "GET /wp-content/uploads/2021/03/Nature-viande-elevage-de-viande-bovine-de-Bergerac.jpg HTTP/1.1" 404 1251 "-" "Brevo/1.0 (redirection-images 1.88.33; +https://brevo.com)"
172.246.241.115 - - [29/Apr/2026:06:44:16 +0200] "GET /wp-content/uploads/2021/03/Nature-viande-elevage-de-viande-bovine-de-Bergerac.jpg HTTP/1.1" 404 1251 "-" "Brevo/1.0 (redirection-images 1.88.33; +https://brevo.com)"
90.50.247.74 - - [29/Apr/2026:06:37:42 +0200] "GET /wp-content/uploads/2021/03/Nature-viande-elevage-de-viande-bovine-de-Bergerac.jpg HTTP/1.1" 404 1251 "-" "Mozilla/5.0 (Linux; Android 16; SM-S921U Build/BP2A.250605.031.A3; wv) AppleWebKit/537.36 (KHTML, like Gecko) Version/4.0 Chrome/147.0.7727.111 Mobile Safari/537.36"
172.246.241.252 - - [29/Apr/2026:06:37:48 +0200] "GET /wp-content/uploads/2021/03/Nature-viande-elevage-de-viande-bovine-de-Bergerac.jpg HTTP/1.1" 404 1251 "-" "Brevo/1.0 (redirection-images 1.88.33; +https://brevo.com)"
172.246.241.252 - - [29/Apr/2026:06:38:00 +0200] "GET /wp-content/uploads/2021/03/Nature-viande-elevage-de-viande-bovine-de-Bergerac.jpg HTTP/1.1" 404 1251 "-" "Brevo/1.0 (redirection-images 1.88.33; +https://brevo.com)"
172.246.241.115 - - [29/Apr/2026:07:31:25 +0200] "GET /wp-content/uploads/2021/03/Nature-viande-elevage-de-viande-bovine-de-Bergerac.jpg HTTP/1.1" 404 1251 "-" "Brevo/1.0 (redirection-images 1.88.33; +https://brevo.com)"
104.28.42.15 - - [29/Apr/2026:07:31:26 +0200] "GET /wp-content/uploads/2021/03/Nature-viande-elevage-de-viande-bovine-de-Bergerac.jpg HTTP/1.1" 404 1251 "-" "Mozilla/5.0 (iPhone; CPU iPhone OS 18_7 like Mac OS X) AppleWebKit/605.1.15 (KHTML, like Gecko) Mobile/15E148"
172.246.241.111 - - [29/Apr/2026:07:31:25 +0200] "GET /wp-content/uploads/2021/03/Nature-viande-elevage-de-viande-bovine-de-Bergerac.jpg HTTP/1.1" 404 1251 "-" "Brevo/1.0 (redirection-images 1.88.33; +https://brevo.com)"
104.28.42.15 - - [29/Apr/2026:07:31:26 +0200] "GET /wp-content/uploads/2021/03/Nature-viande-elevage-de-viande-bovine-de-Bergerac.jpg HTTP/1.1" 404 1251 "-" "Mozilla/5.0 (iPhone; CPU iPhone OS 18_7 like Mac OS X) AppleWebKit/605.1.15 (KHTML, like Gecko) Mobile/15E148"
104.28.42.14 - - [29/Apr/2026:07:31:27 +0200] "GET /wp-content/uploads/2021/03/Nature-viande-elevage-de-viande-bovine-de-Bergerac.jpg HTTP/1.1" 404 1251 "-" "Mozilla/5.0 (iPhone; CPU iPhone OS 18_7 like Mac OS X) AppleWebKit/605.1.15 (KHTML, like Gecko) Mobile/15E148"
176.67.82.12 - - [29/Apr/2026:07:58:52 +0200] "GET /wp-content/uploads/2021/03/Nature-viande-elevage-de-viande-bovine-de-Bergerac.jpg HTTP/1.1" 404 1251 "https://web-mail.laposte.net/" "Mozilla/5.0 (Windows NT 10.0; Win64; x64) AppleWebKit/537.36 (KHTML, like Gecko) Chrome/147.0.0.0 Safari/537.36"
172.246.241.111 - - [29/Apr/2026:07:58:51 +0200] "GET /wp-content/uploads/2021/03/Nature-viande-elevage-de-viande-bovine-de-Bergerac.jpg HTTP/1.1" 404 1251 "-" "Brevo/1.0 (redirection-images 1.88.33; +https://brevo.com)"
172.246.241.39 - - [29/Apr/2026:08:38:25 +0200] "GET /wp-content/uploads/2021/03/Nature-viande-elevage-de-viande-bovine-de-Bergerac.jpg HTTP/1.1" 404 1251 "-" "Brevo/1.0 (redirection-images 1.88.33; +https://brevo.com)"
172.246.241.252 - - [29/Apr/2026:08:43:27 +0200] "GET /wp-content/uploads/2021/03/Nature-viande-elevage-de-viande-bovine-de-Bergerac.jpg HTTP/1.1" 404 1251 "-" "Brevo/1.0 (redirection-images 1.88.33; +https://brevo.com)"
172.225.120.126 - - [29/Apr/2026:08:43:27 +0200] "GET /wp-content/uploads/2021/03/Nature-viande-elevage-de-viande-bovine-de-Bergerac.jpg HTTP/1.1" 404 1251 "-" "Mozilla/5.0"
77.133.250.74 - - [29/Apr/2026:08:48:41 +0200] "GET /wp-content/uploads/2021/03/Nature-viande-elevage-de-viande-bovine-de-Bergerac.jpg HTTP/1.1" 404 1251 "-" "Mozilla/5.0 (Linux; Android 14; FP5 Build/UKQ1.230924.001; wv) AppleWebKit/537.36 (KHTML, like Gecko) Version/4.0 Chrome/147.0.7727.56 Mobile Safari/537.36"
172.246.241.107 - - [29/Apr/2026:08:48:41 +0200] "GET /wp-content/uploads/2021/03/Nature-viande-elevage-de-viande-bovine-de-Bergerac.jpg HTTP/1.1" 404 1251 "-" "Brevo/1.0 (redirection-images 1.88.33; +https://brevo.com)"
172.246.241.133 - - [29/Apr/2026:08:48:41 +0200] "GET /wp-content/uploads/2021/03/Nature-viande-elevage-de-viande-bovine-de-Bergerac.jpg HTTP/1.1" 404 1251 "-" "Brevo/1.0 (redirection-images 1.88.33; +https://brevo.com)"
77.133.250.74 - - [29/Apr/2026:08:48:41 +0200] "GET /wp-content/uploads/2021/03/Nature-viande-elevage-de-viande-bovine-de-Bergerac.jpg HTTP/1.1" 404 1251 "-" "Mozilla/5.0 (Linux; Android 14; FP5 Build/UKQ1.230924.001; wv) AppleWebKit/537.36 (KHTML, like Gecko) Version/4.0 Chrome/147.0.7727.56 Mobile Safari/537.36"
172.246.241.111 - - [29/Apr/2026:09:11:05 +0200] "GET /wp-content/uploads/2021/03/Nature-viande-elevage-de-viande-bovine-de-Bergerac.jpg HTTP/1.1" 404 1251 "-" "Brevo/1.0 (redirection-images 1.88.33; +https://brevo.com)"
87.248.116.214 - - [29/Apr/2026:09:11:05 +0200] "GET /wp-content/uploads/2021/03/Nature-viande-elevage-de-viande-bovine-de-Bergerac.jpg HTTP/1.1" 404 1251 "-" "YahooMailProxy; https://help.yahoo.com/kb/yahoo-mail-proxy-SLN28749.html"
172.246.241.3 - - [29/Apr/2026:09:55:38 +0200] "GET /wp-content/uploads/2021/03/Nature-viande-elevage-de-viande-bovine-de-Bergerac.jpg HTTP/1.1" 404 1251 "-" "Brevo/1.0 (redirection-images 1.88.33; +https://brevo.com)"
172.246.241.39 - - [29/Apr/2026:09:58:43 +0200] "GET /wp-content/uploads/2021/03/Nature-viande-elevage-de-viande-bovine-de-Bergerac.jpg HTTP/1.1" 404 1251 "-" "Brevo/1.0 (redirection-images 1.88.33; +https://brevo.com)"
172.246.241.107 - - [29/Apr/2026:09:59:45 +0200] "GET /wp-content/uploads/2021/03/Nature-viande-elevage-de-viande-bovine-de-Bergerac.jpg HTTP/1.1" 404 1251 "-" "Brevo/1.0 (redirection-images 1.88.33; +https://brevo.com)"
216.244.66.235 - - [29/Apr/2026:10:11:28 +0200] "GET /conditions-generales-de-vente/ HTTP/1.1" 404 1251 "-" "Mozilla/5.0 (compatible; DotBot/1.2; +https://opensiteexplorer.org/dotbot; help@moz.com)"
87.248.114.143 - - [29/Apr/2026:10:16:08 +0200] "GET /wp-content/uploads/2021/03/Nature-viande-elevage-de-viande-bovine-de-Bergerac.jpg HTTP/1.1" 404 1251 "-" "YahooMailProxy; https://help.yahoo.com/kb/yahoo-mail-proxy-SLN28749.html"
172.246.241.107 - - [29/Apr/2026:09:35:47 +0200] "GET /wp-content/uploads/2021/03/Nature-viande-elevage-de-viande-bovine-de-Bergerac.jpg HTTP/1.1" 404 1251 "-" "Brevo/1.0 (redirection-images 1.88.33; +https://brevo.com)"
216.244.66.235 - - [29/Apr/2026:09:58:19 +0200] "GET /robots.txt HTTP/1.1" 404 1251 "-" "Mozilla/5.0 (compatible; DotBot/1.2; +https://opensiteexplorer.org/dotbot; help@moz.com)"
172.246.241.39 - - [29/Apr/2026:09:59:49 +0200] "GET /wp-content/uploads/2021/03/Nature-viande-elevage-de-viande-bovine-de-Bergerac.jpg HTTP/1.1" 404 1251 "-" "Brevo/1.0 (redirection-images 1.88.33; +https://brevo.com)"
172.246.241.174 - - [29/Apr/2026:10:16:08 +0200] "GET /wp-content/uploads/2021/03/Nature-viande-elevage-de-viande-bovine-de-Bergerac.jpg HTTP/1.1" 404 1251 "-" "Brevo/1.0 (redirection-images 1.88.33; +https://brevo.com)"
66.249.93.193 - - [29/Apr/2026:09:35:47 +0200] "GET /wp-content/uploads/2021/03/Nature-viande-elevage-de-viande-bovine-de-Bergerac.jpg HTTP/1.1" 404 1251 "-" "Mozilla/5.0 (Windows NT 5.1; rv:11.0) Gecko Firefox/11.0 (via ggpht.com GoogleImageProxy)"
172.246.241.3 - - [29/Apr/2026:09:53:12 +0200] "GET /wp-content/uploads/2021/03/Nature-viande-elevage-de-viande-bovine-de-Bergerac.jpg HTTP/1.1" 404 1251 "-" "Brevo/1.0 (redirection-images 1.88.33; +https://brevo.com)"
66.249.93.193 - - [29/Apr/2026:09:55:38 +0200] "GET /wp-content/uploads/2021/03/Nature-viande-elevage-de-viande-bovine-de-Bergerac.jpg HTTP/1.1" 404 1251 "-" "Mozilla/5.0 (Windows NT 5.1; rv:11.0) Gecko Firefox/11.0 (via ggpht.com GoogleImageProxy)"
172.246.241.39 - - [29/Apr/2026:09:59:30 +0200] "GET /wp-content/uploads/2021/03/Nature-viande-elevage-de-viande-bovine-de-Bergerac.jpg HTTP/1.1" 404 1251 "-" "Brevo/1.0 (redirection-images 1.88.33; +https://brevo.com)"
172.225.120.105 - - [29/Apr/2026:10:36:03 +0200] "GET /wp-content/uploads/2021/03/Nature-viande-elevage-de-viande-bovine-de-Bergerac.jpg HTTP/1.1" 404 1251 "-" "Mozilla/5.0"
91.164.57.212 - - [29/Apr/2026:10:42:50 +0200] "GET /wp-content/uploads/2021/03/Nature-viande-elevage-de-viande-bovine-de-Bergerac.jpg HTTP/1.1" 404 1251 "-" "Android_12(31)_publicationLapostenet_1.19.9(232)"
66.249.93.194 - - [29/Apr/2026:11:45:54 +0200] "GET /wp-content/uploads/2021/03/Nature-viande-elevage-de-viande-bovine-de-Bergerac.jpg HTTP/1.1" 404 1251 "-" "Mozilla/5.0 (Windows NT 5.1; rv:11.0) Gecko Firefox/11.0 (via ggpht.com GoogleImageProxy)"
104.28.42.18 - - [29/Apr/2026:11:49:36 +0200] "GET /wp-content/uploads/2021/03/Nature-viande-elevage-de-viande-bovine-de-Bergerac.jpg HTTP/1.1" 404 1251 "-" "Mozilla/5.0"
172.246.241.253 - - [29/Apr/2026:12:06:58 +0200] "GET /wp-content/uploads/2021/03/Nature-viande-elevage-de-viande-bovine-de-Bergerac.jpg HTTP/1.1" 404 1251 "-" "Brevo/1.0 (redirection-images 1.88.33; +https://brevo.com)"
172.246.241.253 - - [29/Apr/2026:12:06:59 +0200] "GET /wp-content/uploads/2021/03/Nature-viande-elevage-de-viande-bovine-de-Bergerac.jpg HTTP/1.1" 404 1251 "-" "Brevo/1.0 (redirection-images 1.88.33; +https://brevo.com)"
172.246.241.174 - - [29/Apr/2026:10:36:03 +0200] "GET /wp-content/uploads/2021/03/Nature-viande-elevage-de-viande-bovine-de-Bergerac.jpg HTTP/1.1" 404 1251 "-" "Brevo/1.0 (redirection-images 1.88.33; +https://brevo.com)"
172.246.241.253 - - [29/Apr/2026:10:42:21 +0200] "GET /wp-content/uploads/2021/03/Nature-viande-elevage-de-viande-bovine-de-Bergerac.jpg HTTP/1.1" 404 1251 "-" "Brevo/1.0 (redirection-images 1.88.33; +https://brevo.com)"
172.246.241.252 - - [29/Apr/2026:10:42:50 +0200] "GET /wp-content/uploads/2021/03/Nature-viande-elevage-de-viande-bovine-de-Bergerac.jpg HTTP/1.1" 404 1251 "-" "Brevo/1.0 (redirection-images 1.88.33; +https://brevo.com)"
172.246.241.253 - - [29/Apr/2026:11:33:19 +0200] "GET /wp-content/uploads/2021/03/Nature-viande-elevage-de-viande-bovine-de-Bergerac.jpg HTTP/1.1" 404 1251 "-" "Brevo/1.0 (redirection-images 1.88.33; +https://brevo.com)"
172.246.241.133 - - [29/Apr/2026:11:46:00 +0200] "GET /wp-content/uploads/2021/03/Nature-viande-elevage-de-viande-bovine-de-Bergerac.jpg HTTP/1.1" 404 1251 "-" "Brevo/1.0 (redirection-images 1.88.33; +https://brevo.com)"
172.246.241.133 - - [29/Apr/2026:11:49:35 +0200] "GET /wp-content/uploads/2021/03/Nature-viande-elevage-de-viande-bovine-de-Bergerac.jpg HTTP/1.1" 404 1251 "-" "Brevo/1.0 (redirection-images 1.88.33; +https://brevo.com)"
104.28.42.18 - - [29/Apr/2026:11:49:36 +0200] "GET /wp-content/uploads/2021/03/Nature-viande-elevage-de-viande-bovine-de-Bergerac.jpg HTTP/1.1" 404 1251 "-" "Mozilla/5.0"
92.184.109.24 - - [29/Apr/2026:12:06:59 +0200] "GET /wp-content/uploads/2021/03/Nature-viande-elevage-de-viande-bovine-de-Bergerac.jpg HTTP/1.1" 404 1251 "-" "Mozilla/5.0 (Linux; Android 16; SM-S921U Build/BP2A.250605.031.A3; wv) AppleWebKit/537.36 (KHTML, like Gecko) Version/4.0 Chrome/147.0.7727.111 Mobile Safari/537.36"
91.164.57.212 - - [29/Apr/2026:10:42:21 +0200] "GET /wp-content/uploads/2021/03/Nature-viande-elevage-de-viande-bovine-de-Bergerac.jpg HTTP/1.1" 404 1251 "-" "Android_12(31)_publicationLapostenet_1.19.9(232)"
172.246.241.253 - - [29/Apr/2026:11:33:32 +0200] "GET /wp-content/uploads/2021/03/Nature-viande-elevage-de-viande-bovine-de-Bergerac.jpg HTTP/1.1" 404 1251 "-" "Brevo/1.0 (redirection-images 1.88.33; +https://brevo.com)"
172.246.241.39 - - [29/Apr/2026:11:45:54 +0200] "GET /wp-content/uploads/2021/03/Nature-viande-elevage-de-viande-bovine-de-Bergerac.jpg HTTP/1.1" 404 1251 "-" "Brevo/1.0 (redirection-images 1.88.33; +https://brevo.com)"
66.249.93.193 - - [29/Apr/2026:11:46:00 +0200] "GET /wp-content/uploads/2021/03/Nature-viande-elevage-de-viande-bovine-de-Bergerac.jpg HTTP/1.1" 404 1251 "-" "Mozilla/5.0 (Windows NT 5.1; rv:11.0) Gecko Firefox/11.0 (via ggpht.com GoogleImageProxy)"
172.246.241.253 - - [29/Apr/2026:11:49:35 +0200] "GET /wp-content/uploads/2021/03/Nature-viande-elevage-de-viande-bovine-de-Bergerac.jpg HTTP/1.1" 404 1251 "-" "Brevo/1.0 (redirection-images 1.88.33; +https://brevo.com)"
92.184.109.24 - - [29/Apr/2026:12:06:58 +0200] "GET /wp-content/uploads/2021/03/Nature-viande-elevage-de-viande-bovine-de-Bergerac.jpg HTTP/1.1" 404 1251 "-" "Mozilla/5.0 (Linux; Android 16; SM-S921U Build/BP2A.250605.031.A3; wv) AppleWebKit/537.36 (KHTML, like Gecko) Version/4.0 Chrome/147.0.7727.111 Mobile Safari/537.36"
51.195.201.11 - - [29/Apr/2026:13:09:53 +0200] "GET /737b88c3ad9b21.html HTTP/1.1" 200 4163 "-" "Mozilla/5.0 (Windows NT 10.0; Win64; x64) AppleWebKit/537.36 (KHTML, like Gecko) Chrome/133.0.0.0 Safari/537.36 Edg/131.0.2903.86"
103.160.68.141 - - [29/Apr/2026:13:33:44 +0200] "GET /readme.txt HTTP/1.1" 200 46 "-" "Mozilla/5.0 (Windows NT 10.0; Win64; x64) AppleWebKit/537.36 (KHTML, like Gecko) Chrome/147.0.0.0 Safari/537.36"
185.62.188.4 - - [29/Apr/2026:13:39:49 +0200] "GET /readme.txt HTTP/1.1" 200 46 "-" "Mozilla/5.0 (X11; Linux x86_64) AppleWebKit/537.36 (KHTML, like Gecko) QtWebEngine/5.13.1 Chrome/73.0.3683.105 Safari/537.36"
91.134.142.208 - - [29/Apr/2026:13:57:59 +0200] "GET / HTTP/1.1" 200 12492 "-" "Mozilla/5.0 (iPhone; CPU iPhone OS 16_0 like Mac OS X) AppleWebKit/605.1.15 (KHTML, like Gecko) Version/16.0 Mobile/15E148 Safari/604.1"
81.53.36.105 - - [29/Apr/2026:13:58:04 +0200] "GET / HTTP/1.1" 200 12496 "-" "Mozilla/5.0 (Macintosh; Intel Mac OS X 10_16_0) AppleWebKit/537.36 (KHTML, like Gecko) Chrome/69.0.3497.81 Safari/537.36"
91.134.142.208 - - [29/Apr/2026:13:58:06 +0200] "GET /favicon.ico HTTP/1.1" 404 1251 "-" "Mozilla/5.0 (Linux; Android 10; K) AppleWebKit/537.36 (KHTML, like Gecko) Chrome/138.0.0.0 Mobile Safari/537.36"
45.157.112.14 - - [29/Apr/2026:13:58:22 +0200] "GET /862a9c587b7396.php HTTP/1.1" 200 39337 "-" "Mozilla/5.0 (Linux; arm_64; Android 15; 23053RN02Y) AppleWebKit/537.36 (KHTML, like Gecko) Chrome/144.0.7559.732 YaSearchBrowser/26.35.1 BroPP/1.0 YaSearchApp/26.35.1 webOmni Mobile Safari/537.36"
81.53.36.105 - - [29/Apr/2026:13:58:23 +0200] "GET /0a3170fad6056c.html HTTP/1.1" 200 4163 "-" "Mozilla/5.0 (Linux; Android 10; K) AppleWebKit/537.36 (KHTML, like Gecko) Chrome/146.0.0.0 Mobile Safari/537.36"
51.75.141.254 - - [29/Apr/2026:13:58:24 +0200] "GET /5c2c99561f3b74.html HTTP/1.1" 200 4163 "-" "Mozilla/5.0 (Linux; Android 10; K) AppleWebKit/537.36 (KHTML, like Gecko) Chrome/131.0.0.0 Mobile Safari/537.36"
81.53.36.105 - - [29/Apr/2026:13:58:25 +0200] "GET /c6c6c941f9dab1.php HTTP/1.1" 200 39336 "-" "Mozilla/5.0 (Windows NT 10.0; Win64; x64; rv:148.0) Gecko/20100101 Firefox/148.0"
91.134.142.216 - - [29/Apr/2026:13:58:25 +0200] "GET /0a3170fad6056c.php HTTP/1.1" 200 39338 "-" "Mozilla/5.0 (Linux; Android 10; K) AppleWebKit/537.36 (KHTML, like Gecko) Chrome/146.0.0.0 Mobile Safari/537.36"
51.91.159.157 - - [29/Apr/2026:13:58:27 +0200] "GET /862a9c587b7396.html HTTP/1.1" 200 4163 "-" "Mozilla/5.0 (Linux; Android 10; K) AppleWebKit/537.36 (KHTML, like Gecko) Chrome/147.0.0.0 Mobile Safari/537.36"
15.188.246.173 - - [29/Apr/2026:13:58:42 +0200] "GET /d6c00bda6a5049.php HTTP/1.1" 200 39342 "-" "Mozilla/5.0 (Linux; Android 10; K) AppleWebKit/537.36 (KHTML, like Gecko) Chrome/131.0.0.0 Mobile Safari/537.36"
195.132.35.238 - - [29/Apr/2026:13:58:51 +0200] "GET /06bdc12ede3ae0.html HTTP/1.1" 200 4163 "-" "Mozilla/5.0 (Linux; Android 10; K) AppleWebKit/537.36 (KHTML, like Gecko) Chrome/138.0.0.0 Mobile Safari/537.36"
91.134.43.151 - - [29/Apr/2026:13:58:52 +0200] "GET /862a9c587b7396.html HTTP/1.1" 200 4163 "-" "Mozilla/5.0 (Windows NT 10.0; Win64; x64) AppleWebKit/537.36 (KHTML, like Gecko) Chrome/147.0.0.0 Safari/537.36 Edg/147.0.0.0"
157.230.195.44 - - [29/Apr/2026:13:58:52 +0200] "GET /checkout HTTP/1.1" 404 1251 "-" "Mozilla/5.0 (Windows NT 10.0; Win64; x64; rv:148.0) Gecko/20100101 Firefox/148.0"
91.134.142.216 - - [29/Apr/2026:13:58:57 +0200] "GET /c2b653fd11c458.html HTTP/1.1" 200 4163 "-" "Mozilla/5.0 (Linux; Android 10; K) AppleWebKit/537.36 (KHTML, like Gecko) Chrome/143.0.0.0 Mobile Safari/537.36"
81.53.36.105 - - [29/Apr/2026:13:58:58 +0200] "GET /0a3170fad6056c.php HTTP/1.1" 200 39340 "-" "Mozilla/5.0 (Macintosh; Intel Mac OS X 10_15_7) AppleWebKit/605.1.15 (KHTML, like Gecko) Version/26.4 Safari/605.1.15"
213.139.9.170 - - [29/Apr/2026:13:58:58 +0200] "GET /0a3170fad6056c.php HTTP/1.1" 200 39341 "-" "Mozilla/5.0 (iPhone; CPU iPhone OS 17_0_1 like Mac OS X) AppleWebKit/605.1.15 (KHTML, like Gecko) Version/17.0 Mobile/15E148 Safari/604.1"
57.141.8.8 - - [29/Apr/2026:13:41:13 +0200] "GET /robots.txt HTTP/1.1" 404 1251 "-" "facebookexternalhit/1.1 (+http://www.facebook.com/externalhit_uatext.php)"
81.53.36.105 - - [29/Apr/2026:13:58:16 +0200] "GET /favicon.ico HTTP/1.1" 404 1251 "-" "Mozilla/5.0 (Macintosh; Intel Mac OS X 10_16_0) AppleWebKit/537.36 (KHTML, like Gecko) Chrome/69.0.3497.81 Safari/537.36"
195.132.35.238 - - [29/Apr/2026:13:58:23 +0200] "GET /862a9c587b7396.php HTTP/1.1" 200 39338 "-" "Mozilla/5.0 (Windows NT 10.0; Win64; x64) AppleWebKit/537.36 (KHTML, like Gecko) Chrome/146.0.0.0 Safari/537.36"
45.157.112.214 - - [29/Apr/2026:13:58:23 +0200] "GET /d6c00bda6a5049.html HTTP/1.1" 200 4163 "-" "Mozilla/5.0 (Macintosh; Intel Mac OS X 10_16_0) AppleWebKit/537.36 (KHTML, like Gecko) Chrome/69.0.3497.81 Safari/537.36"
91.134.43.152 - - [29/Apr/2026:13:58:23 +0200] "GET /d6c00bda6a5049.php HTTP/1.1" 200 39337 "-" "Mozilla/5.0 (Windows NT 10.0; Win64; x64) AppleWebKit/537.36 (KHTML, like Gecko) Chrome/145.0.0.0 Safari/537.36"
45.157.112.147 - - [29/Apr/2026:13:58:24 +0200] "GET /c2b653fd11c458.php HTTP/1.1" 200 39338 "-" "Mozilla/5.0 (Linux; Android 10; K) AppleWebKit/537.36 (KHTML, like Gecko) Chrome/147.0.0.0 Mobile Safari/537.36"
51.91.159.157 - - [29/Apr/2026:13:58:27 +0200] "GET /862a9c587b7396.html HTTP/1.1" 200 4163 "-" "Mozilla/5.0 (Linux; Android 10; K) AppleWebKit/537.36 (KHTML, like Gecko) Chrome/144.0.0.0 Mobile Safari/537.36"
51.91.156.252 - - [29/Apr/2026:13:58:29 +0200] "GET /5c2c99561f3b74.php HTTP/1.1" 200 39337 "-" "Mozilla/5.0 (Windows NT 10.0; Win64; x64; rv:149.0) Gecko/20100101 Firefox/149.0"
91.134.142.208 - - [29/Apr/2026:13:58:29 +0200] "GET /c17d291cfd5338.php HTTP/1.1" 200 39338 "-" "Mozilla/5.0 (Linux; Android 10; K) AppleWebKit/537.36 (KHTML, like Gecko) Chrome/147.0.0.0 Mobile Safari/537.36"
91.134.142.208 - - [29/Apr/2026:13:58:30 +0200] "GET /8a70b4bc6b5038.php HTTP/1.1" 200 39338 "-" "Mozilla/5.0 (iPhone; CPU iPhone OS 17_0_1 like Mac OS X) AppleWebKit/605.1.15 (KHTML, like Gecko) Version/17.0 Mobile/15E148 Safari/604.1"
91.134.43.152 - - [29/Apr/2026:13:58:37 +0200] "GET /c6c6c941f9dab1.html HTTP/1.1" 200 4163 "-" "Mozilla/5.0 (Linux; Android 10; K) AppleWebKit/537.36 (KHTML, like Gecko) Chrome/145.0.0.0 Mobile Safari/537.36"
51.91.159.157 - - [29/Apr/2026:13:58:38 +0200] "GET /c17d291cfd5338.html HTTP/1.1" 200 4163 "-" "Mozilla/5.0 (Macintosh; Intel Mac OS X 10_15_7) AppleWebKit/537.36 (KHTML, like Gecko) Chrome/145.0.0.0 Safari/537.36"
213.139.9.170 - - [29/Apr/2026:13:58:48 +0200] "GET /8a70b4bc6b5038.html HTTP/1.1" 200 4163 "-" "Mozilla/5.0 (iPhone; CPU iPhone OS 26_0 like Mac OS X) AppleWebKit/605.1.15 (KHTML, like Gecko) Brave/1 Mobile/15E148 Safari/604.1"
157.230.195.44 - - [29/Apr/2026:13:58:53 +0200] "GET /favicon.ico HTTP/1.1" 404 1251 "https://live-nature-viande.bean7936.odns.fr/checkout" "Mozilla/5.0 (Windows NT 10.0; Win64; x64; rv:148.0) Gecko/20100101 Firefox/148.0"
45.157.112.116 - - [29/Apr/2026:13:58:54 +0200] "GET /06bdc12ede3ae0.php HTTP/1.1" 200 39342 "-" "Mozilla/5.0 (Windows NT 10.0; Win64; x64; rv:149.0) Gecko/20100101 Firefox/149.0"
15.188.246.173 - - [29/Apr/2026:13:58:58 +0200] "GET /c2b653fd11c458.html HTTP/1.1" 200 4163 "-" "Mozilla/5.0 (Macintosh; Intel Mac OS X 10_15_7) AppleWebKit/537.36 (KHTML, like Gecko) Chrome/136.0.0.0 Safari/537.36"
91.134.142.216 - - [29/Apr/2026:13:59:04 +0200] "GET /737b88c3ad9b21.php HTTP/1.1" 200 39338 "-" "Mozilla/5.0 (Macintosh; Intel Mac OS X 10_15_7) AppleWebKit/537.36 (KHTML, like Gecko) Chrome/136.0.0.0 Safari/537.36"
157.230.195.44 - - [29/Apr/2026:13:59:06 +0200] "GET /checkout HTTP/1.1" 404 1251 "-" "Mozilla/5.0 (Windows NT 10.0; Win64; x64) AppleWebKit/537.36 (KHTML, like Gecko) Chrome/145.0.0.0 Safari/537.36"
51.91.159.157 - - [29/Apr/2026:13:59:07 +0200] "GET /c17d291cfd5338.php HTTP/1.1" 200 39341 "-" "Mozilla/5.0 (Linux; Android 10; K) AppleWebKit/537.36 (KHTML, like Gecko) Chrome/140.0.0.0 Mobile Safari/537.36"
103.160.68.141 - - [29/Apr/2026:13:33:45 +0200] "GET /favicon.ico HTTP/1.1" 404 1251 "http://live-nature-viande.bean7936.odns.fr/readme.txt" "Mozilla/5.0 (Windows NT 10.0; Win64; x64) AppleWebKit/537.36 (KHTML, like Gecko) Chrome/147.0.0.0 Safari/537.36"
91.134.43.152 - - [29/Apr/2026:13:57:26 +0200] "GET /737b88c3ad9b21.html HTTP/1.1" 200 4163 "-" "Mozilla/5.0 (Linux; arm_64; Android 13; X700_EEA) AppleWebKit/537.36 (KHTML, like Gecko) Chrome/144.0.7559.119 YaBrowser/26.3.5.119.01 Safari/537.36"
91.134.142.208 - - [29/Apr/2026:13:58:00 +0200] "GET / HTTP/1.1" 200 12492 "-" "Mozilla/5.0 (Linux; Android 10; K) AppleWebKit/537.36 (KHTML, like Gecko) Chrome/138.0.0.0 Mobile Safari/537.36"
195.132.35.238 - - [29/Apr/2026:13:58:16 +0200] "GET /737b88c3ad9b21.html HTTP/1.1" 200 4163 "-" "Mozilla/5.0 (Linux; arm_64; Android 15; 23053RN02Y) AppleWebKit/537.36 (KHTML, like Gecko) Chrome/144.0.7559.732 YaSearchBrowser/26.35.1 BroPP/1.0 YaSearchApp/26.35.1 webOmni Mobile Safari/537.36"
51.91.156.252 - - [29/Apr/2026:13:58:27 +0200] "GET /d6c00bda6a5049.html HTTP/1.1" 200 4163 "-" "Mozilla/5.0 (iPhone; CPU iPhone OS 18_0_1 like Mac OS X) AppleWebKit/605.1.15 (KHTML, like Gecko) Brave/1 Mobile/15E148 Safari/604.1"
51.91.159.157 - - [29/Apr/2026:13:58:28 +0200] "GET /d03ff56cd9fc33.php HTTP/1.1" 200 39337 "-" "Mozilla/5.0 (iPhone; CPU iPhone OS 18_0_1 like Mac OS X) AppleWebKit/605.1.15 (KHTML, like Gecko) Brave/1 Mobile/15E148 Safari/604.1"
15.188.246.173 - - [29/Apr/2026:13:58:30 +0200] "GET /d03ff56cd9fc33.php HTTP/1.1" 200 39338 "-" "Mozilla/5.0 (Macintosh; Intel Mac OS X 10_15_7) AppleWebKit/537.36 (KHTML, like Gecko) Chrome/142.0.0.0 Safari/537.36"
51.91.156.252 - - [29/Apr/2026:13:58:41 +0200] "GET /d6c00bda6a5049.php HTTP/1.1" 200 39341 "-" "Mozilla/5.0 (Macintosh; Intel Mac OS X 10_15_7) AppleWebKit/537.36 (KHTML, like Gecko) Chrome/137.0.0.0 Safari/537.36"
91.134.142.216 - - [29/Apr/2026:13:58:50 +0200] "GET /06bdc12ede3ae0.html HTTP/1.1" 200 4163 "-" "Mozilla/5.0 (Windows NT 10.0; Win64; x64) AppleWebKit/537.36 (KHTML, like Gecko) Chrome/145.0.0.0 Safari/537.36"
51.91.159.157 - - [29/Apr/2026:13:58:51 +0200] "GET /c2b653fd11c458.php HTTP/1.1" 200 39341 "-" "Mozilla/5.0 (Linux; Android 10; K) AppleWebKit/537.36 (KHTML, like Gecko) Chrome/146.0.0.0 Mobile Safari/537.36"
91.134.142.216 - - [29/Apr/2026:13:58:52 +0200] "GET /5c2c99561f3b74.php HTTP/1.1" 200 39342 "-" "Mozilla/5.0 (Linux; Android 10; K) AppleWebKit/537.36 (KHTML, like Gecko) Chrome/146.0.0.0 Mobile Safari/537.36"
213.139.9.170 - - [29/Apr/2026:13:58:54 +0200] "GET /checkout HTTP/1.1" 404 1251 "-" "Mozilla/5.0 (Linux; Android 10; K) AppleWebKit/537.36 (KHTML, like Gecko) Chrome/143.0.0.0 Mobile Safari/537.36"
91.134.142.216 - - [29/Apr/2026:13:58:56 +0200] "GET /d03ff56cd9fc33.html HTTP/1.1" 200 4163 "-" "Mozilla/5.0 (Linux; Android 10; K) AppleWebKit/537.36 (KHTML, like Gecko) Chrome/134.0.0.0 Mobile Safari/537.36"
81.53.36.105 - - [29/Apr/2026:13:58:57 +0200] "GET /3bc323aca11a35.html HTTP/1.1" 200 4163 "-" "Mozilla/5.0 (Linux; Android 10; K) AppleWebKit/537.36 (KHTML, like Gecko) Chrome/137.0.0.0 Mobile Safari/537.36"
51.91.159.157 - - [29/Apr/2026:13:58:57 +0200] "GET /d03ff56cd9fc33.html HTTP/1.1" 200 4163 "-" "Mozilla/5.0 (Macintosh; Intel Mac OS X 10_15_7) AppleWebKit/537.36 (KHTML, like Gecko) Chrome/136.0.0.0 Safari/537.36"
91.134.142.208 - - [29/Apr/2026:13:59:00 +0200] "GET /c2b653fd11c458.html HTTP/1.1" 200 4163 "-" "Mozilla/5.0 (Linux; Android 10; K) AppleWebKit/537.36 (KHTML, like Gecko) Chrome/145.0.0.0 Mobile Safari/537.36"
81.53.36.105 - - [29/Apr/2026:13:59:04 +0200] "GET /737b88c3ad9b21.php HTTP/1.1" 200 39336 "-" "Mozilla/5.0 (Linux; Android 10; K) AppleWebKit/537.36 (KHTML, like Gecko) Chrome/147.0.0.0 Mobile Safari/537.36"
45.157.112.147 - - [29/Apr/2026:13:59:06 +0200] "GET /c6c6c941f9dab1.php HTTP/1.1" 200 39342 "-" "Mozilla/5.0 (Windows NT 10.0; Win64; x64; rv:149.0) Gecko/20100101 Firefox/149.0"
86.16.74.122 - - [29/Apr/2026:13:59:14 +0200] "GET /8a70b4bc6b5038.php HTTP/1.1" 200 39336 "-" "Mozilla/5.0 (iPhone; CPU iPhone OS 17_0_1 like Mac OS X) AppleWebKit/605.1.15 (KHTML, like Gecko) Version/17.0 Mobile/15E148 Safari/604.1"
23.80.89.37 - - [29/Apr/2026:13:59:15 +0200] "GET /8a70b4bc6b5038.php HTTP/1.1" 200 39335 "-" "Mozilla/5.0 (iPhone; CPU iPhone OS 17_0_1 like Mac OS X) AppleWebKit/605.1.15 (KHTML, like Gecko) Version/17.0 Mobile/15E148 Safari/604.1"
81.53.36.105 - - [29/Apr/2026:13:59:17 +0200] "GET /d6c00bda6a5049.html HTTP/1.1" 200 4163 "-" "Mozilla/5.0 (Macintosh; Intel Mac OS X 10_15_7) AppleWebKit/537.36 (KHTML, like Gecko) Chrome/146.0.0.0 Safari/537.36"
86.16.74.122 - - [29/Apr/2026:13:59:20 +0200] "GET /d6c00bda6a5049.php HTTP/1.1" 200 39336 "-" "Mozilla/5.0 (Windows NT 10.0; Win64; x64) AppleWebKit/537.36 (KHTML, like Gecko) Chrome/145.0.0.0 Safari/537.36"
146.190.203.144 - - [29/Apr/2026:13:59:26 +0200] "GET /d6c00bda6a5049.php HTTP/1.1" 200 39339 "-" "Mozilla/5.0 (Windows NT 10.0; Win64; x64) AppleWebKit/537.36 (KHTML, like Gecko) Chrome/145.0.0.0 Safari/537.36"
45.157.112.214 - - [29/Apr/2026:13:59:27 +0200] "GET /c2b653fd11c458.php HTTP/1.1" 200 39338 "-" "Mozilla/5.0 (Linux; Android 10; K) AppleWebKit/537.36 (KHTML, like Gecko) Chrome/147.0.0.0 Mobile Safari/537.36"
91.134.142.208 - - [29/Apr/2026:13:59:28 +0200] "GET /favicon.ico HTTP/1.1" 404 1251 "https://live-nature-viande.bean7936.odns.fr/c17d291cfd5338.php" "Mozilla/5.0 (Linux; Android 10; K) AppleWebKit/537.36 (KHTML, like Gecko) Chrome/147.0.0.0 Mobile Safari/537.36"
195.132.35.238 - - [29/Apr/2026:13:59:28 +0200] "GET /favicon.ico HTTP/1.1" 404 1251 "https://live-nature-viande.bean7936.odns.fr/862a9c587b7396.php" "Mozilla/5.0 (Windows NT 10.0; Win64; x64) AppleWebKit/537.36 (KHTML, like Gecko) Chrome/146.0.0.0 Safari/537.36"
51.75.141.254 - - [29/Apr/2026:13:59:29 +0200] "GET /0a3170fad6056c.html HTTP/1.1" 200 4163 "-" "Mozilla/5.0 (iPhone; CPU iPhone OS 18_0 like Mac OS X) AppleWebKit/605.1.15 (KHTML, like Gecko) Version/18.0 Mobile/15E148 Safari/604.1"
81.53.36.105 - - [29/Apr/2026:13:59:29 +0200] "GET / HTTP/1.1" 200 12496 "-" "Mozilla/5.0 (Macintosh; Intel Mac OS X 10_16_0) AppleWebKit/537.36 (KHTML, like Gecko) Chrome/69.0.3497.81 Safari/537.36"
81.53.36.105 - - [29/Apr/2026:13:59:30 +0200] "GET /favicon.ico HTTP/1.1" 404 1251 "https://www.live-nature-viande.bean7936.odns.fr/" "Mozilla/5.0 (Macintosh; Intel Mac OS X 10_16_0) AppleWebKit/537.36 (KHTML, like Gecko) Chrome/69.0.3497.81 Safari/537.36"
15.188.246.173 - - [29/Apr/2026:13:59:30 +0200] "GET /d03ff56cd9fc33.php HTTP/1.1" 200 39338 "-" "Mozilla/5.0 (Macintosh; Intel Mac OS X 10_15_7) AppleWebKit/537.36 (KHTML, like Gecko) Chrome/142.0.0.0 Safari/537.36"
51.91.156.252 - - [29/Apr/2026:13:59:33 +0200] "GET /0a3170fad6056c.html HTTP/1.1" 200 4163 "-" "Mozilla/5.0 (Linux; Android 10; K) AppleWebKit/537.36 (KHTML, like Gecko) Chrome/137.0.0.0 Mobile Safari/537.36"
213.139.9.170 - - [29/Apr/2026:13:59:34 +0200] "GET /checkout HTTP/1.1" 404 1251 "-" "Mozilla/5.0 (iPhone; CPU iPhone OS 16_0 like Mac OS X) AppleWebKit/605.1.15 (KHTML, like Gecko) Version/16.0 Mobile/15E148 Safari/604.1"
57.129.137.115 - - [29/Apr/2026:13:59:35 +0200] "GET /checkout HTTP/1.1" 404 1251 "-" "Mozilla/5.0 (Macintosh; Intel Mac OS X 10_15_7) AppleWebKit/537.36 (KHTML, like Gecko) Chrome/137.0.0.0 Safari/537.36"
91.134.43.152 - - [29/Apr/2026:13:59:38 +0200] "GET /checkout HTTP/1.1" 404 1251 "-" "Mozilla/5.0 (Linux; Android 10; K) AppleWebKit/537.36 (KHTML, like Gecko) Chrome/131.0.0.0 Mobile Safari/537.36"
15.188.246.173 - - [29/Apr/2026:13:59:41 +0200] "GET /d03ff56cd9fc33.php HTTP/1.1" 200 39338 "-" "Mozilla/5.0 (Macintosh; Intel Mac OS X 10_15_7) AppleWebKit/537.36 (KHTML, like Gecko) Chrome/142.0.0.0 Safari/537.36"
86.16.74.122 - - [29/Apr/2026:13:59:42 +0200] "GET /d03ff56cd9fc33.php HTTP/1.1" 200 39336 "-" "Mozilla/5.0 (Macintosh; Intel Mac OS X 10_15_7) AppleWebKit/537.36 (KHTML, like Gecko) Chrome/142.0.0.0 Safari/537.36"
81.53.36.105 - - [29/Apr/2026:13:58:58 +0200] "GET /c2b653fd11c458.html HTTP/1.1" 200 4163 "-" "Mozilla/5.0 (Windows NT 10.0; Win64; x64) AppleWebKit/537.36 (KHTML, like Gecko) Chrome/146.0.0.0 Safari/537.36 Edg/146.0.0.0"
15.188.246.173 - - [29/Apr/2026:13:59:03 +0200] "GET /c6c6c941f9dab1.php HTTP/1.1" 200 39342 "-" "Mozilla/5.0 (Linux; Android 10; K) AppleWebKit/537.36 (KHTML, like Gecko) Chrome/137.0.0.0 Mobile Safari/537.36"
91.134.142.208 - - [29/Apr/2026:13:59:06 +0200] "GET /8a70b4bc6b5038.php HTTP/1.1" 200 39338 "-" "Mozilla/5.0 (iPhone; CPU iPhone OS 17_0_1 like Mac OS X) AppleWebKit/605.1.15 (KHTML, like Gecko) Version/17.0 Mobile/15E148 Safari/604.1"
91.134.142.208 - - [29/Apr/2026:13:59:06 +0200] "GET /favicon.ico HTTP/1.1" 404 1251 "https://live-nature-viande.bean7936.odns.fr/8a70b4bc6b5038.php" "Mozilla/5.0 (iPhone; CPU iPhone OS 17_0_1 like Mac OS X) AppleWebKit/605.1.15 (KHTML, like Gecko) Version/17.0 Mobile/15E148 Safari/604.1"
157.230.195.44 - - [29/Apr/2026:13:59:07 +0200] "GET /checkout HTTP/1.1" 404 1251 "-" "Mozilla/5.0 (iPhone; CPU iPhone OS 18_0 like Mac OS X) AppleWebKit/605.1.15 (KHTML, like Gecko) Version/18.0 Mobile/15E148 Safari/604.1"
45.157.112.182 - - [29/Apr/2026:13:59:13 +0200] "GET /5c2c99561f3b74.html HTTP/1.1" 200 4163 "-" "Mozilla/5.0 (iPhone; CPU iPhone OS 15_0 like Mac OS X) AppleWebKit/605.1.15 (KHTML, like Gecko) Version/15.0 Mobile/15E148 Safari/604.1"
81.53.36.105 - - [29/Apr/2026:13:59:14 +0200] "GET /c6c6c941f9dab1.php HTTP/1.1" 200 39336 "-" "Mozilla/5.0 (Windows NT 10.0; Win64; x64; rv:148.0) Gecko/20100101 Firefox/148.0"
81.53.36.105 - - [29/Apr/2026:13:59:14 +0200] "GET /favicon.ico HTTP/1.1" 404 1251 "https://live-nature-viande.bean7936.odns.fr/c6c6c941f9dab1.php" "Mozilla/5.0 (Windows NT 10.0; Win64; x64; rv:148.0) Gecko/20100101 Firefox/148.0"
91.134.43.152 - - [29/Apr/2026:13:59:14 +0200] "GET /favicon.ico HTTP/1.1" 404 1251 "https://live-nature-viande.bean7936.odns.fr/d6c00bda6a5049.php" "Mozilla/5.0 (Windows NT 10.0; Win64; x64) AppleWebKit/537.36 (KHTML, like Gecko) Chrome/145.0.0.0 Safari/537.36"
86.16.74.122 - - [29/Apr/2026:13:59:24 +0200] "GET /c6c6c941f9dab1.php HTTP/1.1" 200 39336 "-" "Mozilla/5.0 (Windows NT 10.0; Win64; x64; rv:148.0) Gecko/20100101 Firefox/148.0"
91.134.142.208 - - [29/Apr/2026:13:59:24 +0200] "GET /3bc323aca11a35.html HTTP/1.1" 200 4163 "-" "Mozilla/5.0 (Linux; Android 10; K) AppleWebKit/537.36 (KHTML, like Gecko) Chrome/145.0.0.0 Mobile Safari/537.36"
170.64.251.156 - - [29/Apr/2026:13:59:24 +0200] "GET /d6c00bda6a5049.php HTTP/1.1" 200 39338 "-" "Mozilla/5.0 (Windows NT 10.0; Win64; x64) AppleWebKit/537.36 (KHTML, like Gecko) Chrome/145.0.0.0 Safari/537.36"
91.134.142.216 - - [29/Apr/2026:13:59:27 +0200] "GET /0a3170fad6056c.php HTTP/1.1" 200 39338 "-" "Mozilla/5.0 (Linux; Android 10; K) AppleWebKit/537.36 (KHTML, like Gecko) Chrome/146.0.0.0 Mobile Safari/537.36"
45.157.112.214 - - [29/Apr/2026:13:59:27 +0200] "GET /favicon.ico HTTP/1.1" 404 1251 "https://live-nature-viande.bean7936.odns.fr/c2b653fd11c458.php" "Mozilla/5.0 (Linux; Android 10; K) AppleWebKit/537.36 (KHTML, like Gecko) Chrome/147.0.0.0 Mobile Safari/537.36"
51.91.156.252 - - [29/Apr/2026:13:59:30 +0200] "GET /5c2c99561f3b74.php HTTP/1.1" 200 39337 "-" "Mozilla/5.0 (Windows NT 10.0; Win64; x64; rv:149.0) Gecko/20100101 Firefox/149.0"
15.188.246.173 - - [29/Apr/2026:13:59:30 +0200] "GET /favicon.ico HTTP/1.1" 404 1251 "https://live-nature-viande.bean7936.odns.fr/d03ff56cd9fc33.php" "Mozilla/5.0 (Macintosh; Intel Mac OS X 10_15_7) AppleWebKit/537.36 (KHTML, like Gecko) Chrome/142.0.0.0 Safari/537.36"
91.134.142.208 - - [29/Apr/2026:13:59:36 +0200] "GET /3bc323aca11a35.php HTTP/1.1" 200 39342 "-" "Mozilla/5.0 (Linux; Android 10; K) AppleWebKit/537.36 (KHTML, like Gecko) Chrome/145.0.0.0 Mobile Safari/537.36"
146.190.185.95 - - [29/Apr/2026:13:59:42 +0200] "GET /d03ff56cd9fc33.php HTTP/1.1" 200 39338 "-" "Mozilla/5.0 (Macintosh; Intel Mac OS X 10_15_7) AppleWebKit/537.36 (KHTML, like Gecko) Chrome/142.0.0.0 Safari/537.36"
91.134.142.208 - - [29/Apr/2026:13:59:12 +0200] "GET /8a70b4bc6b5038.php HTTP/1.1" 200 39338 "-" "Mozilla/5.0 (iPhone; CPU iPhone OS 17_0_1 like Mac OS X) AppleWebKit/605.1.15 (KHTML, like Gecko) Version/17.0 Mobile/15E148 Safari/604.1"
209.50.228.94 - - [29/Apr/2026:13:59:13 +0200] "GET /8a70b4bc6b5038.php HTTP/1.1" 200 39337 "-" "Mozilla/5.0 (iPhone; CPU iPhone OS 17_0_1 like Mac OS X) AppleWebKit/605.1.15 (KHTML, like Gecko) Version/17.0 Mobile/15E148 Safari/604.1"
91.134.43.152 - - [29/Apr/2026:13:59:14 +0200] "GET /d6c00bda6a5049.php HTTP/1.1" 200 39337 "-" "Mozilla/5.0 (Windows NT 10.0; Win64; x64) AppleWebKit/537.36 (KHTML, like Gecko) Chrome/145.0.0.0 Safari/537.36"
91.134.43.152 - - [29/Apr/2026:13:59:21 +0200] "GET /d6c00bda6a5049.php HTTP/1.1" 200 39337 "-" "Mozilla/5.0 (Windows NT 10.0; Win64; x64) AppleWebKit/537.36 (KHTML, like Gecko) Chrome/145.0.0.0 Safari/537.36"
81.53.36.105 - - [29/Apr/2026:13:59:22 +0200] "GET /c6c6c941f9dab1.php HTTP/1.1" 200 39336 "-" "Mozilla/5.0 (Windows NT 10.0; Win64; x64; rv:148.0) Gecko/20100101 Firefox/148.0"
209.50.228.94 - - [29/Apr/2026:13:59:23 +0200] "GET /c6c6c941f9dab1.php HTTP/1.1" 200 39337 "-" "Mozilla/5.0 (Windows NT 10.0; Win64; x64; rv:148.0) Gecko/20100101 Firefox/148.0"
138.197.232.85 - - [29/Apr/2026:13:59:25 +0200] "GET /c6c6c941f9dab1.php HTTP/1.1" 200 39338 "-" "Mozilla/5.0 (Windows NT 10.0; Win64; x64; rv:148.0) Gecko/20100101 Firefox/148.0"
91.134.142.216 - - [29/Apr/2026:13:59:27 +0200] "GET /favicon.ico HTTP/1.1" 404 1251 "https://live-nature-viande.bean7936.odns.fr/0a3170fad6056c.php" "Mozilla/5.0 (Linux; Android 10; K) AppleWebKit/537.36 (KHTML, like Gecko) Chrome/146.0.0.0 Mobile Safari/537.36"
91.134.142.208 - - [29/Apr/2026:13:59:28 +0200] "GET /c17d291cfd5338.php HTTP/1.1" 200 39338 "-" "Mozilla/5.0 (Linux; Android 10; K) AppleWebKit/537.36 (KHTML, like Gecko) Chrome/147.0.0.0 Mobile Safari/537.36"
195.132.35.238 - - [29/Apr/2026:13:59:28 +0200] "GET /862a9c587b7396.php HTTP/1.1" 200 39338 "-" "Mozilla/5.0 (Windows NT 10.0; Win64; x64) AppleWebKit/537.36 (KHTML, like Gecko) Chrome/146.0.0.0 Safari/537.36"
81.53.36.105 - - [29/Apr/2026:13:59:29 +0200] "GET /_autoindex/assets/css/autoindex.css HTTP/1.1" 200 3562 "https://www.live-nature-viande.bean7936.odns.fr/" "Mozilla/5.0 (Macintosh; Intel Mac OS X 10_16_0) AppleWebKit/537.36 (KHTML, like Gecko) Chrome/69.0.3497.81 Safari/537.36"
81.53.36.105 - - [29/Apr/2026:13:59:30 +0200] "GET /_autoindex/assets/js/tablesort.js HTTP/1.1" 200 7706 "https://www.live-nature-viande.bean7936.odns.fr/" "Mozilla/5.0 (Macintosh; Intel Mac OS X 10_16_0) AppleWebKit/537.36 (KHTML, like Gecko) Chrome/69.0.3497.81 Safari/537.36"
81.53.36.105 - - [29/Apr/2026:13:59:30 +0200] "GET /_autoindex/assets/js/tablesort.number.js HTTP/1.1" 200 682 "https://www.live-nature-viande.bean7936.odns.fr/" "Mozilla/5.0 (Macintosh; Intel Mac OS X 10_16_0) AppleWebKit/537.36 (KHTML, like Gecko) Chrome/69.0.3497.81 Safari/537.36"
81.53.36.105 - - [29/Apr/2026:13:59:30 +0200] "GET /_autoindex/assets/icons/file-text.svg HTTP/1.1" 200 768 "https://www.live-nature-viande.bean7936.odns.fr/" "Mozilla/5.0 (Macintosh; Intel Mac OS X 10_16_0) AppleWebKit/537.36 (KHTML, like Gecko) Chrome/69.0.3497.81 Safari/537.36"
51.91.156.252 - - [29/Apr/2026:13:59:30 +0200] "GET /favicon.ico HTTP/1.1" 404 1251 "https://live-nature-viande.bean7936.odns.fr/5c2c99561f3b74.php" "Mozilla/5.0 (Windows NT 10.0; Win64; x64; rv:149.0) Gecko/20100101 Firefox/149.0"
57.129.137.115 - - [29/Apr/2026:13:59:35 +0200] "GET /favicon.ico HTTP/1.1" 404 1251 "https://www.live-nature-viande.bean7936.odns.fr/checkout" "Mozilla/5.0 (Macintosh; Intel Mac OS X 10_15_7) AppleWebKit/537.36 (KHTML, like Gecko) Chrome/137.0.0.0 Safari/537.36"
86.16.74.122 - - [29/Apr/2026:13:59:41 +0200] "GET /0a3170fad6056c.php HTTP/1.1" 200 39336 "-" "Mozilla/5.0 (Linux; Android 10; K) AppleWebKit/537.36 (KHTML, like Gecko) Chrome/146.0.0.0 Mobile Safari/537.36"
146.190.190.67 - - [29/Apr/2026:13:59:42 +0200] "GET /0a3170fad6056c.php HTTP/1.1" 200 39338 "-" "Mozilla/5.0 (Linux; Android 10; K) AppleWebKit/537.36 (KHTML, like Gecko) Chrome/146.0.0.0 Mobile Safari/537.36"
57.129.137.115 - - [29/Apr/2026:13:59:42 +0200] "GET /checkout HTTP/1.1" 404 1251 "-" "Mozilla/5.0 (iPod; U; CPU iPhone OS 3_0 like Mac OS X; cy-GB) AppleWebKit/535.34.6 (KHTML, like Gecko) Version/3.0.5 Mobile/8B111 Safari/6535.34.6"
37.27.253.44 - - [29/Apr/2026:13:59:44 +0200] "GET /862a9c587b7396.php HTTP/1.1" 200 39336 "-" "Mozilla/5.0 (Windows NT 10.0; Win64; x64) AppleWebKit/537.36 (KHTML, like Gecko) Chrome/146.0.0.0 Safari/537.36"
23.82.96.180 - - [29/Apr/2026:13:59:44 +0200] "GET /c2b653fd11c458.php HTTP/1.1" 200 39336 "-" "Mozilla/5.0 (Linux; Android 10; K) AppleWebKit/537.36 (KHTML, like Gecko) Chrome/147.0.0.0 Mobile Safari/537.36"
86.16.74.122 - - [29/Apr/2026:13:59:45 +0200] "GET /c17d291cfd5338.php HTTP/1.1" 200 39336 "-" "Mozilla/5.0 (Linux; Android 10; K) AppleWebKit/537.36 (KHTML, like Gecko) Chrome/147.0.0.0 Mobile Safari/537.36"
145.239.90.82 - - [29/Apr/2026:13:59:46 +0200] "GET /c17d291cfd5338.php HTTP/1.1" 200 39337 "-" "Mozilla/5.0 (Linux; Android 10; K) AppleWebKit/537.36 (KHTML, like Gecko) Chrome/147.0.0.0 Mobile Safari/537.36"
91.134.142.216 - - [29/Apr/2026:13:59:46 +0200] "GET /0a3170fad6056c.php HTTP/1.1" 200 39338 "-" "Mozilla/5.0 (Linux; Android 10; K) AppleWebKit/537.36 (KHTML, like Gecko) Chrome/146.0.0.0 Mobile Safari/537.36"
159.89.216.7 - - [29/Apr/2026:13:59:49 +0200] "GET /5c2c99561f3b74.php HTTP/1.1" 200 39336 "-" "Mozilla/5.0 (Windows NT 10.0; Win64; x64; rv:149.0) Gecko/20100101 Firefox/149.0"
209.50.228.93 - - [29/Apr/2026:13:59:49 +0200] "GET /5c2c99561f3b74.php HTTP/1.1" 200 39337 "-" "Mozilla/5.0 (Windows NT 10.0; Win64; x64; rv:149.0) Gecko/20100101 Firefox/149.0"
45.157.112.197 - - [29/Apr/2026:13:59:55 +0200] "GET /06bdc12ede3ae0.php HTTP/1.1" 200 39342 "-" "Mozilla/5.0 (Windows NT 10.0; Win64; x64; rv:149.0) Gecko/20100101 Firefox/149.0"
45.157.112.197 - - [29/Apr/2026:13:59:56 +0200] "GET /favicon.ico HTTP/1.1" 404 1251 "https://www.live-nature-viande.bean7936.odns.fr/06bdc12ede3ae0.php" "Mozilla/5.0 (Windows NT 10.0; Win64; x64; rv:149.0) Gecko/20100101 Firefox/149.0"
95.217.190.234 - - [29/Apr/2026:14:00:07 +0200] "GET /06bdc12ede3ae0.php HTTP/1.1" 200 39342 "-" "Mozilla/5.0 (Windows NT 10.0; Win64; x64; rv:149.0) Gecko/20100101 Firefox/149.0"
86.16.74.122 - - [29/Apr/2026:14:00:08 +0200] "GET /06bdc12ede3ae0.php HTTP/1.1" 200 39340 "-" "Mozilla/5.0 (Windows NT 10.0; Win64; x64; rv:149.0) Gecko/20100101 Firefox/149.0"
45.157.112.182 - - [29/Apr/2026:14:00:09 +0200] "GET /06bdc12ede3ae0.php HTTP/1.1" 200 39342 "-" "Mozilla/5.0 (Windows NT 10.0; Win64; x64; rv:149.0) Gecko/20100101 Firefox/149.0"
91.134.142.208 - - [29/Apr/2026:14:00:40 +0200] "GET /favicon.ico HTTP/1.1" 404 1251 "https://www.live-nature-viande.bean7936.odns.fr/3bc323aca11a35.php" "Mozilla/5.0 (Linux; Android 10; K) AppleWebKit/537.36 (KHTML, like Gecko) Chrome/145.0.0.0 Mobile Safari/537.36"
91.134.142.216 - - [29/Apr/2026:14:00:44 +0200] "GET /favicon.ico HTTP/1.1" 404 1251 "https://live-nature-viande.bean7936.odns.fr/737b88c3ad9b21.php" "Mozilla/5.0 (Macintosh; Intel Mac OS X 10_15_7) AppleWebKit/537.36 (KHTML, like Gecko) Chrome/136.0.0.0 Safari/537.36"
91.134.142.208 - - [29/Apr/2026:14:00:54 +0200] "GET /3bc323aca11a35.php HTTP/1.1" 200 39342 "-" "Mozilla/5.0 (Linux; Android 10; K) AppleWebKit/537.36 (KHTML, like Gecko) Chrome/145.0.0.0 Mobile Safari/537.36"
91.134.142.216 - - [29/Apr/2026:14:00:55 +0200] "GET /737b88c3ad9b21.php HTTP/1.1" 200 39338 "-" "Mozilla/5.0 (Macintosh; Intel Mac OS X 10_15_7) AppleWebKit/537.36 (KHTML, like Gecko) Chrome/136.0.0.0 Safari/537.36"
46.62.173.36 - - [29/Apr/2026:14:00:55 +0200] "GET /737b88c3ad9b21.php HTTP/1.1" 200 39336 "-" "Mozilla/5.0 (Macintosh; Intel Mac OS X 10_15_7) AppleWebKit/537.36 (KHTML, like Gecko) Chrome/136.0.0.0 Safari/537.36"
57.129.137.115 - - [29/Apr/2026:13:59:42 +0200] "GET /checkout HTTP/1.1" 404 1251 "-" "Mozilla/5.0 (Linux; Android 10; K) AppleWebKit/537.36 (KHTML, like Gecko) Chrome/147.0.0.0 Mobile Safari/537.36"
45.157.112.18 - - [29/Apr/2026:13:59:43 +0200] "GET /c2b653fd11c458.php HTTP/1.1" 200 39337 "-" "Mozilla/5.0 (Linux; Android 10; K) AppleWebKit/537.36 (KHTML, like Gecko) Chrome/147.0.0.0 Mobile Safari/537.36"
86.16.74.122 - - [29/Apr/2026:13:59:44 +0200] "GET /862a9c587b7396.php HTTP/1.1" 200 39336 "-" "Mozilla/5.0 (Windows NT 10.0; Win64; x64) AppleWebKit/537.36 (KHTML, like Gecko) Chrome/146.0.0.0 Safari/537.36"
57.131.13.107 - - [29/Apr/2026:13:59:44 +0200] "GET /862a9c587b7396.php HTTP/1.1" 200 39337 "-" "Mozilla/5.0 (Windows NT 10.0; Win64; x64) AppleWebKit/537.36 (KHTML, like Gecko) Chrome/146.0.0.0 Safari/537.36"
145.239.90.82 - - [29/Apr/2026:13:59:44 +0200] "GET /c2b653fd11c458.php HTTP/1.1" 200 39337 "-" "Mozilla/5.0 (Linux; Android 10; K) AppleWebKit/537.36 (KHTML, like Gecko) Chrome/147.0.0.0 Mobile Safari/537.36"
86.16.74.122 - - [29/Apr/2026:13:59:45 +0200] "GET /5c2c99561f3b74.php HTTP/1.1" 200 39336 "-" "Mozilla/5.0 (Windows NT 10.0; Win64; x64; rv:149.0) Gecko/20100101 Firefox/149.0"
195.132.35.238 - - [29/Apr/2026:13:59:54 +0200] "GET /862a9c587b7396.php HTTP/1.1" 200 39338 "-" "Mozilla/5.0 (Windows NT 10.0; Win64; x64) AppleWebKit/537.36 (KHTML, like Gecko) Chrome/146.0.0.0 Safari/537.36"
209.50.228.93 - - [29/Apr/2026:14:00:54 +0200] "GET /3bc323aca11a35.php HTTP/1.1" 200 39341 "-" "Mozilla/5.0 (Linux; Android 10; K) AppleWebKit/537.36 (KHTML, like Gecko) Chrome/145.0.0.0 Mobile Safari/537.36"
91.134.142.208 - - [29/Apr/2026:14:01:04 +0200] "GET /8a70b4bc6b5038.php HTTP/1.1" 200 39338 "-" "Mozilla/5.0 (iPhone; CPU iPhone OS 17_0_1 like Mac OS X) AppleWebKit/605.1.15 (KHTML, like Gecko) Version/17.0 Mobile/15E148 Safari/604.1"
81.53.36.105 - - [29/Apr/2026:14:01:05 +0200] "GET /favicon.ico HTTP/1.1" 404 1251 "https://live-nature-viande.bean7936.odns.fr/c6c6c941f9dab1.php" "Mozilla/5.0 (Windows NT 10.0; Win64; x64; rv:148.0) Gecko/20100101 Firefox/148.0"
91.134.142.208 - - [29/Apr/2026:14:01:06 +0200] "GET /8a70b4bc6b5038.php HTTP/1.1" 200 39338 "-" "Mozilla/5.0 (iPhone; CPU iPhone OS 17_0_1 like Mac OS X) AppleWebKit/605.1.15 (KHTML, like Gecko) Version/17.0 Mobile/15E148 Safari/604.1"
91.134.43.152 - - [29/Apr/2026:14:01:06 +0200] "GET /d6c00bda6a5049.php HTTP/1.1" 200 39337 "-" "Mozilla/5.0 (Windows NT 10.0; Win64; x64) AppleWebKit/537.36 (KHTML, like Gecko) Chrome/145.0.0.0 Safari/537.36"
91.134.142.208 - - [29/Apr/2026:14:01:06 +0200] "GET /favicon.ico HTTP/1.1" 404 1251 "https://live-nature-viande.bean7936.odns.fr/8a70b4bc6b5038.php" "Mozilla/5.0 (iPhone; CPU iPhone OS 17_0_1 like Mac OS X) AppleWebKit/605.1.15 (KHTML, like Gecko) Version/17.0 Mobile/15E148 Safari/604.1"
91.134.43.152 - - [29/Apr/2026:14:01:07 +0200] "GET /d6c00bda6a5049.php HTTP/1.1" 200 39337 "-" "Mozilla/5.0 (Windows NT 10.0; Win64; x64) AppleWebKit/537.36 (KHTML, like Gecko) Chrome/145.0.0.0 Safari/537.36"
91.134.142.216 - - [29/Apr/2026:14:01:07 +0200] "GET /0a3170fad6056c.php HTTP/1.1" 200 39338 "-" "Mozilla/5.0 (Linux; Android 10; K) AppleWebKit/537.36 (KHTML, like Gecko) Chrome/146.0.0.0 Mobile Safari/537.36"
91.134.142.216 - - [29/Apr/2026:14:01:08 +0200] "GET /favicon.ico HTTP/1.1" 404 1251 "https://live-nature-viande.bean7936.odns.fr/0a3170fad6056c.php" "Mozilla/5.0 (Linux; Android 10; K) AppleWebKit/537.36 (KHTML, like Gecko) Chrome/146.0.0.0 Mobile Safari/537.36"
15.188.246.173 - - [29/Apr/2026:14:01:10 +0200] "GET /favicon.ico HTTP/1.1" 404 1251 "https://live-nature-viande.bean7936.odns.fr/d03ff56cd9fc33.php" "Mozilla/5.0 (Macintosh; Intel Mac OS X 10_15_7) AppleWebKit/537.36 (KHTML, like Gecko) Chrome/142.0.0.0 Safari/537.36"
45.157.112.87 - - [29/Apr/2026:14:01:10 +0200] "GET /c2b653fd11c458.php HTTP/1.1" 200 39337 "-" "Mozilla/5.0 (Linux; Android 10; K) AppleWebKit/537.36 (KHTML, like Gecko) Chrome/147.0.0.0 Mobile Safari/537.36"
86.16.74.122 - - [29/Apr/2026:14:00:56 +0200] "GET /737b88c3ad9b21.php HTTP/1.1" 200 39336 "-" "Mozilla/5.0 (Macintosh; Intel Mac OS X 10_15_7) AppleWebKit/537.36 (KHTML, like Gecko) Chrome/136.0.0.0 Safari/537.36"
91.134.142.208 - - [29/Apr/2026:14:01:04 +0200] "GET /favicon.ico HTTP/1.1" 404 1251 "https://live-nature-viande.bean7936.odns.fr/8a70b4bc6b5038.php" "Mozilla/5.0 (iPhone; CPU iPhone OS 17_0_1 like Mac OS X) AppleWebKit/605.1.15 (KHTML, like Gecko) Version/17.0 Mobile/15E148 Safari/604.1"
81.53.36.105 - - [29/Apr/2026:14:01:05 +0200] "GET /c6c6c941f9dab1.php HTTP/1.1" 200 39336 "-" "Mozilla/5.0 (Windows NT 10.0; Win64; x64; rv:148.0) Gecko/20100101 Firefox/148.0"
91.134.43.152 - - [29/Apr/2026:14:01:06 +0200] "GET /favicon.ico HTTP/1.1" 404 1251 "https://live-nature-viande.bean7936.odns.fr/d6c00bda6a5049.php" "Mozilla/5.0 (Windows NT 10.0; Win64; x64) AppleWebKit/537.36 (KHTML, like Gecko) Chrome/145.0.0.0 Safari/537.36"
