40.77.167.156 - - [29/Apr/2026:00:48:06 +0200] "GET /products/519037274079 HTTP/1.1" 200 178752 "-" "Mozilla/5.0 AppleWebKit/537.36 (KHTML, like Gecko; compatible; bingbot/2.0; +http://www.bing.com/bingbot.htm) Chrome/116.0.1938.76 Safari/537.36"
216.73.217.21 - - [29/Apr/2026:00:47:08 +0200] "GET /items/J143531519/ HTTP/1.1" 200 2 "-" "Mozilla/5.0 AppleWebKit/537.36 (KHTML, like Gecko; compatible; ClaudeBot/1.0; +claudebot@anthropic.com)"
40.77.167.156 - - [29/Apr/2026:00:47:21 +0200] "GET /perularianzc.xml HTTP/1.1" 200 370109 "-" "Mozilla/5.0 AppleWebKit/537.36 (KHTML, like Gecko; compatible; bingbot/2.0; +http://www.bing.com/bingbot.htm) Chrome/116.0.1938.76 Safari/537.36"
57.141.20.29 - - [29/Apr/2026:00:47:24 +0200] "GET /items/J146479366/ HTTP/1.1" 200 2 "-" "meta-externalagent/1.1 (+https://developers.facebook.com/docs/sharing/webmasters/crawler)"
40.77.167.156 - - [29/Apr/2026:00:47:24 +0200] "GET /products/68889189035 HTTP/1.1" 200 186092 "-" "Mozilla/5.0 AppleWebKit/537.36 (KHTML, like Gecko; compatible; bingbot/2.0; +http://www.bing.com/bingbot.htm) Chrome/116.0.1938.76 Safari/537.36"
57.141.20.17 - - [29/Apr/2026:00:47:28 +0200] "GET /items/J145839609/ HTTP/1.1" 200 2 "-" "meta-externalagent/1.1 (+https://developers.facebook.com/docs/sharing/webmasters/crawler)"
57.141.20.62 - - [29/Apr/2026:00:47:39 +0200] "GET /items/J146186427/ HTTP/1.1" 200 2 "-" "meta-externalagent/1.1 (+https://developers.facebook.com/docs/sharing/webmasters/crawler)"
52.167.144.213 - - [29/Apr/2026:00:47:45 +0200] "GET /products/519653315559 HTTP/1.1" 200 183373 "-" "Mozilla/5.0 AppleWebKit/537.36 (KHTML, like Gecko; compatible; bingbot/2.0; +http://www.bing.com/bingbot.htm) Chrome/116.0.1938.76 Safari/537.36"
207.46.13.116 - - [29/Apr/2026:00:47:48 +0200] "GET /products/210797956952 HTTP/1.1" 200 191196 "-" "Mozilla/5.0 AppleWebKit/537.36 (KHTML, like Gecko; compatible; bingbot/2.0; +http://www.bing.com/bingbot.htm) Chrome/116.0.1938.76 Safari/537.36"
207.46.13.116 - - [29/Apr/2026:00:47:50 +0200] "GET /items/J142669792/ HTTP/1.1" 200 188948 "-" "Mozilla/5.0 AppleWebKit/537.36 (KHTML, like Gecko; compatible; bingbot/2.0; +http://www.bing.com/bingbot.htm) Chrome/116.0.1938.76 Safari/537.36"
66.249.77.9 - - [29/Apr/2026:00:47:50 +0200] "GET /items/U772239419/ HTTP/1.1" 200 189731 "-" "Mozilla/5.0 (Linux; Android 6.0.1; Nexus 5X Build/MMB29P) AppleWebKit/537.36 (KHTML, like Gecko) Chrome/147.0.7727.116 Mobile Safari/537.36 (compatible; GoogleOther)"
57.141.20.41 - - [29/Apr/2026:00:47:51 +0200] "GET /items/J147797061/ HTTP/1.1" 200 2 "-" "meta-externalagent/1.1 (+https://developers.facebook.com/docs/sharing/webmasters/crawler)"
66.249.77.8 - - [29/Apr/2026:00:48:00 +0200] "GET /items/E691441721/ HTTP/1.1" 200 185172 "-" "Mozilla/5.0 (Linux; Android 6.0.1; Nexus 5X Build/MMB29P) AppleWebKit/537.36 (KHTML, like Gecko) Chrome/147.0.7727.116 Mobile Safari/537.36 (compatible; GoogleOther)"
40.77.167.156 - - [29/Apr/2026:00:48:07 +0200] "GET /products/109038125217 HTTP/1.1" 200 189350 "-" "Mozilla/5.0 AppleWebKit/537.36 (KHTML, like Gecko; compatible; bingbot/2.0; +http://www.bing.com/bingbot.htm) Chrome/116.0.1938.76 Safari/537.36"
40.77.167.156 - - [29/Apr/2026:00:48:09 +0200] "GET /items/J145088767/ HTTP/1.1" 200 198473 "-" "Mozilla/5.0 AppleWebKit/537.36 (KHTML, like Gecko; compatible; bingbot/2.0; +http://www.bing.com/bingbot.htm) Chrome/116.0.1938.76 Safari/537.36"
40.77.167.156 - - [29/Apr/2026:00:48:12 +0200] "GET /items/J147544488/ HTTP/1.1" 200 187326 "-" "Mozilla/5.0 AppleWebKit/537.36 (KHTML, like Gecko; compatible; bingbot/2.0; +http://www.bing.com/bingbot.htm) Chrome/116.0.1938.76 Safari/537.36"
57.141.20.0 - - [29/Apr/2026:00:48:16 +0200] "GET /items/J142622443/ HTTP/1.1" 200 2 "-" "meta-externalagent/1.1 (+https://developers.facebook.com/docs/sharing/webmasters/crawler)"
57.141.20.52 - - [29/Apr/2026:00:48:25 +0200] "GET /items/J147728117/ HTTP/1.1" 200 2 "-" "meta-externalagent/1.1 (+https://developers.facebook.com/docs/sharing/webmasters/crawler)"
57.141.20.9 - - [29/Apr/2026:00:48:28 +0200] "GET /items/J141374681/ HTTP/1.1" 200 2 "-" "meta-externalagent/1.1 (+https://developers.facebook.com/docs/sharing/webmasters/crawler)"
207.46.13.116 - - [29/Apr/2026:00:47:49 +0200] "GET /products/532267311895 HTTP/1.1" 200 181948 "-" "Mozilla/5.0 AppleWebKit/537.36 (KHTML, like Gecko; compatible; bingbot/2.0; +http://www.bing.com/bingbot.htm) Chrome/116.0.1938.76 Safari/537.36"
57.141.20.43 - - [29/Apr/2026:00:47:51 +0200] "GET /items/J145609742/ HTTP/1.1" 200 2 "-" "meta-externalagent/1.1 (+https://developers.facebook.com/docs/sharing/webmasters/crawler)"
207.46.13.116 - - [29/Apr/2026:00:47:51 +0200] "GET /products/615219622576 HTTP/1.1" 200 185345 "-" "Mozilla/5.0 AppleWebKit/537.36 (KHTML, like Gecko; compatible; bingbot/2.0; +http://www.bing.com/bingbot.htm) Chrome/116.0.1938.76 Safari/537.36"
57.141.20.14 - - [29/Apr/2026:00:48:02 +0200] "GET /items/J142907637/ HTTP/1.1" 200 2 "-" "meta-externalagent/1.1 (+https://developers.facebook.com/docs/sharing/webmasters/crawler)"
57.141.20.49 - - [29/Apr/2026:00:48:09 +0200] "GET /items/J144524007/ HTTP/1.1" 200 2 "-" "meta-externalagent/1.1 (+https://developers.facebook.com/docs/sharing/webmasters/crawler)"
40.77.167.156 - - [29/Apr/2026:00:48:10 +0200] "GET /products/528865581057 HTTP/1.1" 200 181193 "-" "Mozilla/5.0 AppleWebKit/537.36 (KHTML, like Gecko; compatible; bingbot/2.0; +http://www.bing.com/bingbot.htm) Chrome/116.0.1938.76 Safari/537.36"
57.141.20.17 - - [29/Apr/2026:00:48:13 +0200] "GET /items/J142281952/ HTTP/1.1" 200 2 "-" "meta-externalagent/1.1 (+https://developers.facebook.com/docs/sharing/webmasters/crawler)"
57.141.20.52 - - [29/Apr/2026:00:48:16 +0200] "GET /items/J147601956/ HTTP/1.1" 200 2 "-" "meta-externalagent/1.1 (+https://developers.facebook.com/docs/sharing/webmasters/crawler)"
66.249.77.9 - - [29/Apr/2026:00:48:21 +0200] "GET /items/E077790216/ HTTP/1.1" 200 180037 "-" "Mozilla/5.0 (Linux; Android 6.0.1; Nexus 5X Build/MMB29P) AppleWebKit/537.36 (KHTML, like Gecko) Chrome/147.0.7727.116 Mobile Safari/537.36 (compatible; Googlebot/2.1; +http://www.google.com/bot.html)"
57.141.20.37 - - [29/Apr/2026:00:48:36 +0200] "GET /items/J143759382/ HTTP/1.1" 200 2 "-" "meta-externalagent/1.1 (+https://developers.facebook.com/docs/sharing/webmasters/crawler)"
66.249.77.8 - - [29/Apr/2026:00:48:40 +0200] "GET /items/G576405821/ HTTP/1.1" 200 199611 "-" "Mozilla/5.0 (compatible; Googlebot/2.1; +http://www.google.com/bot.html)"
57.141.20.25 - - [29/Apr/2026:00:48:46 +0200] "GET /items/J145449457/ HTTP/1.1" 200 2 "-" "meta-externalagent/1.1 (+https://developers.facebook.com/docs/sharing/webmasters/crawler)"
57.141.20.29 - - [29/Apr/2026:00:48:54 +0200] "GET /items/J142792496/ HTTP/1.1" 200 2 "-" "meta-externalagent/1.1 (+https://developers.facebook.com/docs/sharing/webmasters/crawler)"
57.141.20.53 - - [29/Apr/2026:00:49:00 +0200] "GET /items/J144631714/ HTTP/1.1" 200 2 "-" "meta-externalagent/1.1 (+https://developers.facebook.com/docs/sharing/webmasters/crawler)"
66.249.72.140 - - [29/Apr/2026:00:49:03 +0200] "GET /items/O781327294/ HTTP/1.1" 200 178652 "-" "Mozilla/5.0 (Linux; Android 6.0.1; Nexus 5X Build/MMB29P) AppleWebKit/537.36 (KHTML, like Gecko) Chrome/147.0.7727.116 Mobile Safari/537.36 (compatible; GoogleOther)"
57.141.20.6 - - [29/Apr/2026:00:49:14 +0200] "GET /items/J144350713/ HTTP/1.1" 200 2 "-" "meta-externalagent/1.1 (+https://developers.facebook.com/docs/sharing/webmasters/crawler)"
57.141.20.69 - - [29/Apr/2026:00:49:16 +0200] "GET /items/J147166400/ HTTP/1.1" 200 2 "-" "meta-externalagent/1.1 (+https://developers.facebook.com/docs/sharing/webmasters/crawler)"
57.141.20.21 - - [29/Apr/2026:00:49:22 +0200] "GET /items/J146817223/ HTTP/1.1" 200 2 "-" "meta-externalagent/1.1 (+https://developers.facebook.com/docs/sharing/webmasters/crawler)"
66.249.77.8 - - [29/Apr/2026:00:49:31 +0200] "GET /items/Y684244124/ HTTP/1.1" 200 186761 "-" "Mozilla/5.0 (Linux; Android 6.0.1; Nexus 5X Build/MMB29P) AppleWebKit/537.36 (KHTML, like Gecko) Chrome/147.0.7727.116 Mobile Safari/537.36 (compatible; Googlebot/2.1; +http://www.google.com/bot.html)"
40.77.167.156 - - [29/Apr/2026:00:48:08 +0200] "GET /products/272877162311 HTTP/1.1" 200 202348 "-" "Mozilla/5.0 AppleWebKit/537.36 (KHTML, like Gecko; compatible; bingbot/2.0; +http://www.bing.com/bingbot.htm) Chrome/116.0.1938.76 Safari/537.36"
40.77.167.156 - - [29/Apr/2026:00:48:13 +0200] "GET /products/147499063701 HTTP/1.1" 200 184660 "-" "Mozilla/5.0 AppleWebKit/537.36 (KHTML, like Gecko; compatible; bingbot/2.0; +http://www.bing.com/bingbot.htm) Chrome/116.0.1938.76 Safari/537.36"
57.141.20.60 - - [29/Apr/2026:00:48:21 +0200] "GET /items/J142772333/ HTTP/1.1" 200 2 "-" "meta-externalagent/1.1 (+https://developers.facebook.com/docs/sharing/webmasters/crawler)"
66.249.77.8 - - [29/Apr/2026:00:48:28 +0200] "GET /items/Z594078661/ HTTP/1.1" 200 183040 "-" "Mozilla/5.0 (compatible; Googlebot/2.1; +http://www.google.com/bot.html)"
57.141.20.57 - - [29/Apr/2026:00:48:36 +0200] "GET /items/J144158456/ HTTP/1.1" 200 2 "-" "meta-externalagent/1.1 (+https://developers.facebook.com/docs/sharing/webmasters/crawler)"
66.249.77.8 - - [29/Apr/2026:00:48:45 +0200] "GET /items/E121449817/ HTTP/1.1" 200 189399 "-" "Mozilla/5.0 (Linux; Android 6.0.1; Nexus 5X Build/MMB29P) AppleWebKit/537.36 (KHTML, like Gecko) Chrome/147.0.7727.116 Mobile Safari/537.36 (compatible; Googlebot/2.1; +http://www.google.com/bot.html)"
57.141.20.2 - - [29/Apr/2026:00:48:50 +0200] "GET /items/J141118365/ HTTP/1.1" 200 2 "-" "meta-externalagent/1.1 (+https://developers.facebook.com/docs/sharing/webmasters/crawler)"
66.249.77.8 - - [29/Apr/2026:00:48:58 +0200] "GET /items/X256644887/ HTTP/1.1" 200 195624 "-" "Mozilla/5.0 (Linux; Android 6.0.1; Nexus 5X Build/MMB29P) AppleWebKit/537.36 (KHTML, like Gecko) Chrome/147.0.7727.116 Mobile Safari/537.36 (compatible; GoogleOther)"
66.249.77.8 - - [29/Apr/2026:00:49:01 +0200] "GET /items/B916156725/ HTTP/1.1" 200 181278 "-" "Mozilla/5.0 (compatible; Googlebot/2.1; +http://www.google.com/bot.html)"
66.249.77.8 - - [29/Apr/2026:00:49:05 +0200] "GET /items/O756188681/ HTTP/1.1" 200 181484 "-" "Mozilla/5.0 (Linux; Android 6.0.1; Nexus 5X Build/MMB29P) AppleWebKit/537.36 (KHTML, like Gecko) Chrome/147.0.7727.116 Mobile Safari/537.36 (compatible; GoogleOther)"
57.141.20.56 - - [29/Apr/2026:00:49:08 +0200] "GET /items/J144835397/ HTTP/1.1" 200 2 "-" "meta-externalagent/1.1 (+https://developers.facebook.com/docs/sharing/webmasters/crawler)"
57.141.20.42 - - [29/Apr/2026:00:49:25 +0200] "GET /items/J147883559/ HTTP/1.1" 200 2 "-" "meta-externalagent/1.1 (+https://developers.facebook.com/docs/sharing/webmasters/crawler)"
57.141.20.16 - - [29/Apr/2026:00:49:29 +0200] "GET /items/J147866524/ HTTP/1.1" 200 2 "-" "meta-externalagent/1.1 (+https://developers.facebook.com/docs/sharing/webmasters/crawler)"
57.141.20.56 - - [29/Apr/2026:00:49:39 +0200] "GET /items/J145911338/ HTTP/1.1" 200 2 "-" "meta-externalagent/1.1 (+https://developers.facebook.com/docs/sharing/webmasters/crawler)"
66.249.77.8 - - [29/Apr/2026:00:49:45 +0200] "GET /items/E077287213/ HTTP/1.1" 200 181866 "-" "Mozilla/5.0 (Linux; Android 6.0.1; Nexus 5X Build/MMB29P) AppleWebKit/537.36 (KHTML, like Gecko) Chrome/147.0.7727.116 Mobile Safari/537.36 (compatible; Googlebot/2.1; +http://www.google.com/bot.html)"
57.141.20.27 - - [29/Apr/2026:00:49:47 +0200] "GET /items/J146576614/ HTTP/1.1" 200 2 "-" "meta-externalagent/1.1 (+https://developers.facebook.com/docs/sharing/webmasters/crawler)"
57.141.20.64 - - [29/Apr/2026:00:49:49 +0200] "GET /items/J147009231/ HTTP/1.1" 200 2 "-" "meta-externalagent/1.1 (+https://developers.facebook.com/docs/sharing/webmasters/crawler)"
57.141.20.61 - - [29/Apr/2026:00:49:51 +0200] "GET /items/J141956431/ HTTP/1.1" 200 2 "-" "meta-externalagent/1.1 (+https://developers.facebook.com/docs/sharing/webmasters/crawler)"
57.141.20.32 - - [29/Apr/2026:00:49:56 +0200] "GET /items/J143001566/ HTTP/1.1" 200 2 "-" "meta-externalagent/1.1 (+https://developers.facebook.com/docs/sharing/webmasters/crawler)"
66.249.77.8 - - [29/Apr/2026:00:48:32 +0200] "GET /items/D833450042/ HTTP/1.1" 200 187076 "-" "Mozilla/5.0 (Linux; Android 6.0.1; Nexus 5X Build/MMB29P) AppleWebKit/537.36 (KHTML, like Gecko) Chrome/147.0.7727.116 Mobile Safari/537.36 (compatible; GoogleOther)"
57.141.20.1 - - [29/Apr/2026:00:48:39 +0200] "GET /items/J142622974/ HTTP/1.1" 200 2 "-" "meta-externalagent/1.1 (+https://developers.facebook.com/docs/sharing/webmasters/crawler)"
57.141.20.53 - - [29/Apr/2026:00:48:44 +0200] "GET /items/J142153581/ HTTP/1.1" 200 2 "-" "meta-externalagent/1.1 (+https://developers.facebook.com/docs/sharing/webmasters/crawler)"
66.249.77.8 - - [29/Apr/2026:00:48:59 +0200] "GET /items/G201568912/ HTTP/1.1" 200 183712 "-" "Mozilla/5.0 (compatible; Googlebot/2.1; +http://www.google.com/bot.html)"
57.141.20.54 - - [29/Apr/2026:00:48:59 +0200] "GET /items/J142403392/ HTTP/1.1" 200 2 "-" "meta-externalagent/1.1 (+https://developers.facebook.com/docs/sharing/webmasters/crawler)"
66.249.72.139 - - [29/Apr/2026:00:49:01 +0200] "GET /items/X133462739/ HTTP/1.1" 200 185144 "-" "Mozilla/5.0 (Linux; Android 6.0.1; Nexus 5X Build/MMB29P) AppleWebKit/537.36 (KHTML, like Gecko) Chrome/147.0.7727.116 Mobile Safari/537.36 (compatible; GoogleOther)"
57.141.20.9 - - [29/Apr/2026:00:49:03 +0200] "GET /items/J142092688/ HTTP/1.1" 200 2 "-" "meta-externalagent/1.1 (+https://developers.facebook.com/docs/sharing/webmasters/crawler)"
57.141.20.61 - - [29/Apr/2026:00:49:08 +0200] "GET /items/J147874656/ HTTP/1.1" 200 2 "-" "meta-externalagent/1.1 (+https://developers.facebook.com/docs/sharing/webmasters/crawler)"
57.141.20.45 - - [29/Apr/2026:00:49:14 +0200] "GET /items/J145763272/ HTTP/1.1" 200 2 "-" "meta-externalagent/1.1 (+https://developers.facebook.com/docs/sharing/webmasters/crawler)"
57.141.20.54 - - [29/Apr/2026:00:49:19 +0200] "GET /items/J144913998/ HTTP/1.1" 200 2 "-" "meta-externalagent/1.1 (+https://developers.facebook.com/docs/sharing/webmasters/crawler)"
57.141.20.9 - - [29/Apr/2026:00:49:32 +0200] "GET /items/J141986184/ HTTP/1.1" 200 2 "-" "meta-externalagent/1.1 (+https://developers.facebook.com/docs/sharing/webmasters/crawler)"
57.141.20.67 - - [29/Apr/2026:00:49:35 +0200] "GET /items/J141820845/ HTTP/1.1" 200 2 "-" "meta-externalagent/1.1 (+https://developers.facebook.com/docs/sharing/webmasters/crawler)"
57.141.20.2 - - [29/Apr/2026:00:49:42 +0200] "GET /items/J146795281/ HTTP/1.1" 200 2 "-" "meta-externalagent/1.1 (+https://developers.facebook.com/docs/sharing/webmasters/crawler)"
57.141.20.41 - - [29/Apr/2026:00:49:45 +0200] "GET /requitescdp.xml HTTP/1.1" 200 370109 "-" "meta-externalagent/1.1 (+https://developers.facebook.com/docs/sharing/webmasters/crawler)"
57.141.20.49 - - [29/Apr/2026:00:49:53 +0200] "GET /items/J142280256/ HTTP/1.1" 200 2 "-" "meta-externalagent/1.1 (+https://developers.facebook.com/docs/sharing/webmasters/crawler)"
57.141.20.33 - - [29/Apr/2026:00:49:58 +0200] "GET /dousmanzwe.xml HTTP/1.1" 200 380109 "-" "meta-externalagent/1.1 (+https://developers.facebook.com/docs/sharing/webmasters/crawler)"
66.249.77.10 - - [29/Apr/2026:00:50:16 +0200] "GET /items/H405384495/ HTTP/1.1" 200 178281 "-" "Mozilla/5.0 (Linux; Android 6.0.1; Nexus 5X Build/MMB29P) AppleWebKit/537.36 (KHTML, like Gecko) Chrome/147.0.7727.116 Mobile Safari/537.36 (compatible; Googlebot/2.1; +http://www.google.com/bot.html)"
57.141.20.31 - - [29/Apr/2026:00:50:20 +0200] "GET /items/J142192299/ HTTP/1.1" 200 2 "-" "meta-externalagent/1.1 (+https://developers.facebook.com/docs/sharing/webmasters/crawler)"
57.141.20.69 - - [29/Apr/2026:00:50:26 +0200] "GET /items/J145851255/ HTTP/1.1" 200 2 "-" "meta-externalagent/1.1 (+https://developers.facebook.com/docs/sharing/webmasters/crawler)"
66.249.77.8 - - [29/Apr/2026:00:50:37 +0200] "GET /items/Y475613421/ HTTP/1.1" 200 185483 "-" "Mozilla/5.0 (Linux; Android 6.0.1; Nexus 5X Build/MMB29P) AppleWebKit/537.36 (KHTML, like Gecko) Chrome/147.0.7727.116 Mobile Safari/537.36 (compatible; Googlebot/2.1; +http://www.google.com/bot.html)"
57.141.20.42 - - [29/Apr/2026:00:50:01 +0200] "GET /items/J143395917/ HTTP/1.1" 200 2 "-" "meta-externalagent/1.1 (+https://developers.facebook.com/docs/sharing/webmasters/crawler)"
57.141.20.67 - - [29/Apr/2026:00:50:04 +0200] "GET /items/J143907949/ HTTP/1.1" 200 2 "-" "meta-externalagent/1.1 (+https://developers.facebook.com/docs/sharing/webmasters/crawler)"
57.141.20.6 - - [29/Apr/2026:00:50:09 +0200] "GET /items/J142055317/ HTTP/1.1" 200 2 "-" "meta-externalagent/1.1 (+https://developers.facebook.com/docs/sharing/webmasters/crawler)"
57.141.20.63 - - [29/Apr/2026:00:50:13 +0200] "GET /items/J146732813/ HTTP/1.1" 200 2 "-" "meta-externalagent/1.1 (+https://developers.facebook.com/docs/sharing/webmasters/crawler)"
57.141.20.55 - - [29/Apr/2026:00:50:21 +0200] "GET /items/J145759289/ HTTP/1.1" 200 2 "-" "meta-externalagent/1.1 (+https://developers.facebook.com/docs/sharing/webmasters/crawler)"
57.141.20.1 - - [29/Apr/2026:00:50:24 +0200] "GET /items/J145451344/ HTTP/1.1" 200 2 "-" "meta-externalagent/1.1 (+https://developers.facebook.com/docs/sharing/webmasters/crawler)"
57.141.20.33 - - [29/Apr/2026:00:50:25 +0200] "GET /items/J141926958/ HTTP/1.1" 200 2 "-" "meta-externalagent/1.1 (+https://developers.facebook.com/docs/sharing/webmasters/crawler)"
57.141.20.2 - - [29/Apr/2026:00:50:33 +0200] "GET /items/J143740294/ HTTP/1.1" 200 2 "-" "meta-externalagent/1.1 (+https://developers.facebook.com/docs/sharing/webmasters/crawler)"
66.249.77.9 - - [29/Apr/2026:00:50:32 +0200] "GET /items/B185750710/ HTTP/1.1" 200 196017 "-" "Mozilla/5.0 (Linux; Android 6.0.1; Nexus 5X Build/MMB29P) AppleWebKit/537.36 (KHTML, like Gecko) Chrome/147.0.7727.116 Mobile Safari/537.36 (compatible; Googlebot/2.1; +http://www.google.com/bot.html)"
57.141.20.18 - - [29/Apr/2026:00:50:34 +0200] "GET /items/J143321164/ HTTP/1.1" 200 2 "-" "meta-externalagent/1.1 (+https://developers.facebook.com/docs/sharing/webmasters/crawler)"
57.141.20.32 - - [29/Apr/2026:00:50:36 +0200] "GET /items/J141331181/ HTTP/1.1" 200 2 "-" "meta-externalagent/1.1 (+https://developers.facebook.com/docs/sharing/webmasters/crawler)"
66.249.72.139 - - [29/Apr/2026:00:50:36 +0200] "GET /items/O781327294/ HTTP/1.1" 200 178652 "-" "Mozilla/5.0 (Linux; Android 6.0.1; Nexus 5X Build/MMB29P) AppleWebKit/537.36 (KHTML, like Gecko) Chrome/147.0.7727.116 Mobile Safari/537.36 (compatible; Googlebot/2.1; +http://www.google.com/bot.html)"
57.141.20.69 - - [29/Apr/2026:00:50:45 +0200] "GET /items/J141158327/ HTTP/1.1" 200 2 "-" "meta-externalagent/1.1 (+https://developers.facebook.com/docs/sharing/webmasters/crawler)"
57.141.20.25 - - [29/Apr/2026:00:51:02 +0200] "GET /items/J143287221/ HTTP/1.1" 200 2 "-" "meta-externalagent/1.1 (+https://developers.facebook.com/docs/sharing/webmasters/crawler)"
57.141.20.61 - - [29/Apr/2026:00:51:02 +0200] "GET /items/J142532906/ HTTP/1.1" 200 2 "-" "meta-externalagent/1.1 (+https://developers.facebook.com/docs/sharing/webmasters/crawler)"
57.141.20.63 - - [29/Apr/2026:00:51:15 +0200] "GET /items/J142101723/ HTTP/1.1" 200 2 "-" "meta-externalagent/1.1 (+https://developers.facebook.com/docs/sharing/webmasters/crawler)"
57.141.20.57 - - [29/Apr/2026:00:51:19 +0200] "GET /items/J147260406/ HTTP/1.1" 200 2 "-" "meta-externalagent/1.1 (+https://developers.facebook.com/docs/sharing/webmasters/crawler)"
57.141.20.21 - - [29/Apr/2026:00:51:27 +0200] "GET /items/J146800766/ HTTP/1.1" 200 2 "-" "meta-externalagent/1.1 (+https://developers.facebook.com/docs/sharing/webmasters/crawler)"
57.141.20.25 - - [29/Apr/2026:00:51:36 +0200] "GET /items/J146762417/ HTTP/1.1" 200 2 "-" "meta-externalagent/1.1 (+https://developers.facebook.com/docs/sharing/webmasters/crawler)"
57.141.20.61 - - [29/Apr/2026:00:51:40 +0200] "GET /items/J143874153/ HTTP/1.1" 200 2 "-" "meta-externalagent/1.1 (+https://developers.facebook.com/docs/sharing/webmasters/crawler)"
57.141.20.13 - - [29/Apr/2026:00:51:50 +0200] "GET /items/J142334652/ HTTP/1.1" 200 2 "-" "meta-externalagent/1.1 (+https://developers.facebook.com/docs/sharing/webmasters/crawler)"
57.141.20.70 - - [29/Apr/2026:00:49:34 +0200] "GET /items/J143966409/ HTTP/1.1" 200 2 "-" "meta-externalagent/1.1 (+https://developers.facebook.com/docs/sharing/webmasters/crawler)"
57.141.20.32 - - [29/Apr/2026:00:49:37 +0200] "GET /items/J141132148/ HTTP/1.1" 200 2 "-" "meta-externalagent/1.1 (+https://developers.facebook.com/docs/sharing/webmasters/crawler)"
57.141.20.25 - - [29/Apr/2026:00:50:00 +0200] "GET /items/J144700419/ HTTP/1.1" 200 2 "-" "meta-externalagent/1.1 (+https://developers.facebook.com/docs/sharing/webmasters/crawler)"
57.141.20.39 - - [29/Apr/2026:00:50:06 +0200] "GET /items/J147597518/ HTTP/1.1" 200 2 "-" "meta-externalagent/1.1 (+https://developers.facebook.com/docs/sharing/webmasters/crawler)"
57.141.20.4 - - [29/Apr/2026:00:50:08 +0200] "GET /items/J143616105/ HTTP/1.1" 200 2 "-" "meta-externalagent/1.1 (+https://developers.facebook.com/docs/sharing/webmasters/crawler)"
57.141.20.45 - - [29/Apr/2026:00:50:11 +0200] "GET /jaguarundikie.xml HTTP/1.1" 200 370109 "-" "meta-externalagent/1.1 (+https://developers.facebook.com/docs/sharing/webmasters/crawler)"
57.141.20.56 - - [29/Apr/2026:00:50:15 +0200] "GET /items/J141653156/ HTTP/1.1" 200 2 "-" "meta-externalagent/1.1 (+https://developers.facebook.com/docs/sharing/webmasters/crawler)"
57.141.20.44 - - [29/Apr/2026:00:50:17 +0200] "GET /items/J147612748/ HTTP/1.1" 200 2 "-" "meta-externalagent/1.1 (+https://developers.facebook.com/docs/sharing/webmasters/crawler)"
57.141.20.51 - - [29/Apr/2026:00:50:22 +0200] "GET /items/J146042716/ HTTP/1.1" 200 2 "-" "meta-externalagent/1.1 (+https://developers.facebook.com/docs/sharing/webmasters/crawler)"
57.141.20.41 - - [29/Apr/2026:00:50:31 +0200] "GET /items/J144066990/ HTTP/1.1" 200 2 "-" "meta-externalagent/1.1 (+https://developers.facebook.com/docs/sharing/webmasters/crawler)"
57.141.20.13 - - [29/Apr/2026:00:50:32 +0200] "GET /items/J145543895/ HTTP/1.1" 200 2 "-" "meta-externalagent/1.1 (+https://developers.facebook.com/docs/sharing/webmasters/crawler)"
57.141.20.61 - - [29/Apr/2026:00:50:41 +0200] "GET /items/J142564494/ HTTP/1.1" 200 2 "-" "meta-externalagent/1.1 (+https://developers.facebook.com/docs/sharing/webmasters/crawler)"
57.141.20.0 - - [29/Apr/2026:00:50:53 +0200] "GET /items/J142283327/ HTTP/1.1" 200 2 "-" "meta-externalagent/1.1 (+https://developers.facebook.com/docs/sharing/webmasters/crawler)"
66.249.77.10 - - [29/Apr/2026:00:51:04 +0200] "GET /items/E696419650/ HTTP/1.1" 200 184071 "-" "Mozilla/5.0 (Linux; Android 6.0.1; Nexus 5X Build/MMB29P) AppleWebKit/537.36 (KHTML, like Gecko) Chrome/147.0.7727.116 Mobile Safari/537.36 (compatible; GoogleOther)"
57.141.20.65 - - [29/Apr/2026:00:51:08 +0200] "GET /items/J142655453/ HTTP/1.1" 200 2 "-" "meta-externalagent/1.1 (+https://developers.facebook.com/docs/sharing/webmasters/crawler)"
57.141.20.43 - - [29/Apr/2026:00:51:16 +0200] "GET /items/J146871120/ HTTP/1.1" 200 2 "-" "meta-externalagent/1.1 (+https://developers.facebook.com/docs/sharing/webmasters/crawler)"
66.249.77.8 - - [29/Apr/2026:00:51:36 +0200] "GET /items/S783822380/ HTTP/1.1" 200 188612 "-" "Mozilla/5.0 (Linux; Android 6.0.1; Nexus 5X Build/MMB29P) AppleWebKit/537.36 (KHTML, like Gecko) Chrome/147.0.7727.116 Mobile Safari/537.36 (compatible; Googlebot/2.1; +http://www.google.com/bot.html)"
40.77.167.156 - - [29/Apr/2026:00:51:39 +0200] "GET /formamidowok.xml HTTP/1.1" 200 370109 "-" "Mozilla/5.0 AppleWebKit/537.36 (KHTML, like Gecko; compatible; bingbot/2.0; +http://www.bing.com/bingbot.htm) Chrome/116.0.1938.76 Safari/537.36"
57.141.20.60 - - [29/Apr/2026:00:51:43 +0200] "GET /items/J145669682/ HTTP/1.1" 200 2 "-" "meta-externalagent/1.1 (+https://developers.facebook.com/docs/sharing/webmasters/crawler)"
52.167.144.213 - - [29/Apr/2026:00:51:57 +0200] "GET /prolongecfo.xml HTTP/1.1" 200 370109 "-" "Mozilla/5.0 AppleWebKit/537.36 (KHTML, like Gecko; compatible; bingbot/2.0; +http://www.bing.com/bingbot.htm) Chrome/116.0.1938.76 Safari/537.36"
57.141.20.53 - - [29/Apr/2026:00:50:39 +0200] "GET /items/J146276023/ HTTP/1.1" 200 2 "-" "meta-externalagent/1.1 (+https://developers.facebook.com/docs/sharing/webmasters/crawler)"
57.141.20.67 - - [29/Apr/2026:00:50:39 +0200] "GET /items/J143311048/ HTTP/1.1" 200 2 "-" "meta-externalagent/1.1 (+https://developers.facebook.com/docs/sharing/webmasters/crawler)"
57.141.20.33 - - [29/Apr/2026:00:50:45 +0200] "GET /items/J142770684/ HTTP/1.1" 200 2 "-" "meta-externalagent/1.1 (+https://developers.facebook.com/docs/sharing/webmasters/crawler)"
57.141.20.35 - - [29/Apr/2026:00:50:47 +0200] "GET /items/J141178065/ HTTP/1.1" 200 2 "-" "meta-externalagent/1.1 (+https://developers.facebook.com/docs/sharing/webmasters/crawler)"
57.141.20.60 - - [29/Apr/2026:00:50:49 +0200] "GET /items/J141586189/ HTTP/1.1" 200 2 "-" "meta-externalagent/1.1 (+https://developers.facebook.com/docs/sharing/webmasters/crawler)"
57.141.20.42 - - [29/Apr/2026:00:50:51 +0200] "GET /items/J147248250/ HTTP/1.1" 200 2 "-" "meta-externalagent/1.1 (+https://developers.facebook.com/docs/sharing/webmasters/crawler)"
57.141.20.12 - - [29/Apr/2026:00:50:55 +0200] "GET /items/J142663090/ HTTP/1.1" 200 2 "-" "meta-externalagent/1.1 (+https://developers.facebook.com/docs/sharing/webmasters/crawler)"
57.141.20.52 - - [29/Apr/2026:00:50:57 +0200] "GET /items/J142231096/ HTTP/1.1" 200 2 "-" "meta-externalagent/1.1 (+https://developers.facebook.com/docs/sharing/webmasters/crawler)"
207.46.13.116 - - [29/Apr/2026:00:50:59 +0200] "GET /lethargypyf.xml HTTP/1.1" 200 370109 "-" "Mozilla/5.0 AppleWebKit/537.36 (KHTML, like Gecko; compatible; bingbot/2.0; +http://www.bing.com/bingbot.htm) Chrome/116.0.1938.76 Safari/537.36"
57.141.20.29 - - [29/Apr/2026:00:51:00 +0200] "GET /items/J146284658/ HTTP/1.1" 200 2 "-" "meta-externalagent/1.1 (+https://developers.facebook.com/docs/sharing/webmasters/crawler)"
57.141.20.47 - - [29/Apr/2026:00:51:06 +0200] "GET /items/J146100238/ HTTP/1.1" 200 2 "-" "meta-externalagent/1.1 (+https://developers.facebook.com/docs/sharing/webmasters/crawler)"
57.141.20.30 - - [29/Apr/2026:00:51:06 +0200] "GET /items/J147133010/ HTTP/1.1" 200 2 "-" "meta-externalagent/1.1 (+https://developers.facebook.com/docs/sharing/webmasters/crawler)"
57.141.20.31 - - [29/Apr/2026:00:51:11 +0200] "GET /items/J147014780/ HTTP/1.1" 200 2 "-" "meta-externalagent/1.1 (+https://developers.facebook.com/docs/sharing/webmasters/crawler)"
57.141.20.18 - - [29/Apr/2026:00:51:12 +0200] "GET /items/J141639092/ HTTP/1.1" 200 2 "-" "meta-externalagent/1.1 (+https://developers.facebook.com/docs/sharing/webmasters/crawler)"
57.141.20.63 - - [29/Apr/2026:00:51:24 +0200] "GET /items/J147198865/ HTTP/1.1" 200 2 "-" "meta-externalagent/1.1 (+https://developers.facebook.com/docs/sharing/webmasters/crawler)"
57.141.20.28 - - [29/Apr/2026:00:51:30 +0200] "GET /items/J147504598/ HTTP/1.1" 200 2 "-" "meta-externalagent/1.1 (+https://developers.facebook.com/docs/sharing/webmasters/crawler)"
66.249.77.8 - - [29/Apr/2026:00:51:34 +0200] "GET /items/E106287437/ HTTP/1.1" 200 186196 "-" "Mozilla/5.0 (Linux; Android 6.0.1; Nexus 5X Build/MMB29P) AppleWebKit/537.36 (KHTML, like Gecko) Chrome/147.0.7727.116 Mobile Safari/537.36 (compatible; Googlebot/2.1; +http://www.google.com/bot.html)"
66.249.77.8 - - [29/Apr/2026:00:51:35 +0200] "GET /items/B647834820/ HTTP/1.1" 200 180291 "-" "Mozilla/5.0 (compatible; Googlebot/2.1; +http://www.google.com/bot.html)"
57.141.20.41 - - [29/Apr/2026:00:51:36 +0200] "GET /items/J146853983/ HTTP/1.1" 200 2 "-" "meta-externalagent/1.1 (+https://developers.facebook.com/docs/sharing/webmasters/crawler)"
57.141.20.16 - - [29/Apr/2026:00:51:53 +0200] "GET /items/J142575457/ HTTP/1.1" 200 2 "-" "meta-externalagent/1.1 (+https://developers.facebook.com/docs/sharing/webmasters/crawler)"
157.55.39.56 - - [29/Apr/2026:00:52:00 +0200] "GET /items/G402049867/ HTTP/1.1" 200 186950 "-" "Mozilla/5.0 AppleWebKit/537.36 (KHTML, like Gecko; compatible; bingbot/2.0; +http://www.bing.com/bingbot.htm) Chrome/116.0.1938.76 Safari/537.36"
57.141.20.47 - - [29/Apr/2026:00:51:57 +0200] "GET /items/J144750332/ HTTP/1.1" 200 2 "-" "meta-externalagent/1.1 (+https://developers.facebook.com/docs/sharing/webmasters/crawler)"
57.141.20.57 - - [29/Apr/2026:00:51:58 +0200] "GET /items/J142293478/ HTTP/1.1" 200 2 "-" "meta-externalagent/1.1 (+https://developers.facebook.com/docs/sharing/webmasters/crawler)"
66.249.77.9 - - [29/Apr/2026:00:52:02 +0200] "GET /items/M654594960/ HTTP/1.1" 200 178324 "-" "Mozilla/5.0 (Linux; Android 6.0.1; Nexus 5X Build/MMB29P) AppleWebKit/537.36 (KHTML, like Gecko) Chrome/147.0.7727.116 Mobile Safari/537.36 (compatible; GoogleOther)"
57.141.20.6 - - [29/Apr/2026:00:52:07 +0200] "GET /items/J145122336/ HTTP/1.1" 200 2 "-" "meta-externalagent/1.1 (+https://developers.facebook.com/docs/sharing/webmasters/crawler)"
66.249.77.9 - - [29/Apr/2026:00:52:12 +0200] "GET /items/H736177769/ HTTP/1.1" 200 194053 "-" "Mozilla/5.0 (Linux; Android 6.0.1; Nexus 5X Build/MMB29P) AppleWebKit/537.36 (KHTML, like Gecko) Chrome/147.0.7727.116 Mobile Safari/537.36 (compatible; GoogleOther)"
57.141.20.33 - - [29/Apr/2026:00:52:14 +0200] "GET /items/J142673985/ HTTP/1.1" 200 2 "-" "meta-externalagent/1.1 (+https://developers.facebook.com/docs/sharing/webmasters/crawler)"
57.141.20.45 - - [29/Apr/2026:00:52:39 +0200] "GET /items/J145488258/ HTTP/1.1" 200 2 "-" "meta-externalagent/1.1 (+https://developers.facebook.com/docs/sharing/webmasters/crawler)"
66.249.77.8 - - [29/Apr/2026:00:52:44 +0200] "GET /items/V151149879/ HTTP/1.1" 200 184192 "-" "Mozilla/5.0 (Linux; Android 6.0.1; Nexus 5X Build/MMB29P) AppleWebKit/537.36 (KHTML, like Gecko) Chrome/147.0.7727.116 Mobile Safari/537.36 (compatible; Googlebot/2.1; +http://www.google.com/bot.html)"
57.141.20.3 - - [29/Apr/2026:00:52:49 +0200] "GET /items/J147357856/ HTTP/1.1" 200 2 "-" "meta-externalagent/1.1 (+https://developers.facebook.com/docs/sharing/webmasters/crawler)"
66.249.77.8 - - [29/Apr/2026:00:52:55 +0200] "GET /items/L764668146/ HTTP/1.1" 200 183630 "-" "Mozilla/5.0 (Linux; Android 6.0.1; Nexus 5X Build/MMB29P) AppleWebKit/537.36 (KHTML, like Gecko) Chrome/147.0.7727.116 Mobile Safari/537.36 (compatible; Googlebot/2.1; +http://www.google.com/bot.html)"
57.141.20.37 - - [29/Apr/2026:00:53:02 +0200] "GET /items/J146647542/ HTTP/1.1" 200 2 "-" "meta-externalagent/1.1 (+https://developers.facebook.com/docs/sharing/webmasters/crawler)"
57.141.20.57 - - [29/Apr/2026:00:53:10 +0200] "GET /items/J143269424/ HTTP/1.1" 200 2 "-" "meta-externalagent/1.1 (+https://developers.facebook.com/docs/sharing/webmasters/crawler)"
57.141.20.1 - - [29/Apr/2026:00:53:32 +0200] "GET /items/J141411323/ HTTP/1.1" 200 2 "-" "meta-externalagent/1.1 (+https://developers.facebook.com/docs/sharing/webmasters/crawler)"
57.141.20.4 - - [29/Apr/2026:00:53:41 +0200] "GET /items/J143536347/ HTTP/1.1" 200 2 "-" "meta-externalagent/1.1 (+https://developers.facebook.com/docs/sharing/webmasters/crawler)"
57.141.20.67 - - [29/Apr/2026:00:54:00 +0200] "GET /items/J141795617/ HTTP/1.1" 200 2 "-" "meta-externalagent/1.1 (+https://developers.facebook.com/docs/sharing/webmasters/crawler)"
66.249.77.8 - - [29/Apr/2026:00:54:02 +0200] "GET /items/Z331064354/ HTTP/1.1" 200 185550 "-" "Mozilla/5.0 (Linux; Android 6.0.1; Nexus 5X Build/MMB29P) AppleWebKit/537.36 (KHTML, like Gecko) Chrome/147.0.7727.116 Mobile Safari/537.36 (compatible; Googlebot/2.1; +http://www.google.com/bot.html)"
57.141.20.8 - - [29/Apr/2026:00:54:03 +0200] "GET /items/J145309051/ HTTP/1.1" 200 2 "-" "meta-externalagent/1.1 (+https://developers.facebook.com/docs/sharing/webmasters/crawler)"
57.141.20.1 - - [29/Apr/2026:00:54:06 +0200] "GET /items/J141067134/ HTTP/1.1" 200 2 "-" "meta-externalagent/1.1 (+https://developers.facebook.com/docs/sharing/webmasters/crawler)"
57.141.20.29 - - [29/Apr/2026:00:54:17 +0200] "GET /items/J143782682/ HTTP/1.1" 200 2 "-" "meta-externalagent/1.1 (+https://developers.facebook.com/docs/sharing/webmasters/crawler)"
57.141.20.34 - - [29/Apr/2026:00:52:19 +0200] "GET /items/J141485999/ HTTP/1.1" 200 2 "-" "meta-externalagent/1.1 (+https://developers.facebook.com/docs/sharing/webmasters/crawler)"
57.141.20.20 - - [29/Apr/2026:00:52:26 +0200] "GET /items/J146544858/ HTTP/1.1" 200 2 "-" "meta-externalagent/1.1 (+https://developers.facebook.com/docs/sharing/webmasters/crawler)"
57.141.20.69 - - [29/Apr/2026:00:52:39 +0200] "GET /items/J144925662/ HTTP/1.1" 200 2 "-" "meta-externalagent/1.1 (+https://developers.facebook.com/docs/sharing/webmasters/crawler)"
57.141.20.42 - - [29/Apr/2026:00:52:48 +0200] "GET /items/J145867293/ HTTP/1.1" 200 2 "-" "meta-externalagent/1.1 (+https://developers.facebook.com/docs/sharing/webmasters/crawler)"
57.141.20.14 - - [29/Apr/2026:00:53:11 +0200] "GET /items/J143281952/ HTTP/1.1" 200 2 "-" "meta-externalagent/1.1 (+https://developers.facebook.com/docs/sharing/webmasters/crawler)"
57.141.20.10 - - [29/Apr/2026:00:53:15 +0200] "GET /items/J142745629/ HTTP/1.1" 200 2 "-" "meta-externalagent/1.1 (+https://developers.facebook.com/docs/sharing/webmasters/crawler)"
57.141.20.16 - - [29/Apr/2026:00:53:20 +0200] "GET /items/J145595062/ HTTP/1.1" 200 2 "-" "meta-externalagent/1.1 (+https://developers.facebook.com/docs/sharing/webmasters/crawler)"
57.141.20.64 - - [29/Apr/2026:00:53:29 +0200] "GET /items/J143789332/ HTTP/1.1" 200 2 "-" "meta-externalagent/1.1 (+https://developers.facebook.com/docs/sharing/webmasters/crawler)"
66.249.77.8 - - [29/Apr/2026:00:53:33 +0200] "GET /items/T694883283/ HTTP/1.1" 200 182936 "-" "Mozilla/5.0 (Linux; Android 6.0.1; Nexus 5X Build/MMB29P) AppleWebKit/537.36 (KHTML, like Gecko) Chrome/147.0.7727.116 Mobile Safari/537.36 (compatible; Googlebot/2.1; +http://www.google.com/bot.html)"
66.249.77.8 - - [29/Apr/2026:00:53:38 +0200] "GET /items/O751132767/ HTTP/1.1" 200 194173 "-" "Mozilla/5.0 (Linux; Android 6.0.1; Nexus 5X Build/MMB29P) AppleWebKit/537.36 (KHTML, like Gecko) Chrome/147.0.7727.116 Mobile Safari/537.36 (compatible; GoogleOther)"
57.141.20.53 - - [29/Apr/2026:00:53:40 +0200] "GET /items/J144434473/ HTTP/1.1" 200 2 "-" "meta-externalagent/1.1 (+https://developers.facebook.com/docs/sharing/webmasters/crawler)"
57.141.20.56 - - [29/Apr/2026:00:53:45 +0200] "GET /items/J142084116/ HTTP/1.1" 200 2 "-" "meta-externalagent/1.1 (+https://developers.facebook.com/docs/sharing/webmasters/crawler)"
52.167.144.159 - - [29/Apr/2026:00:53:47 +0200] "GET /items/R182547675/ HTTP/1.1" 200 176748 "-" "Mozilla/5.0 AppleWebKit/537.36 (KHTML, like Gecko; compatible; bingbot/2.0; +http://www.bing.com/bingbot.htm) Chrome/116.0.1938.76 Safari/537.36"
57.141.20.30 - - [29/Apr/2026:00:53:49 +0200] "GET /items/J147704769/ HTTP/1.1" 200 2 "-" "meta-externalagent/1.1 (+https://developers.facebook.com/docs/sharing/webmasters/crawler)"
57.141.20.69 - - [29/Apr/2026:00:53:53 +0200] "GET /items/J142558918/ HTTP/1.1" 200 2 "-" "meta-externalagent/1.1 (+https://developers.facebook.com/docs/sharing/webmasters/crawler)"
57.141.20.70 - - [29/Apr/2026:00:53:56 +0200] "GET /items/J144726063/ HTTP/1.1" 200 2 "-" "meta-externalagent/1.1 (+https://developers.facebook.com/docs/sharing/webmasters/crawler)"
66.249.77.8 - - [29/Apr/2026:00:53:59 +0200] "GET /items/E691535440/ HTTP/1.1" 200 185436 "-" "Mozilla/5.0 (Linux; Android 6.0.1; Nexus 5X Build/MMB29P) AppleWebKit/537.36 (KHTML, like Gecko) Chrome/147.0.7727.116 Mobile Safari/537.36 (compatible; Googlebot/2.1; +http://www.google.com/bot.html)"
66.249.77.8 - - [29/Apr/2026:00:54:09 +0200] "GET /items/S817756652/ HTTP/1.1" 200 177251 "-" "Mozilla/5.0 (compatible; Googlebot/2.1; +http://www.google.com/bot.html)"
57.141.20.37 - - [29/Apr/2026:00:54:16 +0200] "GET /items/J141421737/ HTTP/1.1" 200 2 "-" "meta-externalagent/1.1 (+https://developers.facebook.com/docs/sharing/webmasters/crawler)"
57.141.20.26 - - [29/Apr/2026:00:54:22 +0200] "GET /items/J141934011/ HTTP/1.1" 200 2 "-" "meta-externalagent/1.1 (+https://developers.facebook.com/docs/sharing/webmasters/crawler)"
59.136.128.166 - - [29/Apr/2026:00:52:07 +0200] "GET /items/V613594181/ HTTP/1.1" 200 182360 "https://search.yahoo.co.jp/" "Mozilla/5.0 (iPhone; CPU iPhone OS 26_3_1 like Mac OS X) AppleWebKit/605.1.15 (KHTML, like Gecko) Mobile/15E148 Version/26.3.1 YJApp-IOS jp.co.yahoo.ipn.appli/4.162.0"
57.141.20.52 - - [29/Apr/2026:00:52:10 +0200] "GET /items/J144159296/ HTTP/1.1" 200 2 "-" "meta-externalagent/1.1 (+https://developers.facebook.com/docs/sharing/webmasters/crawler)"
57.141.20.4 - - [29/Apr/2026:00:52:10 +0200] "GET /items/J146058851/ HTTP/1.1" 200 2 "-" "meta-externalagent/1.1 (+https://developers.facebook.com/docs/sharing/webmasters/crawler)"
57.141.20.45 - - [29/Apr/2026:00:52:27 +0200] "GET /items/J146828047/ HTTP/1.1" 200 2 "-" "meta-externalagent/1.1 (+https://developers.facebook.com/docs/sharing/webmasters/crawler)"
57.141.20.30 - - [29/Apr/2026:00:52:35 +0200] "GET /items/J145682699/ HTTP/1.1" 200 2 "-" "meta-externalagent/1.1 (+https://developers.facebook.com/docs/sharing/webmasters/crawler)"
57.141.20.16 - - [29/Apr/2026:00:52:54 +0200] "GET /items/J141429982/ HTTP/1.1" 200 2 "-" "meta-externalagent/1.1 (+https://developers.facebook.com/docs/sharing/webmasters/crawler)"
66.249.77.10 - - [29/Apr/2026:00:53:00 +0200] "GET /items/E691535440/ HTTP/1.1" 200 185436 "-" "Mozilla/5.0 (Linux; Android 6.0.1; Nexus 5X Build/MMB29P) AppleWebKit/537.36 (KHTML, like Gecko) Chrome/147.0.7727.116 Mobile Safari/537.36 (compatible; GoogleOther)"
57.141.20.4 - - [29/Apr/2026:00:53:01 +0200] "GET /items/J142286926/ HTTP/1.1" 200 2 "-" "meta-externalagent/1.1 (+https://developers.facebook.com/docs/sharing/webmasters/crawler)"
66.249.77.8 - - [29/Apr/2026:00:53:19 +0200] "GET /items/Q854187890/ HTTP/1.1" 200 195888 "-" "Mozilla/5.0 (compatible; Googlebot/2.1; +http://www.google.com/bot.html)"
66.249.77.8 - - [29/Apr/2026:00:53:24 +0200] "GET /items/E626665714/ HTTP/1.1" 200 192147 "-" "Mozilla/5.0 (Linux; Android 6.0.1; Nexus 5X Build/MMB29P) AppleWebKit/537.36 (KHTML, like Gecko) Chrome/147.0.7727.116 Mobile Safari/537.36 (compatible; Googlebot/2.1; +http://www.google.com/bot.html)"
57.141.20.8 - - [29/Apr/2026:00:53:27 +0200] "GET /items/J145938032/ HTTP/1.1" 200 2 "-" "meta-externalagent/1.1 (+https://developers.facebook.com/docs/sharing/webmasters/crawler)"
66.249.77.8 - - [29/Apr/2026:00:53:42 +0200] "GET /items/S686865835/ HTTP/1.1" 200 197178 "-" "Mozilla/5.0 (Linux; Android 6.0.1; Nexus 5X Build/MMB29P) AppleWebKit/537.36 (KHTML, like Gecko) Chrome/147.0.7727.116 Mobile Safari/537.36 (compatible; GoogleOther)"
57.141.20.3 - - [29/Apr/2026:00:54:09 +0200] "GET /items/J147814849/ HTTP/1.1" 200 2 "-" "meta-externalagent/1.1 (+https://developers.facebook.com/docs/sharing/webmasters/crawler)"
57.141.20.12 - - [29/Apr/2026:00:54:19 +0200] "GET /items/J143988483/ HTTP/1.1" 200 2 "-" "meta-externalagent/1.1 (+https://developers.facebook.com/docs/sharing/webmasters/crawler)"
52.167.144.213 - - [29/Apr/2026:00:54:20 +0200] "GET /items/J144156029/ HTTP/1.1" 200 179356 "-" "Mozilla/5.0 AppleWebKit/537.36 (KHTML, like Gecko; compatible; bingbot/2.0; +http://www.bing.com/bingbot.htm) Chrome/116.0.1938.76 Safari/537.36"
52.167.144.213 - - [29/Apr/2026:00:54:21 +0200] "GET /products/615665744655 HTTP/1.1" 200 202252 "-" "Mozilla/5.0 AppleWebKit/537.36 (KHTML, like Gecko; compatible; bingbot/2.0; +http://www.bing.com/bingbot.htm) Chrome/116.0.1938.76 Safari/537.36"
57.141.20.38 - - [29/Apr/2026:00:54:25 +0200] "GET /items/J144667018/ HTTP/1.1" 200 2 "-" "meta-externalagent/1.1 (+https://developers.facebook.com/docs/sharing/webmasters/crawler)"
207.46.13.116 - - [29/Apr/2026:00:54:33 +0200] "GET /products/171913109031 HTTP/1.1" 200 186092 "-" "Mozilla/5.0 AppleWebKit/537.36 (KHTML, like Gecko; compatible; bingbot/2.0; +http://www.bing.com/bingbot.htm) Chrome/116.0.1938.76 Safari/537.36"
40.77.167.36 - - [29/Apr/2026:00:54:37 +0200] "GET /products/115680924733 HTTP/1.1" 200 190276 "-" "Mozilla/5.0 AppleWebKit/537.36 (KHTML, like Gecko; compatible; bingbot/2.0; +http://www.bing.com/bingbot.htm) Chrome/116.0.1938.76 Safari/537.36"
57.141.20.13 - - [29/Apr/2026:00:54:39 +0200] "GET /items/J147445341/ HTTP/1.1" 200 2 "-" "meta-externalagent/1.1 (+https://developers.facebook.com/docs/sharing/webmasters/crawler)"
57.141.20.2 - - [29/Apr/2026:00:54:43 +0200] "GET /items/J145897471/ HTTP/1.1" 200 2 "-" "meta-externalagent/1.1 (+https://developers.facebook.com/docs/sharing/webmasters/crawler)"
52.167.144.213 - - [29/Apr/2026:00:54:43 +0200] "GET /products/610981607227 HTTP/1.1" 200 189670 "-" "Mozilla/5.0 AppleWebKit/537.36 (KHTML, like Gecko; compatible; bingbot/2.0; +http://www.bing.com/bingbot.htm) Chrome/116.0.1938.76 Safari/537.36"
52.167.144.213 - - [29/Apr/2026:00:54:44 +0200] "GET /products/663426329545 HTTP/1.1" 200 183341 "-" "Mozilla/5.0 AppleWebKit/537.36 (KHTML, like Gecko; compatible; bingbot/2.0; +http://www.bing.com/bingbot.htm) Chrome/116.0.1938.76 Safari/537.36"
52.167.144.213 - - [29/Apr/2026:00:54:45 +0200] "GET /products/58908123655 HTTP/1.1" 200 187328 "-" "Mozilla/5.0 AppleWebKit/537.36 (KHTML, like Gecko; compatible; bingbot/2.0; +http://www.bing.com/bingbot.htm) Chrome/116.0.1938.76 Safari/537.36"
52.167.144.213 - - [29/Apr/2026:00:54:46 +0200] "GET /products/209823371217 HTTP/1.1" 200 187232 "-" "Mozilla/5.0 AppleWebKit/537.36 (KHTML, like Gecko; compatible; bingbot/2.0; +http://www.bing.com/bingbot.htm) Chrome/116.0.1938.76 Safari/537.36"
57.141.20.52 - - [29/Apr/2026:00:54:47 +0200] "GET /items/J142513784/ HTTP/1.1" 200 2 "-" "meta-externalagent/1.1 (+https://developers.facebook.com/docs/sharing/webmasters/crawler)"
52.167.144.213 - - [29/Apr/2026:00:54:46 +0200] "GET /products/474735110472 HTTP/1.1" 200 199611 "-" "Mozilla/5.0 AppleWebKit/537.36 (KHTML, like Gecko; compatible; bingbot/2.0; +http://www.bing.com/bingbot.htm) Chrome/116.0.1938.76 Safari/537.36"
57.141.20.38 - - [29/Apr/2026:00:54:49 +0200] "GET /items/J141807056/ HTTP/1.1" 200 2 "-" "meta-externalagent/1.1 (+https://developers.facebook.com/docs/sharing/webmasters/crawler)"
66.249.77.8 - - [29/Apr/2026:00:54:49 +0200] "GET /items/S686865835/ HTTP/1.1" 200 197178 "-" "Mozilla/5.0 (Linux; Android 6.0.1; Nexus 5X Build/MMB29P) AppleWebKit/537.36 (KHTML, like Gecko) Chrome/147.0.7727.116 Mobile Safari/537.36 (compatible; Googlebot/2.1; +http://www.google.com/bot.html)"
57.141.20.60 - - [29/Apr/2026:00:54:52 +0200] "GET /items/J147407901/ HTTP/1.1" 200 2 "-" "meta-externalagent/1.1 (+https://developers.facebook.com/docs/sharing/webmasters/crawler)"
52.167.144.213 - - [29/Apr/2026:00:54:52 +0200] "GET /products/360607477449 HTTP/1.1" 200 187948 "-" "Mozilla/5.0 AppleWebKit/537.36 (KHTML, like Gecko; compatible; bingbot/2.0; +http://www.bing.com/bingbot.htm) Chrome/116.0.1938.76 Safari/537.36"
66.249.77.8 - - [29/Apr/2026:00:54:52 +0200] "GET /items/E933235822/ HTTP/1.1" 200 182069 "-" "Mozilla/5.0 (Linux; Android 6.0.1; Nexus 5X Build/MMB29P) AppleWebKit/537.36 (KHTML, like Gecko) Chrome/147.0.7727.116 Mobile Safari/537.36 (compatible; Googlebot/2.1; +http://www.google.com/bot.html)"
52.167.144.213 - - [29/Apr/2026:00:54:54 +0200] "GET /products/10892700634 HTTP/1.1" 200 189897 "-" "Mozilla/5.0 AppleWebKit/537.36 (KHTML, like Gecko; compatible; bingbot/2.0; +http://www.bing.com/bingbot.htm) Chrome/116.0.1938.76 Safari/537.36"
207.46.13.116 - - [29/Apr/2026:00:54:56 +0200] "GET /products/654712628483 HTTP/1.1" 200 186017 "-" "Mozilla/5.0 AppleWebKit/537.36 (KHTML, like Gecko; compatible; bingbot/2.0; +http://www.bing.com/bingbot.htm) Chrome/116.0.1938.76 Safari/537.36"
216.73.217.21 - - [29/Apr/2026:00:54:57 +0200] "GET /items/J145658128/ HTTP/1.1" 200 2 "-" "Mozilla/5.0 AppleWebKit/537.36 (KHTML, like Gecko; compatible; ClaudeBot/1.0; +claudebot@anthropic.com)"
216.73.217.21 - - [29/Apr/2026:00:54:57 +0200] "GET /items/J145422932/ HTTP/1.1" 200 2 "-" "Mozilla/5.0 AppleWebKit/537.36 (KHTML, like Gecko; compatible; ClaudeBot/1.0; +claudebot@anthropic.com)"
52.167.144.213 - - [29/Apr/2026:00:54:23 +0200] "GET /products/444910122797 HTTP/1.1" 200 190423 "-" "Mozilla/5.0 AppleWebKit/537.36 (KHTML, like Gecko; compatible; bingbot/2.0; +http://www.bing.com/bingbot.htm) Chrome/116.0.1938.76 Safari/537.36"
40.77.167.36 - - [29/Apr/2026:00:54:24 +0200] "GET /products/83410423809 HTTP/1.1" 200 185818 "-" "Mozilla/5.0 AppleWebKit/537.36 (KHTML, like Gecko; compatible; bingbot/2.0; +http://www.bing.com/bingbot.htm) Chrome/116.0.1938.76 Safari/537.36"
57.141.20.60 - - [29/Apr/2026:00:54:28 +0200] "GET /items/J146582958/ HTTP/1.1" 200 2 "-" "meta-externalagent/1.1 (+https://developers.facebook.com/docs/sharing/webmasters/crawler)"
57.141.20.41 - - [29/Apr/2026:00:54:31 +0200] "GET /items/J145943303/ HTTP/1.1" 200 2 "-" "meta-externalagent/1.1 (+https://developers.facebook.com/docs/sharing/webmasters/crawler)"
207.46.13.116 - - [29/Apr/2026:00:54:36 +0200] "GET /products/353836966809 HTTP/1.1" 200 188942 "-" "Mozilla/5.0 AppleWebKit/537.36 (KHTML, like Gecko; compatible; bingbot/2.0; +http://www.bing.com/bingbot.htm) Chrome/116.0.1938.76 Safari/537.36"
57.141.20.16 - - [29/Apr/2026:00:54:37 +0200] "GET /items/J142449961/ HTTP/1.1" 200 2 "-" "meta-externalagent/1.1 (+https://developers.facebook.com/docs/sharing/webmasters/crawler)"
207.46.13.116 - - [29/Apr/2026:00:54:37 +0200] "GET /products/141933162228 HTTP/1.1" 200 189674 "-" "Mozilla/5.0 AppleWebKit/537.36 (KHTML, like Gecko; compatible; bingbot/2.0; +http://www.bing.com/bingbot.htm) Chrome/116.0.1938.76 Safari/537.36"
57.141.20.14 - - [29/Apr/2026:00:54:39 +0200] "GET /items/J146251841/ HTTP/1.1" 200 2 "-" "meta-externalagent/1.1 (+https://developers.facebook.com/docs/sharing/webmasters/crawler)"
207.46.13.116 - - [29/Apr/2026:00:54:42 +0200] "GET /products/152345519248 HTTP/1.1" 200 189071 "-" "Mozilla/5.0 AppleWebKit/537.36 (KHTML, like Gecko; compatible; bingbot/2.0; +http://www.bing.com/bingbot.htm) Chrome/116.0.1938.76 Safari/537.36"
52.167.144.213 - - [29/Apr/2026:00:54:51 +0200] "GET /products/429459682806 HTTP/1.1" 200 192156 "-" "Mozilla/5.0 AppleWebKit/537.36 (KHTML, like Gecko; compatible; bingbot/2.0; +http://www.bing.com/bingbot.htm) Chrome/116.0.1938.76 Safari/537.36"
40.77.167.36 - - [29/Apr/2026:00:54:54 +0200] "GET /products/342414515038 HTTP/1.1" 200 199672 "-" "Mozilla/5.0 AppleWebKit/537.36 (KHTML, like Gecko; compatible; bingbot/2.0; +http://www.bing.com/bingbot.htm) Chrome/116.0.1938.76 Safari/537.36"
57.141.20.21 - - [29/Apr/2026:00:54:56 +0200] "GET /items/J147636862/ HTTP/1.1" 200 2 "-" "meta-externalagent/1.1 (+https://developers.facebook.com/docs/sharing/webmasters/crawler)"
66.249.77.8 - - [29/Apr/2026:00:54:55 +0200] "GET /items/W392723802/ HTTP/1.1" 200 178181 "-" "Mozilla/5.0 (Linux; Android 6.0.1; Nexus 5X Build/MMB29P) AppleWebKit/537.36 (KHTML, like Gecko) Chrome/147.0.7727.116 Mobile Safari/537.36 (compatible; Googlebot/2.1; +http://www.google.com/bot.html)"
207.46.13.116 - - [29/Apr/2026:00:54:59 +0200] "GET /products/218773379955 HTTP/1.1" 200 191264 "-" "Mozilla/5.0 AppleWebKit/537.36 (KHTML, like Gecko; compatible; bingbot/2.0; +http://www.bing.com/bingbot.htm) Chrome/116.0.1938.76 Safari/537.36"
66.249.77.8 - - [29/Apr/2026:00:55:01 +0200] "GET /items/W763317632/ HTTP/1.1" 200 189356 "-" "Mozilla/5.0 (Linux; Android 6.0.1; Nexus 5X Build/MMB29P) AppleWebKit/537.36 (KHTML, like Gecko) Chrome/147.0.7727.116 Mobile Safari/537.36 (compatible; Googlebot/2.1; +http://www.google.com/bot.html)"
40.77.167.36 - - [29/Apr/2026:00:55:05 +0200] "GET /products/41196421640 HTTP/1.1" 200 187817 "-" "Mozilla/5.0 AppleWebKit/537.36 (KHTML, like Gecko; compatible; bingbot/2.0; +http://www.bing.com/bingbot.htm) Chrome/116.0.1938.76 Safari/537.36"
40.77.167.36 - - [29/Apr/2026:00:55:06 +0200] "GET /items/J141544109/ HTTP/1.1" 200 182625 "-" "Mozilla/5.0 AppleWebKit/537.36 (KHTML, like Gecko; compatible; bingbot/2.0; +http://www.bing.com/bingbot.htm) Chrome/116.0.1938.76 Safari/537.36"
52.167.144.213 - - [29/Apr/2026:00:54:22 +0200] "GET /products/397764699404 HTTP/1.1" 200 185665 "-" "Mozilla/5.0 AppleWebKit/537.36 (KHTML, like Gecko; compatible; bingbot/2.0; +http://www.bing.com/bingbot.htm) Chrome/116.0.1938.76 Safari/537.36"
40.77.167.59 - - [29/Apr/2026:00:54:30 +0200] "GET /items/N223904419/ HTTP/1.1" 200 200736 "-" "Mozilla/5.0 AppleWebKit/537.36 (KHTML, like Gecko; compatible; bingbot/2.0; +http://www.bing.com/bingbot.htm) Chrome/116.0.1938.76 Safari/537.36"
207.46.13.116 - - [29/Apr/2026:00:54:34 +0200] "GET /items/J142960182/ HTTP/1.1" 200 183353 "-" "Mozilla/5.0 AppleWebKit/537.36 (KHTML, like Gecko; compatible; bingbot/2.0; +http://www.bing.com/bingbot.htm) Chrome/116.0.1938.76 Safari/537.36"
40.77.167.36 - - [29/Apr/2026:00:54:38 +0200] "GET /products/99373592242 HTTP/1.1" 200 190100 "-" "Mozilla/5.0 AppleWebKit/537.36 (KHTML, like Gecko; compatible; bingbot/2.0; +http://www.bing.com/bingbot.htm) Chrome/116.0.1938.76 Safari/537.36"
40.77.167.36 - - [29/Apr/2026:00:54:39 +0200] "GET /products/462727546988 HTTP/1.1" 200 198100 "-" "Mozilla/5.0 AppleWebKit/537.36 (KHTML, like Gecko; compatible; bingbot/2.0; +http://www.bing.com/bingbot.htm) Chrome/116.0.1938.76 Safari/537.36"
52.167.144.213 - - [29/Apr/2026:00:54:53 +0200] "GET /products/425355663780 HTTP/1.1" 200 186438 "-" "Mozilla/5.0 AppleWebKit/537.36 (KHTML, like Gecko; compatible; bingbot/2.0; +http://www.bing.com/bingbot.htm) Chrome/116.0.1938.76 Safari/537.36"
66.249.77.8 - - [29/Apr/2026:00:54:53 +0200] "GET /items/A785253125/ HTTP/1.1" 200 181395 "-" "Mozilla/5.0 (compatible; Googlebot/2.1; +http://www.google.com/bot.html)"
52.167.144.213 - - [29/Apr/2026:00:54:55 +0200] "GET /products/601290689330 HTTP/1.1" 200 187950 "-" "Mozilla/5.0 AppleWebKit/537.36 (KHTML, like Gecko; compatible; bingbot/2.0; +http://www.bing.com/bingbot.htm) Chrome/116.0.1938.76 Safari/537.36"
