192.178.4.96 - - [29/Apr/2026:01:10:06 +0200] "GET /detail/446458698 HTTP/1.1" 200 84311 "-" "Mozilla/5.0 (Linux; Android 6.0.1; Nexus 5X Build/MMB29P) AppleWebKit/537.36 (KHTML, like Gecko) Chrome/147.0.7727.116 Mobile Safari/537.36 (compatible; Googlebot/2.1; +http://www.google.com/bot.html)"
2a03:2880:f806:7:: - - [29/Apr/2026:01:10:12 +0200] "GET /items/S602432322/ HTTP/1.1" 200 0 "-" "meta-webindexer/1.1 (+https://developers.facebook.com/docs/sharing/webmasters/crawler)"
2a03:2880:f806:3d:: - - [29/Apr/2026:01:10:10 +0200] "GET /items/S602706350/ HTTP/1.1" 200 0 "-" "meta-webindexer/1.1 (+https://developers.facebook.com/docs/sharing/webmasters/crawler)"
66.249.64.128 - - [29/Apr/2026:01:09:53 +0200] "GET /detail/245585490 HTTP/1.1" 200 77691 "-" "Mozilla/5.0 (Linux; Android 6.0.1; Nexus 5X Build/MMB29P) AppleWebKit/537.36 (KHTML, like Gecko) Chrome/147.0.7727.116 Mobile Safari/537.36 (compatible; Googlebot/2.1; +http://www.google.com/bot.html)"
66.249.64.129 - - [29/Apr/2026:01:09:54 +0200] "GET /items/I314895354/ HTTP/1.1" 200 78026 "-" "Mozilla/5.0 (Linux; Android 6.0.1; Nexus 5X Build/MMB29P) AppleWebKit/537.36 (KHTML, like Gecko) Chrome/147.0.7727.116 Mobile Safari/537.36 (compatible; Googlebot/2.1; +http://www.google.com/bot.html)"
192.178.4.96 - - [29/Apr/2026:01:09:57 +0200] "GET /detail/349079401 HTTP/1.1" 200 92114 "-" "Mozilla/5.0 (Linux; Android 6.0.1; Nexus 5X Build/MMB29P) AppleWebKit/537.36 (KHTML, like Gecko) Chrome/147.0.7727.116 Mobile Safari/537.36 (compatible; Googlebot/2.1; +http://www.google.com/bot.html)"
66.249.64.130 - - [29/Apr/2026:01:10:01 +0200] "GET /items/Q482481969/ HTTP/1.1" 200 81191 "-" "Mozilla/5.0 (Linux; Android 6.0.1; Nexus 5X Build/MMB29P) AppleWebKit/537.36 (KHTML, like Gecko) Chrome/147.0.7727.116 Mobile Safari/537.36 (compatible; Googlebot/2.1; +http://www.google.com/bot.html)"
2a03:2880:f806:c:: - - [29/Apr/2026:01:09:56 +0200] "GET /items/S603167086/ HTTP/1.1" 200 0 "-" "meta-webindexer/1.1 (+https://developers.facebook.com/docs/sharing/webmasters/crawler)"
2a03:2880:f806:49:: - - [29/Apr/2026:01:09:43 +0200] "GET /items/S603389633/ HTTP/1.1" 200 0 "-" "meta-webindexer/1.1 (+https://developers.facebook.com/docs/sharing/webmasters/crawler)"
2a03:2880:f806:23:: - - [29/Apr/2026:01:10:00 +0200] "GET /items/S603051457/ HTTP/1.1" 200 0 "-" "meta-webindexer/1.1 (+https://developers.facebook.com/docs/sharing/webmasters/crawler)"
2a03:2880:f806:1b:: - - [29/Apr/2026:01:10:05 +0200] "GET /items/S603763039/ HTTP/1.1" 200 0 "-" "meta-webindexer/1.1 (+https://developers.facebook.com/docs/sharing/webmasters/crawler)"
66.249.64.128 - - [29/Apr/2026:01:09:58 +0200] "GET /detail/563156109 HTTP/1.1" 200 72082 "-" "Mozilla/5.0 (Linux; Android 6.0.1; Nexus 5X Build/MMB29P) AppleWebKit/537.36 (KHTML, like Gecko) Chrome/147.0.7727.116 Mobile Safari/537.36 (compatible; Googlebot/2.1; +http://www.google.com/bot.html)"
192.178.4.96 - - [29/Apr/2026:01:09:59 +0200] "GET /detail/513845732 HTTP/1.1" 200 76175 "-" "Mozilla/5.0 (Linux; Android 6.0.1; Nexus 5X Build/MMB29P) AppleWebKit/537.36 (KHTML, like Gecko) Chrome/147.0.7727.116 Mobile Safari/537.36 (compatible; Googlebot/2.1; +http://www.google.com/bot.html)"
66.249.64.129 - - [29/Apr/2026:01:10:07 +0200] "GET /items/F526641003/ HTTP/1.1" 200 77137 "-" "Mozilla/5.0 (Linux; Android 6.0.1; Nexus 5X Build/MMB29P) AppleWebKit/537.36 (KHTML, like Gecko) Chrome/147.0.7727.116 Mobile Safari/537.36 (compatible; Googlebot/2.1; +http://www.google.com/bot.html)"
2a03:2880:f806:48:: - - [29/Apr/2026:01:10:06 +0200] "GET /items/S603112326/ HTTP/1.1" 200 0 "-" "meta-webindexer/1.1 (+https://developers.facebook.com/docs/sharing/webmasters/crawler)"
2a03:2880:f806:3e:: - - [29/Apr/2026:01:10:07 +0200] "GET /items/S602297396/ HTTP/1.1" 200 0 "-" "meta-webindexer/1.1 (+https://developers.facebook.com/docs/sharing/webmasters/crawler)"
66.249.64.128 - - [29/Apr/2026:01:10:07 +0200] "GET /items/Y924620972/ HTTP/1.1" 200 72103 "-" "Mozilla/5.0 (Linux; Android 6.0.1; Nexus 5X Build/MMB29P) AppleWebKit/537.36 (KHTML, like Gecko) Chrome/147.0.7727.116 Mobile Safari/537.36 (compatible; Googlebot/2.1; +http://www.google.com/bot.html)"
2a03:2880:f806:1:: - - [29/Apr/2026:01:10:12 +0200] "GET /items/S606205584/ HTTP/1.1" 200 0 "-" "meta-webindexer/1.1 (+https://developers.facebook.com/docs/sharing/webmasters/crawler)"
94.23.188.208 - - [29/Apr/2026:01:10:10 +0200] "GET /detail/333464959 HTTP/1.1" 200 0 "-" "Mozilla/5.0 (compatible; AhrefsBot/7.0; +http://ahrefs.com/robot/)"
52.167.144.213 - - [29/Apr/2026:01:09:51 +0200] "GET /freebankinggmp.xml HTTP/1.1" 200 13 "-" "Mozilla/5.0 AppleWebKit/537.36 (KHTML, like Gecko; compatible; bingbot/2.0; +http://www.bing.com/bingbot.htm) Chrome/116.0.1938.76 Safari/537.36"
66.249.64.128 - - [29/Apr/2026:01:10:02 +0200] "GET /items/M822900821/ HTTP/1.1" 200 87832 "-" "Mozilla/5.0 (Linux; Android 6.0.1; Nexus 5X Build/MMB29P) AppleWebKit/537.36 (KHTML, like Gecko) Chrome/147.0.7727.116 Mobile Safari/537.36 (compatible; Googlebot/2.1; +http://www.google.com/bot.html)"
66.249.64.128 - - [29/Apr/2026:01:09:44 +0200] "GET /items/X596991894/ HTTP/1.1" 200 0 "-" "Mozilla/5.0 (Linux; Android 6.0.1; Nexus 5X Build/MMB29P) AppleWebKit/537.36 (KHTML, like Gecko) Chrome/147.0.7727.116 Mobile Safari/537.36 (compatible; Googlebot/2.1; +http://www.google.com/bot.html)"
66.249.64.128 - - [29/Apr/2026:01:10:04 +0200] "GET /items/L487595160/ HTTP/1.1" 200 73951 "-" "Mozilla/5.0 (Linux; Android 6.0.1; Nexus 5X Build/MMB29P) AppleWebKit/537.36 (KHTML, like Gecko) Chrome/147.0.7727.116 Mobile Safari/537.36 (compatible; Googlebot/2.1; +http://www.google.com/bot.html)"
2a03:2880:f806:a:: - - [29/Apr/2026:01:09:54 +0200] "GET /items/S605053911/ HTTP/1.1" 200 0 "-" "meta-webindexer/1.1 (+https://developers.facebook.com/docs/sharing/webmasters/crawler)"
2a03:2880:f806:4b:: - - [29/Apr/2026:01:09:55 +0200] "GET /items/S604060061/ HTTP/1.1" 200 0 "-" "meta-webindexer/1.1 (+https://developers.facebook.com/docs/sharing/webmasters/crawler)"
2a03:2880:f806:47:: - - [29/Apr/2026:01:10:09 +0200] "GET /items/S603610049/ HTTP/1.1" 200 0 "-" "meta-webindexer/1.1 (+https://developers.facebook.com/docs/sharing/webmasters/crawler)"
2a03:2880:f806:20:: - - [29/Apr/2026:01:10:05 +0200] "GET /items/S602891343/ HTTP/1.1" 200 0 "-" "meta-webindexer/1.1 (+https://developers.facebook.com/docs/sharing/webmasters/crawler)"
2a03:2880:f806:14:: - - [29/Apr/2026:01:09:59 +0200] "GET /items/S606553171/ HTTP/1.1" 200 0 "-" "meta-webindexer/1.1 (+https://developers.facebook.com/docs/sharing/webmasters/crawler)"
66.249.64.129 - - [29/Apr/2026:01:10:08 +0200] "GET /items/A353216413/ HTTP/1.1" 200 76412 "-" "Mozilla/5.0 (Linux; Android 6.0.1; Nexus 5X Build/MMB29P) AppleWebKit/537.36 (KHTML, like Gecko) Chrome/147.0.7727.116 Mobile Safari/537.36 (compatible; Googlebot/2.1; +http://www.google.com/bot.html)"
66.249.64.129 - - [29/Apr/2026:01:10:09 +0200] "GET /items/Z917394898/ HTTP/1.1" 200 74325 "-" "Mozilla/5.0 (Linux; Android 6.0.1; Nexus 5X Build/MMB29P) AppleWebKit/537.36 (KHTML, like Gecko) Chrome/147.0.7727.116 Mobile Safari/537.36 (compatible; Googlebot/2.1; +http://www.google.com/bot.html)"
66.249.64.128 - - [29/Apr/2026:01:10:11 +0200] "GET /items/P747118505/ HTTP/1.1" 200 79031 "-" "Mozilla/5.0 (Linux; Android 6.0.1; Nexus 5X Build/MMB29P) AppleWebKit/537.36 (KHTML, like Gecko) Chrome/147.0.7727.116 Mobile Safari/537.36 (compatible; Googlebot/2.1; +http://www.google.com/bot.html)"
2a03:2880:f806:15:: - - [29/Apr/2026:01:10:15 +0200] "GET /items/S602579894/ HTTP/1.1" 200 0 "-" "meta-webindexer/1.1 (+https://developers.facebook.com/docs/sharing/webmasters/crawler)"
2a03:2880:f806:12:: - - [29/Apr/2026:01:10:16 +0200] "GET /items/S603027150/ HTTP/1.1" 200 0 "-" "meta-webindexer/1.1 (+https://developers.facebook.com/docs/sharing/webmasters/crawler)"
66.249.64.129 - - [29/Apr/2026:01:09:56 +0200] "GET /items/M754381244/ HTTP/1.1" 200 0 "-" "Mozilla/5.0 (Linux; Android 6.0.1; Nexus 5X Build/MMB29P) AppleWebKit/537.36 (KHTML, like Gecko) Chrome/147.0.7727.116 Mobile Safari/537.36 (compatible; Googlebot/2.1; +http://www.google.com/bot.html)"
66.249.64.128 - - [29/Apr/2026:01:10:15 +0200] "GET /items/U446397699/ HTTP/1.1" 200 75409 "-" "Mozilla/5.0 (Linux; Android 6.0.1; Nexus 5X Build/MMB29P) AppleWebKit/537.36 (KHTML, like Gecko) Chrome/147.0.7727.116 Mobile Safari/537.36 (compatible; Googlebot/2.1; +http://www.google.com/bot.html)"
66.249.64.128 - - [29/Apr/2026:01:10:13 +0200] "GET /items/C897124960/ HTTP/1.1" 200 74951 "-" "Mozilla/5.0 (Linux; Android 6.0.1; Nexus 5X Build/MMB29P) AppleWebKit/537.36 (KHTML, like Gecko) Chrome/147.0.7727.116 Mobile Safari/537.36 (compatible; Googlebot/2.1; +http://www.google.com/bot.html)"
192.178.4.96 - - [29/Apr/2026:01:10:14 +0200] "GET /detail/334006539 HTTP/1.1" 200 77040 "-" "Mozilla/5.0 (Linux; Android 6.0.1; Nexus 5X Build/MMB29P) AppleWebKit/537.36 (KHTML, like Gecko) Chrome/147.0.7727.116 Mobile Safari/537.36 (compatible; Googlebot/2.1; +http://www.google.com/bot.html)"
66.249.64.128 - - [29/Apr/2026:01:10:15 +0200] "GET /items/V691229717/ HTTP/1.1" 200 73900 "-" "Mozilla/5.0 (Linux; Android 6.0.1; Nexus 5X Build/MMB29P) AppleWebKit/537.36 (KHTML, like Gecko) Chrome/147.0.7727.116 Mobile Safari/537.36 (compatible; Googlebot/2.1; +http://www.google.com/bot.html)"
192.178.4.96 - - [29/Apr/2026:01:10:15 +0200] "GET /detail/482821843 HTTP/1.1" 200 77810 "-" "Mozilla/5.0 (Linux; Android 6.0.1; Nexus 5X Build/MMB29P) AppleWebKit/537.36 (KHTML, like Gecko) Chrome/147.0.7727.116 Mobile Safari/537.36 (compatible; Googlebot/2.1; +http://www.google.com/bot.html)"
5.39.109.187 - - [29/Apr/2026:01:10:17 +0200] "GET /detail/174332807 HTTP/1.1" 200 0 "-" "Mozilla/5.0 (compatible; AhrefsBot/7.0; +http://ahrefs.com/robot/)"
66.249.64.128 - - [29/Apr/2026:01:10:17 +0200] "GET /items/Z866745580/ HTTP/1.1" 200 72904 "-" "Mozilla/5.0 (Linux; Android 6.0.1; Nexus 5X Build/MMB29P) AppleWebKit/537.36 (KHTML, like Gecko) Chrome/147.0.7727.116 Mobile Safari/537.36 (compatible; Googlebot/2.1; +http://www.google.com/bot.html)"
192.178.4.96 - - [29/Apr/2026:01:10:19 +0200] "GET /detail/309958960 HTTP/1.1" 200 72146 "-" "Mozilla/5.0 (Linux; Android 6.0.1; Nexus 5X Build/MMB29P) AppleWebKit/537.36 (KHTML, like Gecko) Chrome/147.0.7727.116 Mobile Safari/537.36 (compatible; Googlebot/2.1; +http://www.google.com/bot.html)"
2a03:2880:f806:6:: - - [29/Apr/2026:01:10:22 +0200] "GET /items/S601520038/ HTTP/1.1" 200 0 "-" "meta-webindexer/1.1 (+https://developers.facebook.com/docs/sharing/webmasters/crawler)"
192.178.4.96 - - [29/Apr/2026:01:10:23 +0200] "GET /detail/497338737 HTTP/1.1" 200 80120 "-" "Mozilla/5.0 (Linux; Android 6.0.1; Nexus 5X Build/MMB29P) AppleWebKit/537.36 (KHTML, like Gecko) Chrome/147.0.7727.116 Mobile Safari/537.36 (compatible; Googlebot/2.1; +http://www.google.com/bot.html)"
66.249.64.128 - - [29/Apr/2026:01:10:22 +0200] "GET /items/B084102305/ HTTP/1.1" 200 84488 "-" "Mozilla/5.0 (Linux; Android 6.0.1; Nexus 5X Build/MMB29P) AppleWebKit/537.36 (KHTML, like Gecko) Chrome/147.0.7727.116 Mobile Safari/537.36 (compatible; Googlebot/2.1; +http://www.google.com/bot.html)"
54.37.118.75 - - [29/Apr/2026:01:10:27 +0200] "GET /detail/77131254 HTTP/1.1" 200 0 "-" "Mozilla/5.0 (compatible; AhrefsBot/7.0; +http://ahrefs.com/robot/)"
2a03:2880:f806:4f:: - - [29/Apr/2026:01:10:25 +0200] "GET /items/S604591150/ HTTP/1.1" 200 0 "-" "meta-webindexer/1.1 (+https://developers.facebook.com/docs/sharing/webmasters/crawler)"
66.249.64.128 - - [29/Apr/2026:01:10:21 +0200] "GET /items/W176931585/ HTTP/1.1" 200 81115 "-" "Mozilla/5.0 (Linux; Android 6.0.1; Nexus 5X Build/MMB29P) AppleWebKit/537.36 (KHTML, like Gecko) Chrome/147.0.7727.116 Mobile Safari/537.36 (compatible; Googlebot/2.1; +http://www.google.com/bot.html)"
2a03:2880:f806:29:: - - [29/Apr/2026:01:10:28 +0200] "GET /items/S607336700/ HTTP/1.1" 200 0 "-" "meta-webindexer/1.1 (+https://developers.facebook.com/docs/sharing/webmasters/crawler)"
2a03:2880:f806:19:: - - [29/Apr/2026:01:10:21 +0200] "GET /items/S607449654/ HTTP/1.1" 200 15 "-" "meta-webindexer/1.1 (+https://developers.facebook.com/docs/sharing/webmasters/crawler)"
66.249.64.128 - - [29/Apr/2026:01:10:38 +0200] "GET /items/I727492176/ HTTP/1.1" 200 79477 "-" "Mozilla/5.0 (Linux; Android 6.0.1; Nexus 5X Build/MMB29P) AppleWebKit/537.36 (KHTML, like Gecko) Chrome/147.0.7727.116 Mobile Safari/537.36 (compatible; Googlebot/2.1; +http://www.google.com/bot.html)"
66.249.64.128 - - [29/Apr/2026:01:10:12 +0200] "GET /items/L721483574/ HTTP/1.1" 200 77015 "-" "Mozilla/5.0 (Linux; Android 6.0.1; Nexus 5X Build/MMB29P) AppleWebKit/537.36 (KHTML, like Gecko) Chrome/147.0.7727.116 Mobile Safari/537.36 (compatible; Googlebot/2.1; +http://www.google.com/bot.html)"
66.249.64.128 - - [29/Apr/2026:01:10:12 +0200] "GET /items/B231383785/ HTTP/1.1" 200 82871 "-" "Mozilla/5.0 (Linux; Android 6.0.1; Nexus 5X Build/MMB29P) AppleWebKit/537.36 (KHTML, like Gecko) Chrome/147.0.7727.116 Mobile Safari/537.36 (compatible; Googlebot/2.1; +http://www.google.com/bot.html)"
192.178.4.96 - - [29/Apr/2026:01:10:13 +0200] "GET /detail/261825418 HTTP/1.1" 200 80718 "-" "Mozilla/5.0 (Linux; Android 6.0.1; Nexus 5X Build/MMB29P) AppleWebKit/537.36 (KHTML, like Gecko) Chrome/147.0.7727.116 Mobile Safari/537.36 (compatible; Googlebot/2.1; +http://www.google.com/bot.html)"
2a03:2880:f806:8:: - - [29/Apr/2026:01:10:17 +0200] "GET /items/S605281484/ HTTP/1.1" 200 0 "-" "meta-webindexer/1.1 (+https://developers.facebook.com/docs/sharing/webmasters/crawler)"
66.249.64.128 - - [29/Apr/2026:01:10:20 +0200] "GET /items/O385163981/ HTTP/1.1" 200 78664 "-" "Mozilla/5.0 (Linux; Android 6.0.1; Nexus 5X Build/MMB29P) AppleWebKit/537.36 (KHTML, like Gecko) Chrome/147.0.7727.116 Mobile Safari/537.36 (compatible; Googlebot/2.1; +http://www.google.com/bot.html)"
2a03:2880:f806:2:: - - [29/Apr/2026:01:10:24 +0200] "GET /items/S602821699/ HTTP/1.1" 200 0 "-" "meta-webindexer/1.1 (+https://developers.facebook.com/docs/sharing/webmasters/crawler)"
66.249.64.128 - - [29/Apr/2026:01:10:18 +0200] "GET /items/V204899091/ HTTP/1.1" 200 82521 "-" "Mozilla/5.0 (Linux; Android 6.0.1; Nexus 5X Build/MMB29P) AppleWebKit/537.36 (KHTML, like Gecko) Chrome/147.0.7727.116 Mobile Safari/537.36 (compatible; Googlebot/2.1; +http://www.google.com/bot.html)"
192.178.4.96 - - [29/Apr/2026:01:10:27 +0200] "GET /detail/26132461 HTTP/1.1" 200 84797 "-" "Mozilla/5.0 (Linux; Android 6.0.1; Nexus 5X Build/MMB29P) AppleWebKit/537.36 (KHTML, like Gecko) Chrome/147.0.7727.116 Mobile Safari/537.36 (compatible; Googlebot/2.1; +http://www.google.com/bot.html)"
2a03:2880:f806:44:: - - [29/Apr/2026:01:10:32 +0200] "GET /items/S603538995/ HTTP/1.1" 200 0 "-" "meta-webindexer/1.1 (+https://developers.facebook.com/docs/sharing/webmasters/crawler)"
2a03:2880:f806:4b:: - - [29/Apr/2026:01:10:35 +0200] "GET /items/S604039097/ HTTP/1.1" 200 0 "-" "meta-webindexer/1.1 (+https://developers.facebook.com/docs/sharing/webmasters/crawler)"
2a03:2880:f806:51:: - - [29/Apr/2026:01:10:38 +0200] "GET /items/S604313520/ HTTP/1.1" 200 0 "-" "meta-webindexer/1.1 (+https://developers.facebook.com/docs/sharing/webmasters/crawler)"
192.178.4.96 - - [29/Apr/2026:01:10:27 +0200] "GET /detail/520453690 HTTP/1.1" 200 77218 "-" "Mozilla/5.0 (Linux; Android 6.0.1; Nexus 5X Build/MMB29P) AppleWebKit/537.36 (KHTML, like Gecko) Chrome/147.0.7727.116 Mobile Safari/537.36 (compatible; Googlebot/2.1; +http://www.google.com/bot.html)"
51.68.247.216 - - [29/Apr/2026:01:10:33 +0200] "GET /detail/433473576 HTTP/1.1" 200 0 "-" "Mozilla/5.0 (compatible; AhrefsBot/7.0; +http://ahrefs.com/robot/)"
66.249.64.128 - - [29/Apr/2026:01:10:30 +0200] "GET /items/K232657745/ HTTP/1.1" 200 73434 "-" "Mozilla/5.0 (Linux; Android 6.0.1; Nexus 5X Build/MMB29P) AppleWebKit/537.36 (KHTML, like Gecko) Chrome/147.0.7727.116 Mobile Safari/537.36 (compatible; Googlebot/2.1; +http://www.google.com/bot.html)"
192.178.4.96 - - [29/Apr/2026:01:10:24 +0200] "GET /detail/189106697 HTTP/1.1" 200 15 "-" "Mozilla/5.0 (Linux; Android 6.0.1; Nexus 5X Build/MMB29P) AppleWebKit/537.36 (KHTML, like Gecko) Chrome/147.0.7727.116 Mobile Safari/537.36 (compatible; Googlebot/2.1; +http://www.google.com/bot.html)"
192.178.4.96 - - [29/Apr/2026:01:10:42 +0200] "GET /detail/120503335 HTTP/1.1" 200 77015 "-" "Mozilla/5.0 (Linux; Android 6.0.1; Nexus 5X Build/MMB29P) AppleWebKit/537.36 (KHTML, like Gecko) Chrome/147.0.7727.116 Mobile Safari/537.36 (compatible; Googlebot/2.1; +http://www.google.com/bot.html)"
66.249.64.128 - - [29/Apr/2026:01:10:16 +0200] "GET /items/E137854099/ HTTP/1.1" 200 79271 "-" "Mozilla/5.0 (Linux; Android 6.0.1; Nexus 5X Build/MMB29P) AppleWebKit/537.36 (KHTML, like Gecko) Chrome/147.0.7727.116 Mobile Safari/537.36 (compatible; Googlebot/2.1; +http://www.google.com/bot.html)"
66.249.64.128 - - [29/Apr/2026:01:10:16 +0200] "GET /detail/256179422 HTTP/1.1" 200 81326 "-" "Mozilla/5.0 (Linux; Android 6.0.1; Nexus 5X Build/MMB29P) AppleWebKit/537.36 (KHTML, like Gecko) Chrome/147.0.7727.116 Mobile Safari/537.36 (compatible; Googlebot/2.1; +http://www.google.com/bot.html)"
2a03:2880:f806:35:: - - [29/Apr/2026:01:10:19 +0200] "GET /items/S602039065/ HTTP/1.1" 200 0 "-" "meta-webindexer/1.1 (+https://developers.facebook.com/docs/sharing/webmasters/crawler)"
2a03:2880:f806:1a:: - - [29/Apr/2026:01:10:21 +0200] "GET /items/S603304917/ HTTP/1.1" 200 0 "-" "meta-webindexer/1.1 (+https://developers.facebook.com/docs/sharing/webmasters/crawler)"
52.167.144.147 - - [29/Apr/2026:01:10:23 +0200] "GET /items/S602311109/ HTTP/1.1" 200 13 "-" "Mozilla/5.0 AppleWebKit/537.36 (KHTML, like Gecko; compatible; bingbot/2.0; +http://www.bing.com/bingbot.htm) Chrome/116.0.1938.76 Safari/537.36"
109.234.166.131 - - [29/Apr/2026:01:09:00 +0200] "GET /boss2026yt/54/index.php?id=285774 HTTP/1.1" 404 0 "-" "GO"
2a03:2880:f806:11:: - - [29/Apr/2026:01:10:32 +0200] "GET /items/S601293036/ HTTP/1.1" 200 0 "-" "meta-webindexer/1.1 (+https://developers.facebook.com/docs/sharing/webmasters/crawler)"
66.249.64.128 - - [29/Apr/2026:01:10:30 +0200] "GET /items/Q066187481/ HTTP/1.1" 200 88640 "-" "Mozilla/5.0 (Linux; Android 6.0.1; Nexus 5X Build/MMB29P) AppleWebKit/537.36 (KHTML, like Gecko) Chrome/147.0.7727.116 Mobile Safari/537.36 (compatible; Googlebot/2.1; +http://www.google.com/bot.html)"
66.249.64.129 - - [29/Apr/2026:01:10:37 +0200] "GET /items/D294323391/ HTTP/1.1" 200 94148 "-" "Mozilla/5.0 (Linux; Android 6.0.1; Nexus 5X Build/MMB29P) AppleWebKit/537.36 (KHTML, like Gecko) Chrome/147.0.7727.116 Mobile Safari/537.36 (compatible; Googlebot/2.1; +http://www.google.com/bot.html)"
2a03:2880:f806:19:: - - [29/Apr/2026:01:10:38 +0200] "GET /items/S603367215/ HTTP/1.1" 200 0 "-" "meta-webindexer/1.1 (+https://developers.facebook.com/docs/sharing/webmasters/crawler)"
66.249.64.129 - - [29/Apr/2026:01:10:40 +0200] "GET /items/E116057266/ HTTP/1.1" 200 80316 "-" "Mozilla/5.0 (Linux; Android 6.0.1; Nexus 5X Build/MMB29P) AppleWebKit/537.36 (KHTML, like Gecko) Chrome/147.0.7727.116 Mobile Safari/537.36 (compatible; Googlebot/2.1; +http://www.google.com/bot.html)"
176.31.139.0 - - [29/Apr/2026:01:10:38 +0200] "GET /detail/605013857 HTTP/1.1" 200 0 "-" "Mozilla/5.0 (compatible; AhrefsBot/7.0; +http://ahrefs.com/robot/)"
66.249.64.128 - - [29/Apr/2026:01:10:41 +0200] "GET /items/B692227893/ HTTP/1.1" 200 76924 "-" "Mozilla/5.0 (Linux; Android 6.0.1; Nexus 5X Build/MMB29P) AppleWebKit/537.36 (KHTML, like Gecko) Chrome/147.0.7727.116 Mobile Safari/537.36 (compatible; Googlebot/2.1; +http://www.google.com/bot.html)"
2a03:2880:f806:1b:: - - [29/Apr/2026:01:10:39 +0200] "GET /items/S603069613/ HTTP/1.1" 200 0 "-" "meta-webindexer/1.1 (+https://developers.facebook.com/docs/sharing/webmasters/crawler)"
2a03:2880:f806:12:: - - [29/Apr/2026:01:10:44 +0200] "GET /items/S602566335/ HTTP/1.1" 200 0 "-" "meta-webindexer/1.1 (+https://developers.facebook.com/docs/sharing/webmasters/crawler)"
192.178.4.96 - - [29/Apr/2026:01:10:44 +0200] "GET /detail/655769918 HTTP/1.1" 200 78806 "-" "Mozilla/5.0 (Linux; Android 6.0.1; Nexus 5X Build/MMB29P) AppleWebKit/537.36 (KHTML, like Gecko) Chrome/147.0.7727.116 Mobile Safari/537.36 (compatible; Googlebot/2.1; +http://www.google.com/bot.html)"
192.178.4.96 - - [29/Apr/2026:01:10:44 +0200] "GET /detail/444090632 HTTP/1.1" 200 82660 "-" "Mozilla/5.0 (Linux; Android 6.0.1; Nexus 5X Build/MMB29P) AppleWebKit/537.36 (KHTML, like Gecko) Chrome/147.0.7727.116 Mobile Safari/537.36 (compatible; Googlebot/2.1; +http://www.google.com/bot.html)"
2a03:2880:f806:c:: - - [29/Apr/2026:01:10:26 +0200] "GET /items/S602425580/ HTTP/1.1" 200 15 "-" "meta-webindexer/1.1 (+https://developers.facebook.com/docs/sharing/webmasters/crawler)"
2a03:2880:f806:3c:: - - [29/Apr/2026:01:10:42 +0200] "GET /detail/194403594 HTTP/1.1" 200 0 "-" "meta-webindexer/1.1 (+https://developers.facebook.com/docs/sharing/webmasters/crawler)"
2a03:2880:f806:8:: - - [29/Apr/2026:01:10:45 +0200] "GET /items/S603136769/ HTTP/1.1" 200 0 "-" "meta-webindexer/1.1 (+https://developers.facebook.com/docs/sharing/webmasters/crawler)"
66.249.64.129 - - [29/Apr/2026:01:10:49 +0200] "GET /detail/622423300 HTTP/1.1" 200 86589 "-" "Mozilla/5.0 (Linux; Android 6.0.1; Nexus 5X Build/MMB29P) AppleWebKit/537.36 (KHTML, like Gecko) Chrome/147.0.7727.116 Mobile Safari/537.36 (compatible; Googlebot/2.1; +http://www.google.com/bot.html)"
2a03:2880:f806:46:: - - [29/Apr/2026:01:10:50 +0200] "GET /items/S604017761/ HTTP/1.1" 200 0 "-" "meta-webindexer/1.1 (+https://developers.facebook.com/docs/sharing/webmasters/crawler)"
66.249.64.129 - - [29/Apr/2026:01:10:53 +0200] "GET /items/K774180196/ HTTP/1.1" 200 74503 "-" "Mozilla/5.0 (Linux; Android 6.0.1; Nexus 5X Build/MMB29P) AppleWebKit/537.36 (KHTML, like Gecko) Chrome/147.0.7727.116 Mobile Safari/537.36 (compatible; Googlebot/2.1; +http://www.google.com/bot.html)"
66.249.64.128 - - [29/Apr/2026:01:10:51 +0200] "GET /items/T355046224/ HTTP/1.1" 200 75363 "-" "Mozilla/5.0 (Linux; Android 6.0.1; Nexus 5X Build/MMB29P) AppleWebKit/537.36 (KHTML, like Gecko) Chrome/147.0.7727.116 Mobile Safari/537.36 (compatible; Googlebot/2.1; +http://www.google.com/bot.html)"
66.249.64.129 - - [29/Apr/2026:01:10:56 +0200] "GET /items/Z886490504/ HTTP/1.1" 200 76837 "-" "Mozilla/5.0 (Linux; Android 6.0.1; Nexus 5X Build/MMB29P) AppleWebKit/537.36 (KHTML, like Gecko) Chrome/147.0.7727.116 Mobile Safari/537.36 (compatible; Googlebot/2.1; +http://www.google.com/bot.html)"
66.249.64.129 - - [29/Apr/2026:01:10:56 +0200] "GET /items/Y685784479/ HTTP/1.1" 200 75827 "-" "Mozilla/5.0 (Linux; Android 6.0.1; Nexus 5X Build/MMB29P) AppleWebKit/537.36 (KHTML, like Gecko) Chrome/147.0.7727.116 Mobile Safari/537.36 (compatible; Googlebot/2.1; +http://www.google.com/bot.html)"
192.178.4.96 - - [29/Apr/2026:01:10:50 +0200] "GET /detail/346549984 HTTP/1.1" 200 78660 "-" "Mozilla/5.0 (Linux; Android 6.0.1; Nexus 5X Build/MMB29P) AppleWebKit/537.36 (KHTML, like Gecko) Chrome/147.0.7727.116 Mobile Safari/537.36 (compatible; Googlebot/2.1; +http://www.google.com/bot.html)"
2a03:2880:f806:3:: - - [29/Apr/2026:01:10:58 +0200] "GET /items/S604672778/ HTTP/1.1" 200 0 "-" "meta-webindexer/1.1 (+https://developers.facebook.com/docs/sharing/webmasters/crawler)"
66.249.64.129 - - [29/Apr/2026:01:10:59 +0200] "GET /cate-116-118 HTTP/1.1" 200 73210 "-" "Mozilla/5.0 (Linux; Android 6.0.1; Nexus 5X Build/MMB29P) AppleWebKit/537.36 (KHTML, like Gecko) Chrome/147.0.7727.116 Mobile Safari/537.36 (compatible; Googlebot/2.1; +http://www.google.com/bot.html)"
66.249.64.129 - - [29/Apr/2026:01:10:59 +0200] "GET /detail/477505133 HTTP/1.1" 200 76142 "-" "Mozilla/5.0 (Linux; Android 6.0.1; Nexus 5X Build/MMB29P) AppleWebKit/537.36 (KHTML, like Gecko) Chrome/147.0.7727.116 Mobile Safari/537.36 (compatible; Googlebot/2.1; +http://www.google.com/bot.html)"
66.249.64.128 - - [29/Apr/2026:01:11:01 +0200] "GET /items/G671190421/ HTTP/1.1" 200 90314 "-" "Mozilla/5.0 (Linux; Android 6.0.1; Nexus 5X Build/MMB29P) AppleWebKit/537.36 (KHTML, like Gecko) Chrome/147.0.7727.116 Mobile Safari/537.36 (compatible; Googlebot/2.1; +http://www.google.com/bot.html)"
2a03:2880:f806:17:: - - [29/Apr/2026:01:11:02 +0200] "GET /items/S603520772/ HTTP/1.1" 200 0 "-" "meta-webindexer/1.1 (+https://developers.facebook.com/docs/sharing/webmasters/crawler)"
2a03:2880:f806:23:: - - [29/Apr/2026:01:11:04 +0200] "GET /items/S603200135/ HTTP/1.1" 200 0 "-" "meta-webindexer/1.1 (+https://developers.facebook.com/docs/sharing/webmasters/crawler)"
2a03:2880:f806:e:: - - [29/Apr/2026:01:10:31 +0200] "GET /items/S606680684/ HTTP/1.1" 200 0 "-" "meta-webindexer/1.1 (+https://developers.facebook.com/docs/sharing/webmasters/crawler)"
2a03:2880:f806:42:: - - [29/Apr/2026:01:10:41 +0200] "GET /items/S606733424/ HTTP/1.1" 200 0 "-" "meta-webindexer/1.1 (+https://developers.facebook.com/docs/sharing/webmasters/crawler)"
66.249.64.128 - - [29/Apr/2026:01:10:26 +0200] "GET /detail/25767793 HTTP/1.1" 200 15 "-" "Mozilla/5.0 (Linux; Android 6.0.1; Nexus 5X Build/MMB29P) AppleWebKit/537.36 (KHTML, like Gecko) Chrome/147.0.7727.116 Mobile Safari/537.36 (compatible; Googlebot/2.1; +http://www.google.com/bot.html)"
66.249.64.128 - - [29/Apr/2026:01:10:44 +0200] "GET /detail/266616920 HTTP/1.1" 200 76928 "-" "Mozilla/5.0 (Linux; Android 6.0.1; Nexus 5X Build/MMB29P) AppleWebKit/537.36 (KHTML, like Gecko) Chrome/147.0.7727.116 Mobile Safari/537.36 (compatible; Googlebot/2.1; +http://www.google.com/bot.html)"
66.249.64.128 - - [29/Apr/2026:01:10:49 +0200] "GET /items/N012095263/ HTTP/1.1" 200 74528 "-" "Mozilla/5.0 (Linux; Android 6.0.1; Nexus 5X Build/MMB29P) AppleWebKit/537.36 (KHTML, like Gecko) Chrome/147.0.7727.116 Mobile Safari/537.36 (compatible; Googlebot/2.1; +http://www.google.com/bot.html)"
66.249.64.128 - - [29/Apr/2026:01:10:51 +0200] "GET /items/D713437983/ HTTP/1.1" 200 81257 "-" "Mozilla/5.0 (Linux; Android 6.0.1; Nexus 5X Build/MMB29P) AppleWebKit/537.36 (KHTML, like Gecko) Chrome/147.0.7727.116 Mobile Safari/537.36 (compatible; Googlebot/2.1; +http://www.google.com/bot.html)"
2a03:2880:f806:50:: - - [29/Apr/2026:01:10:51 +0200] "GET /items/S605983911/ HTTP/1.1" 200 0 "-" "meta-webindexer/1.1 (+https://developers.facebook.com/docs/sharing/webmasters/crawler)"
192.178.4.96 - - [29/Apr/2026:01:10:43 +0200] "GET /detail/323812741 HTTP/1.1" 200 78899 "-" "Mozilla/5.0 (Linux; Android 6.0.1; Nexus 5X Build/MMB29P) AppleWebKit/537.36 (KHTML, like Gecko) Chrome/147.0.7727.116 Mobile Safari/537.36 (compatible; Googlebot/2.1; +http://www.google.com/bot.html)"
2a03:2880:f806:40:: - - [29/Apr/2026:01:10:52 +0200] "GET /items/S607049183/ HTTP/1.1" 200 0 "-" "meta-webindexer/1.1 (+https://developers.facebook.com/docs/sharing/webmasters/crawler)"
66.249.64.128 - - [29/Apr/2026:01:10:55 +0200] "GET /items/C526733719/ HTTP/1.1" 200 81650 "-" "Mozilla/5.0 (Linux; Android 6.0.1; Nexus 5X Build/MMB29P) AppleWebKit/537.36 (KHTML, like Gecko) Chrome/147.0.7727.116 Mobile Safari/537.36 (compatible; Googlebot/2.1; +http://www.google.com/bot.html)"
192.178.4.96 - - [29/Apr/2026:01:11:00 +0200] "GET /detail/211041605 HTTP/1.1" 200 77400 "-" "Mozilla/5.0 (Linux; Android 6.0.1; Nexus 5X Build/MMB29P) AppleWebKit/537.36 (KHTML, like Gecko) Chrome/147.0.7727.116 Mobile Safari/537.36 (compatible; Googlebot/2.1; +http://www.google.com/bot.html)"
66.249.64.128 - - [29/Apr/2026:01:11:03 +0200] "GET /items/U952173888/ HTTP/1.1" 200 83305 "-" "Mozilla/5.0 (Linux; Android 6.0.1; Nexus 5X Build/MMB29P) AppleWebKit/537.36 (KHTML, like Gecko) Chrome/147.0.7727.116 Mobile Safari/537.36 (compatible; Googlebot/2.1; +http://www.google.com/bot.html)"
2a03:2880:f806:1d:: - - [29/Apr/2026:01:11:03 +0200] "GET /items/S605002435/ HTTP/1.1" 200 0 "-" "meta-webindexer/1.1 (+https://developers.facebook.com/docs/sharing/webmasters/crawler)"
2a03:2880:f806:e:: - - [29/Apr/2026:01:11:07 +0200] "GET /items/S605511032/ HTTP/1.1" 200 0 "-" "meta-webindexer/1.1 (+https://developers.facebook.com/docs/sharing/webmasters/crawler)"
66.249.64.128 - - [29/Apr/2026:01:11:04 +0200] "GET /items/E996057244/ HTTP/1.1" 200 91648 "-" "Mozilla/5.0 (Linux; Android 6.0.1; Nexus 5X Build/MMB29P) AppleWebKit/537.36 (KHTML, like Gecko) Chrome/147.0.7727.116 Mobile Safari/537.36 (compatible; Googlebot/2.1; +http://www.google.com/bot.html)"
192.178.4.96 - - [29/Apr/2026:01:11:07 +0200] "GET /items/S751625238/ HTTP/1.1" 200 80469 "-" "Mozilla/5.0 (compatible; Googlebot/2.1; +http://www.google.com/bot.html)"
192.178.4.96 - - [29/Apr/2026:01:10:46 +0200] "GET /detail/250233623 HTTP/1.1" 200 80217 "-" "Mozilla/5.0 (Linux; Android 6.0.1; Nexus 5X Build/MMB29P) AppleWebKit/537.36 (KHTML, like Gecko) Chrome/147.0.7727.116 Mobile Safari/537.36 (compatible; Googlebot/2.1; +http://www.google.com/bot.html)"
2a03:2880:f806:48:: - - [29/Apr/2026:01:10:47 +0200] "GET /items/S603155962/ HTTP/1.1" 200 0 "-" "meta-webindexer/1.1 (+https://developers.facebook.com/docs/sharing/webmasters/crawler)"
66.249.64.128 - - [29/Apr/2026:01:10:49 +0200] "GET /items/V237536416/ HTTP/1.1" 200 81490 "-" "Mozilla/5.0 (Linux; Android 6.0.1; Nexus 5X Build/MMB29P) AppleWebKit/537.36 (KHTML, like Gecko) Chrome/147.0.7727.116 Mobile Safari/537.36 (compatible; Googlebot/2.1; +http://www.google.com/bot.html)"
2a03:2880:f806:22:: - - [29/Apr/2026:01:10:48 +0200] "GET /items/S602279009/ HTTP/1.1" 200 0 "-" "meta-webindexer/1.1 (+https://developers.facebook.com/docs/sharing/webmasters/crawler)"
92.222.104.199 - - [29/Apr/2026:01:10:51 +0200] "GET /detail/278606497 HTTP/1.1" 200 0 "-" "Mozilla/5.0 (compatible; AhrefsBot/7.0; +http://ahrefs.com/robot/)"
2a03:2880:f806:42:: - - [29/Apr/2026:01:10:33 +0200] "GET /items/S606293085/ HTTP/1.1" 200 0 "-" "meta-webindexer/1.1 (+https://developers.facebook.com/docs/sharing/webmasters/crawler)"
52.167.144.147 - - [29/Apr/2026:01:10:51 +0200] "GET /evertedtmz.xml HTTP/1.1" 200 13 "-" "Mozilla/5.0 AppleWebKit/537.36 (KHTML, like Gecko; compatible; bingbot/2.0; +http://www.bing.com/bingbot.htm) Chrome/116.0.1938.76 Safari/537.36"
2a03:2880:f806:23:: - - [29/Apr/2026:01:10:55 +0200] "GET /items/S607473775/ HTTP/1.1" 200 0 "-" "meta-webindexer/1.1 (+https://developers.facebook.com/docs/sharing/webmasters/crawler)"
192.178.4.96 - - [29/Apr/2026:01:10:57 +0200] "GET /detail/28040895 HTTP/1.1" 200 80441 "-" "Mozilla/5.0 (Linux; Android 6.0.1; Nexus 5X Build/MMB29P) AppleWebKit/537.36 (KHTML, like Gecko) Chrome/147.0.7727.116 Mobile Safari/537.36 (compatible; Googlebot/2.1; +http://www.google.com/bot.html)"
66.249.64.128 - - [29/Apr/2026:01:10:58 +0200] "GET /items/K251643354/ HTTP/1.1" 200 79861 "-" "Mozilla/5.0 (Linux; Android 6.0.1; Nexus 5X Build/MMB29P) AppleWebKit/537.36 (KHTML, like Gecko) Chrome/147.0.7727.116 Mobile Safari/537.36 (compatible; Googlebot/2.1; +http://www.google.com/bot.html)"
192.178.4.96 - - [29/Apr/2026:01:10:57 +0200] "GET /detail/117058788 HTTP/1.1" 200 75361 "-" "Mozilla/5.0 (Linux; Android 6.0.1; Nexus 5X Build/MMB29P) AppleWebKit/537.36 (KHTML, like Gecko) Chrome/147.0.7727.116 Mobile Safari/537.36 (compatible; Googlebot/2.1; +http://www.google.com/bot.html)"
2a03:2880:f806:22:: - - [29/Apr/2026:01:10:59 +0200] "GET /items/S603563560/ HTTP/1.1" 200 0 "-" "meta-webindexer/1.1 (+https://developers.facebook.com/docs/sharing/webmasters/crawler)"
92.222.108.109 - - [29/Apr/2026:01:11:00 +0200] "GET /detail/529709601 HTTP/1.1" 200 0 "-" "Mozilla/5.0 (compatible; AhrefsBot/7.0; +http://ahrefs.com/robot/)"
66.249.64.128 - - [29/Apr/2026:01:10:59 +0200] "GET /items/J253660052/ HTTP/1.1" 200 75884 "-" "Mozilla/5.0 (Linux; Android 6.0.1; Nexus 5X Build/MMB29P) AppleWebKit/537.36 (KHTML, like Gecko) Chrome/147.0.7727.116 Mobile Safari/537.36 (compatible; Googlebot/2.1; +http://www.google.com/bot.html)"
2a03:2880:f806:7:: - - [29/Apr/2026:01:11:00 +0200] "GET /items/S606725457/ HTTP/1.1" 200 0 "-" "meta-webindexer/1.1 (+https://developers.facebook.com/docs/sharing/webmasters/crawler)"
66.249.64.128 - - [29/Apr/2026:01:11:02 +0200] "GET /items/A961404095/ HTTP/1.1" 200 83988 "-" "Mozilla/5.0 (Linux; Android 6.0.1; Nexus 5X Build/MMB29P) AppleWebKit/537.36 (KHTML, like Gecko) Chrome/147.0.7727.116 Mobile Safari/537.36 (compatible; Googlebot/2.1; +http://www.google.com/bot.html)"
66.249.64.129 - - [29/Apr/2026:01:10:46 +0200] "GET /items/L985481943/ HTTP/1.1" 200 15 "-" "Mozilla/5.0 (Linux; Android 6.0.1; Nexus 5X Build/MMB29P) AppleWebKit/537.36 (KHTML, like Gecko) Chrome/147.0.7727.116 Mobile Safari/537.36 (compatible; Googlebot/2.1; +http://www.google.com/bot.html)"
66.249.64.128 - - [29/Apr/2026:01:11:05 +0200] "GET /items/P247715956/ HTTP/1.1" 200 87230 "-" "Mozilla/5.0 (Linux; Android 6.0.1; Nexus 5X Build/MMB29P) AppleWebKit/537.36 (KHTML, like Gecko) Chrome/147.0.7727.116 Mobile Safari/537.36 (compatible; Googlebot/2.1; +http://www.google.com/bot.html)"
2a03:2880:f806:4b:: - - [29/Apr/2026:01:11:11 +0200] "GET /items/S606980897/ HTTP/1.1" 200 0 "-" "meta-webindexer/1.1 (+https://developers.facebook.com/docs/sharing/webmasters/crawler)"
192.178.4.96 - - [29/Apr/2026:01:11:11 +0200] "GET /detail/355806325 HTTP/1.1" 200 76487 "-" "Mozilla/5.0 (Linux; Android 6.0.1; Nexus 5X Build/MMB29P) AppleWebKit/537.36 (KHTML, like Gecko) Chrome/147.0.7727.116 Mobile Safari/537.36 (compatible; Googlebot/2.1; +http://www.google.com/bot.html)"
40.77.167.132 - - [29/Apr/2026:01:11:13 +0200] "GET /tahmoshkdb.xml HTTP/1.1" 200 13 "-" "Mozilla/5.0 AppleWebKit/537.36 (KHTML, like Gecko; compatible; bingbot/2.0; +http://www.bing.com/bingbot.htm) Chrome/116.0.1938.76 Safari/537.36"
66.249.64.128 - - [29/Apr/2026:01:11:14 +0200] "GET /items/A116467499/ HTTP/1.1" 200 77704 "-" "Mozilla/5.0 (Linux; Android 6.0.1; Nexus 5X Build/MMB29P) AppleWebKit/537.36 (KHTML, like Gecko) Chrome/147.0.7727.116 Mobile Safari/537.36 (compatible; Googlebot/2.1; +http://www.google.com/bot.html)"
40.77.167.132 - - [29/Apr/2026:01:11:15 +0200] "GET /items/S603238154/ HTTP/1.1" 200 13 "-" "Mozilla/5.0 AppleWebKit/537.36 (KHTML, like Gecko; compatible; bingbot/2.0; +http://www.bing.com/bingbot.htm) Chrome/116.0.1938.76 Safari/537.36"
192.178.4.96 - - [29/Apr/2026:01:11:15 +0200] "GET /detail/346454253 HTTP/1.1" 200 78921 "-" "Mozilla/5.0 (Linux; Android 6.0.1; Nexus 5X Build/MMB29P) AppleWebKit/537.36 (KHTML, like Gecko) Chrome/147.0.7727.116 Mobile Safari/537.36 (compatible; Googlebot/2.1; +http://www.google.com/bot.html)"
66.249.64.128 - - [29/Apr/2026:01:11:06 +0200] "GET /items/F052716265/ HTTP/1.1" 200 70517 "-" "Mozilla/5.0 (compatible; Googlebot/2.1; +http://www.google.com/bot.html)"
66.249.64.128 - - [29/Apr/2026:01:11:17 +0200] "GET /items/S564576216/ HTTP/1.1" 200 75593 "-" "Mozilla/5.0 (Linux; Android 6.0.1; Nexus 5X Build/MMB29P) AppleWebKit/537.36 (KHTML, like Gecko) Chrome/147.0.7727.116 Mobile Safari/537.36 (compatible; Googlebot/2.1; +http://www.google.com/bot.html)"
2a03:2880:f806:3e:: - - [29/Apr/2026:01:11:18 +0200] "GET /items/S603517982/ HTTP/1.1" 200 0 "-" "meta-webindexer/1.1 (+https://developers.facebook.com/docs/sharing/webmasters/crawler)"
66.249.64.128 - - [29/Apr/2026:01:11:20 +0200] "GET /items/I336312147/ HTTP/1.1" 200 79412 "-" "Mozilla/5.0 (Linux; Android 6.0.1; Nexus 5X Build/MMB29P) AppleWebKit/537.36 (KHTML, like Gecko) Chrome/147.0.7727.116 Mobile Safari/537.36 (compatible; Googlebot/2.1; +http://www.google.com/bot.html)"
2a03:2880:f806:4f:: - - [29/Apr/2026:01:11:21 +0200] "GET /items/S605055479/ HTTP/1.1" 200 0 "-" "meta-webindexer/1.1 (+https://developers.facebook.com/docs/sharing/webmasters/crawler)"
192.178.4.96 - - [29/Apr/2026:01:11:23 +0200] "GET /detail/4535312 HTTP/1.1" 200 74124 "-" "Mozilla/5.0 (Linux; Android 6.0.1; Nexus 5X Build/MMB29P) AppleWebKit/537.36 (KHTML, like Gecko) Chrome/147.0.7727.116 Mobile Safari/537.36 (compatible; Googlebot/2.1; +http://www.google.com/bot.html)"
40.77.167.132 - - [29/Apr/2026:01:11:19 +0200] "GET /items/S602169563/ HTTP/1.1" 200 13 "-" "Mozilla/5.0 AppleWebKit/537.36 (KHTML, like Gecko; compatible; bingbot/2.0; +http://www.bing.com/bingbot.htm) Chrome/116.0.1938.76 Safari/537.36"
2a03:2880:f806:4e:: - - [29/Apr/2026:01:11:23 +0200] "GET /items/S604816333/ HTTP/1.1" 200 0 "-" "meta-webindexer/1.1 (+https://developers.facebook.com/docs/sharing/webmasters/crawler)"
2a03:2880:f806:1a:: - - [29/Apr/2026:01:11:33 +0200] "GET /items/S603929098/ HTTP/1.1" 200 0 "-" "meta-webindexer/1.1 (+https://developers.facebook.com/docs/sharing/webmasters/crawler)"
176.31.139.6 - - [29/Apr/2026:01:11:08 +0200] "GET /detail/222980203 HTTP/1.1" 200 0 "-" "Mozilla/5.0 (compatible; AhrefsBot/7.0; +http://ahrefs.com/robot/)"
52.167.144.213 - - [29/Apr/2026:01:11:08 +0200] "GET /items/S607860508/ HTTP/1.1" 200 13 "-" "Mozilla/5.0 AppleWebKit/537.36 (KHTML, like Gecko; compatible; bingbot/2.0; +http://www.bing.com/bingbot.htm) Chrome/116.0.1938.76 Safari/537.36"
66.249.64.128 - - [29/Apr/2026:01:11:08 +0200] "GET /items/T902717734/ HTTP/1.1" 200 70939 "-" "Mozilla/5.0 (Linux; Android 6.0.1; Nexus 5X Build/MMB29P) AppleWebKit/537.36 (KHTML, like Gecko) Chrome/147.0.7727.116 Mobile Safari/537.36 (compatible; Googlebot/2.1; +http://www.google.com/bot.html)"
2a03:2880:f806:46:: - - [29/Apr/2026:01:11:10 +0200] "GET /items/S601450067/ HTTP/1.1" 200 0 "-" "meta-webindexer/1.1 (+https://developers.facebook.com/docs/sharing/webmasters/crawler)"
2a03:2880:f806:3b:: - - [29/Apr/2026:01:11:09 +0200] "GET /items/S603946621/ HTTP/1.1" 200 0 "-" "meta-webindexer/1.1 (+https://developers.facebook.com/docs/sharing/webmasters/crawler)"
40.77.167.132 - - [29/Apr/2026:01:11:04 +0200] "GET /items/S602766738/ HTTP/1.1" 200 13 "-" "Mozilla/5.0 AppleWebKit/537.36 (KHTML, like Gecko; compatible; bingbot/2.0; +http://www.bing.com/bingbot.htm) Chrome/116.0.1938.76 Safari/537.36"
2a03:2880:f806:45:: - - [29/Apr/2026:01:10:53 +0200] "GET /items/S602283931/ HTTP/1.1" 200 15 "-" "meta-webindexer/1.1 (+https://developers.facebook.com/docs/sharing/webmasters/crawler)"
192.178.4.96 - - [29/Apr/2026:01:11:13 +0200] "GET /detail/261713100 HTTP/1.1" 200 86412 "-" "Mozilla/5.0 (Linux; Android 6.0.1; Nexus 5X Build/MMB29P) AppleWebKit/537.36 (KHTML, like Gecko) Chrome/147.0.7727.116 Mobile Safari/537.36 (compatible; Googlebot/2.1; +http://www.google.com/bot.html)"
192.178.4.96 - - [29/Apr/2026:01:11:14 +0200] "GET /detail/638409982 HTTP/1.1" 200 74979 "-" "Mozilla/5.0 (Linux; Android 6.0.1; Nexus 5X Build/MMB29P) AppleWebKit/537.36 (KHTML, like Gecko) Chrome/147.0.7727.116 Mobile Safari/537.36 (compatible; Googlebot/2.1; +http://www.google.com/bot.html)"
2a03:2880:f806:10:: - - [29/Apr/2026:01:11:16 +0200] "GET /items/S605382825/ HTTP/1.1" 200 0 "-" "meta-webindexer/1.1 (+https://developers.facebook.com/docs/sharing/webmasters/crawler)"
40.77.167.132 - - [29/Apr/2026:01:11:17 +0200] "GET /items/S601282277/ HTTP/1.1" 200 13 "-" "Mozilla/5.0 AppleWebKit/537.36 (KHTML, like Gecko; compatible; bingbot/2.0; +http://www.bing.com/bingbot.htm) Chrome/116.0.1938.76 Safari/537.36"
66.249.64.128 - - [29/Apr/2026:01:11:18 +0200] "GET /items/B343898364/ HTTP/1.1" 200 80793 "-" "Mozilla/5.0 (Linux; Android 6.0.1; Nexus 5X Build/MMB29P) AppleWebKit/537.36 (KHTML, like Gecko) Chrome/147.0.7727.116 Mobile Safari/537.36 (compatible; Googlebot/2.1; +http://www.google.com/bot.html)"
2a03:2880:f806:a:: - - [29/Apr/2026:01:11:19 +0200] "GET /items/S607324038/ HTTP/1.1" 200 0 "-" "meta-webindexer/1.1 (+https://developers.facebook.com/docs/sharing/webmasters/crawler)"
2a03:2880:f806:22:: - - [29/Apr/2026:01:11:20 +0200] "GET /items/S601010785/ HTTP/1.1" 200 0 "-" "meta-webindexer/1.1 (+https://developers.facebook.com/docs/sharing/webmasters/crawler)"
66.249.64.128 - - [29/Apr/2026:01:11:21 +0200] "GET /cate-81-91 HTTP/1.1" 200 70722 "-" "Mozilla/5.0 (Linux; Android 6.0.1; Nexus 5X Build/MMB29P) AppleWebKit/537.36 (KHTML, like Gecko) Chrome/147.0.7727.116 Mobile Safari/537.36 (compatible; Googlebot/2.1; +http://www.google.com/bot.html)"
2a03:2880:f806:49:: - - [29/Apr/2026:01:11:33 +0200] "GET /items/S607755990/ HTTP/1.1" 200 0 "-" "meta-webindexer/1.1 (+https://developers.facebook.com/docs/sharing/webmasters/crawler)"
66.249.64.128 - - [29/Apr/2026:01:11:19 +0200] "GET /items/Z562863971/ HTTP/1.1" 200 15 "-" "Mozilla/5.0 (Linux; Android 6.0.1; Nexus 5X Build/MMB29P) AppleWebKit/537.36 (KHTML, like Gecko) Chrome/147.0.7727.116 Mobile Safari/537.36 (compatible; Googlebot/2.1; +http://www.google.com/bot.html)"
2a03:2880:f806:44:: - - [29/Apr/2026:01:11:06 +0200] "GET /items/S603144910/ HTTP/1.1" 200 0 "-" "meta-webindexer/1.1 (+https://developers.facebook.com/docs/sharing/webmasters/crawler)"
66.249.64.128 - - [29/Apr/2026:01:11:09 +0200] "GET /detail/98930257 HTTP/1.1" 200 87423 "-" "Mozilla/5.0 (Linux; Android 6.0.1; Nexus 5X Build/MMB29P) AppleWebKit/537.36 (KHTML, like Gecko) Chrome/147.0.7727.116 Mobile Safari/537.36 (compatible; Googlebot/2.1; +http://www.google.com/bot.html)"
66.249.64.128 - - [29/Apr/2026:01:11:10 +0200] "GET /items/U244367694/ HTTP/1.1" 200 82436 "-" "Mozilla/5.0 (Linux; Android 6.0.1; Nexus 5X Build/MMB29P) AppleWebKit/537.36 (KHTML, like Gecko) Chrome/147.0.7727.116 Mobile Safari/537.36 (compatible; Googlebot/2.1; +http://www.google.com/bot.html)"
192.178.4.96 - - [29/Apr/2026:01:11:12 +0200] "GET /detail/431640881 HTTP/1.1" 200 100922 "-" "Mozilla/5.0 (Linux; Android 6.0.1; Nexus 5X Build/MMB29P) AppleWebKit/537.36 (KHTML, like Gecko) Chrome/147.0.7727.116 Mobile Safari/537.36 (compatible; Googlebot/2.1; +http://www.google.com/bot.html)"
2a03:2880:f806:17:: - - [29/Apr/2026:01:11:13 +0200] "GET /items/S605989275/ HTTP/1.1" 200 0 "-" "meta-webindexer/1.1 (+https://developers.facebook.com/docs/sharing/webmasters/crawler)"
2a03:2880:f806:22:: - - [29/Apr/2026:01:11:14 +0200] "GET /items/S604008941/ HTTP/1.1" 200 0 "-" "meta-webindexer/1.1 (+https://developers.facebook.com/docs/sharing/webmasters/crawler)"
66.249.64.128 - - [29/Apr/2026:01:11:16 +0200] "GET /items/K527406285/ HTTP/1.1" 200 87514 "-" "Mozilla/5.0 (Linux; Android 6.0.1; Nexus 5X Build/MMB29P) AppleWebKit/537.36 (KHTML, like Gecko) Chrome/147.0.7727.116 Mobile Safari/537.36 (compatible; Googlebot/2.1; +http://www.google.com/bot.html)"
2a03:2880:f806:8:: - - [29/Apr/2026:01:11:17 +0200] "GET /items/S606761743/ HTTP/1.1" 200 0 "-" "meta-webindexer/1.1 (+https://developers.facebook.com/docs/sharing/webmasters/crawler)"
92.222.108.105 - - [29/Apr/2026:01:11:18 +0200] "GET /detail/66951087 HTTP/1.1" 200 0 "-" "Mozilla/5.0 (compatible; AhrefsBot/7.0; +http://ahrefs.com/robot/)"
2a03:2880:f806:13:: - - [29/Apr/2026:01:11:24 +0200] "GET /apostolessxhk.xml HTTP/1.1" 200 0 "-" "meta-webindexer/1.1 (+https://developers.facebook.com/docs/sharing/webmasters/crawler)"
2a03:2880:f806:42:: - - [29/Apr/2026:01:11:25 +0200] "GET /items/S603180303/ HTTP/1.1" 200 0 "-" "meta-webindexer/1.1 (+https://developers.facebook.com/docs/sharing/webmasters/crawler)"
2a03:2880:f806:27:: - - [29/Apr/2026:01:11:28 +0200] "GET /items/S606698200/ HTTP/1.1" 200 0 "-" "meta-webindexer/1.1 (+https://developers.facebook.com/docs/sharing/webmasters/crawler)"
2a03:2880:f806:2d:: - - [29/Apr/2026:01:11:31 +0200] "GET /items/S606039882/ HTTP/1.1" 200 0 "-" "meta-webindexer/1.1 (+https://developers.facebook.com/docs/sharing/webmasters/crawler)"
66.249.64.128 - - [29/Apr/2026:01:11:25 +0200] "GET /items/H003573778/ HTTP/1.1" 200 75450 "-" "Mozilla/5.0 (Linux; Android 6.0.1; Nexus 5X Build/MMB29P) AppleWebKit/537.36 (KHTML, like Gecko) Chrome/147.0.7727.116 Mobile Safari/537.36 (compatible; Googlebot/2.1; +http://www.google.com/bot.html)"
2a03:2880:f806:40:: - - [29/Apr/2026:01:11:32 +0200] "GET /items/S605211926/ HTTP/1.1" 200 0 "-" "meta-webindexer/1.1 (+https://developers.facebook.com/docs/sharing/webmasters/crawler)"
66.249.64.128 - - [29/Apr/2026:01:11:22 +0200] "GET /items/P643207306/ HTTP/1.1" 200 74361 "-" "Mozilla/5.0 (Linux; Android 6.0.1; Nexus 5X Build/MMB29P) AppleWebKit/537.36 (KHTML, like Gecko) Chrome/147.0.7727.116 Mobile Safari/537.36 (compatible; Googlebot/2.1; +http://www.google.com/bot.html)"
40.77.167.156 - - [29/Apr/2026:01:11:32 +0200] "GET /items/S606813331/ HTTP/1.1" 200 13 "-" "Mozilla/5.0 AppleWebKit/537.36 (KHTML, like Gecko; compatible; bingbot/2.0; +http://www.bing.com/bingbot.htm) Chrome/116.0.1938.76 Safari/537.36"
2a03:2880:f806:3e:: - - [29/Apr/2026:01:11:26 +0200] "GET /items/S602296419/ HTTP/1.1" 200 0 "-" "meta-webindexer/1.1 (+https://developers.facebook.com/docs/sharing/webmasters/crawler)"
66.249.64.128 - - [29/Apr/2026:01:11:32 +0200] "GET /items/S773828182/ HTTP/1.1" 200 80707 "-" "Mozilla/5.0 (Linux; Android 6.0.1; Nexus 5X Build/MMB29P) AppleWebKit/537.36 (KHTML, like Gecko) Chrome/147.0.7727.116 Mobile Safari/537.36 (compatible; Googlebot/2.1; +http://www.google.com/bot.html)"
2a03:2880:f806:17:: - - [29/Apr/2026:01:11:34 +0200] "GET /items/S602045117/ HTTP/1.1" 200 0 "-" "meta-webindexer/1.1 (+https://developers.facebook.com/docs/sharing/webmasters/crawler)"
192.178.4.96 - - [29/Apr/2026:01:11:37 +0200] "GET /detail/196760565 HTTP/1.1" 200 72561 "-" "Mozilla/5.0 (Linux; Android 6.0.1; Nexus 5X Build/MMB29P) AppleWebKit/537.36 (KHTML, like Gecko) Chrome/147.0.7727.116 Mobile Safari/537.36 (compatible; Googlebot/2.1; +http://www.google.com/bot.html)"
40.77.167.156 - - [29/Apr/2026:01:11:35 +0200] "GET /items/S602041175/ HTTP/1.1" 200 13 "-" "Mozilla/5.0 AppleWebKit/537.36 (KHTML, like Gecko; compatible; bingbot/2.0; +http://www.bing.com/bingbot.htm) Chrome/116.0.1938.76 Safari/537.36"
52.167.144.159 - - [29/Apr/2026:01:11:36 +0200] "GET /items/S606745932/ HTTP/1.1" 200 13 "-" "Mozilla/5.0 AppleWebKit/537.36 (KHTML, like Gecko; compatible; bingbot/2.0; +http://www.bing.com/bingbot.htm) Chrome/116.0.1938.76 Safari/537.36"
192.178.4.96 - - [29/Apr/2026:01:11:39 +0200] "GET /detail/313156504 HTTP/1.1" 200 83994 "-" "Mozilla/5.0 (Linux; Android 6.0.1; Nexus 5X Build/MMB29P) AppleWebKit/537.36 (KHTML, like Gecko) Chrome/147.0.7727.116 Mobile Safari/537.36 (compatible; Googlebot/2.1; +http://www.google.com/bot.html)"
40.77.167.156 - - [29/Apr/2026:01:11:40 +0200] "GET /items/S602769643/ HTTP/1.1" 200 13 "-" "Mozilla/5.0 AppleWebKit/537.36 (KHTML, like Gecko; compatible; bingbot/2.0; +http://www.bing.com/bingbot.htm) Chrome/116.0.1938.76 Safari/537.36"
52.167.144.159 - - [29/Apr/2026:01:11:42 +0200] "GET /items/S604733070/ HTTP/1.1" 200 13 "-" "Mozilla/5.0 AppleWebKit/537.36 (KHTML, like Gecko; compatible; bingbot/2.0; +http://www.bing.com/bingbot.htm) Chrome/116.0.1938.76 Safari/537.36"
66.249.64.128 - - [29/Apr/2026:01:11:24 +0200] "GET /detail/330953521 HTTP/1.1" 200 15 "-" "Mozilla/5.0 (Linux; Android 6.0.1; Nexus 5X Build/MMB29P) AppleWebKit/537.36 (KHTML, like Gecko) Chrome/147.0.7727.116 Mobile Safari/537.36 (compatible; Googlebot/2.1; +http://www.google.com/bot.html)"
2a03:2880:f806:c:: - - [29/Apr/2026:01:11:44 +0200] "GET /items/S601353716/ HTTP/1.1" 200 0 "-" "meta-webindexer/1.1 (+https://developers.facebook.com/docs/sharing/webmasters/crawler)"
2a03:2880:f806:13:: - - [29/Apr/2026:01:11:44 +0200] "GET /items/S601542129/ HTTP/1.1" 200 0 "-" "meta-webindexer/1.1 (+https://developers.facebook.com/docs/sharing/webmasters/crawler)"
40.77.167.156 - - [29/Apr/2026:01:11:44 +0200] "GET /items/S604048590/ HTTP/1.1" 200 13 "-" "Mozilla/5.0 AppleWebKit/537.36 (KHTML, like Gecko; compatible; bingbot/2.0; +http://www.bing.com/bingbot.htm) Chrome/116.0.1938.76 Safari/537.36"
2a03:2880:f806:16:: - - [29/Apr/2026:01:11:29 +0200] "GET /items/S604926371/ HTTP/1.1" 200 15 "-" "meta-webindexer/1.1 (+https://developers.facebook.com/docs/sharing/webmasters/crawler)"
2a03:2880:f806:2:: - - [29/Apr/2026:01:11:48 +0200] "GET /items/S603574142/ HTTP/1.1" 200 0 "-" "meta-webindexer/1.1 (+https://developers.facebook.com/docs/sharing/webmasters/crawler)"
2a03:2880:f806:18:: - - [29/Apr/2026:01:11:54 +0200] "GET /items/S604463779/ HTTP/1.1" 200 0 "-" "meta-webindexer/1.1 (+https://developers.facebook.com/docs/sharing/webmasters/crawler)"
192.178.4.96 - - [29/Apr/2026:01:11:47 +0200] "GET /detail/492602034 HTTP/1.1" 200 75913 "-" "Mozilla/5.0 (Linux; Android 6.0.1; Nexus 5X Build/MMB29P) AppleWebKit/537.36 (KHTML, like Gecko) Chrome/147.0.7727.116 Mobile Safari/537.36 (compatible; Googlebot/2.1; +http://www.google.com/bot.html)"
2a03:2880:f806:: - - [29/Apr/2026:01:11:56 +0200] "GET /items/S601336359/ HTTP/1.1" 200 0 "-" "meta-webindexer/1.1 (+https://developers.facebook.com/docs/sharing/webmasters/crawler)"
2a03:2880:f806:47:: - - [29/Apr/2026:01:11:37 +0200] "GET /items/S606358689/ HTTP/1.1" 200 15 "-" "meta-webindexer/1.1 (+https://developers.facebook.com/docs/sharing/webmasters/crawler)"
40.77.167.156 - - [29/Apr/2026:01:11:39 +0200] "GET /items/S603924366/ HTTP/1.1" 200 13 "-" "Mozilla/5.0 AppleWebKit/537.36 (KHTML, like Gecko; compatible; bingbot/2.0; +http://www.bing.com/bingbot.htm) Chrome/116.0.1938.76 Safari/537.36"
40.77.167.156 - - [29/Apr/2026:01:11:42 +0200] "GET /items/S602748679/ HTTP/1.1" 200 13 "-" "Mozilla/5.0 AppleWebKit/537.36 (KHTML, like Gecko; compatible; bingbot/2.0; +http://www.bing.com/bingbot.htm) Chrome/116.0.1938.76 Safari/537.36"
192.178.4.96 - - [29/Apr/2026:01:11:24 +0200] "GET /detail/445064295 HTTP/1.1" 200 15 "-" "Mozilla/5.0 (Linux; Android 6.0.1; Nexus 5X Build/MMB29P) AppleWebKit/537.36 (KHTML, like Gecko) Chrome/147.0.7727.116 Mobile Safari/537.36 (compatible; Googlebot/2.1; +http://www.google.com/bot.html)"
192.178.4.96 - - [29/Apr/2026:01:11:45 +0200] "GET /detail/347660175 HTTP/1.1" 200 73429 "-" "Mozilla/5.0 (Linux; Android 6.0.1; Nexus 5X Build/MMB29P) AppleWebKit/537.36 (KHTML, like Gecko) Chrome/147.0.7727.116 Mobile Safari/537.36 (compatible; Googlebot/2.1; +http://www.google.com/bot.html)"
2a03:2880:f806:6:: - - [29/Apr/2026:01:11:36 +0200] "GET /items/S605324102/ HTTP/1.1" 200 0 "-" "meta-webindexer/1.1 (+https://developers.facebook.com/docs/sharing/webmasters/crawler)"
2a03:2880:f806:1c:: - - [29/Apr/2026:01:11:47 +0200] "GET /items/S602475490/ HTTP/1.1" 200 0 "-" "meta-webindexer/1.1 (+https://developers.facebook.com/docs/sharing/webmasters/crawler)"
