2a03:2880:f806:9:: - - [29/Apr/2026:00:40:37 +0200] "GET /items/S607431668/ HTTP/1.1" 200 0 "-" "meta-webindexer/1.1 (+https://developers.facebook.com/docs/sharing/webmasters/crawler)"
66.249.64.128 - - [29/Apr/2026:00:40:27 +0200] "GET /items/O513500275/ HTTP/1.1" 200 71226 "-" "Mozilla/5.0 (Linux; Android 6.0.1; Nexus 5X Build/MMB29P) AppleWebKit/537.36 (KHTML, like Gecko) Chrome/147.0.7727.116 Mobile Safari/537.36 (compatible; Googlebot/2.1; +http://www.google.com/bot.html)"
66.249.64.129 - - [29/Apr/2026:00:40:28 +0200] "GET /items/Q932832744/ HTTP/1.1" 200 77018 "-" "Mozilla/5.0 (Linux; Android 6.0.1; Nexus 5X Build/MMB29P) AppleWebKit/537.36 (KHTML, like Gecko) Chrome/147.0.7727.116 Mobile Safari/537.36 (compatible; Googlebot/2.1; +http://www.google.com/bot.html)"
2a03:2880:f806:24:: - - [29/Apr/2026:00:40:29 +0200] "GET /items/S605818783/ HTTP/1.1" 200 0 "-" "meta-webindexer/1.1 (+https://developers.facebook.com/docs/sharing/webmasters/crawler)"
192.178.4.96 - - [29/Apr/2026:00:40:30 +0200] "GET /detail/91277631 HTTP/1.1" 200 81362 "-" "Mozilla/5.0 (Linux; Android 6.0.1; Nexus 5X Build/MMB29P) AppleWebKit/537.36 (KHTML, like Gecko) Chrome/147.0.7727.116 Mobile Safari/537.36 (compatible; Googlebot/2.1; +http://www.google.com/bot.html)"
66.249.64.129 - - [29/Apr/2026:00:40:33 +0200] "GET /detail/432235218 HTTP/1.1" 200 79206 "-" "Mozilla/5.0 (Linux; Android 6.0.1; Nexus 5X Build/MMB29P) AppleWebKit/537.36 (KHTML, like Gecko) Chrome/147.0.7727.116 Mobile Safari/537.36 (compatible; Googlebot/2.1; +http://www.google.com/bot.html)"
66.249.64.129 - - [29/Apr/2026:00:40:38 +0200] "GET /detail/194420063 HTTP/1.1" 200 90252 "-" "Mozilla/5.0 (Linux; Android 6.0.1; Nexus 5X Build/MMB29P) AppleWebKit/537.36 (KHTML, like Gecko) Chrome/147.0.7727.116 Mobile Safari/537.36 (compatible; Googlebot/2.1; +http://www.google.com/bot.html)"
66.249.64.128 - - [29/Apr/2026:00:40:39 +0200] "GET /detail/595517246 HTTP/1.1" 200 73499 "-" "Mozilla/5.0 (Linux; Android 6.0.1; Nexus 5X Build/MMB29P) AppleWebKit/537.36 (KHTML, like Gecko) Chrome/147.0.7727.116 Mobile Safari/537.36 (compatible; Googlebot/2.1; +http://www.google.com/bot.html)"
2a03:2880:f806:41:: - - [29/Apr/2026:00:40:40 +0200] "GET /items/S605153900/ HTTP/1.1" 200 0 "-" "meta-webindexer/1.1 (+https://developers.facebook.com/docs/sharing/webmasters/crawler)"
2a03:2880:f806:e:: - - [29/Apr/2026:00:40:37 +0200] "GET /items/S605920149/ HTTP/1.1" 200 0 "-" "meta-webindexer/1.1 (+https://developers.facebook.com/docs/sharing/webmasters/crawler)"
192.178.4.96 - - [29/Apr/2026:00:40:40 +0200] "GET /detail/682041537 HTTP/1.1" 200 81661 "-" "Mozilla/5.0 (Linux; Android 6.0.1; Nexus 5X Build/MMB29P) AppleWebKit/537.36 (KHTML, like Gecko) Chrome/147.0.7727.116 Mobile Safari/537.36 (compatible; Googlebot/2.1; +http://www.google.com/bot.html)"
2a03:2880:f806:4e:: - - [29/Apr/2026:00:40:41 +0200] "GET /items/S607375290/ HTTP/1.1" 200 0 "-" "meta-webindexer/1.1 (+https://developers.facebook.com/docs/sharing/webmasters/crawler)"
5.39.109.172 - - [29/Apr/2026:00:40:43 +0200] "GET /detail/34957917 HTTP/1.1" 200 0 "-" "Mozilla/5.0 (compatible; AhrefsBot/7.0; +http://ahrefs.com/robot/)"
2a03:2880:f806:1:: - - [29/Apr/2026:00:40:44 +0200] "GET /items/S603945801/ HTTP/1.1" 200 0 "-" "meta-webindexer/1.1 (+https://developers.facebook.com/docs/sharing/webmasters/crawler)"
192.178.4.98 - - [29/Apr/2026:00:40:44 +0200] "GET /detail/529725269 HTTP/1.1" 200 78349 "-" "Mozilla/5.0 (Linux; Android 6.0.1; Nexus 5X Build/MMB29P) AppleWebKit/537.36 (KHTML, like Gecko) Chrome/147.0.7727.116 Mobile Safari/537.36 (compatible; Googlebot/2.1; +http://www.google.com/bot.html)"
2a03:2880:f806:21:: - - [29/Apr/2026:00:40:49 +0200] "GET /items/S601879598/ HTTP/1.1" 200 0 "-" "meta-webindexer/1.1 (+https://developers.facebook.com/docs/sharing/webmasters/crawler)"
192.178.4.99 - - [29/Apr/2026:00:40:50 +0200] "GET /detail/689320772 HTTP/1.1" 200 75323 "-" "Mozilla/5.0 (Linux; Android 6.0.1; Nexus 5X Build/MMB29P) AppleWebKit/537.36 (KHTML, like Gecko) Chrome/147.0.7727.116 Mobile Safari/537.36 (compatible; Googlebot/2.1; +http://www.google.com/bot.html)"
192.178.4.96 - - [29/Apr/2026:00:40:43 +0200] "GET /detail/138439663 HTTP/1.1" 200 77666 "-" "Mozilla/5.0 (Linux; Android 6.0.1; Nexus 5X Build/MMB29P) AppleWebKit/537.36 (KHTML, like Gecko) Chrome/147.0.7727.116 Mobile Safari/537.36 (compatible; Googlebot/2.1; +http://www.google.com/bot.html)"
2a03:2880:f806:9:: - - [29/Apr/2026:00:40:45 +0200] "GET /items/S603175712/ HTTP/1.1" 200 0 "-" "meta-webindexer/1.1 (+https://developers.facebook.com/docs/sharing/webmasters/crawler)"
192.178.4.98 - - [29/Apr/2026:00:40:45 +0200] "GET /detail/82038769 HTTP/1.1" 200 78619 "-" "Mozilla/5.0 (Linux; Android 6.0.1; Nexus 5X Build/MMB29P) AppleWebKit/537.36 (KHTML, like Gecko) Chrome/147.0.7727.116 Mobile Safari/537.36 (compatible; Googlebot/2.1; +http://www.google.com/bot.html)"
2a03:2880:f806:a:: - - [29/Apr/2026:00:40:46 +0200] "GET /items/S605599395/ HTTP/1.1" 200 0 "-" "meta-webindexer/1.1 (+https://developers.facebook.com/docs/sharing/webmasters/crawler)"
192.178.4.98 - - [29/Apr/2026:00:40:31 +0200] "GET /detail/398066418 HTTP/1.1" 200 15 "-" "Mozilla/5.0 (Linux; Android 6.0.1; Nexus 5X Build/MMB29P) AppleWebKit/537.36 (KHTML, like Gecko) Chrome/147.0.7727.116 Mobile Safari/537.36 (compatible; Googlebot/2.1; +http://www.google.com/bot.html)"
2a03:2880:f806:29:: - - [29/Apr/2026:00:40:50 +0200] "GET /items/S602072370/ HTTP/1.1" 200 0 "-" "meta-webindexer/1.1 (+https://developers.facebook.com/docs/sharing/webmasters/crawler)"
66.249.64.129 - - [29/Apr/2026:00:40:50 +0200] "GET /items/T391015157/ HTTP/1.1" 200 77100 "-" "Mozilla/5.0 (Linux; Android 6.0.1; Nexus 5X Build/MMB29P) AppleWebKit/537.36 (KHTML, like Gecko) Chrome/147.0.7727.116 Mobile Safari/537.36 (compatible; Googlebot/2.1; +http://www.google.com/bot.html)"
2a03:2880:f806:15:: - - [29/Apr/2026:00:40:54 +0200] "GET /items/S601561952/ HTTP/1.1" 200 0 "-" "meta-webindexer/1.1 (+https://developers.facebook.com/docs/sharing/webmasters/crawler)"
192.178.4.98 - - [29/Apr/2026:00:40:48 +0200] "GET /detail/126362455 HTTP/1.1" 200 86944 "-" "Mozilla/5.0 (Linux; Android 6.0.1; Nexus 5X Build/MMB29P) AppleWebKit/537.36 (KHTML, like Gecko) Chrome/147.0.7727.116 Mobile Safari/537.36 (compatible; Googlebot/2.1; +http://www.google.com/bot.html)"
192.178.4.99 - - [29/Apr/2026:00:40:55 +0200] "GET /detail/676136680 HTTP/1.1" 200 92204 "-" "Mozilla/5.0 (Linux; Android 6.0.1; Nexus 5X Build/MMB29P) AppleWebKit/537.36 (KHTML, like Gecko) Chrome/147.0.7727.116 Mobile Safari/537.36 (compatible; Googlebot/2.1; +http://www.google.com/bot.html)"
2a03:2880:f806:48:: - - [29/Apr/2026:00:40:57 +0200] "GET /items/S603187895/ HTTP/1.1" 200 0 "-" "meta-webindexer/1.1 (+https://developers.facebook.com/docs/sharing/webmasters/crawler)"
192.178.4.99 - - [29/Apr/2026:00:40:54 +0200] "GET /detail/437297171 HTTP/1.1" 200 72601 "-" "Mozilla/5.0 (Linux; Android 6.0.1; Nexus 5X Build/MMB29P) AppleWebKit/537.36 (KHTML, like Gecko) Chrome/147.0.7727.116 Mobile Safari/537.36 (compatible; Googlebot/2.1; +http://www.google.com/bot.html)"
66.249.64.129 - - [29/Apr/2026:00:41:00 +0200] "GET /detail/193948275 HTTP/1.1" 200 91220 "-" "Mozilla/5.0 (Linux; Android 6.0.1; Nexus 5X Build/MMB29P) AppleWebKit/537.36 (KHTML, like Gecko) Chrome/147.0.7727.116 Mobile Safari/537.36 (compatible; Googlebot/2.1; +http://www.google.com/bot.html)"
2a03:2880:f806:1a:: - - [29/Apr/2026:00:40:43 +0200] "GET /items/S605421383/ HTTP/1.1" 200 15 "-" "meta-webindexer/1.1 (+https://developers.facebook.com/docs/sharing/webmasters/crawler)"
2a03:2880:f806:41:: - - [29/Apr/2026:00:41:02 +0200] "GET /items/S604934563/ HTTP/1.1" 200 0 "-" "meta-webindexer/1.1 (+https://developers.facebook.com/docs/sharing/webmasters/crawler)"
2a03:2880:f806:4b:: - - [29/Apr/2026:00:40:57 +0200] "GET /items/S606674108/ HTTP/1.1" 200 0 "-" "meta-webindexer/1.1 (+https://developers.facebook.com/docs/sharing/webmasters/crawler)"
192.178.4.96 - - [29/Apr/2026:00:40:35 +0200] "GET /detail/115040699 HTTP/1.1" 200 76380 "-" "Mozilla/5.0 (Linux; Android 6.0.1; Nexus 5X Build/MMB29P) AppleWebKit/537.36 (KHTML, like Gecko) Chrome/147.0.7727.116 Mobile Safari/537.36 (compatible; Googlebot/2.1; +http://www.google.com/bot.html)"
192.178.4.96 - - [29/Apr/2026:00:40:34 +0200] "GET /detail/371527288 HTTP/1.1" 200 75780 "-" "Mozilla/5.0 (Linux; Android 6.0.1; Nexus 5X Build/MMB29P) AppleWebKit/537.36 (KHTML, like Gecko) Chrome/147.0.7727.116 Mobile Safari/537.36 (compatible; Googlebot/2.1; +http://www.google.com/bot.html)"
66.249.64.128 - - [29/Apr/2026:00:40:36 +0200] "GET /items/S184099979/ HTTP/1.1" 200 75980 "-" "Mozilla/5.0 (Linux; Android 6.0.1; Nexus 5X Build/MMB29P) AppleWebKit/537.36 (KHTML, like Gecko) Chrome/147.0.7727.116 Mobile Safari/537.36 (compatible; Googlebot/2.1; +http://www.google.com/bot.html)"
66.249.64.129 - - [29/Apr/2026:00:40:38 +0200] "GET /items/Y701623889/ HTTP/1.1" 200 84446 "-" "Mozilla/5.0 (Linux; Android 6.0.1; Nexus 5X Build/MMB29P) AppleWebKit/537.36 (KHTML, like Gecko) Chrome/147.0.7727.116 Mobile Safari/537.36 (compatible; Googlebot/2.1; +http://www.google.com/bot.html)"
66.249.64.129 - - [29/Apr/2026:00:40:41 +0200] "GET /items/B145088201/ HTTP/1.1" 200 76537 "-" "Mozilla/5.0 (Linux; Android 6.0.1; Nexus 5X Build/MMB29P) AppleWebKit/537.36 (KHTML, like Gecko) Chrome/147.0.7727.116 Mobile Safari/537.36 (compatible; Googlebot/2.1; +http://www.google.com/bot.html)"
192.178.4.96 - - [29/Apr/2026:00:40:42 +0200] "GET /items/K721752890/ HTTP/1.1" 200 90172 "-" "Mozilla/5.0 (compatible; Googlebot/2.1; +http://www.google.com/bot.html)"
192.178.4.98 - - [29/Apr/2026:00:40:45 +0200] "GET /detail/634556502 HTTP/1.1" 200 72754 "-" "Mozilla/5.0 (Linux; Android 6.0.1; Nexus 5X Build/MMB29P) AppleWebKit/537.36 (KHTML, like Gecko) Chrome/147.0.7727.116 Mobile Safari/537.36 (compatible; Googlebot/2.1; +http://www.google.com/bot.html)"
66.249.64.129 - - [29/Apr/2026:00:40:46 +0200] "GET /items/C143730919/ HTTP/1.1" 200 72637 "-" "Mozilla/5.0 (Linux; Android 6.0.1; Nexus 5X Build/MMB29P) AppleWebKit/537.36 (KHTML, like Gecko) Chrome/147.0.7727.116 Mobile Safari/537.36 (compatible; Googlebot/2.1; +http://www.google.com/bot.html)"
66.249.64.129 - - [29/Apr/2026:00:40:51 +0200] "GET /items/J127348243/ HTTP/1.1" 200 73438 "-" "Mozilla/5.0 (Linux; Android 6.0.1; Nexus 5X Build/MMB29P) AppleWebKit/537.36 (KHTML, like Gecko) Chrome/147.0.7727.116 Mobile Safari/537.36 (compatible; Googlebot/2.1; +http://www.google.com/bot.html)"
66.249.64.128 - - [29/Apr/2026:00:40:49 +0200] "GET /items/O372843384/ HTTP/1.1" 200 81173 "-" "Mozilla/5.0 (Linux; Android 6.0.1; Nexus 5X Build/MMB29P) AppleWebKit/537.36 (KHTML, like Gecko) Chrome/147.0.7727.116 Mobile Safari/537.36 (compatible; Googlebot/2.1; +http://www.google.com/bot.html)"
176.31.139.21 - - [29/Apr/2026:00:40:55 +0200] "GET /detail/415256577 HTTP/1.1" 200 0 "-" "Mozilla/5.0 (compatible; AhrefsBot/7.0; +http://ahrefs.com/robot/)"
66.249.64.128 - - [29/Apr/2026:00:40:52 +0200] "GET /cate-114-124 HTTP/1.1" 200 81267 "-" "Mozilla/5.0 (Linux; Android 6.0.1; Nexus 5X Build/MMB29P) AppleWebKit/537.36 (KHTML, like Gecko) Chrome/147.0.7727.116 Mobile Safari/537.36 (compatible; Googlebot/2.1; +http://www.google.com/bot.html)"
192.178.4.98 - - [29/Apr/2026:00:40:57 +0200] "GET /detail/568411690 HTTP/1.1" 200 93698 "-" "Mozilla/5.0 (Linux; Android 6.0.1; Nexus 5X Build/MMB29P) AppleWebKit/537.36 (KHTML, like Gecko) Chrome/147.0.7727.116 Mobile Safari/537.36 (compatible; Googlebot/2.1; +http://www.google.com/bot.html)"
2a03:2880:f806:26:: - - [29/Apr/2026:00:40:59 +0200] "GET /items/S602776733/ HTTP/1.1" 200 0 "-" "meta-webindexer/1.1 (+https://developers.facebook.com/docs/sharing/webmasters/crawler)"
2a03:2880:f806:22:: - - [29/Apr/2026:00:41:06 +0200] "GET /items/S605797410/ HTTP/1.1" 200 0 "-" "meta-webindexer/1.1 (+https://developers.facebook.com/docs/sharing/webmasters/crawler)"
2a03:2880:f806:6:: - - [29/Apr/2026:00:41:04 +0200] "GET /items/S605014425/ HTTP/1.1" 200 0 "-" "meta-webindexer/1.1 (+https://developers.facebook.com/docs/sharing/webmasters/crawler)"
2a03:2880:f806:51:: - - [29/Apr/2026:00:41:10 +0200] "GET /items/S601209036/ HTTP/1.1" 200 0 "-" "meta-webindexer/1.1 (+https://developers.facebook.com/docs/sharing/webmasters/crawler)"
192.178.4.98 - - [29/Apr/2026:00:41:08 +0200] "GET /detail/70558077 HTTP/1.1" 200 78800 "-" "Mozilla/5.0 (Linux; Android 6.0.1; Nexus 5X Build/MMB29P) AppleWebKit/537.36 (KHTML, like Gecko) Chrome/147.0.7727.116 Mobile Safari/537.36 (compatible; Googlebot/2.1; +http://www.google.com/bot.html)"
5.39.1.236 - - [29/Apr/2026:00:41:11 +0200] "GET /detail/91450589 HTTP/1.1" 200 0 "-" "Mozilla/5.0 (compatible; AhrefsBot/7.0; +http://ahrefs.com/robot/)"
66.249.64.128 - - [29/Apr/2026:00:40:59 +0200] "GET /items/A626102689/ HTTP/1.1" 200 74501 "-" "Mozilla/5.0 (Linux; Android 6.0.1; Nexus 5X Build/MMB29P) AppleWebKit/537.36 (KHTML, like Gecko) Chrome/147.0.7727.116 Mobile Safari/537.36 (compatible; Googlebot/2.1; +http://www.google.com/bot.html)"
2a03:2880:f806:19:: - - [29/Apr/2026:00:41:14 +0200] "GET /items/S607148606/ HTTP/1.1" 200 0 "-" "meta-webindexer/1.1 (+https://developers.facebook.com/docs/sharing/webmasters/crawler)"
192.178.4.96 - - [29/Apr/2026:00:40:56 +0200] "GET /detail/238361212 HTTP/1.1" 200 15 "-" "Mozilla/5.0 (Linux; Android 6.0.1; Nexus 5X Build/MMB29P) AppleWebKit/537.36 (KHTML, like Gecko) Chrome/147.0.7727.116 Mobile Safari/537.36 (compatible; Googlebot/2.1; +http://www.google.com/bot.html)"
192.178.4.96 - - [29/Apr/2026:00:41:14 +0200] "GET /items/N011031880/ HTTP/1.1" 200 77872 "-" "Mozilla/5.0 (compatible; Googlebot/2.1; +http://www.google.com/bot.html)"
2a03:2880:f806:43:: - - [29/Apr/2026:00:41:16 +0200] "GET /items/S603119042/ HTTP/1.1" 200 0 "-" "meta-webindexer/1.1 (+https://developers.facebook.com/docs/sharing/webmasters/crawler)"
2a03:2880:f806:49:: - - [29/Apr/2026:00:41:16 +0200] "GET /items/S604979516/ HTTP/1.1" 200 0 "-" "meta-webindexer/1.1 (+https://developers.facebook.com/docs/sharing/webmasters/crawler)"
66.249.64.128 - - [29/Apr/2026:00:41:11 +0200] "GET /detail/332978590 HTTP/1.1" 200 77877 "-" "Mozilla/5.0 (Linux; Android 6.0.1; Nexus 5X Build/MMB29P) AppleWebKit/537.36 (KHTML, like Gecko) Chrome/147.0.7727.116 Mobile Safari/537.36 (compatible; Googlebot/2.1; +http://www.google.com/bot.html)"
66.249.64.128 - - [29/Apr/2026:00:41:16 +0200] "GET /items/W435507112/ HTTP/1.1" 200 71810 "-" "Mozilla/5.0 (Linux; Android 6.0.1; Nexus 5X Build/MMB29P) AppleWebKit/537.36 (KHTML, like Gecko) Chrome/147.0.7727.116 Mobile Safari/537.36 (compatible; Googlebot/2.1; +http://www.google.com/bot.html)"
192.178.4.98 - - [29/Apr/2026:00:41:17 +0200] "GET /detail/300898586 HTTP/1.1" 200 77086 "-" "Mozilla/5.0 (Linux; Android 6.0.1; Nexus 5X Build/MMB29P) AppleWebKit/537.36 (KHTML, like Gecko) Chrome/147.0.7727.116 Mobile Safari/537.36 (compatible; Googlebot/2.1; +http://www.google.com/bot.html)"
66.249.64.128 - - [29/Apr/2026:00:41:18 +0200] "GET /detail/502733965 HTTP/1.1" 200 77584 "-" "Mozilla/5.0 (Linux; Android 6.0.1; Nexus 5X Build/MMB29P) AppleWebKit/537.36 (KHTML, like Gecko) Chrome/147.0.7727.116 Mobile Safari/537.36 (compatible; Googlebot/2.1; +http://www.google.com/bot.html)"
66.249.64.128 - - [29/Apr/2026:00:41:19 +0200] "GET /items/X113883838/ HTTP/1.1" 200 80085 "-" "Mozilla/5.0 (Linux; Android 6.0.1; Nexus 5X Build/MMB29P) AppleWebKit/537.36 (KHTML, like Gecko) Chrome/147.0.7727.116 Mobile Safari/537.36 (compatible; Googlebot/2.1; +http://www.google.com/bot.html)"
192.178.4.98 - - [29/Apr/2026:00:41:19 +0200] "GET /detail/364800523 HTTP/1.1" 200 72528 "-" "Mozilla/5.0 (Linux; Android 6.0.1; Nexus 5X Build/MMB29P) AppleWebKit/537.36 (KHTML, like Gecko) Chrome/147.0.7727.116 Mobile Safari/537.36 (compatible; Googlebot/2.1; +http://www.google.com/bot.html)"
2a03:2880:f806:48:: - - [29/Apr/2026:00:40:52 +0200] "GET /items/S602361383/ HTTP/1.1" 200 0 "-" "meta-webindexer/1.1 (+https://developers.facebook.com/docs/sharing/webmasters/crawler)"
66.249.64.129 - - [29/Apr/2026:00:40:52 +0200] "GET /items/D027529216/ HTTP/1.1" 200 75601 "-" "Mozilla/5.0 (Linux; Android 6.0.1; Nexus 5X Build/MMB29P) AppleWebKit/537.36 (KHTML, like Gecko) Chrome/147.0.7727.116 Mobile Safari/537.36 (compatible; Googlebot/2.1; +http://www.google.com/bot.html)"
66.249.64.128 - - [29/Apr/2026:00:40:58 +0200] "GET /items/M283960283/ HTTP/1.1" 200 72391 "-" "Mozilla/5.0 (Linux; Android 6.0.1; Nexus 5X Build/MMB29P) AppleWebKit/537.36 (KHTML, like Gecko) Chrome/147.0.7727.116 Mobile Safari/537.36 (compatible; Googlebot/2.1; +http://www.google.com/bot.html)"
109.234.166.131 - - [29/Apr/2026:00:39:33 +0200] "GET /boss2026yt/54/index.php?id=292055 HTTP/1.1" 404 0 "-" "GO"
2a03:2880:f806:3f:: - - [29/Apr/2026:00:41:01 +0200] "GET /items/S601022138/ HTTP/1.1" 200 0 "-" "meta-webindexer/1.1 (+https://developers.facebook.com/docs/sharing/webmasters/crawler)"
192.178.4.99 - - [29/Apr/2026:00:40:54 +0200] "GET /detail/294813562 HTTP/1.1" 200 72462 "-" "Mozilla/5.0 (Linux; Android 6.0.1; Nexus 5X Build/MMB29P) AppleWebKit/537.36 (KHTML, like Gecko) Chrome/147.0.7727.116 Mobile Safari/537.36 (compatible; Googlebot/2.1; +http://www.google.com/bot.html)"
2a03:2880:f806:1c:: - - [29/Apr/2026:00:41:09 +0200] "GET /items/S607206980/ HTTP/1.1" 200 0 "-" "meta-webindexer/1.1 (+https://developers.facebook.com/docs/sharing/webmasters/crawler)"
66.249.64.128 - - [29/Apr/2026:00:41:12 +0200] "GET /items/B252849832/ HTTP/1.1" 200 79149 "-" "Mozilla/5.0 (Linux; Android 6.0.1; Nexus 5X Build/MMB29P) AppleWebKit/537.36 (KHTML, like Gecko) Chrome/147.0.7727.116 Mobile Safari/537.36 (compatible; Googlebot/2.1; +http://www.google.com/bot.html)"
66.249.64.128 - - [29/Apr/2026:00:41:16 +0200] "GET /detail/368493468 HTTP/1.1" 200 85936 "-" "Mozilla/5.0 (Linux; Android 6.0.1; Nexus 5X Build/MMB29P) AppleWebKit/537.36 (KHTML, like Gecko) Chrome/147.0.7727.116 Mobile Safari/537.36 (compatible; Googlebot/2.1; +http://www.google.com/bot.html)"
66.249.64.128 - - [29/Apr/2026:00:41:17 +0200] "GET /items/U547895071/ HTTP/1.1" 200 78130 "-" "Mozilla/5.0 (Linux; Android 6.0.1; Nexus 5X Build/MMB29P) AppleWebKit/537.36 (KHTML, like Gecko) Chrome/147.0.7727.116 Mobile Safari/537.36 (compatible; Googlebot/2.1; +http://www.google.com/bot.html)"
2a03:2880:f806:3e:: - - [29/Apr/2026:00:41:19 +0200] "GET /capitaomn.xml HTTP/1.1" 200 0 "-" "meta-webindexer/1.1 (+https://developers.facebook.com/docs/sharing/webmasters/crawler)"
192.178.4.98 - - [29/Apr/2026:00:41:19 +0200] "GET /detail/515796091 HTTP/1.1" 200 78911 "-" "Mozilla/5.0 (Linux; Android 6.0.1; Nexus 5X Build/MMB29P) AppleWebKit/537.36 (KHTML, like Gecko) Chrome/147.0.7727.116 Mobile Safari/537.36 (compatible; Googlebot/2.1; +http://www.google.com/bot.html)"
192.178.4.98 - - [29/Apr/2026:00:41:19 +0200] "GET /detail/57362609 HTTP/1.1" 200 81628 "-" "Mozilla/5.0 (Linux; Android 6.0.1; Nexus 5X Build/MMB29P) AppleWebKit/537.36 (KHTML, like Gecko) Chrome/147.0.7727.116 Mobile Safari/537.36 (compatible; Googlebot/2.1; +http://www.google.com/bot.html)"
192.178.4.98 - - [29/Apr/2026:00:41:20 +0200] "GET /detail/98014532 HTTP/1.1" 200 78986 "-" "Mozilla/5.0 (Linux; Android 6.0.1; Nexus 5X Build/MMB29P) AppleWebKit/537.36 (KHTML, like Gecko) Chrome/147.0.7727.116 Mobile Safari/537.36 (compatible; Googlebot/2.1; +http://www.google.com/bot.html)"
2a03:2880:f806:1a:: - - [29/Apr/2026:00:41:23 +0200] "GET /items/S603240094/ HTTP/1.1" 200 0 "-" "meta-webindexer/1.1 (+https://developers.facebook.com/docs/sharing/webmasters/crawler)"
192.178.4.96 - - [29/Apr/2026:00:41:25 +0200] "GET /detail/326781356 HTTP/1.1" 200 81111 "-" "Mozilla/5.0 (Linux; Android 6.0.1; Nexus 5X Build/MMB29P) AppleWebKit/537.36 (KHTML, like Gecko) Chrome/147.0.7727.116 Mobile Safari/537.36 (compatible; Googlebot/2.1; +http://www.google.com/bot.html)"
66.249.64.129 - - [29/Apr/2026:00:41:02 +0200] "GET /items/Z134924619/ HTTP/1.1" 200 94665 "-" "Mozilla/5.0 (Linux; Android 6.0.1; Nexus 5X Build/MMB29P) AppleWebKit/537.36 (KHTML, like Gecko) Chrome/147.0.7727.116 Mobile Safari/537.36 (compatible; Googlebot/2.1; +http://www.google.com/bot.html)"
192.178.4.98 - - [29/Apr/2026:00:41:00 +0200] "GET /detail/449298904 HTTP/1.1" 200 77388 "-" "Mozilla/5.0 (Linux; Android 6.0.1; Nexus 5X Build/MMB29P) AppleWebKit/537.36 (KHTML, like Gecko) Chrome/147.0.7727.116 Mobile Safari/537.36 (compatible; Googlebot/2.1; +http://www.google.com/bot.html)"
66.249.64.128 - - [29/Apr/2026:00:41:07 +0200] "GET /items/O864987887/ HTTP/1.1" 200 80482 "-" "Mozilla/5.0 (compatible; Googlebot/2.1; +http://www.google.com/bot.html)"
2a03:2880:f806:28:: - - [29/Apr/2026:00:41:07 +0200] "GET /items/S605387401/ HTTP/1.1" 200 0 "-" "meta-webindexer/1.1 (+https://developers.facebook.com/docs/sharing/webmasters/crawler)"
66.249.64.128 - - [29/Apr/2026:00:41:09 +0200] "GET /items/C384603756/ HTTP/1.1" 200 72482 "-" "Mozilla/5.0 (Linux; Android 6.0.1; Nexus 5X Build/MMB29P) AppleWebKit/537.36 (KHTML, like Gecko) Chrome/147.0.7727.116 Mobile Safari/537.36 (compatible; Googlebot/2.1; +http://www.google.com/bot.html)"
2a03:2880:f806:e:: - - [29/Apr/2026:00:41:11 +0200] "GET /items/S601846312/ HTTP/1.1" 200 0 "-" "meta-webindexer/1.1 (+https://developers.facebook.com/docs/sharing/webmasters/crawler)"
66.249.64.128 - - [29/Apr/2026:00:41:05 +0200] "GET /items/F237674854/ HTTP/1.1" 200 98399 "-" "Mozilla/5.0 (Linux; Android 6.0.1; Nexus 5X Build/MMB29P) AppleWebKit/537.36 (KHTML, like Gecko) Chrome/147.0.7727.116 Mobile Safari/537.36 (compatible; Googlebot/2.1; +http://www.google.com/bot.html)"
192.178.4.96 - - [29/Apr/2026:00:41:12 +0200] "GET /detail/570128261 HTTP/1.1" 200 79878 "-" "Mozilla/5.0 (Linux; Android 6.0.1; Nexus 5X Build/MMB29P) AppleWebKit/537.36 (KHTML, like Gecko) Chrome/147.0.7727.116 Mobile Safari/537.36 (compatible; Googlebot/2.1; +http://www.google.com/bot.html)"
66.249.64.128 - - [29/Apr/2026:00:41:13 +0200] "GET /items/E204296477/ HTTP/1.1" 200 87404 "-" "Mozilla/5.0 (Linux; Android 6.0.1; Nexus 5X Build/MMB29P) AppleWebKit/537.36 (KHTML, like Gecko) Chrome/147.0.7727.116 Mobile Safari/537.36 (compatible; Googlebot/2.1; +http://www.google.com/bot.html)"
2a03:2880:f806:24:: - - [29/Apr/2026:00:41:18 +0200] "GET /items/S604823891/ HTTP/1.1" 200 0 "-" "meta-webindexer/1.1 (+https://developers.facebook.com/docs/sharing/webmasters/crawler)"
2a03:2880:f806:49:: - - [29/Apr/2026:00:41:22 +0200] "GET /items/S605163449/ HTTP/1.1" 200 0 "-" "meta-webindexer/1.1 (+https://developers.facebook.com/docs/sharing/webmasters/crawler)"
66.249.64.128 - - [29/Apr/2026:00:41:23 +0200] "GET /items/F234349467/ HTTP/1.1" 200 72674 "-" "Mozilla/5.0 (Linux; Android 6.0.1; Nexus 5X Build/MMB29P) AppleWebKit/537.36 (KHTML, like Gecko) Chrome/147.0.7727.116 Mobile Safari/537.36 (compatible; Googlebot/2.1; +http://www.google.com/bot.html)"
40.77.167.27 - - [29/Apr/2026:00:41:29 +0200] "GET /dentophonejtc.xml HTTP/1.1" 200 13 "-" "Mozilla/5.0 AppleWebKit/537.36 (KHTML, like Gecko; compatible; bingbot/2.0; +http://www.bing.com/bingbot.htm) Chrome/116.0.1938.76 Safari/537.36"
2a03:2880:f806:22:: - - [29/Apr/2026:00:41:31 +0200] "GET /items/S602219364/ HTTP/1.1" 200 0 "-" "meta-webindexer/1.1 (+https://developers.facebook.com/docs/sharing/webmasters/crawler)"
192.178.4.98 - - [29/Apr/2026:00:41:30 +0200] "GET /detail/201092819 HTTP/1.1" 200 80370 "-" "Mozilla/5.0 (Linux; Android 6.0.1; Nexus 5X Build/MMB29P) AppleWebKit/537.36 (KHTML, like Gecko) Chrome/147.0.7727.116 Mobile Safari/537.36 (compatible; Googlebot/2.1; +http://www.google.com/bot.html)"
66.249.64.128 - - [29/Apr/2026:00:41:34 +0200] "GET /items/D557308695/ HTTP/1.1" 200 73325 "-" "Mozilla/5.0 (Linux; Android 6.0.1; Nexus 5X Build/MMB29P) AppleWebKit/537.36 (KHTML, like Gecko) Chrome/147.0.7727.116 Mobile Safari/537.36 (compatible; Googlebot/2.1; +http://www.google.com/bot.html)"
2a03:2880:f806:49:: - - [29/Apr/2026:00:41:25 +0200] "GET /items/S606367780/ HTTP/1.1" 200 0 "-" "meta-webindexer/1.1 (+https://developers.facebook.com/docs/sharing/webmasters/crawler)"
2a03:2880:f806:45:: - - [29/Apr/2026:00:41:26 +0200] "GET /items/S602221320/ HTTP/1.1" 200 0 "-" "meta-webindexer/1.1 (+https://developers.facebook.com/docs/sharing/webmasters/crawler)"
2a03:2880:f806:40:: - - [29/Apr/2026:00:41:32 +0200] "GET /items/S601985602/ HTTP/1.1" 200 0 "-" "meta-webindexer/1.1 (+https://developers.facebook.com/docs/sharing/webmasters/crawler)"
2a03:2880:f806:a:: - - [29/Apr/2026:00:41:30 +0200] "GET /items/S603189967/ HTTP/1.1" 200 0 "-" "meta-webindexer/1.1 (+https://developers.facebook.com/docs/sharing/webmasters/crawler)"
66.249.64.128 - - [29/Apr/2026:00:41:28 +0200] "GET /items/Y303395661/ HTTP/1.1" 200 77850 "-" "Mozilla/5.0 (Linux; Android 6.0.1; Nexus 5X Build/MMB29P) AppleWebKit/537.36 (KHTML, like Gecko) Chrome/147.0.7727.116 Mobile Safari/537.36 (compatible; Googlebot/2.1; +http://www.google.com/bot.html)"
2a03:2880:f806:19:: - - [29/Apr/2026:00:41:33 +0200] "GET /items/S607724496/ HTTP/1.1" 200 0 "-" "meta-webindexer/1.1 (+https://developers.facebook.com/docs/sharing/webmasters/crawler)"
192.178.4.98 - - [29/Apr/2026:00:41:35 +0200] "GET /detail/489378753 HTTP/1.1" 200 75018 "-" "Mozilla/5.0 (Linux; Android 6.0.1; Nexus 5X Build/MMB29P) AppleWebKit/537.36 (KHTML, like Gecko) Chrome/147.0.7727.116 Mobile Safari/537.36 (compatible; Googlebot/2.1; +http://www.google.com/bot.html)"
2a03:2880:f806:25:: - - [29/Apr/2026:00:41:39 +0200] "GET /items/S607303686/ HTTP/1.1" 200 0 "-" "meta-webindexer/1.1 (+https://developers.facebook.com/docs/sharing/webmasters/crawler)"
2a03:2880:f806:2:: - - [29/Apr/2026:00:41:28 +0200] "GET /items/S603174793/ HTTP/1.1" 200 0 "-" "meta-webindexer/1.1 (+https://developers.facebook.com/docs/sharing/webmasters/crawler)"
192.178.4.96 - - [29/Apr/2026:00:41:22 +0200] "GET /detail/677314106 HTTP/1.1" 200 15 "-" "Mozilla/5.0 (Linux; Android 6.0.1; Nexus 5X Build/MMB29P) AppleWebKit/537.36 (KHTML, like Gecko) Chrome/147.0.7727.116 Mobile Safari/537.36 (compatible; Googlebot/2.1; +http://www.google.com/bot.html)"
192.178.4.96 - - [29/Apr/2026:00:41:22 +0200] "GET /detail/358257582 HTTP/1.1" 200 15 "-" "Mozilla/5.0 (Linux; Android 6.0.1; Nexus 5X Build/MMB29P) AppleWebKit/537.36 (KHTML, like Gecko) Chrome/147.0.7727.116 Mobile Safari/537.36 (compatible; Googlebot/2.1; +http://www.google.com/bot.html)"
2a03:2880:f806:35:: - - [29/Apr/2026:00:41:46 +0200] "GET /items/S607706587/ HTTP/1.1" 200 0 "-" "meta-webindexer/1.1 (+https://developers.facebook.com/docs/sharing/webmasters/crawler)"
2a03:2880:f806:1b:: - - [29/Apr/2026:00:41:46 +0200] "GET /items/S604413486/ HTTP/1.1" 200 0 "-" "meta-webindexer/1.1 (+https://developers.facebook.com/docs/sharing/webmasters/crawler)"
2a03:2880:f806:4a:: - - [29/Apr/2026:00:41:50 +0200] "GET /items/S605351725/ HTTP/1.1" 200 0 "-" "meta-webindexer/1.1 (+https://developers.facebook.com/docs/sharing/webmasters/crawler)"
2a03:2880:f806:39:: - - [29/Apr/2026:00:41:57 +0200] "GET /detail/331961063 HTTP/1.1" 200 0 "-" "meta-webindexer/1.1 (+https://developers.facebook.com/docs/sharing/webmasters/crawler)"
2a03:2880:f806:16:: - - [29/Apr/2026:00:41:53 +0200] "GET /items/S607467538/ HTTP/1.1" 200 0 "-" "meta-webindexer/1.1 (+https://developers.facebook.com/docs/sharing/webmasters/crawler)"
2a03:2880:f806:13:: - - [29/Apr/2026:00:41:58 +0200] "GET /items/S606458968/ HTTP/1.1" 200 0 "-" "meta-webindexer/1.1 (+https://developers.facebook.com/docs/sharing/webmasters/crawler)"
66.249.64.128 - - [29/Apr/2026:00:41:56 +0200] "GET /items/S522663628/ HTTP/1.1" 200 88171 "-" "Mozilla/5.0 (Linux; Android 6.0.1; Nexus 5X Build/MMB29P) AppleWebKit/537.36 (KHTML, like Gecko) Chrome/147.0.7727.116 Mobile Safari/537.36 (compatible; Googlebot/2.1; +http://www.google.com/bot.html)"
2a03:2880:f806:2:: - - [29/Apr/2026:00:41:55 +0200] "GET /items/S607637903/ HTTP/1.1" 200 0 "-" "meta-webindexer/1.1 (+https://developers.facebook.com/docs/sharing/webmasters/crawler)"
51.75.236.131 - - [29/Apr/2026:00:41:32 +0200] "GET /detail/307329075 HTTP/1.1" 200 0 "-" "Mozilla/5.0 (compatible; AhrefsBot/7.0; +http://ahrefs.com/robot/)"
66.249.64.128 - - [29/Apr/2026:00:41:24 +0200] "GET /items/A992025475/ HTTP/1.1" 200 72887 "-" "Mozilla/5.0 (Linux; Android 6.0.1; Nexus 5X Build/MMB29P) AppleWebKit/537.36 (KHTML, like Gecko) Chrome/147.0.7727.116 Mobile Safari/537.36 (compatible; Googlebot/2.1; +http://www.google.com/bot.html)"
2a03:2880:f806:45:: - - [29/Apr/2026:00:41:36 +0200] "GET /items/S602587263/ HTTP/1.1" 200 0 "-" "meta-webindexer/1.1 (+https://developers.facebook.com/docs/sharing/webmasters/crawler)"
192.178.4.96 - - [29/Apr/2026:00:41:37 +0200] "GET /items/P833200892/ HTTP/1.1" 200 76565 "-" "Mozilla/5.0 (compatible; Googlebot/2.1; +http://www.google.com/bot.html)"
192.178.4.98 - - [29/Apr/2026:00:41:38 +0200] "GET /detail/61405874 HTTP/1.1" 200 75490 "-" "Mozilla/5.0 (Linux; Android 6.0.1; Nexus 5X Build/MMB29P) AppleWebKit/537.36 (KHTML, like Gecko) Chrome/147.0.7727.116 Mobile Safari/537.36 (compatible; Googlebot/2.1; +http://www.google.com/bot.html)"
2a03:2880:f806:46:: - - [29/Apr/2026:00:41:38 +0200] "GET /items/S603391921/ HTTP/1.1" 200 0 "-" "meta-webindexer/1.1 (+https://developers.facebook.com/docs/sharing/webmasters/crawler)"
192.178.4.96 - - [29/Apr/2026:00:41:41 +0200] "GET /detail/77164410 HTTP/1.1" 200 79646 "-" "Mozilla/5.0 (Linux; Android 6.0.1; Nexus 5X Build/MMB29P) AppleWebKit/537.36 (KHTML, like Gecko) Chrome/147.0.7727.116 Mobile Safari/537.36 (compatible; Googlebot/2.1; +http://www.google.com/bot.html)"
2a03:2880:f806:4e:: - - [29/Apr/2026:00:41:44 +0200] "GET /items/S602920604/ HTTP/1.1" 200 0 "-" "meta-webindexer/1.1 (+https://developers.facebook.com/docs/sharing/webmasters/crawler)"
2a03:2880:f806:4a:: - - [29/Apr/2026:00:41:41 +0200] "GET /items/S606808817/ HTTP/1.1" 200 0 "-" "meta-webindexer/1.1 (+https://developers.facebook.com/docs/sharing/webmasters/crawler)"
192.178.4.98 - - [29/Apr/2026:00:41:46 +0200] "GET /detail/119543076 HTTP/1.1" 200 81902 "-" "Mozilla/5.0 (Linux; Android 6.0.1; Nexus 5X Build/MMB29P) AppleWebKit/537.36 (KHTML, like Gecko) Chrome/147.0.7727.116 Mobile Safari/537.36 (compatible; Googlebot/2.1; +http://www.google.com/bot.html)"
2a03:2880:f806:21:: - - [29/Apr/2026:00:41:44 +0200] "GET /items/S604287701/ HTTP/1.1" 200 0 "-" "meta-webindexer/1.1 (+https://developers.facebook.com/docs/sharing/webmasters/crawler)"
92.222.104.194 - - [29/Apr/2026:00:41:55 +0200] "GET /detail/68660481 HTTP/1.1" 200 0 "-" "Mozilla/5.0 (compatible; AhrefsBot/7.0; +http://ahrefs.com/robot/)"
2a03:2880:f806:39:: - - [29/Apr/2026:00:41:56 +0200] "GET /items/S606783935/ HTTP/1.1" 200 0 "-" "meta-webindexer/1.1 (+https://developers.facebook.com/docs/sharing/webmasters/crawler)"
192.178.4.96 - - [29/Apr/2026:00:41:40 +0200] "GET /detail/365461790 HTTP/1.1" 200 15 "-" "Mozilla/5.0 (Linux; Android 6.0.1; Nexus 5X Build/MMB29P) AppleWebKit/537.36 (KHTML, like Gecko) Chrome/147.0.7727.116 Mobile Safari/537.36 (compatible; Googlebot/2.1; +http://www.google.com/bot.html)"
66.249.64.128 - - [29/Apr/2026:00:41:52 +0200] "GET /detail/115506659 HTTP/1.1" 200 95167 "-" "Mozilla/5.0 (Linux; Android 6.0.1; Nexus 5X Build/MMB29P) AppleWebKit/537.36 (KHTML, like Gecko) Chrome/147.0.7727.116 Mobile Safari/537.36 (compatible; Googlebot/2.1; +http://www.google.com/bot.html)"
2a03:2880:f806:e:: - - [29/Apr/2026:00:41:52 +0200] "GET /items/S604939907/ HTTP/1.1" 200 0 "-" "meta-webindexer/1.1 (+https://developers.facebook.com/docs/sharing/webmasters/crawler)"
192.178.4.100 - - [29/Apr/2026:00:42:04 +0200] "GET /detail/497708621 HTTP/1.1" 200 87339 "-" "Mozilla/5.0 (Linux; Android 6.0.1; Nexus 5X Build/MMB29P) AppleWebKit/537.36 (KHTML, like Gecko) Chrome/147.0.7727.116 Mobile Safari/537.36 (compatible; Googlebot/2.1; +http://www.google.com/bot.html)"
2a03:2880:f806:3d:: - - [29/Apr/2026:00:41:21 +0200] "GET /items/S605205440/ HTTP/1.1" 200 0 "-" "meta-webindexer/1.1 (+https://developers.facebook.com/docs/sharing/webmasters/crawler)"
192.178.4.96 - - [29/Apr/2026:00:41:27 +0200] "GET /detail/451333640 HTTP/1.1" 200 84121 "-" "Mozilla/5.0 (Linux; Android 6.0.1; Nexus 5X Build/MMB29P) AppleWebKit/537.36 (KHTML, like Gecko) Chrome/147.0.7727.116 Mobile Safari/537.36 (compatible; Googlebot/2.1; +http://www.google.com/bot.html)"
66.249.64.128 - - [29/Apr/2026:00:41:21 +0200] "GET /items/N747053352/ HTTP/1.1" 200 79539 "-" "Mozilla/5.0 (Linux; Android 6.0.1; Nexus 5X Build/MMB29P) AppleWebKit/537.36 (KHTML, like Gecko) Chrome/147.0.7727.116 Mobile Safari/537.36 (compatible; Googlebot/2.1; +http://www.google.com/bot.html)"
2a03:2880:f806:3e:: - - [29/Apr/2026:00:41:35 +0200] "GET /items/S607139301/ HTTP/1.1" 200 0 "-" "meta-webindexer/1.1 (+https://developers.facebook.com/docs/sharing/webmasters/crawler)"
2a03:2880:f806:36:: - - [29/Apr/2026:00:41:40 +0200] "GET /items/S602906384/ HTTP/1.1" 200 0 "-" "meta-webindexer/1.1 (+https://developers.facebook.com/docs/sharing/webmasters/crawler)"
192.178.4.96 - - [29/Apr/2026:00:41:42 +0200] "GET /items/Q181012648/ HTTP/1.1" 200 74140 "-" "Mozilla/5.0 (compatible; Googlebot/2.1; +http://www.google.com/bot.html)"
2a03:2880:f806:10:: - - [29/Apr/2026:00:41:49 +0200] "GET /items/S605682891/ HTTP/1.1" 200 0 "-" "meta-webindexer/1.1 (+https://developers.facebook.com/docs/sharing/webmasters/crawler)"
192.178.4.96 - - [29/Apr/2026:00:41:44 +0200] "GET /items/M945143084/ HTTP/1.1" 200 77699 "-" "Mozilla/5.0 (Linux; Android 6.0.1; Nexus 5X Build/MMB29P) AppleWebKit/537.36 (KHTML, like Gecko) Chrome/147.0.7727.116 Mobile Safari/537.36 (compatible; Googlebot/2.1; +http://www.google.com/bot.html)"
52.167.144.169 - - [29/Apr/2026:00:41:45 +0200] "GET /stonifiableepv.xml HTTP/1.1" 200 13 "-" "Mozilla/5.0 AppleWebKit/537.36 (KHTML, like Gecko; compatible; bingbot/2.0; +http://www.bing.com/bingbot.htm) Chrome/116.0.1938.76 Safari/537.36"
2a03:2880:f806:3b:: - - [29/Apr/2026:00:41:52 +0200] "GET /items/S605418284/ HTTP/1.1" 200 0 "-" "meta-webindexer/1.1 (+https://developers.facebook.com/docs/sharing/webmasters/crawler)"
2a03:2880:f806:c:: - - [29/Apr/2026:00:41:54 +0200] "GET /items/S607841938/ HTTP/1.1" 200 0 "-" "meta-webindexer/1.1 (+https://developers.facebook.com/docs/sharing/webmasters/crawler)"
66.249.64.128 - - [29/Apr/2026:00:41:36 +0200] "GET /detail/202904317 HTTP/1.1" 200 0 "-" "Mozilla/5.0 (Linux; Android 6.0.1; Nexus 5X Build/MMB29P) AppleWebKit/537.36 (KHTML, like Gecko) Chrome/147.0.7727.116 Mobile Safari/537.36 (compatible; Googlebot/2.1; +http://www.google.com/bot.html)"
2a03:2880:f806:26:: - - [29/Apr/2026:00:42:01 +0200] "GET /items/S606481904/ HTTP/1.1" 200 0 "-" "meta-webindexer/1.1 (+https://developers.facebook.com/docs/sharing/webmasters/crawler)"
66.249.64.128 - - [29/Apr/2026:00:42:01 +0200] "GET /items/I125027602/ HTTP/1.1" 200 77130 "-" "Mozilla/5.0 (Linux; Android 6.0.1; Nexus 5X Build/MMB29P) AppleWebKit/537.36 (KHTML, like Gecko) Chrome/147.0.7727.116 Mobile Safari/537.36 (compatible; Googlebot/2.1; +http://www.google.com/bot.html)"
2a03:2880:f806:4b:: - - [29/Apr/2026:00:42:03 +0200] "GET /items/S601879247/ HTTP/1.1" 200 0 "-" "meta-webindexer/1.1 (+https://developers.facebook.com/docs/sharing/webmasters/crawler)"
192.178.4.98 - - [29/Apr/2026:00:42:00 +0200] "GET /detail/346510947 HTTP/1.1" 200 76365 "-" "Mozilla/5.0 (Linux; Android 6.0.1; Nexus 5X Build/MMB29P) AppleWebKit/537.36 (KHTML, like Gecko) Chrome/147.0.7727.116 Mobile Safari/537.36 (compatible; Googlebot/2.1; +http://www.google.com/bot.html)"
2a03:2880:f806:b:: - - [29/Apr/2026:00:42:04 +0200] "GET /items/S601524342/ HTTP/1.1" 200 0 "-" "meta-webindexer/1.1 (+https://developers.facebook.com/docs/sharing/webmasters/crawler)"
192.178.4.96 - - [29/Apr/2026:00:42:11 +0200] "GET /items/W225334174/ HTTP/1.1" 200 97419 "-" "Mozilla/5.0 (compatible; Googlebot/2.1; +http://www.google.com/bot.html)"
57.141.6.59 - - [29/Apr/2026:00:41:59 +0200] "GET /items/S603922266/ HTTP/1.1" 200 0 "-" "meta-webindexer/1.1 (+https://developers.facebook.com/docs/sharing/webmasters/crawler)"
192.178.4.98 - - [29/Apr/2026:00:41:42 +0200] "GET /detail/232288326 HTTP/1.1" 200 15 "-" "Mozilla/5.0 (Linux; Android 6.0.1; Nexus 5X Build/MMB29P) AppleWebKit/537.36 (KHTML, like Gecko) Chrome/147.0.7727.116 Mobile Safari/537.36 (compatible; Googlebot/2.1; +http://www.google.com/bot.html)"
2a03:2880:f806:5:: - - [29/Apr/2026:00:41:42 +0200] "GET /items/S605825572/ HTTP/1.1" 200 0 "-" "meta-webindexer/1.1 (+https://developers.facebook.com/docs/sharing/webmasters/crawler)"
2a03:2880:f806:48:: - - [29/Apr/2026:00:42:01 +0200] "GET /items/S601666418/ HTTP/1.1" 200 0 "-" "meta-webindexer/1.1 (+https://developers.facebook.com/docs/sharing/webmasters/crawler)"
2a03:2880:f806:19:: - - [29/Apr/2026:00:42:04 +0200] "GET /items/S607428018/ HTTP/1.1" 200 0 "-" "meta-webindexer/1.1 (+https://developers.facebook.com/docs/sharing/webmasters/crawler)"
52.167.144.169 - - [29/Apr/2026:00:42:05 +0200] "GET /graunchymva.xml HTTP/1.1" 200 13 "-" "Mozilla/5.0 AppleWebKit/537.36 (KHTML, like Gecko; compatible; bingbot/2.0; +http://www.bing.com/bingbot.htm) Chrome/116.0.1938.76 Safari/537.36"
66.249.64.128 - - [29/Apr/2026:00:42:07 +0200] "GET /items/N812502575/ HTTP/1.1" 200 84954 "-" "Mozilla/5.0 (Linux; Android 6.0.1; Nexus 5X Build/MMB29P) AppleWebKit/537.36 (KHTML, like Gecko) Chrome/147.0.7727.116 Mobile Safari/537.36 (compatible; Googlebot/2.1; +http://www.google.com/bot.html)"
66.249.64.128 - - [29/Apr/2026:00:42:05 +0200] "GET /items/B081300431/ HTTP/1.1" 200 84109 "-" "Mozilla/5.0 (Linux; Android 6.0.1; Nexus 5X Build/MMB29P) AppleWebKit/537.36 (KHTML, like Gecko) Chrome/147.0.7727.116 Mobile Safari/537.36 (compatible; Googlebot/2.1; +http://www.google.com/bot.html)"
2a03:2880:f806:39:: - - [29/Apr/2026:00:42:09 +0200] "GET /items/S604443773/ HTTP/1.1" 200 0 "-" "meta-webindexer/1.1 (+https://developers.facebook.com/docs/sharing/webmasters/crawler)"
2a03:2880:f806:7:: - - [29/Apr/2026:00:42:14 +0200] "GET /items/S605217120/ HTTP/1.1" 200 0 "-" "meta-webindexer/1.1 (+https://developers.facebook.com/docs/sharing/webmasters/crawler)"
2a03:2880:f806:11:: - - [29/Apr/2026:00:42:13 +0200] "GET /detail/344700658 HTTP/1.1" 200 0 "-" "meta-webindexer/1.1 (+https://developers.facebook.com/docs/sharing/webmasters/crawler)"
2a03:2880:f806:45:: - - [29/Apr/2026:00:42:15 +0200] "GET /items/S604306582/ HTTP/1.1" 200 0 "-" "meta-webindexer/1.1 (+https://developers.facebook.com/docs/sharing/webmasters/crawler)"
66.249.64.128 - - [29/Apr/2026:00:42:14 +0200] "GET /items/M355740013/ HTTP/1.1" 200 74064 "-" "Mozilla/5.0 (Linux; Android 6.0.1; Nexus 5X Build/MMB29P) AppleWebKit/537.36 (KHTML, like Gecko) Chrome/147.0.7727.116 Mobile Safari/537.36 (compatible; Googlebot/2.1; +http://www.google.com/bot.html)"
66.249.64.128 - - [29/Apr/2026:00:42:10 +0200] "GET /items/L143175669/ HTTP/1.1" 200 77736 "-" "Mozilla/5.0 (compatible; Googlebot/2.1; +http://www.google.com/bot.html)"
66.249.64.128 - - [29/Apr/2026:00:42:17 +0200] "GET /items/R562348118/ HTTP/1.1" 200 78000 "-" "Mozilla/5.0 (Linux; Android 6.0.1; Nexus 5X Build/MMB29P) AppleWebKit/537.36 (KHTML, like Gecko) Chrome/147.0.7727.116 Mobile Safari/537.36 (compatible; Googlebot/2.1; +http://www.google.com/bot.html)"
2a03:2880:f806:9:: - - [29/Apr/2026:00:42:19 +0200] "GET /items/S602327882/ HTTP/1.1" 200 0 "-" "meta-webindexer/1.1 (+https://developers.facebook.com/docs/sharing/webmasters/crawler)"
2a03:2880:f806:13:: - - [29/Apr/2026:00:42:19 +0200] "GET /items/S605410935/ HTTP/1.1" 200 0 "-" "meta-webindexer/1.1 (+https://developers.facebook.com/docs/sharing/webmasters/crawler)"
192.178.4.96 - - [29/Apr/2026:00:42:18 +0200] "GET /detail/467663914 HTTP/1.1" 200 75827 "-" "Mozilla/5.0 (Linux; Android 6.0.1; Nexus 5X Build/MMB29P) AppleWebKit/537.36 (KHTML, like Gecko) Chrome/147.0.7727.116 Mobile Safari/537.36 (compatible; Googlebot/2.1; +http://www.google.com/bot.html)"
192.178.4.98 - - [29/Apr/2026:00:42:04 +0200] "GET /detail/251375631 HTTP/1.1" 200 88473 "-" "Mozilla/5.0 (Linux; Android 6.0.1; Nexus 5X Build/MMB29P) AppleWebKit/537.36 (KHTML, like Gecko) Chrome/147.0.7727.116 Mobile Safari/537.36 (compatible; Googlebot/2.1; +http://www.google.com/bot.html)"
2a03:2880:f806:46:: - - [29/Apr/2026:00:42:06 +0200] "GET /items/S604093520/ HTTP/1.1" 200 0 "-" "meta-webindexer/1.1 (+https://developers.facebook.com/docs/sharing/webmasters/crawler)"
2a03:2880:f806:3b:: - - [29/Apr/2026:00:42:08 +0200] "GET /items/S601326629/ HTTP/1.1" 200 0 "-" "meta-webindexer/1.1 (+https://developers.facebook.com/docs/sharing/webmasters/crawler)"
192.178.4.96 - - [29/Apr/2026:00:42:09 +0200] "GET /detail/512195592 HTTP/1.1" 200 82648 "-" "Mozilla/5.0 (Linux; Android 6.0.1; Nexus 5X Build/MMB29P) AppleWebKit/537.36 (KHTML, like Gecko) Chrome/147.0.7727.116 Mobile Safari/537.36 (compatible; Googlebot/2.1; +http://www.google.com/bot.html)"
66.249.64.128 - - [29/Apr/2026:00:41:51 +0200] "GET /items/K595322812/ HTTP/1.1" 200 15 "-" "Mozilla/5.0 (Linux; Android 6.0.1; Nexus 5X Build/MMB29P) AppleWebKit/537.36 (KHTML, like Gecko) Chrome/147.0.7727.116 Mobile Safari/537.36 (compatible; Googlebot/2.1; +http://www.google.com/bot.html)"
2a03:2880:f806:4d:: - - [29/Apr/2026:00:42:08 +0200] "GET /items/S604800737/ HTTP/1.1" 200 0 "-" "meta-webindexer/1.1 (+https://developers.facebook.com/docs/sharing/webmasters/crawler)"
2a03:2880:f806:8:: - - [29/Apr/2026:00:42:11 +0200] "GET /items/S605586387/ HTTP/1.1" 200 0 "-" "meta-webindexer/1.1 (+https://developers.facebook.com/docs/sharing/webmasters/crawler)"
2a03:2880:f806:47:: - - [29/Apr/2026:00:42:06 +0200] "GET /items/S606274636/ HTTP/1.1" 200 0 "-" "meta-webindexer/1.1 (+https://developers.facebook.com/docs/sharing/webmasters/crawler)"
192.178.4.98 - - [29/Apr/2026:00:42:09 +0200] "GET /detail/319137602 HTTP/1.1" 200 75064 "-" "Mozilla/5.0 (Linux; Android 6.0.1; Nexus 5X Build/MMB29P) AppleWebKit/537.36 (KHTML, like Gecko) Chrome/147.0.7727.116 Mobile Safari/537.36 (compatible; Googlebot/2.1; +http://www.google.com/bot.html)"
2a03:2880:f806:1e:: - - [29/Apr/2026:00:42:17 +0200] "GET /items/S607798895/ HTTP/1.1" 200 0 "-" "meta-webindexer/1.1 (+https://developers.facebook.com/docs/sharing/webmasters/crawler)"
2a03:2880:f806:22:: - - [29/Apr/2026:00:42:18 +0200] "GET /items/S603554664/ HTTP/1.1" 200 0 "-" "meta-webindexer/1.1 (+https://developers.facebook.com/docs/sharing/webmasters/crawler)"
192.178.4.99 - - [29/Apr/2026:00:42:00 +0200] "GET /detail/237938538 HTTP/1.1" 200 15 "-" "Mozilla/5.0 (Linux; Android 6.0.1; Nexus 5X Build/MMB29P) AppleWebKit/537.36 (KHTML, like Gecko) Chrome/147.0.7727.116 Mobile Safari/537.36 (compatible; Googlebot/2.1; +http://www.google.com/bot.html)"
2a03:2880:f806:50:: - - [29/Apr/2026:00:42:21 +0200] "GET /items/S601170242/ HTTP/1.1" 200 0 "-" "meta-webindexer/1.1 (+https://developers.facebook.com/docs/sharing/webmasters/crawler)"
192.178.4.96 - - [29/Apr/2026:00:42:02 +0200] "GET /items/K824497862/ HTTP/1.1" 200 15 "-" "Mozilla/5.0 (compatible; Googlebot/2.1; +http://www.google.com/bot.html)"
66.249.64.128 - - [29/Apr/2026:00:42:22 +0200] "GET /items/J057226760/ HTTP/1.1" 200 74245 "-" "Mozilla/5.0 (Linux; Android 6.0.1; Nexus 5X Build/MMB29P) AppleWebKit/537.36 (KHTML, like Gecko) Chrome/147.0.7727.116 Mobile Safari/537.36 (compatible; Googlebot/2.1; +http://www.google.com/bot.html)"
57.141.6.59 - - [29/Apr/2026:00:42:24 +0200] "GET /items/S602021687/ HTTP/1.1" 200 0 "-" "meta-webindexer/1.1 (+https://developers.facebook.com/docs/sharing/webmasters/crawler)"
66.249.64.128 - - [29/Apr/2026:00:42:22 +0200] "GET /items/A841624144/ HTTP/1.1" 200 76861 "-" "Mozilla/5.0 (Linux; Android 6.0.1; Nexus 5X Build/MMB29P) AppleWebKit/537.36 (KHTML, like Gecko) Chrome/147.0.7727.116 Mobile Safari/537.36 (compatible; Googlebot/2.1; +http://www.google.com/bot.html)"
2a03:2880:f806:12:: - - [29/Apr/2026:00:42:27 +0200] "GET /items/S602819400/ HTTP/1.1" 200 0 "-" "meta-webindexer/1.1 (+https://developers.facebook.com/docs/sharing/webmasters/crawler)"
2a03:2880:f806:2:: - - [29/Apr/2026:00:42:12 +0200] "GET /items/S605068040/ HTTP/1.1" 200 0 "-" "meta-webindexer/1.1 (+https://developers.facebook.com/docs/sharing/webmasters/crawler)"
66.249.64.128 - - [29/Apr/2026:00:42:13 +0200] "GET /items/J255049475/ HTTP/1.1" 200 78326 "-" "Mozilla/5.0 (Linux; Android 6.0.1; Nexus 5X Build/MMB29P) AppleWebKit/537.36 (KHTML, like Gecko) Chrome/147.0.7727.116 Mobile Safari/537.36 (compatible; Googlebot/2.1; +http://www.google.com/bot.html)"
2a03:2880:f806:1c:: - - [29/Apr/2026:00:42:11 +0200] "GET /items/S605164738/ HTTP/1.1" 200 0 "-" "meta-webindexer/1.1 (+https://developers.facebook.com/docs/sharing/webmasters/crawler)"
192.178.4.98 - - [29/Apr/2026:00:42:16 +0200] "GET /detail/394182945 HTTP/1.1" 200 71000 "-" "Mozilla/5.0 (Linux; Android 6.0.1; Nexus 5X Build/MMB29P) AppleWebKit/537.36 (KHTML, like Gecko) Chrome/147.0.7727.116 Mobile Safari/537.36 (compatible; Googlebot/2.1; +http://www.google.com/bot.html)"
2a03:2880:f806:8:: - - [29/Apr/2026:00:42:16 +0200] "GET /items/S601814421/ HTTP/1.1" 200 0 "-" "meta-webindexer/1.1 (+https://developers.facebook.com/docs/sharing/webmasters/crawler)"
66.249.64.128 - - [29/Apr/2026:00:42:18 +0200] "GET /detail/82345825 HTTP/1.1" 200 74261 "-" "Mozilla/5.0 (Linux; Android 6.0.1; Nexus 5X Build/MMB29P) AppleWebKit/537.36 (KHTML, like Gecko) Chrome/147.0.7727.116 Mobile Safari/537.36 (compatible; Googlebot/2.1; +http://www.google.com/bot.html)"
66.249.64.128 - - [29/Apr/2026:00:42:19 +0200] "GET /items/T306965330/ HTTP/1.1" 200 81392 "-" "Mozilla/5.0 (Linux; Android 6.0.1; Nexus 5X Build/MMB29P) AppleWebKit/537.36 (KHTML, like Gecko) Chrome/147.0.7727.116 Mobile Safari/537.36 (compatible; Googlebot/2.1; +http://www.google.com/bot.html)"
192.178.4.96 - - [29/Apr/2026:00:42:20 +0200] "GET /detail/627023444 HTTP/1.1" 200 85232 "-" "Mozilla/5.0 (Linux; Android 6.0.1; Nexus 5X Build/MMB29P) AppleWebKit/537.36 (KHTML, like Gecko) Chrome/147.0.7727.116 Mobile Safari/537.36 (compatible; Googlebot/2.1; +http://www.google.com/bot.html)"
66.249.64.128 - - [29/Apr/2026:00:42:20 +0200] "GET /items/K391474703/ HTTP/1.1" 200 78029 "-" "Mozilla/5.0 (Linux; Android 6.0.1; Nexus 5X Build/MMB29P) AppleWebKit/537.36 (KHTML, like Gecko) Chrome/147.0.7727.116 Mobile Safari/537.36 (compatible; Googlebot/2.1; +http://www.google.com/bot.html)"
2a03:2880:f806:3e:: - - [29/Apr/2026:00:42:21 +0200] "GET /items/S604336793/ HTTP/1.1" 200 0 "-" "meta-webindexer/1.1 (+https://developers.facebook.com/docs/sharing/webmasters/crawler)"
2a03:2880:f806:35:: - - [29/Apr/2026:00:42:23 +0200] "GET /items/S603147114/ HTTP/1.1" 200 0 "-" "meta-webindexer/1.1 (+https://developers.facebook.com/docs/sharing/webmasters/crawler)"
54.37.118.91 - - [29/Apr/2026:00:42:24 +0200] "GET /detail/304228923 HTTP/1.1" 200 0 "-" "Mozilla/5.0 (compatible; AhrefsBot/7.0; +http://ahrefs.com/robot/)"
66.249.64.128 - - [29/Apr/2026:00:42:22 +0200] "GET /items/A744142037/ HTTP/1.1" 200 75132 "-" "Mozilla/5.0 (Linux; Android 6.0.1; Nexus 5X Build/MMB29P) AppleWebKit/537.36 (KHTML, like Gecko) Chrome/147.0.7727.116 Mobile Safari/537.36 (compatible; Googlebot/2.1; +http://www.google.com/bot.html)"
66.249.64.128 - - [29/Apr/2026:00:42:21 +0200] "GET /items/O722804903/ HTTP/1.1" 200 79936 "-" "Mozilla/5.0 (Linux; Android 6.0.1; Nexus 5X Build/MMB29P) AppleWebKit/537.36 (KHTML, like Gecko) Chrome/147.0.7727.116 Mobile Safari/537.36 (compatible; Googlebot/2.1; +http://www.google.com/bot.html)"
66.249.64.128 - - [29/Apr/2026:00:42:25 +0200] "GET /items/H651144860/ HTTP/1.1" 200 74048 "-" "Mozilla/5.0 (Linux; Android 6.0.1; Nexus 5X Build/MMB29P) AppleWebKit/537.36 (KHTML, like Gecko) Chrome/147.0.7727.116 Mobile Safari/537.36 (compatible; Googlebot/2.1; +http://www.google.com/bot.html)"
66.249.64.128 - - [29/Apr/2026:00:42:27 +0200] "GET /items/L983621566/ HTTP/1.1" 200 94197 "-" "Mozilla/5.0 (Linux; Android 6.0.1; Nexus 5X Build/MMB29P) AppleWebKit/537.36 (KHTML, like Gecko) Chrome/147.0.7727.116 Mobile Safari/537.36 (compatible; Googlebot/2.1; +http://www.google.com/bot.html)"
66.249.64.128 - - [29/Apr/2026:00:42:30 +0200] "GET /items/H443548759/ HTTP/1.1" 200 81148 "-" "Mozilla/5.0 (Linux; Android 6.0.1; Nexus 5X Build/MMB29P) AppleWebKit/537.36 (KHTML, like Gecko) Chrome/147.0.7727.116 Mobile Safari/537.36 (compatible; Googlebot/2.1; +http://www.google.com/bot.html)"
2a03:2880:f806:f:: - - [29/Apr/2026:00:42:31 +0200] "GET /items/S601038966/ HTTP/1.1" 200 0 "-" "meta-webindexer/1.1 (+https://developers.facebook.com/docs/sharing/webmasters/crawler)"
2a03:2880:f806:44:: - - [29/Apr/2026:00:42:35 +0200] "GET /items/S607843564/ HTTP/1.1" 200 0 "-" "meta-webindexer/1.1 (+https://developers.facebook.com/docs/sharing/webmasters/crawler)"
2a03:2880:f806:39:: - - [29/Apr/2026:00:42:36 +0200] "GET /items/S607003041/ HTTP/1.1" 200 0 "-" "meta-webindexer/1.1 (+https://developers.facebook.com/docs/sharing/webmasters/crawler)"
2a03:2880:f806:29:: - - [29/Apr/2026:00:42:38 +0200] "GET /items/S604578217/ HTTP/1.1" 200 0 "-" "meta-webindexer/1.1 (+https://developers.facebook.com/docs/sharing/webmasters/crawler)"
2a03:2880:f806:1:: - - [29/Apr/2026:00:42:38 +0200] "GET /items/S607014923/ HTTP/1.1" 200 0 "-" "meta-webindexer/1.1 (+https://developers.facebook.com/docs/sharing/webmasters/crawler)"
2a03:2880:f806:a:: - - [29/Apr/2026:00:42:38 +0200] "GET /items/S606666771/ HTTP/1.1" 200 0 "-" "meta-webindexer/1.1 (+https://developers.facebook.com/docs/sharing/webmasters/crawler)"
192.178.4.98 - - [29/Apr/2026:00:42:33 +0200] "GET /detail/333590078 HTTP/1.1" 200 79840 "-" "Mozilla/5.0 (Linux; Android 6.0.1; Nexus 5X Build/MMB29P) AppleWebKit/537.36 (KHTML, like Gecko) Chrome/147.0.7727.116 Mobile Safari/537.36 (compatible; Googlebot/2.1; +http://www.google.com/bot.html)"
