192.178.4.98 - - [29/Apr/2026:00:52:12 +0200] "GET /detail/424750547 HTTP/1.1" 200 81276 "-" "Mozilla/5.0 (Linux; Android 6.0.1; Nexus 5X Build/MMB29P) AppleWebKit/537.36 (KHTML, like Gecko) Chrome/147.0.7727.116 Mobile Safari/537.36 (compatible; Googlebot/2.1; +http://www.google.com/bot.html)"
2a03:2880:f806:49:: - - [29/Apr/2026:00:52:12 +0200] "GET /items/S602107794/ HTTP/1.1" 200 0 "-" "meta-webindexer/1.1 (+https://developers.facebook.com/docs/sharing/webmasters/crawler)"
2a03:2880:f806:: - - [29/Apr/2026:00:52:14 +0200] "GET /items/S601913722/ HTTP/1.1" 200 0 "-" "meta-webindexer/1.1 (+https://developers.facebook.com/docs/sharing/webmasters/crawler)"
2a03:2880:f806:4d:: - - [29/Apr/2026:00:52:16 +0200] "GET /items/S601229400/ HTTP/1.1" 200 0 "-" "meta-webindexer/1.1 (+https://developers.facebook.com/docs/sharing/webmasters/crawler)"
66.249.64.128 - - [29/Apr/2026:00:52:17 +0200] "GET /items/R475927977/ HTTP/1.1" 200 78897 "-" "Mozilla/5.0 (Linux; Android 6.0.1; Nexus 5X Build/MMB29P) AppleWebKit/537.36 (KHTML, like Gecko) Chrome/147.0.7727.116 Mobile Safari/537.36 (compatible; Googlebot/2.1; +http://www.google.com/bot.html)"
2a03:2880:f806:3c:: - - [29/Apr/2026:00:52:16 +0200] "GET /items/S604092307/ HTTP/1.1" 200 0 "-" "meta-webindexer/1.1 (+https://developers.facebook.com/docs/sharing/webmasters/crawler)"
66.249.64.128 - - [29/Apr/2026:00:52:18 +0200] "GET /items/D833817326/ HTTP/1.1" 200 80258 "-" "Mozilla/5.0 (Linux; Android 6.0.1; Nexus 5X Build/MMB29P) AppleWebKit/537.36 (KHTML, like Gecko) Chrome/147.0.7727.116 Mobile Safari/537.36 (compatible; Googlebot/2.1; +http://www.google.com/bot.html)"
2a03:2880:f806:15:: - - [29/Apr/2026:00:52:20 +0200] "GET /items/S606293685/ HTTP/1.1" 200 0 "-" "meta-webindexer/1.1 (+https://developers.facebook.com/docs/sharing/webmasters/crawler)"
192.178.4.98 - - [29/Apr/2026:00:52:21 +0200] "GET /detail/687797923 HTTP/1.1" 200 84450 "-" "Mozilla/5.0 (Linux; Android 6.0.1; Nexus 5X Build/MMB29P) AppleWebKit/537.36 (KHTML, like Gecko) Chrome/147.0.7727.116 Mobile Safari/537.36 (compatible; Googlebot/2.1; +http://www.google.com/bot.html)"
66.249.64.128 - - [29/Apr/2026:00:52:19 +0200] "GET /items/J322157014/ HTTP/1.1" 200 74793 "-" "Mozilla/5.0 (Linux; Android 6.0.1; Nexus 5X Build/MMB29P) AppleWebKit/537.36 (KHTML, like Gecko) Chrome/147.0.7727.116 Mobile Safari/537.36 (compatible; Googlebot/2.1; +http://www.google.com/bot.html)"
192.178.4.98 - - [29/Apr/2026:00:52:23 +0200] "GET /detail/533574378 HTTP/1.1" 200 73107 "-" "Mozilla/5.0 (Linux; Android 6.0.1; Nexus 5X Build/MMB29P) AppleWebKit/537.36 (KHTML, like Gecko) Chrome/147.0.7727.116 Mobile Safari/537.36 (compatible; Googlebot/2.1; +http://www.google.com/bot.html)"
2a03:2880:f806:3c:: - - [29/Apr/2026:00:52:24 +0200] "GET /items/S604671456/ HTTP/1.1" 200 0 "-" "meta-webindexer/1.1 (+https://developers.facebook.com/docs/sharing/webmasters/crawler)"
192.178.4.96 - - [29/Apr/2026:00:52:24 +0200] "GET /detail/164900134 HTTP/1.1" 200 71697 "-" "Mozilla/5.0 (Linux; Android 6.0.1; Nexus 5X Build/MMB29P) AppleWebKit/537.36 (KHTML, like Gecko) Chrome/147.0.7727.116 Mobile Safari/537.36 (compatible; Googlebot/2.1; +http://www.google.com/bot.html)"
2a03:2880:f806:5:: - - [29/Apr/2026:00:52:22 +0200] "GET /items/S607391051/ HTTP/1.1" 200 0 "-" "meta-webindexer/1.1 (+https://developers.facebook.com/docs/sharing/webmasters/crawler)"
192.178.4.98 - - [29/Apr/2026:00:52:26 +0200] "GET /detail/53405291 HTTP/1.1" 200 78189 "-" "Mozilla/5.0 (Linux; Android 6.0.1; Nexus 5X Build/MMB29P) AppleWebKit/537.36 (KHTML, like Gecko) Chrome/147.0.7727.116 Mobile Safari/537.36 (compatible; Googlebot/2.1; +http://www.google.com/bot.html)"
192.178.4.96 - - [29/Apr/2026:00:52:27 +0200] "GET /items/A445551495/ HTTP/1.1" 200 78711 "-" "Mozilla/5.0 (Linux; Android 6.0.1; Nexus 5X Build/MMB29P) AppleWebKit/537.36 (KHTML, like Gecko) Chrome/147.0.7727.116 Mobile Safari/537.36 (compatible; Googlebot/2.1; +http://www.google.com/bot.html)"
192.178.4.98 - - [29/Apr/2026:00:52:28 +0200] "GET /detail/286562166 HTTP/1.1" 200 74845 "-" "Mozilla/5.0 (Linux; Android 6.0.1; Nexus 5X Build/MMB29P) AppleWebKit/537.36 (KHTML, like Gecko) Chrome/147.0.7727.116 Mobile Safari/537.36 (compatible; Googlebot/2.1; +http://www.google.com/bot.html)"
2a03:2880:f806:3:: - - [29/Apr/2026:00:52:29 +0200] "GET /items/S605747837/ HTTP/1.1" 200 0 "-" "meta-webindexer/1.1 (+https://developers.facebook.com/docs/sharing/webmasters/crawler)"
92.222.108.113 - - [29/Apr/2026:00:52:30 +0200] "GET /detail/302998000 HTTP/1.1" 200 0 "-" "Mozilla/5.0 (compatible; AhrefsBot/7.0; +http://ahrefs.com/robot/)"
2a03:2880:f806:11:: - - [29/Apr/2026:00:52:35 +0200] "GET /items/S604764299/ HTTP/1.1" 200 0 "-" "meta-webindexer/1.1 (+https://developers.facebook.com/docs/sharing/webmasters/crawler)"
66.249.64.128 - - [29/Apr/2026:00:52:33 +0200] "GET /detail/13367981 HTTP/1.1" 200 74387 "-" "Mozilla/5.0 (Linux; Android 6.0.1; Nexus 5X Build/MMB29P) AppleWebKit/537.36 (KHTML, like Gecko) Chrome/147.0.7727.116 Mobile Safari/537.36 (compatible; Googlebot/2.1; +http://www.google.com/bot.html)"
66.249.64.128 - - [29/Apr/2026:00:52:31 +0200] "GET /items/L686306796/ HTTP/1.1" 200 85425 "-" "Mozilla/5.0 (Linux; Android 6.0.1; Nexus 5X Build/MMB29P) AppleWebKit/537.36 (KHTML, like Gecko) Chrome/147.0.7727.116 Mobile Safari/537.36 (compatible; Googlebot/2.1; +http://www.google.com/bot.html)"
2a03:2880:f806:7:: - - [29/Apr/2026:00:52:35 +0200] "GET /items/S601006513/ HTTP/1.1" 200 0 "-" "meta-webindexer/1.1 (+https://developers.facebook.com/docs/sharing/webmasters/crawler)"
192.178.4.98 - - [29/Apr/2026:00:52:35 +0200] "GET /detail/76202682 HTTP/1.1" 200 75225 "-" "Mozilla/5.0 (Linux; Android 6.0.1; Nexus 5X Build/MMB29P) AppleWebKit/537.36 (KHTML, like Gecko) Chrome/147.0.7727.116 Mobile Safari/537.36 (compatible; Googlebot/2.1; +http://www.google.com/bot.html)"
2a03:2880:f806:10:: - - [29/Apr/2026:00:52:35 +0200] "GET /items/S607106766/ HTTP/1.1" 200 0 "-" "meta-webindexer/1.1 (+https://developers.facebook.com/docs/sharing/webmasters/crawler)"
51.75.236.128 - - [29/Apr/2026:00:52:20 +0200] "GET /detail/235039243 HTTP/1.1" 200 0 "-" "Mozilla/5.0 (compatible; AhrefsBot/7.0; +http://ahrefs.com/robot/)"
66.249.64.128 - - [29/Apr/2026:00:52:22 +0200] "GET /items/K584026750/ HTTP/1.1" 200 80380 "-" "Mozilla/5.0 (Linux; Android 6.0.1; Nexus 5X Build/MMB29P) AppleWebKit/537.36 (KHTML, like Gecko) Chrome/147.0.7727.116 Mobile Safari/537.36 (compatible; Googlebot/2.1; +http://www.google.com/bot.html)"
66.249.64.128 - - [29/Apr/2026:00:52:16 +0200] "GET /items/D385719304/ HTTP/1.1" 200 74597 "-" "Mozilla/5.0 (Linux; Android 6.0.1; Nexus 5X Build/MMB29P) AppleWebKit/537.36 (KHTML, like Gecko) Chrome/147.0.7727.116 Mobile Safari/537.36 (compatible; Googlebot/2.1; +http://www.google.com/bot.html)"
2a03:2880:f806:b:: - - [29/Apr/2026:00:52:25 +0200] "GET /items/S607758174/ HTTP/1.1" 200 0 "-" "meta-webindexer/1.1 (+https://developers.facebook.com/docs/sharing/webmasters/crawler)"
2a03:2880:f806:12:: - - [29/Apr/2026:00:52:23 +0200] "GET /items/S604740757/ HTTP/1.1" 200 0 "-" "meta-webindexer/1.1 (+https://developers.facebook.com/docs/sharing/webmasters/crawler)"
2a03:2880:f806:11:: - - [29/Apr/2026:00:52:27 +0200] "GET /items/S604458196/ HTTP/1.1" 200 0 "-" "meta-webindexer/1.1 (+https://developers.facebook.com/docs/sharing/webmasters/crawler)"
114.10.42.197 - - [29/Apr/2026:00:52:30 +0200] "GET /?sitemap360.xml HTTP/1.1" 200 544224 "-" "Mozilla/5.0 (Macintosh; Intel Mac OS X 12_5_1) AppleWebKit/537.36 (KHTML, like Gecko) Chrome/127.0.6533.120 Safari/537.36"
2a03:2880:f806:3:: - - [29/Apr/2026:00:52:30 +0200] "GET /items/S601064179/ HTTP/1.1" 200 0 "-" "meta-webindexer/1.1 (+https://developers.facebook.com/docs/sharing/webmasters/crawler)"
66.249.64.128 - - [29/Apr/2026:00:52:29 +0200] "GET /items/M681633480/ HTTP/1.1" 200 79625 "-" "Mozilla/5.0 (Linux; Android 6.0.1; Nexus 5X Build/MMB29P) AppleWebKit/537.36 (KHTML, like Gecko) Chrome/147.0.7727.116 Mobile Safari/537.36 (compatible; Googlebot/2.1; +http://www.google.com/bot.html)"
20.12.186.23 - - [29/Apr/2026:00:52:33 +0200] "GET /wk/index.php HTTP/1.1" 200 0 "-" "Mozilla/5.0 (Windows NT 10.0; Win64; x64) AppleWebKit/537.36 (KHTML, like Gecko) Chrome/120.0.0.0 Safari/537.36"
66.249.64.129 - - [29/Apr/2026:00:52:37 +0200] "GET /detail/40005104 HTTP/1.1" 200 104762 "-" "Mozilla/5.0 (Linux; Android 6.0.1; Nexus 5X Build/MMB29P) AppleWebKit/537.36 (KHTML, like Gecko) Chrome/147.0.7727.116 Mobile Safari/537.36 (compatible; Googlebot/2.1; +http://www.google.com/bot.html)"
66.249.64.128 - - [29/Apr/2026:00:52:38 +0200] "GET /detail/158562163 HTTP/1.1" 200 74754 "-" "Mozilla/5.0 (Linux; Android 6.0.1; Nexus 5X Build/MMB29P) AppleWebKit/537.36 (KHTML, like Gecko) Chrome/147.0.7727.116 Mobile Safari/537.36 (compatible; Googlebot/2.1; +http://www.google.com/bot.html)"
66.249.64.128 - - [29/Apr/2026:00:52:39 +0200] "GET /items/D312257957/ HTTP/1.1" 200 76832 "-" "Mozilla/5.0 (Linux; Android 6.0.1; Nexus 5X Build/MMB29P) AppleWebKit/537.36 (KHTML, like Gecko) Chrome/147.0.7727.116 Mobile Safari/537.36 (compatible; Googlebot/2.1; +http://www.google.com/bot.html)"
2a03:2880:f806:27:: - - [29/Apr/2026:00:52:41 +0200] "GET /items/S606465975/ HTTP/1.1" 200 0 "-" "meta-webindexer/1.1 (+https://developers.facebook.com/docs/sharing/webmasters/crawler)"
192.178.4.96 - - [29/Apr/2026:00:52:41 +0200] "GET /detail/283118165 HTTP/1.1" 200 82382 "-" "Mozilla/5.0 (Linux; Android 6.0.1; Nexus 5X Build/MMB29P) AppleWebKit/537.36 (KHTML, like Gecko) Chrome/147.0.7727.116 Mobile Safari/537.36 (compatible; Googlebot/2.1; +http://www.google.com/bot.html)"
2a03:2880:f806:26:: - - [29/Apr/2026:00:52:46 +0200] "GET /items/S606477128/ HTTP/1.1" 200 0 "-" "meta-webindexer/1.1 (+https://developers.facebook.com/docs/sharing/webmasters/crawler)"
2a03:2880:f806:6:: - - [29/Apr/2026:00:52:43 +0200] "GET /items/S601133943/ HTTP/1.1" 200 0 "-" "meta-webindexer/1.1 (+https://developers.facebook.com/docs/sharing/webmasters/crawler)"
66.249.64.128 - - [29/Apr/2026:00:52:20 +0200] "GET /items/F237074226/ HTTP/1.1" 200 69260 "-" "Mozilla/5.0 (Linux; Android 6.0.1; Nexus 5X Build/MMB29P) AppleWebKit/537.36 (KHTML, like Gecko) Chrome/147.0.7727.116 Mobile Safari/537.36 (compatible; Googlebot/2.1; +http://www.google.com/bot.html)"
2a03:2880:f806:f:: - - [29/Apr/2026:00:52:24 +0200] "GET /items/S604972238/ HTTP/1.1" 200 0 "-" "meta-webindexer/1.1 (+https://developers.facebook.com/docs/sharing/webmasters/crawler)"
94.23.188.215 - - [29/Apr/2026:00:52:26 +0200] "GET /detail/344607411 HTTP/1.1" 200 0 "-" "Mozilla/5.0 (compatible; AhrefsBot/7.0; +http://ahrefs.com/robot/)"
2a03:2880:f806:46:: - - [29/Apr/2026:00:52:25 +0200] "GET /items/S601933369/ HTTP/1.1" 200 0 "-" "meta-webindexer/1.1 (+https://developers.facebook.com/docs/sharing/webmasters/crawler)"
192.178.4.98 - - [29/Apr/2026:00:52:26 +0200] "GET /detail/502108014 HTTP/1.1" 200 85853 "-" "Mozilla/5.0 (Linux; Android 6.0.1; Nexus 5X Build/MMB29P) AppleWebKit/537.36 (KHTML, like Gecko) Chrome/147.0.7727.116 Mobile Safari/537.36 (compatible; Googlebot/2.1; +http://www.google.com/bot.html)"
192.178.4.98 - - [29/Apr/2026:00:52:25 +0200] "GET /detail/514256606 HTTP/1.1" 200 72031 "-" "Mozilla/5.0 (Linux; Android 6.0.1; Nexus 5X Build/MMB29P) AppleWebKit/537.36 (KHTML, like Gecko) Chrome/147.0.7727.116 Mobile Safari/537.36 (compatible; Googlebot/2.1; +http://www.google.com/bot.html)"
66.249.64.128 - - [29/Apr/2026:00:52:31 +0200] "GET /items/E261448187/ HTTP/1.1" 200 77037 "-" "Mozilla/5.0 (Linux; Android 6.0.1; Nexus 5X Build/MMB29P) AppleWebKit/537.36 (KHTML, like Gecko) Chrome/147.0.7727.116 Mobile Safari/537.36 (compatible; Googlebot/2.1; +http://www.google.com/bot.html)"
20.12.186.23 - - [29/Apr/2026:00:52:33 +0200] "GET /wp-content/plugins/admin.php HTTP/1.1" 200 0 "-" "Mozilla/5.0 (Windows NT 10.0; Win64; x64) AppleWebKit/537.36 (KHTML, like Gecko) Chrome/120.0.0.0 Safari/537.36"
192.178.4.98 - - [29/Apr/2026:00:52:30 +0200] "GET /detail/549710703 HTTP/1.1" 200 79354 "-" "Mozilla/5.0 (Linux; Android 6.0.1; Nexus 5X Build/MMB29P) AppleWebKit/537.36 (KHTML, like Gecko) Chrome/147.0.7727.116 Mobile Safari/537.36 (compatible; Googlebot/2.1; +http://www.google.com/bot.html)"
192.178.4.96 - - [29/Apr/2026:00:52:32 +0200] "GET /detail/330601591 HTTP/1.1" 200 78309 "-" "Mozilla/5.0 (Linux; Android 6.0.1; Nexus 5X Build/MMB29P) AppleWebKit/537.36 (KHTML, like Gecko) Chrome/147.0.7727.116 Mobile Safari/537.36 (compatible; Googlebot/2.1; +http://www.google.com/bot.html)"
2a03:2880:f806:1c:: - - [29/Apr/2026:00:52:32 +0200] "GET /items/S601634219/ HTTP/1.1" 200 0 "-" "meta-webindexer/1.1 (+https://developers.facebook.com/docs/sharing/webmasters/crawler)"
66.249.64.128 - - [29/Apr/2026:00:52:34 +0200] "GET /items/Y326509166/ HTTP/1.1" 200 74831 "-" "Mozilla/5.0 (Linux; Android 6.0.1; Nexus 5X Build/MMB29P) AppleWebKit/537.36 (KHTML, like Gecko) Chrome/147.0.7727.116 Mobile Safari/537.36 (compatible; Googlebot/2.1; +http://www.google.com/bot.html)"
192.178.4.98 - - [29/Apr/2026:00:52:36 +0200] "GET /detail/330546164 HTTP/1.1" 200 90539 "-" "Mozilla/5.0 (Linux; Android 6.0.1; Nexus 5X Build/MMB29P) AppleWebKit/537.36 (KHTML, like Gecko) Chrome/147.0.7727.116 Mobile Safari/537.36 (compatible; Googlebot/2.1; +http://www.google.com/bot.html)"
2a03:2880:f806:22:: - - [29/Apr/2026:00:52:38 +0200] "GET /items/S602616078/ HTTP/1.1" 200 0 "-" "meta-webindexer/1.1 (+https://developers.facebook.com/docs/sharing/webmasters/crawler)"
2a03:2880:f806:1a:: - - [29/Apr/2026:00:52:38 +0200] "GET /items/S602101079/ HTTP/1.1" 200 0 "-" "meta-webindexer/1.1 (+https://developers.facebook.com/docs/sharing/webmasters/crawler)"
2a03:2880:f806:36:: - - [29/Apr/2026:00:52:36 +0200] "GET /items/S605731601/ HTTP/1.1" 200 0 "-" "meta-webindexer/1.1 (+https://developers.facebook.com/docs/sharing/webmasters/crawler)"
2a03:2880:f806:1d:: - - [29/Apr/2026:00:52:31 +0200] "GET /items/S602069211/ HTTP/1.1" 200 0 "-" "meta-webindexer/1.1 (+https://developers.facebook.com/docs/sharing/webmasters/crawler)"
2a03:2880:f806:d:: - - [29/Apr/2026:00:52:39 +0200] "GET /items/S601939744/ HTTP/1.1" 200 0 "-" "meta-webindexer/1.1 (+https://developers.facebook.com/docs/sharing/webmasters/crawler)"
2a03:2880:f806:46:: - - [29/Apr/2026:00:52:33 +0200] "GET /items/S607714678/ HTTP/1.1" 200 0 "-" "meta-webindexer/1.1 (+https://developers.facebook.com/docs/sharing/webmasters/crawler)"
2a03:2880:f806:4:: - - [29/Apr/2026:00:52:40 +0200] "GET /items/S602101184/ HTTP/1.1" 200 0 "-" "meta-webindexer/1.1 (+https://developers.facebook.com/docs/sharing/webmasters/crawler)"
66.249.64.129 - - [29/Apr/2026:00:52:41 +0200] "GET /cate-82-83 HTTP/1.1" 200 91158 "-" "Mozilla/5.0 (Linux; Android 6.0.1; Nexus 5X Build/MMB29P) AppleWebKit/537.36 (KHTML, like Gecko) Chrome/147.0.7727.116 Mobile Safari/537.36 (compatible; Googlebot/2.1; +http://www.google.com/bot.html)"
66.249.64.128 - - [29/Apr/2026:00:52:40 +0200] "GET /items/O374210616 HTTP/1.1" 200 77339 "-" "Mozilla/5.0 (Linux; Android 6.0.1; Nexus 5X Build/MMB29P) AppleWebKit/537.36 (KHTML, like Gecko) Chrome/147.0.7727.116 Mobile Safari/537.36 (compatible; Googlebot/2.1; +http://www.google.com/bot.html)"
2a03:2880:f806:: - - [29/Apr/2026:00:52:44 +0200] "GET /items/S602400663/ HTTP/1.1" 200 0 "-" "meta-webindexer/1.1 (+https://developers.facebook.com/docs/sharing/webmasters/crawler)"
20.12.186.23 - - [29/Apr/2026:00:52:40 +0200] "GET /index.php/feed/atom HTTP/1.1" 200 0 "-" "Mozilla/5.0 (Windows NT 10.0; Win64; x64) AppleWebKit/537.36 (KHTML, like Gecko) Chrome/120.0.0.0 Safari/537.36"
192.178.4.98 - - [29/Apr/2026:00:52:36 +0200] "GET /detail/684962979 HTTP/1.1" 200 80594 "-" "Mozilla/5.0 (Linux; Android 6.0.1; Nexus 5X Build/MMB29P) AppleWebKit/537.36 (KHTML, like Gecko) Chrome/147.0.7727.116 Mobile Safari/537.36 (compatible; Googlebot/2.1; +http://www.google.com/bot.html)"
2a03:2880:f806:51:: - - [29/Apr/2026:00:52:50 +0200] "GET /items/S607622531/ HTTP/1.1" 200 0 "-" "meta-webindexer/1.1 (+https://developers.facebook.com/docs/sharing/webmasters/crawler)"
192.178.4.99 - - [29/Apr/2026:00:52:49 +0200] "GET /detail/369593959 HTTP/1.1" 200 77091 "-" "Mozilla/5.0 (Linux; Android 6.0.1; Nexus 5X Build/MMB29P) AppleWebKit/537.36 (KHTML, like Gecko) Chrome/147.0.7727.116 Mobile Safari/537.36 (compatible; Googlebot/2.1; +http://www.google.com/bot.html)"
2a03:2880:f806:4b:: - - [29/Apr/2026:00:52:52 +0200] "GET /items/S606878052/ HTTP/1.1" 200 0 "-" "meta-webindexer/1.1 (+https://developers.facebook.com/docs/sharing/webmasters/crawler)"
2a03:2880:f806:5:: - - [29/Apr/2026:00:52:54 +0200] "GET /items/S605280006/ HTTP/1.1" 200 0 "-" "meta-webindexer/1.1 (+https://developers.facebook.com/docs/sharing/webmasters/crawler)"
2a03:2880:f806:4d:: - - [29/Apr/2026:00:52:55 +0200] "GET /items/S605053766/ HTTP/1.1" 200 0 "-" "meta-webindexer/1.1 (+https://developers.facebook.com/docs/sharing/webmasters/crawler)"
2a03:2880:f806:1a:: - - [29/Apr/2026:00:52:57 +0200] "GET /items/S607193832/ HTTP/1.1" 200 0 "-" "meta-webindexer/1.1 (+https://developers.facebook.com/docs/sharing/webmasters/crawler)"
40.77.167.121 - - [29/Apr/2026:00:52:40 +0200] "GET /items/S607869330/ HTTP/1.1" 200 15 "-" "Mozilla/5.0 AppleWebKit/537.36 (KHTML, like Gecko; compatible; bingbot/2.0; +http://www.bing.com/bingbot.htm) Chrome/116.0.1938.76 Safari/537.36"
2a03:2880:f806:16:: - - [29/Apr/2026:00:53:00 +0200] "GET /items/S604908191/ HTTP/1.1" 200 0 "-" "meta-webindexer/1.1 (+https://developers.facebook.com/docs/sharing/webmasters/crawler)"
2a03:2880:f806:20:: - - [29/Apr/2026:00:53:01 +0200] "GET /items/S607137127/ HTTP/1.1" 200 0 "-" "meta-webindexer/1.1 (+https://developers.facebook.com/docs/sharing/webmasters/crawler)"
66.249.64.129 - - [29/Apr/2026:00:52:44 +0200] "GET /items/C067255833/ HTTP/1.1" 200 84752 "-" "Mozilla/5.0 (Linux; Android 6.0.1; Nexus 5X Build/MMB29P) AppleWebKit/537.36 (KHTML, like Gecko) Chrome/147.0.7727.116 Mobile Safari/537.36 (compatible; Googlebot/2.1; +http://www.google.com/bot.html)"
51.68.247.205 - - [29/Apr/2026:00:52:48 +0200] "GET /detail/270106498 HTTP/1.1" 200 0 "-" "Mozilla/5.0 (compatible; AhrefsBot/7.0; +http://ahrefs.com/robot/)"
20.12.186.23 - - [29/Apr/2026:00:52:47 +0200] "GET /.well-known/acme-challenge/index.php HTTP/1.1" 200 0 "-" "Mozilla/5.0 (Windows NT 10.0; Win64; x64) AppleWebKit/537.36 (KHTML, like Gecko) Chrome/120.0.0.0 Safari/537.36"
192.178.4.99 - - [29/Apr/2026:00:52:50 +0200] "GET /detail/383141316 HTTP/1.1" 200 77881 "-" "Mozilla/5.0 (Linux; Android 6.0.1; Nexus 5X Build/MMB29P) AppleWebKit/537.36 (KHTML, like Gecko) Chrome/147.0.7727.116 Mobile Safari/537.36 (compatible; Googlebot/2.1; +http://www.google.com/bot.html)"
2a03:2880:f806:2:: - - [29/Apr/2026:00:52:54 +0200] "GET /items/S607529154/ HTTP/1.1" 200 0 "-" "meta-webindexer/1.1 (+https://developers.facebook.com/docs/sharing/webmasters/crawler)"
66.249.64.129 - - [29/Apr/2026:00:52:52 +0200] "GET /items/X503985651/ HTTP/1.1" 200 78216 "-" "Mozilla/5.0 (Linux; Android 6.0.1; Nexus 5X Build/MMB29P) AppleWebKit/537.36 (KHTML, like Gecko) Chrome/147.0.7727.116 Mobile Safari/537.36 (compatible; Googlebot/2.1; +http://www.google.com/bot.html)"
51.68.247.218 - - [29/Apr/2026:00:52:53 +0200] "GET /detail/436404519 HTTP/1.1" 200 0 "-" "Mozilla/5.0 (compatible; AhrefsBot/7.0; +http://ahrefs.com/robot/)"
192.178.4.99 - - [29/Apr/2026:00:52:56 +0200] "GET /detail/108267551 HTTP/1.1" 200 84166 "-" "Mozilla/5.0 (Linux; Android 6.0.1; Nexus 5X Build/MMB29P) AppleWebKit/537.36 (KHTML, like Gecko) Chrome/147.0.7727.116 Mobile Safari/537.36 (compatible; Googlebot/2.1; +http://www.google.com/bot.html)"
2a03:2880:f806:50:: - - [29/Apr/2026:00:52:55 +0200] "GET /items/S603303355/ HTTP/1.1" 200 0 "-" "meta-webindexer/1.1 (+https://developers.facebook.com/docs/sharing/webmasters/crawler)"
20.12.186.23 - - [29/Apr/2026:00:52:51 +0200] "GET /index/function.php HTTP/1.1" 200 0 "-" "Mozilla/5.0 (Windows NT 10.0; Win64; x64) AppleWebKit/537.36 (KHTML, like Gecko) Chrome/120.0.0.0 Safari/537.36"
2a03:2880:f806:1e:: - - [29/Apr/2026:00:52:57 +0200] "GET /items/S606602815/ HTTP/1.1" 200 0 "-" "meta-webindexer/1.1 (+https://developers.facebook.com/docs/sharing/webmasters/crawler)"
192.178.4.98 - - [29/Apr/2026:00:52:52 +0200] "GET /detail/320209549 HTTP/1.1" 200 80285 "-" "Mozilla/5.0 (Linux; Android 6.0.1; Nexus 5X Build/MMB29P) AppleWebKit/537.36 (KHTML, like Gecko) Chrome/147.0.7727.116 Mobile Safari/537.36 (compatible; Googlebot/2.1; +http://www.google.com/bot.html)"
20.12.186.23 - - [29/Apr/2026:00:53:00 +0200] "GET /randkeyword.PhP7 HTTP/1.1" 200 0 "-" "Mozilla/5.0 (Windows NT 10.0; Win64; x64) AppleWebKit/537.36 (KHTML, like Gecko) Chrome/120.0.0.0 Safari/537.36"
20.12.186.23 - - [29/Apr/2026:00:53:01 +0200] "GET /wp-content/plugins/core-plugin/include.php HTTP/1.1" 200 0 "-" "Mozilla/5.0 (Windows NT 10.0; Win64; x64) AppleWebKit/537.36 (KHTML, like Gecko) Chrome/120.0.0.0 Safari/537.36"
192.178.4.98 - - [29/Apr/2026:00:52:57 +0200] "GET /detail/237716770 HTTP/1.1" 200 83293 "-" "Mozilla/5.0 (Linux; Android 6.0.1; Nexus 5X Build/MMB29P) AppleWebKit/537.36 (KHTML, like Gecko) Chrome/147.0.7727.116 Mobile Safari/537.36 (compatible; Googlebot/2.1; +http://www.google.com/bot.html)"
66.249.64.128 - - [29/Apr/2026:00:53:03 +0200] "GET /items/M621240199/ HTTP/1.1" 200 75484 "-" "Mozilla/5.0 (Linux; Android 6.0.1; Nexus 5X Build/MMB29P) AppleWebKit/537.36 (KHTML, like Gecko) Chrome/147.0.7727.116 Mobile Safari/537.36 (compatible; Googlebot/2.1; +http://www.google.com/bot.html)"
20.12.186.23 - - [29/Apr/2026:00:53:02 +0200] "GET /alfanew.PHP7 HTTP/1.1" 200 0 "-" "Mozilla/5.0 (Windows NT 10.0; Win64; x64) AppleWebKit/537.36 (KHTML, like Gecko) Chrome/120.0.0.0 Safari/537.36"
66.249.64.129 - - [29/Apr/2026:00:52:43 +0200] "GET /items/M194413258/ HTTP/1.1" 200 77273 "-" "Mozilla/5.0 (Linux; Android 6.0.1; Nexus 5X Build/MMB29P) AppleWebKit/537.36 (KHTML, like Gecko) Chrome/147.0.7727.116 Mobile Safari/537.36 (compatible; Googlebot/2.1; +http://www.google.com/bot.html)"
109.234.166.131 - - [29/Apr/2026:00:51:20 +0200] "GET /boss2026yt/54/index.php?id=69176 HTTP/1.1" 404 0 "-" "GO"
192.178.4.96 - - [29/Apr/2026:00:52:48 +0200] "GET /detail/41246237 HTTP/1.1" 200 75707 "-" "Mozilla/5.0 (Linux; Android 6.0.1; Nexus 5X Build/MMB29P) AppleWebKit/537.36 (KHTML, like Gecko) Chrome/147.0.7727.116 Mobile Safari/537.36 (compatible; Googlebot/2.1; +http://www.google.com/bot.html)"
192.178.4.98 - - [29/Apr/2026:00:52:49 +0200] "GET /detail/368074947 HTTP/1.1" 200 84577 "-" "Mozilla/5.0 (Linux; Android 6.0.1; Nexus 5X Build/MMB29P) AppleWebKit/537.36 (KHTML, like Gecko) Chrome/147.0.7727.116 Mobile Safari/537.36 (compatible; Googlebot/2.1; +http://www.google.com/bot.html)"
2a03:2880:f806:48:: - - [29/Apr/2026:00:52:47 +0200] "GET /items/S606740824/ HTTP/1.1" 200 0 "-" "meta-webindexer/1.1 (+https://developers.facebook.com/docs/sharing/webmasters/crawler)"
176.31.139.2 - - [29/Apr/2026:00:52:41 +0200] "GET /detail/5133086 HTTP/1.1" 200 0 "-" "Mozilla/5.0 (compatible; AhrefsBot/7.0; +http://ahrefs.com/robot/)"
2a03:2880:f806:17:: - - [29/Apr/2026:00:52:52 +0200] "GET /items/S605447239/ HTTP/1.1" 200 0 "-" "meta-webindexer/1.1 (+https://developers.facebook.com/docs/sharing/webmasters/crawler)"
2a03:2880:f806:d:: - - [29/Apr/2026:00:52:45 +0200] "GET /items/S605623493/ HTTP/1.1" 200 0 "-" "meta-webindexer/1.1 (+https://developers.facebook.com/docs/sharing/webmasters/crawler)"
220.181.108.177 - - [29/Apr/2026:00:52:50 +0200] "GET /acheter/epicerie-salee/pates/ HTTP/1.1" 200 13 "-" "Mozilla/5.0 (compatible; Baiduspider/2.0; +http://www.baidu.com/search/spider.html)"
2a03:2880:f806:8:: - - [29/Apr/2026:00:52:50 +0200] "GET /items/S605127683/ HTTP/1.1" 200 0 "-" "meta-webindexer/1.1 (+https://developers.facebook.com/docs/sharing/webmasters/crawler)"
66.249.64.129 - - [29/Apr/2026:00:52:50 +0200] "GET /items/L786647411/ HTTP/1.1" 200 81431 "-" "Mozilla/5.0 (Linux; Android 6.0.1; Nexus 5X Build/MMB29P) AppleWebKit/537.36 (KHTML, like Gecko) Chrome/147.0.7727.116 Mobile Safari/537.36 (compatible; Googlebot/2.1; +http://www.google.com/bot.html)"
37.59.204.147 - - [29/Apr/2026:00:52:58 +0200] "GET /detail/471555965 HTTP/1.1" 200 0 "-" "Mozilla/5.0 (compatible; AhrefsBot/7.0; +http://ahrefs.com/robot/)"
2a03:2880:f806:b:: - - [29/Apr/2026:00:52:59 +0200] "GET /items/S604242026/ HTTP/1.1" 200 0 "-" "meta-webindexer/1.1 (+https://developers.facebook.com/docs/sharing/webmasters/crawler)"
2a03:2880:f806:20:: - - [29/Apr/2026:00:53:01 +0200] "GET /items/S606459545/ HTTP/1.1" 200 0 "-" "meta-webindexer/1.1 (+https://developers.facebook.com/docs/sharing/webmasters/crawler)"
66.249.64.129 - - [29/Apr/2026:00:52:42 +0200] "GET /items/M702424844/ HTTP/1.1" 200 15 "-" "Mozilla/5.0 (Linux; Android 6.0.1; Nexus 5X Build/MMB29P) AppleWebKit/537.36 (KHTML, like Gecko) Chrome/147.0.7727.116 Mobile Safari/537.36 (compatible; Googlebot/2.1; +http://www.google.com/bot.html)"
2a03:2880:f806:35:: - - [29/Apr/2026:00:52:58 +0200] "GET /items/S604515923/ HTTP/1.1" 200 0 "-" "meta-webindexer/1.1 (+https://developers.facebook.com/docs/sharing/webmasters/crawler)"
66.249.64.128 - - [29/Apr/2026:00:52:59 +0200] "GET /items/E535120804/ HTTP/1.1" 200 75897 "-" "Mozilla/5.0 (Linux; Android 6.0.1; Nexus 5X Build/MMB29P) AppleWebKit/537.36 (KHTML, like Gecko) Chrome/147.0.7727.116 Mobile Safari/537.36 (compatible; Googlebot/2.1; +http://www.google.com/bot.html)"
2a03:2880:f806:c:: - - [29/Apr/2026:00:53:04 +0200] "GET /items/S605018206/ HTTP/1.1" 200 0 "-" "meta-webindexer/1.1 (+https://developers.facebook.com/docs/sharing/webmasters/crawler)"
2a03:2880:f806:50:: - - [29/Apr/2026:00:53:06 +0200] "GET /items/S606826641/ HTTP/1.1" 200 0 "-" "meta-webindexer/1.1 (+https://developers.facebook.com/docs/sharing/webmasters/crawler)"
220.181.108.144 - - [29/Apr/2026:00:52:49 +0200] "GET /wp-content/cache/min/1/wp-content/plugins/dokan-lite/assets/vendors/font-awesome/css/font-awesome.min.css?ver=1767429998 HTTP/1.1" 200 13 "-" "Mozilla/5.0 (compatible; Baiduspider/2.0; +http://www.baidu.com/search/spider.html)"
66.249.64.129 - - [29/Apr/2026:00:53:02 +0200] "GET /items/D125504838/ HTTP/1.1" 200 87286 "-" "Mozilla/5.0 (Linux; Android 6.0.1; Nexus 5X Build/MMB29P) AppleWebKit/537.36 (KHTML, like Gecko) Chrome/147.0.7727.116 Mobile Safari/537.36 (compatible; Googlebot/2.1; +http://www.google.com/bot.html)"
192.178.4.96 - - [29/Apr/2026:00:53:03 +0200] "GET /detail/469214995 HTTP/1.1" 200 80315 "-" "Mozilla/5.0 (Linux; Android 6.0.1; Nexus 5X Build/MMB29P) AppleWebKit/537.36 (KHTML, like Gecko) Chrome/147.0.7727.116 Mobile Safari/537.36 (compatible; Googlebot/2.1; +http://www.google.com/bot.html)"
192.178.4.98 - - [29/Apr/2026:00:53:04 +0200] "GET /detail/433847528 HTTP/1.1" 200 78715 "-" "Mozilla/5.0 (Linux; Android 6.0.1; Nexus 5X Build/MMB29P) AppleWebKit/537.36 (KHTML, like Gecko) Chrome/147.0.7727.116 Mobile Safari/537.36 (compatible; Googlebot/2.1; +http://www.google.com/bot.html)"
20.12.186.23 - - [29/Apr/2026:00:53:05 +0200] "GET /cgi-bin HTTP/1.1" 301 795 "-" "Mozilla/5.0 (Windows NT 10.0; Win64; x64) AppleWebKit/537.36 (KHTML, like Gecko) Chrome/120.0.0.0 Safari/537.36"
2a03:2880:f806:18:: - - [29/Apr/2026:00:53:03 +0200] "GET /items/S603898083/ HTTP/1.1" 200 0 "-" "meta-webindexer/1.1 (+https://developers.facebook.com/docs/sharing/webmasters/crawler)"
66.249.64.128 - - [29/Apr/2026:00:53:04 +0200] "GET /items/J583350485/ HTTP/1.1" 200 76761 "-" "Mozilla/5.0 (Linux; Android 6.0.1; Nexus 5X Build/MMB29P) AppleWebKit/537.36 (KHTML, like Gecko) Chrome/147.0.7727.116 Mobile Safari/537.36 (compatible; Googlebot/2.1; +http://www.google.com/bot.html)"
66.249.64.128 - - [29/Apr/2026:00:53:06 +0200] "GET /detail/9827901 HTTP/1.1" 200 79450 "-" "Mozilla/5.0 (Linux; Android 6.0.1; Nexus 5X Build/MMB29P) AppleWebKit/537.36 (KHTML, like Gecko) Chrome/147.0.7727.116 Mobile Safari/537.36 (compatible; Googlebot/2.1; +http://www.google.com/bot.html)"
2a03:2880:f806:22:: - - [29/Apr/2026:00:52:49 +0200] "GET /items/S607817557/ HTTP/1.1" 200 15 "-" "meta-webindexer/1.1 (+https://developers.facebook.com/docs/sharing/webmasters/crawler)"
2a03:2880:f806:3b:: - - [29/Apr/2026:00:53:07 +0200] "GET /items/S606501984/ HTTP/1.1" 200 0 "-" "meta-webindexer/1.1 (+https://developers.facebook.com/docs/sharing/webmasters/crawler)"
2a03:2880:f806:44:: - - [29/Apr/2026:00:53:05 +0200] "GET /items/S602310785/ HTTP/1.1" 200 0 "-" "meta-webindexer/1.1 (+https://developers.facebook.com/docs/sharing/webmasters/crawler)"
66.249.64.128 - - [29/Apr/2026:00:53:06 +0200] "GET /items/N453190502/ HTTP/1.1" 200 89176 "-" "Mozilla/5.0 (Linux; Android 6.0.1; Nexus 5X Build/MMB29P) AppleWebKit/537.36 (KHTML, like Gecko) Chrome/147.0.7727.116 Mobile Safari/537.36 (compatible; Googlebot/2.1; +http://www.google.com/bot.html)"
66.249.64.128 - - [29/Apr/2026:00:53:10 +0200] "GET /items/I131692651/ HTTP/1.1" 200 77250 "-" "Mozilla/5.0 (Linux; Android 6.0.1; Nexus 5X Build/MMB29P) AppleWebKit/537.36 (KHTML, like Gecko) Chrome/147.0.7727.116 Mobile Safari/537.36 (compatible; Googlebot/2.1; +http://www.google.com/bot.html)"
192.178.4.98 - - [29/Apr/2026:00:53:11 +0200] "GET /detail/253249044 HTTP/1.1" 200 75984 "-" "Mozilla/5.0 (Linux; Android 6.0.1; Nexus 5X Build/MMB29P) AppleWebKit/537.36 (KHTML, like Gecko) Chrome/147.0.7727.116 Mobile Safari/537.36 (compatible; Googlebot/2.1; +http://www.google.com/bot.html)"
192.178.4.99 - - [29/Apr/2026:00:53:00 +0200] "GET /detail/293530911 HTTP/1.1" 200 80372 "-" "Mozilla/5.0 (Linux; Android 6.0.1; Nexus 5X Build/MMB29P) AppleWebKit/537.36 (KHTML, like Gecko) Chrome/147.0.7727.116 Mobile Safari/537.36 (compatible; Googlebot/2.1; +http://www.google.com/bot.html)"
2a03:2880:f806:a:: - - [29/Apr/2026:00:53:13 +0200] "GET /items/S605548375/ HTTP/1.1" 200 0 "-" "meta-webindexer/1.1 (+https://developers.facebook.com/docs/sharing/webmasters/crawler)"
2a03:2880:f806:f:: - - [29/Apr/2026:00:53:04 +0200] "GET /items/S607461274/ HTTP/1.1" 200 0 "-" "meta-webindexer/1.1 (+https://developers.facebook.com/docs/sharing/webmasters/crawler)"
2a03:2880:f806:2:: - - [29/Apr/2026:00:52:48 +0200] "GET /items/S602015307/ HTTP/1.1" 200 15 "-" "meta-webindexer/1.1 (+https://developers.facebook.com/docs/sharing/webmasters/crawler)"
20.12.186.23 - - [29/Apr/2026:00:53:05 +0200] "GET /.well-known/pki-validation HTTP/1.1" 200 0 "-" "Mozilla/5.0 (Windows NT 10.0; Win64; x64) AppleWebKit/537.36 (KHTML, like Gecko) Chrome/120.0.0.0 Safari/537.36"
2a03:2880:f806:24:: - - [29/Apr/2026:00:53:07 +0200] "GET /items/S603779981/ HTTP/1.1" 200 0 "-" "meta-webindexer/1.1 (+https://developers.facebook.com/docs/sharing/webmasters/crawler)"
2a03:2880:f806:25:: - - [29/Apr/2026:00:53:09 +0200] "GET /items/S606971737/ HTTP/1.1" 200 0 "-" "meta-webindexer/1.1 (+https://developers.facebook.com/docs/sharing/webmasters/crawler)"
192.178.4.98 - - [29/Apr/2026:00:53:04 +0200] "GET /detail/360390899 HTTP/1.1" 200 75145 "-" "Mozilla/5.0 (Linux; Android 6.0.1; Nexus 5X Build/MMB29P) AppleWebKit/537.36 (KHTML, like Gecko) Chrome/147.0.7727.116 Mobile Safari/537.36 (compatible; Googlebot/2.1; +http://www.google.com/bot.html)"
2a03:2880:f806:3d:: - - [29/Apr/2026:00:53:11 +0200] "GET /items/S605039639/ HTTP/1.1" 200 0 "-" "meta-webindexer/1.1 (+https://developers.facebook.com/docs/sharing/webmasters/crawler)"
51.75.236.149 - - [29/Apr/2026:00:53:06 +0200] "GET /detail/399430705 HTTP/1.1" 200 0 "-" "Mozilla/5.0 (compatible; AhrefsBot/7.0; +http://ahrefs.com/robot/)"
109.234.166.131 - - [29/Apr/2026:00:53:13 +0200] "POST /wp-cron.php?doing_wp_cron=1777416793.4762160778045654296875 HTTP/1.1" 200 0 "-" "WordPress/6.9.4; https://manger-francais.com"
20.12.186.23 - - [29/Apr/2026:00:53:09 +0200] "GET /wp-admin/network/about.php HTTP/1.1" 302 0 "-" "Mozilla/5.0 (Windows NT 10.0; Win64; x64) AppleWebKit/537.36 (KHTML, like Gecko) Chrome/120.0.0.0 Safari/537.36"
192.178.4.98 - - [29/Apr/2026:00:53:12 +0200] "GET /detail/248372673 HTTP/1.1" 200 85488 "-" "Mozilla/5.0 (Linux; Android 6.0.1; Nexus 5X Build/MMB29P) AppleWebKit/537.36 (KHTML, like Gecko) Chrome/147.0.7727.116 Mobile Safari/537.36 (compatible; Googlebot/2.1; +http://www.google.com/bot.html)"
2a03:2880:f806:4a:: - - [29/Apr/2026:00:53:13 +0200] "GET /items/S602649760/ HTTP/1.1" 200 0 "-" "meta-webindexer/1.1 (+https://developers.facebook.com/docs/sharing/webmasters/crawler)"
109.234.166.131 - - [29/Apr/2026:00:53:14 +0200] "GET /idees-recettes/roti-de-veau-aux-morilles-epatez-vos-convives/ HTTP/1.1" 200 0 "-" "WP Rocket/Preload"
66.249.64.128 - - [29/Apr/2026:00:53:15 +0200] "GET /items/U776040332/ HTTP/1.1" 200 79183 "-" "Mozilla/5.0 (Linux; Android 6.0.1; Nexus 5X Build/MMB29P) AppleWebKit/537.36 (KHTML, like Gecko) Chrome/147.0.7727.116 Mobile Safari/537.36 (compatible; Googlebot/2.1; +http://www.google.com/bot.html)"
2a03:2880:f806:44:: - - [29/Apr/2026:00:53:17 +0200] "GET /items/S607894432/ HTTP/1.1" 200 0 "-" "meta-webindexer/1.1 (+https://developers.facebook.com/docs/sharing/webmasters/crawler)"
2a03:2880:f806:48:: - - [29/Apr/2026:00:53:12 +0200] "GET /items/S604810229/ HTTP/1.1" 200 0 "-" "meta-webindexer/1.1 (+https://developers.facebook.com/docs/sharing/webmasters/crawler)"
20.12.186.23 - - [29/Apr/2026:00:53:17 +0200] "GET /function/function.php HTTP/1.1" 200 0 "-" "Mozilla/5.0 (Windows NT 10.0; Win64; x64) AppleWebKit/537.36 (KHTML, like Gecko) Chrome/120.0.0.0 Safari/537.36"
109.234.166.131 - - [29/Apr/2026:00:53:19 +0200] "GET /idees-recettes/creme-brulee-maison-astuces-originales/ HTTP/1.1" 200 0 "-" "WP Rocket/Preload"
20.12.186.23 - - [29/Apr/2026:00:53:21 +0200] "GET /wp-content/plugins/index.php HTTP/1.1" 200 0 "-" "Mozilla/5.0 (Windows NT 10.0; Win64; x64) AppleWebKit/537.36 (KHTML, like Gecko) Chrome/120.0.0.0 Safari/537.36"
192.178.4.96 - - [29/Apr/2026:00:52:46 +0200] "GET /detail/108700338 HTTP/1.1" 200 15 "-" "Mozilla/5.0 (Linux; Android 6.0.1; Nexus 5X Build/MMB29P) AppleWebKit/537.36 (KHTML, like Gecko) Chrome/147.0.7727.116 Mobile Safari/537.36 (compatible; Googlebot/2.1; +http://www.google.com/bot.html)"
66.249.64.128 - - [29/Apr/2026:00:53:05 +0200] "GET /items/G333702726/ HTTP/1.1" 200 82416 "-" "Mozilla/5.0 (Linux; Android 6.0.1; Nexus 5X Build/MMB29P) AppleWebKit/537.36 (KHTML, like Gecko) Chrome/147.0.7727.116 Mobile Safari/537.36 (compatible; Googlebot/2.1; +http://www.google.com/bot.html)"
109.234.166.131 - - [29/Apr/2026:00:52:47 +0200] "GET /boss2026yt/54/index.php?id=69176 HTTP/1.1" 404 15 "-" "GO"
66.249.64.128 - - [29/Apr/2026:00:53:06 +0200] "GET /items/P303477400/ HTTP/1.1" 200 77807 "-" "Mozilla/5.0 (Linux; Android 6.0.1; Nexus 5X Build/MMB29P) AppleWebKit/537.36 (KHTML, like Gecko) Chrome/147.0.7727.116 Mobile Safari/537.36 (compatible; Googlebot/2.1; +http://www.google.com/bot.html)"
192.178.4.99 - - [29/Apr/2026:00:53:08 +0200] "GET /detail/359338241 HTTP/1.1" 200 80164 "-" "Mozilla/5.0 (Linux; Android 6.0.1; Nexus 5X Build/MMB29P) AppleWebKit/537.36 (KHTML, like Gecko) Chrome/147.0.7727.116 Mobile Safari/537.36 (compatible; Googlebot/2.1; +http://www.google.com/bot.html)"
2a03:2880:f806:1b:: - - [29/Apr/2026:00:53:08 +0200] "GET /items/S607417541/ HTTP/1.1" 200 0 "-" "meta-webindexer/1.1 (+https://developers.facebook.com/docs/sharing/webmasters/crawler)"
66.249.64.128 - - [29/Apr/2026:00:53:08 +0200] "GET /items/U777792812/ HTTP/1.1" 200 81880 "-" "Mozilla/5.0 (Linux; Android 6.0.1; Nexus 5X Build/MMB29P) AppleWebKit/537.36 (KHTML, like Gecko) Chrome/147.0.7727.116 Mobile Safari/537.36 (compatible; Googlebot/2.1; +http://www.google.com/bot.html)"
2a03:2880:f806:11:: - - [29/Apr/2026:00:53:11 +0200] "GET /items/S604399615/ HTTP/1.1" 200 0 "-" "meta-webindexer/1.1 (+https://developers.facebook.com/docs/sharing/webmasters/crawler)"
192.178.4.96 - - [29/Apr/2026:00:53:10 +0200] "GET /detail/317156691 HTTP/1.1" 200 76610 "-" "Mozilla/5.0 (Linux; Android 6.0.1; Nexus 5X Build/MMB29P) AppleWebKit/537.36 (KHTML, like Gecko) Chrome/147.0.7727.116 Mobile Safari/537.36 (compatible; Googlebot/2.1; +http://www.google.com/bot.html)"
66.249.64.128 - - [29/Apr/2026:00:53:12 +0200] "GET /items/O434135632/ HTTP/1.1" 200 85895 "-" "Mozilla/5.0 (Linux; Android 6.0.1; Nexus 5X Build/MMB29P) AppleWebKit/537.36 (KHTML, like Gecko) Chrome/147.0.7727.116 Mobile Safari/537.36 (compatible; Googlebot/2.1; +http://www.google.com/bot.html)"
192.178.4.96 - - [29/Apr/2026:00:53:13 +0200] "GET /detail/407852630 HTTP/1.1" 200 75654 "-" "Mozilla/5.0 (Linux; Android 6.0.1; Nexus 5X Build/MMB29P) AppleWebKit/537.36 (KHTML, like Gecko) Chrome/147.0.7727.116 Mobile Safari/537.36 (compatible; Googlebot/2.1; +http://www.google.com/bot.html)"
2a03:2880:f806:4:: - - [29/Apr/2026:00:53:15 +0200] "GET /items/S604557095/ HTTP/1.1" 200 0 "-" "meta-webindexer/1.1 (+https://developers.facebook.com/docs/sharing/webmasters/crawler)"
2a03:2880:f806:6:: - - [29/Apr/2026:00:53:15 +0200] "GET /items/S607090331/ HTTP/1.1" 200 0 "-" "meta-webindexer/1.1 (+https://developers.facebook.com/docs/sharing/webmasters/crawler)"
192.178.4.98 - - [29/Apr/2026:00:53:16 +0200] "GET /detail/334500385 HTTP/1.1" 200 84112 "-" "Mozilla/5.0 (Linux; Android 6.0.1; Nexus 5X Build/MMB29P) AppleWebKit/537.36 (KHTML, like Gecko) Chrome/147.0.7727.116 Mobile Safari/537.36 (compatible; Googlebot/2.1; +http://www.google.com/bot.html)"
66.249.64.128 - - [29/Apr/2026:00:53:16 +0200] "GET /items/R563790989/ HTTP/1.1" 200 80659 "-" "Mozilla/5.0 (Linux; Android 6.0.1; Nexus 5X Build/MMB29P) AppleWebKit/537.36 (KHTML, like Gecko) Chrome/147.0.7727.116 Mobile Safari/537.36 (compatible; Googlebot/2.1; +http://www.google.com/bot.html)"
66.249.64.128 - - [29/Apr/2026:00:53:17 +0200] "GET /items/E451785650/ HTTP/1.1" 200 76458 "-" "Mozilla/5.0 (Linux; Android 6.0.1; Nexus 5X Build/MMB29P) AppleWebKit/537.36 (KHTML, like Gecko) Chrome/147.0.7727.116 Mobile Safari/537.36 (compatible; Googlebot/2.1; +http://www.google.com/bot.html)"
66.249.64.128 - - [29/Apr/2026:00:53:18 +0200] "GET /detail/164026522 HTTP/1.1" 200 104239 "-" "Mozilla/5.0 (Linux; Android 6.0.1; Nexus 5X Build/MMB29P) AppleWebKit/537.36 (KHTML, like Gecko) Chrome/147.0.7727.116 Mobile Safari/537.36 (compatible; Googlebot/2.1; +http://www.google.com/bot.html)"
192.178.4.98 - - [29/Apr/2026:00:53:20 +0200] "GET /detail/536167868 HTTP/1.1" 200 86796 "-" "Mozilla/5.0 (Linux; Android 6.0.1; Nexus 5X Build/MMB29P) AppleWebKit/537.36 (KHTML, like Gecko) Chrome/147.0.7727.116 Mobile Safari/537.36 (compatible; Googlebot/2.1; +http://www.google.com/bot.html)"
20.12.186.23 - - [29/Apr/2026:00:53:22 +0200] "GET /about/function.php HTTP/1.1" 200 0 "-" "Mozilla/5.0 (Windows NT 10.0; Win64; x64) AppleWebKit/537.36 (KHTML, like Gecko) Chrome/120.0.0.0 Safari/537.36"
109.234.166.131 - - [29/Apr/2026:00:53:23 +0200] "GET /e-commerce-alimentaire/boucherie-en-ligne-pourquoi-vous-pouvez-commander-votre-viande-les-yeux-fermes/ HTTP/1.1" 200 0 "-" "WP Rocket/Preload Mozilla/5.0 (iPhone; CPU iPhone OS 9_1 like Mac OS X) AppleWebKit/601.1.46 (KHTML, like Gecko) Version/9.0 Mobile/13B143 Safari/601.1"
66.249.64.128 - - [29/Apr/2026:00:53:12 +0200] "GET /detail/603201051 HTTP/1.1" 200 105574 "-" "Mozilla/5.0 (Linux; Android 6.0.1; Nexus 5X Build/MMB29P) AppleWebKit/537.36 (KHTML, like Gecko) Chrome/147.0.7727.116 Mobile Safari/537.36 (compatible; Googlebot/2.1; +http://www.google.com/bot.html)"
2a03:2880:f806:5:: - - [29/Apr/2026:00:53:27 +0200] "GET /items/S606738751/ HTTP/1.1" 200 0 "-" "meta-webindexer/1.1 (+https://developers.facebook.com/docs/sharing/webmasters/crawler)"
192.178.4.98 - - [29/Apr/2026:00:53:27 +0200] "GET /detail/359920364 HTTP/1.1" 200 86759 "-" "Mozilla/5.0 (Linux; Android 6.0.1; Nexus 5X Build/MMB29P) AppleWebKit/537.36 (KHTML, like Gecko) Chrome/147.0.7727.116 Mobile Safari/537.36 (compatible; Googlebot/2.1; +http://www.google.com/bot.html)"
2a03:2880:f806:2d:: - - [29/Apr/2026:00:53:25 +0200] "GET /items/S605434132/ HTTP/1.1" 200 0 "-" "meta-webindexer/1.1 (+https://developers.facebook.com/docs/sharing/webmasters/crawler)"
2a03:2880:f806:45:: - - [29/Apr/2026:00:53:29 +0200] "GET /items/S603137425/ HTTP/1.1" 200 0 "-" "meta-webindexer/1.1 (+https://developers.facebook.com/docs/sharing/webmasters/crawler)"
20.12.186.23 - - [29/Apr/2026:00:53:24 +0200] "GET /admin/function.php HTTP/1.1" 200 0 "-" "Mozilla/5.0 (Windows NT 10.0; Win64; x64) AppleWebKit/537.36 (KHTML, like Gecko) Chrome/120.0.0.0 Safari/537.36"
66.249.64.128 - - [29/Apr/2026:00:53:22 +0200] "GET /items/J952959758/ HTTP/1.1" 200 72158 "-" "Mozilla/5.0 (Linux; Android 6.0.1; Nexus 5X Build/MMB29P) AppleWebKit/537.36 (KHTML, like Gecko) Chrome/147.0.7727.116 Mobile Safari/537.36 (compatible; Googlebot/2.1; +http://www.google.com/bot.html)"
2a03:2880:f806:15:: - - [29/Apr/2026:00:53:27 +0200] "GET /items/S607427372/ HTTP/1.1" 200 0 "-" "meta-webindexer/1.1 (+https://developers.facebook.com/docs/sharing/webmasters/crawler)"
192.178.4.98 - - [29/Apr/2026:00:53:30 +0200] "GET /detail/329829328 HTTP/1.1" 200 82645 "-" "Mozilla/5.0 (Linux; Android 6.0.1; Nexus 5X Build/MMB29P) AppleWebKit/537.36 (KHTML, like Gecko) Chrome/147.0.7727.116 Mobile Safari/537.36 (compatible; Googlebot/2.1; +http://www.google.com/bot.html)"
192.178.4.98 - - [29/Apr/2026:00:53:28 +0200] "GET /detail/307506329 HTTP/1.1" 200 83683 "-" "Mozilla/5.0 (Linux; Android 6.0.1; Nexus 5X Build/MMB29P) AppleWebKit/537.36 (KHTML, like Gecko) Chrome/147.0.7727.116 Mobile Safari/537.36 (compatible; Googlebot/2.1; +http://www.google.com/bot.html)"
192.178.4.96 - - [29/Apr/2026:00:53:14 +0200] "GET /detail/466551517 HTTP/1.1" 200 74919 "-" "Mozilla/5.0 (Linux; Android 6.0.1; Nexus 5X Build/MMB29P) AppleWebKit/537.36 (KHTML, like Gecko) Chrome/147.0.7727.116 Mobile Safari/537.36 (compatible; Googlebot/2.1; +http://www.google.com/bot.html)"
109.234.166.131 - - [29/Apr/2026:00:53:18 +0200] "GET /idees-recettes/roti-de-veau-aux-morilles-epatez-vos-convives/ HTTP/1.1" 200 0 "-" "WP Rocket/Preload Mozilla/5.0 (iPhone; CPU iPhone OS 9_1 like Mac OS X) AppleWebKit/601.1.46 (KHTML, like Gecko) Version/9.0 Mobile/13B143 Safari/601.1"
2a03:2880:f806:3c:: - - [29/Apr/2026:00:53:18 +0200] "GET /items/S603306398/ HTTP/1.1" 200 0 "-" "meta-webindexer/1.1 (+https://developers.facebook.com/docs/sharing/webmasters/crawler)"
20.12.186.23 - - [29/Apr/2026:00:53:18 +0200] "GET /modules/mod_footer/tmpl/index.php HTTP/1.1" 200 0 "-" "Mozilla/5.0 (Windows NT 10.0; Win64; x64) AppleWebKit/537.36 (KHTML, like Gecko) Chrome/120.0.0.0 Safari/537.36"
20.12.186.23 - - [29/Apr/2026:00:53:20 +0200] "GET /wp-content/plugins/WordPressCore/include.php HTTP/1.1" 200 0 "-" "Mozilla/5.0 (Windows NT 10.0; Win64; x64) AppleWebKit/537.36 (KHTML, like Gecko) Chrome/120.0.0.0 Safari/537.36"
109.234.166.131 - - [29/Apr/2026:00:53:20 +0200] "GET /idees-recettes/creme-brulee-maison-astuces-originales/ HTTP/1.1" 200 0 "-" "WP Rocket/Preload Mozilla/5.0 (iPhone; CPU iPhone OS 9_1 like Mac OS X) AppleWebKit/601.1.46 (KHTML, like Gecko) Version/9.0 Mobile/13B143 Safari/601.1"
109.234.166.131 - - [29/Apr/2026:00:53:22 +0200] "GET /e-commerce-alimentaire/boucherie-en-ligne-pourquoi-vous-pouvez-commander-votre-viande-les-yeux-fermes/ HTTP/1.1" 200 0 "-" "WP Rocket/Preload"
2a03:2880:f806:1b:: - - [29/Apr/2026:00:53:17 +0200] "GET /items/S605447776/ HTTP/1.1" 200 0 "-" "meta-webindexer/1.1 (+https://developers.facebook.com/docs/sharing/webmasters/crawler)"
2a03:2880:f806:12:: - - [29/Apr/2026:00:53:25 +0200] "GET /items/S603096101/ HTTP/1.1" 200 0 "-" "meta-webindexer/1.1 (+https://developers.facebook.com/docs/sharing/webmasters/crawler)"
2a03:2880:f806:9:: - - [29/Apr/2026:00:53:21 +0200] "GET /items/S604348951/ HTTP/1.1" 200 0 "-" "meta-webindexer/1.1 (+https://developers.facebook.com/docs/sharing/webmasters/crawler)"
2a03:2880:f806:3d:: - - [29/Apr/2026:00:53:22 +0200] "GET /items/S605858045/ HTTP/1.1" 200 0 "-" "meta-webindexer/1.1 (+https://developers.facebook.com/docs/sharing/webmasters/crawler)"
66.249.64.128 - - [29/Apr/2026:00:53:25 +0200] "GET /items/V704437183/ HTTP/1.1" 200 80044 "-" "Mozilla/5.0 (Linux; Android 6.0.1; Nexus 5X Build/MMB29P) AppleWebKit/537.36 (KHTML, like Gecko) Chrome/147.0.7727.116 Mobile Safari/537.36 (compatible; Googlebot/2.1; +http://www.google.com/bot.html)"
66.249.64.128 - - [29/Apr/2026:00:53:19 +0200] "GET /items/Z992595756/ HTTP/1.1" 200 72380 "-" "Mozilla/5.0 (Linux; Android 6.0.1; Nexus 5X Build/MMB29P) AppleWebKit/537.36 (KHTML, like Gecko) Chrome/147.0.7727.116 Mobile Safari/537.36 (compatible; Googlebot/2.1; +http://www.google.com/bot.html)"
109.234.166.131 - - [29/Apr/2026:00:53:26 +0200] "GET /direct-producteur/cote-de-boeuf/cotes-de-boeuf-angus/ HTTP/1.1" 200 0 "-" "WP Rocket/Preload Mozilla/5.0 (iPhone; CPU iPhone OS 9_1 like Mac OS X) AppleWebKit/601.1.46 (KHTML, like Gecko) Version/9.0 Mobile/13B143 Safari/601.1"
66.249.64.128 - - [29/Apr/2026:00:53:28 +0200] "GET /items/K686197963/ HTTP/1.1" 200 77317 "-" "Mozilla/5.0 (Linux; Android 6.0.1; Nexus 5X Build/MMB29P) AppleWebKit/537.36 (KHTML, like Gecko) Chrome/147.0.7727.116 Mobile Safari/537.36 (compatible; Googlebot/2.1; +http://www.google.com/bot.html)"
2a03:2880:f806:26:: - - [29/Apr/2026:00:53:32 +0200] "GET /items/S602713529/ HTTP/1.1" 200 0 "-" "meta-webindexer/1.1 (+https://developers.facebook.com/docs/sharing/webmasters/crawler)"
66.249.64.128 - - [29/Apr/2026:00:53:21 +0200] "GET /items/H952569990/ HTTP/1.1" 200 91681 "-" "Mozilla/5.0 (Linux; Android 6.0.1; Nexus 5X Build/MMB29P) AppleWebKit/537.36 (KHTML, like Gecko) Chrome/147.0.7727.116 Mobile Safari/537.36 (compatible; Googlebot/2.1; +http://www.google.com/bot.html)"
192.178.4.98 - - [29/Apr/2026:00:53:21 +0200] "GET /detail/163327571 HTTP/1.1" 200 82113 "-" "Mozilla/5.0 (Linux; Android 6.0.1; Nexus 5X Build/MMB29P) AppleWebKit/537.36 (KHTML, like Gecko) Chrome/147.0.7727.116 Mobile Safari/537.36 (compatible; Googlebot/2.1; +http://www.google.com/bot.html)"
2a03:2880:f806:1a:: - - [29/Apr/2026:00:53:19 +0200] "GET /items/S601135201/ HTTP/1.1" 200 0 "-" "meta-webindexer/1.1 (+https://developers.facebook.com/docs/sharing/webmasters/crawler)"
2a03:2880:f806:3d:: - - [29/Apr/2026:00:53:23 +0200] "GET /items/S605900061/ HTTP/1.1" 200 0 "-" "meta-webindexer/1.1 (+https://developers.facebook.com/docs/sharing/webmasters/crawler)"
192.178.4.98 - - [29/Apr/2026:00:53:25 +0200] "GET /detail/561932866 HTTP/1.1" 200 82085 "-" "Mozilla/5.0 (Linux; Android 6.0.1; Nexus 5X Build/MMB29P) AppleWebKit/537.36 (KHTML, like Gecko) Chrome/147.0.7727.116 Mobile Safari/537.36 (compatible; Googlebot/2.1; +http://www.google.com/bot.html)"
109.234.166.131 - - [29/Apr/2026:00:53:25 +0200] "GET /direct-producteur/cote-de-boeuf/cotes-de-boeuf-angus/ HTTP/1.1" 200 0 "-" "WP Rocket/Preload"
109.234.166.131 - - [29/Apr/2026:00:53:28 +0200] "GET /acheter/ HTTP/1.1" 200 0 "-" "WP Rocket/Preload"
66.249.64.128 - - [29/Apr/2026:00:53:25 +0200] "GET /items/P903736846/ HTTP/1.1" 200 73718 "-" "Mozilla/5.0 (Linux; Android 6.0.1; Nexus 5X Build/MMB29P) AppleWebKit/537.36 (KHTML, like Gecko) Chrome/147.0.7727.116 Mobile Safari/537.36 (compatible; Googlebot/2.1; +http://www.google.com/bot.html)"
2a03:2880:f806:16:: - - [29/Apr/2026:00:53:29 +0200] "GET /items/S604515333/ HTTP/1.1" 200 0 "-" "meta-webindexer/1.1 (+https://developers.facebook.com/docs/sharing/webmasters/crawler)"
2a03:2880:f806:15:: - - [29/Apr/2026:00:53:31 +0200] "GET /items/S601570038/ HTTP/1.1" 200 0 "-" "meta-webindexer/1.1 (+https://developers.facebook.com/docs/sharing/webmasters/crawler)"
192.178.4.98 - - [29/Apr/2026:00:53:29 +0200] "GET /detail/639410309 HTTP/1.1" 200 94757 "-" "Mozilla/5.0 (Linux; Android 6.0.1; Nexus 5X Build/MMB29P) AppleWebKit/537.36 (KHTML, like Gecko) Chrome/147.0.7727.116 Mobile Safari/537.36 (compatible; Googlebot/2.1; +http://www.google.com/bot.html)"
192.178.4.96 - - [29/Apr/2026:00:53:31 +0200] "GET /detail/203071485 HTTP/1.1" 200 81908 "-" "Mozilla/5.0 (Linux; Android 6.0.1; Nexus 5X Build/MMB29P) AppleWebKit/537.36 (KHTML, like Gecko) Chrome/147.0.7727.116 Mobile Safari/537.36 (compatible; Googlebot/2.1; +http://www.google.com/bot.html)"
66.249.64.128 - - [29/Apr/2026:00:53:33 +0200] "GET /items/P265216095/ HTTP/1.1" 200 98134 "-" "Mozilla/5.0 (Linux; Android 6.0.1; Nexus 5X Build/MMB29P) AppleWebKit/537.36 (KHTML, like Gecko) Chrome/147.0.7727.116 Mobile Safari/537.36 (compatible; Googlebot/2.1; +http://www.google.com/bot.html)"
2a03:2880:f806:51:: - - [29/Apr/2026:00:53:35 +0200] "GET /items/S603294438/ HTTP/1.1" 200 0 "-" "meta-webindexer/1.1 (+https://developers.facebook.com/docs/sharing/webmasters/crawler)"
192.178.4.99 - - [29/Apr/2026:00:53:36 +0200] "GET /detail/539693240 HTTP/1.1" 200 83929 "-" "Mozilla/5.0 (Linux; Android 6.0.1; Nexus 5X Build/MMB29P) AppleWebKit/537.36 (KHTML, like Gecko) Chrome/147.0.7727.116 Mobile Safari/537.36 (compatible; Googlebot/2.1; +http://www.google.com/bot.html)"
2a03:2880:f806:6:: - - [29/Apr/2026:00:53:37 +0200] "GET /items/S604487627/ HTTP/1.1" 200 0 "-" "meta-webindexer/1.1 (+https://developers.facebook.com/docs/sharing/webmasters/crawler)"
2a03:2880:f806:51:: - - [29/Apr/2026:00:53:44 +0200] "GET /items/S604311868/ HTTP/1.1" 200 0 "-" "meta-webindexer/1.1 (+https://developers.facebook.com/docs/sharing/webmasters/crawler)"
66.249.64.129 - - [29/Apr/2026:00:53:32 +0200] "GET /items/X861510486/ HTTP/1.1" 200 77169 "-" "Mozilla/5.0 (Linux; Android 6.0.1; Nexus 5X Build/MMB29P) AppleWebKit/537.36 (KHTML, like Gecko) Chrome/147.0.7727.116 Mobile Safari/537.36 (compatible; Googlebot/2.1; +http://www.google.com/bot.html)"
109.234.166.131 - - [29/Apr/2026:00:53:31 +0200] "GET /ou-trouver/viande-au-four/ HTTP/1.1" 200 0 "-" "WP Rocket/Preload"
40.77.167.241 - - [29/Apr/2026:00:53:31 +0200] "GET /items/S607118412/ HTTP/1.1" 200 13 "-" "Mozilla/5.0 AppleWebKit/537.36 (KHTML, like Gecko; compatible; bingbot/2.0; +http://www.bing.com/bingbot.htm) Chrome/116.0.1938.76 Safari/537.36"
