57.141.20.30 - - [28/May/2026:01:01:23 +0200] "GET /items/K462109970/ HTTP/1.1" 200 0 "-" "meta-externalagent/1.1 (+https://developers.facebook.com/docs/sharing/webmasters/crawler)"
57.141.20.56 - - [28/May/2026:01:01:32 +0200] "GET /items/K465699681/ HTTP/1.1" 200 0 "-" "meta-externalagent/1.1 (+https://developers.facebook.com/docs/sharing/webmasters/crawler)"
57.141.20.58 - - [28/May/2026:01:01:35 +0200] "GET /?k=5190891engj4 HTTP/1.1" 200 0 "-" "meta-externalagent/1.1 (+https://developers.facebook.com/docs/sharing/webmasters/crawler)"
57.141.20.67 - - [28/May/2026:01:01:37 +0200] "GET /items/K465663732/ HTTP/1.1" 200 0 "-" "meta-externalagent/1.1 (+https://developers.facebook.com/docs/sharing/webmasters/crawler)"
57.141.20.55 - - [28/May/2026:00:59:43 +0200] "GET /items/K464139932/ HTTP/1.1" 200 0 "-" "meta-externalagent/1.1 (+https://developers.facebook.com/docs/sharing/webmasters/crawler)"
109.234.166.131 - - [28/May/2026:00:58:21 +0200] "GET /wp-includese4d8c2/44/index.php?id=346479 HTTP/1.1" 404 0 "-" "GO"
57.141.20.45 - - [28/May/2026:00:59:52 +0200] "GET /items/K463586487/ HTTP/1.1" 200 0 "-" "meta-externalagent/1.1 (+https://developers.facebook.com/docs/sharing/webmasters/crawler)"
109.234.166.131 - - [28/May/2026:00:58:37 +0200] "GET /wp-includese4d8c2/44/index.php?id=323954 HTTP/1.1" 404 0 "-" "GO"
57.141.20.41 - - [28/May/2026:00:59:57 +0200] "GET /items/K463843858/ HTTP/1.1" 200 0 "-" "meta-externalagent/1.1 (+https://developers.facebook.com/docs/sharing/webmasters/crawler)"
57.141.20.62 - - [28/May/2026:01:00:06 +0200] "GET /items/K462031873/ HTTP/1.1" 200 0 "-" "meta-externalagent/1.1 (+https://developers.facebook.com/docs/sharing/webmasters/crawler)"
57.141.20.21 - - [28/May/2026:01:00:14 +0200] "GET /items/K465701285/ HTTP/1.1" 200 0 "-" "meta-externalagent/1.1 (+https://developers.facebook.com/docs/sharing/webmasters/crawler)"
57.141.20.52 - - [28/May/2026:01:00:16 +0200] "GET /items/K465529236/ HTTP/1.1" 200 0 "-" "meta-externalagent/1.1 (+https://developers.facebook.com/docs/sharing/webmasters/crawler)"
57.141.20.5 - - [28/May/2026:01:00:21 +0200] "GET /items/K464515830/ HTTP/1.1" 200 0 "-" "meta-externalagent/1.1 (+https://developers.facebook.com/docs/sharing/webmasters/crawler)"
57.141.20.10 - - [28/May/2026:01:00:25 +0200] "GET /items/K464502906/ HTTP/1.1" 200 0 "-" "meta-externalagent/1.1 (+https://developers.facebook.com/docs/sharing/webmasters/crawler)"
57.141.20.12 - - [28/May/2026:01:00:29 +0200] "GET /items/K462612775/ HTTP/1.1" 200 0 "-" "meta-externalagent/1.1 (+https://developers.facebook.com/docs/sharing/webmasters/crawler)"
57.141.20.18 - - [28/May/2026:01:00:22 +0200] "GET /items/K463423456/ HTTP/1.1" 200 0 "-" "meta-externalagent/1.1 (+https://developers.facebook.com/docs/sharing/webmasters/crawler)"
57.141.20.27 - - [28/May/2026:01:00:43 +0200] "GET /items/K466629587/ HTTP/1.1" 200 0 "-" "meta-externalagent/1.1 (+https://developers.facebook.com/docs/sharing/webmasters/crawler)"
57.141.20.49 - - [28/May/2026:01:00:52 +0200] "GET /items/K462926384/ HTTP/1.1" 200 0 "-" "meta-externalagent/1.1 (+https://developers.facebook.com/docs/sharing/webmasters/crawler)"
57.141.20.32 - - [28/May/2026:01:00:56 +0200] "GET /antitraditionallyumx.xml HTTP/1.1" 200 0 "-" "meta-externalagent/1.1 (+https://developers.facebook.com/docs/sharing/webmasters/crawler)"
57.141.20.17 - - [28/May/2026:01:00:56 +0200] "GET /thermoscopejuv.xml HTTP/1.1" 200 0 "-" "meta-externalagent/1.1 (+https://developers.facebook.com/docs/sharing/webmasters/crawler)"
57.141.20.61 - - [28/May/2026:01:01:00 +0200] "GET /items/K461798084/ HTTP/1.1" 200 0 "-" "meta-externalagent/1.1 (+https://developers.facebook.com/docs/sharing/webmasters/crawler)"
57.141.20.59 - - [28/May/2026:01:01:06 +0200] "GET /items/K467189362/ HTTP/1.1" 200 0 "-" "meta-externalagent/1.1 (+https://developers.facebook.com/docs/sharing/webmasters/crawler)"
109.234.166.131 - - [28/May/2026:00:59:45 +0200] "GET /wp-includese4d8c2/44/index.php?id=346479 HTTP/1.1" 404 0 "-" "GO"
57.141.20.16 - - [28/May/2026:01:01:09 +0200] "GET /items/K462532845/ HTTP/1.1" 200 0 "-" "meta-externalagent/1.1 (+https://developers.facebook.com/docs/sharing/webmasters/crawler)"
109.234.166.131 - - [28/May/2026:01:00:02 +0200] "GET /wp-includese4d8c2/44/index.php?id=323954 HTTP/1.1" 404 0 "-" "GO"
57.141.20.37 - - [28/May/2026:01:01:43 +0200] "GET /items/K461167246/ HTTP/1.1" 200 15 "-" "meta-externalagent/1.1 (+https://developers.facebook.com/docs/sharing/webmasters/crawler)"
57.141.20.17 - - [28/May/2026:01:01:49 +0200] "GET /items/K467835645/ HTTP/1.1" 200 0 "-" "meta-externalagent/1.1 (+https://developers.facebook.com/docs/sharing/webmasters/crawler)"
57.141.20.27 - - [28/May/2026:01:01:26 +0200] "GET /items/K465398122/ HTTP/1.1" 200 0 "-" "meta-externalagent/1.1 (+https://developers.facebook.com/docs/sharing/webmasters/crawler)"
57.141.20.47 - - [28/May/2026:01:01:29 +0200] "GET /items/K465169982/ HTTP/1.1" 200 0 "-" "meta-externalagent/1.1 (+https://developers.facebook.com/docs/sharing/webmasters/crawler)"
57.141.20.0 - - [28/May/2026:01:01:48 +0200] "GET /items/K466434446/ HTTP/1.1" 200 0 "-" "meta-externalagent/1.1 (+https://developers.facebook.com/docs/sharing/webmasters/crawler)"
57.141.20.58 - - [28/May/2026:01:01:52 +0200] "GET /items/K462054631/ HTTP/1.1" 200 0 "-" "meta-externalagent/1.1 (+https://developers.facebook.com/docs/sharing/webmasters/crawler)"
57.141.20.66 - - [28/May/2026:01:01:58 +0200] "GET /?k=1362641e32lb HTTP/1.1" 200 0 "-" "meta-externalagent/1.1 (+https://developers.facebook.com/docs/sharing/webmasters/crawler)"
57.141.20.49 - - [28/May/2026:01:02:03 +0200] "GET /items/K465786156/ HTTP/1.1" 200 0 "-" "meta-externalagent/1.1 (+https://developers.facebook.com/docs/sharing/webmasters/crawler)"
57.141.20.54 - - [28/May/2026:01:02:08 +0200] "GET /items/K467696495/ HTTP/1.1" 200 0 "-" "meta-externalagent/1.1 (+https://developers.facebook.com/docs/sharing/webmasters/crawler)"
57.141.20.53 - - [28/May/2026:01:02:05 +0200] "GET /items/K466586355/ HTTP/1.1" 200 0 "-" "meta-externalagent/1.1 (+https://developers.facebook.com/docs/sharing/webmasters/crawler)"
57.141.20.47 - - [28/May/2026:01:01:54 +0200] "GET /items/K461741095/ HTTP/1.1" 200 15 "-" "meta-externalagent/1.1 (+https://developers.facebook.com/docs/sharing/webmasters/crawler)"
57.141.20.51 - - [28/May/2026:01:02:15 +0200] "GET /items/K462070560/ HTTP/1.1" 200 0 "-" "meta-externalagent/1.1 (+https://developers.facebook.com/docs/sharing/webmasters/crawler)"
57.141.20.59 - - [28/May/2026:01:02:13 +0200] "GET /items/K467759666/ HTTP/1.1" 200 0 "-" "meta-externalagent/1.1 (+https://developers.facebook.com/docs/sharing/webmasters/crawler)"
57.141.20.6 - - [28/May/2026:01:02:28 +0200] "GET /items/K464007929/ HTTP/1.1" 200 0 "-" "meta-externalagent/1.1 (+https://developers.facebook.com/docs/sharing/webmasters/crawler)"
109.234.166.131 - - [28/May/2026:01:01:00 +0200] "GET /wp-includese4d8c2/44/index.php?id=381999 HTTP/1.1" 404 0 "-" "GO"
57.141.20.2 - - [28/May/2026:01:02:30 +0200] "GET /items/K465357945/ HTTP/1.1" 200 0 "-" "meta-externalagent/1.1 (+https://developers.facebook.com/docs/sharing/webmasters/crawler)"
57.141.20.39 - - [28/May/2026:01:02:48 +0200] "GET /items/K463351216/ HTTP/1.1" 200 15 "-" "meta-externalagent/1.1 (+https://developers.facebook.com/docs/sharing/webmasters/crawler)"
57.141.20.58 - - [28/May/2026:01:02:51 +0200] "GET /items/K464647244/ HTTP/1.1" 200 15 "-" "meta-externalagent/1.1 (+https://developers.facebook.com/docs/sharing/webmasters/crawler)"
57.141.20.61 - - [28/May/2026:01:02:54 +0200] "GET /items/K463159704/ HTTP/1.1" 200 0 "-" "meta-externalagent/1.1 (+https://developers.facebook.com/docs/sharing/webmasters/crawler)"
57.141.20.1 - - [28/May/2026:01:03:17 +0200] "GET /items/K465824968/ HTTP/1.1" 200 0 "-" "meta-externalagent/1.1 (+https://developers.facebook.com/docs/sharing/webmasters/crawler)"
57.141.20.34 - - [28/May/2026:01:03:26 +0200] "GET /items/K466855587/ HTTP/1.1" 200 0 "-" "meta-externalagent/1.1 (+https://developers.facebook.com/docs/sharing/webmasters/crawler)"
57.141.20.44 - - [28/May/2026:01:03:20 +0200] "GET /items/K467777132/ HTTP/1.1" 200 0 "-" "meta-externalagent/1.1 (+https://developers.facebook.com/docs/sharing/webmasters/crawler)"
57.141.20.0 - - [28/May/2026:01:03:27 +0200] "GET /items/K462641462/ HTTP/1.1" 200 0 "-" "meta-externalagent/1.1 (+https://developers.facebook.com/docs/sharing/webmasters/crawler)"
57.141.20.4 - - [28/May/2026:01:03:39 +0200] "GET /items/K463471522/ HTTP/1.1" 200 0 "-" "meta-externalagent/1.1 (+https://developers.facebook.com/docs/sharing/webmasters/crawler)"
109.234.166.131 - - [28/May/2026:01:02:15 +0200] "GET /wp-includese4d8c2/44/index.php?id=345504 HTTP/1.1" 404 0 "-" "GO"
57.141.20.28 - - [28/May/2026:01:02:10 +0200] "GET /items/K466944852/ HTTP/1.1" 200 0 "-" "meta-externalagent/1.1 (+https://developers.facebook.com/docs/sharing/webmasters/crawler)"
109.234.166.131 - - [28/May/2026:01:00:49 +0200] "GET /wp-includese4d8c2/44/index.php?id=345504 HTTP/1.1" 404 0 "-" "GO"
57.141.20.64 - - [28/May/2026:01:02:23 +0200] "GET /items/K462701333/ HTTP/1.1" 200 0 "-" "meta-externalagent/1.1 (+https://developers.facebook.com/docs/sharing/webmasters/crawler)"
57.141.20.39 - - [28/May/2026:01:02:31 +0200] "GET /items/K467204646/ HTTP/1.1" 200 0 "-" "meta-externalagent/1.1 (+https://developers.facebook.com/docs/sharing/webmasters/crawler)"
57.141.20.47 - - [28/May/2026:01:02:37 +0200] "GET /items/K463437985/ HTTP/1.1" 200 0 "-" "meta-externalagent/1.1 (+https://developers.facebook.com/docs/sharing/webmasters/crawler)"
57.141.20.32 - - [28/May/2026:01:02:39 +0200] "GET /items/K462579720/ HTTP/1.1" 200 0 "-" "meta-externalagent/1.1 (+https://developers.facebook.com/docs/sharing/webmasters/crawler)"
57.141.20.17 - - [28/May/2026:01:02:42 +0200] "GET /items/K465194802/ HTTP/1.1" 200 0 "-" "meta-externalagent/1.1 (+https://developers.facebook.com/docs/sharing/webmasters/crawler)"
109.234.166.131 - - [28/May/2026:01:01:20 +0200] "GET /wp-includese4d8c2/44/index.php?id=400294 HTTP/1.1" 404 0 "-" "GO"
57.141.20.54 - - [28/May/2026:01:02:49 +0200] "GET /items/K467622867/ HTTP/1.1" 200 0 "-" "meta-externalagent/1.1 (+https://developers.facebook.com/docs/sharing/webmasters/crawler)"
109.234.166.131 - - [28/May/2026:01:01:31 +0200] "GET /wp-includese4d8c2/44/index.php?id=323954 HTTP/1.1" 404 0 "-" "GO"
57.141.20.60 - - [28/May/2026:01:03:00 +0200] "GET /items/K462226206/ HTTP/1.1" 200 0 "-" "meta-externalagent/1.1 (+https://developers.facebook.com/docs/sharing/webmasters/crawler)"
57.141.20.5 - - [28/May/2026:01:03:04 +0200] "GET /items/K463548162/ HTTP/1.1" 200 0 "-" "meta-externalagent/1.1 (+https://developers.facebook.com/docs/sharing/webmasters/crawler)"
57.141.20.26 - - [28/May/2026:01:03:02 +0200] "GET /items/K464857296/ HTTP/1.1" 200 0 "-" "meta-externalagent/1.1 (+https://developers.facebook.com/docs/sharing/webmasters/crawler)"
57.141.20.16 - - [28/May/2026:01:03:05 +0200] "GET /items/K463512888/ HTTP/1.1" 200 0 "-" "meta-externalagent/1.1 (+https://developers.facebook.com/docs/sharing/webmasters/crawler)"
57.141.20.32 - - [28/May/2026:01:03:11 +0200] "GET /items/K466151432/ HTTP/1.1" 200 0 "-" "meta-externalagent/1.1 (+https://developers.facebook.com/docs/sharing/webmasters/crawler)"
109.234.166.131 - - [28/May/2026:01:01:45 +0200] "GET /wp-includese4d8c2/44/index.php?id=417975 HTTP/1.1" 404 0 "-" "GO"
57.141.20.45 - - [28/May/2026:01:03:13 +0200] "GET /items/K463300567/ HTTP/1.1" 200 0 "-" "meta-externalagent/1.1 (+https://developers.facebook.com/docs/sharing/webmasters/crawler)"
57.141.20.51 - - [28/May/2026:01:03:08 +0200] "GET /items/K465064974/ HTTP/1.1" 200 15 "-" "meta-externalagent/1.1 (+https://developers.facebook.com/docs/sharing/webmasters/crawler)"
57.141.20.69 - - [28/May/2026:01:03:31 +0200] "GET /items/K462679975/ HTTP/1.1" 200 0 "-" "meta-externalagent/1.1 (+https://developers.facebook.com/docs/sharing/webmasters/crawler)"
57.141.20.45 - - [28/May/2026:01:03:33 +0200] "GET /items/K465517974/ HTTP/1.1" 200 0 "-" "meta-externalagent/1.1 (+https://developers.facebook.com/docs/sharing/webmasters/crawler)"
57.141.20.17 - - [28/May/2026:01:03:22 +0200] "GET /items/K466424178/ HTTP/1.1" 200 15 "-" "meta-externalagent/1.1 (+https://developers.facebook.com/docs/sharing/webmasters/crawler)"
57.141.20.60 - - [28/May/2026:01:03:52 +0200] "GET /items/K464465704/ HTTP/1.1" 200 0 "-" "meta-externalagent/1.1 (+https://developers.facebook.com/docs/sharing/webmasters/crawler)"
57.141.20.27 - - [28/May/2026:01:03:54 +0200] "GET /items/K467384418/ HTTP/1.1" 200 0 "-" "meta-externalagent/1.1 (+https://developers.facebook.com/docs/sharing/webmasters/crawler)"
109.234.166.131 - - [28/May/2026:01:02:26 +0200] "GET /wp-includese4d8c2/44/index.php?id=381999 HTTP/1.1" 404 0 "-" "GO"
57.141.20.5 - - [28/May/2026:01:01:40 +0200] "GET /items/K464377759/ HTTP/1.1" 200 0 "-" "meta-externalagent/1.1 (+https://developers.facebook.com/docs/sharing/webmasters/crawler)"
109.234.166.131 - - [28/May/2026:01:00:21 +0200] "GET /wp-includese4d8c2/44/index.php?id=417975 HTTP/1.1" 404 0 "-" "GO"
57.141.20.64 - - [28/May/2026:01:02:00 +0200] "GET /items/K466168584/ HTTP/1.1" 200 0 "-" "meta-externalagent/1.1 (+https://developers.facebook.com/docs/sharing/webmasters/crawler)"
57.141.20.14 - - [28/May/2026:01:02:17 +0200] "GET /items/K464447157/ HTTP/1.1" 200 0 "-" "meta-externalagent/1.1 (+https://developers.facebook.com/docs/sharing/webmasters/crawler)"
57.141.20.14 - - [28/May/2026:01:02:23 +0200] "GET /items/K464067926/ HTTP/1.1" 200 0 "-" "meta-externalagent/1.1 (+https://developers.facebook.com/docs/sharing/webmasters/crawler)"
57.141.20.28 - - [28/May/2026:01:02:25 +0200] "GET /items/K463906709/ HTTP/1.1" 200 0 "-" "meta-externalagent/1.1 (+https://developers.facebook.com/docs/sharing/webmasters/crawler)"
57.141.20.21 - - [28/May/2026:01:02:19 +0200] "GET /items/K464748470/ HTTP/1.1" 200 0 "-" "meta-externalagent/1.1 (+https://developers.facebook.com/docs/sharing/webmasters/crawler)"
57.141.20.20 - - [28/May/2026:01:02:33 +0200] "GET /items/K465936340/ HTTP/1.1" 200 0 "-" "meta-externalagent/1.1 (+https://developers.facebook.com/docs/sharing/webmasters/crawler)"
109.234.166.131 - - [28/May/2026:01:01:10 +0200] "GET /wp-includese4d8c2/44/index.php?id=346479 HTTP/1.1" 404 0 "-" "GO"
57.141.20.56 - - [28/May/2026:01:02:36 +0200] "GET /?k=5927855qon7z HTTP/1.1" 200 0 "-" "meta-externalagent/1.1 (+https://developers.facebook.com/docs/sharing/webmasters/crawler)"
57.141.20.43 - - [28/May/2026:01:02:42 +0200] "GET /items/K462569807/ HTTP/1.1" 200 0 "-" "meta-externalagent/1.1 (+https://developers.facebook.com/docs/sharing/webmasters/crawler)"
57.141.20.32 - - [28/May/2026:01:02:45 +0200] "GET /items/K463072295/ HTTP/1.1" 200 0 "-" "meta-externalagent/1.1 (+https://developers.facebook.com/docs/sharing/webmasters/crawler)"
57.141.20.67 - - [28/May/2026:01:02:56 +0200] "GET /entomoplilyexx.xml HTTP/1.1" 200 0 "-" "meta-externalagent/1.1 (+https://developers.facebook.com/docs/sharing/webmasters/crawler)"
57.141.20.29 - - [28/May/2026:01:02:58 +0200] "GET /items/K463841437/ HTTP/1.1" 200 0 "-" "meta-externalagent/1.1 (+https://developers.facebook.com/docs/sharing/webmasters/crawler)"
57.141.20.21 - - [28/May/2026:01:03:09 +0200] "GET /items/K461606207/ HTTP/1.1" 200 0 "-" "meta-externalagent/1.1 (+https://developers.facebook.com/docs/sharing/webmasters/crawler)"
57.141.20.20 - - [28/May/2026:01:03:15 +0200] "GET /items/K467744921/ HTTP/1.1" 200 0 "-" "meta-externalagent/1.1 (+https://developers.facebook.com/docs/sharing/webmasters/crawler)"
57.141.20.12 - - [28/May/2026:01:03:26 +0200] "GET /items/K466450663/ HTTP/1.1" 200 0 "-" "meta-externalagent/1.1 (+https://developers.facebook.com/docs/sharing/webmasters/crawler)"
57.141.20.35 - - [28/May/2026:01:03:29 +0200] "GET /items/K467148677/ HTTP/1.1" 200 0 "-" "meta-externalagent/1.1 (+https://developers.facebook.com/docs/sharing/webmasters/crawler)"
57.141.20.67 - - [28/May/2026:01:03:34 +0200] "GET /items/K466182384/ HTTP/1.1" 200 0 "-" "meta-externalagent/1.1 (+https://developers.facebook.com/docs/sharing/webmasters/crawler)"
57.141.20.44 - - [28/May/2026:01:03:35 +0200] "GET /items/K462411247/ HTTP/1.1" 200 0 "-" "meta-externalagent/1.1 (+https://developers.facebook.com/docs/sharing/webmasters/crawler)"
57.141.20.35 - - [28/May/2026:01:03:20 +0200] "GET /items/K463067555/ HTTP/1.1" 200 15 "-" "meta-externalagent/1.1 (+https://developers.facebook.com/docs/sharing/webmasters/crawler)"
57.141.20.21 - - [28/May/2026:01:04:01 +0200] "GET /items/K462855252/ HTTP/1.1" 200 0 "-" "meta-externalagent/1.1 (+https://developers.facebook.com/docs/sharing/webmasters/crawler)"
57.141.20.14 - - [28/May/2026:01:04:02 +0200] "GET /items/K461490576/ HTTP/1.1" 200 0 "-" "meta-externalagent/1.1 (+https://developers.facebook.com/docs/sharing/webmasters/crawler)"
57.141.20.26 - - [28/May/2026:01:03:43 +0200] "GET /items/K463870865/ HTTP/1.1" 200 0 "-" "meta-externalagent/1.1 (+https://developers.facebook.com/docs/sharing/webmasters/crawler)"
57.141.20.14 - - [28/May/2026:01:03:43 +0200] "GET /items/K461569321/ HTTP/1.1" 200 0 "-" "meta-externalagent/1.1 (+https://developers.facebook.com/docs/sharing/webmasters/crawler)"
57.141.20.55 - - [28/May/2026:01:03:41 +0200] "GET /items/K465330430/ HTTP/1.1" 200 0 "-" "meta-externalagent/1.1 (+https://developers.facebook.com/docs/sharing/webmasters/crawler)"
57.141.20.45 - - [28/May/2026:01:03:45 +0200] "GET /items/K462400642/ HTTP/1.1" 200 0 "-" "meta-externalagent/1.1 (+https://developers.facebook.com/docs/sharing/webmasters/crawler)"
57.141.20.39 - - [28/May/2026:01:03:51 +0200] "GET /items/K466127426/ HTTP/1.1" 200 0 "-" "meta-externalagent/1.1 (+https://developers.facebook.com/docs/sharing/webmasters/crawler)"
57.141.20.13 - - [28/May/2026:01:03:51 +0200] "GET /items/K462481981/ HTTP/1.1" 200 0 "-" "meta-externalagent/1.1 (+https://developers.facebook.com/docs/sharing/webmasters/crawler)"
57.141.20.62 - - [28/May/2026:01:03:47 +0200] "GET /items/K466509453/ HTTP/1.1" 200 0 "-" "meta-externalagent/1.1 (+https://developers.facebook.com/docs/sharing/webmasters/crawler)"
57.141.20.67 - - [28/May/2026:01:04:07 +0200] "GET /items/K467121075/ HTTP/1.1" 200 0 "-" "meta-externalagent/1.1 (+https://developers.facebook.com/docs/sharing/webmasters/crawler)"
57.141.20.45 - - [28/May/2026:01:04:13 +0200] "GET /items/K461192221/ HTTP/1.1" 200 0 "-" "meta-externalagent/1.1 (+https://developers.facebook.com/docs/sharing/webmasters/crawler)"
57.141.20.53 - - [28/May/2026:01:04:11 +0200] "GET /items/K462795351/ HTTP/1.1" 200 0 "-" "meta-externalagent/1.1 (+https://developers.facebook.com/docs/sharing/webmasters/crawler)"
109.234.166.131 - - [28/May/2026:01:02:48 +0200] "GET /wp-includese4d8c2/44/index.php?id=400294 HTTP/1.1" 404 0 "-" "GO"
57.141.20.69 - - [28/May/2026:01:04:22 +0200] "GET /items/K461630153/ HTTP/1.1" 200 0 "-" "meta-externalagent/1.1 (+https://developers.facebook.com/docs/sharing/webmasters/crawler)"
57.141.20.25 - - [28/May/2026:01:04:29 +0200] "GET /items/K463693838/ HTTP/1.1" 200 0 "-" "meta-externalagent/1.1 (+https://developers.facebook.com/docs/sharing/webmasters/crawler)"
57.141.20.3 - - [28/May/2026:01:04:33 +0200] "GET /items/K467192213/ HTTP/1.1" 200 0 "-" "meta-externalagent/1.1 (+https://developers.facebook.com/docs/sharing/webmasters/crawler)"
57.141.20.37 - - [28/May/2026:01:04:50 +0200] "GET /items/K463800715/ HTTP/1.1" 200 0 "-" "meta-externalagent/1.1 (+https://developers.facebook.com/docs/sharing/webmasters/crawler)"
57.141.20.56 - - [28/May/2026:01:04:53 +0200] "GET /items/K462696978/ HTTP/1.1" 200 0 "-" "meta-externalagent/1.1 (+https://developers.facebook.com/docs/sharing/webmasters/crawler)"
109.234.166.131 - - [28/May/2026:01:03:40 +0200] "GET /wp-includese4d8c2/44/index.php?id=345504 HTTP/1.1" 404 0 "-" "GO"
57.141.20.64 - - [28/May/2026:01:05:07 +0200] "GET /items/K462176362/ HTTP/1.1" 200 0 "-" "meta-externalagent/1.1 (+https://developers.facebook.com/docs/sharing/webmasters/crawler)"
57.141.20.47 - - [28/May/2026:01:05:15 +0200] "GET /items/K462667271/ HTTP/1.1" 200 0 "-" "meta-externalagent/1.1 (+https://developers.facebook.com/docs/sharing/webmasters/crawler)"
109.234.166.131 - - [28/May/2026:01:03:50 +0200] "GET /wp-includese4d8c2/44/index.php?id=381999 HTTP/1.1" 404 0 "-" "GO"
57.141.20.49 - - [28/May/2026:01:05:25 +0200] "GET /items/K461257239/ HTTP/1.1" 200 0 "-" "meta-externalagent/1.1 (+https://developers.facebook.com/docs/sharing/webmasters/crawler)"
57.141.20.43 - - [28/May/2026:01:05:27 +0200] "GET /items/K462045628/ HTTP/1.1" 200 0 "-" "meta-externalagent/1.1 (+https://developers.facebook.com/docs/sharing/webmasters/crawler)"
57.141.20.61 - - [28/May/2026:01:05:19 +0200] "GET /items/K466837140/ HTTP/1.1" 200 0 "-" "meta-externalagent/1.1 (+https://developers.facebook.com/docs/sharing/webmasters/crawler)"
57.141.20.21 - - [28/May/2026:01:03:57 +0200] "GET /items/K464747086/ HTTP/1.1" 200 0 "-" "meta-externalagent/1.1 (+https://developers.facebook.com/docs/sharing/webmasters/crawler)"
109.234.166.131 - - [28/May/2026:01:02:34 +0200] "GET /wp-includese4d8c2/44/index.php?id=346479 HTTP/1.1" 404 0 "-" "GO"
57.141.20.28 - - [28/May/2026:01:03:58 +0200] "GET /items/K461914887/ HTTP/1.1" 200 0 "-" "meta-externalagent/1.1 (+https://developers.facebook.com/docs/sharing/webmasters/crawler)"
57.141.20.61 - - [28/May/2026:01:04:18 +0200] "GET /items/K464411678/ HTTP/1.1" 200 0 "-" "meta-externalagent/1.1 (+https://developers.facebook.com/docs/sharing/webmasters/crawler)"
57.141.20.49 - - [28/May/2026:01:04:06 +0200] "GET /items/K462898958/ HTTP/1.1" 200 15 "-" "meta-externalagent/1.1 (+https://developers.facebook.com/docs/sharing/webmasters/crawler)"
57.141.20.57 - - [28/May/2026:01:04:24 +0200] "GET /items/K466332332/ HTTP/1.1" 200 0 "-" "meta-externalagent/1.1 (+https://developers.facebook.com/docs/sharing/webmasters/crawler)"
57.141.20.53 - - [28/May/2026:01:04:25 +0200] "GET /items/K462013778/ HTTP/1.1" 200 0 "-" "meta-externalagent/1.1 (+https://developers.facebook.com/docs/sharing/webmasters/crawler)"
57.141.20.5 - - [28/May/2026:01:04:20 +0200] "GET /items/K462333229/ HTTP/1.1" 200 0 "-" "meta-externalagent/1.1 (+https://developers.facebook.com/docs/sharing/webmasters/crawler)"
57.141.20.10 - - [28/May/2026:01:04:41 +0200] "GET /?k=19964660zeit HTTP/1.1" 200 0 "-" "meta-externalagent/1.1 (+https://developers.facebook.com/docs/sharing/webmasters/crawler)"
57.141.20.57 - - [28/May/2026:01:04:46 +0200] "GET /items/K463656496/ HTTP/1.1" 200 0 "-" "meta-externalagent/1.1 (+https://developers.facebook.com/docs/sharing/webmasters/crawler)"
57.141.20.47 - - [28/May/2026:01:04:51 +0200] "GET /items/K462087472/ HTTP/1.1" 200 0 "-" "meta-externalagent/1.1 (+https://developers.facebook.com/docs/sharing/webmasters/crawler)"
57.141.20.21 - - [28/May/2026:01:05:01 +0200] "GET /items/K464838803/ HTTP/1.1" 200 0 "-" "meta-externalagent/1.1 (+https://developers.facebook.com/docs/sharing/webmasters/crawler)"
157.55.39.204 - - [28/May/2026:01:04:50 +0200] "GET /items/S636550207/ HTTP/1.1" 200 15 "-" "Mozilla/5.0 AppleWebKit/537.36 (KHTML, like Gecko; compatible; bingbot/2.0; +http://www.bing.com/bingbot.htm) Chrome/116.0.1938.76 Safari/537.36"
57.141.20.30 - - [28/May/2026:01:05:13 +0200] "GET /items/K466086648/ HTTP/1.1" 200 0 "-" "meta-externalagent/1.1 (+https://developers.facebook.com/docs/sharing/webmasters/crawler)"
57.141.20.52 - - [28/May/2026:01:05:09 +0200] "GET /items/K461484575/ HTTP/1.1" 200 15 "-" "meta-externalagent/1.1 (+https://developers.facebook.com/docs/sharing/webmasters/crawler)"
109.234.166.131 - - [28/May/2026:01:05:18 +0200] "GET /wp-includese4d8c2/44/index.php?id=381999 HTTP/1.1" 404 15 "-" "GO"
57.141.20.59 - - [28/May/2026:01:05:41 +0200] "GET /items/K461977198/ HTTP/1.1" 200 0 "-" "meta-externalagent/1.1 (+https://developers.facebook.com/docs/sharing/webmasters/crawler)"
57.141.20.5 - - [28/May/2026:01:05:44 +0200] "GET /items/K467604757/ HTTP/1.1" 200 0 "-" "meta-externalagent/1.1 (+https://developers.facebook.com/docs/sharing/webmasters/crawler)"
57.141.20.59 - - [28/May/2026:01:05:25 +0200] "GET /?k=54246088qc2j HTTP/1.1" 200 15 "-" "meta-externalagent/1.1 (+https://developers.facebook.com/docs/sharing/webmasters/crawler)"
57.141.20.47 - - [28/May/2026:01:05:46 +0200] "GET /items/K467640246/ HTTP/1.1" 200 0 "-" "meta-externalagent/1.1 (+https://developers.facebook.com/docs/sharing/webmasters/crawler)"
109.234.166.131 - - [28/May/2026:01:04:43 +0200] "GET /wp-includese4d8c2/44/index.php?id=417975 HTTP/1.1" 404 0 "-" "GO"
57.141.20.16 - - [28/May/2026:01:06:10 +0200] "GET /items/K466411295/ HTTP/1.1" 200 0 "-" "meta-externalagent/1.1 (+https://developers.facebook.com/docs/sharing/webmasters/crawler)"
57.141.20.51 - - [28/May/2026:01:06:07 +0200] "GET /?k=4309460g6dye HTTP/1.1" 200 0 "-" "meta-externalagent/1.1 (+https://developers.facebook.com/docs/sharing/webmasters/crawler)"
57.141.20.51 - - [28/May/2026:01:04:09 +0200] "GET /items/K465399770/ HTTP/1.1" 200 0 "-" "meta-externalagent/1.1 (+https://developers.facebook.com/docs/sharing/webmasters/crawler)"
57.141.20.59 - - [28/May/2026:01:04:14 +0200] "GET /?k=2057639be1bs HTTP/1.1" 200 0 "-" "meta-externalagent/1.1 (+https://developers.facebook.com/docs/sharing/webmasters/crawler)"
109.234.166.131 - - [28/May/2026:01:03:59 +0200] "GET /wp-includese4d8c2/44/index.php?id=346479 HTTP/1.1" 404 15 "-" "GO"
57.141.20.32 - - [28/May/2026:01:04:20 +0200] "GET /items/K462867682/ HTTP/1.1" 200 0 "-" "meta-externalagent/1.1 (+https://developers.facebook.com/docs/sharing/webmasters/crawler)"
109.234.166.131 - - [28/May/2026:01:02:55 +0200] "GET /wp-includese4d8c2/44/index.php?id=323954 HTTP/1.1" 404 0 "-" "GO"
57.141.20.28 - - [28/May/2026:01:04:06 +0200] "GET /items/K461613602/ HTTP/1.1" 200 15 "-" "meta-externalagent/1.1 (+https://developers.facebook.com/docs/sharing/webmasters/crawler)"
57.141.20.44 - - [28/May/2026:01:04:35 +0200] "GET /items/K467476078/ HTTP/1.1" 200 0 "-" "meta-externalagent/1.1 (+https://developers.facebook.com/docs/sharing/webmasters/crawler)"
57.141.20.30 - - [28/May/2026:01:04:36 +0200] "GET /items/K465875281/ HTTP/1.1" 200 0 "-" "meta-externalagent/1.1 (+https://developers.facebook.com/docs/sharing/webmasters/crawler)"
57.141.20.42 - - [28/May/2026:01:04:38 +0200] "GET /items/K462079748/ HTTP/1.1" 200 0 "-" "meta-externalagent/1.1 (+https://developers.facebook.com/docs/sharing/webmasters/crawler)"
109.234.166.131 - - [28/May/2026:01:03:12 +0200] "GET /wp-includese4d8c2/44/index.php?id=417975 HTTP/1.1" 404 0 "-" "GO"
57.141.20.12 - - [28/May/2026:01:04:46 +0200] "GET /items/K467542852/ HTTP/1.1" 200 0 "-" "meta-externalagent/1.1 (+https://developers.facebook.com/docs/sharing/webmasters/crawler)"
57.141.20.60 - - [28/May/2026:01:04:58 +0200] "GET /items/K461502231/ HTTP/1.1" 200 0 "-" "meta-externalagent/1.1 (+https://developers.facebook.com/docs/sharing/webmasters/crawler)"
57.141.20.12 - - [28/May/2026:01:04:58 +0200] "GET /items/K467192721/ HTTP/1.1" 200 0 "-" "meta-externalagent/1.1 (+https://developers.facebook.com/docs/sharing/webmasters/crawler)"
57.141.20.35 - - [28/May/2026:01:05:10 +0200] "GET /items/K464190471/ HTTP/1.1" 200 0 "-" "meta-externalagent/1.1 (+https://developers.facebook.com/docs/sharing/webmasters/crawler)"
57.141.20.49 - - [28/May/2026:01:05:31 +0200] "GET /items/K462950965/ HTTP/1.1" 200 0 "-" "meta-externalagent/1.1 (+https://developers.facebook.com/docs/sharing/webmasters/crawler)"
57.141.20.38 - - [28/May/2026:01:05:34 +0200] "GET /items/K463755092/ HTTP/1.1" 200 0 "-" "meta-externalagent/1.1 (+https://developers.facebook.com/docs/sharing/webmasters/crawler)"
109.234.166.131 - - [28/May/2026:01:04:15 +0200] "GET /wp-includese4d8c2/44/index.php?id=400294 HTTP/1.1" 404 0 "-" "GO"
109.234.166.131 - - [28/May/2026:01:04:21 +0200] "GET /wp-includese4d8c2/44/index.php?id=323954 HTTP/1.1" 404 0 "-" "GO"
57.141.20.67 - - [28/May/2026:01:05:51 +0200] "GET /items/K466451959/ HTTP/1.1" 200 0 "-" "meta-externalagent/1.1 (+https://developers.facebook.com/docs/sharing/webmasters/crawler)"
57.141.20.69 - - [28/May/2026:01:05:59 +0200] "GET /items/K466058912/ HTTP/1.1" 200 0 "-" "meta-externalagent/1.1 (+https://developers.facebook.com/docs/sharing/webmasters/crawler)"
109.234.166.131 - - [28/May/2026:01:05:47 +0200] "GET /wp-includese4d8c2/44/index.php?id=323954 HTTP/1.1" 404 15 "-" "GO"
57.141.20.51 - - [28/May/2026:01:06:01 +0200] "GET /items/K465045398/ HTTP/1.1" 200 0 "-" "meta-externalagent/1.1 (+https://developers.facebook.com/docs/sharing/webmasters/crawler)"
57.141.20.3 - - [28/May/2026:01:06:15 +0200] "GET /items/K465960555/ HTTP/1.1" 200 0 "-" "meta-externalagent/1.1 (+https://developers.facebook.com/docs/sharing/webmasters/crawler)"
57.141.20.26 - - [28/May/2026:01:06:25 +0200] "GET /items/K466381562/ HTTP/1.1" 200 0 "-" "meta-externalagent/1.1 (+https://developers.facebook.com/docs/sharing/webmasters/crawler)"
57.141.20.39 - - [28/May/2026:01:05:36 +0200] "GET /items/K463573141/ HTTP/1.1" 200 0 "-" "meta-externalagent/1.1 (+https://developers.facebook.com/docs/sharing/webmasters/crawler)"
57.141.20.10 - - [28/May/2026:01:05:39 +0200] "GET /items/K463292904/ HTTP/1.1" 200 0 "-" "meta-externalagent/1.1 (+https://developers.facebook.com/docs/sharing/webmasters/crawler)"
57.141.20.41 - - [28/May/2026:01:05:54 +0200] "GET /items/K466035410/ HTTP/1.1" 200 0 "-" "meta-externalagent/1.1 (+https://developers.facebook.com/docs/sharing/webmasters/crawler)"
57.141.20.6 - - [28/May/2026:01:05:53 +0200] "GET /items/K461935723/ HTTP/1.1" 200 0 "-" "meta-externalagent/1.1 (+https://developers.facebook.com/docs/sharing/webmasters/crawler)"
57.141.20.2 - - [28/May/2026:01:05:58 +0200] "GET /items/K461505523/ HTTP/1.1" 200 15 "-" "meta-externalagent/1.1 (+https://developers.facebook.com/docs/sharing/webmasters/crawler)"
57.141.20.42 - - [28/May/2026:01:06:07 +0200] "GET /items/K465245810/ HTTP/1.1" 200 0 "-" "meta-externalagent/1.1 (+https://developers.facebook.com/docs/sharing/webmasters/crawler)"
57.141.20.3 - - [28/May/2026:01:06:21 +0200] "GET /items/K465686397/ HTTP/1.1" 200 0 "-" "meta-externalagent/1.1 (+https://developers.facebook.com/docs/sharing/webmasters/crawler)"
198.244.226.72 - - [28/May/2026:01:06:28 +0200] "GET /pages.php?sitemap331.xml HTTP/1.1" 200 13 "-" "Mozilla/5.0 (compatible; AhrefsBot/7.0; +http://ahrefs.com/robot/)"
109.234.166.131 - - [28/May/2026:01:05:04 +0200] "GET /wp-includese4d8c2/44/index.php?id=345504 HTTP/1.1" 404 0 "-" "GO"
57.141.20.17 - - [28/May/2026:01:06:48 +0200] "GET /items/K465921864/ HTTP/1.1" 200 0 "-" "meta-externalagent/1.1 (+https://developers.facebook.com/docs/sharing/webmasters/crawler)"
57.141.20.53 - - [28/May/2026:01:07:05 +0200] "GET /items/K461906586/ HTTP/1.1" 200 0 "-" "meta-externalagent/1.1 (+https://developers.facebook.com/docs/sharing/webmasters/crawler)"
109.234.166.131 - - [28/May/2026:01:05:43 +0200] "GET /wp-includese4d8c2/44/index.php?id=400294 HTTP/1.1" 404 0 "-" "GO"
57.141.20.5 - - [28/May/2026:01:07:11 +0200] "GET /items/K465673094/ HTTP/1.1" 200 0 "-" "meta-externalagent/1.1 (+https://developers.facebook.com/docs/sharing/webmasters/crawler)"
57.141.20.41 - - [28/May/2026:01:07:14 +0200] "GET /items/K462479707/ HTTP/1.1" 200 0 "-" "meta-externalagent/1.1 (+https://developers.facebook.com/docs/sharing/webmasters/crawler)"
57.141.20.20 - - [28/May/2026:01:07:27 +0200] "GET /items/K463079007/ HTTP/1.1" 200 0 "-" "meta-externalagent/1.1 (+https://developers.facebook.com/docs/sharing/webmasters/crawler)"
57.141.20.58 - - [28/May/2026:01:07:37 +0200] "GET /items/K461364287/ HTTP/1.1" 200 0 "-" "meta-externalagent/1.1 (+https://developers.facebook.com/docs/sharing/webmasters/crawler)"
57.141.20.16 - - [28/May/2026:01:07:39 +0200] "GET /items/K464732508/ HTTP/1.1" 200 0 "-" "meta-externalagent/1.1 (+https://developers.facebook.com/docs/sharing/webmasters/crawler)"
57.141.20.6 - - [28/May/2026:01:07:46 +0200] "GET /items/K465543637/ HTTP/1.1" 200 0 "-" "meta-externalagent/1.1 (+https://developers.facebook.com/docs/sharing/webmasters/crawler)"
57.141.20.41 - - [28/May/2026:01:07:47 +0200] "GET /items/K463357985/ HTTP/1.1" 200 0 "-" "meta-externalagent/1.1 (+https://developers.facebook.com/docs/sharing/webmasters/crawler)"
57.141.20.18 - - [28/May/2026:01:07:52 +0200] "GET /items/K465538773/ HTTP/1.1" 200 0 "-" "meta-externalagent/1.1 (+https://developers.facebook.com/docs/sharing/webmasters/crawler)"
57.141.20.52 - - [28/May/2026:01:08:03 +0200] "GET /items/K463569754/ HTTP/1.1" 200 0 "-" "meta-externalagent/1.1 (+https://developers.facebook.com/docs/sharing/webmasters/crawler)"
109.234.166.131 - - [28/May/2026:01:07:07 +0200] "GET /wp-includese4d8c2/44/index.php?id=400294 HTTP/1.1" 404 0 "-" "GO"
57.141.20.59 - - [28/May/2026:01:08:39 +0200] "GET /items/K464113608/ HTTP/1.1" 200 0 "-" "meta-externalagent/1.1 (+https://developers.facebook.com/docs/sharing/webmasters/crawler)"
57.141.20.53 - - [28/May/2026:01:06:27 +0200] "GET /items/K461531404/ HTTP/1.1" 200 0 "-" "meta-externalagent/1.1 (+https://developers.facebook.com/docs/sharing/webmasters/crawler)"
57.141.20.57 - - [28/May/2026:01:06:30 +0200] "GET /items/K466907226/ HTTP/1.1" 200 0 "-" "meta-externalagent/1.1 (+https://developers.facebook.com/docs/sharing/webmasters/crawler)"
57.141.20.60 - - [28/May/2026:01:06:36 +0200] "GET /items/K467187465/ HTTP/1.1" 200 0 "-" "meta-externalagent/1.1 (+https://developers.facebook.com/docs/sharing/webmasters/crawler)"
57.141.20.58 - - [28/May/2026:01:06:36 +0200] "GET /items/K464345380/ HTTP/1.1" 200 0 "-" "meta-externalagent/1.1 (+https://developers.facebook.com/docs/sharing/webmasters/crawler)"
57.141.20.13 - - [28/May/2026:01:06:46 +0200] "GET /items/K463804837/ HTTP/1.1" 200 0 "-" "meta-externalagent/1.1 (+https://developers.facebook.com/docs/sharing/webmasters/crawler)"
57.141.20.6 - - [28/May/2026:01:06:57 +0200] "GET /items/K464840157/ HTTP/1.1" 200 0 "-" "meta-externalagent/1.1 (+https://developers.facebook.com/docs/sharing/webmasters/crawler)"
57.141.20.38 - - [28/May/2026:01:06:55 +0200] "GET /items/K463647946/ HTTP/1.1" 200 15 "-" "meta-externalagent/1.1 (+https://developers.facebook.com/docs/sharing/webmasters/crawler)"
157.55.39.197 - - [28/May/2026:01:07:17 +0200] "GET /cate-110-126 HTTP/1.1" 200 13 "-" "Mozilla/5.0 AppleWebKit/537.36 (KHTML, like Gecko; compatible; bingbot/2.0; +http://www.bing.com/bingbot.htm) Chrome/116.0.1938.76 Safari/537.36"
57.141.20.4 - - [28/May/2026:01:07:22 +0200] "GET /items/K463277161/ HTTP/1.1" 200 0 "-" "meta-externalagent/1.1 (+https://developers.facebook.com/docs/sharing/webmasters/crawler)"
57.141.20.9 - - [28/May/2026:01:07:29 +0200] "GET /items/K465086821/ HTTP/1.1" 200 0 "-" "meta-externalagent/1.1 (+https://developers.facebook.com/docs/sharing/webmasters/crawler)"
57.141.20.10 - - [28/May/2026:01:07:32 +0200] "GET /items/K467503238/ HTTP/1.1" 200 0 "-" "meta-externalagent/1.1 (+https://developers.facebook.com/docs/sharing/webmasters/crawler)"
57.141.20.51 - - [28/May/2026:01:07:55 +0200] "GET /items/K465317550/ HTTP/1.1" 200 0 "-" "meta-externalagent/1.1 (+https://developers.facebook.com/docs/sharing/webmasters/crawler)"
109.234.166.131 - - [28/May/2026:01:06:31 +0200] "GET /wp-includese4d8c2/44/index.php?id=345504 HTTP/1.1" 404 0 "-" "GO"
57.141.20.57 - - [28/May/2026:01:08:00 +0200] "GET /items/K464317947/ HTTP/1.1" 200 0 "-" "meta-externalagent/1.1 (+https://developers.facebook.com/docs/sharing/webmasters/crawler)"
57.141.20.45 - - [28/May/2026:01:08:03 +0200] "GET /items/K461413394/ HTTP/1.1" 200 0 "-" "meta-externalagent/1.1 (+https://developers.facebook.com/docs/sharing/webmasters/crawler)"
57.141.20.4 - - [28/May/2026:01:08:14 +0200] "GET /items/K463304446/ HTTP/1.1" 200 0 "-" "meta-externalagent/1.1 (+https://developers.facebook.com/docs/sharing/webmasters/crawler)"
57.141.20.25 - - [28/May/2026:01:08:21 +0200] "GET /items/K467377120/ HTTP/1.1" 200 0 "-" "meta-externalagent/1.1 (+https://developers.facebook.com/docs/sharing/webmasters/crawler)"
57.141.20.25 - - [28/May/2026:01:08:25 +0200] "GET /items/K463721649/ HTTP/1.1" 200 0 "-" "meta-externalagent/1.1 (+https://developers.facebook.com/docs/sharing/webmasters/crawler)"
57.141.20.49 - - [28/May/2026:01:08:28 +0200] "GET /items/K467697682/ HTTP/1.1" 200 0 "-" "meta-externalagent/1.1 (+https://developers.facebook.com/docs/sharing/webmasters/crawler)"
57.141.20.16 - - [28/May/2026:01:08:35 +0200] "GET /items/K466712456/ HTTP/1.1" 200 0 "-" "meta-externalagent/1.1 (+https://developers.facebook.com/docs/sharing/webmasters/crawler)"
57.141.20.65 - - [28/May/2026:01:08:44 +0200] "GET /items/K462066403/ HTTP/1.1" 200 0 "-" "meta-externalagent/1.1 (+https://developers.facebook.com/docs/sharing/webmasters/crawler)"
57.141.20.3 - - [28/May/2026:01:08:52 +0200] "GET /items/K463034513/ HTTP/1.1" 200 0 "-" "meta-externalagent/1.1 (+https://developers.facebook.com/docs/sharing/webmasters/crawler)"
57.141.20.8 - - [28/May/2026:01:06:18 +0200] "GET /items/K461651510/ HTTP/1.1" 200 0 "-" "meta-externalagent/1.1 (+https://developers.facebook.com/docs/sharing/webmasters/crawler)"
57.141.20.42 - - [28/May/2026:01:06:21 +0200] "GET /items/K461073546/ HTTP/1.1" 200 0 "-" "meta-externalagent/1.1 (+https://developers.facebook.com/docs/sharing/webmasters/crawler)"
57.141.20.32 - - [28/May/2026:01:06:42 +0200] "GET /?k=2597826f8n3y HTTP/1.1" 200 0 "-" "meta-externalagent/1.1 (+https://developers.facebook.com/docs/sharing/webmasters/crawler)"
57.141.20.0 - - [28/May/2026:01:06:43 +0200] "GET /items/K462463620/ HTTP/1.1" 200 0 "-" "meta-externalagent/1.1 (+https://developers.facebook.com/docs/sharing/webmasters/crawler)"
57.141.20.14 - - [28/May/2026:01:07:02 +0200] "GET /items/K463184056/ HTTP/1.1" 200 0 "-" "meta-externalagent/1.1 (+https://developers.facebook.com/docs/sharing/webmasters/crawler)"
57.141.20.4 - - [28/May/2026:01:06:58 +0200] "GET /items/K461491335/ HTTP/1.1" 200 0 "-" "meta-externalagent/1.1 (+https://developers.facebook.com/docs/sharing/webmasters/crawler)"
57.141.20.34 - - [28/May/2026:01:07:08 +0200] "GET /items/K465941029/ HTTP/1.1" 200 0 "-" "meta-externalagent/1.1 (+https://developers.facebook.com/docs/sharing/webmasters/crawler)"
57.141.20.66 - - [28/May/2026:01:07:17 +0200] "GET /items/K464047801/ HTTP/1.1" 200 0 "-" "meta-externalagent/1.1 (+https://developers.facebook.com/docs/sharing/webmasters/crawler)"
57.141.20.12 - - [28/May/2026:01:07:20 +0200] "GET /items/K464556191/ HTTP/1.1" 200 0 "-" "meta-externalagent/1.1 (+https://developers.facebook.com/docs/sharing/webmasters/crawler)"
109.234.166.131 - - [28/May/2026:01:06:07 +0200] "GET /wp-includese4d8c2/44/index.php?id=417975 HTTP/1.1" 404 0 "-" "GO"
57.141.20.69 - - [28/May/2026:01:07:35 +0200] "GET /items/K461064921/ HTTP/1.1" 200 0 "-" "meta-externalagent/1.1 (+https://developers.facebook.com/docs/sharing/webmasters/crawler)"
57.141.20.32 - - [28/May/2026:01:07:43 +0200] "GET /items/K464983248/ HTTP/1.1" 200 0 "-" "meta-externalagent/1.1 (+https://developers.facebook.com/docs/sharing/webmasters/crawler)"
57.141.20.53 - - [28/May/2026:01:07:25 +0200] "GET /items/K464650795/ HTTP/1.1" 200 15 "-" "meta-externalagent/1.1 (+https://developers.facebook.com/docs/sharing/webmasters/crawler)"
40.77.167.63 - - [28/May/2026:01:07:56 +0200] "GET /items/P565358591/ HTTP/1.1" 200 13 "-" "Mozilla/5.0 AppleWebKit/537.36 (KHTML, like Gecko; compatible; bingbot/2.0; +http://www.bing.com/bingbot.htm) Chrome/116.0.1938.76 Safari/537.36"
57.141.20.57 - - [28/May/2026:01:07:52 +0200] "GET /items/K466782602/ HTTP/1.1" 200 15 "-" "meta-externalagent/1.1 (+https://developers.facebook.com/docs/sharing/webmasters/crawler)"
57.141.20.18 - - [28/May/2026:01:08:13 +0200] "GET /items/K464553727/ HTTP/1.1" 200 0 "-" "meta-externalagent/1.1 (+https://developers.facebook.com/docs/sharing/webmasters/crawler)"
57.141.20.3 - - [28/May/2026:01:08:10 +0200] "GET /items/K465054609/ HTTP/1.1" 200 15 "-" "meta-externalagent/1.1 (+https://developers.facebook.com/docs/sharing/webmasters/crawler)"
57.141.20.60 - - [28/May/2026:01:08:32 +0200] "GET /items/K461944108/ HTTP/1.1" 200 0 "-" "meta-externalagent/1.1 (+https://developers.facebook.com/docs/sharing/webmasters/crawler)"
69.30.223.218 - - [28/May/2026:01:08:43 +0200] "GET /wp-includese4d8c2/44/index.php HTTP/1.1" 200 8 "http://deribos.com/wp-includese4d8c2/44/index.php" "Mozilla/5.0 (Windows NT 10.0; Win64; x64) AppleWebKit/537.36 (KHTML, like Gecko) Chrome/58.0.3029.110 Safari/537.3"
57.141.20.53 - - [28/May/2026:01:08:29 +0200] "GET /items/K461083001/ HTTP/1.1" 200 15 "-" "meta-externalagent/1.1 (+https://developers.facebook.com/docs/sharing/webmasters/crawler)"
40.77.167.0 - - [28/May/2026:01:08:47 +0200] "GET /items/I741152073/ HTTP/1.1" 200 13 "-" "Mozilla/5.0 AppleWebKit/537.36 (KHTML, like Gecko; compatible; bingbot/2.0; +http://www.bing.com/bingbot.htm) Chrome/116.0.1938.76 Safari/537.36"
57.141.20.33 - - [28/May/2026:01:09:08 +0200] "GET /items/K465802967/ HTTP/1.1" 200 0 "-" "meta-externalagent/1.1 (+https://developers.facebook.com/docs/sharing/webmasters/crawler)"
57.141.20.0 - - [28/May/2026:01:09:02 +0200] "GET /items/K463131105/ HTTP/1.1" 200 15 "-" "meta-externalagent/1.1 (+https://developers.facebook.com/docs/sharing/webmasters/crawler)"
57.141.20.58 - - [28/May/2026:01:08:45 +0200] "GET /items/K467756412/ HTTP/1.1" 200 0 "-" "meta-externalagent/1.1 (+https://developers.facebook.com/docs/sharing/webmasters/crawler)"
57.141.20.60 - - [28/May/2026:01:08:55 +0200] "GET /items/K464985107/ HTTP/1.1" 200 0 "-" "meta-externalagent/1.1 (+https://developers.facebook.com/docs/sharing/webmasters/crawler)"
57.141.20.20 - - [28/May/2026:01:09:05 +0200] "GET /items/K466956371/ HTTP/1.1" 200 0 "-" "meta-externalagent/1.1 (+https://developers.facebook.com/docs/sharing/webmasters/crawler)"
57.141.20.67 - - [28/May/2026:01:08:59 +0200] "GET /items/K466730664/ HTTP/1.1" 200 15 "-" "meta-externalagent/1.1 (+https://developers.facebook.com/docs/sharing/webmasters/crawler)"
57.141.20.27 - - [28/May/2026:01:08:52 +0200] "GET /items/K461374610/ HTTP/1.1" 200 0 "-" "meta-externalagent/1.1 (+https://developers.facebook.com/docs/sharing/webmasters/crawler)"
109.234.166.131 - - [28/May/2026:01:07:34 +0200] "GET /wp-includese4d8c2/44/index.php?id=417975 HTTP/1.1" 404 0 "-" "GO"
57.141.20.64 - - [28/May/2026:01:09:12 +0200] "GET /items/K466480618/ HTTP/1.1" 200 0 "-" "meta-externalagent/1.1 (+https://developers.facebook.com/docs/sharing/webmasters/crawler)"
57.141.20.34 - - [28/May/2026:01:09:17 +0200] "GET /items/K462898291/ HTTP/1.1" 200 0 "-" "meta-externalagent/1.1 (+https://developers.facebook.com/docs/sharing/webmasters/crawler)"
109.234.166.131 - - [28/May/2026:01:07:56 +0200] "GET /wp-includese4d8c2/44/index.php?id=345504 HTTP/1.1" 404 0 "-" "GO"
57.141.20.45 - - [28/May/2026:01:09:38 +0200] "GET /items/K466846091/ HTTP/1.1" 200 0 "-" "meta-externalagent/1.1 (+https://developers.facebook.com/docs/sharing/webmasters/crawler)"
57.141.20.32 - - [28/May/2026:01:09:21 +0200] "GET /items/K464592349/ HTTP/1.1" 200 15 "-" "meta-externalagent/1.1 (+https://developers.facebook.com/docs/sharing/webmasters/crawler)"
57.141.20.6 - - [28/May/2026:01:09:45 +0200] "GET /items/K461300879/ HTTP/1.1" 200 0 "-" "meta-externalagent/1.1 (+https://developers.facebook.com/docs/sharing/webmasters/crawler)"
57.141.20.4 - - [28/May/2026:01:09:34 +0200] "GET /items/K465093001/ HTTP/1.1" 200 0 "-" "meta-externalagent/1.1 (+https://developers.facebook.com/docs/sharing/webmasters/crawler)"
109.234.166.131 - - [28/May/2026:01:08:34 +0200] "GET /wp-includese4d8c2/44/index.php?id=400294 HTTP/1.1" 404 0 "-" "GO"
57.141.20.39 - - [28/May/2026:01:09:59 +0200] "GET /items/K461831187/ HTTP/1.1" 200 0 "-" "meta-externalagent/1.1 (+https://developers.facebook.com/docs/sharing/webmasters/crawler)"
57.141.20.7 - - [28/May/2026:01:10:08 +0200] "GET /items/K465635142/ HTTP/1.1" 200 0 "-" "meta-externalagent/1.1 (+https://developers.facebook.com/docs/sharing/webmasters/crawler)"
69.30.223.218 - - [28/May/2026:01:08:48 +0200] "GET /wp-includese4d8c2/44/index.php HTTP/1.1" 404 0 "http://deribos.com/wp-includese4d8c2/44/index.php" "Mozilla/5.0 (Windows NT 10.0; Win64; x64) AppleWebKit/537.36 (KHTML, like Gecko) Chrome/58.0.3029.110 Safari/537.3"
57.141.20.59 - - [28/May/2026:01:10:13 +0200] "GET /items/K464874881/ HTTP/1.1" 200 0 "-" "meta-externalagent/1.1 (+https://developers.facebook.com/docs/sharing/webmasters/crawler)"
157.55.39.194 - - [28/May/2026:01:10:17 +0200] "GET /items/B407828336/ HTTP/1.1" 200 13 "-" "Mozilla/5.0 AppleWebKit/537.36 (KHTML, like Gecko; compatible; bingbot/2.0; +http://www.bing.com/bingbot.htm) Chrome/116.0.1938.76 Safari/537.36"
57.141.20.27 - - [28/May/2026:01:10:21 +0200] "GET /items/K462320692/ HTTP/1.1" 200 0 "-" "meta-externalagent/1.1 (+https://developers.facebook.com/docs/sharing/webmasters/crawler)"
57.141.20.52 - - [28/May/2026:01:10:29 +0200] "GET /items/K466898032/ HTTP/1.1" 200 0 "-" "meta-externalagent/1.1 (+https://developers.facebook.com/docs/sharing/webmasters/crawler)"
57.141.20.37 - - [28/May/2026:01:10:36 +0200] "GET /items/K461393944/ HTTP/1.1" 200 0 "-" "meta-externalagent/1.1 (+https://developers.facebook.com/docs/sharing/webmasters/crawler)"
57.141.20.38 - - [28/May/2026:01:10:41 +0200] "GET /items/K461710650/ HTTP/1.1" 200 0 "-" "meta-externalagent/1.1 (+https://developers.facebook.com/docs/sharing/webmasters/crawler)"
57.141.20.6 - - [28/May/2026:01:10:50 +0200] "GET /items/K464592220/ HTTP/1.1" 200 0 "-" "meta-externalagent/1.1 (+https://developers.facebook.com/docs/sharing/webmasters/crawler)"
57.141.20.32 - - [28/May/2026:01:10:56 +0200] "GET /items/K461078065/ HTTP/1.1" 200 0 "-" "meta-externalagent/1.1 (+https://developers.facebook.com/docs/sharing/webmasters/crawler)"
57.141.20.6 - - [28/May/2026:01:11:31 +0200] "GET /items/K466847574/ HTTP/1.1" 200 0 "-" "meta-externalagent/1.1 (+https://developers.facebook.com/docs/sharing/webmasters/crawler)"
57.141.20.35 - - [28/May/2026:01:11:28 +0200] "GET /items/K461202059/ HTTP/1.1" 200 0 "-" "meta-externalagent/1.1 (+https://developers.facebook.com/docs/sharing/webmasters/crawler)"
57.141.20.21 - - [28/May/2026:01:11:39 +0200] "GET /items/K466032748/ HTTP/1.1" 200 0 "-" "meta-externalagent/1.1 (+https://developers.facebook.com/docs/sharing/webmasters/crawler)"
109.234.166.131 - - [28/May/2026:01:10:13 +0200] "GET /wp-includese4d8c2/44/index.php?id=333180 HTTP/1.1" 404 0 "-" "GO"
57.141.20.39 - - [28/May/2026:01:11:45 +0200] "GET /items/K466096786/ HTTP/1.1" 200 0 "-" "meta-externalagent/1.1 (+https://developers.facebook.com/docs/sharing/webmasters/crawler)"
109.234.166.131 - - [28/May/2026:01:10:20 +0200] "GET /wp-includese4d8c2/44/index.php?id=92274 HTTP/1.1" 404 0 "-" "GO"
57.141.20.13 - - [28/May/2026:01:09:25 +0200] "GET /items/K466273883/ HTTP/1.1" 200 0 "-" "meta-externalagent/1.1 (+https://developers.facebook.com/docs/sharing/webmasters/crawler)"
157.55.39.194 - - [28/May/2026:01:09:24 +0200] "GET /items/K467076815/ HTTP/1.1" 200 13 "-" "Mozilla/5.0 AppleWebKit/537.36 (KHTML, like Gecko; compatible; bingbot/2.0; +http://www.bing.com/bingbot.htm) Chrome/116.0.1938.76 Safari/537.36"
57.141.20.56 - - [28/May/2026:01:09:42 +0200] "GET /items/K462147122/ HTTP/1.1" 200 0 "-" "meta-externalagent/1.1 (+https://developers.facebook.com/docs/sharing/webmasters/crawler)"
57.141.20.10 - - [28/May/2026:01:10:00 +0200] "GET /items/K462918498/ HTTP/1.1" 200 0 "-" "meta-externalagent/1.1 (+https://developers.facebook.com/docs/sharing/webmasters/crawler)"
40.77.167.0 - - [28/May/2026:01:10:20 +0200] "GET /items/G847764698/ HTTP/1.1" 200 13 "-" "Mozilla/5.0 AppleWebKit/537.36 (KHTML, like Gecko; compatible; bingbot/2.0; +http://www.bing.com/bingbot.htm) Chrome/116.0.1938.76 Safari/537.36"
57.141.20.25 - - [28/May/2026:01:10:18 +0200] "GET /items/K461886100/ HTTP/1.1" 200 0 "-" "meta-externalagent/1.1 (+https://developers.facebook.com/docs/sharing/webmasters/crawler)"
57.141.20.58 - - [28/May/2026:01:10:46 +0200] "GET /items/K461162525/ HTTP/1.1" 200 0 "-" "meta-externalagent/1.1 (+https://developers.facebook.com/docs/sharing/webmasters/crawler)"
57.141.20.53 - - [28/May/2026:01:10:29 +0200] "GET /items/K463700490/ HTTP/1.1" 200 15 "-" "meta-externalagent/1.1 (+https://developers.facebook.com/docs/sharing/webmasters/crawler)"
157.55.39.194 - - [28/May/2026:01:10:54 +0200] "GET /items/C165539946/ HTTP/1.1" 200 13 "-" "Mozilla/5.0 AppleWebKit/537.36 (KHTML, like Gecko; compatible; bingbot/2.0; +http://www.bing.com/bingbot.htm) Chrome/116.0.1938.76 Safari/537.36"
57.141.20.67 - - [28/May/2026:01:11:01 +0200] "GET /items/K463041811/ HTTP/1.1" 200 0 "-" "meta-externalagent/1.1 (+https://developers.facebook.com/docs/sharing/webmasters/crawler)"
57.141.20.21 - - [28/May/2026:01:11:12 +0200] "GET /items/K467682943/ HTTP/1.1" 200 0 "-" "meta-externalagent/1.1 (+https://developers.facebook.com/docs/sharing/webmasters/crawler)"
57.141.20.53 - - [28/May/2026:01:11:18 +0200] "GET /items/K464601472/ HTTP/1.1" 200 0 "-" "meta-externalagent/1.1 (+https://developers.facebook.com/docs/sharing/webmasters/crawler)"
57.141.20.38 - - [28/May/2026:01:11:05 +0200] "GET /items/K464094203/ HTTP/1.1" 200 15 "-" "meta-externalagent/1.1 (+https://developers.facebook.com/docs/sharing/webmasters/crawler)"
57.141.20.59 - - [28/May/2026:01:11:25 +0200] "GET /items/K464072680/ HTTP/1.1" 200 0 "-" "meta-externalagent/1.1 (+https://developers.facebook.com/docs/sharing/webmasters/crawler)"
57.141.20.37 - - [28/May/2026:01:11:37 +0200] "GET /items/K462024044/ HTTP/1.1" 200 0 "-" "meta-externalagent/1.1 (+https://developers.facebook.com/docs/sharing/webmasters/crawler)"
57.141.20.51 - - [28/May/2026:01:11:48 +0200] "GET /items/K466354443/ HTTP/1.1" 200 0 "-" "meta-externalagent/1.1 (+https://developers.facebook.com/docs/sharing/webmasters/crawler)"
