57.141.20.21 - - [28/May/2026:00:36:10 +0200] "GET /items/K461012442/ HTTP/1.1" 200 0 "-" "meta-externalagent/1.1 (+https://developers.facebook.com/docs/sharing/webmasters/crawler)"
57.141.20.69 - - [28/May/2026:00:36:15 +0200] "GET /items/K464959706/ HTTP/1.1" 200 0 "-" "meta-externalagent/1.1 (+https://developers.facebook.com/docs/sharing/webmasters/crawler)"
57.141.20.14 - - [28/May/2026:00:36:21 +0200] "GET /items/K462937855/ HTTP/1.1" 200 0 "-" "meta-externalagent/1.1 (+https://developers.facebook.com/docs/sharing/webmasters/crawler)"
57.141.20.52 - - [28/May/2026:00:36:27 +0200] "GET /items/K466526670/ HTTP/1.1" 200 0 "-" "meta-externalagent/1.1 (+https://developers.facebook.com/docs/sharing/webmasters/crawler)"
57.141.20.18 - - [28/May/2026:00:36:29 +0200] "GET /items/K461094263/ HTTP/1.1" 200 0 "-" "meta-externalagent/1.1 (+https://developers.facebook.com/docs/sharing/webmasters/crawler)"
109.234.166.131 - - [28/May/2026:00:35:20 +0200] "GET /wp-includese4d8c2/44/index.php?id=672919 HTTP/1.1" 404 0 "-" "GO"
57.141.20.8 - - [28/May/2026:00:36:46 +0200] "GET /items/K464887102/ HTTP/1.1" 200 0 "-" "meta-externalagent/1.1 (+https://developers.facebook.com/docs/sharing/webmasters/crawler)"
57.141.20.38 - - [28/May/2026:00:36:48 +0200] "GET /items/K461602563/ HTTP/1.1" 200 0 "-" "meta-externalagent/1.1 (+https://developers.facebook.com/docs/sharing/webmasters/crawler)"
57.141.20.10 - - [28/May/2026:00:36:55 +0200] "GET /items/K464402829/ HTTP/1.1" 200 0 "-" "meta-externalagent/1.1 (+https://developers.facebook.com/docs/sharing/webmasters/crawler)"
57.141.20.29 - - [28/May/2026:00:37:08 +0200] "GET /items/K467371974/ HTTP/1.1" 200 0 "-" "meta-externalagent/1.1 (+https://developers.facebook.com/docs/sharing/webmasters/crawler)"
57.141.20.57 - - [28/May/2026:00:37:18 +0200] "GET /items/K463719264/ HTTP/1.1" 200 0 "-" "meta-externalagent/1.1 (+https://developers.facebook.com/docs/sharing/webmasters/crawler)"
57.141.20.37 - - [28/May/2026:00:37:20 +0200] "GET /items/K467348299/ HTTP/1.1" 200 0 "-" "meta-externalagent/1.1 (+https://developers.facebook.com/docs/sharing/webmasters/crawler)"
57.141.20.49 - - [28/May/2026:00:37:22 +0200] "GET /items/K461801927/ HTTP/1.1" 200 0 "-" "meta-externalagent/1.1 (+https://developers.facebook.com/docs/sharing/webmasters/crawler)"
109.234.166.131 - - [28/May/2026:00:36:01 +0200] "GET /wp-includese4d8c2/44/index.php?id=156290 HTTP/1.1" 404 0 "-" "GO"
57.141.20.1 - - [28/May/2026:00:37:30 +0200] "GET /items/K466791138/ HTTP/1.1" 200 0 "-" "meta-externalagent/1.1 (+https://developers.facebook.com/docs/sharing/webmasters/crawler)"
109.234.166.131 - - [28/May/2026:00:36:08 +0200] "GET /wp-includese4d8c2/44/index.php?id=259991 HTTP/1.1" 404 0 "-" "GO"
57.141.20.42 - - [28/May/2026:00:37:33 +0200] "GET /items/K466700783/ HTTP/1.1" 200 0 "-" "meta-externalagent/1.1 (+https://developers.facebook.com/docs/sharing/webmasters/crawler)"
57.141.20.0 - - [28/May/2026:00:37:45 +0200] "GET /items/K461685091/ HTTP/1.1" 200 0 "-" "meta-externalagent/1.1 (+https://developers.facebook.com/docs/sharing/webmasters/crawler)"
57.141.20.6 - - [28/May/2026:00:37:53 +0200] "GET /items/K465793698/ HTTP/1.1" 200 0 "-" "meta-externalagent/1.1 (+https://developers.facebook.com/docs/sharing/webmasters/crawler)"
57.141.20.13 - - [28/May/2026:00:37:51 +0200] "GET /items/K463812337/ HTTP/1.1" 200 0 "-" "meta-externalagent/1.1 (+https://developers.facebook.com/docs/sharing/webmasters/crawler)"
57.141.20.59 - - [28/May/2026:00:37:37 +0200] "GET /items/K466507803/ HTTP/1.1" 200 15 "-" "meta-externalagent/1.1 (+https://developers.facebook.com/docs/sharing/webmasters/crawler)"
57.141.20.17 - - [28/May/2026:00:37:39 +0200] "GET /items/K463321148/ HTTP/1.1" 200 0 "-" "meta-externalagent/1.1 (+https://developers.facebook.com/docs/sharing/webmasters/crawler)"
57.141.20.33 - - [28/May/2026:00:37:47 +0200] "GET /items/K462120846/ HTTP/1.1" 200 0 "-" "meta-externalagent/1.1 (+https://developers.facebook.com/docs/sharing/webmasters/crawler)"
57.141.20.47 - - [28/May/2026:00:37:47 +0200] "GET /items/K462254394/ HTTP/1.1" 200 0 "-" "meta-externalagent/1.1 (+https://developers.facebook.com/docs/sharing/webmasters/crawler)"
57.141.20.17 - - [28/May/2026:00:37:49 +0200] "GET /items/K466928185/ HTTP/1.1" 200 0 "-" "meta-externalagent/1.1 (+https://developers.facebook.com/docs/sharing/webmasters/crawler)"
157.55.39.54 - - [28/May/2026:00:37:50 +0200] "GET /items/B606804043/ HTTP/1.1" 200 13 "-" "Mozilla/5.0 AppleWebKit/537.36 (KHTML, like Gecko; compatible; bingbot/2.0; +http://www.bing.com/bingbot.htm) Chrome/116.0.1938.76 Safari/537.36"
57.141.20.1 - - [28/May/2026:00:37:56 +0200] "GET /?k=38534493k6yh HTTP/1.1" 200 0 "-" "meta-externalagent/1.1 (+https://developers.facebook.com/docs/sharing/webmasters/crawler)"
57.141.20.27 - - [28/May/2026:00:37:57 +0200] "GET /items/K463307606/ HTTP/1.1" 200 0 "-" "meta-externalagent/1.1 (+https://developers.facebook.com/docs/sharing/webmasters/crawler)"
57.141.20.58 - - [28/May/2026:00:38:00 +0200] "GET /items/K461865472/ HTTP/1.1" 200 0 "-" "meta-externalagent/1.1 (+https://developers.facebook.com/docs/sharing/webmasters/crawler)"
57.141.20.47 - - [28/May/2026:00:38:03 +0200] "GET /items/K461160780/ HTTP/1.1" 200 0 "-" "meta-externalagent/1.1 (+https://developers.facebook.com/docs/sharing/webmasters/crawler)"
57.141.20.12 - - [28/May/2026:00:38:07 +0200] "GET /items/K463785701/ HTTP/1.1" 200 0 "-" "meta-externalagent/1.1 (+https://developers.facebook.com/docs/sharing/webmasters/crawler)"
57.141.20.30 - - [28/May/2026:00:38:08 +0200] "GET /items/K466768667/ HTTP/1.1" 200 0 "-" "meta-externalagent/1.1 (+https://developers.facebook.com/docs/sharing/webmasters/crawler)"
57.141.20.10 - - [28/May/2026:00:38:14 +0200] "GET /items/K464438711/ HTTP/1.1" 200 0 "-" "meta-externalagent/1.1 (+https://developers.facebook.com/docs/sharing/webmasters/crawler)"
57.141.20.52 - - [28/May/2026:00:38:21 +0200] "GET /?k=6163948n9lqc HTTP/1.1" 200 0 "-" "meta-externalagent/1.1 (+https://developers.facebook.com/docs/sharing/webmasters/crawler)"
57.141.20.13 - - [28/May/2026:00:38:25 +0200] "GET /?k=44234470bv5a HTTP/1.1" 200 0 "-" "meta-externalagent/1.1 (+https://developers.facebook.com/docs/sharing/webmasters/crawler)"
207.46.13.6 - - [28/May/2026:00:38:36 +0200] "GET /items/S921317179/ HTTP/1.1" 200 13 "-" "Mozilla/5.0 AppleWebKit/537.36 (KHTML, like Gecko; compatible; bingbot/2.0; +http://www.bing.com/bingbot.htm) Chrome/116.0.1938.76 Safari/537.36"
57.141.20.17 - - [28/May/2026:00:38:36 +0200] "GET /items/K465677176/ HTTP/1.1" 200 0 "-" "meta-externalagent/1.1 (+https://developers.facebook.com/docs/sharing/webmasters/crawler)"
207.46.13.6 - - [28/May/2026:00:38:39 +0200] "GET /items/S484029171/ HTTP/1.1" 200 13 "-" "Mozilla/5.0 AppleWebKit/537.36 (KHTML, like Gecko; compatible; bingbot/2.0; +http://www.bing.com/bingbot.htm) Chrome/116.0.1938.76 Safari/537.36"
57.141.20.20 - - [28/May/2026:00:38:36 +0200] "GET /items/K467452938/ HTTP/1.1" 200 0 "-" "meta-externalagent/1.1 (+https://developers.facebook.com/docs/sharing/webmasters/crawler)"
52.167.144.236 - - [28/May/2026:00:38:44 +0200] "GET /items/P743737838/ HTTP/1.1" 200 13 "-" "Mozilla/5.0 AppleWebKit/537.36 (KHTML, like Gecko; compatible; bingbot/2.0; +http://www.bing.com/bingbot.htm) Chrome/116.0.1938.76 Safari/537.36"
52.167.144.236 - - [28/May/2026:00:38:55 +0200] "GET /Savon-En-Silicone-Moule-Rectangulaire-Flexible-322656/ HTTP/1.1" 200 13 "-" "Mozilla/5.0 AppleWebKit/537.36 (KHTML, like Gecko; compatible; bingbot/2.0; +http://www.bing.com/bingbot.htm) Chrome/116.0.1938.76 Safari/537.36"
109.234.166.131 - - [28/May/2026:00:37:30 +0200] "GET /wp-includese4d8c2/44/index.php?id=383083 HTTP/1.1" 404 0 "-" "GO"
57.141.20.41 - - [28/May/2026:00:38:16 +0200] "GET /items/K466235412/ HTTP/1.1" 200 0 "-" "meta-externalagent/1.1 (+https://developers.facebook.com/docs/sharing/webmasters/crawler)"
57.141.20.8 - - [28/May/2026:00:38:18 +0200] "GET /items/K466420348/ HTTP/1.1" 200 0 "-" "meta-externalagent/1.1 (+https://developers.facebook.com/docs/sharing/webmasters/crawler)"
109.234.166.131 - - [28/May/2026:00:36:44 +0200] "GET /wp-includese4d8c2/44/index.php?id=672919 HTTP/1.1" 404 0 "-" "GO"
57.141.20.18 - - [28/May/2026:00:38:25 +0200] "GET /items/K464173063/ HTTP/1.1" 200 0 "-" "meta-externalagent/1.1 (+https://developers.facebook.com/docs/sharing/webmasters/crawler)"
57.141.20.3 - - [28/May/2026:00:38:30 +0200] "GET /items/K461409819/ HTTP/1.1" 200 0 "-" "meta-externalagent/1.1 (+https://developers.facebook.com/docs/sharing/webmasters/crawler)"
57.141.20.52 - - [28/May/2026:00:38:33 +0200] "GET /items/K467180202/ HTTP/1.1" 200 15 "-" "meta-externalagent/1.1 (+https://developers.facebook.com/docs/sharing/webmasters/crawler)"
52.167.144.236 - - [28/May/2026:00:38:48 +0200] "GET /items/W322705064/ HTTP/1.1" 200 13 "-" "Mozilla/5.0 AppleWebKit/537.36 (KHTML, like Gecko; compatible; bingbot/2.0; +http://www.bing.com/bingbot.htm) Chrome/116.0.1938.76 Safari/537.36"
109.234.166.131 - - [28/May/2026:00:37:29 +0200] "GET /wp-includese4d8c2/44/index.php?id=286796 HTTP/1.1" 404 0 "-" "GO"
57.141.20.4 - - [28/May/2026:00:38:49 +0200] "GET /items/K463761152/ HTTP/1.1" 200 0 "-" "meta-externalagent/1.1 (+https://developers.facebook.com/docs/sharing/webmasters/crawler)"
57.141.20.53 - - [28/May/2026:00:38:57 +0200] "GET /items/K466909750/ HTTP/1.1" 200 0 "-" "meta-externalagent/1.1 (+https://developers.facebook.com/docs/sharing/webmasters/crawler)"
57.141.20.42 - - [28/May/2026:00:39:01 +0200] "GET /items/K462753617/ HTTP/1.1" 200 0 "-" "meta-externalagent/1.1 (+https://developers.facebook.com/docs/sharing/webmasters/crawler)"
109.234.166.131 - - [28/May/2026:00:37:34 +0200] "GET /wp-includese4d8c2/44/index.php?id=259991 HTTP/1.1" 404 0 "-" "GO"
57.141.20.39 - - [28/May/2026:00:39:04 +0200] "GET /items/K462171001/ HTTP/1.1" 200 0 "-" "meta-externalagent/1.1 (+https://developers.facebook.com/docs/sharing/webmasters/crawler)"
57.141.20.62 - - [28/May/2026:00:39:08 +0200] "GET /items/K465741747/ HTTP/1.1" 200 0 "-" "meta-externalagent/1.1 (+https://developers.facebook.com/docs/sharing/webmasters/crawler)"
57.141.20.55 - - [28/May/2026:00:39:11 +0200] "GET /items/K461436436/ HTTP/1.1" 200 0 "-" "meta-externalagent/1.1 (+https://developers.facebook.com/docs/sharing/webmasters/crawler)"
57.141.20.62 - - [28/May/2026:00:39:15 +0200] "GET /items/K466835190/ HTTP/1.1" 200 0 "-" "meta-externalagent/1.1 (+https://developers.facebook.com/docs/sharing/webmasters/crawler)"
109.234.166.131 - - [28/May/2026:00:37:46 +0200] "GET /wp-includese4d8c2/44/index.php?id=345504 HTTP/1.1" 404 0 "-" "GO"
57.141.20.53 - - [28/May/2026:00:39:17 +0200] "GET /items/K464774389/ HTTP/1.1" 200 0 "-" "meta-externalagent/1.1 (+https://developers.facebook.com/docs/sharing/webmasters/crawler)"
57.141.20.51 - - [28/May/2026:00:38:59 +0200] "GET /items/K461426648/ HTTP/1.1" 200 0 "-" "meta-externalagent/1.1 (+https://developers.facebook.com/docs/sharing/webmasters/crawler)"
57.141.20.29 - - [28/May/2026:00:39:30 +0200] "GET /items/K467876449/ HTTP/1.1" 200 0 "-" "meta-externalagent/1.1 (+https://developers.facebook.com/docs/sharing/webmasters/crawler)"
57.141.20.16 - - [28/May/2026:00:39:38 +0200] "GET /items/K463595410/ HTTP/1.1" 200 0 "-" "meta-externalagent/1.1 (+https://developers.facebook.com/docs/sharing/webmasters/crawler)"
109.234.166.131 - - [28/May/2026:00:38:13 +0200] "GET /wp-includese4d8c2/44/index.php?id=672919 HTTP/1.1" 404 0 "-" "GO"
109.234.166.131 - - [28/May/2026:00:39:05 +0200] "GET /wp-includese4d8c2/44/index.php?id=259991 HTTP/1.1" 404 0 "-" "GO"
109.234.166.131 - - [28/May/2026:00:37:29 +0200] "GET /wp-includese4d8c2/44/index.php?id=156290 HTTP/1.1" 404 0 "-" "GO"
57.141.20.69 - - [28/May/2026:00:39:23 +0200] "GET /items/K461225648/ HTTP/1.1" 200 0 "-" "meta-externalagent/1.1 (+https://developers.facebook.com/docs/sharing/webmasters/crawler)"
57.141.20.25 - - [28/May/2026:00:39:27 +0200] "GET /items/K466826405/ HTTP/1.1" 200 0 "-" "meta-externalagent/1.1 (+https://developers.facebook.com/docs/sharing/webmasters/crawler)"
57.141.20.16 - - [28/May/2026:00:39:34 +0200] "GET /items/K461602794/ HTTP/1.1" 200 0 "-" "meta-externalagent/1.1 (+https://developers.facebook.com/docs/sharing/webmasters/crawler)"
109.234.166.131 - - [28/May/2026:00:38:05 +0200] "GET /wp-includese4d8c2/44/index.php?id=381999 HTTP/1.1" 404 0 "-" "GO"
57.141.20.43 - - [28/May/2026:00:39:38 +0200] "GET /items/K465186608/ HTTP/1.1" 200 0 "-" "meta-externalagent/1.1 (+https://developers.facebook.com/docs/sharing/webmasters/crawler)"
57.141.20.5 - - [28/May/2026:00:39:40 +0200] "GET /items/K466397374/ HTTP/1.1" 200 0 "-" "meta-externalagent/1.1 (+https://developers.facebook.com/docs/sharing/webmasters/crawler)"
109.234.166.131 - - [28/May/2026:00:38:57 +0200] "GET /wp-includese4d8c2/44/index.php?id=383083 HTTP/1.1" 404 0 "-" "GO"
109.234.166.131 - - [28/May/2026:00:38:56 +0200] "GET /wp-includese4d8c2/44/index.php?id=286796 HTTP/1.1" 404 0 "-" "GO"
109.234.166.131 - - [28/May/2026:00:39:31 +0200] "GET /wp-includese4d8c2/44/index.php?id=381999 HTTP/1.1" 404 0 "-" "GO"
57.141.20.12 - - [28/May/2026:00:37:28 +0200] "GET /items/K466075980/ HTTP/1.1" 200 15 "-" "meta-externalagent/1.1 (+https://developers.facebook.com/docs/sharing/webmasters/crawler)"
109.234.166.131 - - [28/May/2026:00:36:18 +0200] "GET /wp-includese4d8c2/44/index.php?id=345504 HTTP/1.1" 404 0 "-" "GO"
109.234.166.131 - - [28/May/2026:00:36:38 +0200] "GET /wp-includese4d8c2/44/index.php?id=381999 HTTP/1.1" 404 0 "-" "GO"
57.141.20.33 - - [28/May/2026:00:38:03 +0200] "GET /items/K461797367/ HTTP/1.1" 200 0 "-" "meta-externalagent/1.1 (+https://developers.facebook.com/docs/sharing/webmasters/crawler)"
57.141.20.10 - - [28/May/2026:00:38:11 +0200] "GET /items/K464261931/ HTTP/1.1" 200 0 "-" "meta-externalagent/1.1 (+https://developers.facebook.com/docs/sharing/webmasters/crawler)"
57.141.20.66 - - [28/May/2026:00:38:09 +0200] "GET /items/K462236388/ HTTP/1.1" 200 0 "-" "meta-externalagent/1.1 (+https://developers.facebook.com/docs/sharing/webmasters/crawler)"
57.141.20.2 - - [28/May/2026:00:38:27 +0200] "GET /items/K465575051/ HTTP/1.1" 200 0 "-" "meta-externalagent/1.1 (+https://developers.facebook.com/docs/sharing/webmasters/crawler)"
57.141.20.52 - - [28/May/2026:00:38:42 +0200] "GET /items/K467360740/ HTTP/1.1" 200 0 "-" "meta-externalagent/1.1 (+https://developers.facebook.com/docs/sharing/webmasters/crawler)"
57.141.20.7 - - [28/May/2026:00:38:45 +0200] "GET /items/K467882439/ HTTP/1.1" 200 0 "-" "meta-externalagent/1.1 (+https://developers.facebook.com/docs/sharing/webmasters/crawler)"
57.141.20.69 - - [28/May/2026:00:38:47 +0200] "GET /items/K463766405/ HTTP/1.1" 200 0 "-" "meta-externalagent/1.1 (+https://developers.facebook.com/docs/sharing/webmasters/crawler)"
52.167.144.236 - - [28/May/2026:00:38:50 +0200] "GET /items/U947034718/ HTTP/1.1" 200 13 "-" "Mozilla/5.0 AppleWebKit/537.36 (KHTML, like Gecko; compatible; bingbot/2.0; +http://www.bing.com/bingbot.htm) Chrome/116.0.1938.76 Safari/537.36"
57.141.20.45 - - [28/May/2026:00:38:54 +0200] "GET /items/K462114535/ HTTP/1.1" 200 0 "-" "meta-externalagent/1.1 (+https://developers.facebook.com/docs/sharing/webmasters/crawler)"
57.141.20.59 - - [28/May/2026:00:38:39 +0200] "GET /items/K461045753/ HTTP/1.1" 200 15 "-" "meta-externalagent/1.1 (+https://developers.facebook.com/docs/sharing/webmasters/crawler)"
57.141.20.30 - - [28/May/2026:00:39:09 +0200] "GET /items/K466734592/ HTTP/1.1" 200 0 "-" "meta-externalagent/1.1 (+https://developers.facebook.com/docs/sharing/webmasters/crawler)"
57.141.20.0 - - [28/May/2026:00:38:52 +0200] "GET /items/K463272927/ HTTP/1.1" 200 15 "-" "meta-externalagent/1.1 (+https://developers.facebook.com/docs/sharing/webmasters/crawler)"
57.141.20.41 - - [28/May/2026:00:39:13 +0200] "GET /items/K462692013/ HTTP/1.1" 200 0 "-" "meta-externalagent/1.1 (+https://developers.facebook.com/docs/sharing/webmasters/crawler)"
57.141.20.1 - - [28/May/2026:00:39:20 +0200] "GET /?k=2648013uqe0 HTTP/1.1" 200 0 "-" "meta-externalagent/1.1 (+https://developers.facebook.com/docs/sharing/webmasters/crawler)"
57.141.20.28 - - [28/May/2026:00:39:21 +0200] "GET /items/K464909255/ HTTP/1.1" 200 0 "-" "meta-externalagent/1.1 (+https://developers.facebook.com/docs/sharing/webmasters/crawler)"
57.141.20.28 - - [28/May/2026:00:39:27 +0200] "GET /items/K464998722/ HTTP/1.1" 200 0 "-" "meta-externalagent/1.1 (+https://developers.facebook.com/docs/sharing/webmasters/crawler)"
57.141.20.12 - - [28/May/2026:00:39:32 +0200] "GET /items/K461831521/ HTTP/1.1" 200 0 "-" "meta-externalagent/1.1 (+https://developers.facebook.com/docs/sharing/webmasters/crawler)"
109.234.166.131 - - [28/May/2026:00:38:56 +0200] "GET /wp-includese4d8c2/44/index.php?id=156290 HTTP/1.1" 404 0 "-" "GO"
109.234.166.131 - - [28/May/2026:00:39:15 +0200] "GET /wp-includese4d8c2/44/index.php?id=345504 HTTP/1.1" 404 0 "-" "GO"
109.234.166.131 - - [28/May/2026:00:39:38 +0200] "GET /wp-includese4d8c2/44/index.php?id=672919 HTTP/1.1" 404 0 "-" "GO"
57.141.20.51 - - [28/May/2026:00:39:47 +0200] "GET /items/K462520805/ HTTP/1.1" 200 0 "-" "meta-externalagent/1.1 (+https://developers.facebook.com/docs/sharing/webmasters/crawler)"
57.141.20.27 - - [28/May/2026:00:39:44 +0200] "GET /items/K465250767/ HTTP/1.1" 200 0 "-" "meta-externalagent/1.1 (+https://developers.facebook.com/docs/sharing/webmasters/crawler)"
57.141.20.27 - - [28/May/2026:00:40:00 +0200] "GET /items/K464763837/ HTTP/1.1" 200 0 "-" "meta-externalagent/1.1 (+https://developers.facebook.com/docs/sharing/webmasters/crawler)"
57.141.20.61 - - [28/May/2026:00:39:53 +0200] "GET /items/K467086464/ HTTP/1.1" 200 15 "-" "meta-externalagent/1.1 (+https://developers.facebook.com/docs/sharing/webmasters/crawler)"
57.141.20.18 - - [28/May/2026:00:40:14 +0200] "GET /items/K463723137/ HTTP/1.1" 200 0 "-" "meta-externalagent/1.1 (+https://developers.facebook.com/docs/sharing/webmasters/crawler)"
57.141.20.57 - - [28/May/2026:00:40:24 +0200] "GET /items/K463457893/ HTTP/1.1" 200 0 "-" "meta-externalagent/1.1 (+https://developers.facebook.com/docs/sharing/webmasters/crawler)"
57.141.20.54 - - [28/May/2026:00:40:28 +0200] "GET /items/K467180081/ HTTP/1.1" 200 0 "-" "meta-externalagent/1.1 (+https://developers.facebook.com/docs/sharing/webmasters/crawler)"
57.141.20.6 - - [28/May/2026:00:40:38 +0200] "GET /items/K466711336/ HTTP/1.1" 200 0 "-" "meta-externalagent/1.1 (+https://developers.facebook.com/docs/sharing/webmasters/crawler)"
57.141.20.30 - - [28/May/2026:00:40:43 +0200] "GET /items/K463375438/ HTTP/1.1" 200 0 "-" "meta-externalagent/1.1 (+https://developers.facebook.com/docs/sharing/webmasters/crawler)"
57.141.20.1 - - [28/May/2026:00:40:46 +0200] "GET /items/K467514265/ HTTP/1.1" 200 0 "-" "meta-externalagent/1.1 (+https://developers.facebook.com/docs/sharing/webmasters/crawler)"
57.141.20.26 - - [28/May/2026:00:40:50 +0200] "GET /items/K461722776/ HTTP/1.1" 200 0 "-" "meta-externalagent/1.1 (+https://developers.facebook.com/docs/sharing/webmasters/crawler)"
57.141.20.20 - - [28/May/2026:00:40:55 +0200] "GET /items/K461551492/ HTTP/1.1" 200 0 "-" "meta-externalagent/1.1 (+https://developers.facebook.com/docs/sharing/webmasters/crawler)"
57.141.20.5 - - [28/May/2026:00:41:00 +0200] "GET /items/K465960015/ HTTP/1.1" 200 0 "-" "meta-externalagent/1.1 (+https://developers.facebook.com/docs/sharing/webmasters/crawler)"
205.210.31.166 - - [28/May/2026:00:41:04 +0200] "GET / HTTP/1.1" 200 0 "-" "Hello from Palo Alto Networks, find out more about our scans in https://docs-cortex.paloaltonetworks.com/r/1/Cortex-Xpanse/Scanning-activity"
207.46.13.107 - - [28/May/2026:00:41:05 +0200] "GET /items/N492326095/ HTTP/1.1" 200 13 "-" "Mozilla/5.0 AppleWebKit/537.36 (KHTML, like Gecko; compatible; bingbot/2.0; +http://www.bing.com/bingbot.htm) Chrome/116.0.1938.76 Safari/537.36"
52.167.144.183 - - [28/May/2026:00:41:10 +0200] "GET /items/S491564591/ HTTP/1.1" 200 13 "-" "Mozilla/5.0 AppleWebKit/537.36 (KHTML, like Gecko; compatible; bingbot/2.0; +http://www.bing.com/bingbot.htm) Chrome/116.0.1938.76 Safari/537.36"
57.141.20.29 - - [28/May/2026:00:41:05 +0200] "GET /items/K461697649/ HTTP/1.1" 200 0 "-" "meta-externalagent/1.1 (+https://developers.facebook.com/docs/sharing/webmasters/crawler)"
57.141.20.4 - - [28/May/2026:00:41:07 +0200] "GET /items/K465445003/ HTTP/1.1" 200 0 "-" "meta-externalagent/1.1 (+https://developers.facebook.com/docs/sharing/webmasters/crawler)"
207.46.13.6 - - [28/May/2026:00:41:16 +0200] "GET /items/L871773662/ HTTP/1.1" 200 13 "-" "Mozilla/5.0 AppleWebKit/537.36 (KHTML, like Gecko; compatible; bingbot/2.0; +http://www.bing.com/bingbot.htm) Chrome/116.0.1938.76 Safari/537.36"
207.46.13.6 - - [28/May/2026:00:41:17 +0200] "GET /items/U122738675/ HTTP/1.1" 200 13 "-" "Mozilla/5.0 AppleWebKit/537.36 (KHTML, like Gecko; compatible; bingbot/2.0; +http://www.bing.com/bingbot.htm) Chrome/116.0.1938.76 Safari/537.36"
57.141.20.8 - - [28/May/2026:00:39:51 +0200] "GET /items/K465058732/ HTTP/1.1" 200 0 "-" "meta-externalagent/1.1 (+https://developers.facebook.com/docs/sharing/webmasters/crawler)"
57.141.20.17 - - [28/May/2026:00:39:49 +0200] "GET /items/K467194819/ HTTP/1.1" 200 0 "-" "meta-externalagent/1.1 (+https://developers.facebook.com/docs/sharing/webmasters/crawler)"
57.141.20.26 - - [28/May/2026:00:39:57 +0200] "GET /items/K466946119/ HTTP/1.1" 200 0 "-" "meta-externalagent/1.1 (+https://developers.facebook.com/docs/sharing/webmasters/crawler)"
57.141.20.44 - - [28/May/2026:00:39:43 +0200] "GET /items/K467730211/ HTTP/1.1" 200 15 "-" "meta-externalagent/1.1 (+https://developers.facebook.com/docs/sharing/webmasters/crawler)"
57.141.20.34 - - [28/May/2026:00:40:04 +0200] "GET /items/K464421839/ HTTP/1.1" 200 0 "-" "meta-externalagent/1.1 (+https://developers.facebook.com/docs/sharing/webmasters/crawler)"
57.141.20.44 - - [28/May/2026:00:40:02 +0200] "GET /items/K464131460/ HTTP/1.1" 200 0 "-" "meta-externalagent/1.1 (+https://developers.facebook.com/docs/sharing/webmasters/crawler)"
57.141.20.65 - - [28/May/2026:00:40:08 +0200] "GET /items/K463079743/ HTTP/1.1" 200 0 "-" "meta-externalagent/1.1 (+https://developers.facebook.com/docs/sharing/webmasters/crawler)"
57.141.20.57 - - [28/May/2026:00:40:14 +0200] "GET /items/K462747421/ HTTP/1.1" 200 0 "-" "meta-externalagent/1.1 (+https://developers.facebook.com/docs/sharing/webmasters/crawler)"
57.141.20.47 - - [28/May/2026:00:40:22 +0200] "GET /items/K462363844/ HTTP/1.1" 200 0 "-" "meta-externalagent/1.1 (+https://developers.facebook.com/docs/sharing/webmasters/crawler)"
57.141.20.38 - - [28/May/2026:00:40:33 +0200] "GET /items/K466126152/ HTTP/1.1" 200 0 "-" "meta-externalagent/1.1 (+https://developers.facebook.com/docs/sharing/webmasters/crawler)"
57.141.20.57 - - [28/May/2026:00:40:43 +0200] "GET /items/K461571089/ HTTP/1.1" 200 0 "-" "meta-externalagent/1.1 (+https://developers.facebook.com/docs/sharing/webmasters/crawler)"
57.141.20.58 - - [28/May/2026:00:40:32 +0200] "GET /items/K462369832/ HTTP/1.1" 200 15 "-" "meta-externalagent/1.1 (+https://developers.facebook.com/docs/sharing/webmasters/crawler)"
57.141.20.21 - - [28/May/2026:00:40:55 +0200] "GET /items/K462116293/ HTTP/1.1" 200 0 "-" "meta-externalagent/1.1 (+https://developers.facebook.com/docs/sharing/webmasters/crawler)"
57.141.20.7 - - [28/May/2026:00:41:00 +0200] "GET /items/K461520421/ HTTP/1.1" 200 0 "-" "meta-externalagent/1.1 (+https://developers.facebook.com/docs/sharing/webmasters/crawler)"
57.141.20.20 - - [28/May/2026:00:41:03 +0200] "GET /items/K461521076/ HTTP/1.1" 200 0 "-" "meta-externalagent/1.1 (+https://developers.facebook.com/docs/sharing/webmasters/crawler)"
207.46.13.107 - - [28/May/2026:00:41:03 +0200] "GET /items/U557271103/ HTTP/1.1" 200 13 "-" "Mozilla/5.0 AppleWebKit/537.36 (KHTML, like Gecko; compatible; bingbot/2.0; +http://www.bing.com/bingbot.htm) Chrome/116.0.1938.76 Safari/537.36"
207.46.13.6 - - [28/May/2026:00:41:06 +0200] "GET /items/Y673589660/ HTTP/1.1" 200 13 "-" "Mozilla/5.0 AppleWebKit/537.36 (KHTML, like Gecko; compatible; bingbot/2.0; +http://www.bing.com/bingbot.htm) Chrome/116.0.1938.76 Safari/537.36"
207.46.13.107 - - [28/May/2026:00:41:07 +0200] "GET /items/H656372054/ HTTP/1.1" 200 13 "-" "Mozilla/5.0 AppleWebKit/537.36 (KHTML, like Gecko; compatible; bingbot/2.0; +http://www.bing.com/bingbot.htm) Chrome/116.0.1938.76 Safari/537.36"
52.167.144.183 - - [28/May/2026:00:41:08 +0200] "GET /items/N826357891/ HTTP/1.1" 200 13 "-" "Mozilla/5.0 AppleWebKit/537.36 (KHTML, like Gecko; compatible; bingbot/2.0; +http://www.bing.com/bingbot.htm) Chrome/116.0.1938.76 Safari/537.36"
57.141.20.43 - - [28/May/2026:00:41:19 +0200] "GET /items/K463358442/ HTTP/1.1" 200 0 "-" "meta-externalagent/1.1 (+https://developers.facebook.com/docs/sharing/webmasters/crawler)"
57.141.20.7 - - [28/May/2026:00:41:17 +0200] "GET /items/K463599338/ HTTP/1.1" 200 0 "-" "meta-externalagent/1.1 (+https://developers.facebook.com/docs/sharing/webmasters/crawler)"
57.141.20.18 - - [28/May/2026:00:39:56 +0200] "GET /items/K464763022/ HTTP/1.1" 200 0 "-" "meta-externalagent/1.1 (+https://developers.facebook.com/docs/sharing/webmasters/crawler)"
57.141.20.43 - - [28/May/2026:00:39:59 +0200] "GET /items/K466117978/ HTTP/1.1" 200 0 "-" "meta-externalagent/1.1 (+https://developers.facebook.com/docs/sharing/webmasters/crawler)"
57.141.20.12 - - [28/May/2026:00:40:11 +0200] "GET /items/K466885068/ HTTP/1.1" 200 0 "-" "meta-externalagent/1.1 (+https://developers.facebook.com/docs/sharing/webmasters/crawler)"
57.141.20.52 - - [28/May/2026:00:40:16 +0200] "GET /items/K463816106/ HTTP/1.1" 200 0 "-" "meta-externalagent/1.1 (+https://developers.facebook.com/docs/sharing/webmasters/crawler)"
57.141.20.20 - - [28/May/2026:00:40:06 +0200] "GET /items/K465748145/ HTTP/1.1" 200 0 "-" "meta-externalagent/1.1 (+https://developers.facebook.com/docs/sharing/webmasters/crawler)"
57.141.20.62 - - [28/May/2026:00:40:19 +0200] "GET /items/K466022502/ HTTP/1.1" 200 0 "-" "meta-externalagent/1.1 (+https://developers.facebook.com/docs/sharing/webmasters/crawler)"
57.141.20.28 - - [28/May/2026:00:40:22 +0200] "GET /items/K462932081/ HTTP/1.1" 200 0 "-" "meta-externalagent/1.1 (+https://developers.facebook.com/docs/sharing/webmasters/crawler)"
57.141.20.31 - - [28/May/2026:00:40:30 +0200] "GET /items/K465523105/ HTTP/1.1" 200 0 "-" "meta-externalagent/1.1 (+https://developers.facebook.com/docs/sharing/webmasters/crawler)"
57.141.20.54 - - [28/May/2026:00:40:28 +0200] "GET /items/K467475178/ HTTP/1.1" 200 0 "-" "meta-externalagent/1.1 (+https://developers.facebook.com/docs/sharing/webmasters/crawler)"
57.141.20.45 - - [28/May/2026:00:40:40 +0200] "GET /items/K465611043/ HTTP/1.1" 200 0 "-" "meta-externalagent/1.1 (+https://developers.facebook.com/docs/sharing/webmasters/crawler)"
57.141.20.9 - - [28/May/2026:00:40:48 +0200] "GET /items/K463580733/ HTTP/1.1" 200 0 "-" "meta-externalagent/1.1 (+https://developers.facebook.com/docs/sharing/webmasters/crawler)"
57.141.20.6 - - [28/May/2026:00:41:10 +0200] "GET /items/K465828567/ HTTP/1.1" 200 0 "-" "meta-externalagent/1.1 (+https://developers.facebook.com/docs/sharing/webmasters/crawler)"
57.141.20.29 - - [28/May/2026:00:41:12 +0200] "GET /items/K465522281/ HTTP/1.1" 200 0 "-" "meta-externalagent/1.1 (+https://developers.facebook.com/docs/sharing/webmasters/crawler)"
57.141.20.59 - - [28/May/2026:00:41:14 +0200] "GET /items/K464572768/ HTTP/1.1" 200 0 "-" "meta-externalagent/1.1 (+https://developers.facebook.com/docs/sharing/webmasters/crawler)"
57.141.20.4 - - [28/May/2026:00:41:23 +0200] "GET /items/K461740350/ HTTP/1.1" 200 0 "-" "meta-externalagent/1.1 (+https://developers.facebook.com/docs/sharing/webmasters/crawler)"
40.77.167.150 - - [28/May/2026:00:41:26 +0200] "GET /items/V033219670/ HTTP/1.1" 200 13 "-" "Mozilla/5.0 AppleWebKit/537.36 (KHTML, like Gecko; compatible; bingbot/2.0; +http://www.bing.com/bingbot.htm) Chrome/116.0.1938.76 Safari/537.36"
57.141.20.35 - - [28/May/2026:00:41:25 +0200] "GET /items/K464380013/ HTTP/1.1" 200 0 "-" "meta-externalagent/1.1 (+https://developers.facebook.com/docs/sharing/webmasters/crawler)"
57.141.20.10 - - [28/May/2026:00:41:29 +0200] "GET /items/K461421315/ HTTP/1.1" 200 0 "-" "meta-externalagent/1.1 (+https://developers.facebook.com/docs/sharing/webmasters/crawler)"
57.141.20.18 - - [28/May/2026:00:41:33 +0200] "GET /items/K461551778/ HTTP/1.1" 200 0 "-" "meta-externalagent/1.1 (+https://developers.facebook.com/docs/sharing/webmasters/crawler)"
207.46.13.107 - - [28/May/2026:00:41:41 +0200] "GET /?k=3111092huuu9 HTTP/1.1" 200 13 "-" "Mozilla/5.0 AppleWebKit/537.36 (KHTML, like Gecko; compatible; bingbot/2.0; +http://www.bing.com/bingbot.htm) Chrome/116.0.1938.76 Safari/537.36"
57.141.20.4 - - [28/May/2026:00:41:39 +0200] "GET /items/K462499806/ HTTP/1.1" 200 0 "-" "meta-externalagent/1.1 (+https://developers.facebook.com/docs/sharing/webmasters/crawler)"
207.46.13.127 - - [28/May/2026:00:41:21 +0200] "GET /items/B605636097/ HTTP/1.1" 200 13 "-" "Mozilla/5.0 AppleWebKit/537.36 (KHTML, like Gecko; compatible; bingbot/2.0; +http://www.bing.com/bingbot.htm) Chrome/116.0.1938.76 Safari/537.36"
40.77.167.150 - - [28/May/2026:00:41:26 +0200] "GET /items/K952812303/ HTTP/1.1" 200 13 "-" "Mozilla/5.0 AppleWebKit/537.36 (KHTML, like Gecko; compatible; bingbot/2.0; +http://www.bing.com/bingbot.htm) Chrome/116.0.1938.76 Safari/537.36"
40.77.167.150 - - [28/May/2026:00:41:28 +0200] "GET /items/M874324382/ HTTP/1.1" 200 13 "-" "Mozilla/5.0 AppleWebKit/537.36 (KHTML, like Gecko; compatible; bingbot/2.0; +http://www.bing.com/bingbot.htm) Chrome/116.0.1938.76 Safari/537.36"
157.55.39.54 - - [28/May/2026:00:41:34 +0200] "GET /items/S027793740/ HTTP/1.1" 200 13 "-" "Mozilla/5.0 AppleWebKit/537.36 (KHTML, like Gecko; compatible; bingbot/2.0; +http://www.bing.com/bingbot.htm) Chrome/116.0.1938.76 Safari/537.36"
157.55.39.54 - - [28/May/2026:00:41:37 +0200] "GET /items/Y021178429/ HTTP/1.1" 200 13 "-" "Mozilla/5.0 AppleWebKit/537.36 (KHTML, like Gecko; compatible; bingbot/2.0; +http://www.bing.com/bingbot.htm) Chrome/116.0.1938.76 Safari/537.36"
57.141.20.69 - - [28/May/2026:00:41:36 +0200] "GET /items/K463912516/ HTTP/1.1" 200 0 "-" "meta-externalagent/1.1 (+https://developers.facebook.com/docs/sharing/webmasters/crawler)"
57.141.20.26 - - [28/May/2026:00:41:41 +0200] "GET /items/K465888473/ HTTP/1.1" 200 0 "-" "meta-externalagent/1.1 (+https://developers.facebook.com/docs/sharing/webmasters/crawler)"
57.141.20.3 - - [28/May/2026:00:41:44 +0200] "GET /items/K462314972/ HTTP/1.1" 200 0 "-" "meta-externalagent/1.1 (+https://developers.facebook.com/docs/sharing/webmasters/crawler)"
109.234.166.131 - - [28/May/2026:00:40:29 +0200] "GET /wp-includese4d8c2/44/index.php?id=259991 HTTP/1.1" 404 0 "-" "GO"
57.141.20.51 - - [28/May/2026:00:41:56 +0200] "GET /items/K467055847/ HTTP/1.1" 200 0 "-" "meta-externalagent/1.1 (+https://developers.facebook.com/docs/sharing/webmasters/crawler)"
57.141.20.9 - - [28/May/2026:00:42:05 +0200] "GET /items/K461820696/ HTTP/1.1" 200 0 "-" "meta-externalagent/1.1 (+https://developers.facebook.com/docs/sharing/webmasters/crawler)"
109.234.166.131 - - [28/May/2026:00:40:40 +0200] "GET /wp-includese4d8c2/44/index.php?id=345504 HTTP/1.1" 404 0 "-" "GO"
57.141.20.61 - - [28/May/2026:00:42:10 +0200] "GET /items/K466166970/ HTTP/1.1" 200 0 "-" "meta-externalagent/1.1 (+https://developers.facebook.com/docs/sharing/webmasters/crawler)"
57.141.20.31 - - [28/May/2026:00:42:19 +0200] "GET /items/K466740421/ HTTP/1.1" 200 0 "-" "meta-externalagent/1.1 (+https://developers.facebook.com/docs/sharing/webmasters/crawler)"
57.141.20.16 - - [28/May/2026:00:42:09 +0200] "GET /items/K465290664/ HTTP/1.1" 200 0 "-" "meta-externalagent/1.1 (+https://developers.facebook.com/docs/sharing/webmasters/crawler)"
57.141.20.14 - - [28/May/2026:00:42:26 +0200] "GET /items/K467856869/ HTTP/1.1" 200 0 "-" "meta-externalagent/1.1 (+https://developers.facebook.com/docs/sharing/webmasters/crawler)"
57.141.20.62 - - [28/May/2026:00:42:27 +0200] "GET /items/K467115935/ HTTP/1.1" 200 0 "-" "meta-externalagent/1.1 (+https://developers.facebook.com/docs/sharing/webmasters/crawler)"
57.141.20.54 - - [28/May/2026:00:42:31 +0200] "GET /items/K464535233/ HTTP/1.1" 200 0 "-" "meta-externalagent/1.1 (+https://developers.facebook.com/docs/sharing/webmasters/crawler)"
69.30.223.218 - - [28/May/2026:00:42:35 +0200] "GET /wp-includese4d8c2/44/index.php HTTP/1.1" 200 8 "http://deribos.com/wp-includese4d8c2/44/index.php" "Mozilla/5.0 (Windows NT 10.0; Win64; x64) AppleWebKit/537.36 (KHTML, like Gecko) Chrome/58.0.3029.110 Safari/537.3"
57.141.20.8 - - [28/May/2026:00:42:52 +0200] "GET /items/K461946937/ HTTP/1.1" 200 0 "-" "meta-externalagent/1.1 (+https://developers.facebook.com/docs/sharing/webmasters/crawler)"
57.141.20.61 - - [28/May/2026:00:43:05 +0200] "GET /items/K465820642/ HTTP/1.1" 200 0 "-" "meta-externalagent/1.1 (+https://developers.facebook.com/docs/sharing/webmasters/crawler)"
207.46.13.127 - - [28/May/2026:00:41:17 +0200] "GET /items/S752239909/ HTTP/1.1" 200 13 "-" "Mozilla/5.0 AppleWebKit/537.36 (KHTML, like Gecko; compatible; bingbot/2.0; +http://www.bing.com/bingbot.htm) Chrome/116.0.1938.76 Safari/537.36"
207.46.13.127 - - [28/May/2026:00:41:20 +0200] "GET /items/P697386737/ HTTP/1.1" 200 13 "-" "Mozilla/5.0 AppleWebKit/537.36 (KHTML, like Gecko; compatible; bingbot/2.0; +http://www.bing.com/bingbot.htm) Chrome/116.0.1938.76 Safari/537.36"
57.141.20.69 - - [28/May/2026:00:41:21 +0200] "GET /items/K461751915/ HTTP/1.1" 200 0 "-" "meta-externalagent/1.1 (+https://developers.facebook.com/docs/sharing/webmasters/crawler)"
57.141.20.32 - - [28/May/2026:00:41:32 +0200] "GET /items/K466810765/ HTTP/1.1" 200 0 "-" "meta-externalagent/1.1 (+https://developers.facebook.com/docs/sharing/webmasters/crawler)"
57.141.20.42 - - [28/May/2026:00:41:34 +0200] "GET /items/K461244238/ HTTP/1.1" 200 0 "-" "meta-externalagent/1.1 (+https://developers.facebook.com/docs/sharing/webmasters/crawler)"
57.141.20.51 - - [28/May/2026:00:41:46 +0200] "GET /items/K461126974/ HTTP/1.1" 200 0 "-" "meta-externalagent/1.1 (+https://developers.facebook.com/docs/sharing/webmasters/crawler)"
109.234.166.131 - - [28/May/2026:00:40:21 +0200] "GET /wp-includese4d8c2/44/index.php?id=383083 HTTP/1.1" 404 0 "-" "GO"
57.141.20.56 - - [28/May/2026:00:41:51 +0200] "GET /items/K463568384/ HTTP/1.1" 200 0 "-" "meta-externalagent/1.1 (+https://developers.facebook.com/docs/sharing/webmasters/crawler)"
57.141.20.21 - - [28/May/2026:00:42:00 +0200] "GET /items/K462372128/ HTTP/1.1" 200 0 "-" "meta-externalagent/1.1 (+https://developers.facebook.com/docs/sharing/webmasters/crawler)"
57.141.20.25 - - [28/May/2026:00:41:51 +0200] "GET /items/K463586550/ HTTP/1.1" 200 15 "-" "meta-externalagent/1.1 (+https://developers.facebook.com/docs/sharing/webmasters/crawler)"
57.141.20.45 - - [28/May/2026:00:42:06 +0200] "GET /items/K466937401/ HTTP/1.1" 200 0 "-" "meta-externalagent/1.1 (+https://developers.facebook.com/docs/sharing/webmasters/crawler)"
57.141.20.4 - - [28/May/2026:00:42:15 +0200] "GET /items/K464719641/ HTTP/1.1" 200 0 "-" "meta-externalagent/1.1 (+https://developers.facebook.com/docs/sharing/webmasters/crawler)"
57.141.20.8 - - [28/May/2026:00:42:26 +0200] "GET /items/K462548995/ HTTP/1.1" 200 0 "-" "meta-externalagent/1.1 (+https://developers.facebook.com/docs/sharing/webmasters/crawler)"
57.141.20.49 - - [28/May/2026:00:42:33 +0200] "GET /items/K463465522/ HTTP/1.1" 200 0 "-" "meta-externalagent/1.1 (+https://developers.facebook.com/docs/sharing/webmasters/crawler)"
57.141.20.2 - - [28/May/2026:00:42:37 +0200] "GET /items/K463263131/ HTTP/1.1" 200 0 "-" "meta-externalagent/1.1 (+https://developers.facebook.com/docs/sharing/webmasters/crawler)"
57.141.20.53 - - [28/May/2026:00:42:44 +0200] "GET /items/K462857101/ HTTP/1.1" 200 0 "-" "meta-externalagent/1.1 (+https://developers.facebook.com/docs/sharing/webmasters/crawler)"
57.141.20.9 - - [28/May/2026:00:42:47 +0200] "GET /items/K462552180/ HTTP/1.1" 200 0 "-" "meta-externalagent/1.1 (+https://developers.facebook.com/docs/sharing/webmasters/crawler)"
57.141.20.58 - - [28/May/2026:00:42:59 +0200] "GET /items/K463007841/ HTTP/1.1" 200 0 "-" "meta-externalagent/1.1 (+https://developers.facebook.com/docs/sharing/webmasters/crawler)"
57.141.20.28 - - [28/May/2026:00:43:04 +0200] "GET /items/K466649827/ HTTP/1.1" 200 0 "-" "meta-externalagent/1.1 (+https://developers.facebook.com/docs/sharing/webmasters/crawler)"
57.141.20.29 - - [28/May/2026:00:43:08 +0200] "GET /items/K461607931/ HTTP/1.1" 200 0 "-" "meta-externalagent/1.1 (+https://developers.facebook.com/docs/sharing/webmasters/crawler)"
57.141.20.60 - - [28/May/2026:00:43:15 +0200] "GET /items/K463439132/ HTTP/1.1" 200 0 "-" "meta-externalagent/1.1 (+https://developers.facebook.com/docs/sharing/webmasters/crawler)"
57.141.20.12 - - [28/May/2026:00:43:10 +0200] "GET /items/K464294976/ HTTP/1.1" 200 0 "-" "meta-externalagent/1.1 (+https://developers.facebook.com/docs/sharing/webmasters/crawler)"
57.141.20.65 - - [28/May/2026:00:41:44 +0200] "GET /items/K462084025/ HTTP/1.1" 200 0 "-" "meta-externalagent/1.1 (+https://developers.facebook.com/docs/sharing/webmasters/crawler)"
109.234.166.131 - - [28/May/2026:00:40:21 +0200] "GET /wp-includese4d8c2/44/index.php?id=156290 HTTP/1.1" 404 0 "-" "GO"
109.234.166.131 - - [28/May/2026:00:40:24 +0200] "GET /wp-includese4d8c2/44/index.php?id=286796 HTTP/1.1" 404 0 "-" "GO"
57.141.20.35 - - [28/May/2026:00:41:54 +0200] "GET /items/K464240982/ HTTP/1.1" 200 0 "-" "meta-externalagent/1.1 (+https://developers.facebook.com/docs/sharing/webmasters/crawler)"
57.141.20.34 - - [28/May/2026:00:41:58 +0200] "GET /items/K461054505/ HTTP/1.1" 200 0 "-" "meta-externalagent/1.1 (+https://developers.facebook.com/docs/sharing/webmasters/crawler)"
57.141.20.12 - - [28/May/2026:00:42:03 +0200] "GET /items/K467014958/ HTTP/1.1" 200 0 "-" "meta-externalagent/1.1 (+https://developers.facebook.com/docs/sharing/webmasters/crawler)"
109.234.166.131 - - [28/May/2026:00:41:53 +0200] "GET /wp-includese4d8c2/44/index.php?id=259991 HTTP/1.1" 404 15 "-" "GO"
57.141.20.34 - - [28/May/2026:00:42:15 +0200] "GET /items/K461072922/ HTTP/1.1" 200 0 "-" "meta-externalagent/1.1 (+https://developers.facebook.com/docs/sharing/webmasters/crawler)"
57.141.20.67 - - [28/May/2026:00:42:17 +0200] "GET /items/K467510011/ HTTP/1.1" 200 0 "-" "meta-externalagent/1.1 (+https://developers.facebook.com/docs/sharing/webmasters/crawler)"
57.141.20.44 - - [28/May/2026:00:42:24 +0200] "GET /items/K463191697/ HTTP/1.1" 200 0 "-" "meta-externalagent/1.1 (+https://developers.facebook.com/docs/sharing/webmasters/crawler)"
109.234.166.131 - - [28/May/2026:00:41:02 +0200] "GET /wp-includese4d8c2/44/index.php?id=381999 HTTP/1.1" 404 0 "-" "GO"
109.234.166.131 - - [28/May/2026:00:41:02 +0200] "GET /wp-includese4d8c2/44/index.php?id=672919 HTTP/1.1" 404 0 "-" "GO"
57.141.20.5 - - [28/May/2026:00:42:37 +0200] "GET /items/K462473746/ HTTP/1.1" 200 0 "-" "meta-externalagent/1.1 (+https://developers.facebook.com/docs/sharing/webmasters/crawler)"
57.141.20.7 - - [28/May/2026:00:42:42 +0200] "GET /items/K463699318/ HTTP/1.1" 200 0 "-" "meta-externalagent/1.1 (+https://developers.facebook.com/docs/sharing/webmasters/crawler)"
57.141.20.4 - - [28/May/2026:00:42:44 +0200] "GET /items/K464550196/ HTTP/1.1" 200 0 "-" "meta-externalagent/1.1 (+https://developers.facebook.com/docs/sharing/webmasters/crawler)"
57.141.20.30 - - [28/May/2026:00:42:50 +0200] "GET /items/K465751716/ HTTP/1.1" 200 0 "-" "meta-externalagent/1.1 (+https://developers.facebook.com/docs/sharing/webmasters/crawler)"
57.141.20.21 - - [28/May/2026:00:42:55 +0200] "GET /items/K463989600/ HTTP/1.1" 200 0 "-" "meta-externalagent/1.1 (+https://developers.facebook.com/docs/sharing/webmasters/crawler)"
57.141.20.37 - - [28/May/2026:00:43:21 +0200] "GET /items/K467357995/ HTTP/1.1" 200 0 "-" "meta-externalagent/1.1 (+https://developers.facebook.com/docs/sharing/webmasters/crawler)"
109.234.166.131 - - [28/May/2026:00:41:52 +0200] "GET /wp-includese4d8c2/44/index.php?id=286796 HTTP/1.1" 404 0 "-" "GO"
57.141.20.58 - - [28/May/2026:00:43:02 +0200] "GET /items/K465954213/ HTTP/1.1" 200 15 "-" "meta-externalagent/1.1 (+https://developers.facebook.com/docs/sharing/webmasters/crawler)"
109.234.166.131 - - [28/May/2026:00:42:04 +0200] "GET /wp-includese4d8c2/44/index.php?id=345504 HTTP/1.1" 404 0 "-" "GO"
57.141.20.7 - - [28/May/2026:00:43:40 +0200] "GET /items/K463291280/ HTTP/1.1" 200 0 "-" "meta-externalagent/1.1 (+https://developers.facebook.com/docs/sharing/webmasters/crawler)"
57.141.20.52 - - [28/May/2026:00:43:42 +0200] "GET /items/K462091314/ HTTP/1.1" 200 0 "-" "meta-externalagent/1.1 (+https://developers.facebook.com/docs/sharing/webmasters/crawler)"
57.141.20.14 - - [28/May/2026:00:43:47 +0200] "GET /items/K465321962/ HTTP/1.1" 200 0 "-" "meta-externalagent/1.1 (+https://developers.facebook.com/docs/sharing/webmasters/crawler)"
109.234.166.131 - - [28/May/2026:00:42:26 +0200] "GET /wp-includese4d8c2/44/index.php?id=381999 HTTP/1.1" 404 0 "-" "GO"
109.234.166.131 - - [28/May/2026:00:41:45 +0200] "GET /wp-includese4d8c2/44/index.php?id=383083 HTTP/1.1" 404 0 "-" "GO"
109.234.166.131 - - [28/May/2026:00:41:45 +0200] "GET /wp-includese4d8c2/44/index.php?id=156290 HTTP/1.1" 404 0 "-" "GO"
57.141.20.13 - - [28/May/2026:00:43:15 +0200] "GET /items/K461345451/ HTTP/1.1" 200 0 "-" "meta-externalagent/1.1 (+https://developers.facebook.com/docs/sharing/webmasters/crawler)"
57.141.20.33 - - [28/May/2026:00:43:21 +0200] "GET /items/K467768292/ HTTP/1.1" 200 0 "-" "meta-externalagent/1.1 (+https://developers.facebook.com/docs/sharing/webmasters/crawler)"
57.141.20.69 - - [28/May/2026:00:43:23 +0200] "GET /altgeldrzy.xml HTTP/1.1" 200 0 "-" "meta-externalagent/1.1 (+https://developers.facebook.com/docs/sharing/webmasters/crawler)"
57.141.20.2 - - [28/May/2026:00:43:26 +0200] "GET /items/K464574974/ HTTP/1.1" 200 0 "-" "meta-externalagent/1.1 (+https://developers.facebook.com/docs/sharing/webmasters/crawler)"
57.141.20.44 - - [28/May/2026:00:43:29 +0200] "GET /items/K467834919/ HTTP/1.1" 200 0 "-" "meta-externalagent/1.1 (+https://developers.facebook.com/docs/sharing/webmasters/crawler)"
57.141.20.59 - - [28/May/2026:00:43:30 +0200] "GET /items/K466282599/ HTTP/1.1" 200 0 "-" "meta-externalagent/1.1 (+https://developers.facebook.com/docs/sharing/webmasters/crawler)"
57.141.20.13 - - [28/May/2026:00:43:33 +0200] "GET /items/K462873401/ HTTP/1.1" 200 0 "-" "meta-externalagent/1.1 (+https://developers.facebook.com/docs/sharing/webmasters/crawler)"
57.141.20.34 - - [28/May/2026:00:43:37 +0200] "GET /items/K466386356/ HTTP/1.1" 200 0 "-" "meta-externalagent/1.1 (+https://developers.facebook.com/docs/sharing/webmasters/crawler)"
57.141.20.58 - - [28/May/2026:00:43:58 +0200] "GET /items/K463495042/ HTTP/1.1" 200 0 "-" "meta-externalagent/1.1 (+https://developers.facebook.com/docs/sharing/webmasters/crawler)"
69.30.223.218 - - [28/May/2026:00:42:41 +0200] "GET /wp-includese4d8c2/44/index.php HTTP/1.1" 404 0 "http://deribos.com/wp-includese4d8c2/44/index.php" "Mozilla/5.0 (Windows NT 10.0; Win64; x64) AppleWebKit/537.36 (KHTML, like Gecko) Chrome/58.0.3029.110 Safari/537.3"
57.141.20.65 - - [28/May/2026:00:44:07 +0200] "GET /items/K464104958/ HTTP/1.1" 200 0 "-" "meta-externalagent/1.1 (+https://developers.facebook.com/docs/sharing/webmasters/crawler)"
57.141.20.66 - - [28/May/2026:00:44:24 +0200] "GET /?k=3048264skyk9 HTTP/1.1" 200 0 "-" "meta-externalagent/1.1 (+https://developers.facebook.com/docs/sharing/webmasters/crawler)"
57.141.20.64 - - [28/May/2026:00:44:41 +0200] "GET /items/K463707561/ HTTP/1.1" 200 0 "-" "meta-externalagent/1.1 (+https://developers.facebook.com/docs/sharing/webmasters/crawler)"
57.141.20.62 - - [28/May/2026:00:44:39 +0200] "GET /items/K465095873/ HTTP/1.1" 200 0 "-" "meta-externalagent/1.1 (+https://developers.facebook.com/docs/sharing/webmasters/crawler)"
57.141.20.67 - - [28/May/2026:00:44:36 +0200] "GET /items/K465608424/ HTTP/1.1" 200 0 "-" "meta-externalagent/1.1 (+https://developers.facebook.com/docs/sharing/webmasters/crawler)"
57.141.20.13 - - [28/May/2026:00:44:45 +0200] "GET /items/K467025231/ HTTP/1.1" 200 0 "-" "meta-externalagent/1.1 (+https://developers.facebook.com/docs/sharing/webmasters/crawler)"
57.141.20.1 - - [28/May/2026:00:44:49 +0200] "GET /items/K462697121/ HTTP/1.1" 200 0 "-" "meta-externalagent/1.1 (+https://developers.facebook.com/docs/sharing/webmasters/crawler)"
198.244.240.104 - - [28/May/2026:00:44:52 +0200] "GET /?sitemap63.xml HTTP/1.1" 200 13 "-" "Mozilla/5.0 (compatible; AhrefsBot/7.0; +http://ahrefs.com/robot/)"
57.141.20.0 - - [28/May/2026:00:44:53 +0200] "GET /items/K466740550/ HTTP/1.1" 200 0 "-" "meta-externalagent/1.1 (+https://developers.facebook.com/docs/sharing/webmasters/crawler)"
57.141.20.55 - - [28/May/2026:00:44:53 +0200] "GET /items/K463485748/ HTTP/1.1" 200 0 "-" "meta-externalagent/1.1 (+https://developers.facebook.com/docs/sharing/webmasters/crawler)"
109.234.166.131 - - [28/May/2026:00:43:51 +0200] "GET /wp-includese4d8c2/44/index.php?id=381999 HTTP/1.1" 404 0 "-" "GO"
109.234.166.131 - - [28/May/2026:00:42:29 +0200] "GET /wp-includese4d8c2/44/index.php?id=672919 HTTP/1.1" 404 0 "-" "GO"
57.141.20.69 - - [28/May/2026:00:43:57 +0200] "GET /items/K462900072/ HTTP/1.1" 200 0 "-" "meta-externalagent/1.1 (+https://developers.facebook.com/docs/sharing/webmasters/crawler)"
57.141.20.5 - - [28/May/2026:00:44:02 +0200] "GET /items/K465419425/ HTTP/1.1" 200 0 "-" "meta-externalagent/1.1 (+https://developers.facebook.com/docs/sharing/webmasters/crawler)"
57.141.20.42 - - [28/May/2026:00:44:09 +0200] "GET /items/K463788221/ HTTP/1.1" 200 0 "-" "meta-externalagent/1.1 (+https://developers.facebook.com/docs/sharing/webmasters/crawler)"
57.141.20.38 - - [28/May/2026:00:44:11 +0200] "GET /items/K466352268/ HTTP/1.1" 200 0 "-" "meta-externalagent/1.1 (+https://developers.facebook.com/docs/sharing/webmasters/crawler)"
69.30.223.218 - - [28/May/2026:00:42:45 +0200] "GET /wp-includese4d8c2/44/index.php HTTP/1.1" 404 0 "http://deribos.com/wp-includese4d8c2/44/index.php" "Mozilla/5.0 (Windows NT 10.0; Win64; x64) AppleWebKit/537.36 (KHTML, like Gecko) Chrome/58.0.3029.110 Safari/537.3"
57.141.20.14 - - [28/May/2026:00:44:18 +0200] "GET /items/K463161621/ HTTP/1.1" 200 0 "-" "meta-externalagent/1.1 (+https://developers.facebook.com/docs/sharing/webmasters/crawler)"
57.141.20.62 - - [28/May/2026:00:44:17 +0200] "GET /items/K467254963/ HTTP/1.1" 200 0 "-" "meta-externalagent/1.1 (+https://developers.facebook.com/docs/sharing/webmasters/crawler)"
57.141.20.59 - - [28/May/2026:00:44:22 +0200] "GET /items/K463646224/ HTTP/1.1" 200 0 "-" "meta-externalagent/1.1 (+https://developers.facebook.com/docs/sharing/webmasters/crawler)"
57.141.20.49 - - [28/May/2026:00:44:27 +0200] "GET /items/K463085962/ HTTP/1.1" 200 0 "-" "meta-externalagent/1.1 (+https://developers.facebook.com/docs/sharing/webmasters/crawler)"
57.141.20.9 - - [28/May/2026:00:44:31 +0200] "GET /items/K466447579/ HTTP/1.1" 200 0 "-" "meta-externalagent/1.1 (+https://developers.facebook.com/docs/sharing/webmasters/crawler)"
109.234.166.131 - - [28/May/2026:00:43:11 +0200] "GET /wp-includese4d8c2/44/index.php?id=156290 HTTP/1.1" 404 0 "-" "GO"
109.234.166.131 - - [28/May/2026:00:43:09 +0200] "GET /wp-includese4d8c2/44/index.php?id=383083 HTTP/1.1" 404 0 "-" "GO"
57.141.20.52 - - [28/May/2026:00:44:47 +0200] "GET /items/K466494230/ HTTP/1.1" 200 0 "-" "meta-externalagent/1.1 (+https://developers.facebook.com/docs/sharing/webmasters/crawler)"
57.141.20.49 - - [28/May/2026:00:44:56 +0200] "GET /items/K467255409/ HTTP/1.1" 200 0 "-" "meta-externalagent/1.1 (+https://developers.facebook.com/docs/sharing/webmasters/crawler)"
57.141.20.66 - - [28/May/2026:00:44:57 +0200] "GET /items/K467667785/ HTTP/1.1" 200 0 "-" "meta-externalagent/1.1 (+https://developers.facebook.com/docs/sharing/webmasters/crawler)"
57.141.20.4 - - [28/May/2026:00:45:00 +0200] "GET /items/K463965099/ HTTP/1.1" 200 0 "-" "meta-externalagent/1.1 (+https://developers.facebook.com/docs/sharing/webmasters/crawler)"
109.234.166.131 - - [28/May/2026:00:43:32 +0200] "GET /wp-includese4d8c2/44/index.php?id=345504 HTTP/1.1" 404 0 "-" "GO"
109.234.166.131 - - [28/May/2026:00:44:42 +0200] "GET /wp-includese4d8c2/44/index.php?id=286796 HTTP/1.1" 404 15 "-" "GO"
57.141.20.54 - - [28/May/2026:00:45:02 +0200] "GET /items/K466181665/ HTTP/1.1" 200 0 "-" "meta-externalagent/1.1 (+https://developers.facebook.com/docs/sharing/webmasters/crawler)"
57.141.20.60 - - [28/May/2026:00:45:12 +0200] "GET /items/K464425452/ HTTP/1.1" 200 0 "-" "meta-externalagent/1.1 (+https://developers.facebook.com/docs/sharing/webmasters/crawler)"
109.234.166.131 - - [28/May/2026:00:43:53 +0200] "GET /wp-includese4d8c2/44/index.php?id=672919 HTTP/1.1" 404 0 "-" "GO"
57.141.20.29 - - [28/May/2026:00:45:19 +0200] "GET /items/K462296490/ HTTP/1.1" 200 0 "-" "meta-externalagent/1.1 (+https://developers.facebook.com/docs/sharing/webmasters/crawler)"
57.141.20.33 - - [28/May/2026:00:45:17 +0200] "GET /items/K464891203/ HTTP/1.1" 200 0 "-" "meta-externalagent/1.1 (+https://developers.facebook.com/docs/sharing/webmasters/crawler)"
57.141.20.47 - - [28/May/2026:00:43:45 +0200] "GET /items/K463561811/ HTTP/1.1" 200 0 "-" "meta-externalagent/1.1 (+https://developers.facebook.com/docs/sharing/webmasters/crawler)"
57.141.20.54 - - [28/May/2026:00:43:49 +0200] "GET /items/K466114260/ HTTP/1.1" 200 0 "-" "meta-externalagent/1.1 (+https://developers.facebook.com/docs/sharing/webmasters/crawler)"
57.141.20.12 - - [28/May/2026:00:43:53 +0200] "GET /items/K464817247/ HTTP/1.1" 200 0 "-" "meta-externalagent/1.1 (+https://developers.facebook.com/docs/sharing/webmasters/crawler)"
57.141.20.21 - - [28/May/2026:00:43:37 +0200] "GET /?k=550981kmcss HTTP/1.1" 200 15 "-" "meta-externalagent/1.1 (+https://developers.facebook.com/docs/sharing/webmasters/crawler)"
